01-05 04:36:11.866 4466 4466 E AndroidRuntime: at android.view.View.measure(View.java:25778)
01-05 04:36:11.866 4466 4466 E AndroidRuntime: at android.view.ViewGroup.measureChildWithMargins(ViewGroup.java:6980)
01-05 04:36:11.866 4466 4466 E AndroidRuntime: at android.widget.LinearLayout.measureChildBeforeLayout(LinearLayout.java:1552)
01-05 04:36:11.866 4466 4466 E AndroidRuntime: at android.widget.LinearLayout.measureVertical(LinearLayout.java:842)
01-05 04:36:11.866 4466 4466 E AndroidRuntime: at android.widget.LinearLayout.onMeasure(LinearLayout.java:721)
01-05 04:36:11.866 4466 4466 E AndroidRuntime: at android.view.View.measure(View.java:25778)
01-05 04:36:11.866 4466 4466 E AndroidRuntime: at android.view.ViewGroup.measureChildWithMargins(ViewGroup.java:6980)
01-05 04:36:11.866 4466 4466 E AndroidRuntime: at android.widget.FrameLayout.onMeasure(FrameLayout.java:194)
01-05 04:36:11.866 4466 4466 E AndroidRuntime: at android.view.View.measure(View.java:25778)
01-05 04:36:11.866 4466 4466 E AndroidRuntime: at android.view.ViewGroup.measureChildWithMargins(ViewGroup.java:6980)
01-05 04:36:11.866 4466 4466 E AndroidRuntime: at android.widget.LinearLayout.measureChildBeforeLayout(LinearLayout.java:1552)
01-05 04:36:11.866 4466 4466 E AndroidRuntime: at android.widget.LinearLayout.measureVertical(LinearLayout.java:842)
01-05 04:36:11.866 4466 4466 E AndroidRuntime: at android.widget.LinearLayout.onMeasure(LinearLayout.java:721)
01-05 04:36:11.866 4466 4466 E AndroidRuntime: at android.view.View.measure(View.java:25778)
01-05 04:36:11.866 4466 4466 E AndroidRuntime: at android.view.ViewGroup.measureChildWithMargins(ViewGroup.java:6980)
01-05 04:36:11.866 4466 4466 E AndroidRuntime: at com.android.internal.widget.DecorCaptionView.onMeasure(DecorCaptionView.java:313)
01-05 04:36:11.866 4466 4466 E AndroidRuntime: at android.view.View.measure(View.java:25778)
01-05 04:36:11.866 4466 4466 E AndroidRuntime: at android.view.ViewGroup.measureChildWithMargins(ViewGroup.java:6980)
01-05 04:36:11.866 4466 4466 E AndroidRuntime: at android.widget.FrameLayout.onMeasure(FrameLayout.java:194)
01-05 04:36:11.866 4466 4466 E AndroidRuntime: at com.android.internal.policy.DecorView.onMeasure(DecorView.java:823)
01-05 04:36:11.866 4466 4466 E AndroidRuntime: at android.view.View.measure(View.java:25778)
01-05 04:36:11.866 4466 4466 E AndroidRuntime: at android.view.ViewRootImpl.performMeasure(ViewRootImpl.java:3631)
01-05 04:36:11.866 4466 4466 E AndroidRuntime: at android.view.ViewRootImpl.measureHierarchy(ViewRootImpl.java:2427)
01-05 04:36:11.866 4466 4466 E AndroidRuntime: at android.view.ViewRootImpl.performTraversals(ViewRootImpl.java:2697)
01-05 04:36:11.866 4466 4466 E AndroidRuntime: at android.view.ViewRootImpl.doTraversal(ViewRootImpl.java:2146)
01-05 04:36:11.866 4466 4466 E AndroidRuntime: at android.view.ViewRootImpl$TraversalRunnable.run(ViewRootImpl.java:8675)
01-05 04:36:11.866 4466 4466 E AndroidRuntime: at android.view.Choreographer$CallbackRecord.run(Choreographer.java:1120)
01-05 04:36:11.866 4466 4466 E AndroidRuntime: at android.view.Choreographer.doCallbacks(Choreographer.java:926)
01-05 04:36:11.866 4466 4466 E AndroidRuntime: at android.view.Choreographer.doFrame(Choreographer.java:859)
01-05 04:36:11.866 4466 4466 E AndroidRuntime: at android.view.Choreographer$FrameDisplayEventReceiver.run(Choreographer.java:1105)
01-05 04:36:11.866 4466 4466 E AndroidRuntime: at android.os.Handler.handleCallback(Handler.java:938)
01-05 04:36:11.866 4466 4466 E AndroidRuntime: at android.os.Handler.dispatchMessage(Handler.java:99)
01-05 04:36:11.866 4466 4466 E AndroidRuntime: at android.os.Looper.loopOnce(Looper.java:201)
01-05 04:36:11.866 4466 4466 E AndroidRuntime: at android.os.Looper.loop(Looper.java:288)
01-05 04:36:11.866 4466 4466 E AndroidRuntime: at android.app.ActivityThread.main(ActivityThread.java:7880)
01-05 04:36:11.866 4466 4466 E AndroidRuntime: at java.lang.reflect.Method.invoke(Native Method)
01-05 04:36:11.866 4466 4466 E AndroidRuntime: at com.android.internal.os.RuntimeInit$MethodAndArgsCaller.run(RuntimeInit.java:548)
01-05 04:36:11.866 4466 4466 E AndroidRuntime: at com.android.internal.os.ZygoteInit.main(ZygoteInit.java:1009)
01-05 04:36:11.867 1490 4752 I DropBoxManagerService: add tag=system_app_crash isTagEnabled=true flags=0x2
01-05 04:36:11.867 1490 1521 W ActivityTaskManager: Force finishing activity com.android.deskclock/.DeskClock
01-05 04:36:11.880 1490 2782 I ActivityManager: Process com.android.deskclock (pid 4466) has died: prcp TOP
01-05 04:36:11.880 1490 3301 I WindowManager: WIN DEATH: Window{350b5c7 u0 com.android.deskclock/com.android.deskclock.worldclock.CitySelectionActivity}
01-05 04:36:11.882 1490 1993 I WindowManager: WIN DEATH: Window{4c0e3d0 u0 com.android.deskclock/com.android.deskclock.DeskClock}
01-05 04:36:11.885 1490 2782 I ActivityTaskManager: FOREGROUND_APPLICATION_CHANGED to com.android.launcher3.uioverrides.QuickstepLauncher
01-05 04:36:11.886 1490 1567 W ActivityManager: setHasOverlayUi called on unknown pid: 4466
01-05 04:36:11.891 1490 1569 D FreeFormWindowHelper: Remove freefrom task=Task{c6aaef6 #55 type=standard A=10067:com.android.deskclock U=0 visible=false mode=freeform translucent=true sz=0}
01-05 04:36:11.935 2382 3732 W ContextImpl: Calling a method in the system process without a qualified user: android.app.ContextImpl.startService:1816 android.content.ContextWrapper.startService:774 com.thundercomm.gamemode.ingame.services.GameModeActionUtils.startGameModeService:99 com.thundercomm.gamemode.ingame.services.GameModeActionUtils.startGameModeEntry:22 com.thundercomm.gamemode.ingame.services.ActivityMonitoringService$1.onActivityLaunch:129
01-05 04:36:11.937 1490 1490 I GameModeConfig: Current uri is uri = content://com.thundercomm.gamemode.api/gamemode_settings/gamemode_isgaming
01-05 04:36:11.938 1490 1490 I GameModeConfig: isGameModeOn = false
01-05 04:36:11.938 1490 1490 I GameModeConfig: isGameModeOn = false
01-05 04:36:11.938 1490 1490 I GameModeConfig: isDisableVoice = true
01-05 04:36:12.368 1490 1567 W ActivityTaskManager: Activity top resumed state loss timeout for ActivityRecord{e453cda u0 com.android.deskclock/.DeskClock t-1 f}}
01-05 04:36:15.270 1490 2764 E TaskPersister: File error accessing recents directory (directory doesn't exist?).
01-05 04:36:16.159 1490 1993 I thunderperf: PlatormCompat.setOverrides: Uid1=10075 Pid1=2552 Uid2=10075 Pid2=2552
01-05 04:36:16.159 1490 1993 I thunderperf: PlatormCompat.setOverrides: needCheck:false
01-05 04:36:16.160 1490 1993 I ActivityTaskManager: START u0 {flg=0x10008000 cmp=com.android.deskclock/.DeskClock} from uid 10075
01-05 04:36:16.166 1490 1993 W ActivityTaskManager: Can't find TaskDisplayArea to determine support for multi window. Task id=56 attached=false
01-05 04:36:16.166 1490 1993 D FreeFormWindowHelper: Add freeform task=Task{3587d30 #56 type=standard ?? U=0 visible=false mode=freeform translucent=true sz=0}
01-05 04:36:16.169 1490 1993 I ActivityTaskManager: FOREGROUND_APPLICATION_CHANGED to com.android.deskclock.DeskClock
01-05 04:36:16.172 1490 1567 D CompatibilityChangeReporter: Compat change id reported: 135634846; UID 10067; state: DISABLED
01-05 04:36:16.172 1490 1567 D CompatibilityChangeReporter: Compat change id reported: 177438394; UID 10067; state: DISABLED
01-05 04:36:16.172 1490 1567 D CompatibilityChangeReporter: Compat change id reported: 135772972; UID 10067; state: DISABLED
01-05 04:36:16.172 1490 1567 D CompatibilityChangeReporter: Compat change id reported: 135754954; UID 10067; state: DISABLED
01-05 04:36:16.172 1490 1583 D CompatibilityChangeReporter: Compat change id reported: 143937733; UID 10067; state: DISABLED
01-05 04:36:16.177 1490 1583 I ActivityManager: Start proc 4762:com.android.deskclock/u0a67 for top-activity {com.android.deskclock/com.android.deskclock.DeskClock}
01-05 04:36:16.187 1490 1993 I ActivityTaskManager: The Process com.android.deskclock Already Exists in BG. So sending its PID: 4762
01-05 04:36:16.311 1490 4753 W WindowManager: updateScale0.7996942
01-05 04:36:16.349 1490 1569 W WindowManager: updateScale0.7996942
01-05 04:36:16.351 1490 1569 W WindowManager: updateScale0.7996942
01-05 04:36:16.352 1490 1569 W WindowManager: updateScale0.7996942
01-05 04:36:16.620 1490 1569 W WindowManager: updateScale0.7996942
01-05 04:36:17.822 1490 2782 I ActivityTaskManager: FOREGROUND_APPLICATION_CHANGED to com.android.launcher3.uioverrides.QuickstepLauncher
01-05 04:36:17.831 1490 2764 E TaskPersister: File error accessing recents directory (directory doesn't exist?).
01-05 04:36:17.831 2382 3732 W ContextImpl: Calling a method in the system process without a qualified user: android.app.ContextImpl.startService:1816 android.content.ContextWrapper.startService:774 com.thundercomm.gamemode.ingame.services.GameModeActionUtils.startGameModeService:99 com.thundercomm.gamemode.ingame.services.GameModeActionUtils.startGameModeEntry:22 com.thundercomm.gamemode.ingame.services.ActivityMonitoringService$1.onActivityLaunch:129
01-05 04:36:17.834 1490 1490 I GameModeConfig: Current uri is uri = content://com.thundercomm.gamemode.api/gamemode_settings/gamemode_isgaming
01-05 04:36:17.836 1490 1490 I GameModeConfig: isGameModeOn = false
01-05 04:36:17.836 1490 1490 I GameModeConfig: isGameModeOn = false
01-05 04:36:17.836 1490 1490 I GameModeConfig: isDisableVoice = true
01-05 04:36:17.927 2382 3732 W ContextImpl: Calling a method in the system process without a qualified user: android.app.ContextImpl.startService:1816 android.content.ContextWrapper.startService:774 com.thundercomm.gamemode.ingame.services.GameModeActionUtils.startGameModeService:99 com.thundercomm.gamemode.ingame.services.GameModeActionUtils.startGameModeEntry:22 com.thundercomm.gamemode.ingame.services.ActivityMonitoringService$1.onActivityLaunch:129
01-05 04:36:17.928 1490 1490 I GameModeConfig: Current uri is uri = content://com.thundercomm.gamemode.api/gamemode_settings/gamemode_isgaming
01-05 04:36:17.929 1490 1490 I GameModeConfig: isGameModeOn = false
01-05 04:36:17.929 1490 1490 I GameModeConfig: isGameModeOn = false
01-05 04:36:17.929 1490 1490 I GameModeConfig: isDisableVoice = true
01-05 04:36:18.123 1490 1569 D FreeFormWindowHelper: Remove freefrom task=Task{3587d30 #56 type=standard A=10067:com.android.deskclock U=0 visible=false mode=freeform translucent=true sz=0}
01-05 04:36:20.017 1490 2113 W FreeFormWindowHelper: getCurrentDisplayedFreeFormTask is null
01-05 04:36:20.039 1490 2029 W FreeFormWindowHelper: getCurrentDisplayedFreeFormTask is null
01-05 04:36:20.042 1490 4753 W FreeFormWindowHelper: getCurrentDisplayedFreeFormTask is null
01-05 04:36:20.049 1490 2113 W ActivityTaskManager: getTaskSnapshot: taskId=5056 not found
01-05 04:36:20.050 1490 2113 W ActivityTaskManager: getTaskSnapshot: taskId=4056 not found
01-05 04:36:20.051 1490 2029 W ActivityTaskManager: getTaskSnapshot: taskId=3056 not found
01-05 04:36:20.052 1490 2029 W ActivityTaskManager: getTaskSnapshot: taskId=2056 not found
01-05 04:36:20.053 1490 2113 W ActivityTaskManager: getTaskSnapshot: taskId=1056 not found
01-05 04:36:20.061 1490 2029 W FreeFormWindowHelper: getCurrentDisplayedFreeFormTask is null
01-05 04:36:20.081 1490 2113 W FreeFormWindowHelper: getCurrentDisplayedFreeFormTask is null
01-05 04:36:20.463 1490 2782 W FreeFormWindowHelper: getCurrentDisplayedFreeFormTask is null
01-05 04:36:20.489 1490 2782 W FreeFormWindowHelper: getCurrentDisplayedFreeFormTask is null
01-05 04:36:20.503 1490 4753 W FreeFormWindowHelper: getCurrentDisplayedFreeFormTask is null
01-05 04:36:20.520 1490 2782 W FreeFormWindowHelper: getCurrentDisplayedFreeFormTask is null
01-05 04:36:20.538 1490 2782 W FreeFormWindowHelper: getCurrentDisplayedFreeFormTask is null
01-05 04:36:20.553 1490 2487 W FreeFormWindowHelper: getCurrentDisplayedFreeFormTask is null
01-05 04:36:20.571 1490 4753 W FreeFormWindowHelper: getCurrentDisplayedFreeFormTask is null
01-05 04:36:20.589 1490 2487 W FreeFormWindowHelper: getCurrentDisplayedFreeFormTask is null
01-05 04:36:20.607 1490 2487 W FreeFormWindowHelper: getCurrentDisplayedFreeFormTask is null
01-05 04:36:20.619 1490 2487 W FreeFormWindowHelper: getCurrentDisplayedFreeFormTask is null
01-05 04:36:20.636 1490 2782 W FreeFormWindowHelper: getCurrentDisplayedFreeFormTask is null
01-05 04:36:20.654 1490 2782 W FreeFormWindowHelper: getCurrentDisplayedFreeFormTask is null
01-05 04:36:20.671 1490 2782 W FreeFormWindowHelper: getCurrentDisplayedFreeFormTask is null
01-05 04:36:20.692 1490 2113 W FreeFormWindowHelper: getCurrentDisplayedFreeFormTask is null
01-05 04:36:20.708 1490 2113 W FreeFormWindowHelper: getCurrentDisplayedFreeFormTask is null
01-05 04:36:20.721 1490 2782 W FreeFormWindowHelper: getCurrentDisplayedFreeFormTask is null
01-05 04:36:20.736 1490 2782 W FreeFormWindowHelper: getCurrentDisplayedFreeFormTask is null
01-05 04:36:20.756 1490 4753 W FreeFormWindowHelper: getCurrentDisplayedFreeFormTask is null
01-05 04:36:20.776 1490 2782 W FreeFormWindowHelper: getCurrentDisplayedFreeFormTask is null
01-05 04:36:21.132 1490 2764 E TaskPersister: File error accessing recents directory (directory doesn't exist?).
01-05 04:36:21.360 1490 2113 W FreeFormWindowHelper: getCurrentDisplayedFreeFormTask is null
01-05 04:36:21.671 1490 2113 W FreeFormWindowHelper: getCurrentDisplayedFreeFormTask is null
01-05 04:36:21.752 1490 2113 W FreeFormWindowHelper: exitRecentTasks type=0
01-05 04:36:21.764 1490 2113 W ActivityTaskManager: Request to remove task ignored for non-existent task 56
01-05 04:36:24.767 1490 2764 E TaskPersister: File error accessing recents directory (directory doesn't exist?).
01-05 04:36:27.824 1490 1567 W ActivityTaskManager: Launch timeout has expired, giving up wake lock!
01-05 04:37:31.176 1490 1618 V DisplayPowerController[0]: Brightness [0.05] reason changing to: 'manual [ dim ]', previous reason: 'manual'.
01-05 04:37:31.176 1490 1618 W PowerManagerService: Screen on took 269871 ms
01-05 04:37:31.189 1490 1966 E DisplayDeviceConfig: requesting nits when no mapping exists.
01-05 04:37:31.190 1490 1966 E DisplayDeviceConfig: requesting nits when no mapping exists.
01-05 04:37:31.192 1490 1582 I DropBoxManagerService: add tag=system_server_wtf isTagEnabled=true flags=0x2
01-05 04:37:31.195 1490 1582 I DropBoxManagerService: add tag=system_server_wtf isTagEnabled=true flags=0x2
01-05 04:37:31.206 1490 1966 E DisplayDeviceConfig: requesting nits when no mapping exists.
01-05 04:37:31.206 1490 1966 E DisplayDeviceConfig: requesting nits when no mapping exists.
01-05 04:37:31.207 1490 1582 I DropBoxManagerService: add tag=system_server_wtf isTagEnabled=true flags=0x2
01-05 04:37:31.210 1490 1582 I DropBoxManagerService: add tag=system_server_wtf isTagEnabled=true flags=0x2
01-05 04:37:31.213 1490 1966 E DisplayDeviceConfig: requesting nits when no mapping exists.
01-05 04:37:31.213 1490 1966 E DisplayDeviceConfig: requesting nits when no mapping exists.
01-05 04:37:31.215 1490 1582 I DropBoxManagerService: add tag=system_server_wtf isTagEnabled=true flags=0x2
01-05 04:37:31.229 1490 1966 E DisplayDeviceConfig: requesting nits when no mapping exists.
01-05 04:37:31.230 1490 1966 E DisplayDeviceConfig: requesting nits when no mapping exists.
01-05 04:37:31.246 1490 1966 E DisplayDeviceConfig: requesting nits when no mapping exists.
01-05 04:37:31.247 1490 1966 E DisplayDeviceConfig: requesting nits when no mapping exists.
01-05 04:37:31.263 1490 1966 E DisplayDeviceConfig: requesting nits when no mapping exists.
01-05 04:37:31.264 1490 1966 E DisplayDeviceConfig: requesting nits when no mapping exists.
01-05 04:37:31.280 1490 1966 E DisplayDeviceConfig: requesting nits when no mapping exists.
01-05 04:37:31.281 1490 1966 E DisplayDeviceConfig: requesting nits when no mapping exists.
01-05 04:37:31.297 1490 1966 E DisplayDeviceConfig: requesting nits when no mapping exists.
01-05 04:37:31.298 1490 1966 E DisplayDeviceConfig: requesting nits when no mapping exists.
01-05 04:37:31.313 1490 1966 E DisplayDeviceConfig: requesting nits when no mapping exists.
01-05 04:37:31.314 1490 1966 E DisplayDeviceConfig: requesting nits when no mapping exists.
01-05 04:37:31.330 1490 1966 E DisplayDeviceConfig: requesting nits when no mapping exists.
01-05 04:37:31.330 1490 1966 E DisplayDeviceConfig: requesting nits when no mapping exists.
01-05 04:37:31.347 1490 1966 E DisplayDeviceConfig: requesting nits when no mapping exists.
01-05 04:37:31.347 1490 1966 E DisplayDeviceConfig: requesting nits when no mapping exists.
01-05 04:37:31.363 1490 1966 E DisplayDeviceConfig: requesting nits when no mapping exists.
01-05 04:37:31.364 1490 1966 E DisplayDeviceConfig: requesting nits when no mapping exists.
01-05 04:37:31.380 1490 1966 E DisplayDeviceConfig: requesting nits when no mapping exists.
01-05 04:37:31.381 1490 1966 E DisplayDeviceConfig: requesting nits when no mapping exists.
01-05 04:37:31.397 1490 1966 E DisplayDeviceConfig: requesting nits when no mapping exists.
01-05 04:37:31.397 1490 1966 E DisplayDeviceConfig: requesting nits when no mapping exists.
01-05 04:37:31.413 1490 1966 E DisplayDeviceConfig: requesting nits when no mapping exists.
01-05 04:37:31.414 1490 1966 E DisplayDeviceConfig: requesting nits when no mapping exists.
01-05 04:37:31.431 1490 1966 E DisplayDeviceConfig: requesting nits when no mapping exists.
01-05 04:37:31.431 1490 1966 E DisplayDeviceConfig: requesting nits when no mapping exists.
01-05 04:37:31.447 1490 1966 E DisplayDeviceConfig: requesting nits when no mapping exists.
01-05 04:37:31.448 1490 1966 E DisplayDeviceConfig: requesting nits when no mapping exists.
01-05 04:37:31.464 1490 1966 E DisplayDeviceConfig: requesting nits when no mapping exists.
01-05 04:37:31.464 1490 1966 E DisplayDeviceConfig: requesting nits when no mapping exists.
01-05 04:37:31.480 1490 1966 E DisplayDeviceConfig: requesting nits when no mapping exists.
01-05 04:37:31.481 1490 1966 E DisplayDeviceConfig: requesting nits when no mapping exists.
01-05 04:37:31.497 1490 1966 E DisplayDeviceConfig: requesting nits when no mapping exists.
01-05 04:37:31.498 1490 1966 E DisplayDeviceConfig: requesting nits when no mapping exists.
01-05 04:37:31.514 1490 1966 E DisplayDeviceConfig: requesting nits when no mapping exists.
01-05 04:37:31.514 1490 1966 E DisplayDeviceConfig: requesting nits when no mapping exists.
01-05 04:37:31.531 1490 1966 E DisplayDeviceConfig: requesting nits when no mapping exists.
01-05 04:37:31.531 1490 1966 E DisplayDeviceConfig: requesting nits when no mapping exists.
01-05 04:37:31.547 1490 1966 E DisplayDeviceConfig: requesting nits when no mapping exists.
01-05 04:37:31.548 1490 1966 E DisplayDeviceConfig: requesting nits when no mapping exists.
01-05 04:37:31.564 1490 1966 E DisplayDeviceConfig: requesting nits when no mapping exists.
01-05 04:37:31.564 1490 1966 E DisplayDeviceConfig: requesting nits when no mapping exists.
01-05 04:37:31.581 1490 1966 E DisplayDeviceConfig: requesting nits when no mapping exists.
01-05 04:37:31.581 1490 1966 E DisplayDeviceConfig: requesting nits when no mapping exists.
01-05 04:37:31.597 1490 1966 E DisplayDeviceConfig: requesting nits when no mapping exists.
01-05 04:37:31.598 1490 1966 E DisplayDeviceConfig: requesting nits when no mapping exists.
01-05 04:37:31.614 1490 1966 E DisplayDeviceConfig: requesting nits when no mapping exists.
01-05 04:37:31.615 1490 1966 E DisplayDeviceConfig: requesting nits when no mapping exists.
01-05 04:37:31.631 1490 1966 E DisplayDeviceConfig: requesting nits when no mapping exists.
01-05 04:37:31.631 1490 1966 E DisplayDeviceConfig: requesting nits when no mapping exists.
01-05 04:37:31.648 1490 1966 E DisplayDeviceConfig: requesting nits when no mapping exists.
01-05 04:37:31.649 1490 1966 E DisplayDeviceConfig: requesting nits when no mapping exists.
01-05 04:37:31.664 1490 1966 E DisplayDeviceConfig: requesting nits when no mapping exists.
01-05 04:37:31.665 1490 1966 E DisplayDeviceConfig: requesting nits when no mapping exists.
01-05 04:37:31.681 1490 1966 E DisplayDeviceConfig: requesting nits when no mapping exists.
01-05 04:37:31.681 1490 1966 E DisplayDeviceConfig: requesting nits when no mapping exists.
01-05 04:37:31.698 1490 1966 E DisplayDeviceConfig: requesting nits when no mapping exists.
01-05 04:37:31.698 1490 1966 E DisplayDeviceConfig: requesting nits when no mapping exists.
01-05 04:37:31.715 1490 1966 E DisplayDeviceConfig: requesting nits when no mapping exists.
01-05 04:37:31.715 1490 1966 E DisplayDeviceConfig: requesting nits when no mapping exists.
01-05 04:37:31.731 1490 1966 E DisplayDeviceConfig: requesting nits when no mapping exists.
01-05 04:37:31.731 1490 1966 E DisplayDeviceConfig: requesting nits when no mapping exists.
01-05 04:37:31.748 1490 1966 E DisplayDeviceConfig: requesting nits when no mapping exists.
01-05 04:37:31.748 1490 1966 E DisplayDeviceConfig: requesting nits when no mapping exists.
01-05 04:37:31.765 1490 1966 E DisplayDeviceConfig: requesting nits when no mapping exists.
01-05 04:37:31.765 1490 1966 E DisplayDeviceConfig: requesting nits when no mapping exists.
01-05 04:37:31.781 1490 1966 E DisplayDeviceConfig: requesting nits when no mapping exists.
01-05 04:37:31.781 1490 1966 E DisplayDeviceConfig: requesting nits when no mapping exists.
01-05 04:37:31.798 1490 1966 E DisplayDeviceConfig: requesting nits when no mapping exists.
01-05 04:37:31.798 1490 1966 E DisplayDeviceConfig: requesting nits when no mapping exists.
01-05 04:37:31.814 1490 1966 E DisplayDeviceConfig: requesting nits when no mapping exists.
01-05 04:37:31.815 1490 1966 E DisplayDeviceConfig: requesting nits when no mapping exists.
01-05 04:37:31.831 1490 1966 E DisplayDeviceConfig: requesting nits when no mapping exists.
01-05 04:37:31.832 1490 1966 E DisplayDeviceConfig: requesting nits when no mapping exists.
01-05 04:37:31.848 1490 1966 E DisplayDeviceConfig: requesting nits when no mapping exists.
01-05 04:37:31.848 1490 1966 E DisplayDeviceConfig: requesting nits when no mapping exists.
01-05 04:37:31.865 1490 1966 E DisplayDeviceConfig: requesting nits when no mapping exists.
01-05 04:37:31.866 1490 1966 E DisplayDeviceConfig: requesting nits when no mapping exists.
01-05 04:37:38.174 1490 1618 I PowerManagerService: Napping display group (groupId=0, uid=1000)...
01-05 04:37:38.174 1490 1618 I PowerManagerService: Nap time (uid 1000)...
01-05 04:37:38.177 1490 1618 I DreamManagerService: Entering dreamland.
01-05 04:37:38.183 1490 1618 I PowerManagerService: Dreaming...
01-05 04:37:38.185 1490 1564 I DreamController: Starting dream: name=ComponentInfo{com.thundercomm.screensaver/com.thundercomm.saverclock.service.ClockScreensaver}, isTest=false, canDoze=false, userId=0
01-05 04:37:38.194 1490 1564 D CompatibilityChangeReporter: Compat change id reported: 168419799; UID 10052; state: DISABLED
01-05 04:37:38.200 1490 2113 I ActivityTaskManager: START u0 {flg=0x10000000 pkg=com.thundercomm.screensaver cmp=com.thundercomm.screensaver/android.service.dreams.DreamActivity (has extras)} from uid 10052
01-05 04:37:38.205 1490 2113 W ActivityTaskManager: Can't find TaskDisplayArea to determine support for multi window. Task id=57 attached=false
01-05 04:37:38.212 1490 4753 I ActivityTaskManager: FOREGROUND_APPLICATION_CHANGED to android.service.dreams.DreamActivity
01-05 04:37:38.213 1490 4753 I ActivityTaskManager: The Process com.thundercomm.screensaver Already Exists in BG. So sending its PID: 3923
01-05 04:37:38.213 1490 4753 W ActivityTaskManager: Tried to set launchTime (0) < mLastActivityLaunchTime (70782)
01-05 04:37:38.223 1490 2113 W WindowManager: Failed looking up window session=Session{7ed3e92 3923:u0a10052} callers=com.android.server.wm.WindowManagerService.windowForClientLocked:5628 com.android.server.wm.Session.insetsModified:629 android.view.IWindowSession$Stub.onTransact:1151
01-05 04:37:38.223 2382 3732 W ContextImpl: Calling a method in the system process without a qualified user: android.app.ContextImpl.startService:1816 android.content.ContextWrapper.startService:774 com.thundercomm.gamemode.ingame.services.GameModeActionUtils.startGameModeService:99 com.thundercomm.gamemode.ingame.services.GameModeActionUtils.startGameModeEntry:22 com.thundercomm.gamemode.ingame.services.ActivityMonitoringService$1.onActivityLaunch:129
01-05 04:37:38.228 1490 1490 I GameModeConfig: Current uri is uri = content://com.thundercomm.gamemode.api/gamemode_settings/gamemode_isgaming
01-05 04:37:38.230 1490 1490 I GameModeConfig: isGameModeOn = false
01-05 04:37:38.230 1490 1490 I GameModeConfig: isGameModeOn = false
01-05 04:37:38.230 1490 1490 I GameModeConfig: isDisableVoice = true
01-05 04:37:38.252 1490 1618 V DisplayPowerController[0]: Brightness [0.7373737] reason changing to: 'manual', previous reason: 'manual [ dim ]'.
01-05 04:37:38.255 1490 1873 I GameModeConfig: isGameModeOn = false
01-05 04:37:38.255 1490 1873 I GameModeConfig: isGameModeOn = false
01-05 04:37:38.256 1490 1873 I GameModeConfig: isGameModeOn = false
01-05 04:37:38.256 1490 1873 I GameModeConfig: isGameModeOn = false
01-05 04:37:38.256 1490 1873 I GameModeConfig: isGameModeOn = false
01-05 04:37:38.265 1490 1966 E DisplayDeviceConfig: requesting nits when no mapping exists.
01-05 04:37:38.265 1490 1966 E DisplayDeviceConfig: requesting nits when no mapping exists.
01-05 04:37:38.282 1490 1966 E DisplayDeviceConfig: requesting nits when no mapping exists.
01-05 04:37:38.282 1490 1966 E DisplayDeviceConfig: requesting nits when no mapping exists.
01-05 04:37:38.299 1490 1966 E DisplayDeviceConfig: requesting nits when no mapping exists.
01-05 04:37:38.299 1490 1966 E DisplayDeviceConfig: requesting nits when no mapping exists.
01-05 04:37:38.315 1490 1966 E DisplayDeviceConfig: requesting nits when no mapping exists.
01-05 04:37:38.316 1490 1966 E DisplayDeviceConfig: requesting nits when no mapping exists.
01-05 04:37:38.318 2382 3732 W ContextImpl: Calling a method in the system process without a qualified user: android.app.ContextImpl.startService:1816 android.content.ContextWrapper.startService:774 com.thundercomm.gamemode.ingame.services.GameModeActionUtils.startGameModeService:99 com.thundercomm.gamemode.ingame.services.GameModeActionUtils.startGameModeEntry:22 com.thundercomm.gamemode.ingame.services.ActivityMonitoringService$1.onActivityLaunch:129
01-05 04:37:38.321 1490 1490 I GameModeConfig: Current uri is uri = content://com.thundercomm.gamemode.api/gamemode_settings/gamemode_isgaming
01-05 04:37:38.321 1490 1490 I GameModeConfig: isGameModeOn = false
01-05 04:37:38.321 1490 1490 I GameModeConfig: isGameModeOn = false
01-05 04:37:38.321 1490 1490 I GameModeConfig: isDisableVoice = true
01-05 04:37:38.332 1490 1966 E DisplayDeviceConfig: requesting nits when no mapping exists.
01-05 04:37:38.332 1490 1966 E DisplayDeviceConfig: requesting nits when no mapping exists.
01-05 04:37:38.349 1490 1966 E DisplayDeviceConfig: requesting nits when no mapping exists.
01-05 04:37:38.350 1490 1966 E DisplayDeviceConfig: requesting nits when no mapping exists.
01-05 04:37:38.366 1490 1966 E DisplayDeviceConfig: requesting nits when no mapping exists.
01-05 04:37:38.366 1490 1966 E DisplayDeviceConfig: requesting nits when no mapping exists.
01-05 04:37:38.383 1490 1966 E DisplayDeviceConfig: requesting nits when no mapping exists.
01-05 04:37:38.384 1490 1966 E DisplayDeviceConfig: requesting nits when no mapping exists.
01-05 04:37:38.400 1490 1966 E DisplayDeviceConfig: requesting nits when no mapping exists.
01-05 04:37:38.400 1490 1966 E DisplayDeviceConfig: requesting nits when no mapping exists.
01-05 04:37:38.416 1490 1966 E DisplayDeviceConfig: requesting nits when no mapping exists.
01-05 04:37:38.417 1490 1966 E DisplayDeviceConfig: requesting nits when no mapping exists.
01-05 04:37:38.432 1490 1966 E DisplayDeviceConfig: requesting nits when no mapping exists.
01-05 04:37:38.433 1490 1966 E DisplayDeviceConfig: requesting nits when no mapping exists.
01-05 04:37:38.449 1490 1966 E DisplayDeviceConfig: requesting nits when no mapping exists.
01-05 04:37:38.449 1490 1966 E DisplayDeviceConfig: requesting nits when no mapping exists.
01-05 04:37:38.458 1490 1490 I GameModeConfig: isGameModeOn = false
01-05 04:37:38.466 1490 1966 E DisplayDeviceConfig: requesting nits when no mapping exists.
01-05 04:37:38.466 1490 1966 E DisplayDeviceConfig: requesting nits when no mapping exists.
01-05 04:37:38.484 1490 1966 E DisplayDeviceConfig: requesting nits when no mapping exists.
01-05 04:37:38.484 1490 1966 E DisplayDeviceConfig: requesting nits when no mapping exists.
01-05 04:37:38.499 1490 1966 E DisplayDeviceConfig: requesting nits when no mapping exists.
01-05 04:37:38.499 1490 1966 E DisplayDeviceConfig: requesting nits when no mapping exists.
01-05 04:37:38.516 1490 1966 E DisplayDeviceConfig: requesting nits when no mapping exists.
01-05 04:37:38.516 1490 1966 E DisplayDeviceConfig: requesting nits when no mapping exists.
01-05 04:37:38.517 1490 1873 I GameModeConfig: isGameModeOn = false
01-05 04:37:38.517 1490 1873 I GameModeConfig: isGameModeOn = false
01-05 04:37:38.517 1490 1873 I GameModeConfig: isGameModeOn = false
01-05 04:37:38.517 1490 1873 I GameModeConfig: isGameModeOn = false
01-05 04:37:38.517 1490 1873 I GameModeConfig: isGameModeOn = false
01-05 04:37:38.533 1490 1966 E DisplayDeviceConfig: requesting nits when no mapping exists.
01-05 04:37:38.533 1490 1966 E DisplayDeviceConfig: requesting nits when no mapping exists.
01-05 04:37:38.549 1490 1966 E DisplayDeviceConfig: requesting nits when no mapping exists.
01-05 04:37:38.550 1490 1966 E DisplayDeviceConfig: requesting nits when no mapping exists.
01-05 04:37:38.566 1490 1966 E DisplayDeviceConfig: requesting nits when no mapping exists.
01-05 04:37:38.566 1490 1966 E DisplayDeviceConfig: requesting nits when no mapping exists.
01-05 04:37:38.583 1490 1966 E DisplayDeviceConfig: requesting nits when no mapping exists.
01-05 04:37:38.583 1490 1966 E DisplayDeviceConfig: requesting nits when no mapping exists.
01-05 04:37:38.589 2382 3732 W ContextImpl: Calling a method in the system process without a qualified user: android.app.ContextImpl.startService:1816 android.content.ContextWrapper.startService:774 com.thundercomm.gamemode.ingame.services.GameModeActionUtils.startGameModeService:99 com.thundercomm.gamemode.ingame.services.GameModeActionUtils.startGameModeEntry:22 com.thundercomm.gamemode.ingame.services.ActivityMonitoringService$1.onActivityLaunch:129
01-05 04:37:38.590 1490 1490 I GameModeConfig: Current uri is uri = content://com.thundercomm.gamemode.api/gamemode_settings/gamemode_isgaming
01-05 04:37:38.591 1490 1490 I GameModeConfig: isGameModeOn = false
01-05 04:37:38.591 1490 1490 I GameModeConfig: isGameModeOn = false
01-05 04:37:38.591 1490 1490 I GameModeConfig: isDisableVoice = true
01-05 04:37:38.600 1490 1966 E DisplayDeviceConfig: requesting nits when no mapping exists.
01-05 04:37:38.600 1490 1966 E DisplayDeviceConfig: requesting nits when no mapping exists.
01-05 04:37:38.614 1490 1966 E DisplayDeviceConfig: requesting nits when no mapping exists.
01-05 04:37:38.614 1490 1966 E DisplayDeviceConfig: requesting nits when no mapping exists.
01-05 04:37:38.630 1490 1966 E DisplayDeviceConfig: requesting nits when no mapping exists.
01-05 04:37:38.630 1490 1966 E DisplayDeviceConfig: requesting nits when no mapping exists.
01-05 04:37:38.648 1490 1966 E DisplayDeviceConfig: requesting nits when no mapping exists.
01-05 04:37:38.648 1490 1966 E DisplayDeviceConfig: requesting nits when no mapping exists.
01-05 04:37:38.664 1490 1966 E DisplayDeviceConfig: requesting nits when no mapping exists.
01-05 04:37:38.664 1490 1966 E DisplayDeviceConfig: requesting nits when no mapping exists.
01-05 04:37:38.681 1490 1966 E DisplayDeviceConfig: requesting nits when no mapping exists.
01-05 04:37:38.681 1490 1966 E DisplayDeviceConfig: requesting nits when no mapping exists.
01-05 04:37:38.698 1490 1966 E DisplayDeviceConfig: requesting nits when no mapping exists.
01-05 04:37:38.698 1490 1966 E DisplayDeviceConfig: requesting nits when no mapping exists.
01-05 04:37:38.714 1490 1966 E DisplayDeviceConfig: requesting nits when no mapping exists.
01-05 04:37:38.714 1490 1966 E DisplayDeviceConfig: requesting nits when no mapping exists.
01-05 04:37:38.717 1490 1490 I GameModeConfig: isGameModeOn = false
01-05 04:37:38.718 1490 1490 E NotificationService: Muting recently noisy 0|com.android.systemui|2048|null|10081
01-05 04:37:38.731 1490 1966 E DisplayDeviceConfig: requesting nits when no mapping exists.
01-05 04:37:38.731 1490 1966 E DisplayDeviceConfig: requesting nits when no mapping exists.
01-05 04:37:38.747 1490 1966 E DisplayDeviceConfig: requesting nits when no mapping exists.
01-05 04:37:38.748 1490 1966 E DisplayDeviceConfig: requesting nits when no mapping exists.
01-05 04:37:38.764 1490 1966 E DisplayDeviceConfig: requesting nits when no mapping exists.
01-05 04:37:38.764 1490 1966 E DisplayDeviceConfig: requesting nits when no mapping exists.
01-05 04:37:38.781 1490 1966 E DisplayDeviceConfig: requesting nits when no mapping exists.
01-05 04:37:38.781 1490 1966 E DisplayDeviceConfig: requesting nits when no mapping exists.
01-05 04:37:38.797 1490 1966 E DisplayDeviceConfig: requesting nits when no mapping exists.
01-05 04:37:38.798 1490 1966 E DisplayDeviceConfig: requesting nits when no mapping exists.
01-05 04:37:38.814 1490 1966 E DisplayDeviceConfig: requesting nits when no mapping exists.
01-05 04:37:38.814 1490 1966 E DisplayDeviceConfig: requesting nits when no mapping exists.
01-05 04:37:38.831 1490 1966 E DisplayDeviceConfig: requesting nits when no mapping exists.
01-05 04:37:38.831 1490 1966 E DisplayDeviceConfig: requesting nits when no mapping exists.
01-05 04:37:38.848 1490 1966 E DisplayDeviceConfig: requesting nits when no mapping exists.
01-05 04:37:38.848 1490 1966 E DisplayDeviceConfig: requesting nits when no mapping exists.
01-05 04:37:38.864 1490 1966 E DisplayDeviceConfig: requesting nits when no mapping exists.
01-05 04:37:38.864 1490 1966 E DisplayDeviceConfig: requesting nits when no mapping exists.
01-05 04:37:38.881 1490 1966 E DisplayDeviceConfig: requesting nits when no mapping exists.
01-05 04:37:38.881 1490 1966 E DisplayDeviceConfig: requesting nits when no mapping exists.
01-05 04:37:38.898 1490 1966 E DisplayDeviceConfig: requesting nits when no mapping exists.
01-05 04:37:38.899 1490 1966 E DisplayDeviceConfig: requesting nits when no mapping exists.
01-05 04:37:38.914 1490 1966 E DisplayDeviceConfig: requesting nits when no mapping exists.
01-05 04:37:38.915 1490 1966 E DisplayDeviceConfig: requesting nits when no mapping exists.
01-05 04:37:38.931 1490 1966 E DisplayDeviceConfig: requesting nits when no mapping exists.
01-05 04:37:38.931 1490 1966 E DisplayDeviceConfig: requesting nits when no mapping exists.
01-05 04:37:38.948 1490 1966 E DisplayDeviceConfig: requesting nits when no mapping exists.
01-05 04:37:38.948 1490 1966 E DisplayDeviceConfig: requesting nits when no mapping exists.
01-05 04:37:48.509 1490 1873 I GameModeConfig: isGameModeOn = false
01-05 04:37:48.517 1490 1873 I GameModeConfig: isGameModeOn = false
01-05 04:37:48.719 1490 1873 I GameModeConfig: isGameModeOn = false
01-05 04:37:53.336 1490 2487 I DreamManagerService: Gently waking up from dream.
01-05 04:37:53.337 1490 1564 I DreamManagerService: Performing gentle wake from dream.
01-05 04:37:53.340 1490 4338 I ActivityTaskManager: FOREGROUND_APPLICATION_CHANGED to com.android.launcher3.uioverrides.QuickstepLauncher
01-05 04:37:53.359 2382 3732 W ContextImpl: Calling a method in the system process without a qualified user: android.app.ContextImpl.startService:1816 android.content.ContextWrapper.startService:774 com.thundercomm.gamemode.ingame.services.GameModeActionUtils.startGameModeService:99 com.thundercomm.gamemode.ingame.services.GameModeActionUtils.startGameModeEntry:22 com.thundercomm.gamemode.ingame.services.ActivityMonitoringService$1.onActivityLaunch:129
01-05 04:37:53.366 1490 1490 I GameModeConfig: Current uri is uri = content://com.thundercomm.gamemode.api/gamemode_settings/gamemode_isgaming
01-05 04:37:53.369 1490 1490 I GameModeConfig: isGameModeOn = false
01-05 04:37:53.369 1490 1490 I GameModeConfig: isGameModeOn = false
01-05 04:37:53.369 1490 1490 I GameModeConfig: isDisableVoice = true
01-05 04:37:53.380 1490 1618 I PowerManagerService: Powering on display group fromDreaming (groupId=0, uid=1000, reason=WAKE_REASON_UNKNOWN, details=android.server.power:DREAM_FINISHED)...
01-05 04:37:53.380 1490 1618 I PowerManagerService: Waking up from Dreaming (uid=1000, reason=WAKE_REASON_UNKNOWN, details=android.server.power:DREAM_FINISHED)...
01-05 04:37:53.450 2382 3732 W ContextImpl: Calling a method in the system process without a qualified user: android.app.ContextImpl.startService:1816 android.content.ContextWrapper.startService:774 com.thundercomm.gamemode.ingame.services.GameModeActionUtils.startGameModeService:99 com.thundercomm.gamemode.ingame.services.GameModeActionUtils.startGameModeEntry:22 com.thundercomm.gamemode.ingame.services.ActivityMonitoringService$1.onActivityLaunch:129
01-05 04:37:53.453 1490 1490 I GameModeConfig: Current uri is uri = content://com.thundercomm.gamemode.api/gamemode_settings/gamemode_isgaming
01-05 04:37:53.455 1490 1490 I GameModeConfig: isGameModeOn = false
01-05 04:37:53.455 1490 1490 I GameModeConfig: isGameModeOn = false
01-05 04:37:53.455 1490 1490 I GameModeConfig: isDisableVoice = true
01-05 04:37:53.629 2382 3732 W ContextImpl: Calling a method in the system process without a qualified user: android.app.ContextImpl.startService:1816 android.content.ContextWrapper.startService:774 com.thundercomm.gamemode.ingame.services.GameModeActionUtils.startGameModeService:99 com.thundercomm.gamemode.ingame.services.GameModeActionUtils.startGameModeEntry:22 com.thundercomm.gamemode.ingame.services.ActivityMonitoringService$1.onActivityLaunch:129
01-05 04:37:53.633 1490 1490 I GameModeConfig: Current uri is uri = content://com.thundercomm.gamemode.api/gamemode_settings/gamemode_isgaming
01-05 04:37:53.635 1490 1490 I GameModeConfig: isGameModeOn = false
01-05 04:37:53.636 1490 1490 I GameModeConfig: isGameModeOn = false
01-05 04:37:53.636 1490 1490 I GameModeConfig: isDisableVoice = true
01-05 04:37:53.642 1490 2113 I DreamManagerService: Leaving dreamland.
01-05 04:37:53.643 1490 1564 I DreamManagerService: Performing gentle wake from dream.
01-05 04:37:53.643 1490 1564 I DreamController: Stopping dream: name=ComponentInfo{com.thundercomm.screensaver/com.thundercomm.saverclock.service.ClockScreensaver}, isTest=false, canDoze=false, userId=0, reason='finished self'(from 'finished self')
01-05 04:37:53.649 1490 1569 W ActivityTaskManager: Can't find TaskDisplayArea to determine support for multi window. Task id=57 attached=false
01-05 04:38:04.095 1490 1490 D CompatibilityChangeReporter: Compat change id reported: 175319604; UID 1000; state: ENABLED
01-05 04:38:04.096 1490 1490 D CompatibilityChangeReporter: Compat change id reported: 175319604; UID 1000; state: DISABLED
01-05 04:38:04.097 1490 1490 D CompatibilityChangeReporter: Compat change id reported: 175319604; UID 10081; state: ENABLED
01-05 04:38:04.099 1490 1490 D CompatibilityChangeReporter: Compat change id reported: 175319604; UID 10095; state: DISABLED
01-05 04:38:56.697 1490 1490 I Telecom : BluetoothStateReceiver: Device null is now the preferred BT device for HFP: BSR.oR@AB4
01-05 04:38:56.697 1490 2509 I Telecom : CallAudioRouteStateMachine: Message received: BT_ACTIVE_DEVICE_GONE=9, arg1=0: BSR.oR->CARSM.pM_BT_ACTIVE_DEVICE_GONE@AB4
01-05 04:38:56.697 1490 2509 I Telecom : QuiescentEarpieceRoute: Processing message BT_ACTIVE_DEVICE_GONE: BSR.oR->CARSM.pM_BT_ACTIVE_DEVICE_GONE@AB4
01-05 04:38:56.697 1490 2509 I Telecom : Logging.Events: Non-call EVENT: AUDIO_ROUTE, Bluetooth active device gone: BSR.oR->CARSM.pM_BT_ACTIVE_DEVICE_GONE@AB4
01-05 04:38:56.699 1490 1490 D CompanionDeviceManagerService: 50:C0:F0:71:EB:E4 disconnected w/ reason: (1104) Timeout
01-05 04:38:56.699 1490 1490 D CompanionDeviceManagerService: onDeviceDisconnected(address = 50:C0:F0:71:EB:E4)
01-05 04:38:56.699 1490 1490 I Telecom : BluetoothStateReceiver: Device 50:C0:F0:71:EB:E4 changed state to 0: BSR.oR@AB8
01-05 04:38:56.700 1490 1490 I Telecom : WiredHeadsetManager: ACTION_HEADSET_PLUG event, plugged in: false, : WHC.oADR@ACA
01-05 04:38:56.746 1490 1490 I Telecom : WiredHeadsetManager: ACTION_HEADSET_PLUG event, plugged in: false, : WHC.oADR@ACE
01-05 04:39:00.687 1490 1618 V DisplayPowerController[0]: Brightness [0.05] reason changing to: 'manual [ dim ]', previous reason: 'manual'.
01-05 04:39:00.689 1490 1618 W PowerManagerService: Screen on took 67309 ms
01-05 04:39:00.695 1490 1966 E DisplayDeviceConfig: requesting nits when no mapping exists.
01-05 04:39:00.696 1490 1966 E DisplayDeviceConfig: requesting nits when no mapping exists.
01-05 04:39:00.698 1490 1582 I DropBoxManagerService: add tag=system_server_wtf isTagEnabled=true flags=0x2
01-05 04:39:00.702 1490 1582 I DropBoxManagerService: add tag=system_server_wtf isTagEnabled=true flags=0x2
01-05 04:39:00.712 1490 1966 E DisplayDeviceConfig: requesting nits when no mapping exists.
01-05 04:39:00.712 1490 1966 E DisplayDeviceConfig: requesting nits when no mapping exists.
01-05 04:39:00.714 1490 1582 I DropBoxManagerService: add tag=system_server_wtf isTagEnabled=true flags=0x2
01-05 04:39:00.715 1490 1582 I DropBoxManagerService: add tag=system_server_wtf isTagEnabled=true flags=0x2
01-05 04:39:00.729 1490 1966 E DisplayDeviceConfig: requesting nits when no mapping exists.
01-05 04:39:00.730 1490 1966 E DisplayDeviceConfig: requesting nits when no mapping exists.
01-05 04:39:00.731 1490 1582 I DropBoxManagerService: add tag=system_server_wtf isTagEnabled=true flags=0x2
01-05 04:39:00.745 1490 1966 E DisplayDeviceConfig: requesting nits when no mapping exists.
01-05 04:39:00.746 1490 1966 E DisplayDeviceConfig: requesting nits when no mapping exists.
01-05 04:39:00.762 1490 1966 E DisplayDeviceConfig: requesting nits when no mapping exists.
01-05 04:39:00.763 1490 1966 E DisplayDeviceConfig: requesting nits when no mapping exists.
01-05 04:39:00.779 1490 1966 E DisplayDeviceConfig: requesting nits when no mapping exists.
01-05 04:39:00.780 1490 1966 E DisplayDeviceConfig: requesting nits when no mapping exists.
01-05 04:39:00.796 1490 1966 E DisplayDeviceConfig: requesting nits when no mapping exists.
01-05 04:39:00.796 1490 1966 E DisplayDeviceConfig: requesting nits when no mapping exists.
01-05 04:39:00.812 1490 1966 E DisplayDeviceConfig: requesting nits when no mapping exists.
01-05 04:39:00.813 1490 1966 E DisplayDeviceConfig: requesting nits when no mapping exists.
01-05 04:39:00.829 1490 1966 E DisplayDeviceConfig: requesting nits when no mapping exists.
01-05 04:39:00.829 1490 1966 E DisplayDeviceConfig: requesting nits when no mapping exists.
01-05 04:39:00.846 1490 1966 E DisplayDeviceConfig: requesting nits when no mapping exists.
01-05 04:39:00.846 1490 1966 E DisplayDeviceConfig: requesting nits when no mapping exists.
01-05 04:39:00.862 1490 1966 E DisplayDeviceConfig: requesting nits when no mapping exists.
01-05 04:39:00.863 1490 1966 E DisplayDeviceConfig: requesting nits when no mapping exists.
01-05 04:39:00.879 1490 1966 E DisplayDeviceConfig: requesting nits when no mapping exists.
01-05 04:39:00.879 1490 1966 E DisplayDeviceConfig: requesting nits when no mapping exists.
01-05 04:39:00.896 1490 1966 E DisplayDeviceConfig: requesting nits when no mapping exists.
01-05 04:39:00.896 1490 1966 E DisplayDeviceConfig: requesting nits when no mapping exists.
01-05 04:39:00.913 1490 1966 E DisplayDeviceConfig: requesting nits when no mapping exists.
01-05 04:39:00.913 1490 1966 E DisplayDeviceConfig: requesting nits when no mapping exists.
01-05 04:39:00.929 1490 1966 E DisplayDeviceConfig: requesting nits when no mapping exists.
01-05 04:39:00.929 1490 1966 E DisplayDeviceConfig: requesting nits when no mapping exists.
01-05 04:39:00.946 1490 1966 E DisplayDeviceConfig: requesting nits when no mapping exists.
01-05 04:39:00.947 1490 1966 E DisplayDeviceConfig: requesting nits when no mapping exists.
01-05 04:39:00.962 1490 1966 E DisplayDeviceConfig: requesting nits when no mapping exists.
01-05 04:39:00.963 1490 1966 E DisplayDeviceConfig: requesting nits when no mapping exists.
01-05 04:39:00.979 1490 1966 E DisplayDeviceConfig: requesting nits when no mapping exists.
01-05 04:39:00.980 1490 1966 E DisplayDeviceConfig: requesting nits when no mapping exists.
01-05 04:39:00.996 1490 1966 E DisplayDeviceConfig: requesting nits when no mapping exists.
01-05 04:39:00.997 1490 1966 E DisplayDeviceConfig: requesting nits when no mapping exists.
01-05 04:39:01.013 1490 1966 E DisplayDeviceConfig: requesting nits when no mapping exists.
01-05 04:39:01.014 1490 1966 E DisplayDeviceConfig: requesting nits when no mapping exists.
01-05 04:39:01.029 1490 1966 E DisplayDeviceConfig: requesting nits when no mapping exists.
01-05 04:39:01.030 1490 1966 E DisplayDeviceConfig: requesting nits when no mapping exists.
01-05 04:39:01.046 1490 1966 E DisplayDeviceConfig: requesting nits when no mapping exists.
01-05 04:39:01.047 1490 1966 E DisplayDeviceConfig: requesting nits when no mapping exists.
01-05 04:39:01.063 1490 1966 E DisplayDeviceConfig: requesting nits when no mapping exists.
01-05 04:39:01.063 1490 1966 E DisplayDeviceConfig: requesting nits when no mapping exists.
01-05 04:39:01.080 1490 1966 E DisplayDeviceConfig: requesting nits when no mapping exists.
01-05 04:39:01.080 1490 1966 E DisplayDeviceConfig: requesting nits when no mapping exists.
01-05 04:39:01.097 1490 1966 E DisplayDeviceConfig: requesting nits when no mapping exists.
01-05 04:39:01.097 1490 1966 E DisplayDeviceConfig: requesting nits when no mapping exists.
01-05 04:39:01.113 1490 1966 E DisplayDeviceConfig: requesting nits when no mapping exists.
01-05 04:39:01.114 1490 1966 E DisplayDeviceConfig: requesting nits when no mapping exists.
01-05 04:39:01.130 1490 1966 E DisplayDeviceConfig: requesting nits when no mapping exists.
01-05 04:39:01.130 1490 1966 E DisplayDeviceConfig: requesting nits when no mapping exists.
01-05 04:39:01.146 1490 1966 E DisplayDeviceConfig: requesting nits when no mapping exists.
01-05 04:39:01.147 1490 1966 E DisplayDeviceConfig: requesting nits when no mapping exists.
01-05 04:39:01.163 1490 1966 E DisplayDeviceConfig: requesting nits when no mapping exists.
01-05 04:39:01.164 1490 1966 E DisplayDeviceConfig: requesting nits when no mapping exists.
01-05 04:39:01.180 1490 1966 E DisplayDeviceConfig: requesting nits when no mapping exists.
01-05 04:39:01.180 1490 1966 E DisplayDeviceConfig: requesting nits when no mapping exists.
01-05 04:39:01.197 1490 1966 E DisplayDeviceConfig: requesting nits when no mapping exists.
01-05 04:39:01.197 1490 1966 E DisplayDeviceConfig: requesting nits when no mapping exists.
01-05 04:39:01.213 1490 1966 E DisplayDeviceConfig: requesting nits when no mapping exists.
01-05 04:39:01.214 1490 1966 E DisplayDeviceConfig: requesting nits when no mapping exists.
01-05 04:39:01.230 1490 1966 E DisplayDeviceConfig: requesting nits when no mapping exists.
01-05 04:39:01.230 1490 1966 E DisplayDeviceConfig: requesting nits when no mapping exists.
01-05 04:39:01.247 1490 1966 E DisplayDeviceConfig: requesting nits when no mapping exists.
01-05 04:39:01.248 1490 1966 E DisplayDeviceConfig: requesting nits when no mapping exists.
01-05 04:39:01.263 1490 1966 E DisplayDeviceConfig: requesting nits when no mapping exists.
01-05 04:39:01.264 1490 1966 E DisplayDeviceConfig: requesting nits when no mapping exists.
01-05 04:39:01.280 1490 1966 E DisplayDeviceConfig: requesting nits when no mapping exists.
01-05 04:39:01.281 1490 1966 E DisplayDeviceConfig: requesting nits when no mapping exists.
01-05 04:39:01.297 1490 1966 E DisplayDeviceConfig: requesting nits when no mapping exists.
01-05 04:39:01.298 1490 1966 E DisplayDeviceConfig: requesting nits when no mapping exists.
01-05 04:39:01.314 1490 1966 E DisplayDeviceConfig: requesting nits when no mapping exists.
01-05 04:39:01.314 1490 1966 E DisplayDeviceConfig: requesting nits when no mapping exists.
01-05 04:39:01.331 1490 1966 E DisplayDeviceConfig: requesting nits when no mapping exists.
01-05 04:39:01.331 1490 1966 E DisplayDeviceConfig: requesting nits when no mapping exists.
01-05 04:39:01.347 1490 1966 E DisplayDeviceConfig: requesting nits when no mapping exists.
01-05 04:39:01.348 1490 1966 E DisplayDeviceConfig: requesting nits when no mapping exists.
01-05 04:39:01.364 1490 1966 E DisplayDeviceConfig: requesting nits when no mapping exists.
01-05 04:39:01.364 1490 1966 E DisplayDeviceConfig: requesting nits when no mapping exists.
01-05 04:39:01.380 1490 1966 E DisplayDeviceConfig: requesting nits when no mapping exists.
01-05 04:39:01.381 1490 1966 E DisplayDeviceConfig: requesting nits when no mapping exists.
01-05 04:39:07.689 1490 1618 I PowerManagerService: Napping display group (groupId=0, uid=1000)...
01-05 04:39:07.689 1490 1618 I PowerManagerService: Nap time (uid 1000)...
01-05 04:39:07.692 1490 1618 I DreamManagerService: Entering dreamland.
01-05 04:39:07.696 1490 1618 I PowerManagerService: Dreaming...
01-05 04:39:07.697 1490 1564 I DreamController: Starting dream: name=ComponentInfo{com.thundercomm.screensaver/com.thundercomm.saverclock.service.ClockScreensaver}, isTest=false, canDoze=false, userId=0
01-05 04:39:07.711 1490 4753 I ActivityTaskManager: START u0 {flg=0x10000000 pkg=com.thundercomm.screensaver cmp=com.thundercomm.screensaver/android.service.dreams.DreamActivity (has extras)} from uid 10052
