01-05 04:35:35.152 1490 4450 I thunderperf: PlatormCompat.setOverrides: Uid1=10075 Pid1=2552 Uid2=10075 Pid2=2552
01-05 04:35:35.153 1490 4450 I thunderperf: PlatormCompat.setOverrides: needCheck:false
01-05 04:35:35.154 1490 4450 I ActivityTaskManager: START u0 {flg=0x10008000 cmp=com.android.deskclock/.DeskClock} from uid 10075
01-05 04:35:35.159 1490 4450 W ActivityTaskManager: Can't find TaskDisplayArea to determine support for multi window. Task id=54 attached=false
01-05 04:35:35.160 1490 4450 D FreeFormWindowHelper: Add freeform task=Task{39ac505 #54 type=standard ?? U=0 visible=false mode=freeform translucent=true sz=0}
01-05 04:35:35.162 1490 4450 I ActivityTaskManager: FOREGROUND_APPLICATION_CHANGED to com.android.deskclock.DeskClock
01-05 04:35:35.162 1490 4450 I ActivityTaskManager: The Process com.android.deskclock Already Exists in BG. So sending its PID: 4466
01-05 04:35:35.162 1490 4450 W ActivityTaskManager: Tried to set launchTime (0) < mLastActivityLaunchTime (284648)
01-05 04:35:35.225 1490 2782 W WindowManager: updateScale0.7996942
01-05 04:35:35.246 1490 1569 W WindowManager: updateScale0.7996942
01-05 04:35:35.247 1490 1569 W WindowManager: updateScale0.7996942
01-05 04:35:35.248 1490 1569 W WindowManager: updateScale0.7996942
01-05 04:35:35.521 1490 1569 W WindowManager: updateScale0.7996942
01-05 04:35:37.041 1490 1522 I thunderperf: PlatormCompat.setOverrides: Uid1=10067 Pid1=4466 Uid2=10067 Pid2=4466
01-05 04:35:37.041 1490 1522 I thunderperf: PlatormCompat.setOverrides: needCheck:false
01-05 04:35:37.041 1490 1522 W PackageManager: MATCH_ANY_USER flag requires INTERACT_ACROSS_USERS permission: UID 10067 requires android.permission.INTERACT_ACROSS_USERS_FULL or android.permission.INTERACT_ACROSS_USERS to access user 0.
01-05 04:35:37.042 1490 1522 I ActivityTaskManager: START u0 {cmp=com.android.deskclock/.worldclock.CitySelectionActivity} from uid 10067
01-05 04:35:37.044 1490 1522 W WindowManager: updateScale0.7996942
01-05 04:35:37.057 1490 2782 I ActivityTaskManager: FOREGROUND_APPLICATION_CHANGED to com.android.deskclock.worldclock.CitySelectionActivity
01-05 04:35:37.057 1490 2782 I ActivityTaskManager: The Process com.android.deskclock Already Exists in BG. So sending its PID: 4466
01-05 04:35:37.057 1490 2782 W ActivityTaskManager: Tried to set launchTime (0) < mLastActivityLaunchTime (295238)
01-05 04:35:37.094 1490 1521 W WindowManager: updateScale0.7996942
01-05 04:35:37.094 1490 1521 W WindowManager: updateScale0.7996942
01-05 04:35:37.108 1490 1569 W WindowManager: updateScale0.7996942
01-05 04:35:37.108 1490 1569 W WindowManager: updateScale0.7996942
01-05 04:35:37.123 1490 1569 W WindowManager: updateScale0.7996942
01-05 04:35:37.123 1490 1569 W WindowManager: updateScale0.7996942
01-05 04:35:37.125 1490 1569 W WindowManager: updateScale0.7996942
01-05 04:35:37.125 1490 1569 W WindowManager: updateScale0.7996942
01-05 04:35:37.413 1490 1569 W WindowManager: updateScale0.7996942
01-05 04:35:37.413 1490 1569 W WindowManager: updateScale0.7996942
01-05 04:35:37.806 1490 2782 W WindowManager: updateScale0.7996942
01-05 04:35:37.806 1490 2782 W WindowManager: updateScale0.7996942
01-05 04:35:37.823 1490 1569 W WindowManager: updateScale0.7996942
01-05 04:35:37.823 1490 1569 W WindowManager: updateScale0.7996942
01-05 04:35:37.905 1490 1521 D FreeFormWindowHelper: Remove freefrom task=Task{39ac505 #54 type=standard A=10067:com.android.deskclock U=0 visible=true mode=fullscreen translucent=false sz=2}
01-05 04:35:37.925 1490 1522 W WindowManager: Attempted to set replacing window on app token with no content Token{b4a3912 ActivityRecord{1e9f8e3 u0 com.android.deskclock/.worldclock.CitySelectionActivity t54}}
01-05 04:35:37.934 2382 3732 W ContextImpl: Calling a method in the system process without a qualified user: android.app.ContextImpl.startService:1816 android.content.ContextWrapper.startService:774 com.thundercomm.gamemode.ingame.services.GameModeActionUtils.startGameModeService:99 com.thundercomm.gamemode.ingame.services.GameModeActionUtils.startGameModeEntry:22 com.thundercomm.gamemode.ingame.services.ActivityMonitoringService$1.onActivityLaunch:129
01-05 04:35:37.937 1490 1582 W BroadcastQueue: Background execution not allowed: receiving Intent { act=com.android.deskclock.WORLD_CITIES_CHANGED flg=0x10 } to com.android.deskclock/com.android.alarmclock.DigitalAppWidgetProvider
01-05 04:35:37.938 1490 1490 I GameModeConfig: Current uri is uri = content://com.thundercomm.gamemode.api/gamemode_settings/gamemode_isgaming
01-05 04:35:37.942 1490 1490 I GameModeConfig: isGameModeOn = false
01-05 04:35:37.943 1490 1490 I GameModeConfig: isGameModeOn = false
01-05 04:35:37.943 1490 1490 I GameModeConfig: isDisableVoice = true
01-05 04:35:37.962 1490 1521 W WindowManager: Attempted to set replacing window on app token with no content Token{e1b664e ActivityRecord{7cb995a u0 com.android.deskclock/.DeskClock t54}}
01-05 04:35:38.098 1490 2782 I WindowManager: finishDrawing of relaunch: Window{b0ed45e u0 com.android.deskclock/com.android.deskclock.worldclock.CitySelectionActivity} 195ms
01-05 04:35:38.101 1490 2782 I WindowManager: finishDrawing of relaunch: Window{f87ac81 u0 com.android.deskclock/com.android.deskclock.DeskClock} 196ms
01-05 04:35:38.169 1490 2764 E TaskPersister: File error accessing recents directory (directory doesn't exist?).
01-05 04:35:38.277 2382 3732 W ContextImpl: Calling a method in the system process without a qualified user: android.app.ContextImpl.startService:1816 android.content.ContextWrapper.startService:774 com.thundercomm.gamemode.ingame.services.GameModeActionUtils.startGameModeService:99 com.thundercomm.gamemode.ingame.services.GameModeActionUtils.startGameModeEntry:22 com.thundercomm.gamemode.ingame.services.ActivityMonitoringService$1.onActivityLaunch:129
01-05 04:35:38.288 1490 1490 I GameModeConfig: Current uri is uri = content://com.thundercomm.gamemode.api/gamemode_settings/gamemode_isgaming
01-05 04:35:38.292 1490 1490 I GameModeConfig: isGameModeOn = false
01-05 04:35:38.292 1490 1490 I GameModeConfig: isGameModeOn = false
01-05 04:35:38.293 1490 1490 I GameModeConfig: isDisableVoice = true
01-05 04:35:38.322 2382 3732 W ContextImpl: Calling a method in the system process without a qualified user: android.app.ContextImpl.startService:1816 android.content.ContextWrapper.startService:774 com.thundercomm.gamemode.ingame.services.GameModeActionUtils.startGameModeService:99 com.thundercomm.gamemode.ingame.services.GameModeActionUtils.startGameModeEntry:22 com.thundercomm.gamemode.ingame.services.ActivityMonitoringService$1.onActivityLaunch:129
01-05 04:35:38.326 1490 1490 I GameModeConfig: Current uri is uri = content://com.thundercomm.gamemode.api/gamemode_settings/gamemode_isgaming
01-05 04:35:38.328 1490 1490 I GameModeConfig: isGameModeOn = false
01-05 04:35:38.329 1490 1490 I GameModeConfig: isGameModeOn = false
01-05 04:35:38.329 1490 1490 I GameModeConfig: isDisableVoice = true
01-05 04:35:39.476 1490 1521 W FreeFormWindowHelper: getCurrentDisplayedFreeFormTask is null
01-05 04:35:39.480 1490 1521 W FreeFormWindowHelper: getCurrentDisplayedFreeFormTask is null
01-05 04:35:39.521 1490 1522 W FreeFormWindowHelper: getCurrentDisplayedFreeFormTask is null
01-05 04:35:39.522 2382 3732 W ContextImpl: Calling a method in the system process without a qualified user: android.app.ContextImpl.startService:1816 android.content.ContextWrapper.startService:774 com.thundercomm.gamemode.ingame.services.GameModeActionUtils.startGameModeService:99 com.thundercomm.gamemode.ingame.services.GameModeActionUtils.startGameModeEntry:22 com.thundercomm.gamemode.ingame.services.ActivityMonitoringService$1.onActivityLaunch:129
01-05 04:35:39.526 1490 1490 I GameModeConfig: Current uri is uri = content://com.thundercomm.gamemode.api/gamemode_settings/gamemode_isgaming
01-05 04:35:39.529 1490 1490 I GameModeConfig: isGameModeOn = false
01-05 04:35:39.529 1490 1490 I GameModeConfig: isGameModeOn = false
01-05 04:35:39.529 1490 1490 I GameModeConfig: isDisableVoice = true
01-05 04:35:39.536 1490 1521 W ActivityTaskManager: getTaskSnapshot: taskId=5054 not found
01-05 04:35:39.538 1490 1522 W ActivityTaskManager: getTaskSnapshot: taskId=5054 not found
01-05 04:35:39.538 1490 1522 W ActivityTaskManager: getTaskSnapshot: taskId=4054 not found
01-05 04:35:39.542 1490 1521 W ActivityTaskManager: getTaskSnapshot: taskId=3054 not found
01-05 04:35:39.544 1490 1521 W ActivityTaskManager: getTaskSnapshot: taskId=2054 not found
01-05 04:35:39.545 1490 1521 W FreeFormWindowHelper: getCurrentDisplayedFreeFormTask is null
01-05 04:35:39.545 1490 1521 W ActivityTaskManager: getTaskSnapshot: taskId=5054 not found
01-05 04:35:39.545 1490 1521 W ActivityTaskManager: getTaskSnapshot: taskId=4054 not found
01-05 04:35:39.545 1490 1521 W ActivityTaskManager: getTaskSnapshot: taskId=3054 not found
01-05 04:35:39.546 1490 1521 W ActivityTaskManager: getTaskSnapshot: taskId=2054 not found
01-05 04:35:39.546 1490 1521 W ActivityTaskManager: getTaskSnapshot: taskId=1054 not found
01-05 04:35:39.550 1490 1521 W ActivityTaskManager: getTaskSnapshot: taskId=1054 not found
01-05 04:35:39.550 1490 1521 W ActivityTaskManager: getTaskSnapshot: taskId=2054 not found
01-05 04:35:39.551 1490 1521 W ActivityTaskManager: getTaskSnapshot: taskId=3054 not found
01-05 04:35:39.551 1490 1521 W ActivityTaskManager: getTaskSnapshot: taskId=4054 not found
01-05 04:35:39.551 1490 1521 W ActivityTaskManager: getTaskSnapshot: taskId=5054 not found
01-05 04:35:39.559 1490 2782 W FreeFormWindowHelper: getCurrentDisplayedFreeFormTask is null
01-05 04:35:39.559 1490 1521 W ActivityTaskManager: getTaskSnapshot: taskId=5054 not found
01-05 04:35:39.559 1490 1521 W ActivityTaskManager: getTaskSnapshot: taskId=4054 not found
01-05 04:35:39.560 1490 1521 W ActivityTaskManager: getTaskSnapshot: taskId=3054 not found
01-05 04:35:39.560 1490 1521 W ActivityTaskManager: getTaskSnapshot: taskId=2054 not found
01-05 04:35:39.560 1490 1521 W ActivityTaskManager: getTaskSnapshot: taskId=1054 not found
01-05 04:35:39.566 1490 1522 W FreeFormWindowHelper: getCurrentDisplayedFreeFormTask is null
01-05 04:35:39.581 1490 1522 W FreeFormWindowHelper: getCurrentDisplayedFreeFormTask is null
01-05 04:35:39.603 1490 2782 W FreeFormWindowHelper: getCurrentDisplayedFreeFormTask is null
01-05 04:35:40.251 1490 1522 W FreeFormWindowHelper: getCurrentDisplayedFreeFormTask is null
01-05 04:35:40.264 1490 1522 I ActivityTaskManager: FOREGROUND_APPLICATION_CHANGED to com.android.launcher3.uioverrides.QuickstepLauncher
01-05 04:35:40.291 1490 1582 W BroadcastQueue: Background execution not allowed: receiving Intent { act=com.android.deskclock.WORLD_CITIES_CHANGED flg=0x10 } to com.android.deskclock/com.android.alarmclock.DigitalAppWidgetProvider
01-05 04:35:40.399 2382 3732 W ContextImpl: Calling a method in the system process without a qualified user: android.app.ContextImpl.startService:1816 android.content.ContextWrapper.startService:774 com.thundercomm.gamemode.ingame.services.GameModeActionUtils.startGameModeService:99 com.thundercomm.gamemode.ingame.services.GameModeActionUtils.startGameModeEntry:22 com.thundercomm.gamemode.ingame.services.ActivityMonitoringService$1.onActivityLaunch:129
01-05 04:35:40.403 1490 1490 I GameModeConfig: Current uri is uri = content://com.thundercomm.gamemode.api/gamemode_settings/gamemode_isgaming
01-05 04:35:40.405 1490 1490 I GameModeConfig: isGameModeOn = false
01-05 04:35:40.406 1490 1490 I GameModeConfig: isGameModeOn = false
01-05 04:35:40.406 1490 1490 I GameModeConfig: isDisableVoice = true
01-05 04:35:42.767 1490 4450 I thunderperf: PlatormCompat.setOverrides: Uid1=10075 Pid1=2552 Uid2=10075 Pid2=2552
01-05 04:35:42.767 1490 4450 I thunderperf: PlatormCompat.setOverrides: needCheck:false
01-05 04:35:42.768 1490 4450 I ActivityTaskManager: START u0 {flg=0x10008000 cmp=com.android.deskclock/.DeskClock} from uid 10075
01-05 04:35:42.775 1490 4450 D FreeFormWindowHelper: Add freeform task=Task{39ac505 #54 type=standard A=10067:com.android.deskclock U=0 visible=true mode=freeform translucent=true sz=2}
01-05 04:35:42.776 1490 4450 I ActivityTaskManager: FOREGROUND_APPLICATION_CHANGED to com.android.deskclock.worldclock.CitySelectionActivity
01-05 04:35:42.789 1490 1521 W WindowManager: Attempted to set replacing window on app token with no content Token{b4a3912 ActivityRecord{1e9f8e3 u0 com.android.deskclock/.worldclock.CitySelectionActivity t54 f}}}
01-05 04:35:42.803 1490 1522 W WindowManager: Attempted to set replacing window on app token with no content Token{e1b664e ActivityRecord{7cb995a u0 com.android.deskclock/.DeskClock t54 f}}}
01-05 04:35:42.895 1490 1521 I WindowManager: finishDrawing of relaunch: Window{b0ed45e u0 com.android.deskclock/com.android.deskclock.worldclock.CitySelectionActivity} 120ms
01-05 04:35:42.899 1490 1521 I ActivityTaskManager: FOREGROUND_APPLICATION_CHANGED to com.android.deskclock.DeskClock
01-05 04:35:42.899 1490 1521 I ActivityTaskManager: The Process com.android.deskclock Already Exists in BG. So sending its PID: 4466
01-05 04:35:42.900 1490 1521 W ActivityTaskManager: Tried to set launchTime (0) < mLastActivityLaunchTime (297133)
01-05 04:35:42.995 1490 1522 W WindowManager: updateScale0.7996942
01-05 04:35:43.024 1490 1522 W WindowManager: updateScale0.7996942
01-05 04:35:43.043 1490 1569 W WindowManager: updateScale0.7996942
01-05 04:35:43.046 1490 1569 W WindowManager: updateScale0.7996942
01-05 04:35:43.047 1490 1569 W WindowManager: updateScale0.7996942
01-05 04:35:43.147 1490 4450 W WindowManager: updateScale0.7996942
01-05 04:35:43.148 1490 4450 W WindowManager: updateScale0.7996942
01-05 04:35:43.327 1490 1569 W WindowManager: updateScale0.7996942
01-05 04:35:44.965 1490 1567 W WindowManager: updateScale0.4617737
01-05 04:35:44.973 1490 1567 W WindowManager: updateScale0.4617737
01-05 04:35:45.051 1490 4450 W WindowManager: updateScale0.4617737
01-05 04:35:45.053 1490 4450 W WindowManager: updateScale0.4617737
01-05 04:35:45.700 1490 4450 W WindowManager: updateScale0.7996942
01-05 04:35:45.800 1490 4450 W WindowManager: updateScale0.7996942
01-05 04:35:45.802 1490 4450 W WindowManager: updateScale0.7996942
01-05 04:35:46.290 1490 2764 E TaskPersister: File error accessing recents directory (directory doesn't exist?).
01-05 04:35:46.597 1490 2764 E TaskPersister: File error accessing recents directory (directory doesn't exist?).
01-05 04:35:46.598 1490 4338 I ActivityTaskManager: FOREGROUND_APPLICATION_CHANGED to com.android.launcher3.uioverrides.QuickstepLauncher
01-05 04:35:46.636 2382 3732 W ContextImpl: Calling a method in the system process without a qualified user: android.app.ContextImpl.startService:1816 android.content.ContextWrapper.startService:774 com.thundercomm.gamemode.ingame.services.GameModeActionUtils.startGameModeService:99 com.thundercomm.gamemode.ingame.services.GameModeActionUtils.startGameModeEntry:22 com.thundercomm.gamemode.ingame.services.ActivityMonitoringService$1.onActivityLaunch:129
01-05 04:35:46.644 1490 1490 I GameModeConfig: Current uri is uri = content://com.thundercomm.gamemode.api/gamemode_settings/gamemode_isgaming
01-05 04:35:46.648 1490 1490 I GameModeConfig: isGameModeOn = false
01-05 04:35:46.650 1490 1490 I GameModeConfig: isGameModeOn = false
01-05 04:35:46.650 1490 1490 I GameModeConfig: isDisableVoice = true
01-05 04:35:46.713 2382 3732 W ContextImpl: Calling a method in the system process without a qualified user: android.app.ContextImpl.startService:1816 android.content.ContextWrapper.startService:774 com.thundercomm.gamemode.ingame.services.GameModeActionUtils.startGameModeService:99 com.thundercomm.gamemode.ingame.services.GameModeActionUtils.startGameModeEntry:22 com.thundercomm.gamemode.ingame.services.ActivityMonitoringService$1.onActivityLaunch:129
01-05 04:35:46.720 1490 1490 I GameModeConfig: Current uri is uri = content://com.thundercomm.gamemode.api/gamemode_settings/gamemode_isgaming
01-05 04:35:46.722 1490 1490 I GameModeConfig: isGameModeOn = false
01-05 04:35:46.722 1490 1490 I GameModeConfig: isGameModeOn = false
01-05 04:35:46.722 1490 1490 I GameModeConfig: isDisableVoice = true
01-05 04:35:46.899 1490 1569 D FreeFormWindowHelper: Remove freefrom task=Task{39ac505 #54 type=standard A=10067:com.android.deskclock U=0 visible=false mode=freeform translucent=true sz=0}
01-05 04:35:48.203 1490 4450 W FreeFormWindowHelper: getCurrentDisplayedFreeFormTask is null
01-05 04:35:48.225 1490 4338 W FreeFormWindowHelper: getCurrentDisplayedFreeFormTask is null
01-05 04:35:48.228 1490 2782 W FreeFormWindowHelper: getCurrentDisplayedFreeFormTask is null
01-05 04:35:48.234 1490 4338 W ActivityTaskManager: getTaskSnapshot: taskId=5054 not found
01-05 04:35:48.235 1490 4450 W ActivityTaskManager: getTaskSnapshot: taskId=4054 not found
01-05 04:35:48.237 1490 1521 W FreeFormWindowHelper: getCurrentDisplayedFreeFormTask is null
01-05 04:35:48.241 1490 1521 W ActivityTaskManager: getTaskSnapshot: taskId=3054 not found
01-05 04:35:48.242 1490 1521 W ActivityTaskManager: getTaskSnapshot: taskId=2054 not found
01-05 04:35:48.243 1490 2782 W ActivityTaskManager: getTaskSnapshot: taskId=1054 not found
01-05 04:35:48.255 1490 1521 W FreeFormWindowHelper: getCurrentDisplayedFreeFormTask is null
01-05 04:35:48.595 1490 2782 W FreeFormWindowHelper: getCurrentDisplayedFreeFormTask is null
01-05 04:35:48.609 1490 1521 W FreeFormWindowHelper: getCurrentDisplayedFreeFormTask is null
01-05 04:35:48.627 1490 4450 W FreeFormWindowHelper: getCurrentDisplayedFreeFormTask is null
01-05 04:35:48.645 1490 4338 W FreeFormWindowHelper: getCurrentDisplayedFreeFormTask is null
01-05 04:35:48.661 1490 4338 W FreeFormWindowHelper: getCurrentDisplayedFreeFormTask is null
01-05 04:35:48.677 1490 1521 W FreeFormWindowHelper: getCurrentDisplayedFreeFormTask is null
01-05 04:35:48.695 1490 4450 W FreeFormWindowHelper: getCurrentDisplayedFreeFormTask is null
01-05 04:35:48.709 1490 2782 W FreeFormWindowHelper: getCurrentDisplayedFreeFormTask is null
01-05 04:35:48.728 1490 1521 W FreeFormWindowHelper: getCurrentDisplayedFreeFormTask is null
01-05 04:35:48.745 1490 4450 W FreeFormWindowHelper: getCurrentDisplayedFreeFormTask is null
01-05 04:35:48.761 1490 1522 W FreeFormWindowHelper: getCurrentDisplayedFreeFormTask is null
01-05 04:35:48.778 1490 1522 W FreeFormWindowHelper: getCurrentDisplayedFreeFormTask is null
01-05 04:35:48.798 1490 4450 W FreeFormWindowHelper: getCurrentDisplayedFreeFormTask is null
01-05 04:35:48.811 1490 1522 W FreeFormWindowHelper: getCurrentDisplayedFreeFormTask is null
01-05 04:35:48.831 1490 1522 W FreeFormWindowHelper: getCurrentDisplayedFreeFormTask is null
01-05 04:35:48.842 1490 4338 W FreeFormWindowHelper: getCurrentDisplayedFreeFormTask is null
01-05 04:35:48.861 1490 4450 W FreeFormWindowHelper: getCurrentDisplayedFreeFormTask is null
01-05 04:35:48.879 1490 4450 W FreeFormWindowHelper: getCurrentDisplayedFreeFormTask is null
01-05 04:35:48.896 1490 1522 W FreeFormWindowHelper: getCurrentDisplayedFreeFormTask is null
01-05 04:35:48.913 1490 4450 W FreeFormWindowHelper: getCurrentDisplayedFreeFormTask is null
01-05 04:35:49.905 1490 2764 E TaskPersister: File error accessing recents directory (directory doesn't exist?).
01-05 04:35:50.062 1490 4450 W FreeFormWindowHelper: getCurrentDisplayedFreeFormTask is null
01-05 04:35:50.380 1490 4450 W FreeFormWindowHelper: getCurrentDisplayedFreeFormTask is null
01-05 04:35:50.474 1490 4450 W ActivityTaskManager: Request to remove task ignored for non-existent task 54
01-05 04:35:50.903 1490 4450 I thunderperf: PlatormCompat.setOverrides: Uid1=10075 Pid1=2552 Uid2=10075 Pid2=2552
01-05 04:35:50.903 1490 4450 I thunderperf: PlatormCompat.setOverrides: needCheck:false
01-05 04:35:50.905 1490 4450 I ActivityTaskManager: START u0 {flg=0x10008000 cmp=com.android.deskclock/.DeskClock} from uid 10075
01-05 04:35:50.911 1490 4450 W ActivityTaskManager: Can't find TaskDisplayArea to determine support for multi window. Task id=55 attached=false
01-05 04:35:50.912 1490 4450 D FreeFormWindowHelper: Add freeform task=Task{c6aaef6 #55 type=standard ?? U=0 visible=false mode=freeform translucent=true sz=0}
01-05 04:35:50.915 1490 4450 I ActivityTaskManager: FOREGROUND_APPLICATION_CHANGED to com.android.deskclock.DeskClock
01-05 04:35:50.915 1490 4450 I ActivityTaskManager: The Process com.android.deskclock Already Exists in BG. So sending its PID: 4466
01-05 04:35:50.915 1490 4450 W ActivityTaskManager: Tried to set launchTime (0) < mLastActivityLaunchTime (302976)
01-05 04:35:50.923 1490 4338 W FreeFormWindowHelper: exitRecentTasks type=1
01-05 04:35:50.962 1490 1521 W WindowManager: updateScale0.7996942
01-05 04:35:50.982 1490 1569 W WindowManager: updateScale0.7996942
01-05 04:35:50.984 1490 1569 W WindowManager: updateScale0.7996942
01-05 04:35:50.985 1490 1569 W WindowManager: updateScale0.7996942
01-05 04:35:51.259 1490 1569 W WindowManager: updateScale0.7996942
01-05 04:35:53.539 1490 1521 I thunderperf: PlatormCompat.setOverrides: Uid1=10067 Pid1=4466 Uid2=10067 Pid2=4466
01-05 04:35:53.539 1490 1521 I thunderperf: PlatormCompat.setOverrides: needCheck:false
01-05 04:35:53.539 1490 1521 W PackageManager: MATCH_ANY_USER flag requires INTERACT_ACROSS_USERS permission: UID 10067 requires android.permission.INTERACT_ACROSS_USERS_FULL or android.permission.INTERACT_ACROSS_USERS to access user 0.
01-05 04:35:53.540 1490 1521 I ActivityTaskManager: START u0 {cmp=com.android.deskclock/.worldclock.CitySelectionActivity} from uid 10067
01-05 04:35:53.546 1490 1521 W WindowManager: updateScale0.7996942
01-05 04:35:53.550 1490 3301 I ActivityTaskManager: FOREGROUND_APPLICATION_CHANGED to com.android.deskclock.worldclock.CitySelectionActivity
01-05 04:35:53.550 1490 3301 I ActivityTaskManager: The Process com.android.deskclock Already Exists in BG. So sending its PID: 4466
01-05 04:35:53.550 1490 3301 W ActivityTaskManager: Tried to set launchTime (0) < mLastActivityLaunchTime (310992)
01-05 04:35:53.583 1490 3301 W WindowManager: updateScale0.7996942
01-05 04:35:53.583 1490 3301 W WindowManager: updateScale0.7996942
01-05 04:35:53.597 1490 1569 W WindowManager: updateScale0.7996942
01-05 04:35:53.597 1490 1569 W WindowManager: updateScale0.7996942
01-05 04:35:53.610 1490 1569 W WindowManager: updateScale0.7996942
01-05 04:35:53.610 1490 1569 W WindowManager: updateScale0.7996942
01-05 04:35:53.612 1490 1569 W WindowManager: updateScale0.7996942
01-05 04:35:53.612 1490 1569 W WindowManager: updateScale0.7996942
01-05 04:35:53.885 1490 1569 W WindowManager: updateScale0.7996942
01-05 04:35:53.885 1490 1569 W WindowManager: updateScale0.7996942
01-05 04:35:53.984 1490 2764 E TaskPersister: File error accessing recents directory (directory doesn't exist?).
01-05 04:35:54.838 1490 4450 W WindowManager: updateScale0.7996942
01-05 04:35:54.838 1490 4450 W WindowManager: updateScale0.7996942
01-05 04:35:54.838 1490 4450 W WindowManager: updateScale0.7996942
01-05 04:35:54.903 1490 1569 W WindowManager: updateScale0.7996942
01-05 04:35:54.903 1490 1569 W WindowManager: updateScale0.7996942
01-05 04:35:54.904 1490 1569 W WindowManager: updateScale0.7996942
01-05 04:35:54.905 1490 1569 W WindowManager: updateScale0.7996942
01-05 04:35:54.906 1490 1569 W WindowManager: updateScale0.7996942
01-05 04:35:54.906 1490 1569 W WindowManager: updateScale0.7996942
01-05 04:35:56.067 1490 3301 I thunderperf: PlatormCompat.setOverrides: Uid1=10067 Pid1=4466 Uid2=10067 Pid2=4466
01-05 04:35:56.068 1490 3301 I thunderperf: PlatormCompat.setOverrides: needCheck:false
01-05 04:35:56.068 1490 3301 W PackageManager: MATCH_ANY_USER flag requires INTERACT_ACROSS_USERS permission: UID 10067 requires android.permission.INTERACT_ACROSS_USERS_FULL or android.permission.INTERACT_ACROSS_USERS to access user 0.
01-05 04:35:56.069 1490 3301 I ActivityTaskManager: START u0 {cmp=com.android.deskclock/.settings.SettingsActivity} from uid 10067
01-05 04:35:56.077 1490 3301 W WindowManager: updateScale0.7996942
01-05 04:35:56.077 1490 3301 W WindowManager: updateScale0.7996942
01-05 04:35:56.077 1490 3301 W WindowManager: updateScale0.7996942
01-05 04:35:56.080 1490 4450 W WindowManager: updateScale0.7996942
01-05 04:35:56.080 1490 4450 W WindowManager: updateScale0.7996942
01-05 04:35:56.080 1490 4450 W WindowManager: updateScale0.7996942
01-05 04:35:56.085 1490 1582 W BroadcastQueue: Background execution not allowed: receiving Intent { act=com.android.deskclock.WORLD_CITIES_CHANGED flg=0x10 } to com.android.deskclock/com.android.alarmclock.DigitalAppWidgetProvider
01-05 04:35:56.085 1490 3301 I ActivityTaskManager: FOREGROUND_APPLICATION_CHANGED to com.android.deskclock.settings.SettingsActivity
01-05 04:35:56.086 1490 3301 I ActivityTaskManager: The Process com.android.deskclock Already Exists in BG. So sending its PID: 4466
01-05 04:35:56.086 1490 3301 W ActivityTaskManager: Tried to set launchTime (0) < mLastActivityLaunchTime (313627)
01-05 04:35:56.125 1490 3301 W WindowManager: updateScale0.7996942
01-05 04:35:56.125 1490 3301 W WindowManager: updateScale0.7996942
01-05 04:35:56.125 1490 3301 W WindowManager: updateScale0.7996942
01-05 04:35:56.125 1490 3301 W WindowManager: updateScale0.7996942
01-05 04:35:56.137 1490 1569 W WindowManager: updateScale0.7996942
01-05 04:35:56.137 1490 1569 W WindowManager: updateScale0.7996942
01-05 04:35:56.137 1490 1569 W WindowManager: updateScale0.7996942
01-05 04:35:56.137 1490 1569 W WindowManager: updateScale0.7996942
01-05 04:35:56.160 1490 1569 W WindowManager: updateScale0.7996942
01-05 04:35:56.160 1490 1569 W WindowManager: updateScale0.7996942
01-05 04:35:56.160 1490 1569 W WindowManager: updateScale0.7996942
01-05 04:35:56.160 1490 1569 W WindowManager: updateScale0.7996942
01-05 04:35:56.162 1490 1569 W WindowManager: updateScale0.7996942
01-05 04:35:56.162 1490 1569 W WindowManager: updateScale0.7996942
01-05 04:35:56.162 1490 1569 W WindowManager: updateScale0.7996942
01-05 04:35:56.162 1490 1569 W WindowManager: updateScale0.7996942
01-05 04:35:56.308 560 560 E spcomlib: [spcom_wait_for_event] event [1] [nvm_ready] EVENT_STATUS_TIMEOUT
01-05 04:35:56.308 560 560 E spdaemon: spcom_wait_for_nvm_ready() failed. ret [-110] [Connection timed out].
01-05 04:35:56.308 560 560 E spdaemon: Initial SP initialization failed. ret [-110].
01-05 04:35:56.308 560 560 D spdaemon: going to sleep for a day.
01-05 04:35:56.405 1490 3301 W WindowManager: updateScale0.7996942
01-05 04:35:56.405 1490 3301 W WindowManager: updateScale0.7996942
01-05 04:35:56.406 1490 3301 W WindowManager: updateScale0.7996942
01-05 04:35:56.441 1490 1569 W WindowManager: updateScale0.7996942
01-05 04:35:56.441 1490 1569 W WindowManager: updateScale0.7996942
01-05 04:35:56.441 1490 1569 W WindowManager: updateScale0.7996942
01-05 04:35:57.514 1490 4450 I ActivityTaskManager: FOREGROUND_APPLICATION_CHANGED to com.android.deskclock.worldclock.CitySelectionActivity
01-05 04:35:57.521 1490 4450 W WindowManager: updateScale0.7996942
01-05 04:35:57.521 1490 4450 W WindowManager: updateScale0.7996942
01-05 04:35:57.528 1490 4450 W WindowManager: updateScale0.7996942
01-05 04:35:57.528 1490 4450 W WindowManager: updateScale0.7996942
01-05 04:35:57.559 1490 4450 W WindowManager: updateScale0.7996942
01-05 04:35:57.559 1490 4450 W WindowManager: updateScale0.7996942
01-05 04:35:57.619 1490 4450 W WindowManager: updateScale0.7996942
01-05 04:35:57.619 1490 4450 W WindowManager: updateScale0.7996942
01-05 04:35:57.809 1490 1569 W WindowManager: updateScale0.7996942
01-05 04:35:57.810 1490 1569 W WindowManager: updateScale0.7996942
01-05 04:35:57.812 1490 1569 W WindowManager: updateScale0.7996942
01-05 04:35:57.812 1490 1569 W WindowManager: updateScale0.7996942
01-05 04:35:57.826 1490 1569 W WindowManager: updateScale0.7996942
01-05 04:35:57.826 1490 1569 W WindowManager: updateScale0.7996942
01-05 04:35:58.450 1490 1521 W WindowManager: updateScale0.7996942
01-05 04:35:58.451 1490 1521 W WindowManager: updateScale0.7996942
01-05 04:35:58.451 1490 1521 W WindowManager: updateScale0.7996942
01-05 04:35:58.470 1490 1569 W WindowManager: updateScale0.7996942
01-05 04:35:58.471 1490 1569 W WindowManager: updateScale0.7996942
01-05 04:35:58.471 1490 1569 W WindowManager: updateScale0.7996942
01-05 04:35:58.473 1490 1569 W WindowManager: updateScale0.7996942
01-05 04:35:58.473 1490 1569 W WindowManager: updateScale0.7996942
01-05 04:35:58.473 1490 1569 W WindowManager: updateScale0.7996942
01-05 04:35:59.317 1490 1521 W WindowManager: updateScale0.7996942
01-05 04:35:59.317 1490 1521 W WindowManager: updateScale0.7996942
01-05 04:35:59.317 1490 1521 W WindowManager: updateScale0.7996942
01-05 04:35:59.649 1490 4338 W WindowManager: updateScale0.7996942
01-05 04:35:59.649 1490 4338 W WindowManager: updateScale0.7996942
01-05 04:36:00.757 1490 4338 W WindowManager: updateScale0.7996942
01-05 04:36:00.757 1490 4338 W WindowManager: updateScale0.7996942
01-05 04:36:00.775 1490 1569 W WindowManager: updateScale0.7996942
01-05 04:36:00.775 1490 1569 W WindowManager: updateScale0.7996942
01-05 04:36:00.881 1490 4338 D FreeFormWindowHelper: Remove freefrom task=Task{c6aaef6 #55 type=standard A=10067:com.android.deskclock U=0 visible=true mode=fullscreen translucent=false sz=2}
01-05 04:36:00.913 1490 1521 W WindowManager: Attempted to set replacing window on app token with no content Token{a1fa5eb ActivityRecord{2c96f48 u0 com.android.deskclock/.worldclock.CitySelectionActivity t55}}
01-05 04:36:00.913 1490 1582 W BroadcastQueue: Background execution not allowed: receiving Intent { act=com.android.deskclock.WORLD_CITIES_CHANGED flg=0x10 } to com.android.deskclock/com.android.alarmclock.DigitalAppWidgetProvider
01-05 04:36:00.922 2382 3732 W ContextImpl: Calling a method in the system process without a qualified user: android.app.ContextImpl.startService:1816 android.content.ContextWrapper.startService:774 com.thundercomm.gamemode.ingame.services.GameModeActionUtils.startGameModeService:99 com.thundercomm.gamemode.ingame.services.GameModeActionUtils.startGameModeEntry:22 com.thundercomm.gamemode.ingame.services.ActivityMonitoringService$1.onActivityLaunch:129
01-05 04:36:00.928 1490 1490 I GameModeConfig: Current uri is uri = content://com.thundercomm.gamemode.api/gamemode_settings/gamemode_isgaming
01-05 04:36:00.931 1490 4450 W WindowManager: Attempted to set replacing window on app token with no content Token{4f07f91 ActivityRecord{50c83cd u0 com.android.deskclock/.DeskClock t55}}
01-05 04:36:00.935 1490 1490 I GameModeConfig: isGameModeOn = false
01-05 04:36:00.935 1490 1490 I GameModeConfig: isGameModeOn = false
01-05 04:36:00.935 1490 1490 I GameModeConfig: isDisableVoice = true
01-05 04:36:01.061 1490 1521 I WindowManager: finishDrawing of relaunch: Window{350b5c7 u0 com.android.deskclock/com.android.deskclock.worldclock.CitySelectionActivity} 183ms
01-05 04:36:01.062 1490 1521 I WindowManager: finishDrawing of relaunch: Window{4c0e3d0 u0 com.android.deskclock/com.android.deskclock.DeskClock} 181ms
01-05 04:36:01.250 2382 3732 W ContextImpl: Calling a method in the system process without a qualified user: android.app.ContextImpl.startService:1816 android.content.ContextWrapper.startService:774 com.thundercomm.gamemode.ingame.services.GameModeActionUtils.startGameModeService:99 com.thundercomm.gamemode.ingame.services.GameModeActionUtils.startGameModeEntry:22 com.thundercomm.gamemode.ingame.services.ActivityMonitoringService$1.onActivityLaunch:129
01-05 04:36:01.258 1490 1490 I GameModeConfig: Current uri is uri = content://com.thundercomm.gamemode.api/gamemode_settings/gamemode_isgaming
01-05 04:36:01.263 1490 1490 I GameModeConfig: isGameModeOn = false
01-05 04:36:01.264 1490 1490 I GameModeConfig: isGameModeOn = false
01-05 04:36:01.264 1490 1490 I GameModeConfig: isDisableVoice = true
01-05 04:36:01.291 2382 3732 W ContextImpl: Calling a method in the system process without a qualified user: android.app.ContextImpl.startService:1816 android.content.ContextWrapper.startService:774 com.thundercomm.gamemode.ingame.services.GameModeActionUtils.startGameModeService:99 com.thundercomm.gamemode.ingame.services.GameModeActionUtils.startGameModeEntry:22 com.thundercomm.gamemode.ingame.services.ActivityMonitoringService$1.onActivityLaunch:129
01-05 04:36:01.294 1490 1490 I GameModeConfig: Current uri is uri = content://com.thundercomm.gamemode.api/gamemode_settings/gamemode_isgaming
01-05 04:36:01.296 1490 1490 I GameModeConfig: isGameModeOn = false
01-05 04:36:01.297 1490 1490 I GameModeConfig: isGameModeOn = false
01-05 04:36:01.297 1490 1490 I GameModeConfig: isDisableVoice = true
01-05 04:36:02.507 1490 4338 W FreeFormWindowHelper: getCurrentDisplayedFreeFormTask is null
01-05 04:36:02.509 1490 1521 W FreeFormWindowHelper: getCurrentDisplayedFreeFormTask is null
01-05 04:36:02.534 1490 4450 W FreeFormWindowHelper: getCurrentDisplayedFreeFormTask is null
01-05 04:36:02.550 2382 3732 W ContextImpl: Calling a method in the system process without a qualified user: android.app.ContextImpl.startService:1816 android.content.ContextWrapper.startService:774 com.thundercomm.gamemode.ingame.services.GameModeActionUtils.startGameModeService:99 com.thundercomm.gamemode.ingame.services.GameModeActionUtils.startGameModeEntry:22 com.thundercomm.gamemode.ingame.services.ActivityMonitoringService$1.onActivityLaunch:129
01-05 04:36:02.555 1490 1490 I GameModeConfig: Current uri is uri = content://com.thundercomm.gamemode.api/gamemode_settings/gamemode_isgaming
01-05 04:36:02.557 1490 1490 I GameModeConfig: isGameModeOn = false
01-05 04:36:02.558 1490 1490 I GameModeConfig: isGameModeOn = false
01-05 04:36:02.558 1490 1490 I GameModeConfig: isDisableVoice = true
01-05 04:36:02.561 1490 4338 W FreeFormWindowHelper: getCurrentDisplayedFreeFormTask is null
01-05 04:36:02.564 1490 1521 W ActivityTaskManager: getTaskSnapshot: taskId=5055 not found
01-05 04:36:02.565 1490 1521 W ActivityTaskManager: getTaskSnapshot: taskId=4055 not found
01-05 04:36:02.566 1490 1521 W ActivityTaskManager: getTaskSnapshot: taskId=3055 not found
01-05 04:36:02.573 1490 1521 W ActivityTaskManager: getTaskSnapshot: taskId=2055 not found
01-05 04:36:02.574 1490 3301 W FreeFormWindowHelper: getCurrentDisplayedFreeFormTask is null
01-05 04:36:02.577 1490 3301 W ActivityTaskManager: getTaskSnapshot: taskId=1055 not found
01-05 04:36:02.598 1490 3301 W FreeFormWindowHelper: getCurrentDisplayedFreeFormTask is null
01-05 04:36:02.600 1490 3301 W ActivityTaskManager: getTaskSnapshot: taskId=5055 not found
01-05 04:36:02.600 1490 3301 W ActivityTaskManager: getTaskSnapshot: taskId=4055 not found
01-05 04:36:02.602 1490 4338 W FreeFormWindowHelper: getCurrentDisplayedFreeFormTask is null
01-05 04:36:02.620 1490 3301 W FreeFormWindowHelper: getCurrentDisplayedFreeFormTask is null
01-05 04:36:03.138 1490 4338 W FreeFormWindowHelper: getCurrentDisplayedFreeFormTask is null
01-05 04:36:03.460 1490 4338 I ActivityTaskManager: FOREGROUND_APPLICATION_CHANGED to com.android.launcher3.uioverrides.QuickstepLauncher
01-05 04:36:03.486 1490 1521 W FreeFormWindowHelper: getCurrentDisplayedFreeFormTask is null
01-05 04:36:03.501 1490 1582 W BroadcastQueue: Background execution not allowed: receiving Intent { act=com.android.deskclock.WORLD_CITIES_CHANGED flg=0x10 } to com.android.deskclock/com.android.alarmclock.DigitalAppWidgetProvider
01-05 04:36:03.549 1490 4450 W FreeFormWindowHelper: getCurrentDisplayedFreeFormTask is null
01-05 04:36:03.585 2382 3732 W ContextImpl: Calling a method in the system process without a qualified user: android.app.ContextImpl.startService:1816 android.content.ContextWrapper.startService:774 com.thundercomm.gamemode.ingame.services.GameModeActionUtils.startGameModeService:99 com.thundercomm.gamemode.ingame.services.GameModeActionUtils.startGameModeEntry:22 com.thundercomm.gamemode.ingame.services.ActivityMonitoringService$1.onActivityLaunch:129
01-05 04:36:03.589 1490 1490 I GameModeConfig: Current uri is uri = content://com.thundercomm.gamemode.api/gamemode_settings/gamemode_isgaming
01-05 04:36:03.591 1490 1490 I GameModeConfig: isGameModeOn = false
01-05 04:36:03.592 1490 1490 I GameModeConfig: isGameModeOn = false
01-05 04:36:03.592 1490 1490 I GameModeConfig: isDisableVoice = true
01-05 04:36:04.951 1490 4450 D FreeFormWindowHelper: Add freeform task=Task{c6aaef6 #55 type=standard A=10067:com.android.deskclock U=0 visible=false mode=freeform translucent=true sz=2}
01-05 04:36:04.959 1490 4450 I ActivityTaskManager: FOREGROUND_APPLICATION_CHANGED to com.android.deskclock.worldclock.CitySelectionActivity
01-05 04:36:04.995 1490 4450 W FreeFormWindowHelper: exitRecentTasks type=1
01-05 04:36:04.996 1490 2782 W FreeFormWindowHelper: FreeFormTask is Task{c6aaef6 #55 type=standard A=10067:com.android.deskclock U=0 visible=true mode=freeform translucent=false sz=2}
01-05 04:36:05.014 1490 2916 I WindowManager: finishDrawing of relaunch: Window{4c0e3d0 u0 com.android.deskclock/com.android.deskclock.DeskClock} 61ms
01-05 04:36:05.014 1490 1569 W WindowManager: updateScale0.7996942
01-05 04:36:05.016 1490 2916 W WindowManager: Attempted to set replacing window on app token with no content Token{a1fa5eb ActivityRecord{2c96f48 u0 com.android.deskclock/.worldclock.CitySelectionActivity t55}}
01-05 04:36:05.088 1490 1521 W WindowManager: updateScale0.7996942
01-05 04:36:05.091 1490 1521 W WindowManager: updateScale0.7996942
01-05 04:36:05.132 1490 2916 W WindowManager: updateScale0.7996942
01-05 04:36:05.132 1490 2916 W WindowManager: updateScale0.7996942
01-05 04:36:05.143 1490 1569 W WindowManager: updateScale0.7996942
01-05 04:36:05.143 1490 1569 W WindowManager: updateScale0.7996942
01-05 04:36:05.168 1490 1521 I WindowManager: finishDrawing of relaunch: Window{350b5c7 u0 com.android.deskclock/com.android.deskclock.worldclock.CitySelectionActivity} 217ms
01-05 04:36:05.168 1490 1569 W WindowManager: updateScale0.7996942
01-05 04:36:05.168 1490 1569 W WindowManager: updateScale0.7996942
01-05 04:36:05.171 1490 1569 W WindowManager: updateScale0.7996942
01-05 04:36:05.171 1490 1569 W WindowManager: updateScale0.7996942
01-05 04:36:05.173 1490 1521 W WindowManager: updateScale0.7996942
01-05 04:36:05.173 1490 1521 W WindowManager: updateScale0.7996942
01-05 04:36:06.892 1490 4450 W WindowManager: updateScale0.7996942
01-05 04:36:06.892 1490 4450 W WindowManager: updateScale0.7996942
01-05 04:36:06.908 1490 1569 W WindowManager: updateScale0.7996942
01-05 04:36:06.909 1490 1569 W WindowManager: updateScale0.7996942
01-05 04:36:07.039 1490 2916 D FreeFormWindowHelper: Remove freefrom task=Task{c6aaef6 #55 type=standard A=10067:com.android.deskclock U=0 visible=true mode=fullscreen translucent=false sz=2}
01-05 04:36:07.057 1490 2916 W WindowManager: Attempted to set replacing window on app token with no content Token{a1fa5eb ActivityRecord{2c96f48 u0 com.android.deskclock/.worldclock.CitySelectionActivity t55}}
01-05 04:36:07.061 1490 1582 W BroadcastQueue: Background execution not allowed: receiving Intent { act=com.android.deskclock.WORLD_CITIES_CHANGED flg=0x10 } to com.android.deskclock/com.android.alarmclock.DigitalAppWidgetProvider
01-05 04:36:07.067 2382 3732 W ContextImpl: Calling a method in the system process without a qualified user: android.app.ContextImpl.startService:1816 android.content.ContextWrapper.startService:774 com.thundercomm.gamemode.ingame.services.GameModeActionUtils.startGameModeService:99 com.thundercomm.gamemode.ingame.services.GameModeActionUtils.startGameModeEntry:22 com.thundercomm.gamemode.ingame.services.ActivityMonitoringService$1.onActivityLaunch:129
01-05 04:36:07.071 1490 1490 I GameModeConfig: Current uri is uri = content://com.thundercomm.gamemode.api/gamemode_settings/gamemode_isgaming
01-05 04:36:07.072 1490 1490 I GameModeConfig: isGameModeOn = false
01-05 04:36:07.073 1490 1490 I GameModeConfig: isGameModeOn = false
01-05 04:36:07.073 1490 1490 I GameModeConfig: isDisableVoice = true
01-05 04:36:07.127 1490 1521 I WindowManager: finishDrawing of relaunch: Window{4c0e3d0 u0 com.android.deskclock/com.android.deskclock.DeskClock} 88ms
01-05 04:36:07.129 1490 1521 I WindowManager: finishDrawing of relaunch: Window{350b5c7 u0 com.android.deskclock/com.android.deskclock.worldclock.CitySelectionActivity} 93ms
01-05 04:36:07.412 2382 3732 W ContextImpl: Calling a method in the system process without a qualified user: android.app.ContextImpl.startService:1816 android.content.ContextWrapper.startService:774 com.thundercomm.gamemode.ingame.services.GameModeActionUtils.startGameModeService:99 com.thundercomm.gamemode.ingame.services.GameModeActionUtils.startGameModeEntry:22 com.thundercomm.gamemode.ingame.services.ActivityMonitoringService$1.onActivityLaunch:129
01-05 04:36:07.426 1490 1490 I GameModeConfig: Current uri is uri = content://com.thundercomm.gamemode.api/gamemode_settings/gamemode_isgaming
01-05 04:36:07.428 1490 1490 I GameModeConfig: isGameModeOn = false
01-05 04:36:07.428 1490 1490 I GameModeConfig: isGameModeOn = false
01-05 04:36:07.428 1490 1490 I GameModeConfig: isDisableVoice = true
01-05 04:36:07.456 2382 3732 W ContextImpl: Calling a method in the system process without a qualified user: android.app.ContextImpl.startService:1816 android.content.ContextWrapper.startService:774 com.thundercomm.gamemode.ingame.services.GameModeActionUtils.startGameModeService:99 com.thundercomm.gamemode.ingame.services.GameModeActionUtils.startGameModeEntry:22 com.thundercomm.gamemode.ingame.services.ActivityMonitoringService$1.onActivityLaunch:129
01-05 04:36:07.459 1490 1490 I GameModeConfig: Current uri is uri = content://com.thundercomm.gamemode.api/gamemode_settings/gamemode_isgaming
01-05 04:36:07.461 1490 1490 I GameModeConfig: isGameModeOn = false
01-05 04:36:07.461 1490 1490 I GameModeConfig: isGameModeOn = false
01-05 04:36:07.461 1490 1490 I GameModeConfig: isDisableVoice = true
01-05 04:36:07.966 1490 2764 E TaskPersister: File error accessing recents directory (directory doesn't exist?).
01-05 04:36:08.051 1490 2916 W FreeFormWindowHelper: getCurrentDisplayedFreeFormTask is null
01-05 04:36:08.061 2382 3732 W ContextImpl: Calling a method in the system process without a qualified user: android.app.ContextImpl.startService:1816 android.content.ContextWrapper.startService:774 com.thundercomm.gamemode.ingame.services.GameModeActionUtils.startGameModeService:99 com.thundercomm.gamemode.ingame.services.GameModeActionUtils.startGameModeEntry:22 com.thundercomm.gamemode.ingame.services.ActivityMonitoringService$1.onActivityLaunch:129
01-05 04:36:08.070 1490 1490 I GameModeConfig: Current uri is uri = content://com.thundercomm.gamemode.api/gamemode_settings/gamemode_isgaming
01-05 04:36:08.072 1490 1490 I GameModeConfig: isGameModeOn = false
01-05 04:36:08.073 1490 1490 I GameModeConfig: isGameModeOn = false
01-05 04:36:08.073 1490 1490 I GameModeConfig: isDisableVoice = true
01-05 04:36:08.077 1490 2916 W ActivityTaskManager: getTaskSnapshot: taskId=5055 not found
01-05 04:36:08.078 1490 2916 W FreeFormWindowHelper: getCurrentDisplayedFreeFormTask is null
01-05 04:36:08.080 1490 1521 W ActivityTaskManager: getTaskSnapshot: taskId=4055 not found
01-05 04:36:08.081 1490 1521 W ActivityTaskManager: getTaskSnapshot: taskId=3055 not found
01-05 04:36:08.089 1490 2916 W FreeFormWindowHelper: getCurrentDisplayedFreeFormTask is null
01-05 04:36:08.092 1490 4450 W ActivityTaskManager: getTaskSnapshot: taskId=2055 not found
01-05 04:36:08.095 1490 4450 W ActivityTaskManager: getTaskSnapshot: taskId=1055 not found
01-05 04:36:08.107 1490 1521 W ActivityTaskManager: getTaskSnapshot: taskId=2055 not found
01-05 04:36:08.107 1490 1521 W ActivityTaskManager: getTaskSnapshot: taskId=1055 not found
01-05 04:36:08.110 1490 4450 W ActivityTaskManager: getTaskSnapshot: taskId=1055 not found
01-05 04:36:08.111 1490 4450 W ActivityTaskManager: getTaskSnapshot: taskId=2055 not found
01-05 04:36:08.119 1490 4450 W FreeFormWindowHelper: getCurrentDisplayedFreeFormTask is null
01-05 04:36:08.121 1490 4450 W ActivityTaskManager: getTaskSnapshot: taskId=2055 not found
01-05 04:36:08.121 1490 4450 W ActivityTaskManager: getTaskSnapshot: taskId=1055 not found
01-05 04:36:08.133 1490 2916 W FreeFormWindowHelper: getCurrentDisplayedFreeFormTask is null
01-05 04:36:08.150 1490 4450 W FreeFormWindowHelper: getCurrentDisplayedFreeFormTask is null
01-05 04:36:08.256 1490 4450 W FreeFormWindowHelper: getCurrentDisplayedFreeFormTask is null
01-05 04:36:08.902 1490 2916 W FreeFormWindowHelper: getCurrentDisplayedFreeFormTask is null
01-05 04:36:08.912 1490 2916 I ActivityTaskManager: FOREGROUND_APPLICATION_CHANGED to com.android.launcher3.uioverrides.QuickstepLauncher
01-05 04:36:08.937 1490 1582 W BroadcastQueue: Background execution not allowed: receiving Intent { act=com.android.deskclock.WORLD_CITIES_CHANGED flg=0x10 } to com.android.deskclock/com.android.alarmclock.DigitalAppWidgetProvider
01-05 04:36:09.027 2382 3732 W ContextImpl: Calling a method in the system process without a qualified user: android.app.ContextImpl.startService:1816 android.content.ContextWrapper.startService:774 com.thundercomm.gamemode.ingame.services.GameModeActionUtils.startGameModeService:99 com.thundercomm.gamemode.ingame.services.GameModeActionUtils.startGameModeEntry:22 com.thundercomm.gamemode.ingame.services.ActivityMonitoringService$1.onActivityLaunch:129
01-05 04:36:09.030 1490 1490 I GameModeConfig: Current uri is uri = content://com.thundercomm.gamemode.api/gamemode_settings/gamemode_isgaming
01-05 04:36:09.033 1490 1490 I GameModeConfig: isGameModeOn = false
01-05 04:36:09.033 1490 1490 I GameModeConfig: isGameModeOn = false
01-05 04:36:09.033 1490 1490 I GameModeConfig: isDisableVoice = true
01-05 04:36:11.747 1490 1521 I thunderperf: PlatormCompat.setOverrides: Uid1=10075 Pid1=2552 Uid2=10075 Pid2=2552
01-05 04:36:11.747 1490 1521 I thunderperf: PlatormCompat.setOverrides: needCheck:false
01-05 04:36:11.748 1490 1521 I ActivityTaskManager: START u0 {flg=0x10008000 cmp=com.android.deskclock/.DeskClock} from uid 10075
01-05 04:36:11.754 1490 1521 D FreeFormWindowHelper: Add freeform task=Task{c6aaef6 #55 type=standard A=10067:com.android.deskclock U=0 visible=true mode=freeform translucent=true sz=2}
01-05 04:36:11.755 1490 1521 I ActivityTaskManager: FOREGROUND_APPLICATION_CHANGED to com.android.deskclock.worldclock.CitySelectionActivity
01-05 04:36:11.770 1490 2782 W WindowManager: Attempted to set replacing window on app token with no content Token{a1fa5eb ActivityRecord{2c96f48 u0 com.android.deskclock/.worldclock.CitySelectionActivity t55 f}}}
01-05 04:36:11.784 1490 2782 W WindowManager: Attempted to set replacing window on app token with no content Token{4f07f91 ActivityRecord{50c83cd u0 com.android.deskclock/.DeskClock t55 f}}}
01-05 04:36:11.829 1490 2916 I ActivityTaskManager: FOREGROUND_APPLICATION_CHANGED to com.android.deskclock.DeskClock
01-05 04:36:11.829 1490 2916 I ActivityTaskManager: The Process com.android.deskclock Already Exists in BG. So sending its PID: 4466
01-05 04:36:11.829 1490 2916 W ActivityTaskManager: Tried to set launchTime (0) < mLastActivityLaunchTime (316162)
01-05 04:36:11.866 4466 4466 E AndroidRuntime: FATAL EXCEPTION: main
01-05 04:36:11.866 4466 4466 E AndroidRuntime: Process: com.android.deskclock, PID: 4466
01-05 04:36:11.866 4466 4466 E AndroidRuntime: java.lang.IllegalStateException: FragmentManager has been destroyed
01-05 04:36:11.866 4466 4466 E AndroidRuntime: at androidx.fragment.app.FragmentManager.ensureExecReady(FragmentManager.java:1956)
01-05 04:36:11.866 4466 4466 E AndroidRuntime: at androidx.fragment.app.FragmentManager.execPendingActions(FragmentManager.java:2016)
01-05 04:36:11.866 4466 4466 E AndroidRuntime: at androidx.fragment.app.FragmentManager.executePendingTransactions(FragmentManager.java:603)
01-05 04:36:11.866 4466 4466 E AndroidRuntime: at com.android.deskclock.FragmentTabPagerAdapter.finishUpdate(FragmentTabPagerAdapter.kt:138)
01-05 04:36:11.866 4466 4466 E AndroidRuntime: at androidx.viewpager.widget.ViewPager.populate(ViewPager.java:1237)
01-05 04:36:11.866 4466 4466 E AndroidRuntime: at androidx.viewpager.widget.ViewPager.populate(ViewPager.java:1085)
01-05 04:36:11.866 4466 4466 E AndroidRuntime: at androidx.viewpager.widget.ViewPager.onMeasure(ViewPager.java:1607)
01-05 04:36:11.866 4466 4466 E AndroidRuntime: at android.view.View.measure(View.java:25778)
01-05 04:36:11.866 4466 4466 E AndroidRuntime: at android.view.ViewGroup.measureChildWithMargins(ViewGroup.java:6980)
01-05 04:36:11.866 4466 4466 E AndroidRuntime: at android.widget.FrameLayout.onMeasure(FrameLayout.java:194)
01-05 04:36:11.866 4466 4466 E AndroidRuntime: at android.view.View.measure(View.java:25778)
01-05 04:36:11.866 4466 4466 E AndroidRuntime: at android.view.ViewGroup.measureChildWithMargins(ViewGroup.java:6980)
01-05 04:36:11.866 4466 4466 E AndroidRuntime: at androidx.coordinatorlayout.widget.CoordinatorLayout.onMeasureChild(CoordinatorLayout.java:795)
01-05 04:36:11.866 4466 4466 E AndroidRuntime: at com.google.android.material.appbar.HeaderScrollingViewBehavior.onMeasureChild(HeaderScrollingViewBehavior.java:99)
01-05 04:36:11.866 4466 4466 E AndroidRuntime: at com.google.android.material.appbar.AppBarLayout$ScrollingViewBehavior.onMeasureChild(AppBarLayout.java:2003)
01-05 04:36:11.866 4466 4466 E AndroidRuntime: at androidx.coordinatorlayout.widget.CoordinatorLayout.onMeasure(CoordinatorLayout.java:866)
01-05 04:36:11.866 4466 4466 E AndroidRuntime: at android.view.View.measure(View.java:25778)
01-05 04:36:11.866 4466 4466 E AndroidRuntime: at android.view.ViewGroup.measureChildWithMargins(ViewGroup.java:6980)
01-05 04:36:11.866 4466 4466 E AndroidRuntime: at android.widget.FrameLayout.onMeasure(FrameLayout.java:194)
01-05 04:36:11.866 4466 4466 E AndroidRuntime: at androidx.appcompat.widget.ContentFrameLayout.onMeasure(ContentFrameLayout.java:145)
