01-05 07:06:34.359 0 0 I auditd : type=1400 audit(0.0:8262): avc: denied { kill } for comm="swapper/2" capability=5 scontext=u:r:kernel:s0 tcontext=u:r:kernel:s0 tclass=capability permissive=0
01-05 07:06:35.359 0 0 I auditd : type=1400 audit(0.0:8263): avc: denied { kill } for comm="swapper/2" capability=5 scontext=u:r:kernel:s0 tcontext=u:r:kernel:s0 tclass=capability permissive=0
01-05 07:06:40.359 0 0 I auditd : type=1400 audit(0.0:8264): avc: denied { kill } for comm="swapper/1" capability=5 scontext=u:r:kernel:s0 tcontext=u:r:kernel:s0 tclass=capability permissive=0
01-05 07:06:41.359 0 0 I auditd : type=1400 audit(0.0:8265): avc: denied { kill } for comm="swapper/1" capability=5 scontext=u:r:kernel:s0 tcontext=u:r:kernel:s0 tclass=capability permissive=0
01-05 07:06:42.359 0 0 I auditd : type=1400 audit(0.0:8266): avc: denied { kill } for comm="swapper/1" capability=5 scontext=u:r:kernel:s0 tcontext=u:r:kernel:s0 tclass=capability permissive=0
01-05 07:06:44.355 0 0 I auditd : type=1400 audit(0.0:8267): avc: denied { kill } for comm="swapper/1" capability=5 scontext=u:r:kernel:s0 tcontext=u:r:kernel:s0 tclass=capability permissive=0
01-05 07:06:46.359 0 0 I auditd : type=1400 audit(0.0:8268): avc: denied { kill } for comm="swapper/1" capability=5 scontext=u:r:kernel:s0 tcontext=u:r:kernel:s0 tclass=capability permissive=0
01-05 07:06:47.359 0 0 I auditd : type=1400 audit(0.0:8269): avc: denied { kill } for comm="swapper/1" capability=5 scontext=u:r:kernel:s0 tcontext=u:r:kernel:s0 tclass=capability permissive=0
01-05 07:06:48.359 0 0 I auditd : type=1400 audit(0.0:8270): avc: denied { kill } for comm="swapper/1" capability=5 scontext=u:r:kernel:s0 tcontext=u:r:kernel:s0 tclass=capability permissive=0
01-05 07:06:49.359 0 0 I auditd : type=1400 audit(0.0:8271): avc: denied { kill } for comm="swapper/1" capability=5 scontext=u:r:kernel:s0 tcontext=u:r:kernel:s0 tclass=capability permissive=0
01-05 07:06:50.359 0 0 I auditd : type=1400 audit(0.0:8272): avc: denied { kill } for comm="swapper/1" capability=5 scontext=u:r:kernel:s0 tcontext=u:r:kernel:s0 tclass=capability permissive=0
01-05 07:06:51.359 0 0 I auditd : type=1400 audit(0.0:8273): avc: denied { kill } for comm="swapper/1" capability=5 scontext=u:r:kernel:s0 tcontext=u:r:kernel:s0 tclass=capability permissive=0
01-05 07:06:52.359 0 0 I auditd : type=1400 audit(0.0:8274): avc: denied { kill } for comm="swapper/1" capability=5 scontext=u:r:kernel:s0 tcontext=u:r:kernel:s0 tclass=capability permissive=0
01-05 07:06:53.359 9031 9031 I auditd : type=1400 audit(0.0:8275): avc: denied { kill } for comm="kworker/u17:3" capability=5 scontext=u:r:kernel:s0 tcontext=u:r:kernel:s0 tclass=capability permissive=0
01-05 07:06:54.359 0 0 I auditd : type=1400 audit(0.0:8276): avc: denied { kill } for comm="swapper/1" capability=5 scontext=u:r:kernel:s0 tcontext=u:r:kernel:s0 tclass=capability permissive=0
01-05 07:06:55.359 0 0 I auditd : type=1400 audit(0.0:8277): avc: denied { kill } for comm="swapper/1" capability=5 scontext=u:r:kernel:s0 tcontext=u:r:kernel:s0 tclass=capability permissive=0
01-05 07:06:56.359 0 0 I auditd : type=1400 audit(0.0:8278): avc: denied { kill } for comm="swapper/1" capability=5 scontext=u:r:kernel:s0 tcontext=u:r:kernel:s0 tclass=capability permissive=0
01-05 07:06:58.359 0 0 I auditd : type=1400 audit(0.0:8279): avc: denied { kill } for comm="swapper/3" capability=5 scontext=u:r:kernel:s0 tcontext=u:r:kernel:s0 tclass=capability permissive=0
01-05 07:07:00.359 0 0 I auditd : type=1400 audit(0.0:8280): avc: denied { kill } for comm="swapper/2" capability=5 scontext=u:r:kernel:s0 tcontext=u:r:kernel:s0 tclass=capability permissive=0
01-05 07:07:01.355 0 0 I auditd : type=1400 audit(0.0:8281): avc: denied { kill } for comm="swapper/2" capability=5 scontext=u:r:kernel:s0 tcontext=u:r:kernel:s0 tclass=capability permissive=0
01-05 07:07:02.359 0 0 I auditd : type=1400 audit(0.0:8282): avc: denied { kill } for comm="swapper/2" capability=5 scontext=u:r:kernel:s0 tcontext=u:r:kernel:s0 tclass=capability permissive=0
01-05 07:07:03.359 0 0 I auditd : type=1400 audit(0.0:8283): avc: denied { kill } for comm="swapper/2" capability=5 scontext=u:r:kernel:s0 tcontext=u:r:kernel:s0 tclass=capability permissive=0
01-05 07:07:04.359 0 0 I auditd : type=1400 audit(0.0:8284): avc: denied { kill } for comm="swapper/2" capability=5 scontext=u:r:kernel:s0 tcontext=u:r:kernel:s0 tclass=capability permissive=0
01-05 07:07:06.359 0 0 I auditd : type=1400 audit(0.0:8285): avc: denied { kill } for comm="swapper/2" capability=5 scontext=u:r:kernel:s0 tcontext=u:r:kernel:s0 tclass=capability permissive=0
01-05 07:07:08.359 0 0 I auditd : type=1400 audit(0.0:8286): avc: denied { kill } for comm="swapper/2" capability=5 scontext=u:r:kernel:s0 tcontext=u:r:kernel:s0 tclass=capability permissive=0
01-05 07:07:09.359 0 0 I auditd : type=1400 audit(0.0:8287): avc: denied { kill } for comm="swapper/2" capability=5 scontext=u:r:kernel:s0 tcontext=u:r:kernel:s0 tclass=capability permissive=0
01-05 07:07:11.359 0 0 I auditd : type=1400 audit(0.0:8288): avc: denied { kill } for comm="swapper/2" capability=5 scontext=u:r:kernel:s0 tcontext=u:r:kernel:s0 tclass=capability permissive=0
01-05 07:07:12.359 0 0 I auditd : type=1400 audit(0.0:8289): avc: denied { kill } for comm="swapper/2" capability=5 scontext=u:r:kernel:s0 tcontext=u:r:kernel:s0 tclass=capability permissive=0
01-05 07:07:14.359 0 0 I auditd : type=1400 audit(0.0:8290): avc: denied { kill } for comm="swapper/2" capability=5 scontext=u:r:kernel:s0 tcontext=u:r:kernel:s0 tclass=capability permissive=0
01-05 07:07:16.359 0 0 I auditd : type=1400 audit(0.0:8291): avc: denied { kill } for comm="swapper/0" capability=5 scontext=u:r:kernel:s0 tcontext=u:r:kernel:s0 tclass=capability permissive=0
01-05 07:07:17.359 8662 8662 I auditd : type=1400 audit(0.0:8292): avc: denied { kill } for comm="kworker/u16:11" capability=5 scontext=u:r:kernel:s0 tcontext=u:r:kernel:s0 tclass=capability permissive=0
01-05 07:07:18.359 0 0 I auditd : type=1400 audit(0.0:8293): avc: denied { kill } for comm="swapper/0" capability=5 scontext=u:r:kernel:s0 tcontext=u:r:kernel:s0 tclass=capability permissive=0
01-05 07:07:19.359 0 0 I auditd : type=1400 audit(0.0:8294): avc: denied { kill } for comm="swapper/0" capability=5 scontext=u:r:kernel:s0 tcontext=u:r:kernel:s0 tclass=capability permissive=0
01-05 07:07:19.523 1490 1741 I input_interaction: Interaction with: ec7b87a StatusBar (server), edge-swipe (server), swipe-up (server), PointerEventDispatcher0 (server),
01-05 07:07:19.530 1991 1991 I sysui_multi_action: [757,803,799,panel_open,802,1]
01-05 07:07:19.532 1991 1991 I sysui_multi_action: [757,1328,758,4,1326,46,1327,0,1329,0]
01-05 07:07:19.597 1490 8088 I sysui_multi_action: [757,127,758,1]
01-05 07:07:19.597 1490 8088 I sysui_multi_action: [757,804,799,note_load,801,2,802,1]
01-05 07:07:19.598 1490 8088 I notification_panel_revealed: 2
01-05 07:07:19.610 1490 1569 I input_focus: [Focus request 800ae9 NotificationShade,reason=UpdateInputWindows]
01-05 07:07:19.619 1490 2113 I sysui_multi_action: [757,128,758,1,793,9389455,794,0,795,9389455,796,26,798,0,806,android,857,DEVELOPER_IMPORTANT,858,4,947,0,1395,2,1500,9389070,1688,1]
01-05 07:07:19.619 1490 2113 I sysui_multi_action: [757,804,799,note_freshness,801,9389455,802,1]
01-05 07:07:19.619 1490 2113 I notification_visibility: [-1|android|26|null|1000,1,9389455,9389455,0,0]
01-05 07:07:19.619 1490 2113 I sysui_multi_action: [757,128,758,1,793,9390248,794,0,795,9390248,796,32,798,1,806,android,857,USB,858,1,947,0,1395,2,1500,9389990,1688,1]
01-05 07:07:19.619 1490 2113 I sysui_multi_action: [757,804,799,note_freshness,801,9390248,802,1]
01-05 07:07:19.619 1490 2113 I notification_visibility: [-1|android|32|null|1000,1,9390248,9390248,0,1]
01-05 07:07:19.625 1490 1741 I input_focus: [Focus leaving 8beefb7 com.tencent.tmgp.sgame/com.tencent.tmgp.sgame.SGameActivity (server),reason=setFocusedWindow]
01-05 07:07:19.626 1490 1741 I input_focus: [Focus entering 800ae9 NotificationShade (server),reason=setFocusedWindow]
01-05 07:07:19.638 1991 1991 I sysui_multi_action: [757,111,758,1]
01-05 07:07:19.638 1991 1991 I sysui_multi_action: [757,126,758,1,759,126,927,0,928,1,1593,0]
01-05 07:07:19.638 1991 1991 I sysui_multi_action: [757,113,758,1,759,113,927,1,928,1,1593,0]
01-05 07:07:19.638 1991 1991 I sysui_multi_action: [757,0,758,1,759,0,927,2,928,0,1593,0]
01-05 07:07:19.638 1991 1991 I sysui_multi_action: [757,0,758,1,759,0,927,3,928,0,1593,0]
01-05 07:07:19.638 1991 1991 I sysui_multi_action: [757,491,758,1,759,491,927,4,928,0,1311,-1,1593,0]
01-05 07:07:19.638 1991 1991 I sysui_multi_action: [757,0,758,1,759,0,927,5,928,0,1593,0]
01-05 07:07:19.638 1991 1991 I sysui_multi_action: [757,111,758,1]
01-05 07:07:19.638 1991 1991 I sysui_multi_action: [757,126,758,1,759,126,927,0,928,1,1593,0]
01-05 07:07:19.639 1991 1991 I sysui_multi_action: [757,113,758,1,759,113,927,1,928,1,1593,0]
01-05 07:07:19.639 1991 1991 I sysui_multi_action: [757,0,758,1,759,0,927,2,928,0,1593,0]
01-05 07:07:19.639 1991 1991 I sysui_multi_action: [757,0,758,1,759,0,927,3,928,0,1593,0]
01-05 07:07:20.359 1555 1555 I auditd : type=1400 audit(0.0:8295): avc: denied { kill } for comm="irq/394-atmel_m" capability=5 scontext=u:r:kernel:s0 tcontext=u:r:kernel:s0 tclass=capability permissive=0
01-05 07:07:20.780 1490 1741 I input_interaction: Interaction with: 800ae9 NotificationShade (server), edge-swipe (server), swipe-up (server), PointerEventDispatcher0 (server),
01-05 07:07:20.942 1991 1991 I sysui_multi_action: [757,925,758,4,759,0,927,5,928,0,1592,0,1593,1]
01-05 07:07:20.946 1490 2113 I am_uid_active: 10065
01-05 07:07:20.965 1490 1580 I commit_sys_config_file: [procstats,17]
01-05 07:07:20.974 2382 2382 W ContextImpl: Calling a method in the system process without a qualified user: android.app.ContextImpl.startService:1816 android.content.ContextWrapper.startService:774 com.thundercomm.gamemode.ingame.services.GameModeActionUtils.startGameModeService:99 com.thundercomm.gamemode.ingame.services.GameModeActionUtils.startGameModeEntry:22 com.thundercomm.gamemode.data.GameSettingsObserver.onChange:96
01-05 07:07:20.977 1490 1490 I GameModeConfig: Current uri is uri = content://com.thundercomm.gamemode.api/gamemode_settings/gamemode_enable
01-05 07:07:20.984 1490 1490 I GameModeConfig: isGameModeOn = true
01-05 07:07:20.984 1490 1490 I GameModeConfig: isGaming = true
01-05 07:07:20.984 1490 1490 I GameModeConfig: isDisableNotification = true
01-05 07:07:20.985 1490 1490 I GameModeConfig: isGameModeOn = true
01-05 07:07:20.985 1490 1490 I GameModeConfig: isGaming = true
01-05 07:07:20.985 1490 1490 I GameModeConfig: isDisableNotification = true
01-05 07:07:20.985 1490 1490 I GameModeConfig: Current uri is uri = content://com.thundercomm.gamemode.api/gamemode_settings/gamemode_isgaming
01-05 07:07:20.987 1490 1490 I GameModeConfig: isGameModeOn = true
01-05 07:07:20.987 1490 1490 I GameModeConfig: isGaming = true
01-05 07:07:20.987 1490 1490 I GameModeConfig: isDisableNotification = true
01-05 07:07:20.987 1490 1490 I GameModeConfig: isGameModeOn = true
01-05 07:07:20.987 1490 1490 I GameModeConfig: isGaming = true
01-05 07:07:20.987 1490 1490 I GameModeConfig: isDisableNotification = true
01-05 07:07:21.012 1490 8088 D CompatibilityChangeReporter: Compat change id reported: 168419799; UID 1000; state: DISABLED
01-05 07:07:22.082 1490 1873 I GameModeConfig: isGameModeOn = true
01-05 07:07:22.082 1490 1873 I GameModeConfig: isGaming = true
01-05 07:07:22.082 1490 1873 I GameModeConfig: isDisableNotification = true
01-05 07:07:22.082 1490 1873 I GameModeConfig: isGameModeOn = true
01-05 07:07:22.082 1490 1873 I GameModeConfig: isGaming = true
01-05 07:07:22.082 1490 1873 I GameModeConfig: isDisableNotification = true
01-05 07:07:22.083 1490 1873 I GameModeConfig: isGameModeOn = true
01-05 07:07:22.083 1490 1873 I GameModeConfig: isGaming = true
01-05 07:07:22.083 1490 1873 I GameModeConfig: isDisableNotification = true
01-05 07:07:22.083 1490 1873 I GameModeConfig: isGameModeOn = true
01-05 07:07:22.083 1490 1873 I GameModeConfig: isGaming = true
01-05 07:07:22.083 1490 1873 I GameModeConfig: isDisableNotification = true
01-05 07:07:22.083 1490 1873 I GameModeConfig: isGameModeOn = true
01-05 07:07:22.083 1490 1873 I GameModeConfig: isGaming = true
01-05 07:07:22.083 1490 1873 I GameModeConfig: isDisableNotification = true
01-05 07:07:22.083 1490 1873 I GameModeConfig: isGameModeOn = true
01-05 07:07:22.083 1490 1873 I GameModeConfig: isGaming = true
01-05 07:07:22.083 1490 1873 I GameModeConfig: isDisableNotification = true
01-05 07:07:22.083 1490 1873 I GameModeConfig: isGameModeOn = true
01-05 07:07:22.083 1490 1873 I GameModeConfig: isGaming = true
01-05 07:07:22.083 1490 1873 I GameModeConfig: isDisableNotification = true
01-05 07:07:22.083 1490 1873 I GameModeConfig: isGameModeOn = true
01-05 07:07:22.083 1490 1873 I GameModeConfig: isGaming = true
01-05 07:07:22.083 1490 1873 I GameModeConfig: isDisableNotification = true
01-05 07:07:22.084 1991 1991 I sysui_multi_action: [757,111,758,2]
01-05 07:07:22.085 1991 1991 I sysui_multi_action: [757,111,758,2]
01-05 07:07:22.089 1490 1490 I notification_enqueue: [10081,1991,com.android.systemui,2048,NULL,0,Notification(channel=updateNotification shortcut=null contentView=null vibrate=null sound=null defaults=0x0 flags=0x0 color=0x00000000 vis=PRIVATE),1]
01-05 07:07:22.195 1490 1569 I input_focus: [Focus request 8beefb7 com.tencent.tmgp.sgame/com.tencent.tmgp.sgame.SGameActivity,reason=UpdateInputWindows]
01-05 07:07:22.198 1490 8088 I sysui_multi_action: [757,128,758,2,793,9392034,794,2579,795,9392034,796,26,798,0,806,android,857,DEVELOPER_IMPORTANT,858,4,947,0,1395,2,1500,9391649,1688,1]
01-05 07:07:22.198 1490 8088 I notification_visibility: [-1|android|26|null|1000,0,9392034,9392034,0,0]
01-05 07:07:22.198 1490 8088 I sysui_multi_action: [757,128,758,2,793,9392827,794,2579,795,9392827,796,32,798,1,806,android,857,USB,858,1,947,0,1395,2,1500,9392569,1688,1]
01-05 07:07:22.198 1490 8088 I notification_visibility: [-1|android|32|null|1000,0,9392827,9392827,0,1]
01-05 07:07:22.199 1490 2113 I sysui_multi_action: [757,127,758,2]
01-05 07:07:22.199 1490 2113 I notification_panel_hidden:
01-05 07:07:22.214 1490 1741 I input_focus: [Focus leaving 800ae9 NotificationShade (server),reason=NO_WINDOW]
01-05 07:07:22.214 1490 1741 I input_focus: [Focus entering 8beefb7 com.tencent.tmgp.sgame/com.tencent.tmgp.sgame.SGameActivity (server),reason=setFocusedWindow]
01-05 07:07:22.275 1490 1741 I input_interaction: Interaction with: 8beefb7 com.tencent.tmgp.sgame/com.tencent.tmgp.sgame.SGameActivity (server), edge-swipe (server), swipe-up (server), PointerEventDispatcher0 (server),
01-05 07:07:22.291 1490 1490 I GameModeConfig: isGameModeOn = true
01-05 07:07:22.291 1490 1490 I GameModeConfig: isGaming = true
01-05 07:07:22.291 1490 1490 I GameModeConfig: isDisableNotification = true
01-05 07:07:22.291 1490 1490 I GameModeConfig: isGameModeOn = true
01-05 07:07:22.291 1490 1490 I GameModeConfig: isGaming = true
01-05 07:07:22.291 1490 1490 I GameModeConfig: isDisableNotification = true
01-05 07:07:22.359 0 0 I auditd : type=1400 audit(0.0:8296): avc: denied { kill } for comm="swapper/0" capability=5 scontext=u:r:kernel:s0 tcontext=u:r:kernel:s0 tclass=capability permissive=0
01-05 07:07:23.355 0 0 I auditd : type=1400 audit(0.0:8297): avc: denied { kill } for comm="swapper/0" capability=5 scontext=u:r:kernel:s0 tcontext=u:r:kernel:s0 tclass=capability permissive=0
01-05 07:07:23.604 1490 1741 I input_interaction: Interaction with: ff26455 gamemode.floatview (server), edge-swipe (server), swipe-up (server), PointerEventDispatcher0 (server),
01-05 07:07:23.606 1490 1490 I service_manager_stats: [100,46,200414]
01-05 07:07:24.359 1555 1555 I auditd : type=1400 audit(0.0:8298): avc: denied { kill } for comm="irq/394-atmel_m" capability=5 scontext=u:r:kernel:s0 tcontext=u:r:kernel:s0 tclass=capability permissive=0
01-05 07:07:25.355 0 0 I auditd : type=1400 audit(0.0:8299): avc: denied { kill } for comm="swapper/0" capability=5 scontext=u:r:kernel:s0 tcontext=u:r:kernel:s0 tclass=capability permissive=0
01-05 07:07:25.944 1490 1716 I commit_sys_config_file: [settings-1-0,4]
01-05 07:07:27.359 1555 1555 I auditd : type=1400 audit(0.0:8300): avc: denied { kill } for comm="irq/394-atmel_m" capability=5 scontext=u:r:kernel:s0 tcontext=u:r:kernel:s0 tclass=capability permissive=0
01-05 07:07:27.979 1490 1741 I input_interaction: Interaction with: 8347b27 gamemode.menuview (server), edge-swipe (server), swipe-up (server), PointerEventDispatcher0 (server),
01-05 07:07:28.068 1490 2782 I am_uid_stopped: 10070
01-05 07:07:28.069 1490 2782 I ActivityManager: Killing 7860:com.android.gallery3d/u0a70 (adj 700): kill background
01-05 07:07:28.069 1490 2782 I am_kill : [0,7860,com.android.gallery3d,700,kill background]
01-05 07:07:28.074 1490 1580 W UsageStatsService: Unexpected activity event reported! (com.android.gallery3d/com.android.gallery3d.filtershow.FilterShowActivity event : 23 instanceId : 259780919)
01-05 07:07:28.076 1490 2782 I am_uid_stopped: 10036
01-05 07:07:28.076 1490 2782 I ActivityManager: Killing 3559:com.android.packageinstaller/u0a36 (adj 905): kill background
01-05 07:07:28.077 1490 2782 I am_kill : [0,3559,com.android.packageinstaller,905,kill background]
01-05 07:07:28.079 1490 8088 I ActivityManager: Killing 8104:com.qti.diagservices/1000 (adj 905): kill background
01-05 07:07:28.079 1490 8088 I am_kill : [0,8104,com.qti.diagservices,905,kill background]
01-05 07:07:28.081 1490 8088 W ActivityManager: Scheduling restart of crashed service com.qti.diagservices/.QTIDiagServices in 1000ms for start-requested
01-05 07:07:28.081 1490 8088 I am_schedule_service_restart: [0,com.qti.diagservices/.QTIDiagServices,1000]
01-05 07:07:28.083 1490 8088 I am_uid_stopped: 2000
01-05 07:07:28.083 1490 8088 I ActivityManager: Killing 3647:com.android.shell/2000 (adj 905): kill background
01-05 07:07:28.083 1490 8088 I am_kill : [0,3647,com.android.shell,905,kill background]
01-05 07:07:28.090 1490 2782 I am_uid_stopped: 10030
01-05 07:07:28.090 1490 2782 I ActivityManager: Killing 3486:com.android.managedprovisioning/u0a30 (adj 905): kill background
01-05 07:07:28.090 1490 2782 I am_kill : [0,3486,com.android.managedprovisioning,905,kill background]
01-05 07:07:28.101 1490 8088 I wm_finish_activity: [0,111482818,65,com.android.gallery3d/.filtershow.FilterShowActivity,remove-task]
01-05 07:07:28.102 1490 8088 I wm_destroy_activity: [0,111482818,65,com.android.gallery3d/.filtershow.FilterShowActivity,finish-imm:finishIfPossible]
01-05 07:07:28.103 1490 1580 W UsageStatsService: Unexpected activity event reported! (com.android.gallery3d/com.android.gallery3d.filtershow.FilterShowActivity event : 23 instanceId : 259780919)
01-05 07:07:28.104 1490 8088 I wm_task_removed: [65,removeChild:removeChild last r=ActivityRecord{6a517c2 u0 com.android.gallery3d/.filtershow.FilterShowActivity t-1 f}} in t=Task{75aa2e9 #65 type=standard A=10070:com.android.gallery3d U=0 visible=false mode=fullscreen translucent=true sz=0}]
01-05 07:07:28.104 1490 8088 I wm_task_removed: [65,removeChild]
01-05 07:07:28.107 1490 8088 W ActivityTaskManager: Can't find TaskDisplayArea to determine support for multi window. Task id=65 attached=false
01-05 07:07:28.107 1490 8088 W ActivityTaskManager: Can't find TaskDisplayArea to determine support for multi window. Task id=65 attached=false
01-05 07:07:28.116 1490 1567 I sysui_multi_action: [757,803,799,window_time_0,802,152]
01-05 07:07:28.124 1490 2764 E TaskPersister: File error accessing recents directory (directory doesn't exist?).
01-05 07:07:28.162 1490 8088 V ActivityManager: Got obituary of 3647:com.android.shell
01-05 07:07:28.172 1490 2113 V ActivityManager: Got obituary of 8104:com.qti.diagservices
01-05 07:07:28.174 1490 1898 I am_low_memory: 34
01-05 07:07:28.175 1490 1898 V ActivityManager: Got obituary of 3486:com.android.managedprovisioning
01-05 07:07:28.204 1490 1567 W ActivityManager: setHasOverlayUi called on unknown pid: 7860
01-05 07:07:28.205 1490 2113 V ActivityManager: Got obituary of 7860:com.android.gallery3d
01-05 07:07:28.223 2382 3732 W ContextImpl: Calling a method in the system process without a qualified user: android.app.ContextImpl.startService:1816 android.content.ContextWrapper.startService:774 com.thundercomm.gamemode.ingame.services.GameModeActionUtils.startGameModeService:99 com.thundercomm.gamemode.ingame.services.GameModeActionUtils.startGameModeEntry:22 com.thundercomm.gamemode.ingame.services.ActivityMonitoringService$1.onActivityLaunch:129
01-05 07:07:28.229 1490 1490 I GameModeConfig: Current uri is uri = content://com.thundercomm.gamemode.api/gamemode_settings/gamemode_isgaming
01-05 07:07:28.233 1490 1490 I GameModeConfig: isGameModeOn = true
01-05 07:07:28.233 1490 1490 I GameModeConfig: isGaming = true
01-05 07:07:28.233 1490 1490 I GameModeConfig: isDisableNotification = true
01-05 07:07:28.234 1490 1490 I GameModeConfig: isGameModeOn = true
01-05 07:07:28.234 1490 1490 I GameModeConfig: isGaming = true
01-05 07:07:28.234 1490 1490 I GameModeConfig: isDisableNotification = true
01-05 07:07:28.240 1490 7102 V ActivityManager: Got obituary of 3559:com.android.packageinstaller
01-05 07:07:28.240 1490 1567 W ActivityManager: setHasOverlayUi called on unknown pid: 3559
01-05 07:07:28.441 1490 1716 I commit_sys_config_file: [settings-1-0,19]
01-05 07:07:29.086 1490 1582 D CompatibilityChangeReporter: Compat change id reported: 135634846; UID 1000; state: DISABLED
01-05 07:07:29.086 1490 1582 D CompatibilityChangeReporter: Compat change id reported: 177438394; UID 1000; state: DISABLED
01-05 07:07:29.086 1490 1582 D CompatibilityChangeReporter: Compat change id reported: 135772972; UID 1000; state: DISABLED
01-05 07:07:29.086 1490 1582 D CompatibilityChangeReporter: Compat change id reported: 135754954; UID 1000; state: ENABLED
01-05 07:07:29.101 1490 1583 I am_proc_start: [0,9410,1000,com.qti.diagservices,service,{com.qti.diagservices/com.qti.diagservices.QTIDiagServices}]
01-05 07:07:29.101 1490 1583 I ActivityManager: Start proc 9410:com.qti.diagservices/1000 for service {com.qti.diagservices/com.qti.diagservices.QTIDiagServices}
01-05 07:07:29.132 1490 1522 I am_proc_bound: [0,9410,com.qti.diagservices]
01-05 07:07:29.191 9410 9410 I auditd : type=1400 audit(0.0:8301): avc: denied { read write } for comm="ti.diagservices" name="diag" dev="tmpfs" ino=1195 scontext=u:r:system_app:s0 tcontext=u:object_r:vendor_diag_device:s0 tclass=chr_file permissive=0
01-05 07:07:29.354 1490 1741 I input_interaction: Interaction with: 679d52b gamemode.floatview (server), edge-swipe (server), swipe-up (server), PointerEventDispatcher0 (server),
01-05 07:07:29.359 0 0 I auditd : type=1400 audit(0.0:8302): avc: denied { kill } for comm="swapper/0" capability=5 scontext=u:r:kernel:s0 tcontext=u:r:kernel:s0 tclass=capability permissive=0
01-05 07:07:30.359 0 0 I auditd : type=1400 audit(0.0:8303): avc: denied { kill } for comm="swapper/0" capability=5 scontext=u:r:kernel:s0 tcontext=u:r:kernel:s0 tclass=capability permissive=0
01-05 07:07:31.359 0 0 I auditd : type=1400 audit(0.0:8304): avc: denied { kill } for comm="swapper/0" capability=5 scontext=u:r:kernel:s0 tcontext=u:r:kernel:s0 tclass=capability permissive=0
01-05 07:07:31.677 1490 1522 W NotificationService: Toast already killed. pkg=com.thundercomm.gamemode token=android.os.BinderProxy@f3da73
01-05 07:07:32.333 1490 1873 I GameModeConfig: isGameModeOn = true
01-05 07:07:32.333 1490 1873 I GameModeConfig: isGaming = true
01-05 07:07:32.333 1490 1873 I GameModeConfig: isDisableNotification = true
01-05 07:07:32.333 1490 1873 I GameModeConfig: isGameModeOn = true
01-05 07:07:32.333 1490 1873 I GameModeConfig: isGaming = true
01-05 07:07:32.333 1490 1873 I GameModeConfig: isDisableNotification = true
01-05 07:07:33.355 1555 1555 I auditd : type=1400 audit(0.0:8305): avc: denied { kill } for comm="irq/394-atmel_m" capability=5 scontext=u:r:kernel:s0 tcontext=u:r:kernel:s0 tclass=capability permissive=0
01-05 07:07:34.739 1490 1741 I input_interaction: Interaction with: 2f1450b gamemode.menuview (server), edge-swipe (server), swipe-up (server), PointerEventDispatcher0 (server),
01-05 07:07:35.266 1490 1490 I force_gc: mem
01-05 07:07:35.359 0 0 I auditd : type=1400 audit(0.0:8306): avc: denied { kill } for comm="swapper/0" capability=5 scontext=u:r:kernel:s0 tcontext=u:r:kernel:s0 tclass=capability permissive=0
01-05 07:07:35.720 1490 1490 I commit_sys_config_file: [display-state,7851756]
01-05 07:07:35.722 1490 1618 V DisplayPowerController[0]: Brightness [0.85858583] manual adjustment.
01-05 07:07:35.723 1490 1966 E DisplayDeviceConfig: requesting nits when no mapping exists.
01-05 07:07:35.723 1490 1966 E DisplayDeviceConfig: requesting nits when no mapping exists.
01-05 07:07:35.723 1490 1582 I am_wtf : [0,1490,system_server,-1,DisplayDeviceConfig,requesting nits when no mapping exists.]
01-05 07:07:35.725 1490 1582 I DropBoxManagerService: add tag=system_server_wtf isTagEnabled=true flags=0x2
01-05 07:07:35.731 1490 1582 I am_wtf : [0,1490,system_server,-1,DisplayDeviceConfig,requesting nits when no mapping exists.]
01-05 07:07:35.733 1490 1582 I DropBoxManagerService: add tag=system_server_wtf isTagEnabled=true flags=0x2
01-05 07:07:35.742 1490 1490 I commit_sys_config_file: [display-state,7851778]
01-05 07:07:35.742 1490 1966 E DisplayDeviceConfig: requesting nits when no mapping exists.
01-05 07:07:35.742 1490 1966 E DisplayDeviceConfig: requesting nits when no mapping exists.
01-05 07:07:35.742 1490 1582 I am_wtf : [0,1490,system_server,-1,DisplayDeviceConfig,requesting nits when no mapping exists.]
01-05 07:07:35.743 1490 1582 I DropBoxManagerService: add tag=system_server_wtf isTagEnabled=true flags=0x2
01-05 07:07:35.744 1490 1582 I am_wtf : [0,1490,system_server,-1,DisplayDeviceConfig,requesting nits when no mapping exists.]
01-05 07:07:35.744 1490 1618 V DisplayPowerController[0]: Brightness [0.8181818] manual adjustment.
01-05 07:07:35.744 1490 1582 I DropBoxManagerService: add tag=system_server_wtf isTagEnabled=true flags=0x2
01-05 07:07:35.757 1490 1966 E DisplayDeviceConfig: requesting nits when no mapping exists.
01-05 07:07:35.757 1490 1966 E DisplayDeviceConfig: requesting nits when no mapping exists.
01-05 07:07:35.757 1490 1582 I am_wtf : [0,1490,system_server,-1,DisplayDeviceConfig,requesting nits when no mapping exists.]
01-05 07:07:35.758 1490 1582 I DropBoxManagerService: add tag=system_server_wtf isTagEnabled=true flags=0x2
01-05 07:07:35.759 1490 1582 I am_wtf : [0,1490,system_server,-1,DisplayDeviceConfig,requesting nits when no mapping exists.]
01-05 07:07:35.766 1490 1490 I commit_sys_config_file: [display-state,7851802]
01-05 07:07:35.767 1490 1618 V DisplayPowerController[0]: Brightness [0.7171717] manual adjustment.
01-05 07:07:35.774 1490 1966 E DisplayDeviceConfig: requesting nits when no mapping exists.
01-05 07:07:35.775 1490 1966 E DisplayDeviceConfig: requesting nits when no mapping exists.
01-05 07:07:35.775 1490 1582 I am_wtf : [0,1490,system_server,-1,DisplayDeviceConfig,requesting nits when no mapping exists.]
01-05 07:07:35.775 1490 1582 I am_wtf : [0,1490,system_server,-1,DisplayDeviceConfig,requesting nits when no mapping exists.]
01-05 07:07:35.780 1490 1490 I commit_sys_config_file: [display-state,7851815]
01-05 07:07:35.781 1490 1618 V DisplayPowerController[0]: Brightness [0.6666667] manual adjustment.
01-05 07:07:35.790 1490 1966 E DisplayDeviceConfig: requesting nits when no mapping exists.
01-05 07:07:35.790 1490 1966 E DisplayDeviceConfig: requesting nits when no mapping exists.
01-05 07:07:35.790 1490 1582 I am_wtf : [0,1490,system_server,-1,DisplayDeviceConfig,requesting nits when no mapping exists.]
01-05 07:07:35.791 1490 1582 I am_wtf : [0,1490,system_server,-1,DisplayDeviceConfig,requesting nits when no mapping exists.]
01-05 07:07:35.796 1490 1490 I commit_sys_config_file: [display-state,7851832]
01-05 07:07:35.801 1490 1618 V DisplayPowerController[0]: Brightness [0.61616164] manual adjustment.
01-05 07:07:35.807 1490 1966 E DisplayDeviceConfig: requesting nits when no mapping exists.
01-05 07:07:35.807 1490 1966 E DisplayDeviceConfig: requesting nits when no mapping exists.
01-05 07:07:35.807 1490 1582 I am_wtf : [0,1490,system_server,-1,DisplayDeviceConfig,requesting nits when no mapping exists.]
01-05 07:07:35.809 1490 1582 I am_wtf : [0,1490,system_server,-1,DisplayDeviceConfig,requesting nits when no mapping exists.]
01-05 07:07:35.814 1490 1490 I commit_sys_config_file: [display-state,7851849]
01-05 07:07:35.816 1490 1618 V DisplayPowerController[0]: Brightness [0.56565654] manual adjustment.
01-05 07:07:35.824 1490 1966 E DisplayDeviceConfig: requesting nits when no mapping exists.
01-05 07:07:35.825 1490 1966 E DisplayDeviceConfig: requesting nits when no mapping exists.
01-05 07:07:35.825 1490 1582 I am_wtf : [0,1490,system_server,-1,DisplayDeviceConfig,requesting nits when no mapping exists.]
01-05 07:07:35.826 1490 1582 I am_wtf : [0,1490,system_server,-1,DisplayDeviceConfig,requesting nits when no mapping exists.]
01-05 07:07:35.833 1490 1490 I commit_sys_config_file: [display-state,7851869]
01-05 07:07:35.835 1490 1618 V DisplayPowerController[0]: Brightness [0.5252525] manual adjustment.
01-05 07:07:35.840 1490 1966 E DisplayDeviceConfig: requesting nits when no mapping exists.
01-05 07:07:35.841 1490 1966 E DisplayDeviceConfig: requesting nits when no mapping exists.
01-05 07:07:35.841 1490 1582 I am_wtf : [0,1490,system_server,-1,DisplayDeviceConfig,requesting nits when no mapping exists.]
01-05 07:07:35.842 1490 1582 I am_wtf : [0,1490,system_server,-1,DisplayDeviceConfig,requesting nits when no mapping exists.]
01-05 07:07:35.851 1490 1490 I commit_sys_config_file: [display-state,7851887]
01-05 07:07:35.852 1490 1618 V DisplayPowerController[0]: Brightness [0.47474748] manual adjustment.
01-05 07:07:35.857 1490 1966 E DisplayDeviceConfig: requesting nits when no mapping exists.
01-05 07:07:35.857 1490 1966 E DisplayDeviceConfig: requesting nits when no mapping exists.
01-05 07:07:35.858 1490 1582 I am_wtf : [0,1490,system_server,-1,DisplayDeviceConfig,requesting nits when no mapping exists.]
01-05 07:07:35.859 1490 1582 I am_wtf : [0,1490,system_server,-1,DisplayDeviceConfig,requesting nits when no mapping exists.]
01-05 07:07:35.869 1490 1490 I commit_sys_config_file: [display-state,7851905]
01-05 07:07:35.871 1490 1618 V DisplayPowerController[0]: Brightness [0.43434343] manual adjustment.
01-05 07:07:35.874 1490 1966 E DisplayDeviceConfig: requesting nits when no mapping exists.
01-05 07:07:35.875 1490 1966 E DisplayDeviceConfig: requesting nits when no mapping exists.
01-05 07:07:35.875 1490 1582 I am_wtf : [0,1490,system_server,-1,DisplayDeviceConfig,requesting nits when no mapping exists.]
01-05 07:07:35.875 1490 1582 I am_wtf : [0,1490,system_server,-1,DisplayDeviceConfig,requesting nits when no mapping exists.]
01-05 07:07:35.879 1490 1490 I commit_sys_config_file: [display-state,7851914]
01-05 07:07:35.882 1490 1618 V DisplayPowerController[0]: Brightness [0.3939394] manual adjustment.
01-05 07:07:35.891 1490 1966 E DisplayDeviceConfig: requesting nits when no mapping exists.
01-05 07:07:35.891 1490 1966 E DisplayDeviceConfig: requesting nits when no mapping exists.
01-05 07:07:35.891 1490 1582 I am_wtf : [0,1490,system_server,-1,DisplayDeviceConfig,requesting nits when no mapping exists.]
01-05 07:07:35.894 1490 1582 I am_wtf : [0,1490,system_server,-1,DisplayDeviceConfig,requesting nits when no mapping exists.]
01-05 07:07:35.901 1490 1490 I commit_sys_config_file: [display-state,7851937]
01-05 07:07:35.902 1490 1618 V DisplayPowerController[0]: Brightness [0.35353535] manual adjustment.
01-05 07:07:35.910 1490 1966 E DisplayDeviceConfig: requesting nits when no mapping exists.
01-05 07:07:35.911 1490 1582 I am_wtf : [0,1490,system_server,-1,DisplayDeviceConfig,requesting nits when no mapping exists.]
01-05 07:07:35.911 1490 1966 E DisplayDeviceConfig: requesting nits when no mapping exists.
01-05 07:07:35.912 1490 1716 I commit_sys_config_file: [settings-1-0,5]
01-05 07:07:35.912 1490 1490 I commit_sys_config_file: [display-state,7851948]
01-05 07:07:35.912 1490 1582 I am_wtf : [0,1490,system_server,-1,DisplayDeviceConfig,requesting nits when no mapping exists.]
01-05 07:07:35.918 1490 1618 V DisplayPowerController[0]: Brightness [0.3030303] manual adjustment.
01-05 07:07:35.924 1490 1966 E DisplayDeviceConfig: requesting nits when no mapping exists.
01-05 07:07:35.924 1490 1966 E DisplayDeviceConfig: requesting nits when no mapping exists.
01-05 07:07:35.924 1490 1582 I am_wtf : [0,1490,system_server,-1,DisplayDeviceConfig,requesting nits when no mapping exists.]
01-05 07:07:35.925 1490 1582 I am_wtf : [0,1490,system_server,-1,DisplayDeviceConfig,requesting nits when no mapping exists.]
01-05 07:07:35.931 1490 1490 I commit_sys_config_file: [display-state,7851967]
01-05 07:07:35.933 1490 1618 V DisplayPowerController[0]: Brightness [0.26262626] manual adjustment.
01-05 07:07:35.941 1490 1966 E DisplayDeviceConfig: requesting nits when no mapping exists.
01-05 07:07:35.941 1490 1966 E DisplayDeviceConfig: requesting nits when no mapping exists.
01-05 07:07:35.941 1490 1582 I am_wtf : [0,1490,system_server,-1,DisplayDeviceConfig,requesting nits when no mapping exists.]
01-05 07:07:35.942 1490 1582 I am_wtf : [0,1490,system_server,-1,DisplayDeviceConfig,requesting nits when no mapping exists.]
01-05 07:07:35.950 1490 1490 I commit_sys_config_file: [display-state,7851986]
01-05 07:07:35.952 1490 1618 V DisplayPowerController[0]: Brightness [0.22222222] manual adjustment.
01-05 07:07:35.957 1490 1966 E DisplayDeviceConfig: requesting nits when no mapping exists.
01-05 07:07:35.958 1490 1966 E DisplayDeviceConfig: requesting nits when no mapping exists.
01-05 07:07:35.958 1490 1582 I am_wtf : [0,1490,system_server,-1,DisplayDeviceConfig,requesting nits when no mapping exists.]
01-05 07:07:35.959 1490 1582 I am_wtf : [0,1490,system_server,-1,DisplayDeviceConfig,requesting nits when no mapping exists.]
01-05 07:07:35.969 1490 1490 I commit_sys_config_file: [display-state,7852005]
01-05 07:07:35.971 1490 1618 V DisplayPowerController[0]: Brightness [0.18181819] manual adjustment.
01-05 07:07:35.974 1490 1966 E DisplayDeviceConfig: requesting nits when no mapping exists.
01-05 07:07:35.974 1490 1966 E DisplayDeviceConfig: requesting nits when no mapping exists.
01-05 07:07:35.975 1490 1582 I am_wtf : [0,1490,system_server,-1,DisplayDeviceConfig,requesting nits when no mapping exists.]
01-05 07:07:35.977 1490 1582 I am_wtf : [0,1490,system_server,-1,DisplayDeviceConfig,requesting nits when no mapping exists.]
01-05 07:07:35.984 1490 1490 I commit_sys_config_file: [display-state,7852020]
01-05 07:07:35.986 1490 1618 V DisplayPowerController[0]: Brightness [0.15151516] manual adjustment.
01-05 07:07:35.991 1490 1966 E DisplayDeviceConfig: requesting nits when no mapping exists.
01-05 07:07:35.992 1490 1966 E DisplayDeviceConfig: requesting nits when no mapping exists.
01-05 07:07:35.992 1490 1582 I am_wtf : [0,1490,system_server,-1,DisplayDeviceConfig,requesting nits when no mapping exists.]
01-05 07:07:35.993 1490 1582 I am_wtf : [0,1490,system_server,-1,DisplayDeviceConfig,requesting nits when no mapping exists.]
01-05 07:07:35.997 1490 1490 I commit_sys_config_file: [display-state,7852033]
01-05 07:07:35.999 1490 1618 V DisplayPowerController[0]: Brightness [0.121212125] manual adjustment.
01-05 07:07:36.007 1490 1966 E DisplayDeviceConfig: requesting nits when no mapping exists.
01-05 07:07:36.008 1490 1966 E DisplayDeviceConfig: requesting nits when no mapping exists.
01-05 07:07:36.008 1490 1582 I am_wtf : [0,1490,system_server,-1,DisplayDeviceConfig,requesting nits when no mapping exists.]
01-05 07:07:36.009 1490 1582 I am_wtf : [0,1490,system_server,-1,DisplayDeviceConfig,requesting nits when no mapping exists.]
01-05 07:07:36.021 1490 1490 I commit_sys_config_file: [display-state,7852056]
01-05 07:07:36.022 1490 1618 V DisplayPowerController[0]: Brightness [0.09090909] manual adjustment.
01-05 07:07:36.024 1490 1966 E DisplayDeviceConfig: requesting nits when no mapping exists.
01-05 07:07:36.025 1490 1966 E DisplayDeviceConfig: requesting nits when no mapping exists.
01-05 07:07:36.025 1490 1582 I am_wtf : [0,1490,system_server,-1,DisplayDeviceConfig,requesting nits when no mapping exists.]
01-05 07:07:36.026 1490 1582 I am_wtf : [0,1490,system_server,-1,DisplayDeviceConfig,requesting nits when no mapping exists.]
01-05 07:07:36.029 1490 1490 I commit_sys_config_file: [display-state,7852065]
01-05 07:07:36.036 1490 1618 V DisplayPowerController[0]: Brightness [0.07070707] manual adjustment.
01-05 07:07:36.041 1490 1966 E DisplayDeviceConfig: requesting nits when no mapping exists.
01-05 07:07:36.041 1490 1966 E DisplayDeviceConfig: requesting nits when no mapping exists.
01-05 07:07:36.041 1490 1582 I am_wtf : [0,1490,system_server,-1,DisplayDeviceConfig,requesting nits when no mapping exists.]
01-05 07:07:36.043 1490 1582 I am_wtf : [0,1490,system_server,-1,DisplayDeviceConfig,requesting nits when no mapping exists.]
01-05 07:07:36.051 1490 1490 I commit_sys_config_file: [display-state,7852087]
01-05 07:07:36.053 1490 1618 V DisplayPowerController[0]: Brightness [0.05050505] manual adjustment.
01-05 07:07:36.059 1490 1966 E DisplayDeviceConfig: requesting nits when no mapping exists.
01-05 07:07:36.059 1490 1966 E DisplayDeviceConfig: requesting nits when no mapping exists.
01-05 07:07:36.059 1490 1582 I am_wtf : [0,1490,system_server,-1,DisplayDeviceConfig,requesting nits when no mapping exists.]
01-05 07:07:36.061 1490 1582 I am_wtf : [0,1490,system_server,-1,DisplayDeviceConfig,requesting nits when no mapping exists.]
01-05 07:07:36.064 1490 1490 I commit_sys_config_file: [display-state,7852099]
01-05 07:07:36.065 1490 1618 V DisplayPowerController[0]: Brightness [0.030303031] manual adjustment.
01-05 07:07:36.074 1490 1966 E DisplayDeviceConfig: requesting nits when no mapping exists.
01-05 07:07:36.075 1490 1966 E DisplayDeviceConfig: requesting nits when no mapping exists.
01-05 07:07:36.075 1490 1582 I am_wtf : [0,1490,system_server,-1,DisplayDeviceConfig,requesting nits when no mapping exists.]
01-05 07:07:36.076 1490 1582 I am_wtf : [0,1490,system_server,-1,DisplayDeviceConfig,requesting nits when no mapping exists.]
01-05 07:07:36.087 1490 1490 I commit_sys_config_file: [display-state,7852123]
01-05 07:07:36.088 1490 1618 V DisplayPowerController[0]: Brightness [0.01010101] manual adjustment.
01-05 07:07:36.091 1490 1966 E DisplayDeviceConfig: requesting nits when no mapping exists.
01-05 07:07:36.091 1490 1966 E DisplayDeviceConfig: requesting nits when no mapping exists.
01-05 07:07:36.091 1490 1582 I am_wtf : [0,1490,system_server,-1,DisplayDeviceConfig,requesting nits when no mapping exists.]
01-05 07:07:36.092 1490 1582 I am_wtf : [0,1490,system_server,-1,DisplayDeviceConfig,requesting nits when no mapping exists.]
01-05 07:07:36.100 1490 1490 I commit_sys_config_file: [display-state,7852135]
01-05 07:07:36.103 1490 1618 V DisplayPowerController[0]: Brightness [0.0] manual adjustment.
01-05 07:07:36.108 1490 1966 E DisplayDeviceConfig: requesting nits when no mapping exists.
01-05 07:07:36.108 1490 1966 E DisplayDeviceConfig: requesting nits when no mapping exists.
01-05 07:07:36.109 1490 1582 I am_wtf : [0,1490,system_server,-1,DisplayDeviceConfig,requesting nits when no mapping exists.]
01-05 07:07:36.110 1490 1582 I am_wtf : [0,1490,system_server,-1,DisplayDeviceConfig,requesting nits when no mapping exists.]
01-05 07:07:36.113 1490 1716 I commit_sys_config_file: [settings-1-0,2]
01-05 07:07:36.125 1490 1966 E DisplayDeviceConfig: requesting nits when no mapping exists.
01-05 07:07:36.125 1490 1966 E DisplayDeviceConfig: requesting nits when no mapping exists.
01-05 07:07:36.125 1490 1582 I am_wtf : [0,1490,system_server,-1,DisplayDeviceConfig,requesting nits when no mapping exists.]
01-05 07:07:36.126 1490 1582 I am_wtf : [0,1490,system_server,-1,DisplayDeviceConfig,requesting nits when no mapping exists.]
01-05 07:07:36.141 1490 1966 E DisplayDeviceConfig: requesting nits when no mapping exists.
01-05 07:07:36.141 1490 1966 E DisplayDeviceConfig: requesting nits when no mapping exists.
01-05 07:07:36.141 1490 1582 I am_wtf : [0,1490,system_server,-1,DisplayDeviceConfig,requesting nits when no mapping exists.]
01-05 07:07:36.143 1490 1582 I am_wtf : [0,1490,system_server,-1,DisplayDeviceConfig,requesting nits when no mapping exists.]
01-05 07:07:36.158 1490 1966 E DisplayDeviceConfig: requesting nits when no mapping exists.
01-05 07:07:36.158 1490 1966 E DisplayDeviceConfig: requesting nits when no mapping exists.
01-05 07:07:36.158 1490 1582 I am_wtf : [0,1490,system_server,-1,DisplayDeviceConfig,requesting nits when no mapping exists.]
01-05 07:07:36.159 1490 1582 I am_wtf : [0,1490,system_server,-1,DisplayDeviceConfig,requesting nits when no mapping exists.]
01-05 07:07:36.174 1490 1966 E DisplayDeviceConfig: requesting nits when no mapping exists.
01-05 07:07:36.175 1490 1966 E DisplayDeviceConfig: requesting nits when no mapping exists.
01-05 07:07:36.175 1490 1582 I am_wtf : [0,1490,system_server,-1,DisplayDeviceConfig,requesting nits when no mapping exists.]
01-05 07:07:36.177 1490 1582 I am_wtf : [0,1490,system_server,-1,DisplayDeviceConfig,requesting nits when no mapping exists.]
01-05 07:07:36.192 1490 1966 E DisplayDeviceConfig: requesting nits when no mapping exists.
01-05 07:07:36.192 1490 1966 E DisplayDeviceConfig: requesting nits when no mapping exists.
01-05 07:07:36.193 1490 1582 I am_wtf : [0,1490,system_server,-1,DisplayDeviceConfig,requesting nits when no mapping exists.]
01-05 07:07:36.195 1490 1582 I am_wtf : [0,1490,system_server,-1,DisplayDeviceConfig,requesting nits when no mapping exists.]
01-05 07:07:36.208 1490 1966 E DisplayDeviceConfig: requesting nits when no mapping exists.
01-05 07:07:36.209 1490 1966 E DisplayDeviceConfig: requesting nits when no mapping exists.
01-05 07:07:36.209 1490 1582 I am_wtf : [0,1490,system_server,-1,DisplayDeviceConfig,requesting nits when no mapping exists.]
01-05 07:07:36.210 1490 1582 I am_wtf : [0,1490,system_server,-1,DisplayDeviceConfig,requesting nits when no mapping exists.]
01-05 07:07:36.225 1490 1966 E DisplayDeviceConfig: requesting nits when no mapping exists.
01-05 07:07:36.225 1490 1966 E DisplayDeviceConfig: requesting nits when no mapping exists.
01-05 07:07:36.225 1490 1582 I am_wtf : [0,1490,system_server,-1,DisplayDeviceConfig,requesting nits when no mapping exists.]
01-05 07:07:36.226 1490 1582 I am_wtf : [0,1490,system_server,-1,DisplayDeviceConfig,requesting nits when no mapping exists.]
01-05 07:07:36.241 1490 1966 E DisplayDeviceConfig: requesting nits when no mapping exists.
01-05 07:07:36.242 1490 1966 E DisplayDeviceConfig: requesting nits when no mapping exists.
01-05 07:07:36.242 1490 1582 I am_wtf : [0,1490,system_server,-1,DisplayDeviceConfig,requesting nits when no mapping exists.]
01-05 07:07:36.243 1490 1582 I am_wtf : [0,1490,system_server,-1,DisplayDeviceConfig,requesting nits when no mapping exists.]
01-05 07:07:36.258 1490 1966 E DisplayDeviceConfig: requesting nits when no mapping exists.
01-05 07:07:36.259 1490 1966 E DisplayDeviceConfig: requesting nits when no mapping exists.
01-05 07:07:36.259 1490 1582 I am_wtf : [0,1490,system_server,-1,DisplayDeviceConfig,requesting nits when no mapping exists.]
01-05 07:07:36.266 1490 1582 I am_wtf : [0,1490,system_server,-1,DisplayDeviceConfig,requesting nits when no mapping exists.]
01-05 07:07:36.275 1490 1966 E DisplayDeviceConfig: requesting nits when no mapping exists.
01-05 07:07:36.276 1490 1966 E DisplayDeviceConfig: requesting nits when no mapping exists.
01-05 07:07:36.276 1490 1582 I am_wtf : [0,1490,system_server,-1,DisplayDeviceConfig,requesting nits when no mapping exists.]
01-05 07:07:36.277 1490 1582 I am_wtf : [0,1490,system_server,-1,DisplayDeviceConfig,requesting nits when no mapping exists.]
01-05 07:07:36.291 1490 1966 E DisplayDeviceConfig: requesting nits when no mapping exists.
01-05 07:07:36.292 1490 1966 E DisplayDeviceConfig: requesting nits when no mapping exists.
01-05 07:07:36.292 1490 1582 I am_wtf : [0,1490,system_server,-1,DisplayDeviceConfig,requesting nits when no mapping exists.]
01-05 07:07:36.293 1490 1582 I am_wtf : [0,1490,system_server,-1,DisplayDeviceConfig,requesting nits when no mapping exists.]
01-05 07:07:36.308 1490 1966 E DisplayDeviceConfig: requesting nits when no mapping exists.
01-05 07:07:36.309 1490 1966 E DisplayDeviceConfig: requesting nits when no mapping exists.
01-05 07:07:36.309 1490 1582 I am_wtf : [0,1490,system_server,-1,DisplayDeviceConfig,requesting nits when no mapping exists.]
01-05 07:07:36.310 1490 1582 I am_wtf : [0,1490,system_server,-1,DisplayDeviceConfig,requesting nits when no mapping exists.]
01-05 07:07:36.325 1490 1966 E DisplayDeviceConfig: requesting nits when no mapping exists.
01-05 07:07:36.325 1490 1966 E DisplayDeviceConfig: requesting nits when no mapping exists.
01-05 07:07:36.325 1490 1582 I am_wtf : [0,1490,system_server,-1,DisplayDeviceConfig,requesting nits when no mapping exists.]
01-05 07:07:36.327 1490 1582 I am_wtf : [0,1490,system_server,-1,DisplayDeviceConfig,requesting nits when no mapping exists.]
01-05 07:07:36.342 1490 1966 E DisplayDeviceConfig: requesting nits when no mapping exists.
01-05 07:07:36.343 1490 1966 E DisplayDeviceConfig: requesting nits when no mapping exists.
01-05 07:07:36.343 1490 1582 I am_wtf : [0,1490,system_server,-1,DisplayDeviceConfig,requesting nits when no mapping exists.]
01-05 07:07:36.344 1490 1582 I am_wtf : [0,1490,system_server,-1,DisplayDeviceConfig,requesting nits when no mapping exists.]
01-05 07:07:36.358 1490 1966 E DisplayDeviceConfig: requesting nits when no mapping exists.
01-05 07:07:36.359 1490 1966 E DisplayDeviceConfig: requesting nits when no mapping exists.
01-05 07:07:36.359 1490 1582 I am_wtf : [0,1490,system_server,-1,DisplayDeviceConfig,requesting nits when no mapping exists.]
01-05 07:07:36.360 1490 1582 I am_wtf : [0,1490,system_server,-1,DisplayDeviceConfig,requesting nits when no mapping exists.]
01-05 07:07:36.355 0 0 I auditd : type=1400 audit(0.0:8307): avc: denied { kill } for comm="swapper/0" capability=5 scontext=u:r:kernel:s0 tcontext=u:r:kernel:s0 tclass=capability permissive=0
01-05 07:07:36.375 1490 1966 E DisplayDeviceConfig: requesting nits when no mapping exists.
01-05 07:07:36.376 1490 1966 E DisplayDeviceConfig: requesting nits when no mapping exists.
01-05 07:07:36.376 1490 1582 I am_wtf : [0,1490,system_server,-1,DisplayDeviceConfig,requesting nits when no mapping exists.]
01-05 07:07:36.377 1490 1582 I am_wtf : [0,1490,system_server,-1,DisplayDeviceConfig,requesting nits when no mapping exists.]
01-05 07:07:36.392 1490 1966 E DisplayDeviceConfig: requesting nits when no mapping exists.
01-05 07:07:36.393 1490 1966 E DisplayDeviceConfig: requesting nits when no mapping exists.
01-05 07:07:36.393 1490 1582 I am_wtf : [0,1490,system_server,-1,DisplayDeviceConfig,requesting nits when no mapping exists.]
01-05 07:07:36.394 1490 1582 I service_manager_stats: [100,57,12787]
01-05 07:07:36.394 1490 1582 I am_wtf : [0,1490,system_server,-1,DisplayDeviceConfig,requesting nits when no mapping exists.]
01-05 07:07:36.410 1490 1966 E DisplayDeviceConfig: requesting nits when no mapping exists.
01-05 07:07:36.410 1490 1966 E DisplayDeviceConfig: requesting nits when no mapping exists.
01-05 07:07:36.410 1490 1582 I am_wtf : [0,1490,system_server,-1,DisplayDeviceConfig,requesting nits when no mapping exists.]
01-05 07:07:36.412 1490 1582 I am_wtf : [0,1490,system_server,-1,DisplayDeviceConfig,requesting nits when no mapping exists.]
01-05 07:07:36.425 1490 1966 E DisplayDeviceConfig: requesting nits when no mapping exists.
01-05 07:07:36.425 1490 1966 E DisplayDeviceConfig: requesting nits when no mapping exists.
01-05 07:07:36.425 1490 1582 I am_wtf : [0,1490,system_server,-1,DisplayDeviceConfig,requesting nits when no mapping exists.]
01-05 07:07:36.426 1490 1582 I am_wtf : [0,1490,system_server,-1,DisplayDeviceConfig,requesting nits when no mapping exists.]
01-05 07:07:36.442 1490 1966 E DisplayDeviceConfig: requesting nits when no mapping exists.
01-05 07:07:36.442 1490 1582 I am_wtf : [0,1490,system_server,-1,DisplayDeviceConfig,requesting nits when no mapping exists.]
01-05 07:07:36.442 1490 1966 E DisplayDeviceConfig: requesting nits when no mapping exists.
01-05 07:07:36.444 1490 1582 I am_wtf : [0,1490,system_server,-1,DisplayDeviceConfig,requesting nits when no mapping exists.]
01-05 07:07:36.459 1490 1966 E DisplayDeviceConfig: requesting nits when no mapping exists.
01-05 07:07:36.459 1490 1966 E DisplayDeviceConfig: requesting nits when no mapping exists.
01-05 07:07:36.459 1490 1582 I am_wtf : [0,1490,system_server,-1,DisplayDeviceConfig,requesting nits when no mapping exists.]
01-05 07:07:36.460 1490 1582 I am_wtf : [0,1490,system_server,-1,DisplayDeviceConfig,requesting nits when no mapping exists.]
01-05 07:07:36.475 1490 1966 E DisplayDeviceConfig: requesting nits when no mapping exists.
01-05 07:07:36.476 1490 1966 E DisplayDeviceConfig: requesting nits when no mapping exists.
01-05 07:07:36.476 1490 1582 I am_wtf : [0,1490,system_server,-1,DisplayDeviceConfig,requesting nits when no mapping exists.]
01-05 07:07:36.478 1490 1582 I am_wtf : [0,1490,system_server,-1,DisplayDeviceConfig,requesting nits when no mapping exists.]
01-05 07:07:36.492 1490 1966 E DisplayDeviceConfig: requesting nits when no mapping exists.
01-05 07:07:36.493 1490 1966 E DisplayDeviceConfig: requesting nits when no mapping exists.
