01-05 07:08:14.587 1490 1741 I input_focus: [Focus leaving 8beefb7 com.tencent.tmgp.sgame/com.tencent.tmgp.sgame.SGameActivity (server),reason=Waiting for window because NOT_VISIBLE]
01-05 07:08:14.625 1490 1569 W WindowManager: updateScale0.7996942
01-05 07:08:14.627 1490 1569 W WindowManager: updateScale0.7996942
01-05 07:08:14.628 1490 1569 W WindowManager: updateScale0.7996942
01-05 07:08:14.629 1490 1564 I sysui_multi_action: [319,175,322,175,325,9454,757,761,758,7,759,2,806,com.android.calendar,871,com.android.calendar.AllInOneActivity,904,com.thundercomm.gamemode,905,0,945,30,1320,4,1321,1]
01-05 07:08:14.629 1490 1564 I wm_activity_launch_time: [0,259609472,com.android.calendar/.AllInOneActivity,175]
01-05 07:08:14.637 1490 1741 I input_focus: [Focus entering d8cab5e com.android.calendar/com.android.calendar.AllInOneActivity (server),reason=Window became focusable. Previous reason: NOT_VISIBLE]
01-05 07:08:14.669 1490 2029 W ActivityTaskManager: Request to remove task ignored for non-existent task 72
01-05 07:08:14.706 1490 1580 I am_pss : [8773,10096,com.tencent.tmgp.sgame,747791360,719179776,52224,893710336,0,2,29]
01-05 07:08:14.712 1490 1580 I am_pss : [9410,1000,com.qti.diagservices,7341056,4014080,59392,90349568,0,10,5]
01-05 07:08:15.121 1490 1569 W WindowManager: updateScale0.7996942
01-05 07:08:15.122 1490 2916 W WindowManager: updateScale0.7996942
01-05 07:08:15.359 0 0 I auditd : type=1400 audit(0.0:8333): avc: denied { kill } for comm="swapper/1" capability=5 scontext=u:r:kernel:s0 tcontext=u:r:kernel:s0 tclass=capability permissive=0
01-05 07:08:16.359 0 0 I auditd : type=1400 audit(0.0:8334): avc: denied { kill } for comm="swapper/1" capability=5 scontext=u:r:kernel:s0 tcontext=u:r:kernel:s0 tclass=capability permissive=0
01-05 07:08:17.359 0 0 I auditd : type=1400 audit(0.0:8335): avc: denied { kill } for comm="swapper/1" capability=5 scontext=u:r:kernel:s0 tcontext=u:r:kernel:s0 tclass=capability permissive=0
01-05 07:08:17.473 1490 2764 E TaskPersister: File error accessing recents directory (directory doesn't exist?).
01-05 07:08:18.359 0 0 I auditd : type=1400 audit(0.0:8336): avc: denied { kill } for comm="swapper/0" capability=5 scontext=u:r:kernel:s0 tcontext=u:r:kernel:s0 tclass=capability permissive=0
01-05 07:08:19.503 1157 9442 I iorapd : Perfetto TraceBuffer saved to file: /data/misc/iorapd/com.android.calendar/31/com.android.calendar.AllInOneActivity/raw_traces/1672873699497924415.perfetto_trace.pb
01-05 07:08:20.127 2189 2189 I force_gc: mem
01-05 07:08:20.359 0 0 I auditd : type=1400 audit(0.0:8337): avc: denied { kill } for comm="swapper/0" capability=5 scontext=u:r:kernel:s0 tcontext=u:r:kernel:s0 tclass=capability permissive=0
01-05 07:08:20.491 1490 1741 I input_interaction: Interaction with: d8cab5e com.android.calendar/com.android.calendar.AllInOneActivity (server), edge-swipe (server), swipe-up (server), PointerEventDispatcher0 (server),
01-05 07:08:20.984 1490 1567 W WindowManager: updateScale0.4617737
01-05 07:08:20.985 1490 1567 I wm_relaunch_resume_activity: [0,259609472,73,com.android.calendar/.AllInOneActivity]
01-05 07:08:20.986 1490 1567 W WindowManager: updateScale0.4617737
01-05 07:08:20.989 9446 9446 I wm_on_top_resumed_lost_called: [259609472,com.android.calendar.AllInOneActivity,pausing]
01-05 07:08:20.993 9446 9446 I wm_on_paused_called: [259609472,com.android.calendar.AllInOneActivity,performPause]
01-05 07:08:20.994 9446 9446 I wm_on_stop_called: [259609472,com.android.calendar.AllInOneActivity,handleRelaunchActivity]
01-05 07:08:20.995 9446 9446 I wm_on_destroy_called: [259609472,com.android.calendar.AllInOneActivity,performDestroy]
01-05 07:08:21.013 9446 9446 I wm_on_create_called: [259609472,com.android.calendar.AllInOneActivity,performCreate]
01-05 07:08:21.025 9446 9446 I wm_on_start_called: [259609472,com.android.calendar.AllInOneActivity,handleStartActivity]
01-05 07:08:21.029 9446 9446 I wm_on_resume_called: [259609472,com.android.calendar.AllInOneActivity,RESUME_ACTIVITY]
01-05 07:08:21.029 9446 9446 I wm_on_top_resumed_gained_called: [259609472,com.android.calendar.AllInOneActivity,topWhenResuming]
01-05 07:08:21.033 1490 2121 W WindowManager: updateScale0.4617737
01-05 07:08:21.035 1490 2121 W WindowManager: updateScale0.4617737
01-05 07:08:21.359 0 0 I auditd : type=1400 audit(0.0:8338): avc: denied { kill } for comm="swapper/0" capability=5 scontext=u:r:kernel:s0 tcontext=u:r:kernel:s0 tclass=capability permissive=0
01-05 07:08:22.123 1490 2121 I wm_relaunch_resume_activity: [0,259609472,73,com.android.calendar/.AllInOneActivity]
01-05 07:08:22.125 1490 2121 W WindowManager: updateScale0.7996942
01-05 07:08:22.138 9446 9446 I wm_on_top_resumed_lost_called: [259609472,com.android.calendar.AllInOneActivity,pausing]
01-05 07:08:22.142 9446 9446 I wm_on_paused_called: [259609472,com.android.calendar.AllInOneActivity,performPause]
01-05 07:08:22.142 9446 9446 I wm_on_stop_called: [259609472,com.android.calendar.AllInOneActivity,handleRelaunchActivity]
01-05 07:08:22.143 9446 9446 I wm_on_destroy_called: [259609472,com.android.calendar.AllInOneActivity,performDestroy]
01-05 07:08:22.160 9446 9446 I wm_on_create_called: [259609472,com.android.calendar.AllInOneActivity,performCreate]
01-05 07:08:22.170 9446 9446 I wm_on_start_called: [259609472,com.android.calendar.AllInOneActivity,handleStartActivity]
01-05 07:08:22.174 9446 9446 I wm_on_resume_called: [259609472,com.android.calendar.AllInOneActivity,RESUME_ACTIVITY]
01-05 07:08:22.175 9446 9446 I wm_on_top_resumed_gained_called: [259609472,com.android.calendar.AllInOneActivity,topWhenResuming]
01-05 07:08:22.179 1490 2029 W WindowManager: updateScale0.7996942
01-05 07:08:22.181 1490 2029 W WindowManager: updateScale0.7996942
01-05 07:08:22.355 0 0 I auditd : type=1400 audit(0.0:8339): avc: denied { kill } for comm="swapper/0" capability=5 scontext=u:r:kernel:s0 tcontext=u:r:kernel:s0 tclass=capability permissive=0
01-05 07:08:22.963 1490 2029 W WindowManager: updateScale0.7996942
01-05 07:08:22.978 1490 1569 W WindowManager: updateScale0.7996942
01-05 07:08:23.100 1490 2029 I wm_relaunch_resume_activity: [0,259609472,73,com.android.calendar/.AllInOneActivity]
01-05 07:08:23.100 1490 2029 I wm_add_to_stopping: [0,201917619,com.tencent.tmgp.sgame/.SGameActivity,makeInvisible]
01-05 07:08:23.101 1490 2029 D FreeFormWindowHelper: Remove freefrom task=Task{e7c1803 #73 type=standard A=10066:android.task.calendar U=0 visible=true mode=fullscreen translucent=false sz=1}
01-05 07:08:23.104 9446 9446 I wm_on_top_resumed_lost_called: [259609472,com.android.calendar.AllInOneActivity,pausing]
01-05 07:08:23.107 9446 9446 I wm_on_paused_called: [259609472,com.android.calendar.AllInOneActivity,performPause]
01-05 07:08:23.107 9446 9446 I wm_on_stop_called: [259609472,com.android.calendar.AllInOneActivity,handleRelaunchActivity]
01-05 07:08:23.108 1490 2029 W WindowManager: Attempted to set replacing window on app token with no content Token{f21aa14 ActivityRecord{f795380 u0 com.android.calendar/.AllInOneActivity t73}}
01-05 07:08:23.109 9446 9446 I wm_on_destroy_called: [259609472,com.android.calendar.AllInOneActivity,performDestroy]
01-05 07:08:23.133 9446 9446 I wm_on_create_called: [259609472,com.android.calendar.AllInOneActivity,performCreate]
01-05 07:08:23.135 2382 3732 W ContextImpl: Calling a method in the system process without a qualified user: android.app.ContextImpl.startService:1816 android.content.ContextWrapper.startService:774 com.thundercomm.gamemode.ingame.services.GameModeActionUtils.startGameModeService:99 com.thundercomm.gamemode.ingame.services.GameModeActionUtils.startGameModeEntry:22 com.thundercomm.gamemode.ingame.services.ActivityMonitoringService$1.onActivityLaunch:129
01-05 07:08:23.150 1490 1490 I GameModeConfig: Current uri is uri = content://com.thundercomm.gamemode.api/gamemode_settings/gamemode_isgaming
01-05 07:08:23.151 9446 9446 I wm_on_start_called: [259609472,com.android.calendar.AllInOneActivity,handleStartActivity]
01-05 07:08:23.153 1490 1490 I GameModeConfig: isGameModeOn = true
01-05 07:08:23.153 1490 1490 I GameModeConfig: isGaming = false
01-05 07:08:23.154 1490 1490 I GameModeConfig: isGameModeOn = true
01-05 07:08:23.154 1490 1490 I GameModeConfig: isGaming = false
01-05 07:08:23.154 1490 1490 I GameModeConfig: isDisableVoice = true
01-05 07:08:23.154 9446 9446 I wm_on_resume_called: [259609472,com.android.calendar.AllInOneActivity,RESUME_ACTIVITY]
01-05 07:08:23.155 9446 9446 I wm_on_top_resumed_gained_called: [259609472,com.android.calendar.AllInOneActivity,topWhenResuming]
01-05 07:08:23.175 1490 2121 I WindowManager: finishDrawing of relaunch: Window{d8cab5e u0 com.android.calendar/com.android.calendar.AllInOneActivity} 75ms
01-05 07:08:23.334 1490 1716 I commit_sys_config_file: [settings-1-0,4]
01-05 07:08:23.359 1555 1555 I auditd : type=1400 audit(0.0:8340): avc: denied { kill } for comm="irq/394-atmel_m" capability=5 scontext=u:r:kernel:s0 tcontext=u:r:kernel:s0 tclass=capability permissive=0
01-05 07:08:23.528 1490 1567 I wm_stop_activity: [0,201917619,com.tencent.tmgp.sgame/.SGameActivity]
01-05 07:08:23.539 2382 3732 W ContextImpl: Calling a method in the system process without a qualified user: android.app.ContextImpl.startService:1816 android.content.ContextWrapper.startService:774 com.thundercomm.gamemode.ingame.services.GameModeActionUtils.startGameModeService:99 com.thundercomm.gamemode.ingame.services.GameModeActionUtils.startGameModeEntry:22 com.thundercomm.gamemode.ingame.services.ActivityMonitoringService$1.onActivityLaunch:129
01-05 07:08:23.545 1490 1490 I GameModeConfig: Current uri is uri = content://com.thundercomm.gamemode.api/gamemode_settings/gamemode_isgaming
01-05 07:08:23.546 1490 1490 I GameModeConfig: isGameModeOn = true
01-05 07:08:23.546 1490 1490 I GameModeConfig: isGaming = false
01-05 07:08:23.547 1490 1490 I GameModeConfig: isGameModeOn = true
01-05 07:08:23.547 1490 1490 I GameModeConfig: isGaming = false
01-05 07:08:23.547 1490 1490 I GameModeConfig: isDisableVoice = true
01-05 07:08:24.373 1490 2916 W FreeFormWindowHelper: getCurrentDisplayedFreeFormTask is null
01-05 07:08:24.386 1490 2916 I wm_task_moved: [47,0,0]
01-05 07:08:24.387 1490 2916 I wm_task_moved: [47,0,6]
01-05 07:08:24.391 2552 2552 I wm_on_restart_called: [100422675,com.android.launcher3.uioverrides.QuickstepLauncher,performRestartActivity]
01-05 07:08:24.393 1490 2029 W FreeFormWindowHelper: getCurrentDisplayedFreeFormTask is null
01-05 07:08:24.414 2382 3732 W ContextImpl: Calling a method in the system process without a qualified user: android.app.ContextImpl.startService:1816 android.content.ContextWrapper.startService:774 com.thundercomm.gamemode.ingame.services.GameModeActionUtils.startGameModeService:99 com.thundercomm.gamemode.ingame.services.GameModeActionUtils.startGameModeEntry:22 com.thundercomm.gamemode.ingame.services.ActivityMonitoringService$1.onActivityLaunch:129
01-05 07:08:24.418 1490 1490 I GameModeConfig: Current uri is uri = content://com.thundercomm.gamemode.api/gamemode_settings/gamemode_isgaming
01-05 07:08:24.420 1490 1490 I GameModeConfig: isGameModeOn = true
01-05 07:08:24.420 1490 1490 I GameModeConfig: isGaming = false
01-05 07:08:24.421 2552 2552 I wm_on_start_called: [100422675,com.android.launcher3.uioverrides.QuickstepLauncher,handleStartActivity]
01-05 07:08:24.422 1490 1490 I GameModeConfig: isGameModeOn = true
01-05 07:08:24.422 1490 1490 I GameModeConfig: isGaming = false
01-05 07:08:24.422 1490 1490 I GameModeConfig: isDisableVoice = true
01-05 07:08:24.432 1490 2121 W FreeFormWindowHelper: getCurrentDisplayedFreeFormTask is null
01-05 07:08:24.435 1490 2029 W ActivityTaskManager: getTaskSnapshot: taskId=4066 not found
01-05 07:08:24.436 1490 2029 W ActivityTaskManager: getTaskSnapshot: taskId=3066 not found
01-05 07:08:24.441 1490 2121 W ActivityTaskManager: getTaskSnapshot: taskId=2066 not found
01-05 07:08:24.444 1490 1564 I sysui_multi_action: [319,15,322,51,325,9464,757,761,758,9,759,5,806,com.android.launcher3,871,com.android.launcher3.uioverrides.QuickstepLauncher,904,com.android.launcher3,905,0,1320,4,1321,1]
01-05 07:08:24.445 1490 2121 W ActivityTaskManager: getTaskSnapshot: taskId=1066 not found
01-05 07:08:24.448 1490 2121 W FreeFormWindowHelper: getCurrentDisplayedFreeFormTask is null
01-05 07:08:24.459 1490 2029 W FreeFormWindowHelper: getCurrentDisplayedFreeFormTask is null
01-05 07:08:24.479 9446 9446 I view_enqueue_input_event: [Motion - Cancel,com.android.calendar/com.android.calendar.AllInOneActivity]
01-05 07:08:24.486 1490 1741 I input_interaction: Interaction with: edge-swipe (server), swipe-up (server), PointerEventDispatcher0 (server),
01-05 07:08:24.499 2552 2552 I sysui_latency: [1,78]
01-05 07:08:24.503 8773 8773 I wm_on_paused_called: [201917619,com.tencent.tmgp.sgame.SGameActivity,performPause]
01-05 07:08:24.510 8773 8773 I wm_on_stop_called: [201917619,com.tencent.tmgp.sgame.SGameActivity,STOP_ACTIVITY_ITEM]
01-05 07:08:24.513 1490 1569 I input_focus: [Focus request recents_animation_input_consumer,reason=UpdateInputWindows]
01-05 07:08:24.514 1490 2029 W FreeFormWindowHelper: getCurrentDisplayedFreeFormTask is null
01-05 07:08:24.516 1490 2029 W ActivityTaskManager: getTaskSnapshot: taskId=4066 not found
01-05 07:08:24.527 1490 1522 W FreeFormWindowHelper: getCurrentDisplayedFreeFormTask is null
01-05 07:08:24.538 2382 3732 W ContextImpl: Calling a method in the system process without a qualified user: android.app.ContextImpl.startService:1816 android.content.ContextWrapper.startService:774 com.thundercomm.gamemode.ingame.services.GameModeActionUtils.startGameModeService:99 com.thundercomm.gamemode.ingame.services.GameModeActionUtils.startGameModeEntry:22 com.thundercomm.gamemode.ingame.services.ActivityMonitoringService$1.onActivityLaunch:129
01-05 07:08:24.541 1490 1490 I GameModeConfig: Current uri is uri = content://com.thundercomm.gamemode.api/gamemode_settings/gamemode_isgaming
01-05 07:08:24.544 1490 2029 W FreeFormWindowHelper: getCurrentDisplayedFreeFormTask is null
01-05 07:08:24.544 1490 1741 I input_focus: [Focus leaving d8cab5e com.android.calendar/com.android.calendar.AllInOneActivity (server),reason=NOT_FOCUSABLE]
01-05 07:08:24.544 1490 1741 I input_focus: [Focus entering recents_animation_input_consumer (server),reason=setFocusedWindow]
01-05 07:08:24.547 1490 1580 I am_pss : [9446,10066,com.android.calendar,67951616,59764736,59392,179712000,0,2,8]
01-05 07:08:24.548 1490 1490 I GameModeConfig: isGameModeOn = true
01-05 07:08:24.548 1490 1490 I GameModeConfig: isGaming = false
01-05 07:08:24.548 1490 1490 I GameModeConfig: isGameModeOn = true
01-05 07:08:24.548 1490 1490 I GameModeConfig: isGaming = false
01-05 07:08:24.548 1490 1490 I GameModeConfig: isDisableVoice = true
01-05 07:08:24.623 1490 1716 I commit_sys_config_file: [settings-1-0,4]
01-05 07:08:24.725 1490 2509 I Telecom : CallAudioRouteStateMachine: Message received: SPEAKER_ON=1006, arg1=0: CARSM.mSPCR->CARSM.pM_SPEAKER_ON@AEM
01-05 07:08:24.725 1490 2509 I Telecom : QuiescentEarpieceRoute: Processing message SPEAKER_ON: CARSM.mSPCR->CARSM.pM_SPEAKER_ON@AEM
01-05 07:08:24.739 1490 1580 I sysui_latency: [8,77]
01-05 07:08:24.872 1490 2121 W FreeFormWindowHelper: getCurrentDisplayedFreeFormTask is null
01-05 07:08:25.262 1490 7102 I wm_task_moved: [47,1,7]
01-05 07:08:25.264 1490 7102 I wm_focused_root_task: [0,0,47,73,RecentsAnimation.onAnimationFinished()]
01-05 07:08:25.264 9446 9446 I wm_on_top_resumed_lost_called: [259609472,com.android.calendar.AllInOneActivity,topStateChangedWhenResumed]
01-05 07:08:25.268 1490 7102 I wm_pause_activity: [0,259609472,com.android.calendar/.AllInOneActivity,userLeaving=false,pauseBackTasks]
01-05 07:08:25.268 1490 7102 I ActivityTaskManager: FOREGROUND_APPLICATION_CHANGED to com.android.launcher3.uioverrides.QuickstepLauncher
01-05 07:08:25.269 1490 7102 I wm_set_resumed_activity: [0,com.android.launcher3/.uioverrides.QuickstepLauncher,resumeTopActivityInnerLocked]
01-05 07:08:25.272 1490 7102 I wm_resume_activity: [0,100422675,48,com.android.launcher3/.uioverrides.QuickstepLauncher]
01-05 07:08:25.272 1490 7102 I wm_add_to_stopping: [0,259609472,com.android.calendar/.AllInOneActivity,makeInvisible]
01-05 07:08:25.273 2552 2552 I wm_on_resume_called: [100422675,com.android.launcher3.uioverrides.QuickstepLauncher,RESUME_ACTIVITY]
01-05 07:08:25.279 1490 1569 I input_focus: [Focus request 32d6428 com.android.launcher3/com.android.launcher3.uioverrides.QuickstepLauncher,reason=UpdateInputWindows]
01-05 07:08:25.281 9446 9446 I wm_on_paused_called: [259609472,com.android.calendar.AllInOneActivity,performPause]
01-05 07:08:25.283 1490 1522 I wm_stop_activity: [0,259609472,com.android.calendar/.AllInOneActivity]
01-05 07:08:25.285 1490 1567 I sysui_multi_action: [757,803,799,window_time_0,802,57]
01-05 07:08:25.287 1490 2029 W FreeFormWindowHelper: getCurrentDisplayedFreeFormTask is null
01-05 07:08:25.294 1490 1567 I sysui_multi_action: [757,803,799,window_time_0,802,0]
01-05 07:08:25.298 1490 1741 I input_focus: [Focus leaving recents_animation_input_consumer (server),reason=NOT_VISIBLE]
01-05 07:08:25.298 1490 1741 I input_focus: [Focus entering 32d6428 com.android.launcher3/com.android.launcher3.uioverrides.QuickstepLauncher (server),reason=setFocusedWindow]
01-05 07:08:25.299 1490 1567 D CompatibilityChangeReporter: Compat change id reported: 135634846; UID 1000; state: DISABLED
01-05 07:08:25.299 1490 1567 D CompatibilityChangeReporter: Compat change id reported: 177438394; UID 1000; state: DISABLED
01-05 07:08:25.299 1490 1567 D CompatibilityChangeReporter: Compat change id reported: 135772972; UID 1000; state: DISABLED
01-05 07:08:25.299 1490 1567 D CompatibilityChangeReporter: Compat change id reported: 135754954; UID 1000; state: ENABLED
01-05 07:08:25.300 1490 1567 I am_uid_running: 10067
01-05 07:08:25.300 1490 1567 D CompatibilityChangeReporter: Compat change id reported: 135634846; UID 10067; state: DISABLED
01-05 07:08:25.300 1490 1567 D CompatibilityChangeReporter: Compat change id reported: 177438394; UID 10067; state: DISABLED
01-05 07:08:25.300 1490 1567 D CompatibilityChangeReporter: Compat change id reported: 135772972; UID 10067; state: DISABLED
01-05 07:08:25.300 1490 1567 D CompatibilityChangeReporter: Compat change id reported: 135754954; UID 10067; state: DISABLED
01-05 07:08:25.301 1490 1567 I am_uid_running: 10086
01-05 07:08:25.301 1490 1567 D CompatibilityChangeReporter: Compat change id reported: 135634846; UID 10086; state: DISABLED
01-05 07:08:25.301 1490 1567 D CompatibilityChangeReporter: Compat change id reported: 177438394; UID 10086; state: DISABLED
01-05 07:08:25.301 1490 1567 D CompatibilityChangeReporter: Compat change id reported: 135772972; UID 10086; state: DISABLED
01-05 07:08:25.301 1490 1567 D CompatibilityChangeReporter: Compat change id reported: 135754954; UID 10086; state: ENABLED
01-05 07:08:25.302 1490 1567 I am_uid_running: 10070
01-05 07:08:25.302 1490 1567 D CompatibilityChangeReporter: Compat change id reported: 135634846; UID 10070; state: DISABLED
01-05 07:08:25.302 1490 1567 D CompatibilityChangeReporter: Compat change id reported: 177438394; UID 10070; state: DISABLED
01-05 07:08:25.302 1490 1567 D CompatibilityChangeReporter: Compat change id reported: 135772972; UID 10070; state: DISABLED
01-05 07:08:25.302 1490 1567 D CompatibilityChangeReporter: Compat change id reported: 135754954; UID 10070; state: DISABLED
01-05 07:08:25.304 9446 9446 I wm_on_stop_called: [259609472,com.android.calendar.AllInOneActivity,STOP_ACTIVITY_ITEM]
01-05 07:08:25.309 1490 1583 I am_proc_start: [0,9528,1000,com.android.settings,NULL,]
01-05 07:08:25.309 1490 1583 I ActivityManager: Start proc 9528:com.android.settings/1000 for null
01-05 07:08:25.310 1490 1583 D CompatibilityChangeReporter: Compat change id reported: 143937733; UID 10067; state: DISABLED
01-05 07:08:25.317 1490 1583 I am_proc_start: [0,9529,10067,com.android.deskclock,NULL,]
01-05 07:08:25.317 1490 1583 I ActivityManager: Start proc 9529:com.android.deskclock/u0a67 for null
01-05 07:08:25.318 1490 1583 D CompatibilityChangeReporter: Compat change id reported: 143937733; UID 10086; state: ENABLED
01-05 07:08:25.325 1490 1583 I am_proc_start: [0,9530,10086,com.android.music,NULL,]
01-05 07:08:25.325 1490 1583 I ActivityManager: Start proc 9530:com.android.music/u0a86 for null
01-05 07:08:25.337 1490 1522 I am_proc_bound: [0,9529,com.android.deskclock]
01-05 07:08:25.337 1490 1583 D CompatibilityChangeReporter: Compat change id reported: 143937733; UID 10070; state: DISABLED
01-05 07:08:25.340 1490 1522 D CompatibilityChangeReporter: Compat change id reported: 168419799; UID 10067; state: DISABLED
01-05 07:08:25.348 1490 2488 I am_proc_bound: [0,9528,com.android.settings]
01-05 07:08:25.356 1490 1522 W FreeFormWindowHelper: getCurrentDisplayedFreeFormTask is null
01-05 07:08:25.359 1555 1555 I auditd : type=1400 audit(0.0:8341): avc: denied { kill } for comm="irq/394-atmel_m" capability=5 scontext=u:r:kernel:s0 tcontext=u:r:kernel:s0 tclass=capability permissive=0
01-05 07:08:25.360 2552 2552 I wm_on_top_resumed_gained_called: [100422675,com.android.launcher3.uioverrides.QuickstepLauncher,topStateChangedWhenResumed]
01-05 07:08:25.368 1490 1583 W ActivityManager: Slow operation: 66ms so far, now at startProcess: done updating battery stats
01-05 07:08:25.368 1490 1583 I am_proc_start: [0,9565,10070,com.android.gallery3d,NULL,]
01-05 07:08:25.368 1490 1583 W ActivityManager: Slow operation: 66ms so far, now at startProcess: building log message
01-05 07:08:25.368 1490 1583 I ActivityManager: Start proc 9565:com.android.gallery3d/u0a70 for null
01-05 07:08:25.368 1490 1583 W ActivityManager: Slow operation: 67ms so far, now at startProcess: starting to update pids map
01-05 07:08:25.368 1490 1583 W ActivityManager: Slow operation: 67ms so far, now at startProcess: done updating pids map
01-05 07:08:25.368 1490 2916 I am_proc_bound: [0,9530,com.android.music]
01-05 07:08:25.370 1490 2916 D CompatibilityChangeReporter: Compat change id reported: 168419799; UID 10086; state: DISABLED
01-05 07:08:25.376 1490 2029 I am_proc_bound: [0,9565,com.android.gallery3d]
01-05 07:08:25.377 1490 2029 D CompatibilityChangeReporter: Compat change id reported: 168419799; UID 10070; state: DISABLED
01-05 07:08:25.378 2382 3732 W ContextImpl: Calling a method in the system process without a qualified user: android.app.ContextImpl.startService:1816 android.content.ContextWrapper.startService:774 com.thundercomm.gamemode.ingame.services.GameModeActionUtils.startGameModeService:99 com.thundercomm.gamemode.ingame.services.GameModeActionUtils.startGameModeEntry:22 com.thundercomm.gamemode.ingame.services.ActivityMonitoringService$1.onActivityLaunch:129
01-05 07:08:25.388 1490 1490 I GameModeConfig: Current uri is uri = content://com.thundercomm.gamemode.api/gamemode_settings/gamemode_isgaming
01-05 07:08:25.389 1490 1490 I GameModeConfig: isGameModeOn = true
01-05 07:08:25.389 1490 1490 I GameModeConfig: isGaming = false
01-05 07:08:25.390 1490 1490 I GameModeConfig: isGameModeOn = true
01-05 07:08:25.390 1490 1490 I GameModeConfig: isGaming = false
01-05 07:08:25.390 1490 1490 I GameModeConfig: isDisableVoice = true
01-05 07:08:25.413 2382 3732 W ContextImpl: Calling a method in the system process without a qualified user: android.app.ContextImpl.startService:1816 android.content.ContextWrapper.startService:774 com.thundercomm.gamemode.ingame.services.GameModeActionUtils.startGameModeService:99 com.thundercomm.gamemode.ingame.services.GameModeActionUtils.startGameModeEntry:22 com.thundercomm.gamemode.ingame.services.ActivityMonitoringService$1.onActivityLaunch:129
01-05 07:08:25.420 1490 1490 I GameModeConfig: Current uri is uri = content://com.thundercomm.gamemode.api/gamemode_settings/gamemode_isgaming
01-05 07:08:25.421 1490 1490 I GameModeConfig: isGameModeOn = true
01-05 07:08:25.421 1490 1490 I GameModeConfig: isGaming = false
01-05 07:08:25.421 1490 1490 I GameModeConfig: isGameModeOn = true
01-05 07:08:25.421 1490 1490 I GameModeConfig: isGaming = false
01-05 07:08:25.421 1490 1490 I GameModeConfig: isDisableVoice = true
01-05 07:08:25.511 1490 1716 I commit_sys_config_file: [settings-1-0,8]
01-05 07:08:25.552 1490 2916 I am_wtf : [0,9528,com.android.settings,952647173,RoleParser,com.android.permissioncontroller.role.model.AssistantRoleBehavior]
01-05 07:08:25.555 1490 2916 I am_wtf : [0,9528,com.android.settings,952647173,RoleParser,com.android.permissioncontroller.role.model.BrowserRoleBehavior]
01-05 07:08:25.555 1490 9596 I DropBoxManagerService: add tag=system_app_wtf isTagEnabled=true flags=0x2
01-05 07:08:25.557 1490 9597 I DropBoxManagerService: add tag=system_app_wtf isTagEnabled=true flags=0x2
01-05 07:08:25.558 1490 2916 I am_wtf : [0,9528,com.android.settings,952647173,RoleParser,com.android.permissioncontroller.role.model.DialerRoleBehavior]
01-05 07:08:25.559 1490 9598 I DropBoxManagerService: add tag=system_app_wtf isTagEnabled=true flags=0x2
01-05 07:08:25.561 1490 2916 I am_wtf : [0,9528,com.android.settings,952647173,RoleParser,com.android.permissioncontroller.role.model.SmsRoleBehavior]
01-05 07:08:25.562 1490 9599 I DropBoxManagerService: add tag=system_app_wtf isTagEnabled=true flags=0x2
01-05 07:08:25.563 1490 2916 I am_wtf : [0,9528,com.android.settings,952647173,RoleParser,com.android.permissioncontroller.role.model.EmergencyRoleBehavior]
01-05 07:08:25.564 1490 9600 I DropBoxManagerService: add tag=system_app_wtf isTagEnabled=true flags=0x2
01-05 07:08:25.565 1490 2916 I am_wtf : [0,9528,com.android.settings,952647173,RoleParser,com.android.permissioncontroller.role.model.HomeRoleBehavior]
01-05 07:08:25.569 1490 2916 I am_wtf : [0,9528,com.android.settings,952647173,RoleParser,com.android.permissioncontroller.role.model.SystemAutomotiveClusterRoleBehavior]
01-05 07:08:25.571 1490 2916 I am_wtf : [0,9528,com.android.settings,952647173,RoleParser,com.android.permissioncontroller.role.model.CompanionDeviceWatchRoleBehavior]
01-05 07:08:25.573 1490 2916 I am_wtf : [0,9528,com.android.settings,952647173,RoleParser,com.android.permissioncontroller.role.model.SystemShellRoleBehavior]
01-05 07:08:25.576 1490 2916 I am_wtf : [0,9528,com.android.settings,952647173,RoleParser,com.android.permissioncontroller.role.model.TelevisionRoleBehavior]
01-05 07:08:25.581 1490 2916 I am_wtf : [0,9528,com.android.settings,952647173,RoleParser,com.android.permissioncontroller.role.model.TelevisionRoleBehavior]
01-05 07:08:25.795 1490 1741 I input_interaction: Interaction with: 32d6428 com.android.launcher3/com.android.launcher3.uioverrides.QuickstepLauncher (server), 93d3a52 com.android.systemui.ImageWallpaper (server), edge-swipe (server), swipe-up (server), PointerEventDispatcher0 (server),
01-05 07:08:25.867 1490 2916 I wm_task_moved: [47,1,7]
01-05 07:08:25.867 1490 2916 I wm_set_resumed_activity: [0,com.android.launcher3/.uioverrides.QuickstepLauncher,positionChildAt]
01-05 07:08:25.868 1490 2916 I wm_task_moved: [66,1,7]
01-05 07:08:25.868 1490 2916 I wm_task_to_front: [0,66]
01-05 07:08:25.868 1490 2916 I wm_focused_root_task: [0,0,66,47,moveTaskToFront findTaskToMoveToFront]
01-05 07:08:25.869 1490 2916 I wm_set_resumed_activity: [0,com.tencent.tmgp.sgame/.SGameActivity,moveTaskToFront findTaskToMoveToFront]
01-05 07:08:25.870 1490 2916 I wm_pause_activity: [0,100422675,com.android.launcher3/.uioverrides.QuickstepLauncher,userLeaving=true,pauseBackTasks]
01-05 07:08:25.872 1490 2916 D CompatibilityChangeReporter: Compat change id reported: 168419799; UID 10096; state: DISABLED
01-05 07:08:25.876 2552 2552 I wm_on_top_resumed_lost_called: [100422675,com.android.launcher3.uioverrides.QuickstepLauncher,topStateChangedWhenResumed]
01-05 07:08:25.877 2552 2552 I wm_on_paused_called: [100422675,com.android.launcher3.uioverrides.QuickstepLauncher,performPause]
01-05 07:08:25.878 1490 2916 I ActivityTaskManager: FOREGROUND_APPLICATION_CHANGED to com.tencent.tmgp.sgame.SGameActivity
01-05 07:08:25.879 1490 2916 I wm_set_resumed_activity: [0,com.tencent.tmgp.sgame/.SGameActivity,resumeTopActivityInnerLocked]
01-05 07:08:25.880 1490 2916 I wm_add_to_stopping: [0,100422675,com.android.launcher3/.uioverrides.QuickstepLauncher,makeInvisible]
01-05 07:08:25.882 1490 2916 I wm_resume_activity: [0,201917619,66,com.tencent.tmgp.sgame/.SGameActivity]
01-05 07:08:25.892 1490 1567 I sysui_multi_action: [757,803,799,window_time_0,802,0]
01-05 07:08:25.899 1490 1741 I input_focus: [Focus leaving 32d6428 com.android.launcher3/com.android.launcher3.uioverrides.QuickstepLauncher (server),reason=NO_WINDOW]
01-05 07:08:25.903 8773 8773 I wm_on_restart_called: [201917619,com.tencent.tmgp.sgame.SGameActivity,performRestartActivity]
01-05 07:08:25.903 8773 8773 I wm_on_start_called: [201917619,com.tencent.tmgp.sgame.SGameActivity,handleStartActivity]
01-05 07:08:25.907 8773 8773 I wm_on_resume_called: [201917619,com.tencent.tmgp.sgame.SGameActivity,RESUME_ACTIVITY]
01-05 07:08:25.907 8773 8773 I wm_on_top_resumed_gained_called: [201917619,com.tencent.tmgp.sgame.SGameActivity,topWhenResuming]
01-05 07:08:25.919 1490 1569 I input_focus: [Focus request 8beefb7 com.tencent.tmgp.sgame/com.tencent.tmgp.sgame.SGameActivity,reason=UpdateInputWindows]
01-05 07:08:25.925 2382 3732 W ContextImpl: Calling a method in the system process without a qualified user: android.app.ContextImpl.startService:1816 android.content.ContextWrapper.startService:774 com.thundercomm.gamemode.ingame.services.GameModeActionUtils.startGameModeService:99 com.thundercomm.gamemode.ingame.services.GameModeActionUtils.startGameModeEntry:22 com.thundercomm.gamemode.ingame.services.ActivityMonitoringService$1.onActivityLaunch:129
01-05 07:08:25.932 1490 1490 I GameModeConfig: Current uri is uri = content://com.thundercomm.gamemode.api/gamemode_settings/gamemode_isgaming
01-05 07:08:25.938 1490 1490 I GameModeConfig: isGameModeOn = true
01-05 07:08:25.938 1490 1490 I GameModeConfig: isGaming = true
01-05 07:08:25.938 1490 1490 I GameModeConfig: isDisableNotification = true
01-05 07:08:25.939 1490 1490 I GameModeConfig: isGameModeOn = true
01-05 07:08:25.939 1490 1490 I GameModeConfig: isGaming = true
01-05 07:08:25.939 1490 1490 I GameModeConfig: isDisableNotification = true
01-05 07:08:25.940 1490 1741 I input_focus: [Focus entering 8beefb7 com.tencent.tmgp.sgame/com.tencent.tmgp.sgame.SGameActivity (server),reason=setFocusedWindow]
01-05 07:08:25.946 1490 1564 I sysui_multi_action: [319,30,321,28,322,59,325,9465,757,761,758,9,759,4,806,com.tencent.tmgp.sgame,871,com.tencent.tmgp.sgame.SGameActivity,904,com.tencent.tmgp.sgame,905,0,1320,4,1321,4]
01-05 07:08:25.954 1490 2029 D CompatibilityChangeReporter: Compat change id reported: 168419799; UID 1000; state: DISABLED
01-05 07:08:25.991 2382 3732 W ContextImpl: Calling a method in the system process without a qualified user: android.app.ContextImpl.startService:1816 android.content.ContextWrapper.startService:774 com.thundercomm.gamemode.ingame.services.GameModeActionUtils.startGameModeService:99 com.thundercomm.gamemode.ingame.services.GameModeActionUtils.startGameModeEntry:22 com.thundercomm.gamemode.ingame.services.ActivityMonitoringService$1.onActivityLaunch:129
01-05 07:08:25.994 1490 1490 I GameModeConfig: Current uri is uri = content://com.thundercomm.gamemode.api/gamemode_settings/gamemode_isgaming
01-05 07:08:25.997 1490 1490 I GameModeConfig: isGameModeOn = true
01-05 07:08:25.997 1490 1490 I GameModeConfig: isGaming = true
01-05 07:08:25.997 1490 1490 I GameModeConfig: isDisableNotification = true
01-05 07:08:25.997 1490 1490 I GameModeConfig: isGameModeOn = true
01-05 07:08:25.997 1490 1490 I GameModeConfig: isGaming = true
01-05 07:08:25.997 1490 1490 I GameModeConfig: isDisableNotification = true
01-05 07:08:26.129 1490 1716 I commit_sys_config_file: [settings-1-0,15]
01-05 07:08:26.250 1490 1567 I wm_stop_activity: [0,100422675,com.android.launcher3/.uioverrides.QuickstepLauncher]
01-05 07:08:26.281 1490 2488 W FreeFormWindowHelper: exitRecentTasks type=0
01-05 07:08:26.307 2552 2552 I wm_on_stop_called: [100422675,com.android.launcher3.uioverrides.QuickstepLauncher,STOP_ACTIVITY_ITEM]
01-05 07:08:26.318 1490 4753 D CompatibilityChangeReporter: Compat change id reported: 157929241; UID 10081; state: LOGGED
01-05 07:08:26.322 2382 3732 W ContextImpl: Calling a method in the system process without a qualified user: android.app.ContextImpl.startService:1816 android.content.ContextWrapper.startService:774 com.thundercomm.gamemode.ingame.services.GameModeActionUtils.startGameModeService:99 com.thundercomm.gamemode.ingame.services.GameModeActionUtils.startGameModeEntry:22 com.thundercomm.gamemode.ingame.services.ActivityMonitoringService$1.onActivityLaunch:129
01-05 07:08:26.325 1490 1490 I GameModeConfig: Current uri is uri = content://com.thundercomm.gamemode.api/gamemode_settings/gamemode_isgaming
01-05 07:08:26.327 1490 1490 I GameModeConfig: isGameModeOn = true
01-05 07:08:26.327 1490 1490 I GameModeConfig: isGaming = true
01-05 07:08:26.327 1490 1490 I GameModeConfig: isDisableNotification = true
01-05 07:08:26.328 1490 1490 I GameModeConfig: isGameModeOn = true
01-05 07:08:26.328 1490 1490 I GameModeConfig: isGaming = true
01-05 07:08:26.328 1490 1490 I GameModeConfig: isDisableNotification = true
01-05 07:08:26.359 0 0 I auditd : type=1400 audit(0.0:8342): avc: denied { kill } for comm="swapper/0" capability=5 scontext=u:r:kernel:s0 tcontext=u:r:kernel:s0 tclass=capability permissive=0
01-05 07:08:28.885 1490 2764 E TaskPersister: File error accessing recents directory (directory doesn't exist?).
01-05 07:08:29.359 0 0 I auditd : type=1400 audit(0.0:8343): avc: denied { kill } for comm="swapper/0" capability=5 scontext=u:r:kernel:s0 tcontext=u:r:kernel:s0 tclass=capability permissive=0
01-05 07:08:30.359 0 0 I auditd : type=1400 audit(0.0:8344): avc: denied { kill } for comm="swapper/0" capability=5 scontext=u:r:kernel:s0 tcontext=u:r:kernel:s0 tclass=capability permissive=0
01-05 07:08:31.252 2207 2207 I force_gc: mem
01-05 07:08:31.359 0 0 I auditd : type=1400 audit(0.0:8345): avc: denied { kill } for comm="swapper/0" capability=5 scontext=u:r:kernel:s0 tcontext=u:r:kernel:s0 tclass=capability permissive=0
01-05 07:08:32.359 0 0 I auditd : type=1400 audit(0.0:8346): avc: denied { kill } for comm="swapper/0" capability=5 scontext=u:r:kernel:s0 tcontext=u:r:kernel:s0 tclass=capability permissive=0
01-05 07:08:33.359 8563 8563 I auditd : type=1400 audit(0.0:8347): avc: denied { kill } for comm="kworker/u16:0" capability=5 scontext=u:r:kernel:s0 tcontext=u:r:kernel:s0 tclass=capability permissive=0
01-05 07:08:34.359 1555 1555 I auditd : type=1400 audit(0.0:8348): avc: denied { kill } for comm="irq/394-atmel_m" capability=5 scontext=u:r:kernel:s0 tcontext=u:r:kernel:s0 tclass=capability permissive=0
01-05 07:08:35.057 1490 1741 I input_interaction: Interaction with: fd0d677 gamemode.floatview (server), edge-swipe (server), swipe-up (server), PointerEventDispatcher0 (server),
01-05 07:08:36.777 1490 1741 I input_interaction: Interaction with: 76371d6 gamemode.menuview (server), edge-swipe (server), swipe-up (server), PointerEventDispatcher0 (server),
01-05 07:08:38.359 0 0 I auditd : type=1400 audit(0.0:8349): avc: denied { kill } for comm="swapper/2" capability=5 scontext=u:r:kernel:s0 tcontext=u:r:kernel:s0 tclass=capability permissive=0
01-05 07:08:40.205 2177 2177 I force_gc: mem
01-05 07:08:40.553 2382 2382 W ContextImpl: Calling a method in the system process without a qualified user: android.app.ContextImpl.startService:1816 com.thundercomm.gamemode.ingame.services.GameModeActionUtils.startGameModeService:99 com.thundercomm.gamemode.ingame.services.GameModeActionUtils.runTakeScreenShot:32 com.thundercomm.gamemode.ingame.ui.view.MenuView.onCheckedChanged:295 com.thundercomm.gamemode.view.CusCheckItem$1.onClick:86
01-05 07:08:40.578 1490 2488 I DisplayDeviceRepository: Display device added: DisplayDeviceInfo{"ScreenShot": uniqueId="virtual:com.thundercomm.gamemode,1000,ScreenShot,0", 2560 x 1080, modeId 2, defaultModeId 2, supportedModes [{id=2, width=2560, height=1080, fps=60.0, alternativeRefreshRates=[]}], colorMode 0, supportedColorModes [0], hdrCapabilities null, allmSupported false, gameContentTypeSupported false, density 1, 1.0 x 1.0 dpi, appVsyncOff 0, presDeadline 16666666, touch NONE, rotation 0, type VIRTUAL, deviceProductInfo null, state ON, owner com.thundercomm.gamemode (uid 1000), frameRateOverride , brightnessMinimum 0.0, brightnessMaximum 0.0, brightnessDefault 0.0, FLAG_PRIVATE}
01-05 07:08:40.580 1490 2488 I LogicalDisplayMapper: Applying layout: [{addr: {port=129, model=0x40446d97fee5e6}, dispId: 0(ON)}], Previous layout: [{addr: {port=129, model=0x40446d97fee5e6}, dispId: 0(ON)}]
01-05 07:08:40.580 1490 2488 I LogicalDisplayMapper: Adding new display: 2: DisplayInfo{"ScreenShot", displayId 2", displayGroupId -1, FLAG_PRIVATE, real 2560 x 1080, largest app 2560 x 1080, smallest app 2560 x 1080, appVsyncOff 0, presDeadline 16666666, mode 2, defaultMode 2, modes [{id=2, width=2560, height=1080, fps=60.0, alternativeRefreshRates=[]}], hdrCapabilities null, userDisabledHdrTypes [], minimalPostProcessingSupported false, rotation 0, state ON, type VIRTUAL, uniqueId "virtual:com.thundercomm.gamemode,1000,ScreenShot,0", app 2560 x 1080, density 1 (1.0 x 1.0) dpi, layerStack 2, colorMode 0, supportedColorModes [0], deviceProductInfo null, owner com.thundercomm.gamemode (uid 1000), removeMode 1, refreshRateOverride 0.0, brightnessMinimum 0.0, brightnessMaximum 0.0, brightnessDefault 0.0}
01-05 07:08:40.580 1490 2488 I LogicalDisplayMapper: Setting new display group 0 for display 2, from previous group: null
01-05 07:08:40.583 1490 2488 W DisplayPowerController[2]: Screen brightness nits configuration is unavailable; falling back
01-05 07:08:40.599 1490 1618 V DisplayPowerController[2]: Brightness [0.0] reason changing to: 'manual', previous reason: '0'.
01-05 07:08:40.601 1490 1565 W DisplayManagerService: Display DisplayDeviceInfo{"ScreenShot": uniqueId="virtual:com.thundercomm.gamemode,1000,ScreenShot,0", 2560 x 1080, modeId 2, defaultModeId 2, supportedModes [{id=2, width=2560, height=1080, fps=60.0, alternativeRefreshRates=[]}], colorMode 0, supportedColorModes [0], hdrCapabilities null, allmSupported false, gameContentTypeSupported false, density 1, 1.0 x 1.0 dpi, appVsyncOff 0, presDeadline 16666666, touch NONE, rotation 0, type VIRTUAL, deviceProductInfo null, state ON, owner com.thundercomm.gamemode (uid 1000), frameRateOverride , brightnessMinimum 0.0, brightnessMaximum 0.0, brightnessDefault 0.0, FLAG_PRIVATE} does not support input device matching.
01-05 07:08:40.602 1490 1565 W DisplayManagerService: Display DisplayDeviceInfo{"ScreenShot": uniqueId="virtual:com.thundercomm.gamemode,1000,ScreenShot,0", 2560 x 1080, modeId 2, defaultModeId 2, supportedModes [{id=2, width=2560, height=1080, fps=60.0, alternativeRefreshRates=[]}], colorMode 0, supportedColorModes [0], hdrCapabilities null, allmSupported false, gameContentTypeSupported false, density 1, 1.0 x 1.0 dpi, appVsyncOff 0, presDeadline 16666666, touch NONE, rotation 0, type VIRTUAL, deviceProductInfo null, state ON, owner com.thundercomm.gamemode (uid 1000), frameRateOverride , brightnessMinimum 0.0, brightnessMaximum 0.0, brightnessDefault 0.0, FLAG_PRIVATE} does not support input device matching.
01-05 07:08:40.605 1490 1565 W WindowManager: Unable to take screenshot of display 2
01-05 07:08:40.605 1490 1565 I WindowManager: Override config changes=20005df8 {0.0 ?mcc?mnc ?localeList ?layoutDir sw172800dp w409600dp h172800dp 1dpi xlrg long land ?uimode ?night -touch -keyb/v/h -nav/h winConfig={ mBounds=Rect(0, 0 - 2560, 1080) mAppBounds=Rect(0, 0 - 2560, 1080) mMaxBounds=Rect(0, 0 - 2560, 1080) mWindowingMode=fullscreen mDisplayWindowingMode=fullscreen mActivityType=undefined mAlwaysOnTop=undefined mRotation=ROTATION_0} ?fontWeightAdjustment} for displayId=2
01-05 07:08:40.606 1490 1565 I sysui_multi_action: [757,1659,758,4,759,2,1660,2]
01-05 07:08:40.606 1991 1991 W DisplayController: Skipping Display Configuration change on non-added display.
01-05 07:08:40.607 1490 1565 W DisplayManagerService: Display DisplayDeviceInfo{"ScreenShot": uniqueId="virtual:com.thundercomm.gamemode,1000,ScreenShot,0", 2560 x 1080, modeId 2, defaultModeId 2, supportedModes [{id=2, width=2560, height=1080, fps=60.0, alternativeRefreshRates=[]}], colorMode 0, supportedColorModes [0], hdrCapabilities null, allmSupported false, gameContentTypeSupported false, density 1, 1.0 x 1.0 dpi, appVsyncOff 0, presDeadline 16666666, touch NONE, rotation 0, type VIRTUAL, deviceProductInfo null, state ON, owner com.thundercomm.gamemode (uid 1000), frameRateOverride , brightnessMinimum 0.0, brightnessMaximum 0.0, brightnessDefault 0.0, FLAG_PRIVATE} does not support input device matching.
01-05 07:08:40.608 1490 1565 I WindowManager: Screen frozen for +4ms due to new-config
01-05 07:08:40.613 1490 1569 W DisplayManagerService: Display DisplayDeviceInfo{"ScreenShot": uniqueId="virtual:com.thundercomm.gamemode,1000,ScreenShot,0", 2560 x 1080, modeId 2, defaultModeId 2, supportedModes [{id=2, width=2560, height=1080, fps=60.0, alternativeRefreshRates=[]}], colorMode 0, supportedColorModes [0], hdrCapabilities null, allmSupported false, gameContentTypeSupported false, density 1, 1.0 x 1.0 dpi, appVsyncOff 0, presDeadline 16666666, touch NONE, rotation 0, type VIRTUAL, deviceProductInfo null, state ON, owner com.thundercomm.gamemode (uid 1000), frameRateOverride , brightnessMinimum 0.0, brightnessMaximum 0.0, brightnessDefault 0.0, FLAG_PRIVATE} does not support input device matching.
01-05 07:08:40.676 1490 4753 I DisplayDeviceRepository: Display device removed: DisplayDeviceInfo{"ScreenShot": uniqueId="virtual:com.thundercomm.gamemode,1000,ScreenShot,0", 2560 x 1080, modeId 2, defaultModeId 2, supportedModes [{id=2, width=2560, height=1080, fps=60.0, alternativeRefreshRates=[]}], colorMode 0, supportedColorModes [0], hdrCapabilities null, allmSupported false, gameContentTypeSupported false, density 1, 1.0 x 1.0 dpi, appVsyncOff 0, presDeadline 16666666, touch NONE, rotation 0, type VIRTUAL, deviceProductInfo null, state ON, owner com.thundercomm.gamemode (uid 1000), frameRateOverride , brightnessMinimum 0.0, brightnessMaximum 0.0, brightnessDefault 0.0, FLAG_PRIVATE}
01-05 07:08:40.680 1490 4753 I LogicalDisplayMapper: Removing display: 2
01-05 07:08:40.681 1490 7102 D CompatibilityChangeReporter: Compat change id reported: 149924527; UID 1000; state: ENABLED
01-05 07:08:40.682 1490 7102 D CompatibilityChangeReporter: Compat change id reported: 132649864; UID 1000; state: DISABLED
01-05 07:08:40.687 1490 7102 D CompatibilityChangeReporter: Compat change id reported: 178209446; UID 1000; state: ENABLED
01-05 07:08:40.687 1490 7102 D CompatibilityChangeReporter: Compat change id reported: 178209446; UID 1000; state: DISABLED
01-05 07:08:42.359 0 0 I auditd : type=1400 audit(0.0:8350): avc: denied { kill } for comm="swapper/1" capability=5 scontext=u:r:kernel:s0 tcontext=u:r:kernel:s0 tclass=capability permissive=0
01-05 07:08:42.449 1490 4753 D CompatibilityChangeReporter: Compat change id reported: 182734110; UID 1000; state: ENABLED
01-05 07:08:42.450 1490 4753 D CompatibilityChangeReporter: Compat change id reported: 182734110; UID 1000; state: DISABLED
01-05 07:08:42.451 1490 7102 D CompatibilityChangeReporter: Compat change id reported: 172100307; UID 1000; state: ENABLED
01-05 07:08:42.451 1490 7102 D CompatibilityChangeReporter: Compat change id reported: 172100307; UID 1000; state: DISABLED
01-05 07:08:44.359 0 0 I auditd : type=1400 audit(0.0:8351): avc: denied { kill } for comm="swapper/1" capability=5 scontext=u:r:kernel:s0 tcontext=u:r:kernel:s0 tclass=capability permissive=0
01-05 07:08:45.202 2239 2239 I force_gc: mem
01-05 07:08:45.356 1490 1741 I input_interaction: Interaction with: 8beefb7 com.tencent.tmgp.sgame/com.tencent.tmgp.sgame.SGameActivity (server), edge-swipe (server), swipe-up (server), PointerEventDispatcher0 (server),
01-05 07:08:45.359 0 0 I auditd : type=1400 audit(0.0:8352): avc: denied { kill } for comm="swapper/3" capability=5 scontext=u:r:kernel:s0 tcontext=u:r:kernel:s0 tclass=capability permissive=0
01-05 07:08:45.956 1490 1741 I input_interaction: Interaction with: ec7b87a StatusBar (server), edge-swipe (server), swipe-up (server), PointerEventDispatcher0 (server),
01-05 07:08:45.962 1991 1991 I sysui_multi_action: [757,803,799,panel_open,802,1]
01-05 07:08:45.964 1991 1991 I sysui_multi_action: [757,1328,758,4,1326,51,1327,0,1329,0]
01-05 07:08:45.985 1490 4753 W NotificationService: Toast already killed. pkg=com.thundercomm.gamemode token=android.os.BinderProxy@b411293
01-05 07:08:46.044 1490 7102 I sysui_multi_action: [757,127,758,1]
01-05 07:08:46.044 1490 7102 I sysui_multi_action: [757,804,799,note_load,801,2,802,1]
01-05 07:08:46.044 1490 7102 I notification_panel_revealed: 2
01-05 07:08:46.059 1490 1569 I input_focus: [Focus request 800ae9 NotificationShade,reason=UpdateInputWindows]
01-05 07:08:46.069 1490 4753 I sysui_multi_action: [757,128,758,1,793,9475905,794,0,795,9475905,796,26,798,0,806,android,857,DEVELOPER_IMPORTANT,858,4,947,0,1395,2,1500,9475520,1688,1]
01-05 07:08:46.069 1490 4753 I sysui_multi_action: [757,804,799,note_freshness,801,9475905,802,1]
01-05 07:08:46.069 1490 4753 I notification_visibility: [-1|android|26|null|1000,1,9475905,9475905,0,0]
01-05 07:08:46.069 1490 4753 I sysui_multi_action: [757,128,758,1,793,9476698,794,0,795,9476698,796,32,798,1,806,android,857,USB,858,1,947,0,1395,2,1500,9476440,1688,1]
01-05 07:08:46.069 1490 4753 I sysui_multi_action: [757,804,799,note_freshness,801,9476698,802,1]
01-05 07:08:46.069 1490 4753 I notification_visibility: [-1|android|32|null|1000,1,9476698,9476698,0,1]
01-05 07:08:46.083 1490 1741 I input_focus: [Focus leaving 8beefb7 com.tencent.tmgp.sgame/com.tencent.tmgp.sgame.SGameActivity (server),reason=setFocusedWindow]
01-05 07:08:46.083 1490 1741 I input_focus: [Focus entering 800ae9 NotificationShade (server),reason=setFocusedWindow]
01-05 07:08:46.113 1991 1991 I sysui_multi_action: [757,111,758,1]
01-05 07:08:46.114 1991 1991 I sysui_multi_action: [757,126,758,1,759,126,927,0,928,1,1593,0]
01-05 07:08:46.114 1991 1991 I sysui_multi_action: [757,113,758,1,759,113,927,1,928,1,1593,0]
01-05 07:08:46.114 1991 1991 I sysui_multi_action: [757,0,758,1,759,0,927,2,928,0,1593,0]
01-05 07:08:46.114 1991 1991 I sysui_multi_action: [757,0,758,1,759,0,927,3,928,0,1593,0]
01-05 07:08:46.115 1991 1991 I sysui_multi_action: [757,491,758,1,759,491,927,4,928,0,1311,-1,1593,0]
01-05 07:08:46.115 1991 1991 I sysui_multi_action: [757,0,758,1,759,0,927,5,928,0,1593,0]
01-05 07:08:46.115 1991 1991 I sysui_multi_action: [757,111,758,1]
01-05 07:08:46.116 1991 1991 I sysui_multi_action: [757,126,758,1,759,126,927,0,928,1,1593,0]
01-05 07:08:46.116 1991 1991 I sysui_multi_action: [757,113,758,1,759,113,927,1,928,1,1593,0]
01-05 07:08:46.116 1991 1991 I sysui_multi_action: [757,0,758,1,759,0,927,2,928,0,1593,0]
01-05 07:08:46.116 1991 1991 I sysui_multi_action: [757,0,758,1,759,0,927,3,928,0,1593,0]
01-05 07:08:46.359 0 0 I auditd : type=1400 audit(0.0:8353): avc: denied { kill } for comm="swapper/3" capability=5 scontext=u:r:kernel:s0 tcontext=u:r:kernel:s0 tclass=capability permissive=0
01-05 07:08:47.218 1490 1741 I input_interaction: Interaction with: 800ae9 NotificationShade (server), edge-swipe (server), swipe-up (server), PointerEventDispatcher0 (server),
01-05 07:08:47.731 1490 1873 I GameModeConfig: isGameModeOn = true
01-05 07:08:47.731 1490 1873 I GameModeConfig: isGaming = true
01-05 07:08:47.731 1490 1873 I GameModeConfig: isDisableNotification = true
01-05 07:08:47.731 1490 1873 I GameModeConfig: isGameModeOn = true
01-05 07:08:47.731 1490 1873 I GameModeConfig: isGaming = true
01-05 07:08:47.731 1490 1873 I GameModeConfig: isDisableNotification = true
01-05 07:08:47.732 1490 1873 I GameModeConfig: isGameModeOn = true
01-05 07:08:47.732 1490 1873 I GameModeConfig: isGaming = true
01-05 07:08:47.732 1490 1873 I GameModeConfig: isDisableNotification = true
01-05 07:08:47.732 1490 1873 I GameModeConfig: isGameModeOn = true
01-05 07:08:47.732 1490 1873 I GameModeConfig: isGaming = true
01-05 07:08:47.732 1490 1873 I GameModeConfig: isDisableNotification = true
01-05 07:08:47.732 1490 1873 I GameModeConfig: isGameModeOn = true
01-05 07:08:47.732 1490 1873 I GameModeConfig: isGaming = true
01-05 07:08:47.733 1490 1873 I GameModeConfig: isDisableNotification = true
01-05 07:08:47.733 1490 1873 I GameModeConfig: isGameModeOn = true
01-05 07:08:47.733 1490 1873 I GameModeConfig: isGaming = true
01-05 07:08:47.733 1490 1873 I GameModeConfig: isDisableNotification = true
01-05 07:08:47.733 1490 1873 I GameModeConfig: isGameModeOn = true
01-05 07:08:47.733 1490 1873 I GameModeConfig: isGaming = true
01-05 07:08:47.733 1490 1873 I GameModeConfig: isDisableNotification = true
01-05 07:08:47.733 1490 1873 I GameModeConfig: isGameModeOn = true
01-05 07:08:47.733 1490 1873 I GameModeConfig: isGaming = true
01-05 07:08:47.733 1490 1873 I GameModeConfig: isDisableNotification = true
01-05 07:08:47.735 1490 1490 I notification_enqueue: [10081,1991,com.android.systemui,2048,NULL,0,Notification(channel=updateNotification shortcut=null contentView=null vibrate=null sound=null defaults=0x0 flags=0x0 color=0x00000000 vis=PRIVATE),1]
01-05 07:08:47.736 1991 1991 I sysui_multi_action: [757,111,758,2]
01-05 07:08:47.736 1991 1991 I sysui_multi_action: [757,111,758,2]
01-05 07:08:47.894 1490 1569 I input_focus: [Focus request 8beefb7 com.tencent.tmgp.sgame/com.tencent.tmgp.sgame.SGameActivity,reason=UpdateInputWindows]
