01-05 07:07:38.740 1490 1490 I commit_sys_config_file: [display-state,7854776]
01-05 07:07:38.743 1490 1618 V DisplayPowerController[0]: Brightness [0.43434343] manual adjustment.
01-05 07:07:38.748 1490 1966 E DisplayDeviceConfig: requesting nits when no mapping exists.
01-05 07:07:38.749 1490 1966 E DisplayDeviceConfig: requesting nits when no mapping exists.
01-05 07:07:38.749 1490 1582 I am_wtf : [0,1490,system_server,-1,DisplayDeviceConfig,requesting nits when no mapping exists.]
01-05 07:07:38.749 1490 1582 I am_wtf : [0,1490,system_server,-1,DisplayDeviceConfig,requesting nits when no mapping exists.]
01-05 07:07:38.757 1490 1490 I commit_sys_config_file: [display-state,7854793]
01-05 07:07:38.759 1490 1618 V DisplayPowerController[0]: Brightness [0.3838384] manual adjustment.
01-05 07:07:38.764 1490 1966 E DisplayDeviceConfig: requesting nits when no mapping exists.
01-05 07:07:38.764 1490 1966 E DisplayDeviceConfig: requesting nits when no mapping exists.
01-05 07:07:38.765 1490 1582 I am_wtf : [0,1490,system_server,-1,DisplayDeviceConfig,requesting nits when no mapping exists.]
01-05 07:07:38.765 1490 1582 I am_wtf : [0,1490,system_server,-1,DisplayDeviceConfig,requesting nits when no mapping exists.]
01-05 07:07:38.771 1490 1490 I commit_sys_config_file: [display-state,7854807]
01-05 07:07:38.774 1490 1618 V DisplayPowerController[0]: Brightness [0.33333334] manual adjustment.
01-05 07:07:38.781 1490 1966 E DisplayDeviceConfig: requesting nits when no mapping exists.
01-05 07:07:38.781 1490 1966 E DisplayDeviceConfig: requesting nits when no mapping exists.
01-05 07:07:38.781 1490 1582 I am_wtf : [0,1490,system_server,-1,DisplayDeviceConfig,requesting nits when no mapping exists.]
01-05 07:07:38.782 1490 1582 I am_wtf : [0,1490,system_server,-1,DisplayDeviceConfig,requesting nits when no mapping exists.]
01-05 07:07:38.790 1490 1490 I commit_sys_config_file: [display-state,7854826]
01-05 07:07:38.792 1490 1618 V DisplayPowerController[0]: Brightness [0.2929293] manual adjustment.
01-05 07:07:38.799 1490 1966 E DisplayDeviceConfig: requesting nits when no mapping exists.
01-05 07:07:38.799 1490 1966 E DisplayDeviceConfig: requesting nits when no mapping exists.
01-05 07:07:38.799 1490 1582 I am_wtf : [0,1490,system_server,-1,DisplayDeviceConfig,requesting nits when no mapping exists.]
01-05 07:07:38.800 1490 1582 I am_wtf : [0,1490,system_server,-1,DisplayDeviceConfig,requesting nits when no mapping exists.]
01-05 07:07:38.819 1490 1490 I commit_sys_config_file: [display-state,7854855]
01-05 07:07:38.820 1490 1966 E DisplayDeviceConfig: requesting nits when no mapping exists.
01-05 07:07:38.822 1490 1618 V DisplayPowerController[0]: Brightness [0.24242425] manual adjustment.
01-05 07:07:38.825 1490 1966 E DisplayDeviceConfig: requesting nits when no mapping exists.
01-05 07:07:38.826 1490 1582 I am_wtf : [0,1490,system_server,-1,DisplayDeviceConfig,requesting nits when no mapping exists.]
01-05 07:07:38.827 1490 1582 I am_wtf : [0,1490,system_server,-1,DisplayDeviceConfig,requesting nits when no mapping exists.]
01-05 07:07:38.831 1490 1966 E DisplayDeviceConfig: requesting nits when no mapping exists.
01-05 07:07:38.832 1490 1966 E DisplayDeviceConfig: requesting nits when no mapping exists.
01-05 07:07:38.832 1490 1582 I am_wtf : [0,1490,system_server,-1,DisplayDeviceConfig,requesting nits when no mapping exists.]
01-05 07:07:38.833 1490 1582 I am_wtf : [0,1490,system_server,-1,DisplayDeviceConfig,requesting nits when no mapping exists.]
01-05 07:07:38.837 1490 1490 I commit_sys_config_file: [display-state,7854873]
01-05 07:07:38.838 1490 1618 V DisplayPowerController[0]: Brightness [0.16161616] manual adjustment.
01-05 07:07:38.848 1490 1966 E DisplayDeviceConfig: requesting nits when no mapping exists.
01-05 07:07:38.849 1490 1582 I am_wtf : [0,1490,system_server,-1,DisplayDeviceConfig,requesting nits when no mapping exists.]
01-05 07:07:38.849 1490 1966 E DisplayDeviceConfig: requesting nits when no mapping exists.
01-05 07:07:38.849 1490 1582 I am_wtf : [0,1490,system_server,-1,DisplayDeviceConfig,requesting nits when no mapping exists.]
01-05 07:07:38.855 1490 1490 I commit_sys_config_file: [display-state,7854891]
01-05 07:07:38.856 1490 1618 V DisplayPowerController[0]: Brightness [0.14141414] manual adjustment.
01-05 07:07:38.864 1490 1966 E DisplayDeviceConfig: requesting nits when no mapping exists.
01-05 07:07:38.865 1490 1966 E DisplayDeviceConfig: requesting nits when no mapping exists.
01-05 07:07:38.865 1490 1582 I am_wtf : [0,1490,system_server,-1,DisplayDeviceConfig,requesting nits when no mapping exists.]
01-05 07:07:38.866 1490 1582 I am_wtf : [0,1490,system_server,-1,DisplayDeviceConfig,requesting nits when no mapping exists.]
01-05 07:07:38.876 1490 1490 I commit_sys_config_file: [display-state,7854912]
01-05 07:07:38.877 1490 1618 V DisplayPowerController[0]: Brightness [0.1010101] manual adjustment.
01-05 07:07:38.881 1490 1966 E DisplayDeviceConfig: requesting nits when no mapping exists.
01-05 07:07:38.881 1490 1966 E DisplayDeviceConfig: requesting nits when no mapping exists.
01-05 07:07:38.881 1490 1582 I am_wtf : [0,1490,system_server,-1,DisplayDeviceConfig,requesting nits when no mapping exists.]
01-05 07:07:38.883 1490 1582 I am_wtf : [0,1490,system_server,-1,DisplayDeviceConfig,requesting nits when no mapping exists.]
01-05 07:07:38.885 1490 1490 I commit_sys_config_file: [display-state,7854921]
01-05 07:07:38.887 1490 1618 V DisplayPowerController[0]: Brightness [0.060606062] manual adjustment.
01-05 07:07:38.888 1490 1716 I commit_sys_config_file: [settings-1-0,5]
01-05 07:07:38.899 1490 1966 E DisplayDeviceConfig: requesting nits when no mapping exists.
01-05 07:07:38.900 1490 1966 E DisplayDeviceConfig: requesting nits when no mapping exists.
01-05 07:07:38.900 1490 1582 I am_wtf : [0,1490,system_server,-1,DisplayDeviceConfig,requesting nits when no mapping exists.]
01-05 07:07:38.901 1490 1582 I am_wtf : [0,1490,system_server,-1,DisplayDeviceConfig,requesting nits when no mapping exists.]
01-05 07:07:38.906 1490 1490 I commit_sys_config_file: [display-state,7854942]
01-05 07:07:38.907 1490 1618 V DisplayPowerController[0]: Brightness [0.0] manual adjustment.
01-05 07:07:38.915 1490 1966 E DisplayDeviceConfig: requesting nits when no mapping exists.
01-05 07:07:38.915 1490 1966 E DisplayDeviceConfig: requesting nits when no mapping exists.
01-05 07:07:38.915 1490 1582 I am_wtf : [0,1490,system_server,-1,DisplayDeviceConfig,requesting nits when no mapping exists.]
01-05 07:07:38.917 1490 1582 I am_wtf : [0,1490,system_server,-1,DisplayDeviceConfig,requesting nits when no mapping exists.]
01-05 07:07:38.931 1490 1966 E DisplayDeviceConfig: requesting nits when no mapping exists.
01-05 07:07:38.932 1490 1582 I am_wtf : [0,1490,system_server,-1,DisplayDeviceConfig,requesting nits when no mapping exists.]
01-05 07:07:38.933 1490 1966 E DisplayDeviceConfig: requesting nits when no mapping exists.
01-05 07:07:38.933 1490 1582 I am_wtf : [0,1490,system_server,-1,DisplayDeviceConfig,requesting nits when no mapping exists.]
01-05 07:07:38.949 1490 1966 E DisplayDeviceConfig: requesting nits when no mapping exists.
01-05 07:07:38.950 1490 1582 I am_wtf : [0,1490,system_server,-1,DisplayDeviceConfig,requesting nits when no mapping exists.]
01-05 07:07:38.950 1490 1966 E DisplayDeviceConfig: requesting nits when no mapping exists.
01-05 07:07:38.951 1490 1582 I am_wtf : [0,1490,system_server,-1,DisplayDeviceConfig,requesting nits when no mapping exists.]
01-05 07:07:38.966 1490 1966 E DisplayDeviceConfig: requesting nits when no mapping exists.
01-05 07:07:38.966 1490 1966 E DisplayDeviceConfig: requesting nits when no mapping exists.
01-05 07:07:38.966 1490 1582 I am_wtf : [0,1490,system_server,-1,DisplayDeviceConfig,requesting nits when no mapping exists.]
01-05 07:07:38.967 1490 1582 I am_wtf : [0,1490,system_server,-1,DisplayDeviceConfig,requesting nits when no mapping exists.]
01-05 07:07:38.981 1490 1966 E DisplayDeviceConfig: requesting nits when no mapping exists.
01-05 07:07:38.982 1490 1966 E DisplayDeviceConfig: requesting nits when no mapping exists.
01-05 07:07:38.982 1490 1582 I am_wtf : [0,1490,system_server,-1,DisplayDeviceConfig,requesting nits when no mapping exists.]
01-05 07:07:38.984 1490 1582 I am_wtf : [0,1490,system_server,-1,DisplayDeviceConfig,requesting nits when no mapping exists.]
01-05 07:07:38.998 1490 1966 E DisplayDeviceConfig: requesting nits when no mapping exists.
01-05 07:07:38.999 1490 1966 E DisplayDeviceConfig: requesting nits when no mapping exists.
01-05 07:07:38.999 1490 1582 I am_wtf : [0,1490,system_server,-1,DisplayDeviceConfig,requesting nits when no mapping exists.]
01-05 07:07:39.000 1490 1582 I am_wtf : [0,1490,system_server,-1,DisplayDeviceConfig,requesting nits when no mapping exists.]
01-05 07:07:39.015 1490 1966 E DisplayDeviceConfig: requesting nits when no mapping exists.
01-05 07:07:39.015 1490 1966 E DisplayDeviceConfig: requesting nits when no mapping exists.
01-05 07:07:39.015 1490 1582 I am_wtf : [0,1490,system_server,-1,DisplayDeviceConfig,requesting nits when no mapping exists.]
01-05 07:07:39.016 1490 1582 I am_wtf : [0,1490,system_server,-1,DisplayDeviceConfig,requesting nits when no mapping exists.]
01-05 07:07:39.031 1490 1966 E DisplayDeviceConfig: requesting nits when no mapping exists.
01-05 07:07:39.032 1490 1582 I am_wtf : [0,1490,system_server,-1,DisplayDeviceConfig,requesting nits when no mapping exists.]
01-05 07:07:39.032 1490 1966 E DisplayDeviceConfig: requesting nits when no mapping exists.
01-05 07:07:39.033 1490 1582 I am_wtf : [0,1490,system_server,-1,DisplayDeviceConfig,requesting nits when no mapping exists.]
01-05 07:07:39.048 1490 1966 E DisplayDeviceConfig: requesting nits when no mapping exists.
01-05 07:07:39.049 1490 1966 E DisplayDeviceConfig: requesting nits when no mapping exists.
01-05 07:07:39.049 1490 1582 I am_wtf : [0,1490,system_server,-1,DisplayDeviceConfig,requesting nits when no mapping exists.]
01-05 07:07:39.050 1490 1582 I am_wtf : [0,1490,system_server,-1,DisplayDeviceConfig,requesting nits when no mapping exists.]
01-05 07:07:39.066 1490 1966 E DisplayDeviceConfig: requesting nits when no mapping exists.
01-05 07:07:39.067 1490 1966 E DisplayDeviceConfig: requesting nits when no mapping exists.
01-05 07:07:39.067 1490 1582 I am_wtf : [0,1490,system_server,-1,DisplayDeviceConfig,requesting nits when no mapping exists.]
01-05 07:07:39.068 1490 1582 I am_wtf : [0,1490,system_server,-1,DisplayDeviceConfig,requesting nits when no mapping exists.]
01-05 07:07:39.081 1490 1966 E DisplayDeviceConfig: requesting nits when no mapping exists.
01-05 07:07:39.082 1490 1966 E DisplayDeviceConfig: requesting nits when no mapping exists.
01-05 07:07:39.082 1490 1582 I am_wtf : [0,1490,system_server,-1,DisplayDeviceConfig,requesting nits when no mapping exists.]
01-05 07:07:39.083 1490 1582 I am_wtf : [0,1490,system_server,-1,DisplayDeviceConfig,requesting nits when no mapping exists.]
01-05 07:07:39.098 1490 1966 E DisplayDeviceConfig: requesting nits when no mapping exists.
01-05 07:07:39.099 1490 1966 E DisplayDeviceConfig: requesting nits when no mapping exists.
01-05 07:07:39.099 1490 1582 I am_wtf : [0,1490,system_server,-1,DisplayDeviceConfig,requesting nits when no mapping exists.]
01-05 07:07:39.101 1490 1582 I am_wtf : [0,1490,system_server,-1,DisplayDeviceConfig,requesting nits when no mapping exists.]
01-05 07:07:39.107 1490 1716 I commit_sys_config_file: [settings-1-0,4]
01-05 07:07:39.115 1490 1966 E DisplayDeviceConfig: requesting nits when no mapping exists.
01-05 07:07:39.115 1490 1966 E DisplayDeviceConfig: requesting nits when no mapping exists.
01-05 07:07:39.115 1490 1582 I am_wtf : [0,1490,system_server,-1,DisplayDeviceConfig,requesting nits when no mapping exists.]
01-05 07:07:39.119 1490 1582 I am_wtf : [0,1490,system_server,-1,DisplayDeviceConfig,requesting nits when no mapping exists.]
01-05 07:07:39.132 1490 1966 E DisplayDeviceConfig: requesting nits when no mapping exists.
01-05 07:07:39.133 1490 1966 E DisplayDeviceConfig: requesting nits when no mapping exists.
01-05 07:07:39.133 1490 1582 I am_wtf : [0,1490,system_server,-1,DisplayDeviceConfig,requesting nits when no mapping exists.]
01-05 07:07:39.134 1490 1582 I am_wtf : [0,1490,system_server,-1,DisplayDeviceConfig,requesting nits when no mapping exists.]
01-05 07:07:39.149 1490 1966 E DisplayDeviceConfig: requesting nits when no mapping exists.
01-05 07:07:39.150 1490 1582 I am_wtf : [0,1490,system_server,-1,DisplayDeviceConfig,requesting nits when no mapping exists.]
01-05 07:07:39.150 1490 1966 E DisplayDeviceConfig: requesting nits when no mapping exists.
01-05 07:07:39.151 1490 1582 I am_wtf : [0,1490,system_server,-1,DisplayDeviceConfig,requesting nits when no mapping exists.]
01-05 07:07:39.165 1490 1966 E DisplayDeviceConfig: requesting nits when no mapping exists.
01-05 07:07:39.166 1490 1966 E DisplayDeviceConfig: requesting nits when no mapping exists.
01-05 07:07:39.166 1490 1582 I am_wtf : [0,1490,system_server,-1,DisplayDeviceConfig,requesting nits when no mapping exists.]
01-05 07:07:39.167 1490 1582 I am_wtf : [0,1490,system_server,-1,DisplayDeviceConfig,requesting nits when no mapping exists.]
01-05 07:07:39.182 1490 1966 E DisplayDeviceConfig: requesting nits when no mapping exists.
01-05 07:07:39.182 1490 1966 E DisplayDeviceConfig: requesting nits when no mapping exists.
01-05 07:07:39.183 1490 1582 I am_wtf : [0,1490,system_server,-1,DisplayDeviceConfig,requesting nits when no mapping exists.]
01-05 07:07:39.184 1490 1582 I am_wtf : [0,1490,system_server,-1,DisplayDeviceConfig,requesting nits when no mapping exists.]
01-05 07:07:39.199 1490 1966 E DisplayDeviceConfig: requesting nits when no mapping exists.
01-05 07:07:39.199 1490 1966 E DisplayDeviceConfig: requesting nits when no mapping exists.
01-05 07:07:39.199 1490 1582 I am_wtf : [0,1490,system_server,-1,DisplayDeviceConfig,requesting nits when no mapping exists.]
01-05 07:07:39.201 1490 1582 I am_wtf : [0,1490,system_server,-1,DisplayDeviceConfig,requesting nits when no mapping exists.]
01-05 07:07:39.216 1490 1966 E DisplayDeviceConfig: requesting nits when no mapping exists.
01-05 07:07:39.217 1490 1966 E DisplayDeviceConfig: requesting nits when no mapping exists.
01-05 07:07:39.217 1490 1582 I am_wtf : [0,1490,system_server,-1,DisplayDeviceConfig,requesting nits when no mapping exists.]
01-05 07:07:39.218 1490 1582 I am_wtf : [0,1490,system_server,-1,DisplayDeviceConfig,requesting nits when no mapping exists.]
01-05 07:07:39.232 1490 1966 E DisplayDeviceConfig: requesting nits when no mapping exists.
01-05 07:07:39.233 1490 1966 E DisplayDeviceConfig: requesting nits when no mapping exists.
01-05 07:07:39.233 1490 1582 I am_wtf : [0,1490,system_server,-1,DisplayDeviceConfig,requesting nits when no mapping exists.]
01-05 07:07:39.233 1490 1582 I am_wtf : [0,1490,system_server,-1,DisplayDeviceConfig,requesting nits when no mapping exists.]
01-05 07:07:39.249 1490 1966 E DisplayDeviceConfig: requesting nits when no mapping exists.
01-05 07:07:39.249 1490 1966 E DisplayDeviceConfig: requesting nits when no mapping exists.
01-05 07:07:39.249 1490 1582 I am_wtf : [0,1490,system_server,-1,DisplayDeviceConfig,requesting nits when no mapping exists.]
01-05 07:07:39.250 1490 1582 I am_wtf : [0,1490,system_server,-1,DisplayDeviceConfig,requesting nits when no mapping exists.]
01-05 07:07:39.266 1490 1966 E DisplayDeviceConfig: requesting nits when no mapping exists.
01-05 07:07:39.266 1490 1582 I am_wtf : [0,1490,system_server,-1,DisplayDeviceConfig,requesting nits when no mapping exists.]
01-05 07:07:39.266 1490 1966 E DisplayDeviceConfig: requesting nits when no mapping exists.
01-05 07:07:39.268 1490 1582 I am_wtf : [0,1490,system_server,-1,DisplayDeviceConfig,requesting nits when no mapping exists.]
01-05 07:07:39.287 1490 1966 E DisplayDeviceConfig: requesting nits when no mapping exists.
01-05 07:07:39.287 1490 1966 E DisplayDeviceConfig: requesting nits when no mapping exists.
01-05 07:07:39.291 1490 1582 I am_wtf : [0,1490,system_server,-1,DisplayDeviceConfig,requesting nits when no mapping exists.]
01-05 07:07:39.292 1490 1582 I am_wtf : [0,1490,system_server,-1,DisplayDeviceConfig,requesting nits when no mapping exists.]
01-05 07:07:39.299 1490 1966 E DisplayDeviceConfig: requesting nits when no mapping exists.
01-05 07:07:39.299 1490 1966 E DisplayDeviceConfig: requesting nits when no mapping exists.
01-05 07:07:39.299 1490 1582 I am_wtf : [0,1490,system_server,-1,DisplayDeviceConfig,requesting nits when no mapping exists.]
01-05 07:07:39.300 1490 1582 I am_wtf : [0,1490,system_server,-1,DisplayDeviceConfig,requesting nits when no mapping exists.]
01-05 07:07:39.317 1490 1966 E DisplayDeviceConfig: requesting nits when no mapping exists.
01-05 07:07:39.317 1490 1966 E DisplayDeviceConfig: requesting nits when no mapping exists.
01-05 07:07:39.317 1490 1582 I am_wtf : [0,1490,system_server,-1,DisplayDeviceConfig,requesting nits when no mapping exists.]
01-05 07:07:39.318 1490 1582 I am_wtf : [0,1490,system_server,-1,DisplayDeviceConfig,requesting nits when no mapping exists.]
01-05 07:07:39.332 1490 1966 E DisplayDeviceConfig: requesting nits when no mapping exists.
01-05 07:07:39.333 1490 1966 E DisplayDeviceConfig: requesting nits when no mapping exists.
01-05 07:07:39.333 1490 1582 I am_wtf : [0,1490,system_server,-1,DisplayDeviceConfig,requesting nits when no mapping exists.]
01-05 07:07:39.333 1490 1582 I am_wtf : [0,1490,system_server,-1,DisplayDeviceConfig,requesting nits when no mapping exists.]
01-05 07:07:39.349 1490 1966 E DisplayDeviceConfig: requesting nits when no mapping exists.
01-05 07:07:39.349 1490 1966 E DisplayDeviceConfig: requesting nits when no mapping exists.
01-05 07:07:39.349 1490 1582 I am_wtf : [0,1490,system_server,-1,DisplayDeviceConfig,requesting nits when no mapping exists.]
01-05 07:07:39.351 1490 1582 I am_wtf : [0,1490,system_server,-1,DisplayDeviceConfig,requesting nits when no mapping exists.]
01-05 07:07:39.366 1490 1966 E DisplayDeviceConfig: requesting nits when no mapping exists.
01-05 07:07:39.366 1490 1966 E DisplayDeviceConfig: requesting nits when no mapping exists.
01-05 07:07:39.366 1490 1582 I am_wtf : [0,1490,system_server,-1,DisplayDeviceConfig,requesting nits when no mapping exists.]
01-05 07:07:39.367 1490 1582 I am_wtf : [0,1490,system_server,-1,DisplayDeviceConfig,requesting nits when no mapping exists.]
01-05 07:07:39.382 1490 1966 E DisplayDeviceConfig: requesting nits when no mapping exists.
01-05 07:07:39.383 1490 1582 I am_wtf : [0,1490,system_server,-1,DisplayDeviceConfig,requesting nits when no mapping exists.]
01-05 07:07:39.383 1490 1966 E DisplayDeviceConfig: requesting nits when no mapping exists.
01-05 07:07:39.384 1490 1582 I am_wtf : [0,1490,system_server,-1,DisplayDeviceConfig,requesting nits when no mapping exists.]
01-05 07:07:39.399 1490 1966 E DisplayDeviceConfig: requesting nits when no mapping exists.
01-05 07:07:39.400 1490 1582 I am_wtf : [0,1490,system_server,-1,DisplayDeviceConfig,requesting nits when no mapping exists.]
01-05 07:07:39.400 1490 1966 E DisplayDeviceConfig: requesting nits when no mapping exists.
01-05 07:07:39.401 1490 1582 I am_wtf : [0,1490,system_server,-1,DisplayDeviceConfig,requesting nits when no mapping exists.]
01-05 07:07:39.417 1490 1966 E DisplayDeviceConfig: requesting nits when no mapping exists.
01-05 07:07:39.417 1490 1966 E DisplayDeviceConfig: requesting nits when no mapping exists.
01-05 07:07:39.417 1490 1582 I am_wtf : [0,1490,system_server,-1,DisplayDeviceConfig,requesting nits when no mapping exists.]
01-05 07:07:39.418 1490 1582 I am_wtf : [0,1490,system_server,-1,DisplayDeviceConfig,requesting nits when no mapping exists.]
01-05 07:07:39.433 1490 1966 E DisplayDeviceConfig: requesting nits when no mapping exists.
01-05 07:07:39.434 1490 1966 E DisplayDeviceConfig: requesting nits when no mapping exists.
01-05 07:07:39.434 1490 1582 I am_wtf : [0,1490,system_server,-1,DisplayDeviceConfig,requesting nits when no mapping exists.]
01-05 07:07:39.435 1490 1582 I am_wtf : [0,1490,system_server,-1,DisplayDeviceConfig,requesting nits when no mapping exists.]
01-05 07:07:39.449 1490 1966 E DisplayDeviceConfig: requesting nits when no mapping exists.
01-05 07:07:39.449 1490 1966 E DisplayDeviceConfig: requesting nits when no mapping exists.
01-05 07:07:39.449 1490 1582 I am_wtf : [0,1490,system_server,-1,DisplayDeviceConfig,requesting nits when no mapping exists.]
01-05 07:07:39.451 1490 1582 I am_wtf : [0,1490,system_server,-1,DisplayDeviceConfig,requesting nits when no mapping exists.]
01-05 07:07:40.268 1991 1991 I sqlite_mem_released: 0
01-05 07:07:40.272 1991 1991 I force_gc: mem
01-05 07:07:40.734 1490 1741 I input_interaction: Interaction with: 1410eb8 gamemode.floatview (server), edge-swipe (server), swipe-up (server), PointerEventDispatcher0 (server),
01-05 07:07:41.734 1490 1490 I service_manager_stats: [304,188,5341]
01-05 07:07:42.359 0 0 I auditd : type=1400 audit(0.0:8310): avc: denied { kill } for comm="swapper/1" capability=5 scontext=u:r:kernel:s0 tcontext=u:r:kernel:s0 tclass=capability permissive=0
01-05 07:07:42.677 1490 1490 W WindowManager: removeWindowToken: Attempted to remove non-existing token: android.os.Binder@5b17a34
01-05 07:07:43.423 1490 1741 I input_interaction: Interaction with: f2afcd0 gamemode.menuview (server), edge-swipe (server), swipe-up (server), PointerEventDispatcher0 (server),
01-05 07:07:44.359 0 0 I auditd : type=1400 audit(0.0:8311): avc: denied { kill } for comm="swapper/1" capability=5 scontext=u:r:kernel:s0 tcontext=u:r:kernel:s0 tclass=capability permissive=0
01-05 07:07:46.359 0 0 I auditd : type=1400 audit(0.0:8312): avc: denied { kill } for comm="swapper/1" capability=5 scontext=u:r:kernel:s0 tcontext=u:r:kernel:s0 tclass=capability permissive=0
01-05 07:07:46.841 2088 2088 I force_gc: mem
01-05 07:07:47.245 1490 1490 I commit_sys_config_file: [display-state,7863281]
01-05 07:07:47.247 1490 1618 V DisplayPowerController[0]: Brightness [0.5858586] manual adjustment.
01-05 07:07:47.251 1490 1966 E DisplayDeviceConfig: requesting nits when no mapping exists.
01-05 07:07:47.251 1490 1966 E DisplayDeviceConfig: requesting nits when no mapping exists.
01-05 07:07:47.251 1490 1582 I am_wtf : [0,1490,system_server,-1,DisplayDeviceConfig,requesting nits when no mapping exists.]
01-05 07:07:47.252 1490 1582 I DropBoxManagerService: add tag=system_server_wtf isTagEnabled=true flags=0x2
01-05 07:07:47.253 1490 1582 I am_wtf : [0,1490,system_server,-1,DisplayDeviceConfig,requesting nits when no mapping exists.]
01-05 07:07:47.254 1490 1582 I DropBoxManagerService: add tag=system_server_wtf isTagEnabled=true flags=0x2
01-05 07:07:47.268 1490 1966 E DisplayDeviceConfig: requesting nits when no mapping exists.
01-05 07:07:47.268 1490 1966 E DisplayDeviceConfig: requesting nits when no mapping exists.
01-05 07:07:47.268 1490 1582 I am_wtf : [0,1490,system_server,-1,DisplayDeviceConfig,requesting nits when no mapping exists.]
01-05 07:07:47.270 1490 1582 I DropBoxManagerService: add tag=system_server_wtf isTagEnabled=true flags=0x2
01-05 07:07:47.271 1490 1582 I am_wtf : [0,1490,system_server,-1,DisplayDeviceConfig,requesting nits when no mapping exists.]
01-05 07:07:47.271 1490 1582 I DropBoxManagerService: add tag=system_server_wtf isTagEnabled=true flags=0x2
01-05 07:07:47.285 1490 1966 E DisplayDeviceConfig: requesting nits when no mapping exists.
01-05 07:07:47.285 1490 1966 E DisplayDeviceConfig: requesting nits when no mapping exists.
01-05 07:07:47.285 1490 1582 I am_wtf : [0,1490,system_server,-1,DisplayDeviceConfig,requesting nits when no mapping exists.]
01-05 07:07:47.286 1490 1582 I DropBoxManagerService: add tag=system_server_wtf isTagEnabled=true flags=0x2
01-05 07:07:47.287 1490 1582 I am_wtf : [0,1490,system_server,-1,DisplayDeviceConfig,requesting nits when no mapping exists.]
01-05 07:07:47.301 1490 1966 E DisplayDeviceConfig: requesting nits when no mapping exists.
01-05 07:07:47.302 1490 1966 E DisplayDeviceConfig: requesting nits when no mapping exists.
01-05 07:07:47.302 1490 1582 I am_wtf : [0,1490,system_server,-1,DisplayDeviceConfig,requesting nits when no mapping exists.]
01-05 07:07:47.303 1490 1582 I am_wtf : [0,1490,system_server,-1,DisplayDeviceConfig,requesting nits when no mapping exists.]
01-05 07:07:47.319 1490 1966 E DisplayDeviceConfig: requesting nits when no mapping exists.
01-05 07:07:47.320 1490 1966 E DisplayDeviceConfig: requesting nits when no mapping exists.
01-05 07:07:47.320 1490 1582 I am_wtf : [0,1490,system_server,-1,DisplayDeviceConfig,requesting nits when no mapping exists.]
01-05 07:07:47.321 1490 1582 I am_wtf : [0,1490,system_server,-1,DisplayDeviceConfig,requesting nits when no mapping exists.]
01-05 07:07:47.335 1490 1966 E DisplayDeviceConfig: requesting nits when no mapping exists.
01-05 07:07:47.335 1490 1966 E DisplayDeviceConfig: requesting nits when no mapping exists.
01-05 07:07:47.335 1490 1582 I am_wtf : [0,1490,system_server,-1,DisplayDeviceConfig,requesting nits when no mapping exists.]
01-05 07:07:47.337 1490 1582 I am_wtf : [0,1490,system_server,-1,DisplayDeviceConfig,requesting nits when no mapping exists.]
01-05 07:07:47.351 1490 1966 E DisplayDeviceConfig: requesting nits when no mapping exists.
01-05 07:07:47.352 1490 1966 E DisplayDeviceConfig: requesting nits when no mapping exists.
01-05 07:07:47.352 1490 1582 I am_wtf : [0,1490,system_server,-1,DisplayDeviceConfig,requesting nits when no mapping exists.]
01-05 07:07:47.353 1490 1582 I am_wtf : [0,1490,system_server,-1,DisplayDeviceConfig,requesting nits when no mapping exists.]
01-05 07:07:47.359 0 0 I auditd : type=1400 audit(0.0:8313): avc: denied { kill } for comm="swapper/1" capability=5 scontext=u:r:kernel:s0 tcontext=u:r:kernel:s0 tclass=capability permissive=0
01-05 07:07:47.368 1490 1966 E DisplayDeviceConfig: requesting nits when no mapping exists.
01-05 07:07:47.369 1490 1966 E DisplayDeviceConfig: requesting nits when no mapping exists.
01-05 07:07:47.369 1490 1582 I am_wtf : [0,1490,system_server,-1,DisplayDeviceConfig,requesting nits when no mapping exists.]
01-05 07:07:47.371 1490 1582 I am_wtf : [0,1490,system_server,-1,DisplayDeviceConfig,requesting nits when no mapping exists.]
01-05 07:07:47.385 1490 1966 E DisplayDeviceConfig: requesting nits when no mapping exists.
01-05 07:07:47.385 1490 1966 E DisplayDeviceConfig: requesting nits when no mapping exists.
01-05 07:07:47.385 1490 1582 I am_wtf : [0,1490,system_server,-1,DisplayDeviceConfig,requesting nits when no mapping exists.]
01-05 07:07:47.386 1490 1582 I am_wtf : [0,1490,system_server,-1,DisplayDeviceConfig,requesting nits when no mapping exists.]
01-05 07:07:47.401 1490 1966 E DisplayDeviceConfig: requesting nits when no mapping exists.
01-05 07:07:47.402 1490 1966 E DisplayDeviceConfig: requesting nits when no mapping exists.
01-05 07:07:47.402 1490 1582 I am_wtf : [0,1490,system_server,-1,DisplayDeviceConfig,requesting nits when no mapping exists.]
01-05 07:07:47.403 1490 1582 I am_wtf : [0,1490,system_server,-1,DisplayDeviceConfig,requesting nits when no mapping exists.]
01-05 07:07:47.418 1490 1966 E DisplayDeviceConfig: requesting nits when no mapping exists.
01-05 07:07:47.419 1490 1966 E DisplayDeviceConfig: requesting nits when no mapping exists.
01-05 07:07:47.419 1490 1582 I am_wtf : [0,1490,system_server,-1,DisplayDeviceConfig,requesting nits when no mapping exists.]
01-05 07:07:47.420 1490 1582 I am_wtf : [0,1490,system_server,-1,DisplayDeviceConfig,requesting nits when no mapping exists.]
01-05 07:07:47.435 1490 1966 E DisplayDeviceConfig: requesting nits when no mapping exists.
01-05 07:07:47.436 1490 1966 E DisplayDeviceConfig: requesting nits when no mapping exists.
01-05 07:07:47.436 1490 1582 I am_wtf : [0,1490,system_server,-1,DisplayDeviceConfig,requesting nits when no mapping exists.]
01-05 07:07:47.438 1490 1582 I am_wtf : [0,1490,system_server,-1,DisplayDeviceConfig,requesting nits when no mapping exists.]
01-05 07:07:47.449 1490 1716 I commit_sys_config_file: [settings-1-0,12]
01-05 07:07:47.452 1490 1966 E DisplayDeviceConfig: requesting nits when no mapping exists.
01-05 07:07:47.452 1490 1966 E DisplayDeviceConfig: requesting nits when no mapping exists.
01-05 07:07:47.453 1490 1582 I am_wtf : [0,1490,system_server,-1,DisplayDeviceConfig,requesting nits when no mapping exists.]
01-05 07:07:47.455 1490 1582 I am_wtf : [0,1490,system_server,-1,DisplayDeviceConfig,requesting nits when no mapping exists.]
01-05 07:07:47.468 1490 1966 E DisplayDeviceConfig: requesting nits when no mapping exists.
01-05 07:07:47.469 1490 1582 I am_wtf : [0,1490,system_server,-1,DisplayDeviceConfig,requesting nits when no mapping exists.]
01-05 07:07:47.469 1490 1966 E DisplayDeviceConfig: requesting nits when no mapping exists.
01-05 07:07:47.470 1490 1582 I am_wtf : [0,1490,system_server,-1,DisplayDeviceConfig,requesting nits when no mapping exists.]
01-05 07:07:47.485 1490 1966 E DisplayDeviceConfig: requesting nits when no mapping exists.
01-05 07:07:47.486 1490 1966 E DisplayDeviceConfig: requesting nits when no mapping exists.
01-05 07:07:47.486 1490 1582 I am_wtf : [0,1490,system_server,-1,DisplayDeviceConfig,requesting nits when no mapping exists.]
01-05 07:07:47.487 1490 1582 I am_wtf : [0,1490,system_server,-1,DisplayDeviceConfig,requesting nits when no mapping exists.]
01-05 07:07:47.502 1490 1966 E DisplayDeviceConfig: requesting nits when no mapping exists.
01-05 07:07:47.503 1490 1966 E DisplayDeviceConfig: requesting nits when no mapping exists.
01-05 07:07:47.504 1490 1582 I am_wtf : [0,1490,system_server,-1,DisplayDeviceConfig,requesting nits when no mapping exists.]
01-05 07:07:47.508 1490 1582 I am_wtf : [0,1490,system_server,-1,DisplayDeviceConfig,requesting nits when no mapping exists.]
01-05 07:07:47.519 1490 1966 E DisplayDeviceConfig: requesting nits when no mapping exists.
01-05 07:07:47.519 1490 1966 E DisplayDeviceConfig: requesting nits when no mapping exists.
01-05 07:07:47.520 1490 1582 I am_wtf : [0,1490,system_server,-1,DisplayDeviceConfig,requesting nits when no mapping exists.]
01-05 07:07:47.521 1490 1582 I am_wtf : [0,1490,system_server,-1,DisplayDeviceConfig,requesting nits when no mapping exists.]
01-05 07:07:47.535 1490 1966 E DisplayDeviceConfig: requesting nits when no mapping exists.
01-05 07:07:47.536 1490 1966 E DisplayDeviceConfig: requesting nits when no mapping exists.
01-05 07:07:47.536 1490 1582 I am_wtf : [0,1490,system_server,-1,DisplayDeviceConfig,requesting nits when no mapping exists.]
01-05 07:07:47.537 1490 1582 I am_wtf : [0,1490,system_server,-1,DisplayDeviceConfig,requesting nits when no mapping exists.]
01-05 07:07:47.552 1490 1966 E DisplayDeviceConfig: requesting nits when no mapping exists.
01-05 07:07:47.552 1490 1966 E DisplayDeviceConfig: requesting nits when no mapping exists.
01-05 07:07:47.552 1490 1582 I am_wtf : [0,1490,system_server,-1,DisplayDeviceConfig,requesting nits when no mapping exists.]
01-05 07:07:47.554 1490 1582 I am_wtf : [0,1490,system_server,-1,DisplayDeviceConfig,requesting nits when no mapping exists.]
01-05 07:07:47.570 1490 1966 E DisplayDeviceConfig: requesting nits when no mapping exists.
01-05 07:07:47.572 1490 1582 I am_wtf : [0,1490,system_server,-1,DisplayDeviceConfig,requesting nits when no mapping exists.]
01-05 07:07:47.573 1490 1966 E DisplayDeviceConfig: requesting nits when no mapping exists.
01-05 07:07:47.574 1490 1582 I am_wtf : [0,1490,system_server,-1,DisplayDeviceConfig,requesting nits when no mapping exists.]
01-05 07:07:47.586 1490 1966 E DisplayDeviceConfig: requesting nits when no mapping exists.
01-05 07:07:47.586 1490 1966 E DisplayDeviceConfig: requesting nits when no mapping exists.
01-05 07:07:47.586 1490 1582 I am_wtf : [0,1490,system_server,-1,DisplayDeviceConfig,requesting nits when no mapping exists.]
01-05 07:07:47.588 1490 1582 I am_wtf : [0,1490,system_server,-1,DisplayDeviceConfig,requesting nits when no mapping exists.]
01-05 07:07:47.602 1490 1966 E DisplayDeviceConfig: requesting nits when no mapping exists.
01-05 07:07:47.602 1490 1966 E DisplayDeviceConfig: requesting nits when no mapping exists.
01-05 07:07:47.602 1490 1582 I am_wtf : [0,1490,system_server,-1,DisplayDeviceConfig,requesting nits when no mapping exists.]
01-05 07:07:47.604 1490 1582 I am_wtf : [0,1490,system_server,-1,DisplayDeviceConfig,requesting nits when no mapping exists.]
01-05 07:07:47.619 1490 1966 E DisplayDeviceConfig: requesting nits when no mapping exists.
01-05 07:07:47.619 1490 1966 E DisplayDeviceConfig: requesting nits when no mapping exists.
01-05 07:07:47.619 1490 1582 I am_wtf : [0,1490,system_server,-1,DisplayDeviceConfig,requesting nits when no mapping exists.]
01-05 07:07:47.620 1490 1582 I am_wtf : [0,1490,system_server,-1,DisplayDeviceConfig,requesting nits when no mapping exists.]
01-05 07:07:47.636 1490 1966 E DisplayDeviceConfig: requesting nits when no mapping exists.
01-05 07:07:47.636 1490 1582 I am_wtf : [0,1490,system_server,-1,DisplayDeviceConfig,requesting nits when no mapping exists.]
01-05 07:07:47.636 1490 1966 E DisplayDeviceConfig: requesting nits when no mapping exists.
01-05 07:07:47.637 1490 1582 I am_wtf : [0,1490,system_server,-1,DisplayDeviceConfig,requesting nits when no mapping exists.]
01-05 07:07:47.656 1490 1966 E DisplayDeviceConfig: requesting nits when no mapping exists.
01-05 07:07:47.656 1490 1966 E DisplayDeviceConfig: requesting nits when no mapping exists.
01-05 07:07:47.657 1490 1582 I am_wtf : [0,1490,system_server,-1,DisplayDeviceConfig,requesting nits when no mapping exists.]
01-05 07:07:47.658 1490 1582 I am_wtf : [0,1490,system_server,-1,DisplayDeviceConfig,requesting nits when no mapping exists.]
01-05 07:07:47.669 1490 1966 E DisplayDeviceConfig: requesting nits when no mapping exists.
01-05 07:07:47.670 1490 1582 I am_wtf : [0,1490,system_server,-1,DisplayDeviceConfig,requesting nits when no mapping exists.]
01-05 07:07:47.671 1490 1966 E DisplayDeviceConfig: requesting nits when no mapping exists.
01-05 07:07:47.671 1490 1582 I am_wtf : [0,1490,system_server,-1,DisplayDeviceConfig,requesting nits when no mapping exists.]
01-05 07:07:47.686 1490 1966 E DisplayDeviceConfig: requesting nits when no mapping exists.
01-05 07:07:47.686 1490 1966 E DisplayDeviceConfig: requesting nits when no mapping exists.
01-05 07:07:47.686 1490 1582 I am_wtf : [0,1490,system_server,-1,DisplayDeviceConfig,requesting nits when no mapping exists.]
01-05 07:07:47.687 1490 1582 I am_wtf : [0,1490,system_server,-1,DisplayDeviceConfig,requesting nits when no mapping exists.]
01-05 07:07:47.702 1490 1966 E DisplayDeviceConfig: requesting nits when no mapping exists.
01-05 07:07:47.703 1490 1966 E DisplayDeviceConfig: requesting nits when no mapping exists.
01-05 07:07:47.703 1490 1582 I am_wtf : [0,1490,system_server,-1,DisplayDeviceConfig,requesting nits when no mapping exists.]
01-05 07:07:47.704 1490 1582 I am_wtf : [0,1490,system_server,-1,DisplayDeviceConfig,requesting nits when no mapping exists.]
01-05 07:07:47.719 1490 1966 E DisplayDeviceConfig: requesting nits when no mapping exists.
01-05 07:07:47.720 1490 1966 E DisplayDeviceConfig: requesting nits when no mapping exists.
01-05 07:07:47.720 1490 1582 I am_wtf : [0,1490,system_server,-1,DisplayDeviceConfig,requesting nits when no mapping exists.]
01-05 07:07:47.721 1490 1582 I am_wtf : [0,1490,system_server,-1,DisplayDeviceConfig,requesting nits when no mapping exists.]
01-05 07:07:47.736 1490 1966 E DisplayDeviceConfig: requesting nits when no mapping exists.
01-05 07:07:47.737 1490 1966 E DisplayDeviceConfig: requesting nits when no mapping exists.
01-05 07:07:47.737 1490 1582 I am_wtf : [0,1490,system_server,-1,DisplayDeviceConfig,requesting nits when no mapping exists.]
01-05 07:07:47.738 1490 1582 I am_wtf : [0,1490,system_server,-1,DisplayDeviceConfig,requesting nits when no mapping exists.]
01-05 07:07:47.752 1490 1966 E DisplayDeviceConfig: requesting nits when no mapping exists.
01-05 07:07:47.753 1490 1966 E DisplayDeviceConfig: requesting nits when no mapping exists.
01-05 07:07:47.753 1490 1582 I am_wtf : [0,1490,system_server,-1,DisplayDeviceConfig,requesting nits when no mapping exists.]
01-05 07:07:47.754 1490 1582 I am_wtf : [0,1490,system_server,-1,DisplayDeviceConfig,requesting nits when no mapping exists.]
01-05 07:07:47.769 1490 1966 E DisplayDeviceConfig: requesting nits when no mapping exists.
01-05 07:07:47.770 1490 1966 E DisplayDeviceConfig: requesting nits when no mapping exists.
01-05 07:07:47.770 1490 1582 I am_wtf : [0,1490,system_server,-1,DisplayDeviceConfig,requesting nits when no mapping exists.]
01-05 07:07:47.771 1490 1582 I am_wtf : [0,1490,system_server,-1,DisplayDeviceConfig,requesting nits when no mapping exists.]
01-05 07:07:47.786 1490 1966 E DisplayDeviceConfig: requesting nits when no mapping exists.
01-05 07:07:47.786 1490 1966 E DisplayDeviceConfig: requesting nits when no mapping exists.
01-05 07:07:47.787 1490 1582 I am_wtf : [0,1490,system_server,-1,DisplayDeviceConfig,requesting nits when no mapping exists.]
01-05 07:07:47.787 1490 1582 I am_wtf : [0,1490,system_server,-1,DisplayDeviceConfig,requesting nits when no mapping exists.]
01-05 07:07:47.803 1490 1966 E DisplayDeviceConfig: requesting nits when no mapping exists.
01-05 07:07:47.803 1490 1582 I am_wtf : [0,1490,system_server,-1,DisplayDeviceConfig,requesting nits when no mapping exists.]
01-05 07:07:47.803 1490 1966 E DisplayDeviceConfig: requesting nits when no mapping exists.
01-05 07:07:47.804 1490 1582 I am_wtf : [0,1490,system_server,-1,DisplayDeviceConfig,requesting nits when no mapping exists.]
01-05 07:07:47.820 1490 1966 E DisplayDeviceConfig: requesting nits when no mapping exists.
01-05 07:07:47.820 1490 1966 E DisplayDeviceConfig: requesting nits when no mapping exists.
01-05 07:07:47.820 1490 1582 I am_wtf : [0,1490,system_server,-1,DisplayDeviceConfig,requesting nits when no mapping exists.]
01-05 07:07:47.821 1490 1582 I am_wtf : [0,1490,system_server,-1,DisplayDeviceConfig,requesting nits when no mapping exists.]
01-05 07:07:47.836 1490 1966 E DisplayDeviceConfig: requesting nits when no mapping exists.
01-05 07:07:47.836 1490 1582 I am_wtf : [0,1490,system_server,-1,DisplayDeviceConfig,requesting nits when no mapping exists.]
01-05 07:07:47.836 1490 1966 E DisplayDeviceConfig: requesting nits when no mapping exists.
01-05 07:07:47.837 1490 1582 I am_wtf : [0,1490,system_server,-1,DisplayDeviceConfig,requesting nits when no mapping exists.]
01-05 07:07:48.355 0 0 I auditd : type=1400 audit(0.0:8314): avc: denied { kill } for comm="swapper/1" capability=5 scontext=u:r:kernel:s0 tcontext=u:r:kernel:s0 tclass=capability permissive=0
01-05 07:07:49.359 0 0 I auditd : type=1400 audit(0.0:8315): avc: denied { kill } for comm="swapper/1" capability=5 scontext=u:r:kernel:s0 tcontext=u:r:kernel:s0 tclass=capability permissive=0
01-05 07:07:49.435 1490 1741 I input_interaction: Interaction with: 1db41b4 gamemode.floatview (server), edge-swipe (server), swipe-up (server), PointerEventDispatcher0 (server),
01-05 07:07:50.359 0 0 I auditd : type=1400 audit(0.0:8316): avc: denied { kill } for comm="swapper/1" capability=5 scontext=u:r:kernel:s0 tcontext=u:r:kernel:s0 tclass=capability permissive=0
01-05 07:07:51.359 0 0 I auditd : type=1400 audit(0.0:8317): avc: denied { kill } for comm="swapper/1" capability=5 scontext=u:r:kernel:s0 tcontext=u:r:kernel:s0 tclass=capability permissive=0
01-05 07:07:51.841 2133 2133 I force_gc: mem
01-05 07:07:52.359 0 0 I auditd : type=1400 audit(0.0:8318): avc: denied { kill } for comm="swapper/1" capability=5 scontext=u:r:kernel:s0 tcontext=u:r:kernel:s0 tclass=capability permissive=0
01-05 07:07:53.416 1490 1741 I input_interaction: Interaction with: 8beefb7 com.tencent.tmgp.sgame/com.tencent.tmgp.sgame.SGameActivity (server), edge-swipe (server), swipe-up (server), PointerEventDispatcher0 (server),
01-05 07:07:54.359 0 0 I auditd : type=1400 audit(0.0:8319): avc: denied { kill } for comm="swapper/1" capability=5 scontext=u:r:kernel:s0 tcontext=u:r:kernel:s0 tclass=capability permissive=0
01-05 07:07:56.359 0 0 I auditd : type=1400 audit(0.0:8320): avc: denied { kill } for comm="swapper/3" capability=5 scontext=u:r:kernel:s0 tcontext=u:r:kernel:s0 tclass=capability permissive=0
01-05 07:07:56.849 2144 2144 I sqlite_mem_released: 0
01-05 07:07:56.849 2144 2144 I force_gc: mem
01-05 07:07:57.359 0 0 I auditd : type=1400 audit(0.0:8321): avc: denied { kill } for comm="swapper/3" capability=5 scontext=u:r:kernel:s0 tcontext=u:r:kernel:s0 tclass=capability permissive=0
01-05 07:07:59.359 0 0 I auditd : type=1400 audit(0.0:8322): avc: denied { kill } for comm="swapper/3" capability=5 scontext=u:r:kernel:s0 tcontext=u:r:kernel:s0 tclass=capability permissive=0
01-05 07:08:01.359 0 0 I auditd : type=1400 audit(0.0:8323): avc: denied { kill } for comm="swapper/3" capability=5 scontext=u:r:kernel:s0 tcontext=u:r:kernel:s0 tclass=capability permissive=0
01-05 07:08:02.359 0 0 I auditd : type=1400 audit(0.0:8324): avc: denied { kill } for comm="swapper/3" capability=5 scontext=u:r:kernel:s0 tcontext=u:r:kernel:s0 tclass=capability permissive=0
01-05 07:08:03.359 0 0 I auditd : type=1400 audit(0.0:8325): avc: denied { kill } for comm="swapper/3" capability=5 scontext=u:r:kernel:s0 tcontext=u:r:kernel:s0 tclass=capability permissive=0
01-05 07:08:04.355 288 288 I auditd : type=1400 audit(0.0:8326): avc: denied { kill } for comm="kgsl_worker_thr" capability=5 scontext=u:r:kernel:s0 tcontext=u:r:kernel:s0 tclass=capability permissive=0
01-05 07:08:05.009 2165 2165 I sqlite_mem_released: 0
01-05 07:08:05.009 2165 2165 I force_gc: mem
01-05 07:08:08.115 1490 1741 I input_interaction: Interaction with: 1db41b4 gamemode.floatview (server), edge-swipe (server), swipe-up (server), PointerEventDispatcher0 (server),
01-05 07:08:08.359 0 0 I auditd : type=1400 audit(0.0:8327): avc: denied { kill } for comm="swapper/3" capability=5 scontext=u:r:kernel:s0 tcontext=u:r:kernel:s0 tclass=capability permissive=0
01-05 07:08:09.359 0 0 I auditd : type=1400 audit(0.0:8328): avc: denied { kill } for comm="swapper/3" capability=5 scontext=u:r:kernel:s0 tcontext=u:r:kernel:s0 tclass=capability permissive=0
01-05 07:08:10.359 0 0 I auditd : type=1400 audit(0.0:8329): avc: denied { kill } for comm="swapper/3" capability=5 scontext=u:r:kernel:s0 tcontext=u:r:kernel:s0 tclass=capability permissive=0
01-05 07:08:11.359 0 0 I auditd : type=1400 audit(0.0:8330): avc: denied { kill } for comm="swapper/3" capability=5 scontext=u:r:kernel:s0 tcontext=u:r:kernel:s0 tclass=capability permissive=0
01-05 07:08:12.359 0 0 I auditd : type=1400 audit(0.0:8331): avc: denied { kill } for comm="swapper/3" capability=5 scontext=u:r:kernel:s0 tcontext=u:r:kernel:s0 tclass=capability permissive=0
01-05 07:08:13.259 2199 2199 I sqlite_mem_released: 0
01-05 07:08:13.259 2199 2199 I force_gc: mem
01-05 07:08:13.355 0 0 I auditd : type=1400 audit(0.0:8332): avc: denied { kill } for comm="swapper/3" capability=5 scontext=u:r:kernel:s0 tcontext=u:r:kernel:s0 tclass=capability permissive=0
01-05 07:08:14.326 1490 1741 I input_interaction: Interaction with: d01134c gamemode.menuview (server), edge-swipe (server), swipe-up (server), PointerEventDispatcher0 (server),
01-05 07:08:14.430 2382 2382 W ContextImpl: Calling a method in the system process without a qualified user: android.app.ContextImpl.startActivity:1067 android.content.ContextWrapper.startActivity:433 com.thundercomm.gamemode.util.AppUtils.startAppMini:157 com.thundercomm.gamemode.ingame.ui.view.MenuView.onAppMiniItemClick:335 com.thundercomm.gamemode.viewholder.AppMiniItemViewHolder$1.onClick:96
01-05 07:08:14.434 1490 2916 I thunderperf: PlatormCompat.setOverrides: Uid1=1000 Pid1=2382 Uid2=1000 Pid2=2382
01-05 07:08:14.434 1490 2916 I thunderperf: PlatormCompat.setOverrides: needCheck:false
01-05 07:08:14.452 1490 2916 I ActivityTaskManager: START u0 {flg=0x10001000 cmp=com.android.calendar/.AllInOneActivity} from uid 1000
01-05 07:08:14.455 1490 2916 I wm_task_created: [73,-1]
01-05 07:08:14.456 1490 2916 W ActivityTaskManager: Can't find TaskDisplayArea to determine support for multi window. Task id=73 attached=false
01-05 07:08:14.457 1490 2916 D FreeFormWindowHelper: Add freeform task=Task{e7c1803 #73 type=standard ?? U=0 visible=false mode=freeform translucent=true sz=0}
01-05 07:08:14.460 1490 2916 D CompatibilityChangeReporter: Compat change id reported: 174042980; UID 10066; state: DISABLED
01-05 07:08:14.460 1490 2916 D CompatibilityChangeReporter: Compat change id reported: 184838306; UID 10066; state: DISABLED
01-05 07:08:14.461 1490 2916 D CompatibilityChangeReporter: Compat change id reported: 185004937; UID 10066; state: DISABLED
01-05 07:08:14.461 1490 2916 I service_manager_stats: [100,57,32727]
01-05 07:08:14.461 1490 2916 D CompatibilityChangeReporter: Compat change id reported: 181136395; UID 10066; state: DISABLED
01-05 07:08:14.462 1490 2916 D CompatibilityChangeReporter: Compat change id reported: 174042936; UID 10066; state: DISABLED
01-05 07:08:14.462 1490 2916 I wm_task_moved: [73,1,7]
01-05 07:08:14.462 1490 2916 I wm_task_to_front: [0,73]
01-05 07:08:14.462 1490 2916 I wm_create_task: [0,73]
01-05 07:08:14.462 1490 2916 I wm_create_activity: [0,259609472,73,com.android.calendar/.AllInOneActivity,NULL,NULL,NULL,268439552]
01-05 07:08:14.462 1490 2916 I wm_task_moved: [73,1,7]
01-05 07:08:14.463 8773 8773 I wm_on_top_resumed_lost_called: [201917619,com.tencent.tmgp.sgame.SGameActivity,topStateChangedWhenResumed]
01-05 07:08:14.463 1490 2916 D CompatibilityChangeReporter: Compat change id reported: 168419799; UID 10066; state: DISABLED
01-05 07:08:14.463 1490 2916 I ActivityTaskManager: FOREGROUND_APPLICATION_CHANGED to com.android.calendar.AllInOneActivity
01-05 07:08:14.465 1490 1567 I am_uid_running: 10066
01-05 07:08:14.466 1490 1567 D CompatibilityChangeReporter: Compat change id reported: 135634846; UID 10066; state: DISABLED
01-05 07:08:14.466 1490 1567 D CompatibilityChangeReporter: Compat change id reported: 177438394; UID 10066; state: DISABLED
01-05 07:08:14.466 1490 1567 D CompatibilityChangeReporter: Compat change id reported: 135772972; UID 10066; state: DISABLED
01-05 07:08:14.466 1490 1567 D CompatibilityChangeReporter: Compat change id reported: 135754954; UID 10066; state: DISABLED
01-05 07:08:14.466 1490 1583 D CompatibilityChangeReporter: Compat change id reported: 143937733; UID 10066; state: DISABLED
01-05 07:08:14.469 1490 1522 D CompatibilityChangeReporter: Compat change id reported: 168419799; UID 1000; state: DISABLED
01-05 07:08:14.471 1490 1583 I am_proc_start: [0,9446,10066,com.android.calendar,top-activity,{com.android.calendar/com.android.calendar.AllInOneActivity}]
01-05 07:08:14.471 1490 1583 I ActivityManager: Start proc 9446:com.android.calendar/u0a66 for top-activity {com.android.calendar/com.android.calendar.AllInOneActivity}
01-05 07:08:14.481 1490 1522 I am_proc_bound: [0,9446,com.android.calendar]
01-05 07:08:14.483 1490 1522 I ActivityTaskManager: The Process com.android.calendar Already Exists in BG. So sending its PID: 9446
01-05 07:08:14.483 1490 1522 I wm_restart_activity: [0,259609472,73,com.android.calendar/.AllInOneActivity]
01-05 07:08:14.484 1490 1522 I wm_set_resumed_activity: [0,com.android.calendar/.AllInOneActivity,minimalResumeActivityLocked]
01-05 07:08:14.485 1490 1522 I am_uid_active: 10066
01-05 07:08:14.508 1490 1522 I am_uid_running: 10033
01-05 07:08:14.509 1490 1522 D CompatibilityChangeReporter: Compat change id reported: 135634846; UID 10033; state: DISABLED
01-05 07:08:14.509 1490 1522 D CompatibilityChangeReporter: Compat change id reported: 177438394; UID 10033; state: DISABLED
01-05 07:08:14.509 1490 1522 D CompatibilityChangeReporter: Compat change id reported: 135772972; UID 10033; state: DISABLED
01-05 07:08:14.509 1490 1522 D CompatibilityChangeReporter: Compat change id reported: 135754954; UID 10033; state: ENABLED
01-05 07:08:14.509 1490 1583 D CompatibilityChangeReporter: Compat change id reported: 143937733; UID 10033; state: ENABLED
01-05 07:08:14.514 1490 1583 I am_proc_start: [0,9470,10033,com.android.providers.calendar,content provider,{com.android.providers.calendar/com.android.providers.calendar.CalendarProvider2}]
01-05 07:08:14.514 1490 1583 I ActivityManager: Start proc 9470:com.android.providers.calendar/u0a33 for content provider {com.android.providers.calendar/com.android.providers.calendar.CalendarProvider2}
01-05 07:08:14.531 1490 2916 I am_proc_bound: [0,9470,com.android.providers.calendar]
01-05 07:08:14.533 9446 9446 I wm_on_create_called: [259609472,com.android.calendar.AllInOneActivity,performCreate]
01-05 07:08:14.533 1490 2916 I am_uid_active: 10033
01-05 07:08:14.549 9446 9446 I wm_on_start_called: [259609472,com.android.calendar.AllInOneActivity,handleStartActivity]
01-05 07:08:14.550 9446 9446 I wm_on_resume_called: [259609472,com.android.calendar.AllInOneActivity,RESUME_ACTIVITY]
01-05 07:08:14.554 9446 9446 I wm_on_top_resumed_gained_called: [259609472,com.android.calendar.AllInOneActivity,topStateChangedWhenResumed]
01-05 07:08:14.559 1490 2916 D CompatibilityChangeReporter: Compat change id reported: 143231523; UID 10066; state: DISABLED
01-05 07:08:14.561 1490 2916 D CompatibilityChangeReporter: Compat change id reported: 143231523; UID 10033; state: DISABLED
01-05 07:08:14.564 1490 2916 W WindowManager: updateScale0.7996942
01-05 07:08:14.566 1490 1569 I input_focus: [Focus request d8cab5e com.android.calendar/com.android.calendar.AllInOneActivity,reason=UpdateInputWindows]
01-05 07:08:14.573 1490 1567 W WindowManager: updateScale0.7996942
01-05 07:08:14.573 1490 1567 W WindowManager: updateScale0.7996942
01-05 07:08:14.578 1490 1567 W WindowManager: updateScale0.7996942
