01-05 04:39:07.713 1490 4753 W ActivityTaskManager: Can't find TaskDisplayArea to determine support for multi window. Task id=58 attached=false
01-05 04:39:07.722 1490 2113 I ActivityTaskManager: FOREGROUND_APPLICATION_CHANGED to android.service.dreams.DreamActivity
01-05 04:39:07.723 1490 2113 I ActivityTaskManager: The Process com.thundercomm.screensaver Already Exists in BG. So sending its PID: 3923
01-05 04:39:07.723 1490 2113 W ActivityTaskManager: Tried to set launchTime (0) < mLastActivityLaunchTime (418289)
01-05 04:39:07.730 1490 4753 W WindowManager: Failed looking up window session=Session{7ed3e92 3923:u0a10052} callers=com.android.server.wm.WindowManagerService.windowForClientLocked:5628 com.android.server.wm.Session.insetsModified:629 android.view.IWindowSession$Stub.onTransact:1151
01-05 04:39:07.734 2382 3732 W ContextImpl: Calling a method in the system process without a qualified user: android.app.ContextImpl.startService:1816 android.content.ContextWrapper.startService:774 com.thundercomm.gamemode.ingame.services.GameModeActionUtils.startGameModeService:99 com.thundercomm.gamemode.ingame.services.GameModeActionUtils.startGameModeEntry:22 com.thundercomm.gamemode.ingame.services.ActivityMonitoringService$1.onActivityLaunch:129
01-05 04:39:07.739 1490 1490 I GameModeConfig: Current uri is uri = content://com.thundercomm.gamemode.api/gamemode_settings/gamemode_isgaming
01-05 04:39:07.742 1490 1490 I GameModeConfig: isGameModeOn = false
01-05 04:39:07.742 1490 1490 I GameModeConfig: isGameModeOn = false
01-05 04:39:07.742 1490 1490 I GameModeConfig: isDisableVoice = true
01-05 04:39:07.763 1490 1618 V DisplayPowerController[0]: Brightness [0.7373737] reason changing to: 'manual', previous reason: 'manual [ dim ]'.
01-05 04:39:07.769 1490 1873 I GameModeConfig: isGameModeOn = false
01-05 04:39:07.769 1490 1873 I GameModeConfig: isGameModeOn = false
01-05 04:39:07.769 1490 1873 I GameModeConfig: isGameModeOn = false
01-05 04:39:07.769 1490 1873 I GameModeConfig: isGameModeOn = false
01-05 04:39:07.780 1490 1966 E DisplayDeviceConfig: requesting nits when no mapping exists.
01-05 04:39:07.780 1490 1966 E DisplayDeviceConfig: requesting nits when no mapping exists.
01-05 04:39:07.797 1490 1966 E DisplayDeviceConfig: requesting nits when no mapping exists.
01-05 04:39:07.797 1490 1966 E DisplayDeviceConfig: requesting nits when no mapping exists.
01-05 04:39:07.814 1490 1966 E DisplayDeviceConfig: requesting nits when no mapping exists.
01-05 04:39:07.815 1490 1966 E DisplayDeviceConfig: requesting nits when no mapping exists.
01-05 04:39:07.829 2382 3732 W ContextImpl: Calling a method in the system process without a qualified user: android.app.ContextImpl.startService:1816 android.content.ContextWrapper.startService:774 com.thundercomm.gamemode.ingame.services.GameModeActionUtils.startGameModeService:99 com.thundercomm.gamemode.ingame.services.GameModeActionUtils.startGameModeEntry:22 com.thundercomm.gamemode.ingame.services.ActivityMonitoringService$1.onActivityLaunch:129
01-05 04:39:07.830 1490 1966 E DisplayDeviceConfig: requesting nits when no mapping exists.
01-05 04:39:07.830 1490 1966 E DisplayDeviceConfig: requesting nits when no mapping exists.
01-05 04:39:07.831 1490 1490 I GameModeConfig: Current uri is uri = content://com.thundercomm.gamemode.api/gamemode_settings/gamemode_isgaming
01-05 04:39:07.832 1490 1490 I GameModeConfig: isGameModeOn = false
01-05 04:39:07.832 1490 1490 I GameModeConfig: isGameModeOn = false
01-05 04:39:07.832 1490 1490 I GameModeConfig: isDisableVoice = true
01-05 04:39:07.847 1490 1966 E DisplayDeviceConfig: requesting nits when no mapping exists.
01-05 04:39:07.847 1490 1966 E DisplayDeviceConfig: requesting nits when no mapping exists.
01-05 04:39:07.864 1490 1966 E DisplayDeviceConfig: requesting nits when no mapping exists.
01-05 04:39:07.864 1490 1966 E DisplayDeviceConfig: requesting nits when no mapping exists.
01-05 04:39:07.880 1490 1966 E DisplayDeviceConfig: requesting nits when no mapping exists.
01-05 04:39:07.880 1490 1966 E DisplayDeviceConfig: requesting nits when no mapping exists.
01-05 04:39:07.897 1490 1966 E DisplayDeviceConfig: requesting nits when no mapping exists.
01-05 04:39:07.898 1490 1966 E DisplayDeviceConfig: requesting nits when no mapping exists.
01-05 04:39:07.914 1490 1966 E DisplayDeviceConfig: requesting nits when no mapping exists.
01-05 04:39:07.915 1490 1966 E DisplayDeviceConfig: requesting nits when no mapping exists.
01-05 04:39:07.931 1490 1966 E DisplayDeviceConfig: requesting nits when no mapping exists.
01-05 04:39:07.931 1490 1966 E DisplayDeviceConfig: requesting nits when no mapping exists.
01-05 04:39:07.948 1490 1966 E DisplayDeviceConfig: requesting nits when no mapping exists.
01-05 04:39:07.948 1490 1966 E DisplayDeviceConfig: requesting nits when no mapping exists.
01-05 04:39:07.964 1490 1966 E DisplayDeviceConfig: requesting nits when no mapping exists.
01-05 04:39:07.965 1490 1966 E DisplayDeviceConfig: requesting nits when no mapping exists.
01-05 04:39:07.970 1490 1490 I GameModeConfig: isGameModeOn = false
01-05 04:39:07.981 1490 1966 E DisplayDeviceConfig: requesting nits when no mapping exists.
01-05 04:39:07.981 1490 1966 E DisplayDeviceConfig: requesting nits when no mapping exists.
01-05 04:39:07.997 1490 1966 E DisplayDeviceConfig: requesting nits when no mapping exists.
01-05 04:39:07.998 1490 1966 E DisplayDeviceConfig: requesting nits when no mapping exists.
01-05 04:39:08.014 1490 1966 E DisplayDeviceConfig: requesting nits when no mapping exists.
01-05 04:39:08.014 1490 1966 E DisplayDeviceConfig: requesting nits when no mapping exists.
01-05 04:39:08.031 1490 1966 E DisplayDeviceConfig: requesting nits when no mapping exists.
01-05 04:39:08.032 1490 1966 E DisplayDeviceConfig: requesting nits when no mapping exists.
01-05 04:39:08.032 1490 1873 I GameModeConfig: isGameModeOn = false
01-05 04:39:08.032 1490 1873 I GameModeConfig: isGameModeOn = false
01-05 04:39:08.032 1490 1873 I GameModeConfig: isGameModeOn = false
01-05 04:39:08.032 1490 1873 I GameModeConfig: isGameModeOn = false
01-05 04:39:08.048 1490 1966 E DisplayDeviceConfig: requesting nits when no mapping exists.
01-05 04:39:08.048 1490 1966 E DisplayDeviceConfig: requesting nits when no mapping exists.
01-05 04:39:08.065 1490 1966 E DisplayDeviceConfig: requesting nits when no mapping exists.
01-05 04:39:08.065 1490 1966 E DisplayDeviceConfig: requesting nits when no mapping exists.
01-05 04:39:08.083 1490 1966 E DisplayDeviceConfig: requesting nits when no mapping exists.
01-05 04:39:08.083 1490 1966 E DisplayDeviceConfig: requesting nits when no mapping exists.
01-05 04:39:08.086 2382 3732 W ContextImpl: Calling a method in the system process without a qualified user: android.app.ContextImpl.startService:1816 android.content.ContextWrapper.startService:774 com.thundercomm.gamemode.ingame.services.GameModeActionUtils.startGameModeService:99 com.thundercomm.gamemode.ingame.services.GameModeActionUtils.startGameModeEntry:22 com.thundercomm.gamemode.ingame.services.ActivityMonitoringService$1.onActivityLaunch:129
01-05 04:39:08.088 1490 1490 I GameModeConfig: Current uri is uri = content://com.thundercomm.gamemode.api/gamemode_settings/gamemode_isgaming
01-05 04:39:08.088 1490 1490 I GameModeConfig: isGameModeOn = false
01-05 04:39:08.088 1490 1490 I GameModeConfig: isGameModeOn = false
01-05 04:39:08.088 1490 1490 I GameModeConfig: isDisableVoice = true
01-05 04:39:08.098 1490 1966 E DisplayDeviceConfig: requesting nits when no mapping exists.
01-05 04:39:08.098 1490 1966 E DisplayDeviceConfig: requesting nits when no mapping exists.
01-05 04:39:08.114 1490 1966 E DisplayDeviceConfig: requesting nits when no mapping exists.
01-05 04:39:08.114 1490 1966 E DisplayDeviceConfig: requesting nits when no mapping exists.
01-05 04:39:08.129 1490 1966 E DisplayDeviceConfig: requesting nits when no mapping exists.
01-05 04:39:08.129 1490 1966 E DisplayDeviceConfig: requesting nits when no mapping exists.
01-05 04:39:08.146 1490 1966 E DisplayDeviceConfig: requesting nits when no mapping exists.
01-05 04:39:08.146 1490 1966 E DisplayDeviceConfig: requesting nits when no mapping exists.
01-05 04:39:08.162 1490 1966 E DisplayDeviceConfig: requesting nits when no mapping exists.
01-05 04:39:08.162 1490 1966 E DisplayDeviceConfig: requesting nits when no mapping exists.
01-05 04:39:08.179 1490 1966 E DisplayDeviceConfig: requesting nits when no mapping exists.
01-05 04:39:08.179 1490 1966 E DisplayDeviceConfig: requesting nits when no mapping exists.
01-05 04:39:08.196 1490 1966 E DisplayDeviceConfig: requesting nits when no mapping exists.
01-05 04:39:08.196 1490 1966 E DisplayDeviceConfig: requesting nits when no mapping exists.
01-05 04:39:08.212 1490 1966 E DisplayDeviceConfig: requesting nits when no mapping exists.
01-05 04:39:08.212 1490 1966 E DisplayDeviceConfig: requesting nits when no mapping exists.
01-05 04:39:08.229 1490 1966 E DisplayDeviceConfig: requesting nits when no mapping exists.
01-05 04:39:08.229 1490 1966 E DisplayDeviceConfig: requesting nits when no mapping exists.
01-05 04:39:08.233 1490 1490 I GameModeConfig: isGameModeOn = false
01-05 04:39:08.233 1490 1490 E NotificationService: Muting recently noisy 0|com.android.systemui|2048|null|10081
01-05 04:39:08.246 1490 1966 E DisplayDeviceConfig: requesting nits when no mapping exists.
01-05 04:39:08.246 1490 1966 E DisplayDeviceConfig: requesting nits when no mapping exists.
01-05 04:39:08.262 1490 1966 E DisplayDeviceConfig: requesting nits when no mapping exists.
01-05 04:39:08.263 1490 1966 E DisplayDeviceConfig: requesting nits when no mapping exists.
01-05 04:39:08.279 1490 1966 E DisplayDeviceConfig: requesting nits when no mapping exists.
01-05 04:39:08.279 1490 1966 E DisplayDeviceConfig: requesting nits when no mapping exists.
01-05 04:39:08.296 1490 1966 E DisplayDeviceConfig: requesting nits when no mapping exists.
01-05 04:39:08.296 1490 1966 E DisplayDeviceConfig: requesting nits when no mapping exists.
01-05 04:39:08.312 1490 1966 E DisplayDeviceConfig: requesting nits when no mapping exists.
01-05 04:39:08.313 1490 1966 E DisplayDeviceConfig: requesting nits when no mapping exists.
01-05 04:39:08.329 1490 1966 E DisplayDeviceConfig: requesting nits when no mapping exists.
01-05 04:39:08.329 1490 1966 E DisplayDeviceConfig: requesting nits when no mapping exists.
01-05 04:39:08.346 1490 1966 E DisplayDeviceConfig: requesting nits when no mapping exists.
01-05 04:39:08.346 1490 1966 E DisplayDeviceConfig: requesting nits when no mapping exists.
01-05 04:39:08.363 1490 1966 E DisplayDeviceConfig: requesting nits when no mapping exists.
01-05 04:39:08.363 1490 1966 E DisplayDeviceConfig: requesting nits when no mapping exists.
01-05 04:39:08.379 1490 1966 E DisplayDeviceConfig: requesting nits when no mapping exists.
01-05 04:39:08.379 1490 1966 E DisplayDeviceConfig: requesting nits when no mapping exists.
01-05 04:39:08.397 1490 1966 E DisplayDeviceConfig: requesting nits when no mapping exists.
01-05 04:39:08.397 1490 1966 E DisplayDeviceConfig: requesting nits when no mapping exists.
01-05 04:39:08.413 1490 1966 E DisplayDeviceConfig: requesting nits when no mapping exists.
01-05 04:39:08.413 1490 1966 E DisplayDeviceConfig: requesting nits when no mapping exists.
01-05 04:39:08.429 1490 1966 E DisplayDeviceConfig: requesting nits when no mapping exists.
01-05 04:39:08.430 1490 1966 E DisplayDeviceConfig: requesting nits when no mapping exists.
01-05 04:39:08.446 1490 1966 E DisplayDeviceConfig: requesting nits when no mapping exists.
01-05 04:39:08.446 1490 1966 E DisplayDeviceConfig: requesting nits when no mapping exists.
01-05 04:39:08.463 1490 1966 E DisplayDeviceConfig: requesting nits when no mapping exists.
01-05 04:39:08.463 1490 1966 E DisplayDeviceConfig: requesting nits when no mapping exists.
01-05 04:39:18.021 1490 1873 I GameModeConfig: isGameModeOn = false
01-05 04:39:18.032 1490 1873 I GameModeConfig: isGameModeOn = false
01-05 04:39:18.235 1490 1873 I GameModeConfig: isGameModeOn = false
01-05 04:40:51.130 1490 1717 D ActivityManager: freezing 3090 com.android.traceur
01-05 04:40:51.131 1490 1717 E ActivityManager: Unable to freeze binder for 3090 com.android.traceur
01-05 04:40:51.132 1490 1717 D ActivityManager: froze 3090 com.android.traceur
01-05 04:40:51.133 1490 1717 E ActivityManager: Unable to freeze binder for 3090 com.android.traceur
01-05 04:40:51.134 1490 1717 I ActivityManager: Killing 3090:com.android.traceur/u0a32 (adj 975): Unable to freeze binder interface
01-05 04:40:53.195 1490 1717 D ActivityManager: freezing 3383 com.hryt.hiphishowfsecontrol
01-05 04:40:53.195 1490 1717 E ActivityManager: Unable to freeze binder for 3383 com.hryt.hiphishowfsecontrol
01-05 04:40:53.197 1490 1717 D ActivityManager: froze 3383 com.hryt.hiphishowfsecontrol
01-05 04:40:53.197 1490 1717 E ActivityManager: Unable to freeze binder for 3383 com.hryt.hiphishowfsecontrol
01-05 04:40:53.199 1490 1717 I ActivityManager: Killing 3383:com.hryt.hiphishowfsecontrol/u0a20 (adj 975): Unable to freeze binder interface
01-05 04:40:53.291 1490 1717 D ActivityManager: freezing 3403 com.android.calendar
01-05 04:40:53.291 1490 1717 E ActivityManager: Unable to freeze binder for 3403 com.android.calendar
01-05 04:40:53.292 1490 1717 D ActivityManager: froze 3403 com.android.calendar
01-05 04:40:53.293 1490 1717 E ActivityManager: Unable to freeze binder for 3403 com.android.calendar
01-05 04:40:53.294 1490 1717 I ActivityManager: Killing 3403:com.android.calendar/u0a66 (adj 975): Unable to freeze binder interface
01-05 04:40:53.409 1490 1717 D ActivityManager: freezing 3420 com.android.dynsystem
01-05 04:40:53.409 1490 1717 E ActivityManager: Unable to freeze binder for 3420 com.android.dynsystem
01-05 04:40:53.410 1490 1717 D ActivityManager: froze 3420 com.android.dynsystem
01-05 04:40:53.410 1490 1717 E ActivityManager: Unable to freeze binder for 3420 com.android.dynsystem
01-05 04:40:53.412 1490 1717 I ActivityManager: Killing 3420:com.android.dynsystem/1000 (adj 965): Unable to freeze binder interface
01-05 04:40:53.495 1490 1717 D ActivityManager: freezing 3437 com.android.dynsystem:dynsystem
01-05 04:40:53.495 1490 1717 E ActivityManager: Unable to freeze binder for 3437 com.android.dynsystem:dynsystem
01-05 04:40:53.496 1490 1717 D ActivityManager: froze 3437 com.android.dynsystem:dynsystem
01-05 04:40:53.496 1490 1717 E ActivityManager: Unable to freeze binder for 3437 com.android.dynsystem:dynsystem
01-05 04:40:53.497 1490 1717 I ActivityManager: Killing 3437:com.android.dynsystem:dynsystem/1000 (adj 995): Unable to freeze binder interface
01-05 04:40:53.776 1490 1717 D ActivityManager: freezing 3471 com.android.localtransport
01-05 04:40:53.777 1490 1717 E ActivityManager: Unable to freeze binder for 3471 com.android.localtransport
01-05 04:40:53.778 1490 1717 D ActivityManager: froze 3471 com.android.localtransport
01-05 04:40:53.778 1490 1717 E ActivityManager: Unable to freeze binder for 3471 com.android.localtransport
01-05 04:40:53.780 1490 1717 I ActivityManager: Killing 3471:com.android.localtransport/1000 (adj 985): Unable to freeze binder interface
01-05 04:40:53.850 1490 1717 D ActivityManager: freezing 3502 com.android.music
01-05 04:40:53.850 1490 1717 E ActivityManager: Unable to freeze binder for 3502 com.android.music
01-05 04:40:53.851 1490 1717 D ActivityManager: froze 3502 com.android.music
01-05 04:40:53.852 1490 1717 E ActivityManager: Unable to freeze binder for 3502 com.android.music
01-05 04:40:53.853 1490 1717 I ActivityManager: Killing 3502:com.android.music/u0a86 (adj 985): Unable to freeze binder interface
01-05 04:40:53.925 1490 1717 D ActivityManager: freezing 3535 com.android.onetimeinitializer
01-05 04:40:53.926 1490 1717 E ActivityManager: Unable to freeze binder for 3535 com.android.onetimeinitializer
01-05 04:40:53.927 1490 1717 D ActivityManager: froze 3535 com.android.onetimeinitializer
01-05 04:40:53.927 1490 1717 E ActivityManager: Unable to freeze binder for 3535 com.android.onetimeinitializer
01-05 04:40:53.928 1490 1717 I ActivityManager: Killing 3535:com.android.onetimeinitializer/u0a60 (adj 975): Unable to freeze binder interface
01-05 04:40:54.248 1490 1717 D ActivityManager: freezing 2919 com.android.keychain
01-05 04:40:54.248 1490 1717 E ActivityManager: Unable to freeze binder for 2919 com.android.keychain
01-05 04:40:54.249 1490 1717 D ActivityManager: froze 2919 com.android.keychain
01-05 04:40:54.250 1490 1717 E ActivityManager: Unable to freeze binder for 2919 com.android.keychain
01-05 04:40:54.252 1490 1717 D ActivityManager: freezing 2377 com.android.settings
01-05 04:40:54.252 1490 1717 E ActivityManager: Unable to freeze binder for 2377 com.android.settings
01-05 04:40:54.253 1490 1717 D ActivityManager: froze 2377 com.android.settings
01-05 04:40:54.253 1490 1717 E ActivityManager: Unable to freeze binder for 2377 com.android.settings
01-05 04:40:54.254 1490 1717 I ActivityManager: Killing 2919:com.android.keychain/1000 (adj 965): Unable to freeze binder interface
01-05 04:40:54.256 1490 1717 I ActivityManager: Killing 2377:com.android.settings/1000 (adj 955): Unable to freeze binder interface
01-05 04:40:54.295 1490 1567 W ActivityManager: setHasOverlayUi called on unknown pid: 2377
01-05 04:40:54.809 1490 1717 D ActivityManager: freezing 3711 com.qualcomm.qti.qms.service.connectionsecurity
01-05 04:40:54.809 1490 1717 E ActivityManager: Unable to freeze binder for 3711 com.qualcomm.qti.qms.service.connectionsecurity
01-05 04:40:54.810 1490 1717 D ActivityManager: froze 3711 com.qualcomm.qti.qms.service.connectionsecurity
01-05 04:40:54.810 1490 1717 E ActivityManager: Unable to freeze binder for 3711 com.qualcomm.qti.qms.service.connectionsecurity
01-05 04:40:54.812 1490 1717 D ActivityManager: freezing 3047 com.qualcomm.qtil.aptxui
01-05 04:40:54.812 1490 1717 E ActivityManager: Unable to freeze binder for 3047 com.qualcomm.qtil.aptxui
01-05 04:40:54.813 1490 1717 D ActivityManager: froze 3047 com.qualcomm.qtil.aptxui
01-05 04:40:54.813 1490 1717 E ActivityManager: Unable to freeze binder for 3047 com.qualcomm.qtil.aptxui
01-05 04:40:54.814 1490 1717 I ActivityManager: Killing 3711:com.qualcomm.qti.qms.service.connectionsecurity/u0a56 (adj 945): Unable to freeze binder interface
01-05 04:40:54.816 1490 1717 I ActivityManager: Killing 3047:com.qualcomm.qtil.aptxui/u0a82 (adj 935): Unable to freeze binder interface
01-05 04:40:54.874 1490 1717 D ActivityManager: freezing 3735 com.android.externalstorage
01-05 04:40:54.875 1490 1717 E ActivityManager: Unable to freeze binder for 3735 com.android.externalstorage
01-05 04:40:54.876 1490 1717 D ActivityManager: froze 3735 com.android.externalstorage
01-05 04:40:54.877 1490 1717 E ActivityManager: Unable to freeze binder for 3735 com.android.externalstorage
01-05 04:40:54.878 1490 1717 I ActivityManager: Killing 3735:com.android.externalstorage/u0a26 (adj 935): Unable to freeze binder interface
01-05 04:40:59.243 1490 1717 D ActivityManager: freezing 3613 com.android.providers.calendar
01-05 04:40:59.244 1490 1717 E ActivityManager: Unable to freeze binder for 3613 com.android.providers.calendar
01-05 04:40:59.245 1490 1717 D ActivityManager: froze 3613 com.android.providers.calendar
01-05 04:40:59.245 1490 1717 E ActivityManager: Unable to freeze binder for 3613 com.android.providers.calendar
01-05 04:40:59.247 1490 1717 I ActivityManager: Killing 3613:com.android.providers.calendar/u0a33 (adj 925): Unable to freeze binder interface
01-05 04:41:00.254 1490 1717 D ActivityManager: freezing 3839 com.qualcomm.qti.qms.service.trustzoneaccess
01-05 04:41:00.254 1490 1717 E ActivityManager: Unable to freeze binder for 3839 com.qualcomm.qti.qms.service.trustzoneaccess
01-05 04:41:00.256 1490 1717 D ActivityManager: froze 3839 com.qualcomm.qti.qms.service.trustzoneaccess
01-05 04:41:00.256 1490 1717 E ActivityManager: Unable to freeze binder for 3839 com.qualcomm.qti.qms.service.trustzoneaccess
01-05 04:41:00.257 1490 1717 I ActivityManager: Killing 3839:com.qualcomm.qti.qms.service.trustzoneaccess/u0a54 (adj 935): Unable to freeze binder interface
01-05 04:41:05.210 1490 1490 D CompanionDeviceManagerService: onDeviceConnected(address = 50:C0:F0:71:EB:E4)
01-05 04:41:05.210 1490 1490 I CompanionDeviceManagerService: onDeviceNearby(justAppeared, address = 50:C0:F0:71:EB:E4)
01-05 04:41:05.546 1490 1490 I Telecom : BluetoothStateReceiver: Device 50:C0:F0:71:EB:E4 changed state to 1: BSR.oR@ACI
01-05 04:41:05.689 1490 1490 I Telecom : BluetoothStateReceiver: Device 50:C0:F0:71:EB:E4 is now the preferred BT device for HFP: BSR.oR@ACM
01-05 04:41:05.689 1490 1490 I Telecom : BluetoothStateReceiver: Device 50:C0:F0:71:EB:E4 changed state to 2: BSR.oR@ACQ
01-05 04:41:05.690 1490 2508 I Telecom : BluetoothRouteManager: Message received: NEW_DEVICE_CONNECTED.: BSR.oR->BRM.pM_1@ACQ
01-05 04:41:05.690 1490 2509 I Telecom : CallAudioRouteStateMachine: Message received: BT_ACTIVE_DEVICE_PRESENT=8, arg1=0: BSR.oR->CARSM.pM_BT_ACTIVE_DEVICE_PRESENT@ACM
01-05 04:41:05.690 1490 2509 I Telecom : QuiescentEarpieceRoute: Processing message BT_ACTIVE_DEVICE_PRESENT: BSR.oR->CARSM.pM_BT_ACTIVE_DEVICE_PRESENT@ACM
01-05 04:41:05.690 1490 2509 I Telecom : Logging.Events: Non-call EVENT: AUDIO_ROUTE, Bluetooth active device present: BSR.oR->CARSM.pM_BT_ACTIVE_DEVICE_PRESENT@ACM
01-05 04:41:05.691 1490 2509 I Telecom : CallAudioRouteStateMachine: Message received: SWITCH_BLUETOOTH=1002, arg1=0: BSR.oR->CARSM.pM_BT_ACTIVE_DEVICE_PRESENT->CARSM.pM_SWITCH_BLUETOOTH@ACM
01-05 04:41:05.691 1490 2509 I Telecom : QuiescentEarpieceRoute: Processing message SWITCH_BLUETOOTH: BSR.oR->CARSM.pM_BT_ACTIVE_DEVICE_PRESENT->CARSM.pM_SWITCH_BLUETOOTH@ACM
01-05 04:41:05.691 1490 2509 W Telecom : QuiescentEarpieceRoute: Ignoring switch to bluetooth command. Not available.: BSR.oR->CARSM.pM_BT_ACTIVE_DEVICE_PRESENT->CARSM.pM_SWITCH_BLUETOOTH@ACM
01-05 04:41:05.691 1490 2509 I Telecom : CallAudioRouteStateMachine: Message received: BLUETOOTH_DEVICE_LIST_CHANGED=7, arg1=0: BSR.oR->CARSM.pM_BLUETOOTH_DEVICE_LIST_CHANGED@ACQ
01-05 04:41:05.691 1490 2509 I Telecom : QuiescentEarpieceRoute: Processing message BLUETOOTH_DEVICE_LIST_CHANGED: BSR.oR->CARSM.pM_BLUETOOTH_DEVICE_LIST_CHANGED@ACQ
01-05 04:41:05.691 1490 2509 I Telecom : Logging.Events: Non-call EVENT: AUDIO_ROUTE, Bluetooth device list changed: BSR.oR->CARSM.pM_BLUETOOTH_DEVICE_LIST_CHANGED@ACQ
01-05 04:41:05.694 1490 1490 I Telecom : WiredHeadsetManager: ACTION_HEADSET_PLUG event, plugged in: false, : WHC.oADA@ACU
01-05 04:41:05.892 1490 1490 I Telecom : WiredHeadsetManager: ACTION_HEADSET_PLUG event, plugged in: false, : WHC.oADA@ACY
01-05 04:41:15.211 1490 1490 D CompanionDeviceManagerService: TriggerDeviceDisappearedRunnable.run(address = 50:C0:F0:71:EB:E4)
01-05 04:41:23.456 1490 1717 D ActivityManager: freezing 2985 android.process.media
01-05 04:41:23.457 1490 1717 E ActivityManager: Unable to freeze binder for 2985 android.process.media
01-05 04:41:23.458 1490 1717 D ActivityManager: froze 2985 android.process.media
01-05 04:41:23.458 1490 1717 E ActivityManager: Unable to freeze binder for 2985 android.process.media
01-05 04:41:23.460 1490 1717 D ActivityManager: freezing 2556 com.qualcomm.qti.qccauthmgr
01-05 04:41:23.461 1490 1717 E ActivityManager: Unable to freeze binder for 2556 com.qualcomm.qti.qccauthmgr
01-05 04:41:23.461 1490 1717 D ActivityManager: froze 2556 com.qualcomm.qti.qccauthmgr
01-05 04:41:23.462 1490 1717 E ActivityManager: Unable to freeze binder for 2556 com.qualcomm.qti.qccauthmgr
01-05 04:41:23.465 1490 1717 D ActivityManager: freezing 3143 android.process.acore
01-05 04:41:23.466 1490 1717 E ActivityManager: Unable to freeze binder for 3143 android.process.acore
01-05 04:41:23.466 1490 1717 D ActivityManager: froze 3143 android.process.acore
01-05 04:41:23.467 1490 1717 E ActivityManager: Unable to freeze binder for 3143 android.process.acore
01-05 04:41:23.468 1490 1717 I ActivityManager: Killing 2985:android.process.media/u0a22 (adj 935): Unable to freeze binder interface
01-05 04:41:23.470 1490 1717 I ActivityManager: Killing 2556:com.qualcomm.qti.qccauthmgr/u0a88 (adj 945): Unable to freeze binder interface
01-05 04:41:23.473 1490 1717 I ActivityManager: Killing 3143:android.process.acore/u0a23 (adj 975): Unable to freeze binder interface
01-05 04:41:23.501 1490 4880 D CountryDetector: No listener is left
01-05 04:41:26.131 1490 4450 W ActivityManager: Unable to start service Intent { act=android.intent.action.START_LEBO_SERVICE pkg=com.hpplay.happyplay.aw } U=0: not found
01-05 04:41:29.984 1490 2113 I DreamManagerService: Gently waking up from dream.
01-05 04:41:29.987 1490 1564 I DreamManagerService: Performing gentle wake from dream.
01-05 04:41:29.990 1490 2113 I ActivityTaskManager: FOREGROUND_APPLICATION_CHANGED to com.android.launcher3.uioverrides.QuickstepLauncher
01-05 04:41:30.003 1490 1567 D CompatibilityChangeReporter: Compat change id reported: 135634846; UID 10086; state: DISABLED
01-05 04:41:30.003 1490 1567 D CompatibilityChangeReporter: Compat change id reported: 177438394; UID 10086; state: DISABLED
01-05 04:41:30.003 1490 1567 D CompatibilityChangeReporter: Compat change id reported: 135772972; UID 10086; state: DISABLED
01-05 04:41:30.003 1490 1567 D CompatibilityChangeReporter: Compat change id reported: 135754954; UID 10086; state: ENABLED
01-05 04:41:30.003 1490 1583 D CompatibilityChangeReporter: Compat change id reported: 143937733; UID 10086; state: ENABLED
01-05 04:41:30.017 2382 3732 W ContextImpl: Calling a method in the system process without a qualified user: android.app.ContextImpl.startService:1816 android.content.ContextWrapper.startService:774 com.thundercomm.gamemode.ingame.services.GameModeActionUtils.startGameModeService:99 com.thundercomm.gamemode.ingame.services.GameModeActionUtils.startGameModeEntry:22 com.thundercomm.gamemode.ingame.services.ActivityMonitoringService$1.onActivityLaunch:129
01-05 04:41:30.026 1490 1490 I GameModeConfig: Current uri is uri = content://com.thundercomm.gamemode.api/gamemode_settings/gamemode_isgaming
01-05 04:41:30.027 1490 1583 I ActivityManager: Start proc 4934:com.android.music/u0a86 for null
01-05 04:41:30.031 1490 1618 I PowerManagerService: Powering on display group fromDreaming (groupId=0, uid=1000, reason=WAKE_REASON_UNKNOWN, details=android.server.power:DREAM_FINISHED)...
01-05 04:41:30.031 1490 1618 I PowerManagerService: Waking up from Dreaming (uid=1000, reason=WAKE_REASON_UNKNOWN, details=android.server.power:DREAM_FINISHED)...
01-05 04:41:30.047 1490 1490 I GameModeConfig: isGameModeOn = false
01-05 04:41:30.047 1490 1490 I GameModeConfig: isGameModeOn = false
01-05 04:41:30.047 1490 1490 I GameModeConfig: isDisableVoice = true
01-05 04:41:30.048 1490 4450 D CompatibilityChangeReporter: Compat change id reported: 168419799; UID 10086; state: DISABLED
01-05 04:41:30.103 2382 3732 W ContextImpl: Calling a method in the system process without a qualified user: android.app.ContextImpl.startService:1816 android.content.ContextWrapper.startService:774 com.thundercomm.gamemode.ingame.services.GameModeActionUtils.startGameModeService:99 com.thundercomm.gamemode.ingame.services.GameModeActionUtils.startGameModeEntry:22 com.thundercomm.gamemode.ingame.services.ActivityMonitoringService$1.onActivityLaunch:129
01-05 04:41:30.108 1490 1490 I GameModeConfig: Current uri is uri = content://com.thundercomm.gamemode.api/gamemode_settings/gamemode_isgaming
01-05 04:41:30.110 1490 1490 I GameModeConfig: isGameModeOn = false
01-05 04:41:30.110 1490 1490 I GameModeConfig: isGameModeOn = false
01-05 04:41:30.110 1490 1490 I GameModeConfig: isDisableVoice = true
01-05 04:41:30.266 2382 3732 W ContextImpl: Calling a method in the system process without a qualified user: android.app.ContextImpl.startService:1816 android.content.ContextWrapper.startService:774 com.thundercomm.gamemode.ingame.services.GameModeActionUtils.startGameModeService:99 com.thundercomm.gamemode.ingame.services.GameModeActionUtils.startGameModeEntry:22 com.thundercomm.gamemode.ingame.services.ActivityMonitoringService$1.onActivityLaunch:129
01-05 04:41:30.271 1490 1490 I GameModeConfig: Current uri is uri = content://com.thundercomm.gamemode.api/gamemode_settings/gamemode_isgaming
01-05 04:41:30.273 1490 1490 I GameModeConfig: isGameModeOn = false
01-05 04:41:30.273 1490 1490 I GameModeConfig: isGameModeOn = false
01-05 04:41:30.273 1490 1490 I GameModeConfig: isDisableVoice = true
01-05 04:41:30.282 1490 2113 I DreamManagerService: Leaving dreamland.
01-05 04:41:30.283 1490 1564 I DreamManagerService: Performing gentle wake from dream.
01-05 04:41:30.283 1490 1564 I DreamController: Stopping dream: name=ComponentInfo{com.thundercomm.screensaver/com.thundercomm.saverclock.service.ClockScreensaver}, isTest=false, canDoze=false, userId=0, reason='finished self'(from 'finished self')
01-05 04:41:30.292 1490 1569 W ActivityTaskManager: Can't find TaskDisplayArea to determine support for multi window. Task id=58 attached=false
01-05 04:41:48.948 1490 1705 W DeviceIdleController: motion timeout went off and device isn't stationary
01-05 04:41:48.975 1490 1954 D CompatibilityChangeReporter: Compat change id reported: 171306433; UID 1000; state: ENABLED
01-05 04:41:48.984 823 823 W android.hardware.wifi@1.0-service: No active wlan interfaces in use! Using default
01-05 04:41:48.996 1209 1209 I wificond: Unsubscribe scan result for interface with index: 17
01-05 04:41:49.123 1209 1209 I wificond: tearDownClientInterface: erasing wiphy_index for iface_name wlan0
01-05 04:41:49.123 1209 1209 I wificond: remove channel type 0 support at wiphy index 0
01-05 04:41:49.123 1209 1209 I wificond: remove channel type 1 support at wiphy index 0
01-05 04:41:49.124 1209 1209 W wificond: No handler for scan result notification from interface with index: 17
01-05 04:41:49.182 823 823 E android.hardware.wifi@1.0-service: Failed to open directory: Permission denied
01-05 04:41:49.182 823 823 E android.hardware.wifi@1.0-service: Error occurred while deleting old tombstone files
01-05 04:41:49.182 823 823 E android.hardware.wifi@1.0-service: Error writing files to flash
01-05 04:41:49.183 823 823 E android.hardware.wifi@1.0-service: Stopping legacy HAL
01-05 04:41:49.183 823 823 E android.hardware.wifi@1.0-service: Legacy HAL trigger wifi cleanup
01-05 04:41:49.185 823 3374 I android.hardware.wifi@1.0-service: Legacy HAL stop complete callback received
01-05 04:41:49.185 823 3374 E android.hardware.wifi@1.0-service: SetWifiUpState(false) completed
01-05 04:41:49.185 823 3374 E android.hardware.wifi@1.0-service: Legacy HAL Wifi event loop exited
01-05 04:41:49.185 823 3374 E android.hardware.wifi@1.0-service: Legacy HAL event loop terminated
01-05 04:41:49.185 823 823 D android.hardware.wifi@1.0-service: Legacy HAL stop complete
01-05 04:41:49.187 823 823 I android.hardware.wifi@1.0-service: Wifi HAL stopped
01-05 04:41:49.222 1490 1596 D KernelCpuUidUserSysTimeReader: Removing uids 1037-1037
01-05 04:41:49.222 1490 1596 D KernelCpuUidUserSysTimeReader: Removing uids 1037-1037
01-05 04:41:50.759 1490 4956 I BackgroundDexOptService: Pinning optimized code {}
01-05 04:41:58.928 1490 1717 D ActivityManager: freezing 3591 com.android.permissioncontroller
01-05 04:41:58.928 1490 1717 E ActivityManager: Unable to freeze binder for 3591 com.android.permissioncontroller
01-05 04:41:58.930 1490 1717 D ActivityManager: froze 3591 com.android.permissioncontroller
01-05 04:41:58.930 1490 1717 E ActivityManager: Unable to freeze binder for 3591 com.android.permissioncontroller
01-05 04:41:58.932 1490 1717 I ActivityManager: Killing 3591:com.android.permissioncontroller/u0a93 (adj 925): Unable to freeze binder interface
01-05 04:42:21.046 1490 1873 I GameModeConfig: isGameModeOn = false
01-05 04:42:21.047 1490 1873 I GameModeConfig: isGameModeOn = false
01-05 04:42:21.047 1490 1873 I GameModeConfig: isGameModeOn = false
01-05 04:42:21.048 1490 1873 I GameModeConfig: isGameModeOn = false
01-05 04:42:21.251 1490 1490 I GameModeConfig: isGameModeOn = false
01-05 04:42:31.301 1490 1873 I GameModeConfig: isGameModeOn = false
01-05 04:43:10.455 1490 1696 D ApkSignatureVerifier: Perflock acquired for PackageInstall
01-05 04:43:12.989 1490 1696 D ApkSignatureVerifier: Perflock released for PackageInstall
01-05 04:43:14.275 1490 1753 W RuleEvaluation: Integrity rule files are not available.
01-05 04:43:14.276 1490 1635 I PackageManager: Integrity check passed for file:///data/app/vmdl305102059.tmp
01-05 04:43:14.444 1490 1635 D CompatibilityChangeReporter: Compat change id reported: 133396946; UID -1; state: DISABLED
01-05 04:43:14.445 1490 1635 I PackageManager: Permission ownership changed. Updating all permissions.
01-05 04:43:14.559 1490 1564 W Looper : Slow dispatch took 110ms android.fg h=android.os.Handler c= m=0
01-05 04:43:14.640 1490 1564 V StorageManagerService: Package null has legacy storage
01-05 04:43:15.487 1490 1635 V BackupManagerService: [UserID:0] restoreAtInstall pkg=com.tencent.tmgp.sgame token=1 restoreSet=0
01-05 04:43:15.488 1490 1635 V BackupManagerService: [UserID:0] Finishing install immediately
01-05 04:43:15.492 1490 1490 D CompatibilityChangeReporter: Compat change id reported: 135634846; UID 10093; state: DISABLED
01-05 04:43:15.493 1490 1490 D CompatibilityChangeReporter: Compat change id reported: 177438394; UID 10093; state: DISABLED
01-05 04:43:15.493 1490 1490 D CompatibilityChangeReporter: Compat change id reported: 135772972; UID 10093; state: DISABLED
01-05 04:43:15.493 1490 1490 D CompatibilityChangeReporter: Compat change id reported: 135754954; UID 10093; state: DISABLED
01-05 04:43:15.493 1490 1583 D CompatibilityChangeReporter: Compat change id reported: 143937733; UID 10093; state: DISABLED
01-05 04:43:15.499 1490 1635 D CompatibilityChangeReporter: Compat change id reported: 168419799; UID 10096; state: DISABLED
01-05 04:43:15.505 1490 1868 D VcnManagementService: new snapshot: TelephonySubscriptionSnapshot{ mActiveDataSubId=-1, mSubIdToInfoMap={}, mPrivilegedPackages={} }
01-05 04:43:15.513 1490 4450 W BroadcastQueue: Background execution not allowed: receiving Intent { act=android.intent.action.PACKAGE_ADDED dat=package:com.tencent.tmgp.sgame flg=0x4000010 (has extras) } to com.android.packageinstaller/.PackageInstalledReceiver
01-05 04:43:15.515 1490 1583 I ActivityManager: Start proc 5001:com.android.permissioncontroller/u0a93 for service {com.android.permissioncontroller/com.android.permissioncontroller.permission.service.PermissionControllerServiceImpl}
01-05 04:43:15.517 1490 1490 I Telecom : DefaultDialerCache: Refreshing default dialer for user 0: now null: DDC.oR@ACc
01-05 04:43:15.518 1490 1582 W BroadcastQueue: Background execution not allowed: receiving Intent { act=android.intent.action.PACKAGE_ADDED dat=package:com.tencent.tmgp.sgame flg=0x4000010 (has extras) } to com.android.gallery3d/.app.PackagesMonitor
01-05 04:43:15.520 1490 1582 D CompatibilityChangeReporter: Compat change id reported: 168419799; UID 10036; state: DISABLED
01-05 04:43:15.527 1490 1564 D CompanionDeviceManagerService: onPackageModified(packageName = com.tencent.tmgp.sgame)
01-05 04:43:15.532 1490 1490 I Telecom : DefaultDialerCache: Refreshing default dialer for user 0: now null: DDC.oR@ACg
01-05 04:43:15.538 1490 4880 D CompatibilityChangeReporter: Compat change id reported: 135634846; UID 10070; state: DISABLED
01-05 04:43:15.538 1490 4880 D CompatibilityChangeReporter: Compat change id reported: 177438394; UID 10070; state: DISABLED
01-05 04:43:15.538 1490 4880 D CompatibilityChangeReporter: Compat change id reported: 135772972; UID 10070; state: DISABLED
01-05 04:43:15.538 1490 4880 D CompatibilityChangeReporter: Compat change id reported: 135754954; UID 10070; state: DISABLED
01-05 04:43:15.539 1490 1583 D CompatibilityChangeReporter: Compat change id reported: 143937733; UID 10070; state: DISABLED
01-05 04:43:15.542 1490 1580 W VoiceInteractionManager: no available voice recognition services found for user 0
01-05 04:43:15.545 1490 1583 I ActivityManager: Start proc 5018:com.android.gallery3d/u0a70 for broadcast {com.android.gallery3d/com.android.gallery3d.app.PackagesMonitor}
01-05 04:43:15.547 1490 1580 W PackageManager: Failed registering loading progress callback. Package is fully loaded.
01-05 04:43:15.563 1490 4880 D CompatibilityChangeReporter: Compat change id reported: 168419799; UID 10070; state: DISABLED
01-05 04:43:15.568 1490 1580 W VoiceInteractionManager: no available voice recognition services found for user 0
01-05 04:43:18.604 1490 1521 I thunderperf: PlatormCompat.setOverrides: Uid1=10075 Pid1=2552 Uid2=10075 Pid2=2552
01-05 04:43:18.604 1490 1521 I thunderperf: PlatormCompat.setOverrides: needCheck:false
01-05 04:43:18.605 1490 1521 I ActivityTaskManager: START u0 {act=android.intent.action.MAIN cat=[android.intent.category.LAUNCHER] flg=0x10200000 cmp=com.tencent.tmgp.sgame/.SGameActivity bnds=[1923,120][2225,400]} from uid 10075
01-05 04:43:18.612 1490 1521 W ActivityTaskManager: Can't find TaskDisplayArea to determine support for multi window. Task id=59 attached=false
01-05 04:43:18.614 1490 1521 D CompatibilityChangeReporter: Compat change id reported: 174042980; UID 10096; state: DISABLED
01-05 04:43:18.614 1490 1521 D CompatibilityChangeReporter: Compat change id reported: 184838306; UID 10096; state: DISABLED
01-05 04:43:18.614 1490 1521 D CompatibilityChangeReporter: Compat change id reported: 185004937; UID 10096; state: DISABLED
01-05 04:43:18.614 1490 1521 D CompatibilityChangeReporter: Compat change id reported: 181136395; UID 10096; state: DISABLED
01-05 04:43:18.615 1490 1521 D CompatibilityChangeReporter: Compat change id reported: 174042936; UID 10096; state: DISABLED
01-05 04:43:18.630 1490 1567 D CompatibilityChangeReporter: Compat change id reported: 135634846; UID 10096; state: DISABLED
01-05 04:43:18.630 1490 1567 D CompatibilityChangeReporter: Compat change id reported: 177438394; UID 10096; state: DISABLED
01-05 04:43:18.630 1490 1567 D CompatibilityChangeReporter: Compat change id reported: 135772972; UID 10096; state: DISABLED
01-05 04:43:18.630 1490 1567 D CompatibilityChangeReporter: Compat change id reported: 135754954; UID 10096; state: DISABLED
01-05 04:43:18.630 1490 1583 D CompatibilityChangeReporter: Compat change id reported: 143937733; UID 10096; state: DISABLED
01-05 04:43:18.633 1490 2113 I ActivityTaskManager: FOREGROUND_APPLICATION_CHANGED to com.tencent.tmgp.sgame.SGameActivity
01-05 04:43:18.636 1490 5060 W ContextImpl: Calling a method in the system process without a qualified user: android.app.ContextImpl.sendBroadcast:1173 com.qualcomm.qti.Performance$SendGameLaunchBroadcast.run:217 java.lang.Thread.run:920
01-05 04:43:18.637 1490 1583 I ActivityManager: Start proc 5059:com.tencent.tmgp.sgame/u0a96 for pre-top-activity {com.tencent.tmgp.sgame/com.tencent.tmgp.sgame.SGameActivity}
01-05 04:43:18.663 2382 3732 W ContextImpl: Calling a method in the system process without a qualified user: android.app.ContextImpl.startService:1816 android.content.ContextWrapper.startService:774 com.thundercomm.gamemode.ingame.services.GameModeActionUtils.startGameModeService:99 com.thundercomm.gamemode.ingame.services.GameModeActionUtils.startGameModeEntry:22 com.thundercomm.gamemode.ingame.services.ActivityMonitoringService$1.onActivityLaunch:129
01-05 04:43:18.668 1490 1490 I GameModeConfig: Current uri is uri = content://com.thundercomm.gamemode.api/gamemode_settings/gamemode_isgaming
01-05 04:43:18.670 1490 1490 I GameModeConfig: isGameModeOn = false
01-05 04:43:18.670 1490 1490 I GameModeConfig: isGameModeOn = false
01-05 04:43:18.670 1490 1490 I GameModeConfig: isDisableVoice = true
01-05 04:43:18.685 5059 5078 D ActivityThread: Loading provider com.tencent.tmgp.sgame.XG_SETTINGS_PROVIDER: com.tencent.tpns.baseapi.base.SettingsContentProvider
01-05 04:43:18.739 2382 3732 W ContextImpl: Calling a method in the system process without a qualified user: android.app.ContextImpl.startService:1816 android.content.ContextWrapper.startService:774 com.thundercomm.gamemode.ingame.services.GameModeActionUtils.startGameModeService:99 com.thundercomm.gamemode.ingame.services.GameModeActionUtils.startGameModeEntry:22 com.thundercomm.gamemode.ingame.services.ActivityMonitoringService$1.onActivityLaunch:129
01-05 04:43:18.740 1490 1490 I GameModeConfig: Current uri is uri = content://com.thundercomm.gamemode.api/gamemode_settings/gamemode_isgaming
01-05 04:43:18.741 1490 1490 I GameModeConfig: isGameModeOn = false
01-05 04:43:18.741 1490 1490 I GameModeConfig: isGameModeOn = false
01-05 04:43:18.741 1490 1490 I GameModeConfig: isDisableVoice = true
01-05 04:43:18.876 1490 4338 W WindowManager: Failed looking up window session=Session{7f6eb5c 5059:u0a10096} callers=com.android.server.wm.WindowManagerService.windowForClientLocked:5628 com.android.server.wm.Session.insetsModified:629 android.view.IWindowSession$Stub.onTransact:1151
01-05 04:43:19.207 2382 3732 W ContextImpl: Calling a method in the system process without a qualified user: android.app.ContextImpl.startService:1816 android.content.ContextWrapper.startService:774 com.thundercomm.gamemode.ingame.services.GameModeActionUtils.startGameModeService:99 com.thundercomm.gamemode.ingame.services.GameModeActionUtils.startGameModeEntry:22 com.thundercomm.gamemode.ingame.services.ActivityMonitoringService$1.onActivityLaunch:129
01-05 04:43:19.209 1490 1490 I GameModeConfig: Current uri is uri = content://com.thundercomm.gamemode.api/gamemode_settings/gamemode_isgaming
01-05 04:43:19.209 1490 1490 I GameModeConfig: isGameModeOn = false
01-05 04:43:19.209 1490 1490 I GameModeConfig: isGameModeOn = false
01-05 04:43:19.209 1490 1490 I GameModeConfig: isDisableVoice = true
01-05 04:43:20.325 1490 4880 D TelephonyRegistry: listen oscl: mHasNotifySubscriptionInfoChangedOccurred==false no callback
01-05 04:43:20.326 1991 1991 W CarrierConfigManager: Error getting config for subId -1 ICarrierConfigLoader is null
01-05 04:43:20.327 1490 4450 D CompatibilityChangeReporter: Compat change id reported: 183164979; UID 10081; state: ENABLED
01-05 04:43:21.397 823 823 D android.hardware.wifi@1.0-service: Initialize legacy HAL
01-05 04:43:21.398 823 823 I android.hardware.wifi@1.0-service: Wifi HAL started
01-05 04:43:21.409 823 823 D android.hardware.wifi@1.0-service: Waiting for the driver ready
01-05 04:43:21.412 823 823 D android.hardware.wifi@1.0-service: Starting legacy HAL
01-05 04:43:21.629 1490 2764 E TaskPersister: File error accessing recents directory (directory doesn't exist?).
01-05 04:43:22.346 1209 1209 I wificond: Regulatory domain changed to country: CN on wiphy_index: 0
01-05 04:43:22.353 1209 1209 I wificond: 2.4Ghz frequencies: 2412 2417 2422 2427 2432 2437 2442 2447 2452 2457 2462 2467 2472
01-05 04:43:22.353 1209 1209 I wificond: 5Ghz non-DFS frequencies: 5180 5200 5220 5240 5745 5765 5785 5805 5825
01-05 04:43:22.353 1209 1209 I wificond: 5Ghz DFS frequencies: 5260 5280 5300 5320
01-05 04:43:22.353 1209 1209 I wificond: 6Ghz frequencies:
01-05 04:43:22.353 1209 1209 I wificond: 60Ghz frequencies:
01-05 04:43:22.357 823 823 I android.hardware.wifi@1.0-service: Adding interface handle for wifi-aware0
01-05 04:43:22.357 823 823 I android.hardware.wifi@1.0-service: Adding interface handle for p2p0
01-05 04:43:22.357 823 823 I android.hardware.wifi@1.0-service: Adding interface handle for wlan0
01-05 04:43:22.357 823 823 D android.hardware.wifi@1.0-service: Legacy HAL start complete
01-05 04:43:22.357 823 823 W android.hardware.wifi@1.0-service: No active wlan interfaces in use! Using default
01-05 04:43:22.357 823 823 W android.hardware.wifi@1.0-service: No active wlan interfaces in use! Using default
01-05 04:43:22.358 823 5125 D android.hardware.wifi@1.0-service: Starting legacy HAL event loop
01-05 04:43:22.362 823 823 I android.hardware.wifi@1.0-service: Configured chip in mode 3
01-05 04:43:22.362 823 823 W android.hardware.wifi@1.0-service: No active wlan interfaces in use! Using default
01-05 04:43:22.367 823 823 W android.hardware.wifi@1.0-service: No active wlan interfaces in use! Using default
01-05 04:43:22.374 1209 1209 I wificond: createClientInterface: wiphy_index 0 iface_name wlan0
01-05 04:43:22.376 1209 1209 I wificond: create scanner for interface with index: 17
01-05 04:43:22.376 1209 1209 I wificond: subscribe scan result for interface with index: 17
01-05 04:43:22.377 1209 1209 I wificond: add channel type 0 support at wiphy index: 0
01-05 04:43:22.377 1209 1209 I wificond: add channel type 1 support at wiphy index: 0
01-05 04:43:22.624 823 823 D android.hardware.wifi@1.0-service: Successfully SetMacAddress.
01-05 04:43:22.939 1490 1490 W Looper : Slow dispatch took 369ms main h=android.app.ActivityThread$H c=android.app.LoadedApk$ReceiverDispatcher$Args$$ExternalSyntheticLambda0@4c92747 m=0
01-05 04:43:22.939 1490 1490 W Looper : Slow delivery took 370ms main h=android.app.ActivityThread$H c=android.app.LoadedApk$ReceiverDispatcher$Args$$ExternalSyntheticLambda0@b878b74 m=0
01-05 04:43:22.942 1490 1490 W Looper : Drained
01-05 04:43:22.958 1490 1596 V BatteryExternalStatsWorker: WiFi energy data was reset, new WiFi energy data is WifiActivityEnergyInfo{ mTimeSinceBootMillis=763033 mStackState=3 mControllerTxDurationMillis=0 mControllerRxDurationMillis=3 mControllerScanDurationMillis=27 mControllerIdleDurationMillis=97 mControllerEnergyUsedMicroJoules=2046 }
01-05 04:43:23.662 1157 5053 I iorapd : Perfetto TraceBuffer saved to file: /data/misc/iorapd/com.tencent.tmgp.sgame/381010801/com.tencent.tmgp.sgame.SGameActivity/raw_traces/1672865003661411065.perfetto_trace.pb
01-05 04:43:25.757 1490 1898 I ActivityTaskManager: START u0 {act=com.android.settings.WIFI_DIALOG flg=0x14000000 cmp=com.android.settings/.wifi.WifiDialogActivity (has extras)} from uid 10081
01-05 04:43:25.769 1490 1898 W ActivityTaskManager: Can't find TaskDisplayArea to determine support for multi window. Task id=60 attached=false
01-05 04:43:25.775 1490 1898 D CompatibilityChangeReporter: Compat change id reported: 174042980; UID 1000; state: DISABLED
01-05 04:43:25.779 1490 4450 I ActivityTaskManager: FOREGROUND_APPLICATION_CHANGED to com.android.settings.wifi.WifiDialogActivity
01-05 04:43:25.781 1490 1567 D CompatibilityChangeReporter: Compat change id reported: 135634846; UID 1000; state: DISABLED
01-05 04:43:25.781 1490 1567 D CompatibilityChangeReporter: Compat change id reported: 177438394; UID 1000; state: DISABLED
01-05 04:43:25.781 1490 1567 D CompatibilityChangeReporter: Compat change id reported: 135772972; UID 1000; state: DISABLED
01-05 04:43:25.781 1490 1567 D CompatibilityChangeReporter: Compat change id reported: 135754954; UID 1000; state: ENABLED
01-05 04:43:25.786 1490 5143 W ContextImpl: Calling a method in the system process without a qualified user: android.app.ContextImpl.sendBroadcast:1173 com.qualcomm.qti.Performance$SendGameLaunchBroadcast.run:217 java.lang.Thread.run:920
01-05 04:43:25.786 1490 1583 I ActivityManager: Start proc 5142:com.android.settings/1000 for pre-top-activity {com.android.settings/com.android.settings.wifi.WifiDialogActivity}
01-05 04:43:25.806 1490 1898 D CompatibilityChangeReporter: Compat change id reported: 181136395; UID 1000; state: DISABLED
01-05 04:43:25.807 1490 1898 D CompatibilityChangeReporter: Compat change id reported: 174042936; UID 1000; state: DISABLED
01-05 04:43:25.817 2382 3732 W ContextImpl: Calling a method in the system process without a qualified user: android.app.ContextImpl.startService:1816 android.content.ContextWrapper.startService:774 com.thundercomm.gamemode.ingame.services.GameModeActionUtils.startGameModeService:99 com.thundercomm.gamemode.ingame.services.GameModeActionUtils.startGameModeEntry:22 com.thundercomm.gamemode.ingame.services.ActivityMonitoringService$1.onActivityLaunch:129
01-05 04:43:25.821 1490 1490 I GameModeConfig: Current uri is uri = content://com.thundercomm.gamemode.api/gamemode_settings/gamemode_isgaming
01-05 04:43:25.823 1490 1490 I GameModeConfig: isGameModeOn = false
01-05 04:43:25.823 1490 1490 I GameModeConfig: isGameModeOn = false
01-05 04:43:25.823 1490 1490 I GameModeConfig: isDisableVoice = true
01-05 04:43:25.828 1490 5160 I DropBoxManagerService: add tag=system_app_wtf isTagEnabled=true flags=0x2
01-05 04:43:25.829 1490 5161 I DropBoxManagerService: add tag=system_app_wtf isTagEnabled=true flags=0x2
01-05 04:43:25.830 1490 5162 I DropBoxManagerService: add tag=system_app_wtf isTagEnabled=true flags=0x2
01-05 04:43:25.830 1490 5163 I DropBoxManagerService: add tag=system_app_wtf isTagEnabled=true flags=0x2
01-05 04:43:25.831 1490 5164 I DropBoxManagerService: add tag=system_app_wtf isTagEnabled=true flags=0x2
01-05 04:43:25.887 2382 3732 W ContextImpl: Calling a method in the system process without a qualified user: android.app.ContextImpl.startService:1816 android.content.ContextWrapper.startService:774 com.thundercomm.gamemode.ingame.services.GameModeActionUtils.startGameModeService:99 com.thundercomm.gamemode.ingame.services.GameModeActionUtils.startGameModeEntry:22 com.thundercomm.gamemode.ingame.services.ActivityMonitoringService$1.onActivityLaunch:129
01-05 04:43:25.889 1490 1490 I GameModeConfig: Current uri is uri = content://com.thundercomm.gamemode.api/gamemode_settings/gamemode_isgaming
01-05 04:43:25.890 1490 1490 I GameModeConfig: isGameModeOn = false
01-05 04:43:25.890 1490 1490 I GameModeConfig: isGameModeOn = false
01-05 04:43:25.890 1490 1490 I GameModeConfig: isDisableVoice = true
01-05 04:43:26.029 1490 4338 D CompatibilityChangeReporter: Compat change id reported: 168419799; UID 10028; state: DISABLED
01-05 04:43:26.450 1209 1209 I wificond: Regulatory domain changed to country: CN on wiphy_index: 0
