01-05 04:43:26.451 1209 1209 I wificond: 2.4Ghz frequencies: 2412 2417 2422 2427 2432 2437 2442 2447 2452 2457 2462 2467 2472
01-05 04:43:26.451 1209 1209 I wificond: 5Ghz non-DFS frequencies: 5180 5200 5220 5240 5745 5765 5785 5805 5825
01-05 04:43:26.451 1209 1209 I wificond: 5Ghz DFS frequencies: 5260 5280 5300 5320
01-05 04:43:26.451 1209 1209 I wificond: 6Ghz frequencies:
01-05 04:43:26.451 1209 1209 I wificond: 60Ghz frequencies:
01-05 04:43:30.802 1157 5138 I iorapd : Perfetto TraceBuffer saved to file: /data/misc/iorapd/com.android.settings/31/com.android.settings.wifi.WifiDialogActivity/raw_traces/1672865010801795281.perfetto_trace.pb
01-05 04:43:33.162 1490 2029 I ActivityTaskManager: FOREGROUND_APPLICATION_CHANGED to com.tencent.tmgp.sgame.SGameActivity
01-05 04:43:33.165 1490 2029 D CompatibilityChangeReporter: Compat change id reported: 174042980; UID 10096; state: DISABLED
01-05 04:43:33.166 1490 2029 D CompatibilityChangeReporter: Compat change id reported: 181136395; UID 10096; state: DISABLED
01-05 04:43:33.167 1490 2029 D CompatibilityChangeReporter: Compat change id reported: 174042936; UID 10096; state: DISABLED
01-05 04:43:33.168 1490 2029 D CompatibilityChangeReporter: Compat change id reported: 184838306; UID 10096; state: DISABLED
01-05 04:43:33.170 1490 2029 D CompatibilityChangeReporter: Compat change id reported: 185004937; UID 10096; state: DISABLED
01-05 04:43:33.173 1490 1820 W ContextImpl: Calling a method in the system process without a qualified user: android.app.ContextImpl.sendBroadcastMultiplePermissions:1206 android.content.Context.sendBroadcastWithMultiplePermissions:2262 com.android.server.wifi.WifiServiceImpl.broadcastWifiCredentialChanged:4925 com.android.server.wifi.WifiServiceImpl.lambda$connect$106:4975 com.android.server.wifi.WifiServiceImpl.$r8$lambda$k_VbQ0XctrStvVsieclZczsvs-g:0
01-05 04:43:33.178 1490 2113 W ActivityTaskManager: Finishing task with all activities already finished
01-05 04:43:33.178 1490 2113 W ActivityTaskManager: Duplicate finish request for r=ActivityRecord{e48b06a u0 com.android.settings/.wifi.WifiDialogActivity t60 f}}
01-05 04:43:33.198 2382 3732 W ContextImpl: Calling a method in the system process without a qualified user: android.app.ContextImpl.startService:1816 android.content.ContextWrapper.startService:774 com.thundercomm.gamemode.ingame.services.GameModeActionUtils.startGameModeService:99 com.thundercomm.gamemode.ingame.services.GameModeActionUtils.startGameModeEntry:22 com.thundercomm.gamemode.ingame.services.ActivityMonitoringService$1.onActivityLaunch:129
01-05 04:43:33.226 1490 1490 I GameModeConfig: Current uri is uri = content://com.thundercomm.gamemode.api/gamemode_settings/gamemode_isgaming
01-05 04:43:33.230 1490 1490 I GameModeConfig: isGameModeOn = false
01-05 04:43:33.230 1490 1490 I GameModeConfig: isGameModeOn = false
01-05 04:43:33.230 1490 1490 I GameModeConfig: isDisableVoice = true
01-05 04:43:33.283 2382 3732 W ContextImpl: Calling a method in the system process without a qualified user: android.app.ContextImpl.startService:1816 android.content.ContextWrapper.startService:774 com.thundercomm.gamemode.ingame.services.GameModeActionUtils.startGameModeService:99 com.thundercomm.gamemode.ingame.services.GameModeActionUtils.startGameModeEntry:22 com.thundercomm.gamemode.ingame.services.ActivityMonitoringService$1.onActivityLaunch:129
01-05 04:43:33.291 1490 1490 I GameModeConfig: Current uri is uri = content://com.thundercomm.gamemode.api/gamemode_settings/gamemode_isgaming
01-05 04:43:33.292 1490 1490 I GameModeConfig: isGameModeOn = false
01-05 04:43:33.292 1490 1490 I GameModeConfig: isGameModeOn = false
01-05 04:43:33.292 1490 1490 I GameModeConfig: isDisableVoice = true
01-05 04:43:33.316 1209 1209 W wificond: Scan aborted
01-05 04:43:33.317 823 823 D android.hardware.wifi@1.0-service: Successfully SetMacAddress.
01-05 04:43:33.339 1209 1209 W wificond: Scan is not started. Ignore abort request
01-05 04:43:33.438 1490 1569 W ActivityTaskManager: Can't find TaskDisplayArea to determine support for multi window. Task id=60 attached=false
01-05 04:43:33.438 1490 1569 W ActivityTaskManager: Can't find TaskDisplayArea to determine support for multi window. Task id=60 attached=false
01-05 04:43:33.865 1490 2488 D CompatibilityChangeReporter: Compat change id reported: 171306433; UID 1073; state: ENABLED
01-05 04:43:36.173 1490 2764 E TaskPersister: File error accessing recents directory (directory doesn't exist?).
01-05 04:43:36.272 661 719 E NetlinkEvent: NetlinkEvent::FindParam(): Parameter 'INTERFACE' not found
01-05 04:43:36.272 661 719 E NetlinkEvent: NetlinkEvent::FindParam(): Parameter 'STATE' not found
01-05 04:43:36.272 661 719 E NetlinkEvent: NetlinkEvent::FindParam(): Parameter 'TIME_NS' not found
01-05 04:43:36.272 661 719 E NetlinkEvent: NetlinkEvent::FindParam(): Parameter 'UID' not found
01-05 04:43:36.286 1490 1860 W ContextImpl: Calling a method in the system process without a qualified user: android.app.ContextImpl.sendStickyBroadcast:1559 com.android.server.ConnectivityService.sendStickyBroadcast:2811 com.android.server.ConnectivityService.sendGeneralBroadcast:2786 com.android.server.ConnectivityService.sendConnectedBroadcast:2759 com.android.server.ConnectivityService.sendLegacyNetworkBroadcast:8704
01-05 04:43:36.290 1490 1582 W BroadcastQueue: Target SDK mismatch: receiver ActivityInfo{113588f com.tencent.pandora.libtcloudupload.videoupload.impl.TVCNetWorkStateReceiver} targets 29 but delivery restricted to [0, 23] broadcasting Intent { act=android.net.conn.CONNECTIVITY_CHANGE flg=0x4200010 (has extras) } from android (pid=1490, uid=1000) to com.tencent.tmgp.sgame/com.tencent.pandora.libtcloudupload.videoupload.impl.TVCNetWorkStateReceiver
01-05 04:43:36.291 1490 1582 W BroadcastQueue: Target SDK mismatch: receiver ActivityInfo{7d2771c com.tencent.msdk.dns.HttpDnsCache$ConnectivityChangeReceiver} targets 29 but delivery restricted to [0, 23] broadcasting Intent { act=android.net.conn.CONNECTIVITY_CHANGE flg=0x4200010 (has extras) } from android (pid=1490, uid=1000) to com.tencent.tmgp.sgame/com.tencent.msdk.dns.HttpDnsCache$ConnectivityChangeReceiver
01-05 04:43:36.291 1490 1582 W BroadcastQueue: Target SDK mismatch: receiver ActivityInfo{8f6f25 com.tencent.special.httpdns.Cache$ConnectReceiver} targets 29 but delivery restricted to [0, 23] broadcasting Intent { act=android.net.conn.CONNECTIVITY_CHANGE flg=0x4200010 (has extras) } from android (pid=1490, uid=1000) to com.tencent.tmgp.sgame/com.tencent.special.httpdns.Cache$ConnectReceiver
01-05 04:43:36.296 1490 1860 W ContextImpl: Calling a method in the system process without a qualified user: android.app.ContextImpl.sendStickyBroadcast:1559 com.android.server.ConnectivityService.sendStickyBroadcast:2811 com.android.server.ConnectivityService.sendGeneralBroadcast:2786 com.android.server.ConnectivityService.sendInetConditionBroadcast:2763 com.android.server.ConnectivityService.updateInetCondition:8451
01-05 04:43:39.700 1490 1873 I GameModeConfig: isGameModeOn = false
01-05 04:43:39.700 1490 1873 I GameModeConfig: isGameModeOn = false
01-05 04:43:39.701 1490 1873 I GameModeConfig: isGameModeOn = false
01-05 04:43:39.701 1490 1873 I GameModeConfig: isGameModeOn = false
01-05 04:43:39.906 1490 1490 I GameModeConfig: isGameModeOn = false
01-05 04:43:40.882 1490 1898 D CompatibilityChangeReporter: Compat change id reported: 135634846; UID 10068; state: DISABLED
01-05 04:43:40.883 1490 1583 D CompatibilityChangeReporter: Compat change id reported: 143937733; UID 10068; state: ENABLED
01-05 04:43:40.886 1490 1583 I ActivityManager: Start proc 5242:com.android.webview:webview_service/u0a68 for service {com.android.webview/org.chromium.android_webview.services.VariationsSeedServer}
01-05 04:43:40.898 1490 1898 D CompatibilityChangeReporter: Compat change id reported: 135634846; UID 10096; state: DISABLED
01-05 04:43:40.899 1490 1583 D CompatibilityChangeReporter: Compat change id reported: 143937733; UID 10096; state: ENABLED
01-05 04:43:40.902 1490 1898 D CompatibilityChangeReporter: Compat change id reported: 168419799; UID 10068; state: DISABLED
01-05 04:43:40.909 1490 1583 I ActivityManager: Start proc 5257:com.android.webview:sandboxed_process0:org.chromium.content.app.SandboxedProcessService0:0/u0ai9000 for {com.tencent.tmgp.sgame/org.chromium.content.app.SandboxedProcessService0:0}
01-05 04:43:40.933 1490 1898 D CompatibilityChangeReporter: Compat change id reported: 168419799; UID 10096; state: DISABLED
01-05 04:43:41.115 1490 4880 W WindowManager: Failed looking up window session=Session{7f6eb5c 5059:u0a10096} callers=com.android.server.wm.WindowManagerService.windowForClientLocked:5628 com.android.server.wm.Session.insetsModified:629 android.view.IWindowSession$Stub.onTransact:1151
01-05 04:43:42.168 1490 2029 D CompatibilityChangeReporter: Compat change id reported: 149924527; UID 10096; state: ENABLED
01-05 04:43:42.169 1490 2029 D CompatibilityChangeReporter: Compat change id reported: 132649864; UID 10096; state: DISABLED
01-05 04:43:42.276 1490 2488 W WindowManager: Failed looking up window session=Session{7f6eb5c 5059:u0a10096} callers=com.android.server.wm.WindowManagerService.windowForClientLocked:5628 com.android.server.wm.Session.insetsModified:629 android.view.IWindowSession$Stub.onTransact:1151
01-05 04:43:42.708 1490 2113 D CompatibilityChangeReporter: Compat change id reported: 135634846; UID 10096; state: DISABLED
01-05 04:43:42.708 1490 2113 D CompatibilityChangeReporter: Compat change id reported: 177438394; UID 10096; state: DISABLED
01-05 04:43:42.708 1490 2113 D CompatibilityChangeReporter: Compat change id reported: 135772972; UID 10096; state: DISABLED
01-05 04:43:42.708 1490 2113 D CompatibilityChangeReporter: Compat change id reported: 135754954; UID 10096; state: DISABLED
01-05 04:43:42.708 1490 1583 D CompatibilityChangeReporter: Compat change id reported: 143937733; UID 10096; state: DISABLED
01-05 04:43:42.715 1490 1583 I ActivityManager: Start proc 5474:com.tencent.tmgp.sgame:xg_vip_service/u0a96 for service {com.tencent.tmgp.sgame/com.tencent.android.tpush.service.XGVipPushService}
01-05 04:43:43.042 1490 1565 D CompatibilityChangeReporter: Compat change id reported: 168419799; UID 1000; state: DISABLED
01-05 04:43:43.227 1490 2488 W ActivityManager: Unable to start service Intent { act=com.tencent.tpns.mqttchannel.FEEDBACK pkg=com.tencent.tmgp.sgame } U=0: not found
01-05 04:43:43.247 1490 1564 D CompanionDeviceManagerService: onPackageModified(packageName = com.tencent.tmgp.sgame)
01-05 04:43:43.255 1490 1490 I Telecom : DefaultDialerCache: Refreshing default dialer for user 0: now null: DDC.oR@ACk
01-05 04:43:43.263 1490 1564 D CompatibilityChangeReporter: Compat change id reported: 168419799; UID 10093; state: DISABLED
01-05 04:43:43.274 1490 1580 W VoiceInteractionManager: no available voice recognition services found for user 0
01-05 04:43:49.956 1490 1873 I GameModeConfig: isGameModeOn = false
01-05 04:43:50.561 1490 4450 D CompatibilityChangeReporter: Compat change id reported: 182734110; UID 10096; state: DISABLED
01-05 04:43:50.564 1490 4450 D CompatibilityChangeReporter: Compat change id reported: 172100307; UID 10096; state: DISABLED
01-05 04:44:04.843 1490 1873 I GameModeConfig: isGameModeOn = false
01-05 04:44:04.843 1490 1873 I GameModeConfig: isGameModeOn = false
01-05 04:44:04.844 1490 1873 I GameModeConfig: isGameModeOn = false
01-05 04:44:04.845 1490 1873 I GameModeConfig: isGameModeOn = false
01-05 04:44:05.053 1490 1490 I GameModeConfig: isGameModeOn = false
01-05 04:44:15.103 1490 1873 I GameModeConfig: isGameModeOn = false
01-05 04:45:16.114 1490 1873 I GameModeConfig: isGameModeOn = false
01-05 04:45:16.114 1490 1873 I GameModeConfig: isGameModeOn = false
01-05 04:45:16.114 1490 1873 I GameModeConfig: isGameModeOn = false
01-05 04:45:16.115 1490 1873 I GameModeConfig: isGameModeOn = false
01-05 04:45:16.317 1490 1490 I GameModeConfig: isGameModeOn = false
01-05 04:45:26.356 1490 1873 I GameModeConfig: isGameModeOn = false
01-05 04:46:17.921 1490 1717 D ActivityManager: freezing 4762 com.android.deskclock
01-05 04:46:17.921 1490 1717 E ActivityManager: Unable to freeze binder for 4762 com.android.deskclock
01-05 04:46:17.922 1490 1717 D ActivityManager: froze 4762 com.android.deskclock
01-05 04:46:17.922 1490 1717 E ActivityManager: Unable to freeze binder for 4762 com.android.deskclock
01-05 04:46:17.924 1490 1717 I ActivityManager: Killing 4762:com.android.deskclock/u0a67 (adj 905): Unable to freeze binder interface
01-05 04:48:00.012 1490 3301 D CompatibilityChangeReporter: Compat change id reported: 171306433; UID 1000; state: ENABLED
01-05 04:48:08.307 1490 1490 D CompanionDeviceManagerService: 50:C0:F0:71:EB:E4 disconnected w/ reason: (1101) Remote request
01-05 04:48:08.307 1490 1490 D CompanionDeviceManagerService: onDeviceDisconnected(address = 50:C0:F0:71:EB:E4)
01-05 04:48:08.312 1490 1582 W BroadcastQueue: Permission Denial: broadcasting Intent { act=android.bluetooth.headset.profile.action.CONNECTION_STATE_CHANGED flg=0x1000010 (has extras) } from com.android.bluetooth (pid=1975, uid=1002) requires com.baidu.input.permission.REGISTERRECEIVE due to registered receiver BroadcastFilter{b238ea6 10028/u0 ReceiverList{56421e8 3961 com.baidu.input/10028/u0 remote:8c0ff0b}}
01-05 04:48:08.332 1490 1490 I Telecom : BluetoothStateReceiver: Device null is now the preferred BT device for HFP: BSR.oR@ACo
01-05 04:48:08.332 1490 1490 I Telecom : BluetoothStateReceiver: Device 50:C0:F0:71:EB:E4 changed state to 0: BSR.oR@ACs
01-05 04:48:08.332 1490 2508 I Telecom : BluetoothRouteManager: Message received: LOST_DEVICE.: BSR.oR->BRM.pM_2@ACs
01-05 04:48:08.333 1490 2509 I Telecom : CallAudioRouteStateMachine: Message received: BT_ACTIVE_DEVICE_GONE=9, arg1=0: BSR.oR->CARSM.pM_BT_ACTIVE_DEVICE_GONE@ACo
01-05 04:48:08.334 1490 2509 I Telecom : QuiescentEarpieceRoute: Processing message BT_ACTIVE_DEVICE_GONE: BSR.oR->CARSM.pM_BT_ACTIVE_DEVICE_GONE@ACo
01-05 04:48:08.334 1490 2509 I Telecom : Logging.Events: Non-call EVENT: AUDIO_ROUTE, Bluetooth active device gone: BSR.oR->CARSM.pM_BT_ACTIVE_DEVICE_GONE@ACo
01-05 04:48:08.335 1490 2509 I Telecom : CallAudioRouteStateMachine: Message received: BLUETOOTH_DEVICE_LIST_CHANGED=7, arg1=0: BSR.oR->CARSM.pM_BLUETOOTH_DEVICE_LIST_CHANGED@ACs
01-05 04:48:08.336 1490 2509 I Telecom : QuiescentEarpieceRoute: Processing message BLUETOOTH_DEVICE_LIST_CHANGED: BSR.oR->CARSM.pM_BLUETOOTH_DEVICE_LIST_CHANGED@ACs
01-05 04:48:08.336 1490 2509 I Telecom : Logging.Events: Non-call EVENT: AUDIO_ROUTE, Bluetooth device list changed: BSR.oR->CARSM.pM_BLUETOOTH_DEVICE_LIST_CHANGED@ACs
01-05 04:48:08.343 1490 1490 I Telecom : WiredHeadsetManager: ACTION_HEADSET_PLUG event, plugged in: false, : WHC.oADR@ACw
01-05 04:48:08.875 1490 1490 I Telecom : WiredHeadsetManager: ACTION_HEADSET_PLUG event, plugged in: false, : WHC.oADR@AC0
01-05 04:48:27.951 1490 4338 W ActivityManager: Unable to start service Intent { act=com.tencent.tpns.mqttchannel.FEEDBACK pkg=com.tencent.tmgp.sgame } U=0: not found
01-05 04:49:05.405 1490 4338 I ActivityTaskManager: START u0 {act=android.intent.action.VIEW dat=content://com.tencent.tmgp.sgame.ApolloFileprovider/external_storage_root/Android/data/com.tencent.tmgp.sgame/files/iips_download/1212338883_2400279_8.2.1.9_20230102091947_2055631389_a.apk typ=application/vnd.android.package-archive flg=0x10000001 cmp=com.android.packageinstaller/.InstallStart} from uid 10096
01-05 04:49:05.410 1490 4338 W ActivityTaskManager: Can't find TaskDisplayArea to determine support for multi window. Task id=61 attached=false
01-05 04:49:05.413 1490 4338 D CompatibilityChangeReporter: Compat change id reported: 174042980; UID 10036; state: DISABLED
01-05 04:49:05.413 1490 4338 D CompatibilityChangeReporter: Compat change id reported: 184838306; UID 10036; state: DISABLED
01-05 04:49:05.413 1490 4338 D CompatibilityChangeReporter: Compat change id reported: 185004937; UID 10036; state: DISABLED
01-05 04:49:05.414 1490 4338 D CompatibilityChangeReporter: Compat change id reported: 181136395; UID 10036; state: DISABLED
01-05 04:49:05.414 1490 4338 D CompatibilityChangeReporter: Compat change id reported: 174042936; UID 10036; state: DISABLED
01-05 04:49:05.724 1490 4338 I ActivityTaskManager: FOREGROUND_APPLICATION_CHANGED to com.android.packageinstaller.InstallStart
01-05 04:49:05.724 1490 4338 I ActivityTaskManager: The Process com.android.packageinstaller Already Exists in BG. So sending its PID: 3559
01-05 04:49:05.726 1490 4338 D CompatibilityChangeReporter: Compat change id reported: 181136395; UID 10096; state: DISABLED
01-05 04:49:05.726 1490 4338 D CompatibilityChangeReporter: Compat change id reported: 174042936; UID 10096; state: DISABLED
01-05 04:49:05.737 2382 3732 W ContextImpl: Calling a method in the system process without a qualified user: android.app.ContextImpl.startService:1816 android.content.ContextWrapper.startService:774 com.thundercomm.gamemode.ingame.services.GameModeActionUtils.startGameModeService:99 com.thundercomm.gamemode.ingame.services.GameModeActionUtils.startGameModeEntry:22 com.thundercomm.gamemode.ingame.services.ActivityMonitoringService$1.onActivityLaunch:129
01-05 04:49:05.741 1490 4338 I thunderperf: PlatormCompat.setOverrides: Uid1=10036 Pid1=3559 Uid2=10036 Pid2=3559
01-05 04:49:05.741 1490 4338 I thunderperf: PlatormCompat.setOverrides: needCheck:false
01-05 04:49:05.741 1490 4338 I ActivityTaskManager: START u0 {act=android.intent.action.VIEW dat=content://com.tencent.tmgp.sgame.ApolloFileprovider/external_storage_root/Android/data/com.tencent.tmgp.sgame/files/iips_download/1212338883_2400279_8.2.1.9_20230102091947_2055631389_a.apk typ=application/vnd.android.package-archive flg=0x2000001 cmp=com.android.packageinstaller/.InstallStaging (has extras)} from uid 10036
01-05 04:49:05.743 1490 1490 I GameModeConfig: Current uri is uri = content://com.thundercomm.gamemode.api/gamemode_settings/gamemode_isgaming
01-05 04:49:05.746 1490 1490 I GameModeConfig: isGameModeOn = false
01-05 04:49:05.746 1490 1490 I GameModeConfig: isGameModeOn = false
01-05 04:49:05.746 1490 1490 I GameModeConfig: isDisableVoice = true
01-05 04:49:05.749 1490 4338 I ActivityTaskManager: FOREGROUND_APPLICATION_CHANGED to com.android.packageinstaller.InstallStaging
01-05 04:49:05.749 1490 4338 I ActivityTaskManager: The Process com.android.packageinstaller Already Exists in BG. So sending its PID: 3559
01-05 04:49:05.749 1490 4338 W ActivityTaskManager: Tried to set launchTime (0) < mLastActivityLaunchTime (1105801)
01-05 04:49:05.834 1490 2113 W ActivityTaskManager: Request to remove task ignored for non-existent task 60
01-05 04:49:05.868 2382 3732 W ContextImpl: Calling a method in the system process without a qualified user: android.app.ContextImpl.startService:1816 android.content.ContextWrapper.startService:774 com.thundercomm.gamemode.ingame.services.GameModeActionUtils.startGameModeService:99 com.thundercomm.gamemode.ingame.services.GameModeActionUtils.startGameModeEntry:22 com.thundercomm.gamemode.ingame.services.ActivityMonitoringService$1.onActivityLaunch:129
01-05 04:49:05.872 1490 1490 I GameModeConfig: Current uri is uri = content://com.thundercomm.gamemode.api/gamemode_settings/gamemode_isgaming
01-05 04:49:05.874 1490 1490 I GameModeConfig: isGameModeOn = false
01-05 04:49:05.875 1490 1490 I GameModeConfig: isGameModeOn = false
01-05 04:49:05.875 1490 1490 I GameModeConfig: isDisableVoice = true
01-05 04:49:06.194 1490 2113 I thunderperf: PlatormCompat.setOverrides: Uid1=10036 Pid1=3559 Uid2=10036 Pid2=3559
01-05 04:49:06.194 1490 2113 I thunderperf: PlatormCompat.setOverrides: needCheck:false
01-05 04:49:06.195 1490 2113 I ActivityTaskManager: START u0 {act=android.intent.action.VIEW dat=file:///data/user_de/0/com.android.packageinstaller/no_backup/package1716572213831548050.apk flg=0x2010001 cmp=com.android.packageinstaller/.DeleteStagedFileOnResult (has extras)} from uid 10036
01-05 04:49:06.199 1490 4338 I ActivityTaskManager: FOREGROUND_APPLICATION_CHANGED to com.android.packageinstaller.DeleteStagedFileOnResult
01-05 04:49:06.199 1490 4338 I ActivityTaskManager: The Process com.android.packageinstaller Already Exists in BG. So sending its PID: 3559
01-05 04:49:06.199 1490 4338 W ActivityTaskManager: Tried to set launchTime (0) < mLastActivityLaunchTime (1105825)
01-05 04:49:06.208 1490 4338 I thunderperf: PlatormCompat.setOverrides: Uid1=10036 Pid1=3559 Uid2=10036 Pid2=3559
01-05 04:49:06.208 1490 4338 I thunderperf: PlatormCompat.setOverrides: needCheck:false
01-05 04:49:06.208 1490 4338 I ActivityTaskManager: START u0 {act=android.intent.action.VIEW dat=file:///data/user_de/0/com.android.packageinstaller/no_backup/package1716572213831548050.apk flg=0x10000 cmp=com.android.packageinstaller/.PackageInstallerActivity (has extras)} from uid 10036
01-05 04:49:06.222 1490 2488 I ActivityTaskManager: FOREGROUND_APPLICATION_CHANGED to com.android.packageinstaller.PackageInstallerActivity
01-05 04:49:06.223 1490 2488 I ActivityTaskManager: The Process com.android.packageinstaller Already Exists in BG. So sending its PID: 3559
01-05 04:49:06.223 1490 2488 W ActivityTaskManager: Tried to set launchTime (0) < mLastActivityLaunchTime (1106275)
01-05 04:49:06.331 2382 3732 W ContextImpl: Calling a method in the system process without a qualified user: android.app.ContextImpl.startService:1816 android.content.ContextWrapper.startService:774 com.thundercomm.gamemode.ingame.services.GameModeActionUtils.startGameModeService:99 com.thundercomm.gamemode.ingame.services.GameModeActionUtils.startGameModeEntry:22 com.thundercomm.gamemode.ingame.services.ActivityMonitoringService$1.onActivityLaunch:129
01-05 04:49:06.333 1490 1490 I GameModeConfig: Current uri is uri = content://com.thundercomm.gamemode.api/gamemode_settings/gamemode_isgaming
01-05 04:49:06.333 1490 1490 I GameModeConfig: isGameModeOn = false
01-05 04:49:06.333 1490 1490 I GameModeConfig: isGameModeOn = false
01-05 04:49:06.333 1490 1490 I GameModeConfig: isDisableVoice = true
01-05 04:50:48.100 1490 1580 I UsageStatsService: User[0] Flushing usage stats to disk
01-05 04:50:55.299 1490 4338 I ActivityTaskManager: START u0 {act=android.settings.MANAGE_UNKNOWN_APP_SOURCES dat=package:com.tencent.tmgp.sgame flg=0x40000000 cmp=com.android.settings/.Settings$ManageAppExternalSourcesActivity} from uid 10036
01-05 04:50:55.302 1490 4338 D CompatibilityChangeReporter: Compat change id reported: 174042980; UID 1000; state: DISABLED
01-05 04:50:55.316 1490 2488 I ActivityTaskManager: FOREGROUND_APPLICATION_CHANGED to com.android.settings.Settings$ManageAppExternalSourcesActivity
01-05 04:50:55.316 1490 2488 I ActivityTaskManager: The Process com.android.settings Already Exists in BG. So sending its PID: 5142
01-05 04:50:55.316 1490 2488 W ActivityTaskManager: Tried to set launchTime (0) < mLastActivityLaunchTime (765882)
01-05 04:50:55.330 2382 3732 W ContextImpl: Calling a method in the system process without a qualified user: android.app.ContextImpl.startService:1816 android.content.ContextWrapper.startService:774 com.thundercomm.gamemode.ingame.services.GameModeActionUtils.startGameModeService:99 com.thundercomm.gamemode.ingame.services.GameModeActionUtils.startGameModeEntry:22 com.thundercomm.gamemode.ingame.services.ActivityMonitoringService$1.onActivityLaunch:129
01-05 04:50:55.333 1490 1490 I GameModeConfig: Current uri is uri = content://com.thundercomm.gamemode.api/gamemode_settings/gamemode_isgaming
01-05 04:50:55.336 1490 1490 I GameModeConfig: isGameModeOn = false
01-05 04:50:55.336 1490 1490 I GameModeConfig: isGameModeOn = false
01-05 04:50:55.336 1490 1490 I GameModeConfig: isDisableVoice = true
01-05 04:50:55.365 1490 4338 D CompatibilityChangeReporter: Compat change id reported: 135634846; UID 10088; state: DISABLED
01-05 04:50:55.365 1490 4338 D CompatibilityChangeReporter: Compat change id reported: 177438394; UID 10088; state: DISABLED
01-05 04:50:55.365 1490 4338 D CompatibilityChangeReporter: Compat change id reported: 135772972; UID 10088; state: DISABLED
01-05 04:50:55.365 1490 4338 D CompatibilityChangeReporter: Compat change id reported: 135754954; UID 10088; state: ENABLED
01-05 04:50:55.365 1490 1583 D CompatibilityChangeReporter: Compat change id reported: 143937733; UID 10088; state: ENABLED
01-05 04:50:55.370 1490 1583 I ActivityManager: Start proc 6926:com.qualcomm.qti.qccauthmgr/u0a88 for content provider {com.qualcomm.qti.qccauthmgr/com.qualcomm.qti.qccauthmgr.providers.SMQContentProvider}
01-05 04:50:55.378 1490 4338 I thunderperf: PlatormCompat.setOverrides: Uid1=1000 Pid1=5142 Uid2=1000 Pid2=5142
01-05 04:50:55.378 1490 4338 I thunderperf: PlatormCompat.setOverrides: needCheck:false
01-05 04:50:55.383 1490 4338 I ActivityTaskManager: START u0 {act=android.settings.MANAGE_UNKNOWN_APP_SOURCES dat=package:com.tencent.tmgp.sgame flg=0x40000000 cmp=com.android.settings/.homepage.SettingsHomepageActivity (has extras)} from uid 1000
01-05 04:50:55.385 1490 4338 W ActivityTaskManager: Can't find TaskDisplayArea to determine support for multi window. Task id=62 attached=false
01-05 04:50:55.390 1991 2201 W StartingSurfaceDrawer: Window background is transparent, fill background with black color
01-05 04:50:55.392 1490 2488 I ActivityTaskManager: The Process com.android.settings Already Exists in BG. So sending its PID: 5142
01-05 04:50:55.394 1490 2029 I ActivityTaskManager: FOREGROUND_APPLICATION_CHANGED to com.android.settings.homepage.SettingsHomepageActivity
01-05 04:50:55.395 1490 2029 I ActivityTaskManager: The Process com.android.settings Already Exists in BG. So sending its PID: 5142
01-05 04:50:55.395 1490 2029 W ActivityTaskManager: Tried to set launchTime (0) < mLastActivityLaunchTime (1215393)
01-05 04:50:55.503 2382 3732 W ContextImpl: Calling a method in the system process without a qualified user: android.app.ContextImpl.startService:1816 android.content.ContextWrapper.startService:774 com.thundercomm.gamemode.ingame.services.GameModeActionUtils.startGameModeService:99 com.thundercomm.gamemode.ingame.services.GameModeActionUtils.startGameModeEntry:22 com.thundercomm.gamemode.ingame.services.ActivityMonitoringService$1.onActivityLaunch:129
01-05 04:50:55.506 1490 1490 I GameModeConfig: Current uri is uri = content://com.thundercomm.gamemode.api/gamemode_settings/gamemode_isgaming
01-05 04:50:55.507 1490 1490 I GameModeConfig: isGameModeOn = false
01-05 04:50:55.507 1490 1490 I GameModeConfig: isGameModeOn = false
01-05 04:50:55.507 1490 1490 I GameModeConfig: isDisableVoice = true
01-05 04:50:55.528 1490 2113 E UserRestrictionsUtils: Unknown restriction queried by uid 1000 (com.android.provision et al): null
01-05 04:50:55.528 1490 2029 E UserRestrictionsUtils: Unknown restriction queried by uid 1000 (com.android.provision et al): null
01-05 04:50:55.529 1490 2488 E UserRestrictionsUtils: Unknown restriction queried by uid 1000 (com.android.provision et al): null
01-05 04:50:55.530 1490 2488 E UserRestrictionsUtils: Unknown restriction queried by uid 1000 (com.android.provision et al): null
01-05 04:50:55.531 1490 2029 E UserRestrictionsUtils: Unknown restriction queried by uid 1000 (com.android.provision et al): null
01-05 04:50:55.531 1490 2029 E UserRestrictionsUtils: Unknown restriction queried by uid 1000 (com.android.provision et al): null
01-05 04:50:55.531 1490 2113 E UserRestrictionsUtils: Unknown restriction queried by uid 1000 (com.android.provision et al): null
01-05 04:50:55.531 1490 2029 E UserRestrictionsUtils: Unknown restriction queried by uid 1000 (com.android.provision et al): null
01-05 04:50:55.531 1490 2029 E UserRestrictionsUtils: Unknown restriction queried by uid 1000 (com.android.provision et al): null
01-05 04:50:55.532 1490 2029 E UserRestrictionsUtils: Unknown restriction queried by uid 1000 (com.android.provision et al): null
01-05 04:50:55.532 1490 2029 E UserRestrictionsUtils: Unknown restriction queried by uid 1000 (com.android.provision et al): null
01-05 04:50:55.532 1490 2113 E UserRestrictionsUtils: Unknown restriction queried by uid 1000 (com.android.provision et al): null
01-05 04:50:55.532 1490 2113 E UserRestrictionsUtils: Unknown restriction queried by uid 1000 (com.android.provision et al): null
01-05 04:50:55.533 1490 2113 E UserRestrictionsUtils: Unknown restriction queried by uid 1000 (com.android.provision et al): null
01-05 04:50:55.533 1490 2029 E UserRestrictionsUtils: Unknown restriction queried by uid 1000 (com.android.provision et al): null
01-05 04:50:55.533 1490 2113 E UserRestrictionsUtils: Unknown restriction queried by uid 1000 (com.android.provision et al): null
01-05 04:50:55.533 1490 2113 E UserRestrictionsUtils: Unknown restriction queried by uid 1000 (com.android.provision et al): null
01-05 04:50:55.533 1490 2113 E UserRestrictionsUtils: Unknown restriction queried by uid 1000 (com.android.provision et al): null
01-05 04:50:55.578 1490 1596 W BatteryExternalStatsWorker: error reading modem stats:ERROR_PHONE_NOT_AVAILABLE
01-05 04:50:55.590 1490 1596 E KernelCpuSpeedReader: Failed to read cpu-freq: /sys/devices/system/cpu/cpu4/cpufreq/stats/time_in_state: open failed: ENOENT (No such file or directory)
01-05 04:50:55.590 1490 1596 E KernelCpuSpeedReader: Failed to read cpu-freq: /sys/devices/system/cpu/cpu0/cpufreq/stats/time_in_state: open failed: ENOENT (No such file or directory)
01-05 04:50:55.621 1490 1596 W BatteryExternalStatsWorker: error reading modem stats:ERROR_PHONE_NOT_AVAILABLE
01-05 04:50:55.622 1490 1596 E KernelCpuSpeedReader: Failed to read cpu-freq: /sys/devices/system/cpu/cpu4/cpufreq/stats/time_in_state: open failed: ENOENT (No such file or directory)
01-05 04:50:55.622 1490 1596 E KernelCpuSpeedReader: Failed to read cpu-freq: /sys/devices/system/cpu/cpu0/cpufreq/stats/time_in_state: open failed: ENOENT (No such file or directory)
01-05 04:50:55.792 1490 3301 E UserRestrictionsUtils: Unknown restriction queried by uid 1000 (com.android.provision et al): null
01-05 04:50:55.943 2382 3732 W ContextImpl: Calling a method in the system process without a qualified user: android.app.ContextImpl.startService:1816 android.content.ContextWrapper.startService:774 com.thundercomm.gamemode.ingame.services.GameModeActionUtils.startGameModeService:99 com.thundercomm.gamemode.ingame.services.GameModeActionUtils.startGameModeEntry:22 com.thundercomm.gamemode.ingame.services.ActivityMonitoringService$1.onActivityLaunch:129
01-05 04:50:55.951 1490 1490 I GameModeConfig: Current uri is uri = content://com.thundercomm.gamemode.api/gamemode_settings/gamemode_isgaming
01-05 04:50:55.952 1490 1490 I GameModeConfig: isGameModeOn = false
01-05 04:50:55.952 1490 1490 I GameModeConfig: isGameModeOn = false
01-05 04:50:55.952 1490 1490 I GameModeConfig: isDisableVoice = true
01-05 04:50:55.960 2382 3732 W ContextImpl: Calling a method in the system process without a qualified user: android.app.ContextImpl.startService:1816 android.content.ContextWrapper.startService:774 com.thundercomm.gamemode.ingame.services.GameModeActionUtils.startGameModeService:99 com.thundercomm.gamemode.ingame.services.GameModeActionUtils.startGameModeEntry:22 com.thundercomm.gamemode.ingame.services.ActivityMonitoringService$1.onActivityLaunch:129
01-05 04:50:55.963 1490 1490 I GameModeConfig: Current uri is uri = content://com.thundercomm.gamemode.api/gamemode_settings/gamemode_isgaming
01-05 04:50:55.964 1490 1490 I GameModeConfig: isGameModeOn = false
01-05 04:50:55.964 1490 1490 I GameModeConfig: isGameModeOn = false
01-05 04:50:55.964 1490 1490 I GameModeConfig: isDisableVoice = true
01-05 04:50:57.675 1490 2026 I thunderperf: PlatormCompat.setOverrides: Uid1=10036 Pid1=3559 Uid2=10036 Pid2=3559
01-05 04:50:57.675 1490 2026 I thunderperf: PlatormCompat.setOverrides: needCheck:false
01-05 04:50:57.677 1490 2026 I ActivityTaskManager: START u0 {act=android.intent.action.VIEW dat=file:///data/user_de/0/com.android.packageinstaller/no_backup/package1716572213831548050.apk flg=0x30000 cmp=com.android.packageinstaller/.PackageInstallerActivity (has extras)} from uid 10036
01-05 04:50:57.680 1490 2026 W ActivityTaskManager: Background activity start [callingPackage: com.android.packageinstaller; callingUid: 10036; appSwitchAllowed: true; isCallingUidForeground: false; callingUidHasAnyVisibleWindow: false; callingUidProcState: LAST_ACTIVITY; isCallingUidPersistentSystemProcess: false; realCallingUid: 10036; isRealCallingUidForeground: false; realCallingUidHasAnyVisibleWindow: false; realCallingUidProcState: LAST_ACTIVITY; isRealCallingUidPersistentSystemProcess: false; originatingPendingIntent: null; allowBackgroundActivityStart: false; intent: Intent { act=android.intent.action.VIEW dat=file:///data/user_de/0/com.android.packageinstaller/no_backup/package1716572213831548050.apk flg=0x30000 cmp=com.android.packageinstaller/.PackageInstallerActivity (has extras) }; callerApp: ProcessRecord{7278fe4 3559:com.android.packageinstaller/u0a36}; inVisibleTask: false]
01-05 04:50:58.401 1490 2764 E TaskPersister: File error accessing recents directory (directory doesn't exist?).
01-05 04:50:58.619 1490 2121 W FreeFormWindowHelper: getCurrentDisplayedFreeFormTask is null
01-05 04:50:58.624 1490 2121 W FreeFormWindowHelper: getCurrentDisplayedFreeFormTask is null
01-05 04:50:58.653 2382 3732 W ContextImpl: Calling a method in the system process without a qualified user: android.app.ContextImpl.startService:1816 android.content.ContextWrapper.startService:774 com.thundercomm.gamemode.ingame.services.GameModeActionUtils.startGameModeService:99 com.thundercomm.gamemode.ingame.services.GameModeActionUtils.startGameModeEntry:22 com.thundercomm.gamemode.ingame.services.ActivityMonitoringService$1.onActivityLaunch:129
01-05 04:50:58.659 1490 1490 I GameModeConfig: Current uri is uri = content://com.thundercomm.gamemode.api/gamemode_settings/gamemode_isgaming
01-05 04:50:58.662 1490 1490 I GameModeConfig: isGameModeOn = false
01-05 04:50:58.662 1490 1490 I GameModeConfig: isGameModeOn = false
01-05 04:50:58.662 1490 1490 I GameModeConfig: isDisableVoice = true
01-05 04:50:58.667 1490 2026 W FreeFormWindowHelper: getCurrentDisplayedFreeFormTask is null
01-05 04:50:58.698 1490 2026 W ActivityTaskManager: getTaskSnapshot: taskId=4059 not found
01-05 04:50:58.699 1490 2026 W ActivityTaskManager: getTaskSnapshot: taskId=3059 not found
01-05 04:50:58.701 1490 2026 W ActivityTaskManager: getTaskSnapshot: taskId=2059 not found
01-05 04:50:58.702 1490 2026 W ActivityTaskManager: getTaskSnapshot: taskId=1059 not found
01-05 04:50:58.704 1490 2121 W FreeFormWindowHelper: getCurrentDisplayedFreeFormTask is null
01-05 04:50:58.704 1490 2121 W ActivityTaskManager: getTaskSnapshot: taskId=4059 not found
01-05 04:50:58.704 1490 2121 W ActivityTaskManager: getTaskSnapshot: taskId=3059 not found
01-05 04:50:58.705 1490 2121 W ActivityTaskManager: getTaskSnapshot: taskId=2059 not found
01-05 04:50:58.706 1490 2026 W ActivityTaskManager: getTaskSnapshot: taskId=1059 not found
01-05 04:50:58.716 1490 2026 W FreeFormWindowHelper: getCurrentDisplayedFreeFormTask is null
01-05 04:50:58.723 1490 6823 W FreeFormWindowHelper: getCurrentDisplayedFreeFormTask is null
01-05 04:50:58.748 1490 2026 W FreeFormWindowHelper: getCurrentDisplayedFreeFormTask is null
01-05 04:50:58.750 1490 2026 W ActivityTaskManager: getTaskSnapshot: taskId=4059 not found
01-05 04:50:58.755 1490 6823 W FreeFormWindowHelper: getCurrentDisplayedFreeFormTask is null
01-05 04:50:58.772 1490 6823 W FreeFormWindowHelper: getCurrentDisplayedFreeFormTask is null
01-05 04:50:59.089 1490 6823 W FreeFormWindowHelper: getCurrentDisplayedFreeFormTask is null
01-05 04:50:59.503 1490 2026 I ActivityTaskManager: FOREGROUND_APPLICATION_CHANGED to com.android.launcher3.uioverrides.QuickstepLauncher
01-05 04:50:59.518 1490 3301 W FreeFormWindowHelper: getCurrentDisplayedFreeFormTask is null
01-05 04:50:59.523 1490 1567 D CompatibilityChangeReporter: Compat change id reported: 135634846; UID 10067; state: DISABLED
01-05 04:50:59.523 1490 1567 D CompatibilityChangeReporter: Compat change id reported: 177438394; UID 10067; state: DISABLED
01-05 04:50:59.523 1490 1567 D CompatibilityChangeReporter: Compat change id reported: 135772972; UID 10067; state: DISABLED
01-05 04:50:59.523 1490 1567 D CompatibilityChangeReporter: Compat change id reported: 135754954; UID 10067; state: DISABLED
01-05 04:50:59.524 1490 1583 D CompatibilityChangeReporter: Compat change id reported: 143937733; UID 10067; state: DISABLED
01-05 04:50:59.531 1490 1583 I ActivityManager: Start proc 6986:com.android.deskclock/u0a67 for null
01-05 04:50:59.540 2382 3732 W ContextImpl: Calling a method in the system process without a qualified user: android.app.ContextImpl.startService:1816 android.content.ContextWrapper.startService:774 com.thundercomm.gamemode.ingame.services.GameModeActionUtils.startGameModeService:99 com.thundercomm.gamemode.ingame.services.GameModeActionUtils.startGameModeEntry:22 com.thundercomm.gamemode.ingame.services.ActivityMonitoringService$1.onActivityLaunch:129
01-05 04:50:59.552 1490 1490 I GameModeConfig: Current uri is uri = content://com.thundercomm.gamemode.api/gamemode_settings/gamemode_isgaming
01-05 04:50:59.556 1490 1490 I GameModeConfig: isGameModeOn = false
01-05 04:50:59.556 1490 1490 I GameModeConfig: isGameModeOn = false
01-05 04:50:59.556 1490 1490 I GameModeConfig: isDisableVoice = true
01-05 04:50:59.557 1490 2121 D CompatibilityChangeReporter: Compat change id reported: 168419799; UID 10067; state: DISABLED
01-05 04:50:59.581 1490 2121 W FreeFormWindowHelper: getCurrentDisplayedFreeFormTask is null
01-05 04:50:59.606 1490 1569 W ActivityTaskManager: Can't find TaskDisplayArea to determine support for multi window. Task id=62 attached=false
01-05 04:50:59.606 1490 1569 W ActivityTaskManager: Can't find TaskDisplayArea to determine support for multi window. Task id=62 attached=false
01-05 04:50:59.621 2382 3732 W ContextImpl: Calling a method in the system process without a qualified user: android.app.ContextImpl.startService:1816 android.content.ContextWrapper.startService:774 com.thundercomm.gamemode.ingame.services.GameModeActionUtils.startGameModeService:99 com.thundercomm.gamemode.ingame.services.GameModeActionUtils.startGameModeEntry:22 com.thundercomm.gamemode.ingame.services.ActivityMonitoringService$1.onActivityLaunch:129
01-05 04:50:59.625 1490 1490 I GameModeConfig: Current uri is uri = content://com.thundercomm.gamemode.api/gamemode_settings/gamemode_isgaming
01-05 04:50:59.627 1490 1490 I GameModeConfig: isGameModeOn = false
01-05 04:50:59.627 1490 1490 I GameModeConfig: isGameModeOn = false
01-05 04:50:59.627 1490 1490 I GameModeConfig: isDisableVoice = true
01-05 04:50:59.975 1490 3301 W FreeFormWindowHelper: getCurrentDisplayedFreeFormTask is null
01-05 04:50:59.975 1490 1521 W FreeFormWindowHelper: getCurrentDisplayedFreeFormTask is null
01-05 04:51:02.538 1490 6823 D CompatibilityChangeReporter: Compat change id reported: 168419799; UID 10096; state: DISABLED
01-05 04:51:02.555 1490 1521 I ActivityTaskManager: FOREGROUND_APPLICATION_CHANGED to com.tencent.tmgp.sgame.SGameActivity
01-05 04:51:02.564 1490 1521 D CompatibilityChangeReporter: Compat change id reported: 174042980; UID 10096; state: DISABLED
01-05 04:51:02.565 1490 1521 D CompatibilityChangeReporter: Compat change id reported: 184838306; UID 10096; state: DISABLED
01-05 04:51:02.565 1490 1521 D CompatibilityChangeReporter: Compat change id reported: 185004937; UID 10096; state: DISABLED
01-05 04:51:02.607 2382 3732 W ContextImpl: Calling a method in the system process without a qualified user: android.app.ContextImpl.startService:1816 android.content.ContextWrapper.startService:774 com.thundercomm.gamemode.ingame.services.GameModeActionUtils.startGameModeService:99 com.thundercomm.gamemode.ingame.services.GameModeActionUtils.startGameModeEntry:22 com.thundercomm.gamemode.ingame.services.ActivityMonitoringService$1.onActivityLaunch:129
01-05 04:51:02.615 1490 1490 I GameModeConfig: Current uri is uri = content://com.thundercomm.gamemode.api/gamemode_settings/gamemode_isgaming
01-05 04:51:02.620 1490 1490 I GameModeConfig: isGameModeOn = false
01-05 04:51:02.620 1490 1490 I GameModeConfig: isGameModeOn = false
01-05 04:51:02.620 1490 1490 I GameModeConfig: isDisableVoice = true
01-05 04:51:02.676 2382 3732 W ContextImpl: Calling a method in the system process without a qualified user: android.app.ContextImpl.startService:1816 android.content.ContextWrapper.startService:774 com.thundercomm.gamemode.ingame.services.GameModeActionUtils.startGameModeService:99 com.thundercomm.gamemode.ingame.services.GameModeActionUtils.startGameModeEntry:22 com.thundercomm.gamemode.ingame.services.ActivityMonitoringService$1.onActivityLaunch:129
01-05 04:51:02.683 1490 1490 I GameModeConfig: Current uri is uri = content://com.thundercomm.gamemode.api/gamemode_settings/gamemode_isgaming
01-05 04:51:02.688 1490 1490 I GameModeConfig: isGameModeOn = false
01-05 04:51:02.689 1490 1490 I GameModeConfig: isGameModeOn = false
01-05 04:51:02.689 1490 1490 I GameModeConfig: isDisableVoice = true
01-05 04:51:02.972 1490 6823 W FreeFormWindowHelper: exitRecentTasks type=0
01-05 04:51:03.000 1490 1521 D CompatibilityChangeReporter: Compat change id reported: 157929241; UID 10081; state: LOGGED
01-05 04:51:03.018 2382 3732 W ContextImpl: Calling a method in the system process without a qualified user: android.app.ContextImpl.startService:1816 android.content.ContextWrapper.startService:774 com.thundercomm.gamemode.ingame.services.GameModeActionUtils.startGameModeService:99 com.thundercomm.gamemode.ingame.services.GameModeActionUtils.startGameModeEntry:22 com.thundercomm.gamemode.ingame.services.ActivityMonitoringService$1.onActivityLaunch:129
01-05 04:51:03.023 1490 1490 I GameModeConfig: Current uri is uri = content://com.thundercomm.gamemode.api/gamemode_settings/gamemode_isgaming
01-05 04:51:03.024 1490 1490 I GameModeConfig: isGameModeOn = false
01-05 04:51:03.024 1490 1490 I GameModeConfig: isGameModeOn = false
01-05 04:51:03.024 1490 1490 I GameModeConfig: isDisableVoice = true
01-05 04:51:03.120 1490 2764 E TaskPersister: File error accessing recents directory (directory doesn't exist?).
01-05 04:51:06.115 1490 6823 I ActivityTaskManager: START u0 {act=android.intent.action.VIEW dat=content://com.tencent.tmgp.sgame.ApolloFileprovider/external_storage_root/Android/data/com.tencent.tmgp.sgame/files/iips_download/1212338883_2400279_8.2.1.9_20230102091947_2055631389_a.apk typ=application/vnd.android.package-archive flg=0x10000001 cmp=com.android.packageinstaller/.InstallStart} from uid 10096
01-05 04:51:06.438 1490 3301 I ActivityTaskManager: FOREGROUND_APPLICATION_CHANGED to com.android.packageinstaller.PackageInstallerActivity
01-05 04:51:06.455 2382 3732 W ContextImpl: Calling a method in the system process without a qualified user: android.app.ContextImpl.startService:1816 android.content.ContextWrapper.startService:774 com.thundercomm.gamemode.ingame.services.GameModeActionUtils.startGameModeService:99 com.thundercomm.gamemode.ingame.services.GameModeActionUtils.startGameModeEntry:22 com.thundercomm.gamemode.ingame.services.ActivityMonitoringService$1.onActivityLaunch:129
01-05 04:51:06.465 1490 1490 I GameModeConfig: Current uri is uri = content://com.thundercomm.gamemode.api/gamemode_settings/gamemode_isgaming
01-05 04:51:06.468 1490 1490 I GameModeConfig: isGameModeOn = false
01-05 04:51:06.468 1490 1490 I GameModeConfig: isGameModeOn = false
01-05 04:51:06.468 1490 1490 I GameModeConfig: isDisableVoice = true
01-05 04:51:06.482 1490 3301 I ActivityTaskManager: FOREGROUND_APPLICATION_CHANGED to com.android.packageinstaller.DeleteStagedFileOnResult
01-05 04:51:06.527 1490 2026 I ActivityTaskManager: FOREGROUND_APPLICATION_CHANGED to com.tencent.tmgp.sgame.SGameActivity
01-05 04:51:06.642 2382 3732 W ContextImpl: Calling a method in the system process without a qualified user: android.app.ContextImpl.startService:1816 android.content.ContextWrapper.startService:774 com.thundercomm.gamemode.ingame.services.GameModeActionUtils.startGameModeService:99 com.thundercomm.gamemode.ingame.services.GameModeActionUtils.startGameModeEntry:22 com.thundercomm.gamemode.ingame.services.ActivityMonitoringService$1.onActivityLaunch:129
01-05 04:51:06.650 1490 1490 I GameModeConfig: Current uri is uri = content://com.thundercomm.gamemode.api/gamemode_settings/gamemode_isgaming
01-05 04:51:06.652 1490 1490 I GameModeConfig: isGameModeOn = false
01-05 04:51:06.652 1490 1490 I GameModeConfig: isGameModeOn = false
01-05 04:51:06.652 1490 1490 I GameModeConfig: isDisableVoice = true
01-05 04:51:06.789 2382 3732 W ContextImpl: Calling a method in the system process without a qualified user: android.app.ContextImpl.startService:1816 android.content.ContextWrapper.startService:774 com.thundercomm.gamemode.ingame.services.GameModeActionUtils.startGameModeService:99 com.thundercomm.gamemode.ingame.services.GameModeActionUtils.startGameModeEntry:22 com.thundercomm.gamemode.ingame.services.ActivityMonitoringService$1.onActivityLaunch:129
01-05 04:51:06.792 1490 1569 W ActivityTaskManager: Can't find TaskDisplayArea to determine support for multi window. Task id=61 attached=false
01-05 04:51:06.792 1490 1569 W ActivityTaskManager: Can't find TaskDisplayArea to determine support for multi window. Task id=61 attached=false
01-05 04:51:06.793 1490 1490 I GameModeConfig: Current uri is uri = content://com.thundercomm.gamemode.api/gamemode_settings/gamemode_isgaming
01-05 04:51:06.795 1490 1490 I GameModeConfig: isGameModeOn = false
01-05 04:51:06.795 1490 1490 I GameModeConfig: isGameModeOn = false
01-05 04:51:06.795 1490 1490 I GameModeConfig: isDisableVoice = true
01-05 04:51:09.504 1490 2121 I ActivityTaskManager: START u0 {act=android.intent.action.VIEW dat=content://com.tencent.tmgp.sgame.ApolloFileprovider/external_storage_root/Android/data/com.tencent.tmgp.sgame/files/iips_download/1212338883_2400279_8.2.1.9_20230102091947_2055631389_a.apk typ=application/vnd.android.package-archive flg=0x10000001 cmp=com.android.packageinstaller/.InstallStart} from uid 10096
01-05 04:51:09.507 1490 2121 W ActivityTaskManager: Can't find TaskDisplayArea to determine support for multi window. Task id=63 attached=false
01-05 04:51:09.531 1490 2764 E TaskPersister: File error accessing recents directory (directory doesn't exist?).
01-05 04:51:09.818 1490 2121 I ActivityTaskManager: FOREGROUND_APPLICATION_CHANGED to com.android.packageinstaller.InstallStart
01-05 04:51:09.818 1490 2121 I ActivityTaskManager: The Process com.android.packageinstaller Already Exists in BG. So sending its PID: 3559
01-05 04:51:09.818 1490 2121 W ActivityTaskManager: Tried to set launchTime (0) < mLastActivityLaunchTime (1106299)
01-05 04:51:09.824 1490 3301 I thunderperf: PlatormCompat.setOverrides: Uid1=10036 Pid1=3559 Uid2=10036 Pid2=3559
01-05 04:51:09.824 1490 3301 I thunderperf: PlatormCompat.setOverrides: needCheck:false
01-05 04:51:09.824 1490 3301 I ActivityTaskManager: START u0 {act=android.intent.action.VIEW dat=content://com.tencent.tmgp.sgame.ApolloFileprovider/external_storage_root/Android/data/com.tencent.tmgp.sgame/files/iips_download/1212338883_2400279_8.2.1.9_20230102091947_2055631389_a.apk typ=application/vnd.android.package-archive flg=0x2000001 cmp=com.android.packageinstaller/.InstallStaging (has extras)} from uid 10036
01-05 04:51:09.825 2382 3732 W ContextImpl: Calling a method in the system process without a qualified user: android.app.ContextImpl.startService:1816 android.content.ContextWrapper.startService:774 com.thundercomm.gamemode.ingame.services.GameModeActionUtils.startGameModeService:99 com.thundercomm.gamemode.ingame.services.GameModeActionUtils.startGameModeEntry:22 com.thundercomm.gamemode.ingame.services.ActivityMonitoringService$1.onActivityLaunch:129
01-05 04:51:09.829 1490 2121 I ActivityTaskManager: FOREGROUND_APPLICATION_CHANGED to com.android.packageinstaller.InstallStaging
01-05 04:51:09.829 1490 2121 I ActivityTaskManager: The Process com.android.packageinstaller Already Exists in BG. So sending its PID: 3559
01-05 04:51:09.829 1490 2121 W ActivityTaskManager: Tried to set launchTime (0) < mLastActivityLaunchTime (1229895)
01-05 04:51:09.829 1490 1490 I GameModeConfig: Current uri is uri = content://com.thundercomm.gamemode.api/gamemode_settings/gamemode_isgaming
01-05 04:51:09.831 1490 1490 I GameModeConfig: isGameModeOn = false
01-05 04:51:09.831 1490 1490 I GameModeConfig: isGameModeOn = false
01-05 04:51:09.831 1490 1490 I GameModeConfig: isDisableVoice = true
01-05 04:51:09.935 2382 3732 W ContextImpl: Calling a method in the system process without a qualified user: android.app.ContextImpl.startService:1816 android.content.ContextWrapper.startService:774 com.thundercomm.gamemode.ingame.services.GameModeActionUtils.startGameModeService:99 com.thundercomm.gamemode.ingame.services.GameModeActionUtils.startGameModeEntry:22 com.thundercomm.gamemode.ingame.services.ActivityMonitoringService$1.onActivityLaunch:129
01-05 04:51:09.937 1490 1490 I GameModeConfig: Current uri is uri = content://com.thundercomm.gamemode.api/gamemode_settings/gamemode_isgaming
01-05 04:51:09.938 1490 1490 I GameModeConfig: isGameModeOn = false
01-05 04:51:09.938 1490 1490 I GameModeConfig: isGameModeOn = false
01-05 04:51:09.938 1490 1490 I GameModeConfig: isDisableVoice = true
01-05 04:51:10.307 1490 2121 I thunderperf: PlatormCompat.setOverrides: Uid1=10036 Pid1=3559 Uid2=10036 Pid2=3559
01-05 04:51:10.307 1490 2121 I thunderperf: PlatormCompat.setOverrides: needCheck:false
