01-05 07:03:55.656 1490 1741 I input_interaction: Interaction with: c36da4c com.tencent.tmgp.sgame/com.tencent.tmgp.sgame.SGameActivity (server), edge-swipe (server), swipe-up (server), PointerEventDispatcher0 (server),
01-05 07:03:55.797 1490 7531 I wm_finish_activity: [0,204925423,64,com.tencent.tmgp.sgame/.SGameActivity,app-request]
01-05 07:03:55.798 1490 7531 I wm_task_moved: [47,1,8]
01-05 07:03:55.798 1490 7531 I wm_task_moved: [48,1,2147483647]
01-05 07:03:55.798 1490 7531 I wm_task_to_front: [0,48]
01-05 07:03:55.798 1490 7531 I wm_focused_root_task: [0,0,47,64,finish-top adjustFocusToNextFocusableTask]
01-05 07:03:55.799 1490 7531 I wm_set_resumed_activity: [0,com.android.launcher3/.uioverrides.QuickstepLauncher,finish-top adjustFocusToNextFocusableTask]
01-05 07:03:55.799 7153 7153 I wm_on_top_resumed_lost_called: [204925423,com.tencent.tmgp.sgame.SGameActivity,topStateChangedWhenResumed]
01-05 07:03:55.817 1490 7531 I wm_pause_activity: [0,204925423,com.tencent.tmgp.sgame/.SGameActivity,userLeaving=false,finish]
01-05 07:03:55.831 1490 7531 I thunderperf: PlatormCompat.setOverrides: Uid1=10096 Pid1=7153 Uid2=10096 Pid2=7153
01-05 07:03:55.831 1490 7531 I thunderperf: PlatormCompat.setOverrides: needCheck:false
01-05 07:03:55.832 1490 7531 W PackageManager: MATCH_ANY_USER flag requires INTERACT_ACROSS_USERS permission: UID 10096 requires android.permission.INTERACT_ACROSS_USERS_FULL or android.permission.INTERACT_ACROSS_USERS to access user 0.
01-05 07:03:55.833 1490 7531 I ActivityTaskManager: START u0 {act=android.intent.action.MAIN cat=[android.intent.category.LAUNCHER] flg=0x14000000 pkg=com.tencent.tmgp.sgame cmp=com.tencent.tmgp.sgame/.SGameActivity} from uid 10096
01-05 07:03:55.840 1490 7531 I wm_task_created: [66,-1]
01-05 07:03:55.840 1490 7531 W ActivityTaskManager: Can't find TaskDisplayArea to determine support for multi window. Task id=66 attached=false
01-05 07:03:55.842 1490 7531 I wm_task_moved: [66,1,9]
01-05 07:03:55.842 1490 7531 I wm_task_to_front: [0,66]
01-05 07:03:55.842 1490 7531 I wm_create_task: [0,66]
01-05 07:03:55.842 1490 7531 I wm_create_activity: [0,201917619,66,com.tencent.tmgp.sgame/.SGameActivity,android.intent.action.MAIN,NULL,NULL,335544320]
01-05 07:03:55.842 1490 7531 I wm_task_moved: [66,1,9]
01-05 07:03:55.843 1490 7531 I ActivityTaskManager: Add Task{7f50232 #64 type=standard A=10096:com.tencent.tmgp.sgame U=0 visible=false mode=fullscreen translucent=true sz=1} to hidden list because adding Task{fa8b1e9 #66 type=standard A=10096:com.tencent.tmgp.sgame U=0 visible=true mode=fullscreen translucent=true sz=1}
01-05 07:03:55.865 1490 1741 I input_focus: [Focus leaving c36da4c com.tencent.tmgp.sgame/com.tencent.tmgp.sgame.SGameActivity (server),reason=NO_WINDOW]
01-05 07:03:55.904 1490 2487 I WindowManager: WIN DEATH: Window{c36da4c u0 com.tencent.tmgp.sgame/com.tencent.tmgp.sgame.SGameActivity}
01-05 07:03:55.905 1490 2916 I ActivityManager: Process com.tencent.tmgp.sgame (pid 7153) has died: fg TOP
01-05 07:03:55.905 1490 2916 I am_proc_died: [0,7153,com.tencent.tmgp.sgame,0,2]
01-05 07:03:55.907 1490 1567 D CompatibilityChangeReporter: Compat change id reported: 135634846; UID 10096; state: DISABLED
01-05 07:03:55.907 1490 1567 D CompatibilityChangeReporter: Compat change id reported: 177438394; UID 10096; state: DISABLED
01-05 07:03:55.907 1490 1567 D CompatibilityChangeReporter: Compat change id reported: 135772972; UID 10096; state: DISABLED
01-05 07:03:55.907 1490 1567 D CompatibilityChangeReporter: Compat change id reported: 135754954; UID 10096; state: DISABLED
01-05 07:03:55.908 1490 1583 D CompatibilityChangeReporter: Compat change id reported: 143937733; UID 10096; state: DISABLED
01-05 07:03:55.912 1490 1583 I am_proc_start: [0,8773,10096,com.tencent.tmgp.sgame,top-activity,{com.tencent.tmgp.sgame/com.tencent.tmgp.sgame.SGameActivity}]
01-05 07:03:55.912 1490 1583 I ActivityManager: Start proc 8773:com.tencent.tmgp.sgame/u0a96 for top-activity {com.tencent.tmgp.sgame/com.tencent.tmgp.sgame.SGameActivity}
01-05 07:03:55.914 2382 3732 W ContextImpl: Calling a method in the system process without a qualified user: android.app.ContextImpl.startService:1816 android.content.ContextWrapper.startService:774 com.thundercomm.gamemode.ingame.services.GameModeActionUtils.startGameModeService:99 com.thundercomm.gamemode.ingame.services.GameModeActionUtils.startGameModeEntry:22 com.thundercomm.gamemode.ingame.services.ActivityMonitoringService$1.onActivityLaunch:129
01-05 07:03:55.915 1490 1567 W ActivityManager: setHasOverlayUi called on unknown pid: 7153
01-05 07:03:55.916 1490 1569 I wm_task_removed: [64,removeChild:removeChild last r=ActivityRecord{c36e9ef u0 com.tencent.tmgp.sgame/.SGameActivity t-1 f} isExiting} in t=Task{7f50232 #64 type=standard A=10096:com.tencent.tmgp.sgame U=0 visible=false mode=fullscreen translucent=true sz=0}]
01-05 07:03:55.916 1490 1569 I wm_task_removed: [64,removeChild]
01-05 07:03:55.916 1490 1580 I am_pss : [8104,1000,com.qti.diagservices,12593152,270336,10911744,46092288,0,10,5]
01-05 07:03:55.917 1490 1569 W ActivityTaskManager: Can't find TaskDisplayArea to determine support for multi window. Task id=64 attached=false
01-05 07:03:55.917 1490 1569 W ActivityTaskManager: Can't find TaskDisplayArea to determine support for multi window. Task id=64 attached=false
01-05 07:03:55.917 1490 2916 I am_uid_running: 10065
01-05 07:03:55.918 1490 2916 D CompatibilityChangeReporter: Compat change id reported: 135634846; UID 10065; state: DISABLED
01-05 07:03:55.918 1490 2916 D CompatibilityChangeReporter: Compat change id reported: 177438394; UID 10065; state: DISABLED
01-05 07:03:55.918 1490 2916 D CompatibilityChangeReporter: Compat change id reported: 135772972; UID 10065; state: DISABLED
01-05 07:03:55.918 1490 2916 D CompatibilityChangeReporter: Compat change id reported: 135754954; UID 10065; state: ENABLED
01-05 07:03:55.918 1490 1583 D CompatibilityChangeReporter: Compat change id reported: 143937733; UID 10065; state: ENABLED
01-05 07:03:55.922 1490 2916 I am_proc_bound: [0,8773,com.tencent.tmgp.sgame]
01-05 07:03:55.924 1490 2916 I ActivityTaskManager: The Process com.tencent.tmgp.sgame Already Exists in BG. So sending its PID: 8773
01-05 07:03:55.924 1490 2916 I wm_restart_activity: [0,201917619,66,com.tencent.tmgp.sgame/.SGameActivity]
01-05 07:03:55.925 1490 2916 I wm_set_resumed_activity: [0,com.tencent.tmgp.sgame/.SGameActivity,minimalResumeActivityLocked]
01-05 07:03:55.926 1490 1583 I am_proc_start: [0,8788,10065,com.thundercomm.gamemode.provider,content provider,{com.thundercomm.gamemode.provider/com.thundercomm.gamemode.provider.SettingsProvider}]
01-05 07:03:55.926 1490 1583 I ActivityManager: Start proc 8788:com.thundercomm.gamemode.provider/u0a65 for content provider {com.thundercomm.gamemode.provider/com.thundercomm.gamemode.provider.SettingsProvider}
01-05 07:03:55.937 1490 8771 I am_proc_bound: [0,8788,com.thundercomm.gamemode.provider]
01-05 07:03:55.938 1490 8771 D CompatibilityChangeReporter: Compat change id reported: 168419799; UID 10065; state: DISABLED
01-05 07:03:55.953 8773 8806 D ActivityThread: Loading provider com.tencent.tmgp.sgame.XG_SETTINGS_PROVIDER: com.tencent.tpns.baseapi.base.SettingsContentProvider
01-05 07:03:55.980 661 8768 W SocketClient: write error (Broken pipe)
01-05 07:03:55.988 1490 1490 I GameModeConfig: Current uri is uri = content://com.thundercomm.gamemode.api/gamemode_settings/gamemode_isgaming
01-05 07:03:55.988 1490 1490 I am_uid_active: 10065
01-05 07:03:55.991 1490 1490 I GameModeConfig: isGameModeOn = false
01-05 07:03:55.991 1490 1490 I GameModeConfig: isGameModeOn = false
01-05 07:03:55.991 1490 1490 I GameModeConfig: isDisableVoice = true
01-05 07:03:55.996 2382 3732 W ContextImpl: Calling a method in the system process without a qualified user: android.app.ContextImpl.startService:1816 android.content.ContextWrapper.startService:774 com.thundercomm.gamemode.ingame.services.GameModeActionUtils.startGameModeService:99 com.thundercomm.gamemode.ingame.services.GameModeActionUtils.startGameModeEntry:22 com.thundercomm.gamemode.ingame.services.ActivityMonitoringService$1.onActivityLaunch:129
01-05 07:03:55.998 1490 1490 I GameModeConfig: Current uri is uri = content://com.thundercomm.gamemode.api/gamemode_settings/gamemode_isgaming
01-05 07:03:55.999 1490 1490 I GameModeConfig: isGameModeOn = false
01-05 07:03:55.999 1490 1490 I GameModeConfig: isGameModeOn = false
01-05 07:03:55.999 1490 1490 I GameModeConfig: isDisableVoice = true
01-05 07:03:56.005 2382 3732 W ContextImpl: Calling a method in the system process without a qualified user: android.app.ContextImpl.startService:1816 android.content.ContextWrapper.startService:774 com.thundercomm.gamemode.ingame.services.GameModeActionUtils.startGameModeService:99 com.thundercomm.gamemode.ingame.services.GameModeActionUtils.startGameModeEntry:22 com.thundercomm.gamemode.ingame.services.ActivityMonitoringService$1.onActivityLaunch:129
01-05 07:03:56.006 1490 1490 I GameModeConfig: Current uri is uri = content://com.thundercomm.gamemode.api/gamemode_settings/gamemode_isgaming
01-05 07:03:56.007 1490 1490 I GameModeConfig: isGameModeOn = false
01-05 07:03:56.007 1490 1490 I GameModeConfig: isGameModeOn = false
01-05 07:03:56.007 1490 1490 I GameModeConfig: isDisableVoice = true
01-05 07:03:56.272 1490 2026 W WindowManager: Failed looking up window session=Session{fee1519 8773:u0a10096} callers=com.android.server.wm.WindowManagerService.windowForClientLocked:5628 com.android.server.wm.Session.insetsModified:629 android.view.IWindowSession$Stub.onTransact:1151
01-05 07:03:56.273 8773 8773 I wm_on_create_called: [201917619,com.tencent.tmgp.sgame.SGameActivity,performCreate]
01-05 07:03:56.274 8773 8773 I wm_on_start_called: [201917619,com.tencent.tmgp.sgame.SGameActivity,handleStartActivity]
01-05 07:03:56.277 8773 8773 I wm_on_resume_called: [201917619,com.tencent.tmgp.sgame.SGameActivity,RESUME_ACTIVITY]
01-05 07:03:56.278 1490 2026 W WindowManager: Failed looking up window session=Session{fee1519 8773:u0a10096} callers=com.android.server.wm.WindowManagerService.windowForClientLocked:5628 com.android.server.wm.Session.insetsModified:629 android.view.IWindowSession$Stub.onTransact:1151
01-05 07:03:56.278 8773 8773 I wm_on_top_resumed_gained_called: [201917619,com.tencent.tmgp.sgame.SGameActivity,topStateChangedWhenResumed]
01-05 07:03:56.286 1490 1569 I input_focus: [Focus request f0c6e8c com.tencent.tmgp.sgame/com.tencent.tmgp.sgame.SGameActivity,reason=UpdateInputWindows]
01-05 07:03:56.321 1490 1564 I wm_activity_launch_time: [0,201917619,com.tencent.tmgp.sgame/.SGameActivity,488]
01-05 07:03:56.333 1490 1741 I input_focus: [Focus entering f0c6e8c com.tencent.tmgp.sgame/com.tencent.tmgp.sgame.SGameActivity (server),reason=Window became focusable. Previous reason: NOT_VISIBLE]
01-05 07:03:56.349 1490 1898 I wm_finish_activity: [0,151216452,63,com.android.packageinstaller/.DeleteStagedFileOnResult,recent-task-trimmed]
01-05 07:03:56.349 1490 1898 I wm_destroy_activity: [0,151216452,63,com.android.packageinstaller/.DeleteStagedFileOnResult,finish-imm:finishIfPossible]
01-05 07:03:56.351 1490 1567 I sysui_multi_action: [757,803,799,window_time_0,802,7618]
01-05 07:03:56.355 3559 3559 I wm_on_destroy_called: [151216452,com.android.packageinstaller.DeleteStagedFileOnResult,performDestroy]
01-05 07:03:56.374 1490 1580 W UsageStatsService: Unexpected activity event reported! (com.android.packageinstaller/com.android.packageinstaller.DeleteStagedFileOnResult event : 23 instanceId : 121270871)
01-05 07:03:56.375 1490 8771 I wm_task_removed: [63,removeChild:removeChild last r=ActivityRecord{9036144 u0 com.android.packageinstaller/.DeleteStagedFileOnResult t-1 f}} in t=Task{195ffbd #63 type=standard A=10036:com.android.packageinstaller U=0 visible=false mode=fullscreen translucent=true sz=0}]
01-05 07:03:56.375 1490 8771 I wm_task_removed: [63,removeChild]
01-05 07:03:56.377 1490 1569 W ActivityTaskManager: Can't find TaskDisplayArea to determine support for multi window. Task id=63 attached=false
01-05 07:03:56.377 1490 1569 W ActivityTaskManager: Can't find TaskDisplayArea to determine support for multi window. Task id=63 attached=false
01-05 07:03:56.435 8773 8773 I auditd : type=1400 audit(0.0:8133): avc: granted { execute } for comm="tbs_preinit" path="/data/user/0/com.tencent.tmgp.sgame/app_tbs_64/core_share/libwebp_base.so" dev="dm-10" ino=6446 scontext=u:r:untrusted_app_29:s0:c96,c256,c512,c768 tcontext=u:object_r:app_data_file:s0:c96,c256,c512,c768 tclass=file app=com.tencent.tmgp.sgame
01-05 07:03:56.447 8773 8773 I auditd : type=1400 audit(0.0:8134): avc: granted { execute } for comm="logging-thread" path="/data/user/0/com.tencent.tmgp.sgame/app_tbs_64/core_share/libx5log.so" dev="dm-10" ino=6449 scontext=u:r:untrusted_app_29:s0:c96,c256,c512,c768 tcontext=u:object_r:app_data_file:s0:c96,c256,c512,c768 tclass=file app=com.tencent.tmgp.sgame
01-05 07:03:56.455 2382 3732 W ContextImpl: Calling a method in the system process without a qualified user: android.app.ContextImpl.startService:1816 android.content.ContextWrapper.startService:774 com.thundercomm.gamemode.ingame.services.GameModeActionUtils.startGameModeService:99 com.thundercomm.gamemode.ingame.services.GameModeActionUtils.startGameModeEntry:22 com.thundercomm.gamemode.ingame.services.ActivityMonitoringService$1.onActivityLaunch:129
01-05 07:03:56.458 1490 1490 I GameModeConfig: Current uri is uri = content://com.thundercomm.gamemode.api/gamemode_settings/gamemode_isgaming
01-05 07:03:56.458 1490 1490 I GameModeConfig: isGameModeOn = false
01-05 07:03:56.458 1490 1490 I GameModeConfig: isGameModeOn = false
01-05 07:03:56.459 1490 1490 I GameModeConfig: isDisableVoice = true
01-05 07:03:56.467 8773 8773 I auditd : type=1400 audit(0.0:8135): avc: granted { execute } for comm="TP-IoBound-3" path="/data/user/0/com.tencent.tmgp.sgame/app_tbs_64/core_share/libqb_keystore.so" dev="dm-10" ino=6435 scontext=u:r:untrusted_app_29:s0:c96,c256,c512,c768 tcontext=u:object_r:app_data_file:s0:c96,c256,c512,c768 tclass=file app=com.tencent.tmgp.sgame
01-05 07:03:56.471 8773 8773 I auditd : type=1400 audit(0.0:8136): avc: granted { execute } for comm="tbs_preinit" path="/data/user/0/com.tencent.tmgp.sgame/app_tbs_64/core_share/libmttwebview.so" dev="dm-10" ino=6402 scontext=u:r:untrusted_app_29:s0:c96,c256,c512,c768 tcontext=u:object_r:app_data_file:s0:c96,c256,c512,c768 tclass=file app=com.tencent.tmgp.sgame
01-05 07:03:56.491 8773 8773 I auditd : type=1400 audit(0.0:8137): avc: granted { execute } for comm="beacon-thread-1" path="/data/user/0/com.tencent.tmgp.sgame/app_tbs_64/core_share/libtbsbeaconid.so" dev="dm-10" ino=6439 scontext=u:r:untrusted_app_29:s0:c96,c256,c512,c768 tcontext=u:object_r:app_data_file:s0:c96,c256,c512,c768 tclass=file app=com.tencent.tmgp.sgame
01-05 07:03:56.495 8979 8979 I auditd : type=1400 audit(0.0:8138): avc: granted { execute } for comm="X5MemoryMonitor" name="libcmdsh.so" dev="dm-10" ino=6396 scontext=u:r:untrusted_app_29:s0:c96,c256,c512,c768 tcontext=u:object_r:app_data_file:s0:c96,c256,c512,c768 tclass=file app=com.tencent.tmgp.sgame
01-05 07:03:56.495 8979 8979 I auditd : type=1400 audit(0.0:8139): avc: denied { execute_no_trans } for comm="X5MemoryMonitor" path="/data/user/0/com.tencent.tmgp.sgame/app_tbs_64/core_share/libcmdsh.so" dev="dm-10" ino=6396 scontext=u:r:untrusted_app_29:s0:c96,c256,c512,c768 tcontext=u:object_r:app_data_file:s0:c96,c256,c512,c768 tclass=file permissive=0 app=com.tencent.tmgp.sgame
01-05 07:03:58.359 0 0 I auditd : type=1400 audit(0.0:8141): avc: denied { kill } for comm="swapper/4" capability=5 scontext=u:r:kernel:s0 tcontext=u:r:kernel:s0 tclass=capability permissive=0
01-05 07:03:59.359 0 0 I auditd : type=1400 audit(0.0:8142): avc: denied { kill } for comm="swapper/2" capability=5 scontext=u:r:kernel:s0 tcontext=u:r:kernel:s0 tclass=capability permissive=0
01-05 07:03:59.857 1490 2764 E TaskPersister: File error accessing recents directory (directory doesn't exist?).
01-05 07:04:00.355 0 0 I auditd : type=1400 audit(0.0:8143): avc: denied { kill } for comm="swapper/2" capability=5 scontext=u:r:kernel:s0 tcontext=u:r:kernel:s0 tclass=capability permissive=0
01-05 07:04:01.359 0 0 I auditd : type=1400 audit(0.0:8144): avc: denied { kill } for comm="swapper/2" capability=5 scontext=u:r:kernel:s0 tcontext=u:r:kernel:s0 tclass=capability permissive=0
01-05 07:04:01.537 1490 1886 I storage_state: [41217664-9172-527a-b3d5-edabb50a7d69,0,0,106208563200,118610538496]
01-05 07:04:02.355 0 0 I auditd : type=1400 audit(0.0:8145): avc: denied { kill } for comm="swapper/2" capability=5 scontext=u:r:kernel:s0 tcontext=u:r:kernel:s0 tclass=capability permissive=0
01-05 07:04:03.147 1490 2650 D AdbDebuggingManager: Received disconnected message: QAAAAG97JpZxvIK4efE+NkcibYsENv1AxVG7RRQH5Z9frNxNkoPFpKfjjSwJKUy7DkhDRdIrjvIkgAB2Z+1ObkoCdsjGjbXFFOtUvtK/aUBBUOvjzr2ROKhQipeWtk10CSKhUimdFU2hT0Rs0qwCdntCr3x5zJ4D5JSD6F1r6OUVgVb7bmEUeuoiN7mvj8t1vmU/tRQ7oz4IOVlp1oKMc+zob0xQ3VCKxFmqqSty3dqiV/LOxclbMZHcN0JpgoA5dBlSbr5sRxDNvUqtOMPUiY5SlFHUIvjEU6wYaGxsFCigO4a3KEnUVHwLek/I51oZuLLTEVxSkoClfe8stOhL29qUlncXKomlO5Xrd6KeSI8HacwG00YG89yDMyCsuH1xfPqhftaU+mjENo4dR0lk5OQa5B5djZS6jyWPNT1ALdwEBjZs3E1a/c4l+YcevTMwVH32ud9imhSmc0J+sq1CkmBn4ICCzb7TUKzPSPVJoDZkRlGOJQn603sSTSw91R76MlPLSxNMURaiKBGhIrQViJZge/2PSbLv/UVBmN7qjXa/88JhNrJ5mIWQEvbAu26cSbu6E2608g1IH4y3vMbJDQ4nIjgz1W9LXekLPuD3BdHUTzLDWLiOMXpM+K86701fRvWt5RWYynOwHXNPdQx/ArXANQhvVeKl52s5/tWusvFP1YON03wfHQEAAQA= thundersoft@DESKTOP-17ME0V2
01-05 07:04:03.147 1490 2650 D AdbDebuggingManager: Received public key: QAAAAG97JpZxvIK4efE+NkcibYsENv1AxVG7RRQH5Z9frNxNkoPFpKfjjSwJKUy7DkhDRdIrjvIkgAB2Z+1ObkoCdsjGjbXFFOtUvtK/aUBBUOvjzr2ROKhQipeWtk10CSKhUimdFU2hT0Rs0qwCdntCr3x5zJ4D5JSD6F1r6OUVgVb7bmEUeuoiN7mvj8t1vmU/tRQ7oz4IOVlp1oKMc+zob0xQ3VCKxFmqqSty3dqiV/LOxclbMZHcN0JpgoA5dBlSbr5sRxDNvUqtOMPUiY5SlFHUIvjEU6wYaGxsFCigO4a3KEnUVHwLek/I51oZuLLTEVxSkoClfe8stOhL29qUlncXKomlO5Xrd6KeSI8HacwG00YG89yDMyCsuH1xfPqhftaU+mjENo4dR0lk5OQa5B5djZS6jyWPNT1ALdwEBjZs3E1a/c4l+YcevTMwVH32ud9imhSmc0J+sq1CkmBn4ICCzb7TUKzPSPVJoDZkRlGOJQn603sSTSw91R76MlPLSxNMURaiKBGhIrQViJZge/2PSbLv/UVBmN7qjXa/88JhNrJ5mIWQEvbAu26cSbu6E2608g1IH4y3vMbJDQ4nIjgz1W9LXekLPuD3BdHUTzLDWLiOMXpM+K86701fRvWt5RWYynOwHXNPdQx/ArXANQhvVeKl52s5/tWusvFP1YON03wfHQEAAQA= thundersoft@DESKTOP-17ME0V2
01-05 07:04:03.148 1490 1564 D AdbDebuggingManager: Logging key QAAAAG97JpZxvIK4efE+NkcibYsENv1AxVG7RRQH5Z9frNxNkoPFpKfjjSwJKUy7DkhDRdIrjvIkgAB2Z+1ObkoCdsjGjbXFFOtUvtK/aUBBUOvjzr2ROKhQipeWtk10CSKhUimdFU2hT0Rs0qwCdntCr3x5zJ4D5JSD6F1r6OUVgVb7bmEUeuoiN7mvj8t1vmU/tRQ7oz4IOVlp1oKMc+zob0xQ3VCKxFmqqSty3dqiV/LOxclbMZHcN0JpgoA5dBlSbr5sRxDNvUqtOMPUiY5SlFHUIvjEU6wYaGxsFCigO4a3KEnUVHwLek/I51oZuLLTEVxSkoClfe8stOhL29qUlncXKomlO5Xrd6KeSI8HacwG00YG89yDMyCsuH1xfPqhftaU+mjENo4dR0lk5OQa5B5djZS6jyWPNT1ALdwEBjZs3E1a/c4l+YcevTMwVH32ud9imhSmc0J+sq1CkmBn4ICCzb7TUKzPSPVJoDZkRlGOJQn603sSTSw91R76MlPLSxNMURaiKBGhIrQViJZge/2PSbLv/UVBmN7qjXa/88JhNrJ5mIWQEvbAu26cSbu6E2608g1IH4y3vMbJDQ4nIjgz1W9LXekLPuD3BdHUTzLDWLiOMXpM+K86701fRvWt5RWYynOwHXNPdQx/ArXANQhvVeKl52s5/tWusvFP1YON03wfHQEAAQA= thundersoft@DESKTOP-17ME0V2, state = 7, alwaysAllow = false, lastConnectionTime = 0, authWindow = 604800000
01-05 07:04:03.149 1490 1564 D AdbDebuggingManager: Logging key QAAAAG97JpZxvIK4efE+NkcibYsENv1AxVG7RRQH5Z9frNxNkoPFpKfjjSwJKUy7DkhDRdIrjvIkgAB2Z+1ObkoCdsjGjbXFFOtUvtK/aUBBUOvjzr2ROKhQipeWtk10CSKhUimdFU2hT0Rs0qwCdntCr3x5zJ4D5JSD6F1r6OUVgVb7bmEUeuoiN7mvj8t1vmU/tRQ7oz4IOVlp1oKMc+zob0xQ3VCKxFmqqSty3dqiV/LOxclbMZHcN0JpgoA5dBlSbr5sRxDNvUqtOMPUiY5SlFHUIvjEU6wYaGxsFCigO4a3KEnUVHwLek/I51oZuLLTEVxSkoClfe8stOhL29qUlncXKomlO5Xrd6KeSI8HacwG00YG89yDMyCsuH1xfPqhftaU+mjENo4dR0lk5OQa5B5djZS6jyWPNT1ALdwEBjZs3E1a/c4l+YcevTMwVH32ud9imhSmc0J+sq1CkmBn4ICCzb7TUKzPSPVJoDZkRlGOJQn603sSTSw91R76MlPLSxNMURaiKBGhIrQViJZge/2PSbLv/UVBmN7qjXa/88JhNrJ5mIWQEvbAu26cSbu6E2608g1IH4y3vMbJDQ4nIjgz1W9LXekLPuD3BdHUTzLDWLiOMXpM+K86701fRvWt5RWYynOwHXNPdQx/ArXANQhvVeKl52s5/tWusvFP1YON03wfHQEAAQA= thundersoft@DESKTOP-17ME0V2, state = 1, alwaysAllow = false, lastConnectionTime = 0, authWindow = 604800000
01-05 07:04:03.160 1490 1564 I thunderperf: PlatormCompat.setOverrides: Uid1=1000 Pid1=1490 Uid2=1000 Pid2=1490
01-05 07:04:03.160 1490 1564 I thunderperf: PlatormCompat.setOverrides: needCheck:false
01-05 07:04:03.183 1490 1564 I ActivityTaskManager: START u0 {flg=0x10000000 cmp=com.android.systemui/.usb.UsbDebuggingActivity (has extras)} from uid 1000
01-05 07:04:03.191 1490 1564 I wm_task_created: [67,-1]
01-05 07:04:03.191 1490 1564 W ActivityTaskManager: Can't find TaskDisplayArea to determine support for multi window. Task id=67 attached=false
01-05 07:04:03.192 1490 1564 I service_manager_stats: [100,85,4059986]
01-05 07:04:03.193 1490 1564 D CompatibilityChangeReporter: Compat change id reported: 174042980; UID 10081; state: DISABLED
01-05 07:04:03.193 1490 1564 D CompatibilityChangeReporter: Compat change id reported: 184838306; UID 10081; state: DISABLED
01-05 07:04:03.193 1490 1564 D CompatibilityChangeReporter: Compat change id reported: 185004937; UID 10081; state: DISABLED
01-05 07:04:03.193 1490 1564 D CompatibilityChangeReporter: Compat change id reported: 181136395; UID 10081; state: DISABLED
01-05 07:04:03.193 1490 1564 D CompatibilityChangeReporter: Compat change id reported: 174042936; UID 10081; state: DISABLED
01-05 07:04:03.194 1490 1564 I wm_task_moved: [67,1,8]
01-05 07:04:03.194 1490 1564 I wm_task_to_front: [0,67]
01-05 07:04:03.194 1490 1564 I wm_create_task: [0,67]
01-05 07:04:03.194 1490 1564 I wm_create_activity: [0,141265907,67,com.android.systemui/.usb.UsbDebuggingActivity,NULL,NULL,NULL,276824064]
01-05 07:04:03.194 1490 1564 I wm_task_moved: [67,1,8]
01-05 07:04:03.194 8773 8773 I wm_on_top_resumed_lost_called: [201917619,com.tencent.tmgp.sgame.SGameActivity,topStateChangedWhenResumed]
01-05 07:04:03.195 1490 1564 D CompatibilityChangeReporter: Compat change id reported: 168419799; UID 10081; state: DISABLED
01-05 07:04:03.195 1490 1564 I wm_pause_activity: [0,201917619,com.tencent.tmgp.sgame/.SGameActivity,userLeaving=true,pauseBackTasks]
01-05 07:04:03.359 0 0 I auditd : type=1400 audit(0.0:8146): avc: denied { kill } for comm="swapper/2" capability=5 scontext=u:r:kernel:s0 tcontext=u:r:kernel:s0 tclass=capability permissive=0
01-05 07:04:03.552 8773 8773 I wm_on_paused_called: [201917619,com.tencent.tmgp.sgame.SGameActivity,performPause]
01-05 07:04:03.552 1490 2782 I ActivityTaskManager: FOREGROUND_APPLICATION_CHANGED to com.android.systemui.usb.UsbDebuggingActivity
01-05 07:04:03.553 1490 2782 I ActivityTaskManager: The Process com.android.systemui Already Exists in BG. So sending its PID: 1991
01-05 07:04:03.553 1490 2782 W ActivityTaskManager: Tried to set launchTime (0) < mLastActivityLaunchTime (10280)
01-05 07:04:03.553 1490 2782 I wm_restart_activity: [0,141265907,67,com.android.systemui/.usb.UsbDebuggingActivity]
01-05 07:04:03.554 1490 2782 I wm_set_resumed_activity: [0,com.android.systemui/.usb.UsbDebuggingActivity,minimalResumeActivityLocked]
01-05 07:04:03.554 1490 2782 D CompatibilityChangeReporter: Compat change id reported: 181136395; UID 10096; state: DISABLED
01-05 07:04:03.555 1490 2782 D CompatibilityChangeReporter: Compat change id reported: 174042936; UID 10096; state: DISABLED
01-05 07:04:03.556 1490 1567 I sysui_multi_action: [757,803,799,window_time_0,802,7]
01-05 07:04:03.566 1991 1991 I wm_on_create_called: [141265907,com.android.systemui.usb.UsbDebuggingActivity,performCreate]
01-05 07:04:03.567 1991 1991 I wm_on_start_called: [141265907,com.android.systemui.usb.UsbDebuggingActivity,handleStartActivity]
01-05 07:04:03.567 1991 1991 I wm_on_resume_called: [141265907,com.android.systemui.usb.UsbDebuggingActivity,RESUME_ACTIVITY]
01-05 07:04:03.569 1991 1991 I wm_on_top_resumed_gained_called: [141265907,com.android.systemui.usb.UsbDebuggingActivity,topStateChangedWhenResumed]
01-05 07:04:03.655 1490 1569 I input_focus: [Focus request 1a8f44f com.android.systemui/com.android.systemui.usb.UsbDebuggingActivity,reason=UpdateInputWindows]
01-05 07:04:03.661 2382 3732 W ContextImpl: Calling a method in the system process without a qualified user: android.app.ContextImpl.startService:1816 android.content.ContextWrapper.startService:774 com.thundercomm.gamemode.ingame.services.GameModeActionUtils.startGameModeService:99 com.thundercomm.gamemode.ingame.services.GameModeActionUtils.startGameModeEntry:22 com.thundercomm.gamemode.ingame.services.ActivityMonitoringService$1.onActivityLaunch:129
01-05 07:04:03.668 1490 1741 I input_focus: [Focus leaving f0c6e8c com.tencent.tmgp.sgame/com.tencent.tmgp.sgame.SGameActivity (server),reason=Waiting for window because NOT_VISIBLE]
01-05 07:04:03.669 1490 1564 I sysui_multi_action: [319,479,322,478,325,9203,757,761,758,8,759,2,806,com.android.systemui,871,com.android.systemui.usb.UsbDebuggingActivity,904,android,905,0,1320,4,1321,1]
01-05 07:04:03.669 1490 1564 I wm_activity_launch_time: [0,141265907,com.android.systemui/.usb.UsbDebuggingActivity,478]
01-05 07:04:03.669 1490 1490 I GameModeConfig: Current uri is uri = content://com.thundercomm.gamemode.api/gamemode_settings/gamemode_isgaming
01-05 07:04:03.673 1490 1490 I GameModeConfig: isGameModeOn = false
01-05 07:04:03.673 1490 1490 I GameModeConfig: isGameModeOn = false
01-05 07:04:03.673 1490 1490 I GameModeConfig: isDisableVoice = true
01-05 07:04:03.686 1490 1741 I input_focus: [Focus entering 1a8f44f com.android.systemui/com.android.systemui.usb.UsbDebuggingActivity (server),reason=Window became focusable. Previous reason: NOT_VISIBLE]
01-05 07:04:04.359 0 0 I auditd : type=1400 audit(0.0:8147): avc: denied { kill } for comm="swapper/2" capability=5 scontext=u:r:kernel:s0 tcontext=u:r:kernel:s0 tclass=capability permissive=0
01-05 07:04:05.359 0 0 I auditd : type=1400 audit(0.0:8148): avc: denied { kill } for comm="swapper/2" capability=5 scontext=u:r:kernel:s0 tcontext=u:r:kernel:s0 tclass=capability permissive=0
01-05 07:04:06.313 1490 1580 I am_pss : [8773,10096,com.tencent.tmgp.sgame,563579904,533143552,50176,710991872,0,2,32]
01-05 07:04:07.359 0 0 I auditd : type=1400 audit(0.0:8149): avc: denied { kill } for comm="swapper/2" capability=5 scontext=u:r:kernel:s0 tcontext=u:r:kernel:s0 tclass=capability permissive=0
01-05 07:04:08.359 0 0 I auditd : type=1400 audit(0.0:8150): avc: denied { kill } for comm="swapper/2" capability=5 scontext=u:r:kernel:s0 tcontext=u:r:kernel:s0 tclass=capability permissive=0
01-05 07:04:09.359 0 0 I auditd : type=1400 audit(0.0:8151): avc: denied { kill } for comm="swapper/2" capability=5 scontext=u:r:kernel:s0 tcontext=u:r:kernel:s0 tclass=capability permissive=0
01-05 07:04:10.215 8773 8773 I auditd : type=1400 audit(0.0:8152): avc: denied { read } for comm="Thread-103" name="cache" dev="dm-5" ino=16 scontext=u:r:untrusted_app_29:s0:c96,c256,c512,c768 tcontext=u:object_r:cache_file:s0 tclass=lnk_file permissive=0 app=com.tencent.tmgp.sgame
01-05 07:04:10.223 8773 8773 I auditd : type=1400 audit(0.0:8153): avc: denied { read } for comm="Thread-103" name="cache" dev="dm-5" ino=16 scontext=u:r:untrusted_app_29:s0:c96,c256,c512,c768 tcontext=u:object_r:cache_file:s0 tclass=lnk_file permissive=0 app=com.tencent.tmgp.sgame
01-05 07:04:10.359 0 0 I auditd : type=1400 audit(0.0:8154): avc: denied { kill } for comm="swapper/2" capability=5 scontext=u:r:kernel:s0 tcontext=u:r:kernel:s0 tclass=capability permissive=0
01-05 07:04:14.359 1555 1555 I auditd : type=1400 audit(0.0:8155): avc: denied { kill } for comm="irq/394-atmel_m" capability=5 scontext=u:r:kernel:s0 tcontext=u:r:kernel:s0 tclass=capability permissive=0
01-05 07:04:15.359 0 0 I auditd : type=1400 audit(0.0:8156): avc: denied { kill } for comm="swapper/0" capability=5 scontext=u:r:kernel:s0 tcontext=u:r:kernel:s0 tclass=capability permissive=0
01-05 07:04:16.359 0 0 I auditd : type=1400 audit(0.0:8157): avc: denied { kill } for comm="swapper/0" capability=5 scontext=u:r:kernel:s0 tcontext=u:r:kernel:s0 tclass=capability permissive=0
01-05 07:04:17.359 0 0 I auditd : type=1400 audit(0.0:8158): avc: denied { kill } for comm="swapper/3" capability=5 scontext=u:r:kernel:s0 tcontext=u:r:kernel:s0 tclass=capability permissive=0
01-05 07:04:18.359 0 0 I auditd : type=1400 audit(0.0:8159): avc: denied { kill } for comm="swapper/3" capability=5 scontext=u:r:kernel:s0 tcontext=u:r:kernel:s0 tclass=capability permissive=0
01-05 07:04:19.359 0 0 I auditd : type=1400 audit(0.0:8160): avc: denied { kill } for comm="swapper/3" capability=5 scontext=u:r:kernel:s0 tcontext=u:r:kernel:s0 tclass=capability permissive=0
01-05 07:04:21.482 1490 8088 W ActivityManager: Unable to start service Intent { act=com.tencent.tpns.mqttchannel.FEEDBACK pkg=com.tencent.tmgp.sgame } U=0: not found
01-05 07:04:21.515 1490 1580 I am_pss : [8773,10096,com.tencent.tmgp.sgame,736994304,706490368,49152,884465664,0,2,44]
01-05 07:04:22.359 0 0 I auditd : type=1400 audit(0.0:8161): avc: denied { kill } for comm="swapper/2" capability=5 scontext=u:r:kernel:s0 tcontext=u:r:kernel:s0 tclass=capability permissive=0
01-05 07:04:23.359 0 0 I auditd : type=1400 audit(0.0:8162): avc: denied { kill } for comm="swapper/2" capability=5 scontext=u:r:kernel:s0 tcontext=u:r:kernel:s0 tclass=capability permissive=0
01-05 07:04:24.359 0 0 I auditd : type=1400 audit(0.0:8163): avc: denied { kill } for comm="swapper/2" capability=5 scontext=u:r:kernel:s0 tcontext=u:r:kernel:s0 tclass=capability permissive=0
01-05 07:04:25.359 0 0 I auditd : type=1400 audit(0.0:8164): avc: denied { kill } for comm="swapper/2" capability=5 scontext=u:r:kernel:s0 tcontext=u:r:kernel:s0 tclass=capability permissive=0
01-05 07:04:26.359 0 0 I auditd : type=1400 audit(0.0:8165): avc: denied { kill } for comm="swapper/2" capability=5 scontext=u:r:kernel:s0 tcontext=u:r:kernel:s0 tclass=capability permissive=0
01-05 07:04:28.359 8639 8639 I auditd : type=1400 audit(0.0:8166): avc: denied { kill } for comm="kworker/u17:2" capability=5 scontext=u:r:kernel:s0 tcontext=u:r:kernel:s0 tclass=capability permissive=0
01-05 07:04:29.359 0 0 I auditd : type=1400 audit(0.0:8167): avc: denied { kill } for comm="swapper/3" capability=5 scontext=u:r:kernel:s0 tcontext=u:r:kernel:s0 tclass=capability permissive=0
01-05 07:04:30.359 0 0 I auditd : type=1400 audit(0.0:8168): avc: denied { kill } for comm="swapper/3" capability=5 scontext=u:r:kernel:s0 tcontext=u:r:kernel:s0 tclass=capability permissive=0
01-05 07:04:32.355 0 0 I auditd : type=1400 audit(0.0:8169): avc: denied { kill } for comm="swapper/2" capability=5 scontext=u:r:kernel:s0 tcontext=u:r:kernel:s0 tclass=capability permissive=0
01-05 07:04:33.355 0 0 I auditd : type=1400 audit(0.0:8170): avc: denied { kill } for comm="swapper/2" capability=5 scontext=u:r:kernel:s0 tcontext=u:r:kernel:s0 tclass=capability permissive=0
01-05 07:04:34.359 0 0 I auditd : type=1400 audit(0.0:8171): avc: denied { kill } for comm="swapper/2" capability=5 scontext=u:r:kernel:s0 tcontext=u:r:kernel:s0 tclass=capability permissive=0
01-05 07:04:35.355 0 0 I auditd : type=1400 audit(0.0:8172): avc: denied { kill } for comm="swapper/2" capability=5 scontext=u:r:kernel:s0 tcontext=u:r:kernel:s0 tclass=capability permissive=0
01-05 07:04:38.355 0 0 I auditd : type=1400 audit(0.0:8173): avc: denied { kill } for comm="swapper/2" capability=5 scontext=u:r:kernel:s0 tcontext=u:r:kernel:s0 tclass=capability permissive=0
01-05 07:04:39.359 0 0 I auditd : type=1400 audit(0.0:8174): avc: denied { kill } for comm="swapper/2" capability=5 scontext=u:r:kernel:s0 tcontext=u:r:kernel:s0 tclass=capability permissive=0
01-05 07:04:42.359 0 0 I auditd : type=1400 audit(0.0:8175): avc: denied { kill } for comm="swapper/1" capability=5 scontext=u:r:kernel:s0 tcontext=u:r:kernel:s0 tclass=capability permissive=0
01-05 07:04:43.359 0 0 I auditd : type=1400 audit(0.0:8176): avc: denied { kill } for comm="swapper/1" capability=5 scontext=u:r:kernel:s0 tcontext=u:r:kernel:s0 tclass=capability permissive=0
01-05 07:04:44.359 0 0 I auditd : type=1400 audit(0.0:8177): avc: denied { kill } for comm="swapper/1" capability=5 scontext=u:r:kernel:s0 tcontext=u:r:kernel:s0 tclass=capability permissive=0
01-05 07:04:45.359 0 0 I auditd : type=1400 audit(0.0:8178): avc: denied { kill } for comm="swapper/1" capability=5 scontext=u:r:kernel:s0 tcontext=u:r:kernel:s0 tclass=capability permissive=0
01-05 07:04:47.359 8662 8662 I auditd : type=1400 audit(0.0:8179): avc: denied { kill } for comm="kworker/u16:11" capability=5 scontext=u:r:kernel:s0 tcontext=u:r:kernel:s0 tclass=capability permissive=0
01-05 07:04:48.359 0 0 I auditd : type=1400 audit(0.0:8180): avc: denied { kill } for comm="swapper/1" capability=5 scontext=u:r:kernel:s0 tcontext=u:r:kernel:s0 tclass=capability permissive=0
01-05 07:04:49.359 0 0 I auditd : type=1400 audit(0.0:8181): avc: denied { kill } for comm="swapper/1" capability=5 scontext=u:r:kernel:s0 tcontext=u:r:kernel:s0 tclass=capability permissive=0
01-05 07:04:50.359 0 0 I auditd : type=1400 audit(0.0:8182): avc: denied { kill } for comm="swapper/1" capability=5 scontext=u:r:kernel:s0 tcontext=u:r:kernel:s0 tclass=capability permissive=0
01-05 07:04:51.359 0 0 I auditd : type=1400 audit(0.0:8183): avc: denied { kill } for comm="swapper/1" capability=5 scontext=u:r:kernel:s0 tcontext=u:r:kernel:s0 tclass=capability permissive=0
01-05 07:04:52.359 0 0 I auditd : type=1400 audit(0.0:8184): avc: denied { kill } for comm="swapper/1" capability=5 scontext=u:r:kernel:s0 tcontext=u:r:kernel:s0 tclass=capability permissive=0
01-05 07:04:53.359 0 0 I auditd : type=1400 audit(0.0:8185): avc: denied { kill } for comm="swapper/1" capability=5 scontext=u:r:kernel:s0 tcontext=u:r:kernel:s0 tclass=capability permissive=0
01-05 07:04:54.203 1490 1741 I input_interaction: Interaction with: 1a8f44f com.android.systemui/com.android.systemui.usb.UsbDebuggingActivity (server), edge-swipe (server), swipe-up (server), PointerEventDispatcher0 (server),
01-05 07:04:54.350 1490 8088 I wm_finish_activity: [0,141265907,67,com.android.systemui/.usb.UsbDebuggingActivity,app-request]
01-05 07:04:54.350 1490 8088 I wm_task_moved: [66,1,8]
01-05 07:04:54.350 1490 8088 I wm_task_to_front: [0,66]
01-05 07:04:54.351 1490 1564 D AdbDebuggingManager: Logging key QAAAAG97JpZxvIK4efE+NkcibYsENv1AxVG7RRQH5Z9frNxNkoPFpKfjjSwJKUy7DkhDRdIrjvIkgAB2Z+1ObkoCdsjGjbXFFOtUvtK/aUBBUOvjzr2ROKhQipeWtk10CSKhUimdFU2hT0Rs0qwCdntCr3x5zJ4D5JSD6F1r6OUVgVb7bmEUeuoiN7mvj8t1vmU/tRQ7oz4IOVlp1oKMc+zob0xQ3VCKxFmqqSty3dqiV/LOxclbMZHcN0JpgoA5dBlSbr5sRxDNvUqtOMPUiY5SlFHUIvjEU6wYaGxsFCigO4a3KEnUVHwLek/I51oZuLLTEVxSkoClfe8stOhL29qUlncXKomlO5Xrd6KeSI8HacwG00YG89yDMyCsuH1xfPqhftaU+mjENo4dR0lk5OQa5B5djZS6jyWPNT1ALdwEBjZs3E1a/c4l+YcevTMwVH32ud9imhSmc0J+sq1CkmBn4ICCzb7TUKzPSPVJoDZkRlGOJQn603sSTSw91R76MlPLSxNMURaiKBGhIrQViJZge/2PSbLv/UVBmN7qjXa/88JhNrJ5mIWQEvbAu26cSbu6E2608g1IH4y3vMbJDQ4nIjgz1W9LXekLPuD3BdHUTzLDWLiOMXpM+K86701fRvWt5RWYynOwHXNPdQx/ArXANQhvVeKl52s5/tWusvFP1YON03wfHQEAAQA= thundersoft@DESKTOP-17ME0V2, state = 2, alwaysAllow = false, lastConnectionTime = 0, authWindow = 604800000
01-05 07:04:54.353 1490 2650 D AdbDebuggingManager: Received public key: QAAAAG97JpZxvIK4efE+NkcibYsENv1AxVG7RRQH5Z9frNxNkoPFpKfjjSwJKUy7DkhDRdIrjvIkgAB2Z+1ObkoCdsjGjbXFFOtUvtK/aUBBUOvjzr2ROKhQipeWtk10CSKhUimdFU2hT0Rs0qwCdntCr3x5zJ4D5JSD6F1r6OUVgVb7bmEUeuoiN7mvj8t1vmU/tRQ7oz4IOVlp1oKMc+zob0xQ3VCKxFmqqSty3dqiV/LOxclbMZHcN0JpgoA5dBlSbr5sRxDNvUqtOMPUiY5SlFHUIvjEU6wYaGxsFCigO4a3KEnUVHwLek/I51oZuLLTEVxSkoClfe8stOhL29qUlncXKomlO5Xrd6KeSI8HacwG00YG89yDMyCsuH1xfPqhftaU+mjENo4dR0lk5OQa5B5djZS6jyWPNT1ALdwEBjZs3E1a/c4l+YcevTMwVH32ud9imhSmc0J+sq1CkmBn4ICCzb7TUKzPSPVJoDZkRlGOJQn603sSTSw91R76MlPLSxNMURaiKBGhIrQViJZge/2PSbLv/UVBmN7qjXa/88JhNrJ5mIWQEvbAu26cSbu6E2608g1IH4y3vMbJDQ4nIjgz1W9LXekLPuD3BdHUTzLDWLiOMXpM+K86701fRvWt5RWYynOwHXNPdQx/ArXANQhvVeKl52s5/tWusvFP1YON03wfHQEAAQA= thundersoft@DESKTOP-17ME0V2
01-05 07:04:54.354 1490 1564 D AdbDebuggingManager: Logging key QAAAAG97JpZxvIK4efE+NkcibYsENv1AxVG7RRQH5Z9frNxNkoPFpKfjjSwJKUy7DkhDRdIrjvIkgAB2Z+1ObkoCdsjGjbXFFOtUvtK/aUBBUOvjzr2ROKhQipeWtk10CSKhUimdFU2hT0Rs0qwCdntCr3x5zJ4D5JSD6F1r6OUVgVb7bmEUeuoiN7mvj8t1vmU/tRQ7oz4IOVlp1oKMc+zob0xQ3VCKxFmqqSty3dqiV/LOxclbMZHcN0JpgoA5dBlSbr5sRxDNvUqtOMPUiY5SlFHUIvjEU6wYaGxsFCigO4a3KEnUVHwLek/I51oZuLLTEVxSkoClfe8stOhL29qUlncXKomlO5Xrd6KeSI8HacwG00YG89yDMyCsuH1xfPqhftaU+mjENo4dR0lk5OQa5B5djZS6jyWPNT1ALdwEBjZs3E1a/c4l+YcevTMwVH32ud9imhSmc0J+sq1CkmBn4ICCzb7TUKzPSPVJoDZkRlGOJQn603sSTSw91R76MlPLSxNMURaiKBGhIrQViJZge/2PSbLv/UVBmN7qjXa/88JhNrJ5mIWQEvbAu26cSbu6E2608g1IH4y3vMbJDQ4nIjgz1W9LXekLPuD3BdHUTzLDWLiOMXpM+K86701fRvWt5RWYynOwHXNPdQx/ArXANQhvVeKl52s5/tWusvFP1YON03wfHQEAAQA= thundersoft@DESKTOP-17ME0V2, state = 1, alwaysAllow = false, lastConnectionTime = 0, authWindow = 604800000
01-05 07:04:54.354 1490 8088 I wm_focused_root_task: [0,0,66,67,finish-top adjustFocusToNextFocusableTask]
01-05 07:04:54.358 1490 1564 I thunderperf: PlatormCompat.setOverrides: Uid1=1000 Pid1=1490 Uid2=1000 Pid2=1490
01-05 07:04:54.359 1490 1564 I thunderperf: PlatormCompat.setOverrides: needCheck:false
01-05 07:04:54.365 1490 8088 I wm_pause_activity: [0,141265907,com.android.systemui/.usb.UsbDebuggingActivity,userLeaving=false,finish]
01-05 07:04:54.370 1490 1569 I input_focus: [Focus request 8beefb7 com.tencent.tmgp.sgame/com.tencent.tmgp.sgame.SGameActivity,reason=UpdateInputWindows]
01-05 07:04:54.381 1991 1991 I wm_on_top_resumed_lost_called: [141265907,com.android.systemui.usb.UsbDebuggingActivity,topStateChangedWhenResumed]
01-05 07:04:54.385 1490 1564 I ActivityTaskManager: START u0 {flg=0x10000000 cmp=com.android.systemui/.usb.UsbDebuggingActivity (has extras)} from uid 1000
01-05 07:04:54.386 1991 1991 I wm_on_paused_called: [141265907,com.android.systemui.usb.UsbDebuggingActivity,performPause]
01-05 07:04:54.391 1490 1564 I wm_task_created: [68,-1]
01-05 07:04:54.391 1490 1564 W ActivityTaskManager: Can't find TaskDisplayArea to determine support for multi window. Task id=68 attached=false
01-05 07:04:54.391 1490 1741 I input_focus: [Focus leaving 1a8f44f com.android.systemui/com.android.systemui.usb.UsbDebuggingActivity (server),reason=NO_WINDOW]
01-05 07:04:54.391 1490 1741 I input_focus: [Focus entering 8beefb7 com.tencent.tmgp.sgame/com.tencent.tmgp.sgame.SGameActivity (server),reason=setFocusedWindow]
01-05 07:04:54.395 1490 1564 I wm_task_moved: [68,1,9]
01-05 07:04:54.395 1490 1564 I wm_task_to_front: [0,68]
01-05 07:04:54.395 1490 1564 I wm_create_task: [0,68]
01-05 07:04:54.395 1490 1564 I wm_create_activity: [0,39097521,68,com.android.systemui/.usb.UsbDebuggingActivity,NULL,NULL,NULL,276824064]
01-05 07:04:54.395 1490 1564 I wm_task_moved: [68,1,9]
01-05 07:04:54.396 1490 1564 I ActivityTaskManager: Add Task{faa866b #67 type=standard A=10081:com.android.systemui U=0 visible=false mode=fullscreen translucent=true sz=1} to hidden list because adding Task{5376d96 #68 type=standard A=10081:com.android.systemui U=0 visible=true mode=fullscreen translucent=true sz=1}
01-05 07:04:54.398 1490 2782 I wm_add_to_stopping: [0,141265907,com.android.systemui/.usb.UsbDebuggingActivity,completeFinishing]
01-05 07:04:54.399 1490 2782 I ActivityTaskManager: The Process com.android.systemui Already Exists in BG. So sending its PID: 1991
01-05 07:04:54.399 1490 2782 W ActivityTaskManager: Tried to set launchTime (0) < mLastActivityLaunchTime (9203629)
01-05 07:04:54.399 1490 2782 I wm_restart_activity: [0,39097521,68,com.android.systemui/.usb.UsbDebuggingActivity]
01-05 07:04:54.400 1490 2782 I wm_set_resumed_activity: [0,com.android.systemui/.usb.UsbDebuggingActivity,minimalResumeActivityLocked]
01-05 07:04:54.413 1991 1991 I wm_on_create_called: [39097521,com.android.systemui.usb.UsbDebuggingActivity,performCreate]
01-05 07:04:54.414 1991 1991 I wm_on_start_called: [39097521,com.android.systemui.usb.UsbDebuggingActivity,handleStartActivity]
01-05 07:04:54.414 1991 1991 I wm_on_resume_called: [39097521,com.android.systemui.usb.UsbDebuggingActivity,RESUME_ACTIVITY]
01-05 07:04:54.415 1490 1567 I sysui_multi_action: [757,803,799,window_time_0,802,51]
01-05 07:04:54.418 1991 1991 I wm_on_top_resumed_gained_called: [39097521,com.android.systemui.usb.UsbDebuggingActivity,topStateChangedWhenResumed]
01-05 07:04:54.422 1490 1569 I input_focus: [Focus request 35828e9 com.android.systemui/com.android.systemui.usb.UsbDebuggingActivity,reason=UpdateInputWindows]
01-05 07:04:54.422 1490 1580 I am_pss : [8788,10065,com.thundercomm.gamemode.provider,8503296,5816320,57344,89505792,0,19,5]
01-05 07:04:54.433 1490 1564 I wm_activity_launch_time: [0,39097521,com.android.systemui/.usb.UsbDebuggingActivity,48]
01-05 07:04:54.436 1490 1567 I wm_destroy_activity: [0,141265907,67,com.android.systemui/.usb.UsbDebuggingActivity,finish-imm:transit]
01-05 07:04:54.440 1490 1741 I input_focus: [Focus leaving 8beefb7 com.tencent.tmgp.sgame/com.tencent.tmgp.sgame.SGameActivity (server),reason=Waiting for window because NOT_VISIBLE]
01-05 07:04:54.441 1991 1991 I wm_on_stop_called: [141265907,com.android.systemui.usb.UsbDebuggingActivity,LIFECYCLER_STOP_ACTIVITY]
01-05 07:04:54.441 1991 1991 I wm_on_destroy_called: [141265907,com.android.systemui.usb.UsbDebuggingActivity,performDestroy]
01-05 07:04:54.457 1490 1741 I input_focus: [Focus entering 35828e9 com.android.systemui/com.android.systemui.usb.UsbDebuggingActivity (server),reason=Window became focusable. Previous reason: NOT_VISIBLE]
01-05 07:04:54.507 2382 3732 W ContextImpl: Calling a method in the system process without a qualified user: android.app.ContextImpl.startService:1816 android.content.ContextWrapper.startService:774 com.thundercomm.gamemode.ingame.services.GameModeActionUtils.startGameModeService:99 com.thundercomm.gamemode.ingame.services.GameModeActionUtils.startGameModeEntry:22 com.thundercomm.gamemode.ingame.services.ActivityMonitoringService$1.onActivityLaunch:129
01-05 07:04:54.509 1490 1490 I GameModeConfig: Current uri is uri = content://com.thundercomm.gamemode.api/gamemode_settings/gamemode_isgaming
01-05 07:04:54.511 1490 1490 I GameModeConfig: isGameModeOn = false
01-05 07:04:54.511 1490 1490 I GameModeConfig: isGameModeOn = false
01-05 07:04:54.511 1490 1490 I GameModeConfig: isDisableVoice = true
01-05 07:04:54.605 1490 1569 I wm_task_removed: [67,removeChild:removeChild last r=ActivityRecord{86b8bf3 u0 com.android.systemui/.usb.UsbDebuggingActivity t-1 f}} in t=Task{faa866b #67 type=standard A=10081:com.android.systemui U=0 visible=false mode=fullscreen translucent=true sz=0}]
01-05 07:04:54.605 1490 1569 I wm_task_removed: [67,removeChild]
01-05 07:04:54.606 1490 1569 W ActivityTaskManager: Can't find TaskDisplayArea to determine support for multi window. Task id=67 attached=false
01-05 07:04:54.606 1490 1569 W ActivityTaskManager: Can't find TaskDisplayArea to determine support for multi window. Task id=67 attached=false
01-05 07:04:55.054 1490 1741 I input_interaction: Interaction with: 35828e9 com.android.systemui/com.android.systemui.usb.UsbDebuggingActivity (server), edge-swipe (server), swipe-up (server), PointerEventDispatcher0 (server),
01-05 07:04:55.359 0 0 I auditd : type=1400 audit(0.0:8186): avc: denied { kill } for comm="swapper/1" capability=5 scontext=u:r:kernel:s0 tcontext=u:r:kernel:s0 tclass=capability permissive=0
01-05 07:04:55.500 1490 2782 I wm_finish_activity: [0,39097521,68,com.android.systemui/.usb.UsbDebuggingActivity,app-request]
01-05 07:04:55.500 1490 2782 I wm_task_moved: [66,1,8]
01-05 07:04:55.500 1490 1564 D AdbDebuggingManager: Logging key QAAAAG97JpZxvIK4efE+NkcibYsENv1AxVG7RRQH5Z9frNxNkoPFpKfjjSwJKUy7DkhDRdIrjvIkgAB2Z+1ObkoCdsjGjbXFFOtUvtK/aUBBUOvjzr2ROKhQipeWtk10CSKhUimdFU2hT0Rs0qwCdntCr3x5zJ4D5JSD6F1r6OUVgVb7bmEUeuoiN7mvj8t1vmU/tRQ7oz4IOVlp1oKMc+zob0xQ3VCKxFmqqSty3dqiV/LOxclbMZHcN0JpgoA5dBlSbr5sRxDNvUqtOMPUiY5SlFHUIvjEU6wYaGxsFCigO4a3KEnUVHwLek/I51oZuLLTEVxSkoClfe8stOhL29qUlncXKomlO5Xrd6KeSI8HacwG00YG89yDMyCsuH1xfPqhftaU+mjENo4dR0lk5OQa5B5djZS6jyWPNT1ALdwEBjZs3E1a/c4l+YcevTMwVH32ud9imhSmc0J+sq1CkmBn4ICCzb7TUKzPSPVJoDZkRlGOJQn603sSTSw91R76MlPLSxNMURaiKBGhIrQViJZge/2PSbLv/UVBmN7qjXa/88JhNrJ5mIWQEvbAu26cSbu6E2608g1IH4y3vMbJDQ4nIjgz1W9LXekLPuD3BdHUTzLDWLiOMXpM+K86701fRvWt5RWYynOwHXNPdQx/ArXANQhvVeKl52s5/tWusvFP1YON03wfHQEAAQA= thundersoft@DESKTOP-17ME0V2, state = 2, alwaysAllow = false, lastConnectionTime = 0, authWindow = 604800000
01-05 07:04:55.500 1490 2782 I wm_task_to_front: [0,66]
01-05 07:04:55.500 1490 2650 D AdbDebuggingManager: Received public key: QAAAAG97JpZxvIK4efE+NkcibYsENv1AxVG7RRQH5Z9frNxNkoPFpKfjjSwJKUy7DkhDRdIrjvIkgAB2Z+1ObkoCdsjGjbXFFOtUvtK/aUBBUOvjzr2ROKhQipeWtk10CSKhUimdFU2hT0Rs0qwCdntCr3x5zJ4D5JSD6F1r6OUVgVb7bmEUeuoiN7mvj8t1vmU/tRQ7oz4IOVlp1oKMc+zob0xQ3VCKxFmqqSty3dqiV/LOxclbMZHcN0JpgoA5dBlSbr5sRxDNvUqtOMPUiY5SlFHUIvjEU6wYaGxsFCigO4a3KEnUVHwLek/I51oZuLLTEVxSkoClfe8stOhL29qUlncXKomlO5Xrd6KeSI8HacwG00YG89yDMyCsuH1xfPqhftaU+mjENo4dR0lk5OQa5B5djZS6jyWPNT1ALdwEBjZs3E1a/c4l+YcevTMwVH32ud9imhSmc0J+sq1CkmBn4ICCzb7TUKzPSPVJoDZkRlGOJQn603sSTSw91R76MlPLSxNMURaiKBGhIrQViJZge/2PSbLv/UVBmN7qjXa/88JhNrJ5mIWQEvbAu26cSbu6E2608g1IH4y3vMbJDQ4nIjgz1W9LXekLPuD3BdHUTzLDWLiOMXpM+K86701fRvWt5RWYynOwHXNPdQx/ArXANQhvVeKl52s5/tWusvFP1YON03wfHQEAAQA= thundersoft@DESKTOP-17ME0V2
01-05 07:04:55.500 1490 1564 D AdbDebuggingManager: Logging key QAAAAG97JpZxvIK4efE+NkcibYsENv1AxVG7RRQH5Z9frNxNkoPFpKfjjSwJKUy7DkhDRdIrjvIkgAB2Z+1ObkoCdsjGjbXFFOtUvtK/aUBBUOvjzr2ROKhQipeWtk10CSKhUimdFU2hT0Rs0qwCdntCr3x5zJ4D5JSD6F1r6OUVgVb7bmEUeuoiN7mvj8t1vmU/tRQ7oz4IOVlp1oKMc+zob0xQ3VCKxFmqqSty3dqiV/LOxclbMZHcN0JpgoA5dBlSbr5sRxDNvUqtOMPUiY5SlFHUIvjEU6wYaGxsFCigO4a3KEnUVHwLek/I51oZuLLTEVxSkoClfe8stOhL29qUlncXKomlO5Xrd6KeSI8HacwG00YG89yDMyCsuH1xfPqhftaU+mjENo4dR0lk5OQa5B5djZS6jyWPNT1ALdwEBjZs3E1a/c4l+YcevTMwVH32ud9imhSmc0J+sq1CkmBn4ICCzb7TUKzPSPVJoDZkRlGOJQn603sSTSw91R76MlPLSxNMURaiKBGhIrQViJZge/2PSbLv/UVBmN7qjXa/88JhNrJ5mIWQEvbAu26cSbu6E2608g1IH4y3vMbJDQ4nIjgz1W9LXekLPuD3BdHUTzLDWLiOMXpM+K86701fRvWt5RWYynOwHXNPdQx/ArXANQhvVeKl52s5/tWusvFP1YON03wfHQEAAQA= thundersoft@DESKTOP-17ME0V2, state = 1, alwaysAllow = false, lastConnectionTime = 0, authWindow = 604800000
01-05 07:04:55.500 1490 2782 I wm_focused_root_task: [0,0,66,68,finish-top adjustFocusToNextFocusableTask]
01-05 07:04:55.501 1490 1564 I thunderperf: PlatormCompat.setOverrides: Uid1=1000 Pid1=1490 Uid2=1000 Pid2=1490
01-05 07:04:55.501 1490 1564 I thunderperf: PlatormCompat.setOverrides: needCheck:false
01-05 07:04:55.504 1490 2782 I wm_pause_activity: [0,39097521,com.android.systemui/.usb.UsbDebuggingActivity,userLeaving=false,finish]
01-05 07:04:55.505 1490 1569 I input_focus: [Focus request 8beefb7 com.tencent.tmgp.sgame/com.tencent.tmgp.sgame.SGameActivity,reason=UpdateInputWindows]
01-05 07:04:55.509 1490 1564 I ActivityTaskManager: START u0 {flg=0x10000000 cmp=com.android.systemui/.usb.UsbDebuggingActivity (has extras)} from uid 1000
01-05 07:04:55.510 1490 1741 I input_focus: [Focus leaving 35828e9 com.android.systemui/com.android.systemui.usb.UsbDebuggingActivity (server),reason=NO_WINDOW]
01-05 07:04:55.510 1490 1741 I input_focus: [Focus entering 8beefb7 com.tencent.tmgp.sgame/com.tencent.tmgp.sgame.SGameActivity (server),reason=setFocusedWindow]
01-05 07:04:55.510 1490 1564 I wm_task_created: [69,-1]
01-05 07:04:55.510 1490 1564 W ActivityTaskManager: Can't find TaskDisplayArea to determine support for multi window. Task id=69 attached=false
01-05 07:04:55.512 1991 1991 I wm_on_top_resumed_lost_called: [39097521,com.android.systemui.usb.UsbDebuggingActivity,topStateChangedWhenResumed]
01-05 07:04:55.514 1490 1564 I wm_task_moved: [69,1,9]
01-05 07:04:55.514 1490 1564 I wm_task_to_front: [0,69]
01-05 07:04:55.514 1490 1564 I wm_create_task: [0,69]
01-05 07:04:55.514 1490 1564 I wm_create_activity: [0,117560760,69,com.android.systemui/.usb.UsbDebuggingActivity,NULL,NULL,NULL,276824064]
01-05 07:04:55.514 1490 1564 I wm_task_moved: [69,1,9]
01-05 07:04:55.515 1490 1564 I ActivityTaskManager: Add Task{5376d96 #68 type=standard A=10081:com.android.systemui U=0 visible=false mode=fullscreen translucent=true sz=1} to hidden list because adding Task{f363f91 #69 type=standard A=10081:com.android.systemui U=0 visible=true mode=fullscreen translucent=true sz=1}
01-05 07:04:55.518 1991 1991 I wm_on_paused_called: [39097521,com.android.systemui.usb.UsbDebuggingActivity,performPause]
01-05 07:04:55.518 1490 1898 I wm_add_to_stopping: [0,39097521,com.android.systemui/.usb.UsbDebuggingActivity,completeFinishing]
01-05 07:04:55.519 1490 1898 I ActivityTaskManager: The Process com.android.systemui Already Exists in BG. So sending its PID: 1991
01-05 07:04:55.519 1490 1898 W ActivityTaskManager: Tried to set launchTime (0) < mLastActivityLaunchTime (9254475)
01-05 07:04:55.520 1490 1898 I wm_restart_activity: [0,117560760,69,com.android.systemui/.usb.UsbDebuggingActivity]
01-05 07:04:55.521 1490 1898 I wm_set_resumed_activity: [0,com.android.systemui/.usb.UsbDebuggingActivity,minimalResumeActivityLocked]
01-05 07:04:55.535 1991 1991 I wm_on_create_called: [117560760,com.android.systemui.usb.UsbDebuggingActivity,performCreate]
01-05 07:04:55.536 1991 1991 I wm_on_start_called: [117560760,com.android.systemui.usb.UsbDebuggingActivity,handleStartActivity]
01-05 07:04:55.536 1991 1991 I wm_on_resume_called: [117560760,com.android.systemui.usb.UsbDebuggingActivity,RESUME_ACTIVITY]
01-05 07:04:55.538 1991 1991 I wm_on_top_resumed_gained_called: [117560760,com.android.systemui.usb.UsbDebuggingActivity,topStateChangedWhenResumed]
01-05 07:04:55.538 1490 1567 I sysui_multi_action: [757,803,799,window_time_0,802,1]
01-05 07:04:55.544 1490 1569 I input_focus: [Focus request dee43cd com.android.systemui/com.android.systemui.usb.UsbDebuggingActivity,reason=UpdateInputWindows]
01-05 07:04:55.550 1490 1564 I wm_activity_launch_time: [0,117560760,com.android.systemui/.usb.UsbDebuggingActivity,43]
01-05 07:04:55.553 1490 1567 I wm_destroy_activity: [0,39097521,68,com.android.systemui/.usb.UsbDebuggingActivity,finish-imm:transit]
