01-05 07:04:55.559 1490 1741 I input_focus: [Focus leaving 8beefb7 com.tencent.tmgp.sgame/com.tencent.tmgp.sgame.SGameActivity (server),reason=Waiting for window because NOT_VISIBLE]
01-05 07:04:55.562 1991 1991 I wm_on_stop_called: [39097521,com.android.systemui.usb.UsbDebuggingActivity,LIFECYCLER_STOP_ACTIVITY]
01-05 07:04:55.562 1991 1991 I wm_on_destroy_called: [39097521,com.android.systemui.usb.UsbDebuggingActivity,performDestroy]
01-05 07:04:55.575 1490 1741 I input_focus: [Focus entering dee43cd com.android.systemui/com.android.systemui.usb.UsbDebuggingActivity (server),reason=Window became focusable. Previous reason: NOT_VISIBLE]
01-05 07:04:55.627 2382 3732 W ContextImpl: Calling a method in the system process without a qualified user: android.app.ContextImpl.startService:1816 android.content.ContextWrapper.startService:774 com.thundercomm.gamemode.ingame.services.GameModeActionUtils.startGameModeService:99 com.thundercomm.gamemode.ingame.services.GameModeActionUtils.startGameModeEntry:22 com.thundercomm.gamemode.ingame.services.ActivityMonitoringService$1.onActivityLaunch:129
01-05 07:04:55.629 1490 1490 I GameModeConfig: Current uri is uri = content://com.thundercomm.gamemode.api/gamemode_settings/gamemode_isgaming
01-05 07:04:55.629 1490 1490 I GameModeConfig: isGameModeOn = false
01-05 07:04:55.630 1490 1490 I GameModeConfig: isGameModeOn = false
01-05 07:04:55.630 1490 1490 I GameModeConfig: isDisableVoice = true
01-05 07:04:55.725 1490 1569 I wm_task_removed: [68,removeChild:removeChild last r=ActivityRecord{25494b1 u0 com.android.systemui/.usb.UsbDebuggingActivity t-1 f}} in t=Task{5376d96 #68 type=standard A=10081:com.android.systemui U=0 visible=false mode=fullscreen translucent=true sz=0}]
01-05 07:04:55.725 1490 1569 I wm_task_removed: [68,removeChild]
01-05 07:04:55.726 1490 1569 W ActivityTaskManager: Can't find TaskDisplayArea to determine support for multi window. Task id=68 attached=false
01-05 07:04:55.726 1490 1569 W ActivityTaskManager: Can't find TaskDisplayArea to determine support for multi window. Task id=68 attached=false
01-05 07:04:55.825 1490 1741 I input_interaction: Interaction with: dee43cd com.android.systemui/com.android.systemui.usb.UsbDebuggingActivity (server), edge-swipe (server), swipe-up (server), PointerEventDispatcher0 (server),
01-05 07:04:55.977 1490 2026 I wm_finish_activity: [0,117560760,69,com.android.systemui/.usb.UsbDebuggingActivity,app-request]
01-05 07:04:55.977 1490 2026 I wm_task_moved: [66,1,8]
01-05 07:04:55.977 1490 1564 D AdbDebuggingManager: Logging key QAAAAG97JpZxvIK4efE+NkcibYsENv1AxVG7RRQH5Z9frNxNkoPFpKfjjSwJKUy7DkhDRdIrjvIkgAB2Z+1ObkoCdsjGjbXFFOtUvtK/aUBBUOvjzr2ROKhQipeWtk10CSKhUimdFU2hT0Rs0qwCdntCr3x5zJ4D5JSD6F1r6OUVgVb7bmEUeuoiN7mvj8t1vmU/tRQ7oz4IOVlp1oKMc+zob0xQ3VCKxFmqqSty3dqiV/LOxclbMZHcN0JpgoA5dBlSbr5sRxDNvUqtOMPUiY5SlFHUIvjEU6wYaGxsFCigO4a3KEnUVHwLek/I51oZuLLTEVxSkoClfe8stOhL29qUlncXKomlO5Xrd6KeSI8HacwG00YG89yDMyCsuH1xfPqhftaU+mjENo4dR0lk5OQa5B5djZS6jyWPNT1ALdwEBjZs3E1a/c4l+YcevTMwVH32ud9imhSmc0J+sq1CkmBn4ICCzb7TUKzPSPVJoDZkRlGOJQn603sSTSw91R76MlPLSxNMURaiKBGhIrQViJZge/2PSbLv/UVBmN7qjXa/88JhNrJ5mIWQEvbAu26cSbu6E2608g1IH4y3vMbJDQ4nIjgz1W9LXekLPuD3BdHUTzLDWLiOMXpM+K86701fRvWt5RWYynOwHXNPdQx/ArXANQhvVeKl52s5/tWusvFP1YON03wfHQEAAQA= thundersoft@DESKTOP-17ME0V2, state = 2, alwaysAllow = false, lastConnectionTime = 0, authWindow = 604800000
01-05 07:04:55.977 1490 2026 I wm_task_to_front: [0,66]
01-05 07:04:55.977 1490 2650 D AdbDebuggingManager: Received public key: QAAAAG97JpZxvIK4efE+NkcibYsENv1AxVG7RRQH5Z9frNxNkoPFpKfjjSwJKUy7DkhDRdIrjvIkgAB2Z+1ObkoCdsjGjbXFFOtUvtK/aUBBUOvjzr2ROKhQipeWtk10CSKhUimdFU2hT0Rs0qwCdntCr3x5zJ4D5JSD6F1r6OUVgVb7bmEUeuoiN7mvj8t1vmU/tRQ7oz4IOVlp1oKMc+zob0xQ3VCKxFmqqSty3dqiV/LOxclbMZHcN0JpgoA5dBlSbr5sRxDNvUqtOMPUiY5SlFHUIvjEU6wYaGxsFCigO4a3KEnUVHwLek/I51oZuLLTEVxSkoClfe8stOhL29qUlncXKomlO5Xrd6KeSI8HacwG00YG89yDMyCsuH1xfPqhftaU+mjENo4dR0lk5OQa5B5djZS6jyWPNT1ALdwEBjZs3E1a/c4l+YcevTMwVH32ud9imhSmc0J+sq1CkmBn4ICCzb7TUKzPSPVJoDZkRlGOJQn603sSTSw91R76MlPLSxNMURaiKBGhIrQViJZge/2PSbLv/UVBmN7qjXa/88JhNrJ5mIWQEvbAu26cSbu6E2608g1IH4y3vMbJDQ4nIjgz1W9LXekLPuD3BdHUTzLDWLiOMXpM+K86701fRvWt5RWYynOwHXNPdQx/ArXANQhvVeKl52s5/tWusvFP1YON03wfHQEAAQA= thundersoft@DESKTOP-17ME0V2
01-05 07:04:55.978 1490 1564 D AdbDebuggingManager: Logging key QAAAAG97JpZxvIK4efE+NkcibYsENv1AxVG7RRQH5Z9frNxNkoPFpKfjjSwJKUy7DkhDRdIrjvIkgAB2Z+1ObkoCdsjGjbXFFOtUvtK/aUBBUOvjzr2ROKhQipeWtk10CSKhUimdFU2hT0Rs0qwCdntCr3x5zJ4D5JSD6F1r6OUVgVb7bmEUeuoiN7mvj8t1vmU/tRQ7oz4IOVlp1oKMc+zob0xQ3VCKxFmqqSty3dqiV/LOxclbMZHcN0JpgoA5dBlSbr5sRxDNvUqtOMPUiY5SlFHUIvjEU6wYaGxsFCigO4a3KEnUVHwLek/I51oZuLLTEVxSkoClfe8stOhL29qUlncXKomlO5Xrd6KeSI8HacwG00YG89yDMyCsuH1xfPqhftaU+mjENo4dR0lk5OQa5B5djZS6jyWPNT1ALdwEBjZs3E1a/c4l+YcevTMwVH32ud9imhSmc0J+sq1CkmBn4ICCzb7TUKzPSPVJoDZkRlGOJQn603sSTSw91R76MlPLSxNMURaiKBGhIrQViJZge/2PSbLv/UVBmN7qjXa/88JhNrJ5mIWQEvbAu26cSbu6E2608g1IH4y3vMbJDQ4nIjgz1W9LXekLPuD3BdHUTzLDWLiOMXpM+K86701fRvWt5RWYynOwHXNPdQx/ArXANQhvVeKl52s5/tWusvFP1YON03wfHQEAAQA= thundersoft@DESKTOP-17ME0V2, state = 1, alwaysAllow = false, lastConnectionTime = 0, authWindow = 604800000
01-05 07:04:55.978 1490 2026 I wm_focused_root_task: [0,0,66,69,finish-top adjustFocusToNextFocusableTask]
01-05 07:04:55.979 1490 1564 I thunderperf: PlatormCompat.setOverrides: Uid1=1000 Pid1=1490 Uid2=1000 Pid2=1490
01-05 07:04:55.979 1490 1564 I thunderperf: PlatormCompat.setOverrides: needCheck:false
01-05 07:04:55.984 1490 2026 I wm_pause_activity: [0,117560760,com.android.systemui/.usb.UsbDebuggingActivity,userLeaving=false,finish]
01-05 07:04:55.985 1490 1569 I input_focus: [Focus request 8beefb7 com.tencent.tmgp.sgame/com.tencent.tmgp.sgame.SGameActivity,reason=UpdateInputWindows]
01-05 07:04:55.986 1490 1564 I ActivityTaskManager: START u0 {flg=0x10000000 cmp=com.android.systemui/.usb.UsbDebuggingActivity (has extras)} from uid 1000
01-05 07:04:55.987 1490 1564 I wm_task_created: [70,-1]
01-05 07:04:55.987 1490 1564 W ActivityTaskManager: Can't find TaskDisplayArea to determine support for multi window. Task id=70 attached=false
01-05 07:04:55.990 1490 1564 I wm_task_moved: [70,1,9]
01-05 07:04:55.990 1490 1564 I wm_task_to_front: [0,70]
01-05 07:04:55.990 1490 1564 I wm_create_task: [0,70]
01-05 07:04:55.990 1490 1564 I wm_create_activity: [0,266936190,70,com.android.systemui/.usb.UsbDebuggingActivity,NULL,NULL,NULL,276824064]
01-05 07:04:55.990 1490 1564 I wm_task_moved: [70,1,9]
01-05 07:04:55.991 1490 1564 I ActivityTaskManager: Add Task{f363f91 #69 type=standard A=10081:com.android.systemui U=0 visible=false mode=fullscreen translucent=true sz=1} to hidden list because adding Task{74efcdf #70 type=standard A=10081:com.android.systemui U=0 visible=true mode=fullscreen translucent=true sz=1}
01-05 07:04:55.994 1490 1741 I input_focus: [Focus leaving dee43cd com.android.systemui/com.android.systemui.usb.UsbDebuggingActivity (server),reason=NO_WINDOW]
01-05 07:04:55.994 1490 1741 I input_focus: [Focus entering 8beefb7 com.tencent.tmgp.sgame/com.tencent.tmgp.sgame.SGameActivity (server),reason=setFocusedWindow]
01-05 07:04:55.995 1991 1991 I wm_on_top_resumed_lost_called: [117560760,com.android.systemui.usb.UsbDebuggingActivity,topStateChangedWhenResumed]
01-05 07:04:55.997 1991 1991 I wm_on_paused_called: [117560760,com.android.systemui.usb.UsbDebuggingActivity,performPause]
01-05 07:04:55.997 1490 8088 I wm_add_to_stopping: [0,117560760,com.android.systemui/.usb.UsbDebuggingActivity,completeFinishing]
01-05 07:04:55.998 1490 8088 I ActivityTaskManager: The Process com.android.systemui Already Exists in BG. So sending its PID: 1991
01-05 07:04:55.998 1490 8088 W ActivityTaskManager: Tried to set launchTime (0) < mLastActivityLaunchTime (9255596)
01-05 07:04:55.998 1490 8088 I wm_restart_activity: [0,266936190,70,com.android.systemui/.usb.UsbDebuggingActivity]
01-05 07:04:55.999 1490 8088 I wm_set_resumed_activity: [0,com.android.systemui/.usb.UsbDebuggingActivity,minimalResumeActivityLocked]
01-05 07:04:56.004 1490 1567 I sysui_multi_action: [757,803,799,window_time_0,802,1]
01-05 07:04:56.018 1991 1991 I wm_on_create_called: [266936190,com.android.systemui.usb.UsbDebuggingActivity,performCreate]
01-05 07:04:56.018 1991 1991 I wm_on_start_called: [266936190,com.android.systemui.usb.UsbDebuggingActivity,handleStartActivity]
01-05 07:04:56.018 1991 1991 I wm_on_resume_called: [266936190,com.android.systemui.usb.UsbDebuggingActivity,RESUME_ACTIVITY]
01-05 07:04:56.020 1991 1991 I wm_on_top_resumed_gained_called: [266936190,com.android.systemui.usb.UsbDebuggingActivity,topStateChangedWhenResumed]
01-05 07:04:56.028 1490 1569 I input_focus: [Focus request fda9018 com.android.systemui/com.android.systemui.usb.UsbDebuggingActivity,reason=UpdateInputWindows]
01-05 07:04:56.034 1490 1564 I wm_activity_launch_time: [0,266936190,com.android.systemui/.usb.UsbDebuggingActivity,48]
01-05 07:04:56.037 1490 1567 I wm_destroy_activity: [0,117560760,69,com.android.systemui/.usb.UsbDebuggingActivity,finish-imm:transit]
01-05 07:04:56.044 1490 1741 I input_focus: [Focus leaving 8beefb7 com.tencent.tmgp.sgame/com.tencent.tmgp.sgame.SGameActivity (server),reason=Waiting for window because NOT_VISIBLE]
01-05 07:04:56.045 1991 1991 I wm_on_stop_called: [117560760,com.android.systemui.usb.UsbDebuggingActivity,LIFECYCLER_STOP_ACTIVITY]
01-05 07:04:56.045 1991 1991 I wm_on_destroy_called: [117560760,com.android.systemui.usb.UsbDebuggingActivity,performDestroy]
01-05 07:04:56.059 1490 1741 I input_focus: [Focus entering fda9018 com.android.systemui/com.android.systemui.usb.UsbDebuggingActivity (server),reason=Window became focusable. Previous reason: NOT_VISIBLE]
01-05 07:04:56.105 2382 3732 W ContextImpl: Calling a method in the system process without a qualified user: android.app.ContextImpl.startService:1816 android.content.ContextWrapper.startService:774 com.thundercomm.gamemode.ingame.services.GameModeActionUtils.startGameModeService:99 com.thundercomm.gamemode.ingame.services.GameModeActionUtils.startGameModeEntry:22 com.thundercomm.gamemode.ingame.services.ActivityMonitoringService$1.onActivityLaunch:129
01-05 07:04:56.107 1490 1490 I GameModeConfig: Current uri is uri = content://com.thundercomm.gamemode.api/gamemode_settings/gamemode_isgaming
01-05 07:04:56.107 1490 1490 I GameModeConfig: isGameModeOn = false
01-05 07:04:56.107 1490 1490 I GameModeConfig: isGameModeOn = false
01-05 07:04:56.107 1490 1490 I GameModeConfig: isDisableVoice = true
01-05 07:04:56.114 1490 1741 I input_interaction: Interaction with: fda9018 com.android.systemui/com.android.systemui.usb.UsbDebuggingActivity (server), edge-swipe (server), swipe-up (server), PointerEventDispatcher0 (server),
01-05 07:04:56.209 1490 1569 I wm_task_removed: [69,removeChild:removeChild last r=ActivityRecord{701d5b8 u0 com.android.systemui/.usb.UsbDebuggingActivity t-1 f}} in t=Task{f363f91 #69 type=standard A=10081:com.android.systemui U=0 visible=false mode=fullscreen translucent=true sz=0}]
01-05 07:04:56.209 1490 1569 I wm_task_removed: [69,removeChild]
01-05 07:04:56.210 1490 1569 W ActivityTaskManager: Can't find TaskDisplayArea to determine support for multi window. Task id=69 attached=false
01-05 07:04:56.210 1490 1569 W ActivityTaskManager: Can't find TaskDisplayArea to determine support for multi window. Task id=69 attached=false
01-05 07:04:56.232 1490 2113 I wm_finish_activity: [0,266936190,70,com.android.systemui/.usb.UsbDebuggingActivity,app-request]
01-05 07:04:56.232 1490 1564 D AdbDebuggingManager: Logging key QAAAAG97JpZxvIK4efE+NkcibYsENv1AxVG7RRQH5Z9frNxNkoPFpKfjjSwJKUy7DkhDRdIrjvIkgAB2Z+1ObkoCdsjGjbXFFOtUvtK/aUBBUOvjzr2ROKhQipeWtk10CSKhUimdFU2hT0Rs0qwCdntCr3x5zJ4D5JSD6F1r6OUVgVb7bmEUeuoiN7mvj8t1vmU/tRQ7oz4IOVlp1oKMc+zob0xQ3VCKxFmqqSty3dqiV/LOxclbMZHcN0JpgoA5dBlSbr5sRxDNvUqtOMPUiY5SlFHUIvjEU6wYaGxsFCigO4a3KEnUVHwLek/I51oZuLLTEVxSkoClfe8stOhL29qUlncXKomlO5Xrd6KeSI8HacwG00YG89yDMyCsuH1xfPqhftaU+mjENo4dR0lk5OQa5B5djZS6jyWPNT1ALdwEBjZs3E1a/c4l+YcevTMwVH32ud9imhSmc0J+sq1CkmBn4ICCzb7TUKzPSPVJoDZkRlGOJQn603sSTSw91R76MlPLSxNMURaiKBGhIrQViJZge/2PSbLv/UVBmN7qjXa/88JhNrJ5mIWQEvbAu26cSbu6E2608g1IH4y3vMbJDQ4nIjgz1W9LXekLPuD3BdHUTzLDWLiOMXpM+K86701fRvWt5RWYynOwHXNPdQx/ArXANQhvVeKl52s5/tWusvFP1YON03wfHQEAAQA= thundersoft@DESKTOP-17ME0V2, state = 2, alwaysAllow = false, lastConnectionTime = 0, authWindow = 604800000
01-05 07:04:56.232 1490 2650 D AdbDebuggingManager: Received public key: QAAAAG97JpZxvIK4efE+NkcibYsENv1AxVG7RRQH5Z9frNxNkoPFpKfjjSwJKUy7DkhDRdIrjvIkgAB2Z+1ObkoCdsjGjbXFFOtUvtK/aUBBUOvjzr2ROKhQipeWtk10CSKhUimdFU2hT0Rs0qwCdntCr3x5zJ4D5JSD6F1r6OUVgVb7bmEUeuoiN7mvj8t1vmU/tRQ7oz4IOVlp1oKMc+zob0xQ3VCKxFmqqSty3dqiV/LOxclbMZHcN0JpgoA5dBlSbr5sRxDNvUqtOMPUiY5SlFHUIvjEU6wYaGxsFCigO4a3KEnUVHwLek/I51oZuLLTEVxSkoClfe8stOhL29qUlncXKomlO5Xrd6KeSI8HacwG00YG89yDMyCsuH1xfPqhftaU+mjENo4dR0lk5OQa5B5djZS6jyWPNT1ALdwEBjZs3E1a/c4l+YcevTMwVH32ud9imhSmc0J+sq1CkmBn4ICCzb7TUKzPSPVJoDZkRlGOJQn603sSTSw91R76MlPLSxNMURaiKBGhIrQViJZge/2PSbLv/UVBmN7qjXa/88JhNrJ5mIWQEvbAu26cSbu6E2608g1IH4y3vMbJDQ4nIjgz1W9LXekLPuD3BdHUTzLDWLiOMXpM+K86701fRvWt5RWYynOwHXNPdQx/ArXANQhvVeKl52s5/tWusvFP1YON03wfHQEAAQA= thundersoft@DESKTOP-17ME0V2
01-05 07:04:56.232 1490 2113 I wm_task_moved: [66,1,8]
01-05 07:04:56.232 1490 1564 D AdbDebuggingManager: Logging key QAAAAG97JpZxvIK4efE+NkcibYsENv1AxVG7RRQH5Z9frNxNkoPFpKfjjSwJKUy7DkhDRdIrjvIkgAB2Z+1ObkoCdsjGjbXFFOtUvtK/aUBBUOvjzr2ROKhQipeWtk10CSKhUimdFU2hT0Rs0qwCdntCr3x5zJ4D5JSD6F1r6OUVgVb7bmEUeuoiN7mvj8t1vmU/tRQ7oz4IOVlp1oKMc+zob0xQ3VCKxFmqqSty3dqiV/LOxclbMZHcN0JpgoA5dBlSbr5sRxDNvUqtOMPUiY5SlFHUIvjEU6wYaGxsFCigO4a3KEnUVHwLek/I51oZuLLTEVxSkoClfe8stOhL29qUlncXKomlO5Xrd6KeSI8HacwG00YG89yDMyCsuH1xfPqhftaU+mjENo4dR0lk5OQa5B5djZS6jyWPNT1ALdwEBjZs3E1a/c4l+YcevTMwVH32ud9imhSmc0J+sq1CkmBn4ICCzb7TUKzPSPVJoDZkRlGOJQn603sSTSw91R76MlPLSxNMURaiKBGhIrQViJZge/2PSbLv/UVBmN7qjXa/88JhNrJ5mIWQEvbAu26cSbu6E2608g1IH4y3vMbJDQ4nIjgz1W9LXekLPuD3BdHUTzLDWLiOMXpM+K86701fRvWt5RWYynOwHXNPdQx/ArXANQhvVeKl52s5/tWusvFP1YON03wfHQEAAQA= thundersoft@DESKTOP-17ME0V2, state = 1, alwaysAllow = false, lastConnectionTime = 0, authWindow = 604800000
01-05 07:04:56.232 1490 2113 I wm_task_to_front: [0,66]
01-05 07:04:56.233 1490 2113 I wm_focused_root_task: [0,0,66,70,finish-top adjustFocusToNextFocusableTask]
01-05 07:04:56.233 1490 1564 I thunderperf: PlatormCompat.setOverrides: Uid1=1000 Pid1=1490 Uid2=1000 Pid2=1490
01-05 07:04:56.233 1490 1564 I thunderperf: PlatormCompat.setOverrides: needCheck:false
01-05 07:04:56.237 1490 2113 I wm_pause_activity: [0,266936190,com.android.systemui/.usb.UsbDebuggingActivity,userLeaving=false,finish]
01-05 07:04:56.238 1490 1569 I input_focus: [Focus request 8beefb7 com.tencent.tmgp.sgame/com.tencent.tmgp.sgame.SGameActivity,reason=UpdateInputWindows]
01-05 07:04:56.241 1490 1564 I ActivityTaskManager: START u0 {flg=0x10000000 cmp=com.android.systemui/.usb.UsbDebuggingActivity (has extras)} from uid 1000
01-05 07:04:56.243 1490 1564 I wm_task_created: [71,-1]
01-05 07:04:56.243 1490 1564 W ActivityTaskManager: Can't find TaskDisplayArea to determine support for multi window. Task id=71 attached=false
01-05 07:04:56.245 1490 1741 I input_focus: [Focus leaving fda9018 com.android.systemui/com.android.systemui.usb.UsbDebuggingActivity (server),reason=NO_WINDOW]
01-05 07:04:56.245 1490 1741 I input_focus: [Focus entering 8beefb7 com.tencent.tmgp.sgame/com.tencent.tmgp.sgame.SGameActivity (server),reason=setFocusedWindow]
01-05 07:04:56.245 1991 1991 I wm_on_top_resumed_lost_called: [266936190,com.android.systemui.usb.UsbDebuggingActivity,topStateChangedWhenResumed]
01-05 07:04:56.251 1490 1564 I wm_task_moved: [71,1,9]
01-05 07:04:56.251 1490 1564 I wm_task_to_front: [0,71]
01-05 07:04:56.251 1490 1564 I wm_create_task: [0,71]
01-05 07:04:56.251 1490 1564 I wm_create_activity: [0,17496052,71,com.android.systemui/.usb.UsbDebuggingActivity,NULL,NULL,NULL,276824064]
01-05 07:04:56.251 1490 1564 I wm_task_moved: [71,1,9]
01-05 07:04:56.253 1490 1564 I ActivityTaskManager: Add Task{74efcdf #70 type=standard A=10081:com.android.systemui U=0 visible=false mode=fullscreen translucent=true sz=1} to hidden list because adding Task{3f01b1d #71 type=standard A=10081:com.android.systemui U=0 visible=true mode=fullscreen translucent=true sz=1}
01-05 07:04:56.255 1991 1991 I wm_on_paused_called: [266936190,com.android.systemui.usb.UsbDebuggingActivity,performPause]
01-05 07:04:56.255 1490 1898 I wm_add_to_stopping: [0,266936190,com.android.systemui/.usb.UsbDebuggingActivity,completeFinishing]
01-05 07:04:56.256 1490 1898 I ActivityTaskManager: The Process com.android.systemui Already Exists in BG. So sending its PID: 1991
01-05 07:04:56.257 1490 1898 W ActivityTaskManager: Tried to set launchTime (0) < mLastActivityLaunchTime (9256074)
01-05 07:04:56.257 1490 1898 I wm_restart_activity: [0,17496052,71,com.android.systemui/.usb.UsbDebuggingActivity]
01-05 07:04:56.258 1490 1898 I wm_set_resumed_activity: [0,com.android.systemui/.usb.UsbDebuggingActivity,minimalResumeActivityLocked]
01-05 07:04:56.266 1490 1567 I sysui_multi_action: [757,803,799,window_time_0,802,0]
01-05 07:04:56.272 1991 1991 I wm_on_create_called: [17496052,com.android.systemui.usb.UsbDebuggingActivity,performCreate]
01-05 07:04:56.272 1991 1991 I wm_on_start_called: [17496052,com.android.systemui.usb.UsbDebuggingActivity,handleStartActivity]
01-05 07:04:56.272 1991 1991 I wm_on_resume_called: [17496052,com.android.systemui.usb.UsbDebuggingActivity,RESUME_ACTIVITY]
01-05 07:04:56.275 1991 1991 I wm_on_top_resumed_gained_called: [17496052,com.android.systemui.usb.UsbDebuggingActivity,topStateChangedWhenResumed]
01-05 07:04:56.282 1490 1569 I input_focus: [Focus request 1be34de com.android.systemui/com.android.systemui.usb.UsbDebuggingActivity,reason=UpdateInputWindows]
01-05 07:04:56.295 1490 1741 I input_focus: [Focus leaving 8beefb7 com.tencent.tmgp.sgame/com.tencent.tmgp.sgame.SGameActivity (server),reason=Waiting for window because NOT_VISIBLE]
01-05 07:04:56.295 1490 1564 I wm_activity_launch_time: [0,17496052,com.android.systemui/.usb.UsbDebuggingActivity,50]
01-05 07:04:56.301 1490 1567 I wm_destroy_activity: [0,266936190,70,com.android.systemui/.usb.UsbDebuggingActivity,finish-imm:transit]
01-05 07:04:56.313 1991 1991 I wm_on_stop_called: [266936190,com.android.systemui.usb.UsbDebuggingActivity,LIFECYCLER_STOP_ACTIVITY]
01-05 07:04:56.313 1991 1991 I wm_on_destroy_called: [266936190,com.android.systemui.usb.UsbDebuggingActivity,performDestroy]
01-05 07:04:56.327 1490 1741 I input_focus: [Focus entering 1be34de com.android.systemui/com.android.systemui.usb.UsbDebuggingActivity (server),reason=Window became focusable. Previous reason: NOT_VISIBLE]
01-05 07:04:56.355 1490 1741 I input_interaction: Interaction with: 1be34de com.android.systemui/com.android.systemui.usb.UsbDebuggingActivity (server), edge-swipe (server), swipe-up (server), PointerEventDispatcher0 (server),
01-05 07:04:56.365 2382 3732 W ContextImpl: Calling a method in the system process without a qualified user: android.app.ContextImpl.startService:1816 android.content.ContextWrapper.startService:774 com.thundercomm.gamemode.ingame.services.GameModeActionUtils.startGameModeService:99 com.thundercomm.gamemode.ingame.services.GameModeActionUtils.startGameModeEntry:22 com.thundercomm.gamemode.ingame.services.ActivityMonitoringService$1.onActivityLaunch:129
01-05 07:04:56.366 1490 1490 I GameModeConfig: Current uri is uri = content://com.thundercomm.gamemode.api/gamemode_settings/gamemode_isgaming
01-05 07:04:56.367 1490 1490 I GameModeConfig: isGameModeOn = false
01-05 07:04:56.367 1490 1490 I GameModeConfig: isGameModeOn = false
01-05 07:04:56.367 1490 1490 I GameModeConfig: isDisableVoice = true
01-05 07:04:56.460 1490 1569 I wm_task_removed: [70,removeChild:removeChild last r=ActivityRecord{fe91f7e u0 com.android.systemui/.usb.UsbDebuggingActivity t-1 f}} in t=Task{74efcdf #70 type=standard A=10081:com.android.systemui U=0 visible=false mode=fullscreen translucent=true sz=0}]
01-05 07:04:56.460 1490 1569 I wm_task_removed: [70,removeChild]
01-05 07:04:56.461 1490 1569 W ActivityTaskManager: Can't find TaskDisplayArea to determine support for multi window. Task id=70 attached=false
01-05 07:04:56.461 1490 1569 W ActivityTaskManager: Can't find TaskDisplayArea to determine support for multi window. Task id=70 attached=false
01-05 07:04:56.494 1490 8088 I wm_finish_activity: [0,17496052,71,com.android.systemui/.usb.UsbDebuggingActivity,app-request]
01-05 07:04:56.494 1490 1564 D AdbDebuggingManager: Logging key QAAAAG97JpZxvIK4efE+NkcibYsENv1AxVG7RRQH5Z9frNxNkoPFpKfjjSwJKUy7DkhDRdIrjvIkgAB2Z+1ObkoCdsjGjbXFFOtUvtK/aUBBUOvjzr2ROKhQipeWtk10CSKhUimdFU2hT0Rs0qwCdntCr3x5zJ4D5JSD6F1r6OUVgVb7bmEUeuoiN7mvj8t1vmU/tRQ7oz4IOVlp1oKMc+zob0xQ3VCKxFmqqSty3dqiV/LOxclbMZHcN0JpgoA5dBlSbr5sRxDNvUqtOMPUiY5SlFHUIvjEU6wYaGxsFCigO4a3KEnUVHwLek/I51oZuLLTEVxSkoClfe8stOhL29qUlncXKomlO5Xrd6KeSI8HacwG00YG89yDMyCsuH1xfPqhftaU+mjENo4dR0lk5OQa5B5djZS6jyWPNT1ALdwEBjZs3E1a/c4l+YcevTMwVH32ud9imhSmc0J+sq1CkmBn4ICCzb7TUKzPSPVJoDZkRlGOJQn603sSTSw91R76MlPLSxNMURaiKBGhIrQViJZge/2PSbLv/UVBmN7qjXa/88JhNrJ5mIWQEvbAu26cSbu6E2608g1IH4y3vMbJDQ4nIjgz1W9LXekLPuD3BdHUTzLDWLiOMXpM+K86701fRvWt5RWYynOwHXNPdQx/ArXANQhvVeKl52s5/tWusvFP1YON03wfHQEAAQA= thundersoft@DESKTOP-17ME0V2, state = 2, alwaysAllow = false, lastConnectionTime = 0, authWindow = 604800000
01-05 07:04:56.494 1490 8088 I wm_task_moved: [66,1,8]
01-05 07:04:56.494 1490 8088 I wm_task_to_front: [0,66]
01-05 07:04:56.494 1490 2650 D AdbDebuggingManager: Received public key: QAAAAG97JpZxvIK4efE+NkcibYsENv1AxVG7RRQH5Z9frNxNkoPFpKfjjSwJKUy7DkhDRdIrjvIkgAB2Z+1ObkoCdsjGjbXFFOtUvtK/aUBBUOvjzr2ROKhQipeWtk10CSKhUimdFU2hT0Rs0qwCdntCr3x5zJ4D5JSD6F1r6OUVgVb7bmEUeuoiN7mvj8t1vmU/tRQ7oz4IOVlp1oKMc+zob0xQ3VCKxFmqqSty3dqiV/LOxclbMZHcN0JpgoA5dBlSbr5sRxDNvUqtOMPUiY5SlFHUIvjEU6wYaGxsFCigO4a3KEnUVHwLek/I51oZuLLTEVxSkoClfe8stOhL29qUlncXKomlO5Xrd6KeSI8HacwG00YG89yDMyCsuH1xfPqhftaU+mjENo4dR0lk5OQa5B5djZS6jyWPNT1ALdwEBjZs3E1a/c4l+YcevTMwVH32ud9imhSmc0J+sq1CkmBn4ICCzb7TUKzPSPVJoDZkRlGOJQn603sSTSw91R76MlPLSxNMURaiKBGhIrQViJZge/2PSbLv/UVBmN7qjXa/88JhNrJ5mIWQEvbAu26cSbu6E2608g1IH4y3vMbJDQ4nIjgz1W9LXekLPuD3BdHUTzLDWLiOMXpM+K86701fRvWt5RWYynOwHXNPdQx/ArXANQhvVeKl52s5/tWusvFP1YON03wfHQEAAQA= thundersoft@DESKTOP-17ME0V2
01-05 07:04:56.495 1490 1564 D AdbDebuggingManager: Logging key QAAAAG97JpZxvIK4efE+NkcibYsENv1AxVG7RRQH5Z9frNxNkoPFpKfjjSwJKUy7DkhDRdIrjvIkgAB2Z+1ObkoCdsjGjbXFFOtUvtK/aUBBUOvjzr2ROKhQipeWtk10CSKhUimdFU2hT0Rs0qwCdntCr3x5zJ4D5JSD6F1r6OUVgVb7bmEUeuoiN7mvj8t1vmU/tRQ7oz4IOVlp1oKMc+zob0xQ3VCKxFmqqSty3dqiV/LOxclbMZHcN0JpgoA5dBlSbr5sRxDNvUqtOMPUiY5SlFHUIvjEU6wYaGxsFCigO4a3KEnUVHwLek/I51oZuLLTEVxSkoClfe8stOhL29qUlncXKomlO5Xrd6KeSI8HacwG00YG89yDMyCsuH1xfPqhftaU+mjENo4dR0lk5OQa5B5djZS6jyWPNT1ALdwEBjZs3E1a/c4l+YcevTMwVH32ud9imhSmc0J+sq1CkmBn4ICCzb7TUKzPSPVJoDZkRlGOJQn603sSTSw91R76MlPLSxNMURaiKBGhIrQViJZge/2PSbLv/UVBmN7qjXa/88JhNrJ5mIWQEvbAu26cSbu6E2608g1IH4y3vMbJDQ4nIjgz1W9LXekLPuD3BdHUTzLDWLiOMXpM+K86701fRvWt5RWYynOwHXNPdQx/ArXANQhvVeKl52s5/tWusvFP1YON03wfHQEAAQA= thundersoft@DESKTOP-17ME0V2, state = 1, alwaysAllow = false, lastConnectionTime = 0, authWindow = 604800000
01-05 07:04:56.495 1490 8088 I wm_focused_root_task: [0,0,66,71,finish-top adjustFocusToNextFocusableTask]
01-05 07:04:56.498 1490 1564 I thunderperf: PlatormCompat.setOverrides: Uid1=1000 Pid1=1490 Uid2=1000 Pid2=1490
01-05 07:04:56.498 1490 1564 I thunderperf: PlatormCompat.setOverrides: needCheck:false
01-05 07:04:56.504 1490 8088 I wm_pause_activity: [0,17496052,com.android.systemui/.usb.UsbDebuggingActivity,userLeaving=false,finish]
01-05 07:04:56.505 1490 1569 I input_focus: [Focus request 8beefb7 com.tencent.tmgp.sgame/com.tencent.tmgp.sgame.SGameActivity,reason=UpdateInputWindows]
01-05 07:04:56.506 1490 1564 I ActivityTaskManager: START u0 {flg=0x10000000 cmp=com.android.systemui/.usb.UsbDebuggingActivity (has extras)} from uid 1000
01-05 07:04:56.507 1490 1564 I wm_task_created: [72,-1]
01-05 07:04:56.508 1490 1564 W ActivityTaskManager: Can't find TaskDisplayArea to determine support for multi window. Task id=72 attached=false
01-05 07:04:56.509 1490 1564 I wm_task_moved: [72,1,9]
01-05 07:04:56.510 1490 1564 I wm_task_to_front: [0,72]
01-05 07:04:56.510 1490 1564 I wm_create_task: [0,72]
01-05 07:04:56.510 1490 1564 I wm_create_activity: [0,190723531,72,com.android.systemui/.usb.UsbDebuggingActivity,NULL,NULL,NULL,276824064]
01-05 07:04:56.510 1490 1564 I wm_task_moved: [72,1,9]
01-05 07:04:56.512 1490 1564 I ActivityTaskManager: Add Task{3f01b1d #71 type=standard A=10081:com.android.systemui U=0 visible=false mode=fullscreen translucent=true sz=1} to hidden list because adding Task{182f1a8 #72 type=standard A=10081:com.android.systemui U=0 visible=true mode=fullscreen translucent=true sz=1}
01-05 07:04:56.514 1991 1991 I wm_on_top_resumed_lost_called: [17496052,com.android.systemui.usb.UsbDebuggingActivity,topStateChangedWhenResumed]
01-05 07:04:56.515 1991 1991 I wm_on_paused_called: [17496052,com.android.systemui.usb.UsbDebuggingActivity,performPause]
01-05 07:04:56.515 1490 8088 I wm_add_to_stopping: [0,17496052,com.android.systemui/.usb.UsbDebuggingActivity,completeFinishing]
01-05 07:04:56.517 1490 8088 I ActivityTaskManager: The Process com.android.systemui Already Exists in BG. So sending its PID: 1991
01-05 07:04:56.517 1490 8088 W ActivityTaskManager: Tried to set launchTime (0) < mLastActivityLaunchTime (9256333)
01-05 07:04:56.517 1490 8088 I wm_restart_activity: [0,190723531,72,com.android.systemui/.usb.UsbDebuggingActivity]
01-05 07:04:56.518 1490 8088 I wm_set_resumed_activity: [0,com.android.systemui/.usb.UsbDebuggingActivity,minimalResumeActivityLocked]
01-05 07:04:56.523 1490 1567 I sysui_multi_action: [757,803,799,window_time_0,802,0]
01-05 07:04:56.527 1490 1741 I input_focus: [Focus leaving 1be34de com.android.systemui/com.android.systemui.usb.UsbDebuggingActivity (server),reason=NO_WINDOW]
01-05 07:04:56.527 1490 1741 I input_focus: [Focus entering 8beefb7 com.tencent.tmgp.sgame/com.tencent.tmgp.sgame.SGameActivity (server),reason=setFocusedWindow]
01-05 07:04:56.530 1991 1991 I wm_on_create_called: [190723531,com.android.systemui.usb.UsbDebuggingActivity,performCreate]
01-05 07:04:56.530 1991 1991 I wm_on_start_called: [190723531,com.android.systemui.usb.UsbDebuggingActivity,handleStartActivity]
01-05 07:04:56.531 1991 1991 I wm_on_resume_called: [190723531,com.android.systemui.usb.UsbDebuggingActivity,RESUME_ACTIVITY]
01-05 07:04:56.532 1991 1991 I wm_on_top_resumed_gained_called: [190723531,com.android.systemui.usb.UsbDebuggingActivity,topStateChangedWhenResumed]
01-05 07:04:56.545 1490 1569 I input_focus: [Focus request 7d6bfd com.android.systemui/com.android.systemui.usb.UsbDebuggingActivity,reason=UpdateInputWindows]
01-05 07:04:56.553 1490 1564 I wm_activity_launch_time: [0,190723531,com.android.systemui/.usb.UsbDebuggingActivity,45]
01-05 07:04:56.555 1490 1567 I wm_destroy_activity: [0,17496052,71,com.android.systemui/.usb.UsbDebuggingActivity,finish-imm:transit]
01-05 07:04:56.562 1490 1741 I input_focus: [Focus leaving 8beefb7 com.tencent.tmgp.sgame/com.tencent.tmgp.sgame.SGameActivity (server),reason=Waiting for window because NOT_VISIBLE]
01-05 07:04:56.562 1991 1991 I wm_on_stop_called: [17496052,com.android.systemui.usb.UsbDebuggingActivity,LIFECYCLER_STOP_ACTIVITY]
01-05 07:04:56.562 1991 1991 I wm_on_destroy_called: [17496052,com.android.systemui.usb.UsbDebuggingActivity,performDestroy]
01-05 07:04:56.577 1490 1741 I input_focus: [Focus entering 7d6bfd com.android.systemui/com.android.systemui.usb.UsbDebuggingActivity (server),reason=Window became focusable. Previous reason: NOT_VISIBLE]
01-05 07:04:56.624 2382 3732 W ContextImpl: Calling a method in the system process without a qualified user: android.app.ContextImpl.startService:1816 android.content.ContextWrapper.startService:774 com.thundercomm.gamemode.ingame.services.GameModeActionUtils.startGameModeService:99 com.thundercomm.gamemode.ingame.services.GameModeActionUtils.startGameModeEntry:22 com.thundercomm.gamemode.ingame.services.ActivityMonitoringService$1.onActivityLaunch:129
01-05 07:04:56.625 1490 1490 I GameModeConfig: Current uri is uri = content://com.thundercomm.gamemode.api/gamemode_settings/gamemode_isgaming
01-05 07:04:56.626 1490 1490 I GameModeConfig: isGameModeOn = false
01-05 07:04:56.626 1490 1490 I GameModeConfig: isGameModeOn = false
01-05 07:04:56.626 1490 1490 I GameModeConfig: isDisableVoice = true
01-05 07:04:56.629 1490 1741 I input_interaction: Interaction with: 7d6bfd com.android.systemui/com.android.systemui.usb.UsbDebuggingActivity (server), edge-swipe (server), swipe-up (server), PointerEventDispatcher0 (server),
01-05 07:04:56.727 1490 1569 I wm_task_removed: [71,removeChild:removeChild last r=ActivityRecord{10af7f4 u0 com.android.systemui/.usb.UsbDebuggingActivity t-1 f}} in t=Task{3f01b1d #71 type=standard A=10081:com.android.systemui U=0 visible=false mode=fullscreen translucent=true sz=0}]
01-05 07:04:56.727 1490 1569 I wm_task_removed: [71,removeChild]
01-05 07:04:56.729 1490 1569 W ActivityTaskManager: Can't find TaskDisplayArea to determine support for multi window. Task id=71 attached=false
01-05 07:04:56.729 1490 1569 W ActivityTaskManager: Can't find TaskDisplayArea to determine support for multi window. Task id=71 attached=false
01-05 07:04:56.746 1490 1564 D AdbDebuggingManager: Logging key QAAAAG97JpZxvIK4efE+NkcibYsENv1AxVG7RRQH5Z9frNxNkoPFpKfjjSwJKUy7DkhDRdIrjvIkgAB2Z+1ObkoCdsjGjbXFFOtUvtK/aUBBUOvjzr2ROKhQipeWtk10CSKhUimdFU2hT0Rs0qwCdntCr3x5zJ4D5JSD6F1r6OUVgVb7bmEUeuoiN7mvj8t1vmU/tRQ7oz4IOVlp1oKMc+zob0xQ3VCKxFmqqSty3dqiV/LOxclbMZHcN0JpgoA5dBlSbr5sRxDNvUqtOMPUiY5SlFHUIvjEU6wYaGxsFCigO4a3KEnUVHwLek/I51oZuLLTEVxSkoClfe8stOhL29qUlncXKomlO5Xrd6KeSI8HacwG00YG89yDMyCsuH1xfPqhftaU+mjENo4dR0lk5OQa5B5djZS6jyWPNT1ALdwEBjZs3E1a/c4l+YcevTMwVH32ud9imhSmc0J+sq1CkmBn4ICCzb7TUKzPSPVJoDZkRlGOJQn603sSTSw91R76MlPLSxNMURaiKBGhIrQViJZge/2PSbLv/UVBmN7qjXa/88JhNrJ5mIWQEvbAu26cSbu6E2608g1IH4y3vMbJDQ4nIjgz1W9LXekLPuD3BdHUTzLDWLiOMXpM+K86701fRvWt5RWYynOwHXNPdQx/ArXANQhvVeKl52s5/tWusvFP1YON03wfHQEAAQA= thundersoft@DESKTOP-17ME0V2, state = 2, alwaysAllow = false, lastConnectionTime = 0, authWindow = 604800000
01-05 07:04:56.746 1490 8088 I wm_finish_activity: [0,190723531,72,com.android.systemui/.usb.UsbDebuggingActivity,app-request]
01-05 07:04:56.746 1490 8088 I wm_task_moved: [66,1,8]
01-05 07:04:56.746 1490 8088 I wm_task_to_front: [0,66]
01-05 07:04:56.746 1490 8088 I wm_focused_root_task: [0,0,66,72,finish-top adjustFocusToNextFocusableTask]
01-05 07:04:56.752 1490 8088 I wm_pause_activity: [0,190723531,com.android.systemui/.usb.UsbDebuggingActivity,userLeaving=false,finish]
01-05 07:04:56.754 1490 1569 I input_focus: [Focus request 8beefb7 com.tencent.tmgp.sgame/com.tencent.tmgp.sgame.SGameActivity,reason=UpdateInputWindows]
01-05 07:04:56.762 1991 1991 I wm_on_top_resumed_lost_called: [190723531,com.android.systemui.usb.UsbDebuggingActivity,topStateChangedWhenResumed]
01-05 07:04:56.762 1490 1741 I input_focus: [Focus leaving 7d6bfd com.android.systemui/com.android.systemui.usb.UsbDebuggingActivity (server),reason=NO_WINDOW]
01-05 07:04:56.762 1490 1741 I input_focus: [Focus entering 8beefb7 com.tencent.tmgp.sgame/com.tencent.tmgp.sgame.SGameActivity (server),reason=setFocusedWindow]
01-05 07:04:56.762 1991 1991 I wm_on_paused_called: [190723531,com.android.systemui.usb.UsbDebuggingActivity,performPause]
01-05 07:04:56.763 1490 2113 I ActivityTaskManager: FOREGROUND_APPLICATION_CHANGED to com.tencent.tmgp.sgame.SGameActivity
01-05 07:04:56.763 1490 2113 I wm_set_resumed_activity: [0,com.tencent.tmgp.sgame/.SGameActivity,resumeTopActivityInnerLocked]
01-05 07:04:56.767 1490 2113 D CompatibilityChangeReporter: Compat change id reported: 174042980; UID 10096; state: DISABLED
01-05 07:04:56.767 1490 2113 D CompatibilityChangeReporter: Compat change id reported: 184838306; UID 10096; state: DISABLED
01-05 07:04:56.767 1490 2113 D CompatibilityChangeReporter: Compat change id reported: 185004937; UID 10096; state: DISABLED
01-05 07:04:56.768 1490 2113 I wm_resume_activity: [0,201917619,66,com.tencent.tmgp.sgame/.SGameActivity]
01-05 07:04:56.773 1490 1567 I sysui_multi_action: [757,803,799,window_time_0,802,0]
01-05 07:04:56.777 8773 8773 I wm_on_resume_called: [201917619,com.tencent.tmgp.sgame.SGameActivity,RESUME_ACTIVITY]
01-05 07:04:56.777 8773 8773 I wm_on_top_resumed_gained_called: [201917619,com.tencent.tmgp.sgame.SGameActivity,topWhenResuming]
01-05 07:04:56.798 1490 2113 I wm_destroy_activity: [0,190723531,72,com.android.systemui/.usb.UsbDebuggingActivity,finish-idle]
01-05 07:04:56.812 1991 1991 I wm_on_stop_called: [190723531,com.android.systemui.usb.UsbDebuggingActivity,LIFECYCLER_STOP_ACTIVITY]
01-05 07:04:56.812 1991 1991 I wm_on_destroy_called: [190723531,com.android.systemui.usb.UsbDebuggingActivity,performDestroy]
01-05 07:04:56.842 1490 1741 I input_interaction: Interaction with: edge-swipe (server), swipe-up (server), PointerEventDispatcher0 (server),
01-05 07:04:56.873 2382 3732 W ContextImpl: Calling a method in the system process without a qualified user: android.app.ContextImpl.startService:1816 android.content.ContextWrapper.startService:774 com.thundercomm.gamemode.ingame.services.GameModeActionUtils.startGameModeService:99 com.thundercomm.gamemode.ingame.services.GameModeActionUtils.startGameModeEntry:22 com.thundercomm.gamemode.ingame.services.ActivityMonitoringService$1.onActivityLaunch:129
01-05 07:04:56.875 1490 1490 I GameModeConfig: Current uri is uri = content://com.thundercomm.gamemode.api/gamemode_settings/gamemode_isgaming
01-05 07:04:56.875 1490 1490 I GameModeConfig: isGameModeOn = false
01-05 07:04:56.875 1490 1490 I GameModeConfig: isGameModeOn = false
01-05 07:04:56.875 1490 1490 I GameModeConfig: isDisableVoice = true
01-05 07:04:57.027 1490 1569 I wm_task_removed: [72,removeChild:removeChild last r=ActivityRecord{b5e35cb u0 com.android.systemui/.usb.UsbDebuggingActivity t-1 f}} in t=Task{182f1a8 #72 type=standard A=10081:com.android.systemui U=0 visible=false mode=fullscreen translucent=true sz=0}]
01-05 07:04:57.027 1490 1569 I wm_task_removed: [72,removeChild]
01-05 07:04:57.028 1490 1569 W ActivityTaskManager: Can't find TaskDisplayArea to determine support for multi window. Task id=72 attached=false
01-05 07:04:57.028 1490 1569 W ActivityTaskManager: Can't find TaskDisplayArea to determine support for multi window. Task id=72 attached=false
01-05 07:04:57.076 1490 1741 I input_interaction: Interaction with: 8beefb7 com.tencent.tmgp.sgame/com.tencent.tmgp.sgame.SGameActivity (server), edge-swipe (server), swipe-up (server), PointerEventDispatcher0 (server),
01-05 07:04:57.359 0 0 I auditd : type=1400 audit(0.0:8187): avc: denied { kill } for comm="swapper/6" capability=5 scontext=u:r:kernel:s0 tcontext=u:r:kernel:s0 tclass=capability permissive=0
01-05 07:04:58.355 0 0 I auditd : type=1400 audit(0.0:8188): avc: denied { kill } for comm="swapper/6" capability=5 scontext=u:r:kernel:s0 tcontext=u:r:kernel:s0 tclass=capability permissive=0
01-05 07:04:59.359 0 0 I auditd : type=1400 audit(0.0:8189): avc: denied { kill } for comm="swapper/6" capability=5 scontext=u:r:kernel:s0 tcontext=u:r:kernel:s0 tclass=capability permissive=0
01-05 07:04:59.779 1490 2764 E TaskPersister: File error accessing recents directory (directory doesn't exist?).
01-05 07:05:00.359 0 0 I auditd : type=1400 audit(0.0:8190): avc: denied { kill } for comm="swapper/6" capability=5 scontext=u:r:kernel:s0 tcontext=u:r:kernel:s0 tclass=capability permissive=0
01-05 07:05:01.359 0 0 I auditd : type=1400 audit(0.0:8191): avc: denied { kill } for comm="swapper/6" capability=5 scontext=u:r:kernel:s0 tcontext=u:r:kernel:s0 tclass=capability permissive=0
01-05 07:05:01.637 1490 1886 I storage_state: [41217664-9172-527a-b3d5-edabb50a7d69,0,0,106131943424,118610538496]
01-05 07:05:02.359 0 0 I auditd : type=1400 audit(0.0:8192): avc: denied { kill } for comm="swapper/3" capability=5 scontext=u:r:kernel:s0 tcontext=u:r:kernel:s0 tclass=capability permissive=0
01-05 07:05:04.359 0 0 I auditd : type=1400 audit(0.0:8193): avc: denied { kill } for comm="swapper/3" capability=5 scontext=u:r:kernel:s0 tcontext=u:r:kernel:s0 tclass=capability permissive=0
01-05 07:05:05.359 0 0 I auditd : type=1400 audit(0.0:8194): avc: denied { kill } for comm="swapper/3" capability=5 scontext=u:r:kernel:s0 tcontext=u:r:kernel:s0 tclass=capability permissive=0
01-05 07:05:06.359 0 0 I auditd : type=1400 audit(0.0:8195): avc: denied { kill } for comm="swapper/3" capability=5 scontext=u:r:kernel:s0 tcontext=u:r:kernel:s0 tclass=capability permissive=0
01-05 07:05:07.359 0 0 I auditd : type=1400 audit(0.0:8196): avc: denied { kill } for comm="swapper/3" capability=5 scontext=u:r:kernel:s0 tcontext=u:r:kernel:s0 tclass=capability permissive=0
01-05 07:05:09.359 0 0 I auditd : type=1400 audit(0.0:8197): avc: denied { kill } for comm="swapper/2" capability=5 scontext=u:r:kernel:s0 tcontext=u:r:kernel:s0 tclass=capability permissive=0
01-05 07:05:10.359 0 0 I auditd : type=1400 audit(0.0:8198): avc: denied { kill } for comm="swapper/2" capability=5 scontext=u:r:kernel:s0 tcontext=u:r:kernel:s0 tclass=capability permissive=0
01-05 07:05:11.359 0 0 I auditd : type=1400 audit(0.0:8199): avc: denied { kill } for comm="swapper/2" capability=5 scontext=u:r:kernel:s0 tcontext=u:r:kernel:s0 tclass=capability permissive=0
01-05 07:05:12.359 0 0 I auditd : type=1400 audit(0.0:8200): avc: denied { kill } for comm="swapper/2" capability=5 scontext=u:r:kernel:s0 tcontext=u:r:kernel:s0 tclass=capability permissive=0
01-05 07:05:13.359 0 0 I auditd : type=1400 audit(0.0:8201): avc: denied { kill } for comm="swapper/2" capability=5 scontext=u:r:kernel:s0 tcontext=u:r:kernel:s0 tclass=capability permissive=0
01-05 07:05:14.359 0 0 I auditd : type=1400 audit(0.0:8202): avc: denied { kill } for comm="swapper/3" capability=5 scontext=u:r:kernel:s0 tcontext=u:r:kernel:s0 tclass=capability permissive=0
01-05 07:05:15.359 0 0 I auditd : type=1400 audit(0.0:8203): avc: denied { kill } for comm="swapper/3" capability=5 scontext=u:r:kernel:s0 tcontext=u:r:kernel:s0 tclass=capability permissive=0
01-05 07:05:17.359 0 0 I auditd : type=1400 audit(0.0:8204): avc: denied { kill } for comm="swapper/3" capability=5 scontext=u:r:kernel:s0 tcontext=u:r:kernel:s0 tclass=capability permissive=0
01-05 07:05:18.359 0 0 I auditd : type=1400 audit(0.0:8205): avc: denied { kill } for comm="swapper/3" capability=5 scontext=u:r:kernel:s0 tcontext=u:r:kernel:s0 tclass=capability permissive=0
01-05 07:05:19.355 0 0 I auditd : type=1400 audit(0.0:8206): avc: denied { kill } for comm="swapper/3" capability=5 scontext=u:r:kernel:s0 tcontext=u:r:kernel:s0 tclass=capability permissive=0
01-05 07:05:20.359 0 0 I auditd : type=1400 audit(0.0:8207): avc: denied { kill } for comm="swapper/3" capability=5 scontext=u:r:kernel:s0 tcontext=u:r:kernel:s0 tclass=capability permissive=0
01-05 07:05:21.359 0 0 I auditd : type=1400 audit(0.0:8208): avc: denied { kill } for comm="swapper/3" capability=5 scontext=u:r:kernel:s0 tcontext=u:r:kernel:s0 tclass=capability permissive=0
01-05 07:05:21.755 9342 9342 I auditd : type=1400 audit(0.0:8209): avc: denied { read } for comm="app_process" name="u:object_r:odsign_prop:s0" dev="tmpfs" ino=12528 scontext=u:r:shell:s0 tcontext=u:object_r:odsign_prop:s0 tclass=file permissive=0
01-05 07:05:22.055 9357 9357 I auditd : type=1400 audit(0.0:8210): avc: denied { read } for comm="app_process" name="u:object_r:odsign_prop:s0" dev="tmpfs" ino=12528 scontext=u:r:shell:s0 tcontext=u:object_r:odsign_prop:s0 tclass=file permissive=0
01-05 07:05:22.355 0 0 I auditd : type=1400 audit(0.0:8211): avc: denied { kill } for comm="swapper/3" capability=5 scontext=u:r:kernel:s0 tcontext=u:r:kernel:s0 tclass=capability permissive=0
01-05 07:05:24.359 0 0 I auditd : type=1400 audit(0.0:8212): avc: denied { kill } for comm="swapper/3" capability=5 scontext=u:r:kernel:s0 tcontext=u:r:kernel:s0 tclass=capability permissive=0
01-05 07:05:25.359 0 0 I auditd : type=1400 audit(0.0:8213): avc: denied { kill } for comm="swapper/1" capability=5 scontext=u:r:kernel:s0 tcontext=u:r:kernel:s0 tclass=capability permissive=0
01-05 07:05:27.359 0 0 I auditd : type=1400 audit(0.0:8214): avc: denied { kill } for comm="swapper/1" capability=5 scontext=u:r:kernel:s0 tcontext=u:r:kernel:s0 tclass=capability permissive=0
01-05 07:05:28.355 0 0 I auditd : type=1400 audit(0.0:8215): avc: denied { kill } for comm="swapper/1" capability=5 scontext=u:r:kernel:s0 tcontext=u:r:kernel:s0 tclass=capability permissive=0
01-05 07:05:30.359 0 0 I auditd : type=1400 audit(0.0:8216): avc: denied { kill } for comm="swapper/1" capability=5 scontext=u:r:kernel:s0 tcontext=u:r:kernel:s0 tclass=capability permissive=0
01-05 07:05:31.359 0 0 I auditd : type=1400 audit(0.0:8217): avc: denied { kill } for comm="swapper/1" capability=5 scontext=u:r:kernel:s0 tcontext=u:r:kernel:s0 tclass=capability permissive=0
01-05 07:05:32.359 0 0 I auditd : type=1400 audit(0.0:8218): avc: denied { kill } for comm="swapper/1" capability=5 scontext=u:r:kernel:s0 tcontext=u:r:kernel:s0 tclass=capability permissive=0
01-05 07:05:35.359 9031 9031 I auditd : type=1400 audit(0.0:8219): avc: denied { kill } for comm="kworker/u17:3" capability=5 scontext=u:r:kernel:s0 tcontext=u:r:kernel:s0 tclass=capability permissive=0
01-05 07:05:36.359 0 0 I auditd : type=1400 audit(0.0:8220): avc: denied { kill } for comm="swapper/2" capability=5 scontext=u:r:kernel:s0 tcontext=u:r:kernel:s0 tclass=capability permissive=0
01-05 07:05:37.359 0 0 I auditd : type=1400 audit(0.0:8221): avc: denied { kill } for comm="swapper/2" capability=5 scontext=u:r:kernel:s0 tcontext=u:r:kernel:s0 tclass=capability permissive=0
01-05 07:05:38.359 0 0 I auditd : type=1400 audit(0.0:8222): avc: denied { kill } for comm="swapper/2" capability=5 scontext=u:r:kernel:s0 tcontext=u:r:kernel:s0 tclass=capability permissive=0
01-05 07:05:39.359 0 0 I auditd : type=1400 audit(0.0:8223): avc: denied { kill } for comm="swapper/2" capability=5 scontext=u:r:kernel:s0 tcontext=u:r:kernel:s0 tclass=capability permissive=0
01-05 07:05:40.359 9042 9042 I auditd : type=1400 audit(0.0:8224): avc: denied { kill } for comm="kworker/u17:4" capability=5 scontext=u:r:kernel:s0 tcontext=u:r:kernel:s0 tclass=capability permissive=0
01-05 07:05:41.359 0 0 I auditd : type=1400 audit(0.0:8225): avc: denied { kill } for comm="swapper/2" capability=5 scontext=u:r:kernel:s0 tcontext=u:r:kernel:s0 tclass=capability permissive=0
01-05 07:05:42.359 0 0 I auditd : type=1400 audit(0.0:8226): avc: denied { kill } for comm="swapper/2" capability=5 scontext=u:r:kernel:s0 tcontext=u:r:kernel:s0 tclass=capability permissive=0
01-05 07:05:43.359 0 0 I auditd : type=1400 audit(0.0:8227): avc: denied { kill } for comm="swapper/2" capability=5 scontext=u:r:kernel:s0 tcontext=u:r:kernel:s0 tclass=capability permissive=0
01-05 07:05:44.359 0 0 I auditd : type=1400 audit(0.0:8228): avc: denied { kill } for comm="swapper/2" capability=5 scontext=u:r:kernel:s0 tcontext=u:r:kernel:s0 tclass=capability permissive=0
01-05 07:05:45.359 0 0 I auditd : type=1400 audit(0.0:8229): avc: denied { kill } for comm="swapper/1" capability=5 scontext=u:r:kernel:s0 tcontext=u:r:kernel:s0 tclass=capability permissive=0
01-05 07:05:47.359 11 11 I auditd : type=1400 audit(0.0:8230): avc: denied { kill } for comm="rcu_sched" capability=5 scontext=u:r:kernel:s0 tcontext=u:r:kernel:s0 tclass=capability permissive=0
01-05 07:05:50.359 0 0 I auditd : type=1400 audit(0.0:8231): avc: denied { kill } for comm="swapper/3" capability=5 scontext=u:r:kernel:s0 tcontext=u:r:kernel:s0 tclass=capability permissive=0
01-05 07:05:51.359 0 0 I auditd : type=1400 audit(0.0:8232): avc: denied { kill } for comm="swapper/3" capability=5 scontext=u:r:kernel:s0 tcontext=u:r:kernel:s0 tclass=capability permissive=0
01-05 07:05:52.359 0 0 I auditd : type=1400 audit(0.0:8233): avc: denied { kill } for comm="swapper/3" capability=5 scontext=u:r:kernel:s0 tcontext=u:r:kernel:s0 tclass=capability permissive=0
01-05 07:05:53.359 0 0 I auditd : type=1400 audit(0.0:8234): avc: denied { kill } for comm="swapper/3" capability=5 scontext=u:r:kernel:s0 tcontext=u:r:kernel:s0 tclass=capability permissive=0
01-05 07:05:54.359 0 0 I auditd : type=1400 audit(0.0:8235): avc: denied { kill } for comm="swapper/3" capability=5 scontext=u:r:kernel:s0 tcontext=u:r:kernel:s0 tclass=capability permissive=0
01-05 07:05:56.359 0 0 I auditd : type=1400 audit(0.0:8236): avc: denied { kill } for comm="swapper/3" capability=5 scontext=u:r:kernel:s0 tcontext=u:r:kernel:s0 tclass=capability permissive=0
01-05 07:05:57.359 8715 8715 I auditd : type=1400 audit(0.0:8237): avc: denied { kill } for comm="kworker/u16:13" capability=5 scontext=u:r:kernel:s0 tcontext=u:r:kernel:s0 tclass=capability permissive=0
01-05 07:05:59.359 0 0 I auditd : type=1400 audit(0.0:8238): avc: denied { kill } for comm="swapper/3" capability=5 scontext=u:r:kernel:s0 tcontext=u:r:kernel:s0 tclass=capability permissive=0
01-05 07:06:00.359 0 0 I auditd : type=1400 audit(0.0:8239): avc: denied { kill } for comm="swapper/1" capability=5 scontext=u:r:kernel:s0 tcontext=u:r:kernel:s0 tclass=capability permissive=0
01-05 07:06:00.523 1490 1582 I am_uid_idle: 10065
01-05 07:06:01.359 0 0 I auditd : type=1400 audit(0.0:8240): avc: denied { kill } for comm="swapper/1" capability=5 scontext=u:r:kernel:s0 tcontext=u:r:kernel:s0 tclass=capability permissive=0
01-05 07:06:02.359 0 0 I auditd : type=1400 audit(0.0:8241): avc: denied { kill } for comm="swapper/1" capability=5 scontext=u:r:kernel:s0 tcontext=u:r:kernel:s0 tclass=capability permissive=0
01-05 07:06:03.359 0 0 I auditd : type=1400 audit(0.0:8242): avc: denied { kill } for comm="swapper/1" capability=5 scontext=u:r:kernel:s0 tcontext=u:r:kernel:s0 tclass=capability permissive=0
01-05 07:06:05.355 0 0 I auditd : type=1400 audit(0.0:8243): avc: denied { kill } for comm="swapper/1" capability=5 scontext=u:r:kernel:s0 tcontext=u:r:kernel:s0 tclass=capability permissive=0
01-05 07:06:05.891 1490 1811 I netstats_mobile_sample: [0,0,0,0,0,0,0,0,0,0,0,0,1672873565891]
01-05 07:06:05.891 1490 1811 I netstats_wifi_sample: [8017627942,6340408,133484637,2385272,8017627942,6340408,133484637,2385272,8024988635,6396847,116791673,2345955,1672873565891]
01-05 07:06:07.359 0 0 I auditd : type=1400 audit(0.0:8244): avc: denied { kill } for comm="swapper/1" capability=5 scontext=u:r:kernel:s0 tcontext=u:r:kernel:s0 tclass=capability permissive=0
01-05 07:06:12.355 0 0 I auditd : type=1400 audit(0.0:8245): avc: denied { kill } for comm="swapper/1" capability=5 scontext=u:r:kernel:s0 tcontext=u:r:kernel:s0 tclass=capability permissive=0
01-05 07:06:13.359 288 288 I auditd : type=1400 audit(0.0:8246): avc: denied { kill } for comm="kgsl_worker_thr" capability=5 scontext=u:r:kernel:s0 tcontext=u:r:kernel:s0 tclass=capability permissive=0
01-05 07:06:15.359 0 0 I auditd : type=1400 audit(0.0:8247): avc: denied { kill } for comm="swapper/0" capability=5 scontext=u:r:kernel:s0 tcontext=u:r:kernel:s0 tclass=capability permissive=0
01-05 07:06:16.359 0 0 I auditd : type=1400 audit(0.0:8248): avc: denied { kill } for comm="swapper/0" capability=5 scontext=u:r:kernel:s0 tcontext=u:r:kernel:s0 tclass=capability permissive=0
01-05 07:06:17.359 0 0 I auditd : type=1400 audit(0.0:8249): avc: denied { kill } for comm="swapper/0" capability=5 scontext=u:r:kernel:s0 tcontext=u:r:kernel:s0 tclass=capability permissive=0
01-05 07:06:18.359 0 0 I auditd : type=1400 audit(0.0:8250): avc: denied { kill } for comm="swapper/0" capability=5 scontext=u:r:kernel:s0 tcontext=u:r:kernel:s0 tclass=capability permissive=0
01-05 07:06:19.359 0 0 I auditd : type=1400 audit(0.0:8251): avc: denied { kill } for comm="swapper/0" capability=5 scontext=u:r:kernel:s0 tcontext=u:r:kernel:s0 tclass=capability permissive=0
01-05 07:06:20.359 0 0 I auditd : type=1400 audit(0.0:8252): avc: denied { kill } for comm="swapper/0" capability=5 scontext=u:r:kernel:s0 tcontext=u:r:kernel:s0 tclass=capability permissive=0
01-05 07:06:21.359 0 0 I auditd : type=1400 audit(0.0:8253): avc: denied { kill } for comm="swapper/0" capability=5 scontext=u:r:kernel:s0 tcontext=u:r:kernel:s0 tclass=capability permissive=0
01-05 07:06:22.359 0 0 I auditd : type=1400 audit(0.0:8254): avc: denied { kill } for comm="swapper/0" capability=5 scontext=u:r:kernel:s0 tcontext=u:r:kernel:s0 tclass=capability permissive=0
01-05 07:06:23.359 0 0 I auditd : type=1400 audit(0.0:8255): avc: denied { kill } for comm="swapper/0" capability=5 scontext=u:r:kernel:s0 tcontext=u:r:kernel:s0 tclass=capability permissive=0
01-05 07:06:24.359 0 0 I auditd : type=1400 audit(0.0:8256): avc: denied { kill } for comm="swapper/0" capability=5 scontext=u:r:kernel:s0 tcontext=u:r:kernel:s0 tclass=capability permissive=0
01-05 07:06:25.269 1490 1580 I am_pss : [8773,10096,com.tencent.tmgp.sgame,745389056,716791808,49152,891146240,0,2,41]
01-05 07:06:27.359 0 0 I auditd : type=1400 audit(0.0:8257): avc: denied { kill } for comm="swapper/0" capability=5 scontext=u:r:kernel:s0 tcontext=u:r:kernel:s0 tclass=capability permissive=0
01-05 07:06:28.355 0 0 I auditd : type=1400 audit(0.0:8258): avc: denied { kill } for comm="swapper/3" capability=5 scontext=u:r:kernel:s0 tcontext=u:r:kernel:s0 tclass=capability permissive=0
01-05 07:06:29.359 0 0 I auditd : type=1400 audit(0.0:8259): avc: denied { kill } for comm="swapper/3" capability=5 scontext=u:r:kernel:s0 tcontext=u:r:kernel:s0 tclass=capability permissive=0
01-05 07:06:32.359 0 0 I auditd : type=1400 audit(0.0:8260): avc: denied { kill } for comm="swapper/2" capability=5 scontext=u:r:kernel:s0 tcontext=u:r:kernel:s0 tclass=capability permissive=0
01-05 07:06:33.359 0 0 I auditd : type=1400 audit(0.0:8261): avc: denied { kill } for comm="swapper/2" capability=5 scontext=u:r:kernel:s0 tcontext=u:r:kernel:s0 tclass=capability permissive=0
