01-05 04:51:10.307 1490 2121 I ActivityTaskManager: START u0 {act=android.intent.action.VIEW dat=file:///data/user_de/0/com.android.packageinstaller/no_backup/package8908177913184508008.apk flg=0x2010001 cmp=com.android.packageinstaller/.DeleteStagedFileOnResult (has extras)} from uid 10036
01-05 04:51:10.313 1490 1521 I ActivityTaskManager: FOREGROUND_APPLICATION_CHANGED to com.android.packageinstaller.DeleteStagedFileOnResult
01-05 04:51:10.313 1490 1521 I ActivityTaskManager: The Process com.android.packageinstaller Already Exists in BG. So sending its PID: 3559
01-05 04:51:10.313 1490 1521 W ActivityTaskManager: Tried to set launchTime (0) < mLastActivityLaunchTime (1229905)
01-05 04:51:10.320 1490 3301 I thunderperf: PlatormCompat.setOverrides: Uid1=10036 Pid1=3559 Uid2=10036 Pid2=3559
01-05 04:51:10.320 1490 3301 I thunderperf: PlatormCompat.setOverrides: needCheck:false
01-05 04:51:10.321 1490 3301 I ActivityTaskManager: START u0 {act=android.intent.action.VIEW dat=file:///data/user_de/0/com.android.packageinstaller/no_backup/package8908177913184508008.apk flg=0x10000 cmp=com.android.packageinstaller/.PackageInstallerActivity (has extras)} from uid 10036
01-05 04:51:10.337 1490 1521 I ActivityTaskManager: FOREGROUND_APPLICATION_CHANGED to com.android.packageinstaller.PackageInstallerActivity
01-05 04:51:10.337 1490 1521 I ActivityTaskManager: The Process com.android.packageinstaller Already Exists in BG. So sending its PID: 3559
01-05 04:51:10.337 1490 1521 W ActivityTaskManager: Tried to set launchTime (0) < mLastActivityLaunchTime (1230390)
01-05 04:51:10.444 2382 3732 W ContextImpl: Calling a method in the system process without a qualified user: android.app.ContextImpl.startService:1816 android.content.ContextWrapper.startService:774 com.thundercomm.gamemode.ingame.services.GameModeActionUtils.startGameModeService:99 com.thundercomm.gamemode.ingame.services.GameModeActionUtils.startGameModeEntry:22 com.thundercomm.gamemode.ingame.services.ActivityMonitoringService$1.onActivityLaunch:129
01-05 04:51:10.446 1490 1490 I GameModeConfig: Current uri is uri = content://com.thundercomm.gamemode.api/gamemode_settings/gamemode_isgaming
01-05 04:51:10.447 1490 1490 I GameModeConfig: isGameModeOn = false
01-05 04:51:10.447 1490 1490 I GameModeConfig: isGameModeOn = false
01-05 04:51:10.447 1490 1490 I GameModeConfig: isDisableVoice = true
01-05 04:51:11.839 1490 3301 I thunderperf: PlatormCompat.setOverrides: Uid1=10036 Pid1=3559 Uid2=10036 Pid2=3559
01-05 04:51:11.839 1490 3301 I thunderperf: PlatormCompat.setOverrides: needCheck:false
01-05 04:51:11.839 1490 3301 I ActivityTaskManager: START u0 {dat=file:///data/user_de/0/com.android.packageinstaller/no_backup/package8908177913184508008.apk flg=0x2000000 cmp=com.android.packageinstaller/.InstallInstalling (has extras)} from uid 10036
01-05 04:51:11.851 1490 3301 I ActivityTaskManager: FOREGROUND_APPLICATION_CHANGED to com.android.packageinstaller.InstallInstalling
01-05 04:51:11.851 1490 3301 I ActivityTaskManager: The Process com.android.packageinstaller Already Exists in BG. So sending its PID: 3559
01-05 04:51:11.851 1490 3301 W ActivityTaskManager: Tried to set launchTime (0) < mLastActivityLaunchTime (1230413)
01-05 04:51:11.961 2382 3732 W ContextImpl: Calling a method in the system process without a qualified user: android.app.ContextImpl.startService:1816 android.content.ContextWrapper.startService:774 com.thundercomm.gamemode.ingame.services.GameModeActionUtils.startGameModeService:99 com.thundercomm.gamemode.ingame.services.GameModeActionUtils.startGameModeEntry:22 com.thundercomm.gamemode.ingame.services.ActivityMonitoringService$1.onActivityLaunch:129
01-05 04:51:11.963 1490 1490 I GameModeConfig: Current uri is uri = content://com.thundercomm.gamemode.api/gamemode_settings/gamemode_isgaming
01-05 04:51:11.965 1490 1490 I GameModeConfig: isGameModeOn = false
01-05 04:51:11.965 1490 1490 I GameModeConfig: isGameModeOn = false
01-05 04:51:11.965 1490 1490 I GameModeConfig: isDisableVoice = true
01-05 04:51:13.651 1490 1696 D ApkSignatureVerifier: Perflock acquired for PackageInstall
01-05 04:51:15.184 1490 1696 D ApkSignatureVerifier: Perflock released for PackageInstall
01-05 04:51:16.425 1490 1753 W RuleEvaluation: Integrity rule files are not available.
01-05 04:51:16.425 1490 1635 I PackageManager: Integrity check passed for file:///data/app/vmdl854015271.tmp
01-05 04:51:16.560 1490 1582 I ActivityManager: Force stopping com.tencent.tmgp.sgame appid=10096 user=-1: installPackageLI
01-05 04:51:16.561 1490 1635 I PackageManager: Update package com.tencent.tmgp.sgame code path from /data/app/~~uZmSanqB5i-szTXlQl987g==/com.tencent.tmgp.sgame-hYkSE3OBsCqSoLKGHXWG_g== to /data/app/~~sNHs_fVTmZJWDJCByA7yQw==/com.tencent.tmgp.sgame-bi0cutRMZ3xndtkBEoo0Uw==; Retain data and using new
01-05 04:51:16.563 1490 1635 I PackageManager: Permission ownership changed. Updating all permissions.
01-05 04:51:16.565 1490 1582 I ActivityManager: Killing 5059:com.tencent.tmgp.sgame/u0a96 (adj 102): stop com.tencent.tmgp.sgame due to installPackageLI
01-05 04:51:16.577 1490 1582 I ActivityManager: Killing 5257:com.android.webview:sandboxed_process0:org.chromium.content.app.SandboxedProcessService0:0/u0a96i0 (adj 0): isolated not needed
01-05 04:51:16.581 1490 1582 W ActivityTaskManager: Force removing ActivityRecord{38983da u0 com.tencent.tmgp.sgame/.SGameActivity t59 f}}: app died, no saved state
01-05 04:51:16.629 1490 1582 W ActivityTaskManager: Can't find TaskDisplayArea to determine support for multi window. Task id=59 attached=false
01-05 04:51:16.629 1490 1582 W ActivityTaskManager: Can't find TaskDisplayArea to determine support for multi window. Task id=59 attached=false
01-05 04:51:16.635 1490 1582 I ActivityManager: Killing 5474:com.tencent.tmgp.sgame:xg_vip_service/u0a96 (adj 100): stop com.tencent.tmgp.sgame due to installPackageLI
01-05 04:51:16.659 1490 1596 E KernelCpuSpeedReader: Failed to read cpu-freq: /sys/devices/system/cpu/cpu4/cpufreq/stats/time_in_state: open failed: ENOENT (No such file or directory)
01-05 04:51:16.659 1490 1596 E KernelCpuSpeedReader: Failed to read cpu-freq: /sys/devices/system/cpu/cpu0/cpufreq/stats/time_in_state: open failed: ENOENT (No such file or directory)
01-05 04:51:16.659 2382 3732 W ContextImpl: Calling a method in the system process without a qualified user: android.app.ContextImpl.startService:1816 android.content.ContextWrapper.startService:774 com.thundercomm.gamemode.ingame.services.GameModeActionUtils.startGameModeService:99 com.thundercomm.gamemode.ingame.services.GameModeActionUtils.startGameModeEntry:22 com.thundercomm.gamemode.ingame.services.ActivityMonitoringService$1.onActivityLaunch:129
01-05 04:51:16.664 1490 2121 V ActivityManager: Got obituary of 5474:com.tencent.tmgp.sgame:xg_vip_service
01-05 04:51:16.667 1490 1490 I GameModeConfig: Current uri is uri = content://com.thundercomm.gamemode.api/gamemode_settings/gamemode_isgaming
01-05 04:51:16.671 1490 2121 V ActivityManager: Got obituary of 5059:com.tencent.tmgp.sgame
01-05 04:51:16.671 1490 1567 W ActivityManager: setHasOverlayUi called on unknown pid: 5059
01-05 04:51:16.673 1490 1490 I GameModeConfig: isGameModeOn = false
01-05 04:51:16.673 1490 1490 I GameModeConfig: isGameModeOn = false
01-05 04:51:16.673 1490 1490 I GameModeConfig: isDisableVoice = true
01-05 04:51:16.688 1490 1521 W FreeFormWindowHelper: getCurrentDisplayedFreeFormTask is null
01-05 04:51:17.958 1490 1635 I ActivityManager: Force stopping com.tencent.tmgp.sgame appid=10096 user=0: pkg removed
01-05 04:51:17.967 1490 1582 W BroadcastQueue: Background execution not allowed: receiving Intent { act=android.intent.action.PACKAGE_REMOVED dat=package:com.tencent.tmgp.sgame flg=0x4000010 (has extras) } to com.android.gallery3d/.app.PackagesMonitor
01-05 04:51:17.985 1490 1564 D CompanionDeviceManagerService: onPackageModified(packageName = com.tencent.tmgp.sgame)
01-05 04:51:17.985 1490 1521 I thunderperf: PlatormCompat.setOverrides: Uid1=10036 Pid1=3559 Uid2=10036 Pid2=3559
01-05 04:51:17.985 1490 1521 I thunderperf: PlatormCompat.setOverrides: needCheck:false
01-05 04:51:17.986 1490 1582 W BroadcastQueue: Background execution not allowed: receiving Intent { act=android.intent.action.PACKAGE_ADDED dat=package:com.tencent.tmgp.sgame flg=0x4000010 (has extras) } to com.android.packageinstaller/.PackageInstalledReceiver
01-05 04:51:17.986 1490 1582 W BroadcastQueue: Background execution not allowed: receiving Intent { act=android.intent.action.PACKAGE_ADDED dat=package:com.tencent.tmgp.sgame flg=0x4000010 (has extras) } to com.android.gallery3d/.app.PackagesMonitor
01-05 04:51:17.986 1490 1521 I ActivityTaskManager: START u0 {dat=file:///data/user_de/0/com.android.packageinstaller/no_backup/package8908177913184508008.apk flg=0x2000000 cmp=com.android.packageinstaller/.InstallSuccess (has extras)} from uid 10036
01-05 04:51:17.998 1490 1490 D CompatibilityChangeReporter: Compat change id reported: 135634846; UID 1000; state: DISABLED
01-05 04:51:17.998 1490 1490 D CompatibilityChangeReporter: Compat change id reported: 177438394; UID 1000; state: DISABLED
01-05 04:51:17.998 1490 1490 D CompatibilityChangeReporter: Compat change id reported: 135772972; UID 1000; state: DISABLED
01-05 04:51:17.998 1490 1490 D CompatibilityChangeReporter: Compat change id reported: 135754954; UID 1000; state: ENABLED
01-05 04:51:17.999 1490 4338 I ActivityTaskManager: FOREGROUND_APPLICATION_CHANGED to com.android.packageinstaller.InstallSuccess
01-05 04:51:17.999 1490 4338 I ActivityTaskManager: The Process com.android.packageinstaller Already Exists in BG. So sending its PID: 3559
01-05 04:51:17.999 1490 4338 W ActivityTaskManager: Tried to set launchTime (0) < mLastActivityLaunchTime (1231928)
01-05 04:51:18.007 1490 1583 I ActivityManager: Start proc 7119:com.android.keychain/1000 for service {com.android.keychain/com.android.keychain.KeyChainService}
01-05 04:51:18.022 1490 1490 I Telecom : CarModeTracker: Package com.tencent.tmgp.sgame is not tracked.: SSH.oR@AC8
01-05 04:51:18.025 1490 1490 I Telecom : InCallController: updateCarModeForConnections: car mode apps: : SSH.oR@AC8
01-05 04:51:18.029 1490 1490 I Telecom : DefaultDialerCache: Refreshing default dialer for user 0: now null: DDC.oR@ADA
01-05 04:51:18.046 1490 1580 W VoiceInteractionManager: no available voice recognition services found for user 0
01-05 04:51:18.109 2382 3732 W ContextImpl: Calling a method in the system process without a qualified user: android.app.ContextImpl.startService:1816 android.content.ContextWrapper.startService:774 com.thundercomm.gamemode.ingame.services.GameModeActionUtils.startGameModeService:99 com.thundercomm.gamemode.ingame.services.GameModeActionUtils.startGameModeEntry:22 com.thundercomm.gamemode.ingame.services.ActivityMonitoringService$1.onActivityLaunch:129
01-05 04:51:18.112 1490 1490 I GameModeConfig: Current uri is uri = content://com.thundercomm.gamemode.api/gamemode_settings/gamemode_isgaming
01-05 04:51:18.115 1490 1490 I GameModeConfig: isGameModeOn = false
01-05 04:51:18.115 1490 1490 I GameModeConfig: isGameModeOn = false
01-05 04:51:18.115 1490 1490 I GameModeConfig: isDisableVoice = true
01-05 04:51:19.610 1490 2764 E TaskPersister: File error accessing recents directory (directory doesn't exist?).
01-05 04:51:19.848 1490 1521 I thunderperf: PlatormCompat.setOverrides: Uid1=10036 Pid1=3559 Uid2=10036 Pid2=3559
01-05 04:51:19.848 1490 1521 I thunderperf: PlatormCompat.setOverrides: needCheck:false
01-05 04:51:19.849 1490 1521 I ActivityTaskManager: START u0 {act=android.intent.action.MAIN cat=[android.intent.category.LAUNCHER] flg=0x10000000 pkg=com.tencent.tmgp.sgame cmp=com.tencent.tmgp.sgame/.SGameActivity} from uid 10036
01-05 04:51:19.859 1490 1521 W ActivityTaskManager: Can't find TaskDisplayArea to determine support for multi window. Task id=64 attached=false
01-05 04:51:19.871 1490 1567 D CompatibilityChangeReporter: Compat change id reported: 135634846; UID 10096; state: DISABLED
01-05 04:51:19.871 1490 1567 D CompatibilityChangeReporter: Compat change id reported: 177438394; UID 10096; state: DISABLED
01-05 04:51:19.871 1490 1567 D CompatibilityChangeReporter: Compat change id reported: 135772972; UID 10096; state: DISABLED
01-05 04:51:19.871 1490 1567 D CompatibilityChangeReporter: Compat change id reported: 135754954; UID 10096; state: DISABLED
01-05 04:51:19.871 1490 1583 D CompatibilityChangeReporter: Compat change id reported: 143937733; UID 10096; state: DISABLED
01-05 04:51:19.872 1490 1521 I ActivityTaskManager: FOREGROUND_APPLICATION_CHANGED to com.tencent.tmgp.sgame.SGameActivity
01-05 04:51:19.879 1490 1583 I ActivityManager: Start proc 7153:com.tencent.tmgp.sgame/u0a96 for pre-top-activity {com.tencent.tmgp.sgame/com.tencent.tmgp.sgame.SGameActivity}
01-05 04:51:19.880 1490 7154 W ContextImpl: Calling a method in the system process without a qualified user: android.app.ContextImpl.sendBroadcast:1173 com.qualcomm.qti.Performance$SendGameLaunchBroadcast.run:217 java.lang.Thread.run:920
01-05 04:51:19.910 2382 3732 W ContextImpl: Calling a method in the system process without a qualified user: android.app.ContextImpl.startService:1816 android.content.ContextWrapper.startService:774 com.thundercomm.gamemode.ingame.services.GameModeActionUtils.startGameModeService:99 com.thundercomm.gamemode.ingame.services.GameModeActionUtils.startGameModeEntry:22 com.thundercomm.gamemode.ingame.services.ActivityMonitoringService$1.onActivityLaunch:129
01-05 04:51:19.913 1490 1490 I GameModeConfig: Current uri is uri = content://com.thundercomm.gamemode.api/gamemode_settings/gamemode_isgaming
01-05 04:51:19.914 1490 1490 I GameModeConfig: isGameModeOn = false
01-05 04:51:19.914 1490 1490 I GameModeConfig: isGameModeOn = false
01-05 04:51:19.914 1490 1490 I GameModeConfig: isDisableVoice = true
01-05 04:51:19.921 2382 3732 W ContextImpl: Calling a method in the system process without a qualified user: android.app.ContextImpl.startService:1816 android.content.ContextWrapper.startService:774 com.thundercomm.gamemode.ingame.services.GameModeActionUtils.startGameModeService:99 com.thundercomm.gamemode.ingame.services.GameModeActionUtils.startGameModeEntry:22 com.thundercomm.gamemode.ingame.services.ActivityMonitoringService$1.onActivityLaunch:129
01-05 04:51:19.924 1490 1490 I GameModeConfig: Current uri is uri = content://com.thundercomm.gamemode.api/gamemode_settings/gamemode_isgaming
01-05 04:51:19.924 1490 1490 I GameModeConfig: isGameModeOn = false
01-05 04:51:19.925 1490 1490 I GameModeConfig: isGameModeOn = false
01-05 04:51:19.925 1490 1490 I GameModeConfig: isDisableVoice = true
01-05 04:51:19.947 7153 7178 D ActivityThread: Loading provider com.tencent.tmgp.sgame.XG_SETTINGS_PROVIDER: com.tencent.tpns.baseapi.base.SettingsContentProvider
01-05 04:51:19.954 1490 6823 D CompatibilityChangeReporter: Compat change id reported: 135634846; UID 10096; state: DISABLED
01-05 04:51:19.954 1490 6823 D CompatibilityChangeReporter: Compat change id reported: 177438394; UID 10096; state: DISABLED
01-05 04:51:19.954 1490 6823 D CompatibilityChangeReporter: Compat change id reported: 135772972; UID 10096; state: DISABLED
01-05 04:51:19.954 1490 6823 D CompatibilityChangeReporter: Compat change id reported: 135754954; UID 10096; state: DISABLED
01-05 04:51:19.954 1490 1583 D CompatibilityChangeReporter: Compat change id reported: 143937733; UID 10096; state: DISABLED
01-05 04:51:19.959 1490 1583 I ActivityManager: Start proc 7187:com.tencent.tmgp.sgame:xg_vip_service/u0a96 for service {com.tencent.tmgp.sgame/com.tencent.android.tpush.service.XGVipPushService}
01-05 04:51:19.980 2382 3732 W ContextImpl: Calling a method in the system process without a qualified user: android.app.ContextImpl.startService:1816 android.content.ContextWrapper.startService:774 com.thundercomm.gamemode.ingame.services.GameModeActionUtils.startGameModeService:99 com.thundercomm.gamemode.ingame.services.GameModeActionUtils.startGameModeEntry:22 com.thundercomm.gamemode.ingame.services.ActivityMonitoringService$1.onActivityLaunch:129
01-05 04:51:19.982 1490 1490 I GameModeConfig: Current uri is uri = content://com.thundercomm.gamemode.api/gamemode_settings/gamemode_isgaming
01-05 04:51:19.984 1490 1490 I GameModeConfig: isGameModeOn = false
01-05 04:51:19.984 1490 1490 I GameModeConfig: isGameModeOn = false
01-05 04:51:19.984 1490 1490 I GameModeConfig: isDisableVoice = true
01-05 04:51:20.258 1490 4338 W WindowManager: Failed looking up window session=Session{397ddc6 7153:u0a10096} callers=com.android.server.wm.WindowManagerService.windowForClientLocked:5628 com.android.server.wm.Session.insetsModified:629 android.view.IWindowSession$Stub.onTransact:1151
01-05 04:51:20.265 1490 4880 W WindowManager: Failed looking up window session=Session{397ddc6 7153:u0a10096} callers=com.android.server.wm.WindowManagerService.windowForClientLocked:5628 com.android.server.wm.Session.insetsModified:629 android.view.IWindowSession$Stub.onTransact:1151
01-05 04:51:20.384 2382 3732 W ContextImpl: Calling a method in the system process without a qualified user: android.app.ContextImpl.startService:1816 android.content.ContextWrapper.startService:774 com.thundercomm.gamemode.ingame.services.GameModeActionUtils.startGameModeService:99 com.thundercomm.gamemode.ingame.services.GameModeActionUtils.startGameModeEntry:22 com.thundercomm.gamemode.ingame.services.ActivityMonitoringService$1.onActivityLaunch:129
01-05 04:51:20.390 1490 1490 I GameModeConfig: Current uri is uri = content://com.thundercomm.gamemode.api/gamemode_settings/gamemode_isgaming
01-05 04:51:20.391 1490 1490 I GameModeConfig: isGameModeOn = false
01-05 04:51:20.391 1490 1490 I GameModeConfig: isGameModeOn = false
01-05 04:51:20.391 1490 1490 I GameModeConfig: isDisableVoice = true
01-05 04:51:20.422 2382 3732 W ContextImpl: Calling a method in the system process without a qualified user: android.app.ContextImpl.startService:1816 android.content.ContextWrapper.startService:774 com.thundercomm.gamemode.ingame.services.GameModeActionUtils.startGameModeService:99 com.thundercomm.gamemode.ingame.services.GameModeActionUtils.startGameModeEntry:22 com.thundercomm.gamemode.ingame.services.ActivityMonitoringService$1.onActivityLaunch:129
01-05 04:51:20.425 1490 1580 W UsageStatsService: Unexpected activity event reported! (com.android.launcher3/com.android.launcher3.uioverrides.QuickstepLauncher event : 23 instanceId : 134736973)
01-05 04:51:20.426 1490 1490 I GameModeConfig: Current uri is uri = content://com.thundercomm.gamemode.api/gamemode_settings/gamemode_isgaming
01-05 04:51:20.427 1490 1490 I GameModeConfig: isGameModeOn = false
01-05 04:51:20.427 1490 1490 I GameModeConfig: isGameModeOn = false
01-05 04:51:20.427 1490 1490 I GameModeConfig: isDisableVoice = true
01-05 04:51:20.432 2382 3732 W ContextImpl: Calling a method in the system process without a qualified user: android.app.ContextImpl.startService:1816 android.content.ContextWrapper.startService:774 com.thundercomm.gamemode.ingame.services.GameModeActionUtils.startGameModeService:99 com.thundercomm.gamemode.ingame.services.GameModeActionUtils.startGameModeEntry:22 com.thundercomm.gamemode.ingame.services.ActivityMonitoringService$1.onActivityLaunch:129
01-05 04:51:20.434 1490 1490 I GameModeConfig: Current uri is uri = content://com.thundercomm.gamemode.api/gamemode_settings/gamemode_isgaming
01-05 04:51:20.435 1490 1490 I GameModeConfig: isGameModeOn = false
01-05 04:51:20.435 1490 1490 I GameModeConfig: isGameModeOn = false
01-05 04:51:20.435 1490 1490 I GameModeConfig: isDisableVoice = true
01-05 04:51:20.634 1490 4338 W ActivityManager: Unable to start service Intent { act=com.tencent.tpns.mqttchannel.FEEDBACK pkg=com.tencent.tmgp.sgame } U=0: not found
01-05 04:51:23.912 1490 2764 E TaskPersister: File error accessing recents directory (directory doesn't exist?).
01-05 04:51:25.072 1157 7157 I iorapd : Perfetto TraceBuffer saved to file: /data/misc/iorapd/com.tencent.tmgp.sgame/802010901/com.tencent.tmgp.sgame.SGameActivity/raw_traces/1672865485066851246.perfetto_trace.pb
01-05 04:51:28.780 1490 2121 D CompatibilityChangeReporter: Compat change id reported: 149924527; UID 10096; state: ENABLED
01-05 04:51:28.780 1490 2121 D CompatibilityChangeReporter: Compat change id reported: 132649864; UID 10096; state: DISABLED
01-05 04:51:30.128 1490 1717 D ActivityManager: freezing 4934 com.android.music
01-05 04:51:30.132 1490 1717 E ActivityManager: Unable to freeze binder for 4934 com.android.music
01-05 04:51:30.133 1490 1717 D ActivityManager: froze 4934 com.android.music
01-05 04:51:30.133 1490 1717 E ActivityManager: Unable to freeze binder for 4934 com.android.music
01-05 04:51:30.134 1490 1717 I ActivityManager: Killing 4934:com.android.music/u0a86 (adj 965): Unable to freeze binder interface
01-05 04:51:30.332 1490 1717 D ActivityManager: freezing 3923 com.thundercomm.screensaver
01-05 04:51:30.332 1490 1717 E ActivityManager: Unable to freeze binder for 3923 com.thundercomm.screensaver
01-05 04:51:30.334 1490 1717 D ActivityManager: froze 3923 com.thundercomm.screensaver
01-05 04:51:30.334 1490 1717 E ActivityManager: Unable to freeze binder for 3923 com.thundercomm.screensaver
01-05 04:51:30.335 1490 1717 I ActivityManager: Killing 3923:com.thundercomm.screensaver/u0a52 (adj 955): Unable to freeze binder interface
01-05 04:51:30.386 1490 1567 W ActivityManager: setHasOverlayUi called on unknown pid: 3923
01-05 04:53:15.719 1490 1717 D ActivityManager: freezing 5018 com.android.gallery3d
01-05 04:53:15.719 1490 1717 E ActivityManager: Unable to freeze binder for 5018 com.android.gallery3d
01-05 04:53:15.721 1490 1717 D ActivityManager: froze 5018 com.android.gallery3d
01-05 04:53:15.722 1490 1717 E ActivityManager: Unable to freeze binder for 5018 com.android.gallery3d
01-05 04:53:15.724 1490 1717 I ActivityManager: Killing 5018:com.android.gallery3d/u0a70 (adj 965): Unable to freeze binder interface
01-05 04:53:41.194 1490 1717 D ActivityManager: freezing 5242 com.android.webview:webview_service
01-05 04:53:41.194 1490 1717 E ActivityManager: Unable to freeze binder for 5242 com.android.webview:webview_service
01-05 04:53:41.196 1490 1717 D ActivityManager: froze 5242 com.android.webview:webview_service
01-05 04:53:41.197 1490 1717 E ActivityManager: Unable to freeze binder for 5242 com.android.webview:webview_service
01-05 04:53:41.198 1490 1717 I ActivityManager: Killing 5242:com.android.webview:webview_service/u0a68 (adj 955): Unable to freeze binder interface
01-05 04:56:05.143 1490 2121 W ActivityManager: Unable to start service Intent { act=com.tencent.tpns.mqttchannel.FEEDBACK pkg=com.tencent.tmgp.sgame } U=0: not found
01-05 04:56:37.231 1490 1618 W PowerManagerService: Screen on took 907200 ms
01-05 04:56:39.589 1490 1618 V DisplayPowerController[0]: Brightness [0.7373737] reason changing to: 'temporary', previous reason: 'manual'.
01-05 04:56:39.591 1490 1966 E DisplayDeviceConfig: requesting nits when no mapping exists.
01-05 04:56:39.592 1490 1966 E DisplayDeviceConfig: requesting nits when no mapping exists.
01-05 04:56:39.595 1490 1582 I DropBoxManagerService: add tag=system_server_wtf isTagEnabled=true flags=0x2
01-05 04:56:39.602 1490 1582 I DropBoxManagerService: add tag=system_server_wtf isTagEnabled=true flags=0x2
01-05 04:56:39.610 1490 1966 E DisplayDeviceConfig: requesting nits when no mapping exists.
01-05 04:56:39.611 1490 1966 E DisplayDeviceConfig: requesting nits when no mapping exists.
01-05 04:56:39.613 1490 1582 I DropBoxManagerService: add tag=system_server_wtf isTagEnabled=true flags=0x2
01-05 04:56:39.615 1490 1582 I DropBoxManagerService: add tag=system_server_wtf isTagEnabled=true flags=0x2
01-05 04:56:39.641 1490 1966 E DisplayDeviceConfig: requesting nits when no mapping exists.
01-05 04:56:39.642 1490 1966 E DisplayDeviceConfig: requesting nits when no mapping exists.
01-05 04:56:39.643 1490 1582 I DropBoxManagerService: add tag=system_server_wtf isTagEnabled=true flags=0x2
01-05 04:56:39.674 1490 1966 E DisplayDeviceConfig: requesting nits when no mapping exists.
01-05 04:56:39.675 1490 1966 E DisplayDeviceConfig: requesting nits when no mapping exists.
01-05 04:56:39.691 1490 1966 E DisplayDeviceConfig: requesting nits when no mapping exists.
01-05 04:56:39.692 1490 1966 E DisplayDeviceConfig: requesting nits when no mapping exists.
01-05 04:56:39.724 1490 1966 E DisplayDeviceConfig: requesting nits when no mapping exists.
01-05 04:56:39.725 1490 1966 E DisplayDeviceConfig: requesting nits when no mapping exists.
01-05 04:56:39.742 1490 1966 E DisplayDeviceConfig: requesting nits when no mapping exists.
01-05 04:56:39.742 1490 1966 E DisplayDeviceConfig: requesting nits when no mapping exists.
01-05 04:56:40.259 1490 1966 E DisplayDeviceConfig: requesting nits when no mapping exists.
01-05 04:56:40.259 1490 1966 E DisplayDeviceConfig: requesting nits when no mapping exists.
01-05 04:56:40.293 1490 1966 E DisplayDeviceConfig: requesting nits when no mapping exists.
01-05 04:56:40.294 1490 1966 E DisplayDeviceConfig: requesting nits when no mapping exists.
01-05 04:56:40.392 1490 1966 E DisplayDeviceConfig: requesting nits when no mapping exists.
01-05 04:56:40.393 1490 1966 E DisplayDeviceConfig: requesting nits when no mapping exists.
01-05 04:56:40.476 1490 1966 E DisplayDeviceConfig: requesting nits when no mapping exists.
01-05 04:56:40.477 1490 1966 E DisplayDeviceConfig: requesting nits when no mapping exists.
01-05 04:56:40.927 1490 1966 E DisplayDeviceConfig: requesting nits when no mapping exists.
01-05 04:56:40.928 1490 1966 E DisplayDeviceConfig: requesting nits when no mapping exists.
01-05 04:56:41.797 1490 1966 E DisplayDeviceConfig: requesting nits when no mapping exists.
01-05 04:56:41.798 1490 1966 E DisplayDeviceConfig: requesting nits when no mapping exists.
01-05 04:56:41.817 1490 1966 E DisplayDeviceConfig: requesting nits when no mapping exists.
01-05 04:56:41.817 1490 1966 E DisplayDeviceConfig: requesting nits when no mapping exists.
01-05 04:56:41.829 1490 1966 E DisplayDeviceConfig: requesting nits when no mapping exists.
01-05 04:56:41.830 1490 1966 E DisplayDeviceConfig: requesting nits when no mapping exists.
01-05 04:56:41.845 1490 1966 E DisplayDeviceConfig: requesting nits when no mapping exists.
01-05 04:56:41.846 1490 1966 E DisplayDeviceConfig: requesting nits when no mapping exists.
01-05 04:56:41.862 1490 1966 E DisplayDeviceConfig: requesting nits when no mapping exists.
01-05 04:56:41.863 1490 1966 E DisplayDeviceConfig: requesting nits when no mapping exists.
01-05 04:56:41.879 1490 1966 E DisplayDeviceConfig: requesting nits when no mapping exists.
01-05 04:56:41.880 1490 1966 E DisplayDeviceConfig: requesting nits when no mapping exists.
01-05 04:56:41.895 1490 1966 E DisplayDeviceConfig: requesting nits when no mapping exists.
01-05 04:56:41.896 1490 1966 E DisplayDeviceConfig: requesting nits when no mapping exists.
01-05 04:56:41.912 1490 1966 E DisplayDeviceConfig: requesting nits when no mapping exists.
01-05 04:56:41.914 1490 1966 E DisplayDeviceConfig: requesting nits when no mapping exists.
01-05 04:56:41.928 1490 1966 E DisplayDeviceConfig: requesting nits when no mapping exists.
01-05 04:56:41.930 1490 1966 E DisplayDeviceConfig: requesting nits when no mapping exists.
01-05 04:56:41.945 1490 1966 E DisplayDeviceConfig: requesting nits when no mapping exists.
01-05 04:56:41.946 1490 1966 E DisplayDeviceConfig: requesting nits when no mapping exists.
01-05 04:56:41.963 1490 1966 E DisplayDeviceConfig: requesting nits when no mapping exists.
01-05 04:56:41.964 1490 1966 E DisplayDeviceConfig: requesting nits when no mapping exists.
01-05 04:56:41.979 1490 1966 E DisplayDeviceConfig: requesting nits when no mapping exists.
01-05 04:56:41.980 1490 1966 E DisplayDeviceConfig: requesting nits when no mapping exists.
01-05 04:56:41.998 1490 1966 E DisplayDeviceConfig: requesting nits when no mapping exists.
01-05 04:56:41.999 1490 1966 E DisplayDeviceConfig: requesting nits when no mapping exists.
01-05 04:56:42.013 1490 1966 E DisplayDeviceConfig: requesting nits when no mapping exists.
01-05 04:56:42.014 1490 1966 E DisplayDeviceConfig: requesting nits when no mapping exists.
01-05 04:56:42.030 1490 1966 E DisplayDeviceConfig: requesting nits when no mapping exists.
01-05 04:56:42.031 1490 1966 E DisplayDeviceConfig: requesting nits when no mapping exists.
01-05 04:56:42.048 1490 1966 E DisplayDeviceConfig: requesting nits when no mapping exists.
01-05 04:56:42.053 1490 1966 E DisplayDeviceConfig: requesting nits when no mapping exists.
01-05 04:56:42.064 1490 1966 E DisplayDeviceConfig: requesting nits when no mapping exists.
01-05 04:56:42.065 1490 1966 E DisplayDeviceConfig: requesting nits when no mapping exists.
01-05 04:56:42.079 1490 1966 E DisplayDeviceConfig: requesting nits when no mapping exists.
01-05 04:56:42.081 1490 1966 E DisplayDeviceConfig: requesting nits when no mapping exists.
01-05 04:56:42.096 1490 1966 E DisplayDeviceConfig: requesting nits when no mapping exists.
01-05 04:56:42.099 1490 1966 E DisplayDeviceConfig: requesting nits when no mapping exists.
01-05 04:56:42.115 1490 1966 E DisplayDeviceConfig: requesting nits when no mapping exists.
01-05 04:56:42.115 1490 1966 E DisplayDeviceConfig: requesting nits when no mapping exists.
01-05 04:56:42.149 1490 1966 E DisplayDeviceConfig: requesting nits when no mapping exists.
01-05 04:56:42.150 1490 1966 E DisplayDeviceConfig: requesting nits when no mapping exists.
01-05 04:56:42.198 1490 1966 E DisplayDeviceConfig: requesting nits when no mapping exists.
01-05 04:56:42.199 1490 1966 E DisplayDeviceConfig: requesting nits when no mapping exists.
01-05 04:56:42.665 1490 1966 E DisplayDeviceConfig: requesting nits when no mapping exists.
01-05 04:56:42.665 1490 1966 E DisplayDeviceConfig: requesting nits when no mapping exists.
01-05 04:56:42.682 1490 1966 E DisplayDeviceConfig: requesting nits when no mapping exists.
01-05 04:56:42.683 1490 1966 E DisplayDeviceConfig: requesting nits when no mapping exists.
01-05 04:56:42.699 1490 1966 E DisplayDeviceConfig: requesting nits when no mapping exists.
01-05 04:56:42.700 1490 1966 E DisplayDeviceConfig: requesting nits when no mapping exists.
01-05 04:56:43.200 1490 1966 E DisplayDeviceConfig: requesting nits when no mapping exists.
01-05 04:56:43.201 1490 1966 E DisplayDeviceConfig: requesting nits when no mapping exists.
01-05 04:56:43.215 1490 1966 E DisplayDeviceConfig: requesting nits when no mapping exists.
01-05 04:56:43.216 1490 1966 E DisplayDeviceConfig: requesting nits when no mapping exists.
01-05 04:56:43.232 1490 1966 E DisplayDeviceConfig: requesting nits when no mapping exists.
01-05 04:56:43.233 1490 1966 E DisplayDeviceConfig: requesting nits when no mapping exists.
01-05 04:56:43.250 1490 1966 E DisplayDeviceConfig: requesting nits when no mapping exists.
01-05 04:56:43.251 1490 1966 E DisplayDeviceConfig: requesting nits when no mapping exists.
01-05 04:56:43.269 1490 1966 E DisplayDeviceConfig: requesting nits when no mapping exists.
01-05 04:56:43.269 1490 1966 E DisplayDeviceConfig: requesting nits when no mapping exists.
01-05 04:56:43.282 1490 1966 E DisplayDeviceConfig: requesting nits when no mapping exists.
01-05 04:56:43.283 1490 1966 E DisplayDeviceConfig: requesting nits when no mapping exists.
01-05 04:56:43.298 1490 1966 E DisplayDeviceConfig: requesting nits when no mapping exists.
01-05 04:56:43.299 1490 1966 E DisplayDeviceConfig: requesting nits when no mapping exists.
01-05 04:56:43.315 1490 1966 E DisplayDeviceConfig: requesting nits when no mapping exists.
01-05 04:56:43.316 1490 1966 E DisplayDeviceConfig: requesting nits when no mapping exists.
01-05 04:56:43.332 1490 1966 E DisplayDeviceConfig: requesting nits when no mapping exists.
01-05 04:56:43.333 1490 1966 E DisplayDeviceConfig: requesting nits when no mapping exists.
01-05 04:56:43.349 1490 1966 E DisplayDeviceConfig: requesting nits when no mapping exists.
01-05 04:56:43.349 1490 1966 E DisplayDeviceConfig: requesting nits when no mapping exists.
01-05 04:56:43.365 1490 1966 E DisplayDeviceConfig: requesting nits when no mapping exists.
01-05 04:56:43.366 1490 1966 E DisplayDeviceConfig: requesting nits when no mapping exists.
01-05 04:56:43.382 1490 1966 E DisplayDeviceConfig: requesting nits when no mapping exists.
01-05 04:56:43.383 1490 1966 E DisplayDeviceConfig: requesting nits when no mapping exists.
01-05 04:56:43.399 1490 1966 E DisplayDeviceConfig: requesting nits when no mapping exists.
01-05 04:56:43.399 1490 1966 E DisplayDeviceConfig: requesting nits when no mapping exists.
01-05 04:56:43.415 1490 1966 E DisplayDeviceConfig: requesting nits when no mapping exists.
01-05 04:56:43.416 1490 1966 E DisplayDeviceConfig: requesting nits when no mapping exists.
01-05 04:56:43.432 1490 1966 E DisplayDeviceConfig: requesting nits when no mapping exists.
01-05 04:56:43.433 1490 1966 E DisplayDeviceConfig: requesting nits when no mapping exists.
01-05 04:56:43.449 1490 1966 E DisplayDeviceConfig: requesting nits when no mapping exists.
01-05 04:56:43.450 1490 1966 E DisplayDeviceConfig: requesting nits when no mapping exists.
01-05 04:56:43.465 1490 1966 E DisplayDeviceConfig: requesting nits when no mapping exists.
01-05 04:56:43.466 1490 1966 E DisplayDeviceConfig: requesting nits when no mapping exists.
01-05 04:56:43.482 1490 1966 E DisplayDeviceConfig: requesting nits when no mapping exists.
01-05 04:56:43.483 1490 1966 E DisplayDeviceConfig: requesting nits when no mapping exists.
01-05 04:56:43.499 1490 1966 E DisplayDeviceConfig: requesting nits when no mapping exists.
01-05 04:56:43.500 1490 1966 E DisplayDeviceConfig: requesting nits when no mapping exists.
01-05 04:56:43.516 1490 1966 E DisplayDeviceConfig: requesting nits when no mapping exists.
01-05 04:56:43.517 1490 1966 E DisplayDeviceConfig: requesting nits when no mapping exists.
01-05 04:56:43.533 1490 1966 E DisplayDeviceConfig: requesting nits when no mapping exists.
01-05 04:56:43.534 1490 1966 E DisplayDeviceConfig: requesting nits when no mapping exists.
01-05 04:56:43.549 1490 1966 E DisplayDeviceConfig: requesting nits when no mapping exists.
01-05 04:56:43.550 1490 1966 E DisplayDeviceConfig: requesting nits when no mapping exists.
01-05 04:56:43.566 1490 1966 E DisplayDeviceConfig: requesting nits when no mapping exists.
01-05 04:56:43.566 1490 1966 E DisplayDeviceConfig: requesting nits when no mapping exists.
01-05 04:56:43.650 1490 1966 E DisplayDeviceConfig: requesting nits when no mapping exists.
01-05 04:56:43.650 1490 1966 E DisplayDeviceConfig: requesting nits when no mapping exists.
01-05 04:56:43.970 1490 1618 V DisplayPowerController[0]: Brightness [0.959596] reason changing to: 'manual', previous reason: 'temporary'.
01-05 04:56:44.614 1490 1873 I GameModeConfig: isGameModeOn = false
01-05 04:56:44.614 1490 1873 I GameModeConfig: isGameModeOn = false
01-05 04:56:44.614 1490 1873 I GameModeConfig: isGameModeOn = false
01-05 04:56:44.614 1490 1873 I GameModeConfig: isGameModeOn = false
01-05 04:56:44.823 1490 1490 I GameModeConfig: isGameModeOn = false
01-05 04:56:44.885 1490 1873 I GameModeConfig: isGameModeOn = false
01-05 04:56:44.885 1490 1873 I GameModeConfig: isGameModeOn = false
01-05 04:56:44.885 1490 1873 I GameModeConfig: isGameModeOn = false
01-05 04:56:44.885 1490 1873 I GameModeConfig: isGameModeOn = false
01-05 04:56:45.090 1490 1490 I GameModeConfig: isGameModeOn = false
01-05 04:56:45.091 1490 1490 E NotificationService: Muting recently noisy 0|com.android.systemui|2048|null|10081
01-05 04:56:45.412 1490 1993 D CompatibilityChangeReporter: Compat change id reported: 135634846; UID 10081; state: DISABLED
01-05 04:56:45.412 1490 1993 D CompatibilityChangeReporter: Compat change id reported: 177438394; UID 10081; state: DISABLED
01-05 04:56:45.412 1490 1993 D CompatibilityChangeReporter: Compat change id reported: 135772972; UID 10081; state: DISABLED
01-05 04:56:45.412 1490 1993 D CompatibilityChangeReporter: Compat change id reported: 135754954; UID 10081; state: ENABLED
01-05 04:56:45.412 1490 1583 D CompatibilityChangeReporter: Compat change id reported: 143937733; UID 10081; state: ENABLED
01-05 04:56:45.422 1490 1583 I ActivityManager: Start proc 7804:com.android.systemui:screenshot/u0a81 for service {com.android.systemui/com.android.systemui.screenshot.TakeScreenshotService}
01-05 04:56:45.592 1490 1993 D CompatibilityChangeReporter: Compat change id reported: 149924527; UID 10081; state: ENABLED
01-05 04:56:45.592 1490 1522 D CompatibilityChangeReporter: Compat change id reported: 132649864; UID 10081; state: DISABLED
01-05 04:56:45.593 1490 4450 D CompatibilityChangeReporter: Compat change id reported: 182734110; UID 10081; state: ENABLED
01-05 04:56:45.600 1490 1993 D CompatibilityChangeReporter: Compat change id reported: 172100307; UID 10081; state: ENABLED
01-05 04:56:45.989 1490 7531 D CompatibilityChangeReporter: Compat change id reported: 180326732; UID 10081; state: ENABLED
01-05 04:56:48.780 1490 2121 W FreeFormWindowHelper: getCurrentDisplayedFreeFormTask is null
01-05 04:56:48.794 1490 1993 W FreeFormWindowHelper: getCurrentDisplayedFreeFormTask is null
01-05 04:56:48.825 2382 3732 W ContextImpl: Calling a method in the system process without a qualified user: android.app.ContextImpl.startService:1816 android.content.ContextWrapper.startService:774 com.thundercomm.gamemode.ingame.services.GameModeActionUtils.startGameModeService:99 com.thundercomm.gamemode.ingame.services.GameModeActionUtils.startGameModeEntry:22 com.thundercomm.gamemode.ingame.services.ActivityMonitoringService$1.onActivityLaunch:129
01-05 04:56:48.834 1490 1490 I GameModeConfig: Current uri is uri = content://com.thundercomm.gamemode.api/gamemode_settings/gamemode_isgaming
01-05 04:56:48.838 1490 1490 I GameModeConfig: isGameModeOn = false
01-05 04:56:48.838 1490 1490 I GameModeConfig: isGameModeOn = false
01-05 04:56:48.839 1490 1490 I GameModeConfig: isDisableVoice = true
01-05 04:56:48.862 1490 7531 W ActivityTaskManager: getTaskSnapshot: taskId=5064 not found
01-05 04:56:48.866 1490 7531 W FreeFormWindowHelper: getCurrentDisplayedFreeFormTask is null
01-05 04:56:48.868 1490 2121 W ActivityTaskManager: getTaskSnapshot: taskId=5064 not found
01-05 04:56:48.875 1490 7531 W ActivityTaskManager: getTaskSnapshot: taskId=4064 not found
01-05 04:56:48.879 1490 2121 W FreeFormWindowHelper: getCurrentDisplayedFreeFormTask is null
01-05 04:56:48.882 1490 2121 W ActivityTaskManager: getTaskSnapshot: taskId=3064 not found
01-05 04:56:48.885 1490 7531 W ActivityTaskManager: getTaskSnapshot: taskId=2064 not found
01-05 04:56:48.888 1490 7531 W ActivityTaskManager: getTaskSnapshot: taskId=1064 not found
01-05 04:56:48.896 1490 7531 W FreeFormWindowHelper: getCurrentDisplayedFreeFormTask is null
01-05 04:56:48.916 1490 2121 W FreeFormWindowHelper: getCurrentDisplayedFreeFormTask is null
01-05 04:56:48.982 1490 7531 D CompatibilityChangeReporter: Compat change id reported: 149924527; UID 10070; state: ENABLED
01-05 04:56:48.983 1490 7531 D CompatibilityChangeReporter: Compat change id reported: 132649864; UID 10070; state: DISABLED
01-05 04:56:48.987 1490 7531 D CompatibilityChangeReporter: Compat change id reported: 182734110; UID 1000; state: ENABLED
01-05 04:56:48.988 1490 7531 D CompatibilityChangeReporter: Compat change id reported: 182734110; UID 1000; state: DISABLED
01-05 04:56:48.994 1490 7531 I ActivityTaskManager: START u0 {act=android.intent.action.EDIT dat=content://media/external/images/media/128 typ=image/png flg=0x10008003 cmp=com.android.gallery3d/.filtershow.FilterShowActivity} from uid 10081
01-05 04:56:49.002 1490 7531 W ActivityTaskManager: Can't find TaskDisplayArea to determine support for multi window. Task id=65 attached=false
01-05 04:56:49.005 1490 7531 D CompatibilityChangeReporter: Compat change id reported: 174042980; UID 10070; state: DISABLED
01-05 04:56:49.005 1490 7531 D CompatibilityChangeReporter: Compat change id reported: 184838306; UID 10070; state: DISABLED
01-05 04:56:49.005 1490 7531 D CompatibilityChangeReporter: Compat change id reported: 185004937; UID 10070; state: DISABLED
01-05 04:56:49.006 1490 7531 D CompatibilityChangeReporter: Compat change id reported: 181136395; UID 10070; state: DISABLED
01-05 04:56:49.006 1490 1522 W FreeFormWindowHelper: getCurrentDisplayedFreeFormTask is null
01-05 04:56:49.006 1490 7531 D CompatibilityChangeReporter: Compat change id reported: 174042936; UID 10070; state: DISABLED
01-05 04:56:49.012 1490 1567 D CompatibilityChangeReporter: Compat change id reported: 135634846; UID 10070; state: DISABLED
01-05 04:56:49.012 1490 1567 D CompatibilityChangeReporter: Compat change id reported: 177438394; UID 10070; state: DISABLED
01-05 04:56:49.012 1490 1567 D CompatibilityChangeReporter: Compat change id reported: 135772972; UID 10070; state: DISABLED
01-05 04:56:49.012 1490 1567 D CompatibilityChangeReporter: Compat change id reported: 135754954; UID 10070; state: DISABLED
01-05 04:56:49.012 1490 1583 D CompatibilityChangeReporter: Compat change id reported: 143937733; UID 10070; state: DISABLED
01-05 04:56:49.021 1490 1583 I ActivityManager: Start proc 7860:com.android.gallery3d/u0a70 for pre-top-activity {com.android.gallery3d/com.android.gallery3d.filtershow.FilterShowActivity}
01-05 04:56:49.022 1490 7861 W ContextImpl: Calling a method in the system process without a qualified user: android.app.ContextImpl.sendBroadcast:1173 com.qualcomm.qti.Performance$SendGameLaunchBroadcast.run:217 java.lang.Thread.run:920
01-05 04:56:49.038 1490 2121 D CompatibilityChangeReporter: Compat change id reported: 168419799; UID 10070; state: DISABLED
01-05 04:56:49.038 1490 2121 I ActivityTaskManager: The Process com.android.gallery3d Already Exists in BG. So sending its PID: 7860
01-05 04:56:49.106 1490 2121 I ActivityTaskManager: The Process com.android.gallery3d Already Exists in BG. So sending its PID: 7860
01-05 04:56:49.115 2382 3732 W ContextImpl: Calling a method in the system process without a qualified user: android.app.ContextImpl.startService:1816 android.content.ContextWrapper.startService:774 com.thundercomm.gamemode.ingame.services.GameModeActionUtils.startGameModeService:99 com.thundercomm.gamemode.ingame.services.GameModeActionUtils.startGameModeEntry:22 com.thundercomm.gamemode.ingame.services.ActivityMonitoringService$1.onActivityLaunch:129
01-05 04:56:49.117 1490 1490 I GameModeConfig: Current uri is uri = content://com.thundercomm.gamemode.api/gamemode_settings/gamemode_isgaming
01-05 04:56:49.118 1490 1490 I GameModeConfig: isGameModeOn = false
01-05 04:56:49.118 1490 1490 I GameModeConfig: isGameModeOn = false
01-05 04:56:49.118 1490 1490 I GameModeConfig: isDisableVoice = true
01-05 04:56:49.369 1490 2121 I ActivityTaskManager: FOREGROUND_APPLICATION_CHANGED to com.android.gallery3d.filtershow.FilterShowActivity
01-05 04:56:49.370 1490 2121 I ActivityTaskManager: The Process com.android.gallery3d Already Exists in BG. So sending its PID: 7860
01-05 04:56:49.379 2382 3732 W ContextImpl: Calling a method in the system process without a qualified user: android.app.ContextImpl.startService:1816 android.content.ContextWrapper.startService:774 com.thundercomm.gamemode.ingame.services.GameModeActionUtils.startGameModeService:99 com.thundercomm.gamemode.ingame.services.GameModeActionUtils.startGameModeEntry:22 com.thundercomm.gamemode.ingame.services.ActivityMonitoringService$1.onActivityLaunch:129
01-05 04:56:49.381 1490 1490 I GameModeConfig: Current uri is uri = content://com.thundercomm.gamemode.api/gamemode_settings/gamemode_isgaming
01-05 04:56:49.381 1490 1490 I GameModeConfig: isGameModeOn = false
01-05 04:56:49.382 1490 1490 I GameModeConfig: isGameModeOn = false
01-05 04:56:49.382 1490 1490 I GameModeConfig: isDisableVoice = true
01-05 04:56:49.477 1490 2487 D CompatibilityChangeReporter: Compat change id reported: 182734110; UID 10070; state: DISABLED
01-05 04:56:49.498 2382 3732 W ContextImpl: Calling a method in the system process without a qualified user: android.app.ContextImpl.startService:1816 android.content.ContextWrapper.startService:774 com.thundercomm.gamemode.ingame.services.GameModeActionUtils.startGameModeService:99 com.thundercomm.gamemode.ingame.services.GameModeActionUtils.startGameModeEntry:22 com.thundercomm.gamemode.ingame.services.ActivityMonitoringService$1.onActivityLaunch:129
01-05 04:56:49.503 1490 1490 I GameModeConfig: Current uri is uri = content://com.thundercomm.gamemode.api/gamemode_settings/gamemode_isgaming
01-05 04:56:49.506 1490 1490 I GameModeConfig: isGameModeOn = false
01-05 04:56:49.506 1490 1490 I GameModeConfig: isGameModeOn = false
01-05 04:56:49.506 1490 1490 I GameModeConfig: isDisableVoice = true
01-05 04:56:49.520 1490 1580 W UsageStatsService: Unexpected activity event reported! (com.android.launcher3/com.android.launcher3.uioverrides.QuickstepLauncher event : 23 instanceId : 134736973)
01-05 04:56:49.527 2382 3732 W ContextImpl: Calling a method in the system process without a qualified user: android.app.ContextImpl.startService:1816 android.content.ContextWrapper.startService:774 com.thundercomm.gamemode.ingame.services.GameModeActionUtils.startGameModeService:99 com.thundercomm.gamemode.ingame.services.GameModeActionUtils.startGameModeEntry:22 com.thundercomm.gamemode.ingame.services.ActivityMonitoringService$1.onActivityLaunch:129
01-05 04:56:49.531 1490 1490 I GameModeConfig: Current uri is uri = content://com.thundercomm.gamemode.api/gamemode_settings/gamemode_isgaming
01-05 04:56:49.533 1490 1490 I GameModeConfig: isGameModeOn = false
01-05 04:56:49.533 1490 1490 I GameModeConfig: isGameModeOn = false
01-05 04:56:49.533 1490 1490 I GameModeConfig: isDisableVoice = true
01-05 04:56:49.540 2382 3732 W ContextImpl: Calling a method in the system process without a qualified user: android.app.ContextImpl.startService:1816 android.content.ContextWrapper.startService:774 com.thundercomm.gamemode.ingame.services.GameModeActionUtils.startGameModeService:99 com.thundercomm.gamemode.ingame.services.GameModeActionUtils.startGameModeEntry:22 com.thundercomm.gamemode.ingame.services.ActivityMonitoringService$1.onActivityLaunch:129
01-05 04:56:49.542 1490 1490 I GameModeConfig: Current uri is uri = content://com.thundercomm.gamemode.api/gamemode_settings/gamemode_isgaming
01-05 04:56:49.543 1490 1490 I GameModeConfig: isGameModeOn = false
01-05 04:56:49.544 1490 1490 I GameModeConfig: isGameModeOn = false
01-05 04:56:49.544 1490 1490 I GameModeConfig: isDisableVoice = true
01-05 04:56:49.549 2382 3732 W ContextImpl: Calling a method in the system process without a qualified user: android.app.ContextImpl.startService:1816 android.content.ContextWrapper.startService:774 com.thundercomm.gamemode.ingame.services.GameModeActionUtils.startGameModeService:99 com.thundercomm.gamemode.ingame.services.GameModeActionUtils.startGameModeEntry:22 com.thundercomm.gamemode.ingame.services.ActivityMonitoringService$1.onActivityLaunch:129
01-05 04:56:49.551 1490 1490 I GameModeConfig: Current uri is uri = content://com.thundercomm.gamemode.api/gamemode_settings/gamemode_isgaming
01-05 04:56:49.552 1490 1490 I GameModeConfig: isGameModeOn = false
01-05 04:56:49.552 1490 1490 I GameModeConfig: isGameModeOn = false
01-05 04:56:49.552 1490 1490 I GameModeConfig: isDisableVoice = true
01-05 04:56:52.018 1490 2764 E TaskPersister: File error accessing recents directory (directory doesn't exist?).
01-05 04:56:53.311 1490 3301 W FreeFormWindowHelper: getCurrentDisplayedFreeFormTask is null
01-05 04:56:53.345 1490 1522 W FreeFormWindowHelper: getCurrentDisplayedFreeFormTask is null
01-05 04:56:53.347 2382 3732 W ContextImpl: Calling a method in the system process without a qualified user: android.app.ContextImpl.startService:1816 android.content.ContextWrapper.startService:774 com.thundercomm.gamemode.ingame.services.GameModeActionUtils.startGameModeService:99 com.thundercomm.gamemode.ingame.services.GameModeActionUtils.startGameModeEntry:22 com.thundercomm.gamemode.ingame.services.ActivityMonitoringService$1.onActivityLaunch:129
01-05 04:56:53.353 1490 1490 I GameModeConfig: Current uri is uri = content://com.thundercomm.gamemode.api/gamemode_settings/gamemode_isgaming
01-05 04:56:53.355 1490 1490 I GameModeConfig: isGameModeOn = false
01-05 04:56:53.356 1490 1490 I GameModeConfig: isGameModeOn = false
01-05 04:56:53.356 1490 1490 I GameModeConfig: isDisableVoice = true
01-05 04:56:53.378 1490 1522 W FreeFormWindowHelper: getCurrentDisplayedFreeFormTask is null
01-05 04:56:53.380 1490 1522 W ActivityTaskManager: getTaskSnapshot: taskId=1064 not found
01-05 04:56:53.381 1490 1522 W ActivityTaskManager: getTaskSnapshot: taskId=2064 not found
01-05 04:56:53.383 1490 1522 W ActivityTaskManager: getTaskSnapshot: taskId=3064 not found
01-05 04:56:53.384 1490 1522 W ActivityTaskManager: getTaskSnapshot: taskId=4064 not found
01-05 04:56:53.386 1490 4450 W FreeFormWindowHelper: getCurrentDisplayedFreeFormTask is null
01-05 04:56:53.389 1490 4450 W ActivityTaskManager: getTaskSnapshot: taskId=4064 not found
01-05 04:56:53.391 1490 1522 W FreeFormWindowHelper: getCurrentDisplayedFreeFormTask is null
01-05 04:56:53.392 1490 4450 W ActivityTaskManager: getTaskSnapshot: taskId=3064 not found
01-05 04:56:53.393 1490 4450 W ActivityTaskManager: getTaskSnapshot: taskId=2064 not found
01-05 04:56:53.393 1490 4450 W ActivityTaskManager: getTaskSnapshot: taskId=1064 not found
01-05 04:56:53.409 1490 3301 W FreeFormWindowHelper: getCurrentDisplayedFreeFormTask is null
01-05 04:56:53.514 1490 3301 W FreeFormWindowHelper: getCurrentDisplayedFreeFormTask is null
01-05 04:56:54.034 1157 7851 I iorapd : Perfetto TraceBuffer saved to file: /data/misc/iorapd/com.android.gallery3d/40030/com.android.gallery3d.filtershow.FilterShowActivity/raw_traces/1672865814033042163.perfetto_trace.pb
