01-05 07:08:47.900 1490 2488 I sysui_multi_action: [757,128,758,2,793,9477735,794,1830,795,9477735,796,26,798,0,806,android,857,DEVELOPER_IMPORTANT,858,4,947,0,1395,2,1500,9477350,1688,1]
01-05 07:08:47.900 1490 2488 I notification_visibility: [-1|android|26|null|1000,0,9477735,9477735,0,0]
01-05 07:08:47.901 1490 2488 I sysui_multi_action: [757,128,758,2,793,9478529,794,1831,795,9478529,796,32,798,1,806,android,857,USB,858,1,947,0,1395,2,1500,9478271,1688,1]
01-05 07:08:47.901 1490 2488 I notification_visibility: [-1|android|32|null|1000,0,9478529,9478529,0,1]
01-05 07:08:47.902 1490 2488 I sysui_multi_action: [757,127,758,2]
01-05 07:08:47.902 1490 2488 I notification_panel_hidden:
01-05 07:08:47.921 1490 1741 I input_focus: [Focus leaving 800ae9 NotificationShade (server),reason=NO_WINDOW]
01-05 07:08:47.921 1490 1741 I input_focus: [Focus entering 8beefb7 com.tencent.tmgp.sgame/com.tencent.tmgp.sgame.SGameActivity (server),reason=setFocusedWindow]
01-05 07:08:47.937 1490 1490 I GameModeConfig: isGameModeOn = true
01-05 07:08:47.937 1490 1490 I GameModeConfig: isGaming = true
01-05 07:08:47.937 1490 1490 I GameModeConfig: isDisableNotification = true
01-05 07:08:47.937 1490 1490 I GameModeConfig: isGameModeOn = true
01-05 07:08:47.937 1490 1490 I GameModeConfig: isGaming = true
01-05 07:08:47.937 1490 1490 I GameModeConfig: isDisableNotification = true
01-05 07:08:48.359 0 0 I auditd : type=1400 audit(0.0:8354): avc: denied { kill } for comm="swapper/3" capability=5 scontext=u:r:kernel:s0 tcontext=u:r:kernel:s0 tclass=capability permissive=0
01-05 07:08:48.593 1490 1741 I input_interaction: Interaction with: 9ccc399 gamemode.floatview (server), edge-swipe (server), swipe-up (server), PointerEventDispatcher0 (server),
01-05 07:08:49.359 0 0 I auditd : type=1400 audit(0.0:8355): avc: denied { kill } for comm="swapper/3" capability=5 scontext=u:r:kernel:s0 tcontext=u:r:kernel:s0 tclass=capability permissive=0
01-05 07:08:50.355 0 0 I auditd : type=1400 audit(0.0:8356): avc: denied { kill } for comm="swapper/3" capability=5 scontext=u:r:kernel:s0 tcontext=u:r:kernel:s0 tclass=capability permissive=0
01-05 07:08:51.222 1490 1741 I input_interaction: Interaction with: cb63892 gamemode.menuview (server), edge-swipe (server), swipe-up (server), PointerEventDispatcher0 (server),
01-05 07:08:51.359 0 0 I auditd : type=1400 audit(0.0:8357): avc: denied { kill } for comm="swapper/3" capability=5 scontext=u:r:kernel:s0 tcontext=u:r:kernel:s0 tclass=capability permissive=0
01-05 07:08:52.359 0 0 I auditd : type=1400 audit(0.0:8358): avc: denied { kill } for comm="swapper/3" capability=5 scontext=u:r:kernel:s0 tcontext=u:r:kernel:s0 tclass=capability permissive=0
01-05 07:08:53.109 2382 2382 W ContextImpl: Calling a method in the system process without a qualified user: android.app.ContextImpl.startActivity:1055 com.thundercomm.gamemode.ingame.services.GameModeActionUtils.showScreenRecordSettingView:45 com.thundercomm.gamemode.ingame.ui.view.MenuView.onCheckedChanged:299 com.thundercomm.gamemode.view.CusCheckItem$1.onClick:86 android.view.View.performClick:7441
01-05 07:08:53.109 2382 2382 W ContextImpl: Calling a method in the system process without a qualified user: android.app.ContextImpl.startActivity:1067 android.app.ContextImpl.startActivity:1056 com.thundercomm.gamemode.ingame.services.GameModeActionUtils.showScreenRecordSettingView:45 com.thundercomm.gamemode.ingame.ui.view.MenuView.onCheckedChanged:299 com.thundercomm.gamemode.view.CusCheckItem$1.onClick:86
01-05 07:08:53.112 1490 7102 I thunderperf: PlatormCompat.setOverrides: Uid1=1000 Pid1=2382 Uid2=1000 Pid2=2382
01-05 07:08:53.112 1490 7102 I thunderperf: PlatormCompat.setOverrides: needCheck:false
01-05 07:08:53.128 1490 7102 I ActivityTaskManager: START u0 {flg=0x10000000 cmp=com.android.systemui/.screenrecord.ScreenRecordDialog} from uid 1000
01-05 07:08:53.134 1490 7102 I wm_task_created: [74,-1]
01-05 07:08:53.134 1490 7102 W ActivityTaskManager: Can't find TaskDisplayArea to determine support for multi window. Task id=74 attached=false
01-05 07:08:53.138 1490 7102 I wm_task_moved: [74,1,8]
01-05 07:08:53.138 1490 7102 I wm_task_to_front: [0,74]
01-05 07:08:53.138 1490 7102 I wm_create_task: [0,74]
01-05 07:08:53.138 1490 7102 I wm_create_activity: [0,144605082,74,com.android.systemui/.screenrecord.ScreenRecordDialog,NULL,NULL,NULL,276824064]
01-05 07:08:53.138 1490 7102 I wm_task_moved: [74,1,8]
01-05 07:08:53.138 8773 8773 I wm_on_top_resumed_lost_called: [201917619,com.tencent.tmgp.sgame.SGameActivity,topStateChangedWhenResumed]
01-05 07:08:53.139 1490 7102 I wm_pause_activity: [0,201917619,com.tencent.tmgp.sgame/.SGameActivity,userLeaving=true,pauseBackTasks]
01-05 07:08:53.359 0 0 I auditd : type=1400 audit(0.0:8359): avc: denied { kill } for comm="swapper/3" capability=5 scontext=u:r:kernel:s0 tcontext=u:r:kernel:s0 tclass=capability permissive=0
01-05 07:08:53.564 8773 8773 I wm_on_paused_called: [201917619,com.tencent.tmgp.sgame.SGameActivity,performPause]
01-05 07:08:53.564 1490 7102 I ActivityTaskManager: FOREGROUND_APPLICATION_CHANGED to com.android.systemui.screenrecord.ScreenRecordDialog
01-05 07:08:53.565 1490 7102 I ActivityTaskManager: The Process com.android.systemui Already Exists in BG. So sending its PID: 1991
01-05 07:08:53.565 1490 7102 W ActivityTaskManager: Tried to set launchTime (0) < mLastActivityLaunchTime (9256593)
01-05 07:08:53.565 1490 7102 I wm_restart_activity: [0,144605082,74,com.android.systemui/.screenrecord.ScreenRecordDialog]
01-05 07:08:53.566 1490 7102 I wm_set_resumed_activity: [0,com.android.systemui/.screenrecord.ScreenRecordDialog,minimalResumeActivityLocked]
01-05 07:08:53.568 1490 1567 I sysui_multi_action: [757,803,799,window_time_0,802,28]
01-05 07:08:53.583 1991 1991 I wm_on_create_called: [144605082,com.android.systemui.screenrecord.ScreenRecordDialog,performCreate]
01-05 07:08:53.583 1991 1991 I wm_on_start_called: [144605082,com.android.systemui.screenrecord.ScreenRecordDialog,handleStartActivity]
01-05 07:08:53.583 1991 1991 I wm_on_resume_called: [144605082,com.android.systemui.screenrecord.ScreenRecordDialog,RESUME_ACTIVITY]
01-05 07:08:53.585 1991 1991 I wm_on_top_resumed_gained_called: [144605082,com.android.systemui.screenrecord.ScreenRecordDialog,topStateChangedWhenResumed]
01-05 07:08:53.599 1490 1569 I input_focus: [Focus request d765df9 com.android.systemui/com.android.systemui.screenrecord.ScreenRecordDialog,reason=UpdateInputWindows]
01-05 07:08:53.609 1490 1564 I sysui_multi_action: [319,480,322,479,325,9493,757,761,758,8,759,2,806,com.android.systemui,871,com.android.systemui.screenrecord.ScreenRecordDialog,904,com.thundercomm.gamemode,905,0,1320,4,1321,1]
01-05 07:08:53.610 1490 1564 I wm_activity_launch_time: [0,144605082,com.android.systemui/.screenrecord.ScreenRecordDialog,479]
01-05 07:08:53.615 1490 1741 I input_focus: [Focus leaving 8beefb7 com.tencent.tmgp.sgame/com.tencent.tmgp.sgame.SGameActivity (server),reason=Waiting for window because NOT_VISIBLE]
01-05 07:08:53.630 1490 1741 I input_focus: [Focus entering d765df9 com.android.systemui/com.android.systemui.screenrecord.ScreenRecordDialog (server),reason=Window became focusable. Previous reason: NOT_VISIBLE]
01-05 07:08:53.657 1490 1580 I am_pss : [9446,10066,com.android.calendar,28840960,21049344,53248,140918784,0,15,6]
01-05 07:08:53.664 1490 1580 I am_pss : [9565,10070,com.android.gallery3d,7595008,5230592,54272,89194496,0,19,4]
01-05 07:08:53.669 2382 3732 W ContextImpl: Calling a method in the system process without a qualified user: android.app.ContextImpl.startService:1816 android.content.ContextWrapper.startService:774 com.thundercomm.gamemode.ingame.services.GameModeActionUtils.startGameModeService:99 com.thundercomm.gamemode.ingame.services.GameModeActionUtils.startGameModeEntry:22 com.thundercomm.gamemode.ingame.services.ActivityMonitoringService$1.onActivityLaunch:129
01-05 07:08:53.670 1490 1580 I am_pss : [9530,10086,com.android.music,7523328,5320704,54272,87236608,0,19,4]
01-05 07:08:53.671 1490 1490 I GameModeConfig: Current uri is uri = content://com.thundercomm.gamemode.api/gamemode_settings/gamemode_isgaming
01-05 07:08:53.673 1490 1490 I GameModeConfig: isGameModeOn = true
01-05 07:08:53.673 1490 1490 I GameModeConfig: isGaming = false
01-05 07:08:53.673 1490 1490 I GameModeConfig: isGameModeOn = true
01-05 07:08:53.673 1490 1490 I GameModeConfig: isGaming = false
01-05 07:08:53.673 1490 1490 I GameModeConfig: isDisableVoice = true
01-05 07:08:53.677 1490 1580 I am_pss : [9528,1000,com.android.settings,19335168,16826368,54272,102936576,0,19,5]
01-05 07:08:53.683 1490 1580 I am_pss : [9529,10067,com.android.deskclock,8838144,6045696,54272,91594752,0,19,5]
01-05 07:08:53.689 1490 1580 I am_pss : [9470,10033,com.android.providers.calendar,8026112,5275648,54272,94126080,0,19,5]
01-05 07:08:53.694 1490 1580 I am_pss : [9410,1000,com.qti.diagservices,6893568,4014080,54272,90349568,0,10,5]
01-05 07:08:53.870 1490 1716 I commit_sys_config_file: [settings-1-0,1]
01-05 07:08:54.359 0 0 I auditd : type=1400 audit(0.0:8360): avc: denied { kill } for comm="swapper/3" capability=5 scontext=u:r:kernel:s0 tcontext=u:r:kernel:s0 tclass=capability permissive=0
01-05 07:08:55.064 1490 1741 I input_interaction: Interaction with: d765df9 com.android.systemui/com.android.systemui.screenrecord.ScreenRecordDialog (server), edge-swipe (server), swipe-up (server), PointerEventDispatcher0 (server),
01-05 07:08:55.359 0 0 I auditd : type=1400 audit(0.0:8361): avc: denied { kill } for comm="swapper/3" capability=5 scontext=u:r:kernel:s0 tcontext=u:r:kernel:s0 tclass=capability permissive=0
01-05 07:08:56.359 0 0 I auditd : type=1400 audit(0.0:8362): avc: denied { kill } for comm="swapper/3" capability=5 scontext=u:r:kernel:s0 tcontext=u:r:kernel:s0 tclass=capability permissive=0
01-05 07:08:56.984 1490 1490 W WindowManager: removeWindowToken: Attempted to remove non-existing token: android.os.Binder@d865988
01-05 07:08:57.281 1490 2121 I wm_finish_activity: [0,144605082,74,com.android.systemui/.screenrecord.ScreenRecordDialog,app-request]
01-05 07:08:57.282 1490 2121 I wm_task_moved: [66,1,8]
01-05 07:08:57.282 1490 2121 I wm_task_to_front: [0,66]
01-05 07:08:57.284 1490 2121 I wm_focused_root_task: [0,0,66,74,finish-top adjustFocusToNextFocusableTask]
01-05 07:08:57.293 1490 2121 I wm_pause_activity: [0,144605082,com.android.systemui/.screenrecord.ScreenRecordDialog,userLeaving=false,finish]
01-05 07:08:57.297 1490 1569 I input_focus: [Focus request 8beefb7 com.tencent.tmgp.sgame/com.tencent.tmgp.sgame.SGameActivity,reason=UpdateInputWindows]
01-05 07:08:57.315 1991 1991 I wm_on_top_resumed_lost_called: [144605082,com.android.systemui.screenrecord.ScreenRecordDialog,topStateChangedWhenResumed]
01-05 07:08:57.319 1991 1991 I wm_on_paused_called: [144605082,com.android.systemui.screenrecord.ScreenRecordDialog,performPause]
01-05 07:08:57.322 1490 2488 I ActivityTaskManager: FOREGROUND_APPLICATION_CHANGED to com.tencent.tmgp.sgame.SGameActivity
01-05 07:08:57.322 1490 1741 I input_focus: [Focus leaving d765df9 com.android.systemui/com.android.systemui.screenrecord.ScreenRecordDialog (server),reason=NO_WINDOW]
01-05 07:08:57.323 1490 1741 I input_focus: [Focus entering 8beefb7 com.tencent.tmgp.sgame/com.tencent.tmgp.sgame.SGameActivity (server),reason=setFocusedWindow]
01-05 07:08:57.327 1490 2488 I wm_set_resumed_activity: [0,com.tencent.tmgp.sgame/.SGameActivity,resumeTopActivityInnerLocked]
01-05 07:08:57.331 1490 2488 I wm_resume_activity: [0,201917619,66,com.tencent.tmgp.sgame/.SGameActivity]
01-05 07:08:57.345 8773 8773 I wm_on_resume_called: [201917619,com.tencent.tmgp.sgame.SGameActivity,RESUME_ACTIVITY]
01-05 07:08:57.345 8773 8773 I wm_on_top_resumed_gained_called: [201917619,com.tencent.tmgp.sgame.SGameActivity,topWhenResuming]
01-05 07:08:57.348 1490 1567 I sysui_multi_action: [757,803,799,window_time_0,802,4]
01-05 07:08:57.361 1490 2121 I wm_destroy_activity: [0,144605082,74,com.android.systemui/.screenrecord.ScreenRecordDialog,finish-idle]
01-05 07:08:57.365 1991 1991 I wm_on_stop_called: [144605082,com.android.systemui.screenrecord.ScreenRecordDialog,LIFECYCLER_STOP_ACTIVITY]
01-05 07:08:57.365 1991 1991 I wm_on_destroy_called: [144605082,com.android.systemui.screenrecord.ScreenRecordDialog,performDestroy]
01-05 07:08:57.452 2382 3732 W ContextImpl: Calling a method in the system process without a qualified user: android.app.ContextImpl.startService:1816 android.content.ContextWrapper.startService:774 com.thundercomm.gamemode.ingame.services.GameModeActionUtils.startGameModeService:99 com.thundercomm.gamemode.ingame.services.GameModeActionUtils.startGameModeEntry:22 com.thundercomm.gamemode.ingame.services.ActivityMonitoringService$1.onActivityLaunch:129
01-05 07:08:57.460 1490 1490 I GameModeConfig: Current uri is uri = content://com.thundercomm.gamemode.api/gamemode_settings/gamemode_isgaming
01-05 07:08:57.464 1490 1490 I GameModeConfig: isGameModeOn = true
01-05 07:08:57.464 1490 1490 I GameModeConfig: isGaming = true
01-05 07:08:57.464 1490 1490 I GameModeConfig: isDisableNotification = true
01-05 07:08:57.467 1490 1490 I GameModeConfig: isGameModeOn = true
01-05 07:08:57.467 1490 1490 I GameModeConfig: isGaming = true
01-05 07:08:57.467 1490 1490 I GameModeConfig: isDisableNotification = true
01-05 07:08:57.589 1490 1569 I wm_task_removed: [74,removeChild:removeChild last r=ActivityRecord{89e7f9a u0 com.android.systemui/.screenrecord.ScreenRecordDialog t-1 f}} in t=Task{5b5e0b5 #74 type=standard A=10081:com.android.systemui U=0 visible=false mode=fullscreen translucent=true sz=0}]
01-05 07:08:57.589 1490 1569 I wm_task_removed: [74,removeChild]
01-05 07:08:57.591 1490 1569 W ActivityTaskManager: Can't find TaskDisplayArea to determine support for multi window. Task id=74 attached=false
01-05 07:08:57.591 1490 1569 W ActivityTaskManager: Can't find TaskDisplayArea to determine support for multi window. Task id=74 attached=false
01-05 07:08:57.654 1490 1716 I commit_sys_config_file: [settings-1-0,4]
01-05 07:08:57.988 1490 1873 I GameModeConfig: isGameModeOn = true
01-05 07:08:57.988 1490 1873 I GameModeConfig: isGaming = true
01-05 07:08:57.988 1490 1873 I GameModeConfig: isDisableNotification = true
01-05 07:08:57.988 1490 1873 I GameModeConfig: isGameModeOn = true
01-05 07:08:57.988 1490 1873 I GameModeConfig: isGaming = true
01-05 07:08:57.988 1490 1873 I GameModeConfig: isDisableNotification = true
01-05 07:08:59.359 0 0 I auditd : type=1400 audit(0.0:8363): avc: denied { kill } for comm="swapper/2" capability=5 scontext=u:r:kernel:s0 tcontext=u:r:kernel:s0 tclass=capability permissive=0
01-05 07:09:00.337 1490 2764 E TaskPersister: File error accessing recents directory (directory doesn't exist?).
01-05 07:09:00.403 498 498 I auditd : avc: denied { find } for pid=1201 uid=1013 name=package_native scontext=u:r:mediaserver:s0 tcontext=u:object_r:package_native_service:s0 tclass=service_manager permissive=0
01-05 07:09:00.404 498 498 I auditd : avc: denied { find } for pid=1201 uid=1013 name=package_native scontext=u:r:mediaserver:s0 tcontext=u:object_r:package_native_service:s0 tclass=service_manager permissive=0
01-05 07:09:00.470 1490 2121 I DisplayDeviceRepository: Display device added: DisplayDeviceInfo{"Recording Display": uniqueId="virtual:com.android.systemui,10081,Recording Display,0", 2560 x 1080, modeId 3, defaultModeId 3, supportedModes [{id=3, width=2560, height=1080, fps=60.0, alternativeRefreshRates=[]}], colorMode 0, supportedColorModes [0], hdrCapabilities null, allmSupported false, gameContentTypeSupported false, density 240, 240.0 x 240.0 dpi, appVsyncOff 0, presDeadline 16666666, touch NONE, rotation 0, type VIRTUAL, deviceProductInfo null, state ON, owner com.android.systemui (uid 10081), frameRateOverride , brightnessMinimum 0.0, brightnessMaximum 0.0, brightnessDefault 0.0, FLAG_PRIVATE, FLAG_PRESENTATION}
01-05 07:09:00.471 1490 2121 I LogicalDisplayMapper: Applying layout: [{addr: {port=129, model=0x40446d97fee5e6}, dispId: 0(ON)}], Previous layout: [{addr: {port=129, model=0x40446d97fee5e6}, dispId: 0(ON)}]
01-05 07:09:00.472 1490 2121 I LogicalDisplayMapper: Adding new display: 3: DisplayInfo{"Recording Display", displayId 3", displayGroupId -1, FLAG_PRIVATE, FLAG_PRESENTATION, real 2560 x 1080, largest app 2560 x 1080, smallest app 2560 x 1080, appVsyncOff 0, presDeadline 16666666, mode 3, defaultMode 3, modes [{id=3, width=2560, height=1080, fps=60.0, alternativeRefreshRates=[]}], hdrCapabilities null, userDisabledHdrTypes [], minimalPostProcessingSupported false, rotation 0, state ON, type VIRTUAL, uniqueId "virtual:com.android.systemui,10081,Recording Display,0", app 2560 x 1080, density 240 (240.0 x 240.0) dpi, layerStack 3, colorMode 0, supportedColorModes [0], deviceProductInfo null, owner com.android.systemui (uid 10081), removeMode 1, refreshRateOverride 0.0, brightnessMinimum 0.0, brightnessMaximum 0.0, brightnessDefault 0.0}
01-05 07:09:00.472 1490 2121 I LogicalDisplayMapper: Setting new display group 0 for display 3, from previous group: null
01-05 07:09:00.473 1490 2121 W DisplayPowerController[3]: Screen brightness nits configuration is unavailable; falling back
01-05 07:09:00.493 1490 1565 W DisplayManagerService: Display DisplayDeviceInfo{"Recording Display": uniqueId="virtual:com.android.systemui,10081,Recording Display,0", 2560 x 1080, modeId 3, defaultModeId 3, supportedModes [{id=3, width=2560, height=1080, fps=60.0, alternativeRefreshRates=[]}], colorMode 0, supportedColorModes [0], hdrCapabilities null, allmSupported false, gameContentTypeSupported false, density 240, 240.0 x 240.0 dpi, appVsyncOff 0, presDeadline 16666666, touch NONE, rotation 0, type VIRTUAL, deviceProductInfo null, state ON, owner com.android.systemui (uid 10081), frameRateOverride , brightnessMinimum 0.0, brightnessMaximum 0.0, brightnessDefault 0.0, FLAG_PRIVATE, FLAG_PRESENTATION} does not support input device matching.
01-05 07:09:00.494 1490 1565 W DisplayManagerService: Display DisplayDeviceInfo{"Recording Display": uniqueId="virtual:com.android.systemui,10081,Recording Display,0", 2560 x 1080, modeId 3, defaultModeId 3, supportedModes [{id=3, width=2560, height=1080, fps=60.0, alternativeRefreshRates=[]}], colorMode 0, supportedColorModes [0], hdrCapabilities null, allmSupported false, gameContentTypeSupported false, density 240, 240.0 x 240.0 dpi, appVsyncOff 0, presDeadline 16666666, touch NONE, rotation 0, type VIRTUAL, deviceProductInfo null, state ON, owner com.android.systemui (uid 10081), frameRateOverride , brightnessMinimum 0.0, brightnessMaximum 0.0, brightnessDefault 0.0, FLAG_PRIVATE, FLAG_PRESENTATION} does not support input device matching.
01-05 07:09:00.497 1490 1716 I commit_sys_config_file: [settings-1-0,5]
01-05 07:09:00.498 1490 1565 W WindowManager: Unable to take screenshot of display 3
01-05 07:09:00.498 1490 1565 I WindowManager: Override config changes=20005df8 {0.0 ?mcc?mnc ?localeList ?layoutDir sw720dp w1706dp h720dp 240dpi xlrg long land ?uimode ?night -touch -keyb/v/h -nav/h winConfig={ mBounds=Rect(0, 0 - 2560, 1080) mAppBounds=Rect(0, 0 - 2560, 1080) mMaxBounds=Rect(0, 0 - 2560, 1080) mWindowingMode=fullscreen mDisplayWindowingMode=fullscreen mActivityType=undefined mAlwaysOnTop=undefined mRotation=ROTATION_0} ?fontWeightAdjustment} for displayId=3
01-05 07:09:00.498 1490 1565 I sysui_multi_action: [757,1659,758,4,759,2,1660,3]
01-05 07:09:00.499 1490 1565 W DisplayManagerService: Display DisplayDeviceInfo{"Recording Display": uniqueId="virtual:com.android.systemui,10081,Recording Display,0", 2560 x 1080, modeId 3, defaultModeId 3, supportedModes [{id=3, width=2560, height=1080, fps=60.0, alternativeRefreshRates=[]}], colorMode 0, supportedColorModes [0], hdrCapabilities null, allmSupported false, gameContentTypeSupported false, density 240, 240.0 x 240.0 dpi, appVsyncOff 0, presDeadline 16666666, touch NONE, rotation 0, type VIRTUAL, deviceProductInfo null, state ON, owner com.android.systemui (uid 10081), frameRateOverride , brightnessMinimum 0.0, brightnessMaximum 0.0, brightnessDefault 0.0, FLAG_PRIVATE, FLAG_PRESENTATION} does not support input device matching.
01-05 07:09:00.501 1490 1565 I WindowManager: Screen frozen for +6ms due to new-config
01-05 07:09:00.503 1490 1618 V DisplayPowerController[3]: Brightness [0.0] reason changing to: 'manual', previous reason: '0'.
01-05 07:09:00.506 1490 1569 W DisplayManagerService: Display DisplayDeviceInfo{"Recording Display": uniqueId="virtual:com.android.systemui,10081,Recording Display,0", 2560 x 1080, modeId 3, defaultModeId 3, supportedModes [{id=3, width=2560, height=1080, fps=60.0, alternativeRefreshRates=[]}], colorMode 0, supportedColorModes [0], hdrCapabilities null, allmSupported false, gameContentTypeSupported false, density 240, 240.0 x 240.0 dpi, appVsyncOff 0, presDeadline 16666666, touch NONE, rotation 0, type VIRTUAL, deviceProductInfo null, state ON, owner com.android.systemui (uid 10081), frameRateOverride , brightnessMinimum 0.0, brightnessMaximum 0.0, brightnessDefault 0.0, FLAG_PRIVATE, FLAG_PRESENTATION} does not support input device matching.
01-05 07:09:00.574 1991 1991 V AudioPolicy: Null context, checking permission via ActivityManager
01-05 07:09:00.581 1490 1490 I Telecom : WiredHeadsetManager: ACTION_HEADSET_PLUG event, plugged in: false, : WHC.oADA@AEQ
01-05 07:09:00.850 1490 1741 I input_interaction: Interaction with: 8beefb7 com.tencent.tmgp.sgame/com.tencent.tmgp.sgame.SGameActivity (server), edge-swipe (server), swipe-up (server), PointerEventDispatcher0 (server),
01-05 07:09:01.003 1490 1490 I Telecom : WiredHeadsetManager: ACTION_HEADSET_PLUG event, plugged in: false, : WHC.oADA@AEU
01-05 07:09:01.016 1490 2029 I sysui_multi_action: [757,856,758,1,806,com.android.systemui,857,screen_record,858,3]
01-05 07:09:01.035 1490 1490 I notification_enqueue: [10081,1991,com.android.systemui,4274,NULL,0,Notification(channel=screen_record shortcut=null contentView=null vibrate=null sound=null defaults=0x0 flags=0x42 color=0xffc5221f actions=1 vis=PRIVATE),0]
01-05 07:09:01.090 1991 1991 W DisplayController: Skipping Display Configuration change on non-added display.
01-05 07:09:01.108 1490 2029 W AppOps : Noting op not finished: uid 10081 pkg com.android.systemui code 24 startTime of in progress event=1672864381309
01-05 07:09:01.237 1490 1490 I sysui_multi_action: [757,1501,758,1,793,204,794,0,795,204,796,4274,806,com.android.systemui,857,screen_record,858,3,947,0,1500,0,1688,1]
01-05 07:09:01.237 1490 1490 I sysui_multi_action: [757,804,799,note_interruptive,801,0,802,1]
01-05 07:09:01.237 1490 1490 I GameModeConfig: isGameModeOn = true
01-05 07:09:01.237 1490 1490 I GameModeConfig: isGaming = true
01-05 07:09:01.237 1490 1490 I GameModeConfig: isDisableNotification = true
01-05 07:09:01.237 1490 1490 I GameModeConfig: isGameModeOn = true
01-05 07:09:01.237 1490 1490 I GameModeConfig: isGaming = true
01-05 07:09:01.237 1490 1490 I GameModeConfig: isDisableNotification = true
01-05 07:09:01.244 1490 1490 W NotificationHistory: Attempted to add notif for locked/gone/disabled user 0
01-05 07:09:01.271 1490 1566 I commit_sys_config_file: [notification-policy,9492687]
01-05 07:09:01.988 1490 1886 I storage_state: [41217664-9172-527a-b3d5-edabb50a7d69,0,0,106064007168,118610538496]
01-05 07:09:04.359 1555 1555 I auditd : type=1400 audit(0.0:8364): avc: denied { kill } for comm="irq/394-atmel_m" capability=5 scontext=u:r:kernel:s0 tcontext=u:r:kernel:s0 tclass=capability permissive=0
01-05 07:09:05.004 2250 2250 I sqlite_mem_released: 0
01-05 07:09:05.004 2250 2250 I force_gc: mem
01-05 07:09:05.359 0 0 I auditd : type=1400 audit(0.0:8365): avc: denied { kill } for comm="swapper/0" capability=5 scontext=u:r:kernel:s0 tcontext=u:r:kernel:s0 tclass=capability permissive=0
01-05 07:09:06.359 0 0 I auditd : type=1400 audit(0.0:8366): avc: denied { kill } for comm="swapper/0" capability=5 scontext=u:r:kernel:s0 tcontext=u:r:kernel:s0 tclass=capability permissive=0
01-05 07:09:06.519 1490 2029 W ActivityManager: Unable to start service Intent { act=com.tencent.tpns.mqttchannel.FEEDBACK pkg=com.tencent.tmgp.sgame } U=0: not found
01-05 07:09:07.355 0 0 I auditd : type=1400 audit(0.0:8367): avc: denied { kill } for comm="swapper/0" capability=5 scontext=u:r:kernel:s0 tcontext=u:r:kernel:s0 tclass=capability permissive=0
01-05 07:09:08.738 1490 1741 I input_interaction: Interaction with: 1145f70 systemui.screen.recording (server), edge-swipe (server), swipe-up (server), PointerEventDispatcher0 (server),
01-05 07:09:09.355 1490 1741 I input_interaction: Interaction with: ec7b87a StatusBar (server), edge-swipe (server), swipe-up (server), PointerEventDispatcher0 (server),
01-05 07:09:09.362 1991 1991 I sysui_multi_action: [757,803,799,panel_open,802,1]
01-05 07:09:09.364 1991 1991 I sysui_multi_action: [757,1328,758,4,1326,53,1327,0,1329,0]
01-05 07:09:09.433 1490 2916 I sysui_multi_action: [757,127,758,1]
01-05 07:09:09.433 1490 2916 I sysui_multi_action: [757,804,799,note_load,801,3,802,1]
01-05 07:09:09.433 1490 2916 I notification_panel_revealed: 3
01-05 07:09:09.442 1490 1569 I input_focus: [Focus request 800ae9 NotificationShade,reason=UpdateInputWindows]
01-05 07:09:09.449 1490 2029 I sysui_multi_action: [757,128,758,1,793,9499285,794,0,795,9499285,796,26,798,1,806,android,857,DEVELOPER_IMPORTANT,858,4,947,0,1395,3,1500,9498900,1688,1]
01-05 07:09:09.449 1490 2029 I sysui_multi_action: [757,804,799,note_freshness,801,9499285,802,1]
01-05 07:09:09.449 1490 2029 I notification_visibility: [-1|android|26|null|1000,1,9499285,9499285,0,1]
01-05 07:09:09.450 1490 2029 I sysui_multi_action: [757,128,758,1,793,8416,794,0,795,8416,796,4274,798,0,806,com.android.systemui,857,screen_record,858,3,947,0,1395,3,1500,8212,1688,1]
01-05 07:09:09.450 1490 2029 I sysui_multi_action: [757,804,799,note_freshness,801,8416,802,1]
01-05 07:09:09.450 1490 2029 I notification_visibility: [0|com.android.systemui|4274|null|10081,1,8416,8416,0,0]
01-05 07:09:09.450 1490 2029 I sysui_multi_action: [757,128,758,1,793,9500079,794,0,795,9500079,796,32,798,2,806,android,857,USB,858,1,947,0,1395,3,1500,9499821,1688,1]
01-05 07:09:09.450 1490 2029 I sysui_multi_action: [757,804,799,note_freshness,801,9500079,802,1]
01-05 07:09:09.450 1490 2029 I notification_visibility: [-1|android|32|null|1000,1,9500079,9500079,0,2]
01-05 07:09:09.456 1490 1741 I input_focus: [Focus leaving 8beefb7 com.tencent.tmgp.sgame/com.tencent.tmgp.sgame.SGameActivity (server),reason=setFocusedWindow]
01-05 07:09:09.457 1490 1741 I input_focus: [Focus entering 800ae9 NotificationShade (server),reason=setFocusedWindow]
01-05 07:09:09.503 1991 1991 I sysui_multi_action: [757,111,758,1]
01-05 07:09:09.504 1991 1991 I sysui_multi_action: [757,126,758,1,759,126,927,0,928,1,1593,0]
01-05 07:09:09.504 1991 1991 I sysui_multi_action: [757,113,758,1,759,113,927,1,928,1,1593,0]
01-05 07:09:09.504 1991 1991 I sysui_multi_action: [757,0,758,1,759,0,927,2,928,0,1593,0]
01-05 07:09:09.504 1991 1991 I sysui_multi_action: [757,0,758,1,759,0,927,3,928,1,1593,0]
01-05 07:09:09.504 1991 1991 I sysui_multi_action: [757,491,758,1,759,491,927,4,928,0,1311,-1,1593,0]
01-05 07:09:09.504 1991 1991 I sysui_multi_action: [757,0,758,1,759,0,927,5,928,0,1593,0]
01-05 07:09:09.505 1991 1991 I sysui_multi_action: [757,111,758,1]
01-05 07:09:09.505 1991 1991 I sysui_multi_action: [757,126,758,1,759,126,927,0,928,1,1593,0]
01-05 07:09:09.505 1991 1991 I sysui_multi_action: [757,113,758,1,759,113,927,1,928,1,1593,0]
01-05 07:09:09.505 1991 1991 I sysui_multi_action: [757,0,758,1,759,0,927,2,928,0,1593,0]
01-05 07:09:09.505 1991 1991 I sysui_multi_action: [757,0,758,1,759,0,927,3,928,1,1593,0]
01-05 07:09:10.010 2271 2271 I sqlite_mem_released: 0
01-05 07:09:10.011 2271 2271 I force_gc: mem
01-05 07:09:10.323 1490 2021 I commit_sys_config_file: [appops,9491544]
01-05 07:09:10.359 0 0 I auditd : type=1400 audit(0.0:8368): avc: denied { kill } for comm="swapper/0" capability=5 scontext=u:r:kernel:s0 tcontext=u:r:kernel:s0 tclass=capability permissive=0
01-05 07:09:11.286 1490 1873 I GameModeConfig: isGameModeOn = true
01-05 07:09:11.286 1490 1873 I GameModeConfig: isGaming = true
01-05 07:09:11.286 1490 1873 I GameModeConfig: isDisableNotification = true
01-05 07:09:11.286 1490 1873 I GameModeConfig: isGameModeOn = true
01-05 07:09:11.286 1490 1873 I GameModeConfig: isGaming = true
01-05 07:09:11.286 1490 1873 I GameModeConfig: isDisableNotification = true
01-05 07:09:11.359 0 0 I auditd : type=1400 audit(0.0:8369): avc: denied { kill } for comm="swapper/0" capability=5 scontext=u:r:kernel:s0 tcontext=u:r:kernel:s0 tclass=capability permissive=0
01-05 07:09:12.123 1490 1741 I input_interaction: Interaction with: 800ae9 NotificationShade (server), edge-swipe (server), swipe-up (server), PointerEventDispatcher0 (server),
01-05 07:09:12.284 1991 1991 I sysui_multi_action: [757,925,758,4,759,0,927,3,928,1,1592,0,1593,1]
01-05 07:09:12.355 111 111 I auditd : type=1400 audit(0.0:8370): avc: denied { kill } for comm="system" capability=5 scontext=u:r:kernel:s0 tcontext=u:r:kernel:s0 tclass=capability permissive=0
01-05 07:09:12.495 1490 2916 I DisplayDeviceRepository: Display device removed: DisplayDeviceInfo{"Recording Display": uniqueId="virtual:com.android.systemui,10081,Recording Display,0", 2560 x 1080, modeId 3, defaultModeId 3, supportedModes [{id=3, width=2560, height=1080, fps=60.0, alternativeRefreshRates=[]}], colorMode 0, supportedColorModes [0], hdrCapabilities null, allmSupported false, gameContentTypeSupported false, density 240, 240.0 x 240.0 dpi, appVsyncOff 0, presDeadline 16666666, touch NONE, rotation 0, type VIRTUAL, deviceProductInfo null, state ON, owner com.android.systemui (uid 10081), frameRateOverride , brightnessMinimum 0.0, brightnessMaximum 0.0, brightnessDefault 0.0, FLAG_PRIVATE, FLAG_PRESENTATION}
01-05 07:09:12.496 1490 2916 I LogicalDisplayMapper: Removing display: 3
01-05 07:09:12.541 1490 1716 I commit_sys_config_file: [settings-1-0,3]
01-05 07:09:13.139 1490 1490 W Looper : Slow dispatch took 641ms main h=android.os.Handler c=com.android.server.media.projection.MediaProjectionManagerService$ClientStopCallback@c409f4 m=0
01-05 07:09:13.139 1490 1490 W Looper : Slow delivery took 642ms main h=android.os.Handler c=com.android.server.media.projection.MediaProjectionManagerService$ClientStopCallback@538c51d m=0
01-05 07:09:13.160 1490 1490 I Telecom : WiredHeadsetManager: ACTION_HEADSET_PLUG event, plugged in: false, : WHC.oADR@AEY
01-05 07:09:13.160 1490 1490 W Looper : Drained
01-05 07:09:14.359 0 0 I auditd : type=1400 audit(0.0:8371): avc: denied { kill } for comm="swapper/0" capability=5 scontext=u:r:kernel:s0 tcontext=u:r:kernel:s0 tclass=capability permissive=0
01-05 07:09:15.015 2294 2294 I force_gc: mem
01-05 07:09:15.359 0 0 I auditd : type=1400 audit(0.0:8372): avc: denied { kill } for comm="swapper/0" capability=5 scontext=u:r:kernel:s0 tcontext=u:r:kernel:s0 tclass=capability permissive=0
01-05 07:09:18.355 0 0 I auditd : type=1400 audit(0.0:8373): avc: denied { kill } for comm="swapper/0" capability=5 scontext=u:r:kernel:s0 tcontext=u:r:kernel:s0 tclass=capability permissive=0
01-05 07:09:19.359 0 0 I auditd : type=1400 audit(0.0:8374): avc: denied { kill } for comm="swapper/0" capability=5 scontext=u:r:kernel:s0 tcontext=u:r:kernel:s0 tclass=capability permissive=0
01-05 07:09:20.019 2322 2322 I force_gc: mem
01-05 07:09:20.359 0 0 I auditd : type=1400 audit(0.0:8375): avc: denied { kill } for comm="swapper/0" capability=5 scontext=u:r:kernel:s0 tcontext=u:r:kernel:s0 tclass=capability permissive=0
01-05 07:09:21.359 0 0 I auditd : type=1400 audit(0.0:8376): avc: denied { kill } for comm="swapper/0" capability=5 scontext=u:r:kernel:s0 tcontext=u:r:kernel:s0 tclass=capability permissive=0
01-05 07:09:21.719 1490 2916 W AS.AudioService: Trying to unregister unknown audio policy for pid 0 / uid 10081
01-05 07:09:21.838 1490 1490 I notification_enqueue: [10081,1991,com.android.systemui,4275,NULL,0,Notification(channel=screen_record shortcut=null contentView=null vibrate=null sound=null defaults=0x0 flags=0x0 color=0x00000000 vis=PRIVATE),0]
01-05 07:09:21.842 1490 1490 I sysui_multi_action: [757,128,758,5,759,8,793,20809,794,12393,795,20809,796,4274,806,com.android.systemui,857,screen_record,858,3,947,0,1500,20605,1688,1]
01-05 07:09:21.843 1490 1490 I notification_canceled: [0|com.android.systemui|4274|null|10081,8,20809,20809,12393,-1,-1,NULL]
01-05 07:09:21.843 1490 1490 D CompatibilityChangeReporter: Compat change id reported: 175319604; UID 1000; state: ENABLED
01-05 07:09:21.844 1490 1490 D CompatibilityChangeReporter: Compat change id reported: 175319604; UID 1000; state: DISABLED
01-05 07:09:21.845 1490 1490 D CompatibilityChangeReporter: Compat change id reported: 175319604; UID 10081; state: ENABLED
01-05 07:09:21.845 1490 1490 I service_manager_stats: [100,63,67384]
01-05 07:09:21.863 1490 2916 W WindowManager: Failed looking up window session=Session{77bfa5f 1991:u0a10081} callers=com.android.server.wm.WindowManagerService.windowForClientLocked:5628 com.android.server.wm.WindowManagerService.removeWindow:2033 com.android.server.wm.Session.remove:218
01-05 07:09:22.039 1490 1490 I sysui_multi_action: [757,1501,758,1,793,207,794,0,795,207,796,4275,806,com.android.systemui,857,screen_record,858,3,947,0,1500,0,1688,1]
01-05 07:09:22.040 1490 1490 I sysui_multi_action: [757,804,799,note_interruptive,801,0,802,1]
01-05 07:09:22.040 1490 1490 I GameModeConfig: isGameModeOn = true
01-05 07:09:22.040 1490 1490 I GameModeConfig: isGaming = true
01-05 07:09:22.040 1490 1490 I GameModeConfig: isDisableNotification = true
01-05 07:09:22.040 1490 1490 I GameModeConfig: isGameModeOn = true
01-05 07:09:22.040 1490 1490 I GameModeConfig: isGaming = true
01-05 07:09:22.040 1490 1490 I GameModeConfig: isDisableNotification = true
01-05 07:09:22.044 1490 1490 W NotificationHistory: Attempted to add notif for locked/gone/disabled user 0
01-05 07:09:22.359 0 0 I auditd : type=1400 audit(0.0:8377): avc: denied { kill } for comm="swapper/0" capability=5 scontext=u:r:kernel:s0 tcontext=u:r:kernel:s0 tclass=capability permissive=0
01-05 07:09:22.366 1490 4753 I sysui_multi_action: [757,128,758,1,793,534,794,0,795,534,796,4275,798,1,806,com.android.systemui,857,screen_record,858,3,947,0,1395,3,1500,327,1688,1]
01-05 07:09:22.366 1490 4753 I sysui_multi_action: [757,804,799,note_freshness,801,534,802,1]
01-05 07:09:22.366 1490 4753 I notification_visibility: [0|com.android.systemui|4275|null|10081,1,534,534,0,1]
01-05 07:09:22.742 499 499 I auditd : avc: denied { find } for interface=vendor.qti.qspmhal::IQspmhal sid=u:r:mediaserver:s0 pid=1201 scontext=u:r:mediaserver:s0 tcontext=u:object_r:vendor_hal_qspmhal_hwservice:s0 tclass=hwservice_manager permissive=0
01-05 07:09:22.964 1490 1490 I notification_enqueue: [10081,1991,com.android.systemui,4273,NULL,0,Notification(channel=screen_record shortcut=null contentView=null vibrate=null sound=null defaults=0x0 flags=0x10 color=0x00000000 actions=1 vis=PRIVATE),0]
01-05 07:09:22.965 1490 1490 I sysui_multi_action: [757,128,758,5,759,8,793,1133,794,599,795,1133,796,4275,806,com.android.systemui,857,screen_record,858,3,947,0,1500,926,1688,1]
01-05 07:09:22.965 1490 1490 I notification_canceled: [0|com.android.systemui|4275|null|10081,8,1133,1133,599,-1,-1,NULL]
01-05 07:09:23.165 1490 1490 I sysui_multi_action: [757,1501,758,1,793,201,794,0,795,201,796,4273,806,com.android.systemui,857,screen_record,858,3,947,0,1500,0,1688,1,1745,680407814]
01-05 07:09:23.165 1490 1490 I sysui_multi_action: [757,804,799,note_interruptive,801,0,802,1]
01-05 07:09:23.165 1490 1490 I GameModeConfig: isGameModeOn = true
01-05 07:09:23.165 1490 1490 I GameModeConfig: isGaming = true
01-05 07:09:23.165 1490 1490 I GameModeConfig: isDisableNotification = true
01-05 07:09:23.165 1490 1490 I GameModeConfig: isGameModeOn = true
01-05 07:09:23.165 1490 1490 I GameModeConfig: isGaming = true
01-05 07:09:23.165 1490 1490 I GameModeConfig: isDisableNotification = true
01-05 07:09:23.167 1490 1490 W NotificationHistory: Attempted to add notif for locked/gone/disabled user 0
01-05 07:09:23.370 1490 4753 I sysui_multi_action: [757,128,758,1,793,407,794,0,795,407,796,4273,798,1,806,com.android.systemui,857,screen_record,858,3,947,0,1395,3,1500,206,1688,1,1745,680407814]
01-05 07:09:23.370 1490 4753 I sysui_multi_action: [757,804,799,note_freshness,801,407,802,1]
01-05 07:09:23.370 1490 4753 I notification_visibility: [0|com.android.systemui|4273|null|10081,1,407,407,0,1]
01-05 07:09:24.359 0 0 I auditd : type=1400 audit(0.0:8378): avc: denied { kill } for comm="swapper/0" capability=5 scontext=u:r:kernel:s0 tcontext=u:r:kernel:s0 tclass=capability permissive=0
01-05 07:09:24.470 1490 2488 W NotificationService: Toast already killed. pkg=com.android.systemui token=android.os.BinderProxy@80a786d
01-05 07:09:25.020 3168 3168 I sqlite_mem_released: 0
01-05 07:09:25.021 3168 3168 I force_gc: mem
01-05 07:09:25.303 1490 1582 I am_uid_idle: 10066
01-05 07:09:25.303 1490 1582 I am_uid_idle: 10033
01-05 07:09:25.338 1490 1873 I GameModeConfig: isGameModeOn = true
01-05 07:09:25.338 1490 1873 I GameModeConfig: isGaming = true
01-05 07:09:25.338 1490 1873 I GameModeConfig: isDisableNotification = true
01-05 07:09:25.338 1490 1873 I GameModeConfig: isGameModeOn = true
01-05 07:09:25.338 1490 1873 I GameModeConfig: isGaming = true
01-05 07:09:25.338 1490 1873 I GameModeConfig: isDisableNotification = true
01-05 07:09:25.338 1490 1873 I GameModeConfig: isGameModeOn = true
01-05 07:09:25.338 1490 1873 I GameModeConfig: isGaming = true
01-05 07:09:25.338 1490 1873 I GameModeConfig: isDisableNotification = true
01-05 07:09:25.338 1490 1873 I GameModeConfig: isGameModeOn = true
01-05 07:09:25.338 1490 1873 I GameModeConfig: isGaming = true
01-05 07:09:25.338 1490 1873 I GameModeConfig: isDisableNotification = true
01-05 07:09:25.339 1490 1873 I GameModeConfig: isGameModeOn = true
01-05 07:09:25.339 1490 1873 I GameModeConfig: isGaming = true
01-05 07:09:25.339 1490 1873 I GameModeConfig: isDisableNotification = true
01-05 07:09:25.339 1490 1873 I GameModeConfig: isGameModeOn = true
01-05 07:09:25.339 1490 1873 I GameModeConfig: isGaming = true
01-05 07:09:25.339 1490 1873 I GameModeConfig: isDisableNotification = true
01-05 07:09:25.339 1490 1873 I GameModeConfig: isGameModeOn = true
01-05 07:09:25.339 1490 1873 I GameModeConfig: isGaming = true
01-05 07:09:25.339 1490 1873 I GameModeConfig: isDisableNotification = true
01-05 07:09:25.339 1490 1873 I GameModeConfig: isGameModeOn = true
01-05 07:09:25.339 1490 1873 I GameModeConfig: isGaming = true
01-05 07:09:25.339 1490 1873 I GameModeConfig: isDisableNotification = true
01-05 07:09:25.339 1490 1873 I GameModeConfig: isGameModeOn = true
01-05 07:09:25.339 1490 1873 I GameModeConfig: isGaming = true
01-05 07:09:25.339 1490 1873 I GameModeConfig: isDisableNotification = true
01-05 07:09:25.339 1490 1873 I GameModeConfig: isGameModeOn = true
01-05 07:09:25.339 1490 1873 I GameModeConfig: isGaming = true
01-05 07:09:25.339 1490 1873 I GameModeConfig: isDisableNotification = true
01-05 07:09:25.341 1991 1991 I sysui_multi_action: [757,111,758,2]
01-05 07:09:25.341 1490 1490 I notification_enqueue: [10081,1991,com.android.systemui,2048,NULL,0,Notification(channel=updateNotification shortcut=null contentView=null vibrate=null sound=null defaults=0x0 flags=0x0 color=0x00000000 vis=PRIVATE),1]
01-05 07:09:25.341 1991 1991 I sysui_multi_action: [757,111,758,2]
01-05 07:09:25.359 1555 1555 I auditd : type=1400 audit(0.0:8379): avc: denied { kill } for comm="irq/394-atmel_m" capability=5 scontext=u:r:kernel:s0 tcontext=u:r:kernel:s0 tclass=capability permissive=0
01-05 07:09:25.501 1490 1569 I input_focus: [Focus request 8beefb7 com.tencent.tmgp.sgame/com.tencent.tmgp.sgame.SGameActivity,reason=UpdateInputWindows]
01-05 07:09:25.507 1490 2488 I sysui_multi_action: [757,128,758,2,793,9515343,794,16058,795,9515343,796,26,798,0,806,android,857,DEVELOPER_IMPORTANT,858,4,947,0,1395,3,1500,9514958,1688,1]
01-05 07:09:25.507 1490 2488 I notification_visibility: [-1|android|26|null|1000,0,9515343,9515343,0,0]
01-05 07:09:25.508 1490 2488 I sysui_multi_action: [757,128,758,2,793,2545,794,2138,795,2545,796,4273,798,1,806,com.android.systemui,857,screen_record,858,3,947,0,1395,3,1500,2344,1688,1,1745,680407814]
01-05 07:09:25.508 1490 2488 I notification_visibility: [0|com.android.systemui|4273|null|10081,0,2545,2545,0,1]
01-05 07:09:25.508 1490 2488 I sysui_multi_action: [757,128,758,2,793,9516137,794,16058,795,9516137,796,32,798,2,806,android,857,USB,858,1,947,0,1395,3,1500,9515879,1688,1]
01-05 07:09:25.508 1490 2488 I notification_visibility: [-1|android|32|null|1000,0,9516137,9516137,0,2]
01-05 07:09:25.508 1490 2488 I sysui_multi_action: [757,127,758,2]
01-05 07:09:25.509 1490 2488 I notification_panel_hidden:
01-05 07:09:25.527 1490 1741 I input_focus: [Focus leaving 800ae9 NotificationShade (server),reason=NO_WINDOW]
01-05 07:09:25.528 1490 1741 I input_focus: [Focus entering 8beefb7 com.tencent.tmgp.sgame/com.tencent.tmgp.sgame.SGameActivity (server),reason=setFocusedWindow]
01-05 07:09:25.543 1490 1490 I GameModeConfig: isGameModeOn = true
01-05 07:09:25.543 1490 1490 I GameModeConfig: isGaming = true
01-05 07:09:25.543 1490 1490 I GameModeConfig: isDisableNotification = true
01-05 07:09:25.543 1490 1490 I GameModeConfig: isGameModeOn = true
01-05 07:09:25.543 1490 1490 I GameModeConfig: isGaming = true
01-05 07:09:25.543 1490 1490 I GameModeConfig: isDisableNotification = true
01-05 07:09:27.355 1555 1555 I auditd : type=1400 audit(0.0:8380): avc: denied { kill } for comm="irq/394-atmel_m" capability=5 scontext=u:r:kernel:s0 tcontext=u:r:kernel:s0 tclass=capability permissive=0
01-05 07:09:28.359 8714 8714 I auditd : type=1400 audit(0.0:8381): avc: denied { kill } for comm="kworker/u16:12" capability=5 scontext=u:r:kernel:s0 tcontext=u:r:kernel:s0 tclass=capability permissive=0
01-05 07:09:29.359 0 0 I auditd : type=1400 audit(0.0:8382): avc: denied { kill } for comm="swapper/0" capability=5 scontext=u:r:kernel:s0 tcontext=u:r:kernel:s0 tclass=capability permissive=0
01-05 07:09:30.032 2351 2351 I force_gc: mem
01-05 07:09:31.355 0 0 I auditd : type=1400 audit(0.0:8383): avc: denied { kill } for comm="swapper/0" capability=5 scontext=u:r:kernel:s0 tcontext=u:r:kernel:s0 tclass=capability permissive=0
01-05 07:09:32.359 8714 8714 I auditd : type=1400 audit(0.0:8384): avc: denied { kill } for comm="kworker/u16:12" capability=5 scontext=u:r:kernel:s0 tcontext=u:r:kernel:s0 tclass=capability permissive=0
01-05 07:09:33.170 1490 1873 I GameModeConfig: isGameModeOn = true
01-05 07:09:33.170 1490 1873 I GameModeConfig: isGaming = true
01-05 07:09:33.170 1490 1873 I GameModeConfig: isDisableNotification = true
01-05 07:09:33.170 1490 1873 I GameModeConfig: isGameModeOn = true
01-05 07:09:33.170 1490 1873 I GameModeConfig: isGaming = true
01-05 07:09:33.170 1490 1873 I GameModeConfig: isDisableNotification = true --------- beginning of kernel
01-01 11:32:39.368 0 0 E set_cps_config: get_wsa_dev_num is NULL
01-01 11:32:39.374 0 0 I __afe_port_start: port id: 0xb000
01-01 11:32:39.374 0 0 I afe_find_cal_topo_id_by_port: port id: 0xb000, dev_acdb_id: 0
01-01 11:32:39.374 0 0 I afe_find_cal_topo_id_by_port: top_id:112fc acdb_id:15 afe_port:0xb000
01-01 11:32:39.374 0 0 I afe_get_cal_topology_id: port_id = 0xb000 acdb_id = 15 topology_id = 0x112fc cal_type_index=8 ret=0
01-01 11:32:39.375 0 0 E afe_callback: cmd = 0x100fa returned error = 0x2
01-01 11:32:39.375 0 0 E afe_apr_send_pkt: DSP returned error[ADSP_EBADPARAM]
01-01 11:32:39.375 0 0 E afe_send_port_topology_id: AFE set topology id enable for port 0xb000 failed -22
01-01 11:32:39.375 0 0 I afe_send_port_topology_id: AFE set topology id 0x112fc enable for port 0xb000 ret -22
01-01 11:32:39.375 0 0 I send_afe_cal_type: cal_index is 0
01-01 11:32:39.375 0 0 I send_afe_cal_type: dev_acdb_id[162] is 0
01-01 11:32:39.375 0 0 I send_afe_cal_type: Sending cal_index cal 0
01-01 11:32:39.375 0 0 E send_afe_cal_type: No cal sent for cal_index 0, port_id = 0xb000! ret -22
01-01 11:32:39.375 0 0 I afe_send_hw_delay: port_id 0xb000 rate 48000 delay_usec 474 status 0
01-01 11:32:39.375 0 0 E afe_callback: cmd = 0x100fa returned error = 0x2
01-01 11:32:39.375 0 0 E afe_apr_send_pkt: DSP returned error[ADSP_EBADPARAM]
01-01 11:32:39.375 0 0 E __afe_port_start: AFE enable for port 0xb000 failed -22
01-01 11:32:39.375 0 0 E msm-dai-cdc-dma-dev soc: qcom,msm-dai-cdc-dma:qcom,msm-dai-wsa-cdc-dma-0-rx: fail to open AFE port 0xb000
01-01 11:32:39.375 0 0 E msm-dai-cdc-dma-dev soc: qcom,msm-dai-cdc-dma:qcom,msm-dai-wsa-cdc-dma-0-rx: ASoC: cpu DAI prepare error: -22
01-01 11:32:39.375 0 0 E soc_pcm_prepare: Issue stop stream for codec_dai due to op failure -22 = ret
01-01 11:32:39.376 0 0 E WSA_CDC_DMA_RX_0: ASoC: backend prepare failed -22
01-01 11:32:39.441 0 0 I : snd_pcm_hw_constraint_integer failed
01-01 11:32:39.441 0 0 I msm_pcm_open: P buffer bytes minmax constraint ret 1
01-01 11:32:39.441 0 0 E set_cps_config: get_wsa_dev_num is NULL
01-01 11:32:39.448 0 0 I __afe_port_start: port id: 0xb000
01-01 11:32:39.448 0 0 I afe_find_cal_topo_id_by_port: port id: 0xb000, dev_acdb_id: 0
01-01 11:32:39.448 0 0 I afe_find_cal_topo_id_by_port: top_id:112fc acdb_id:15 afe_port:0xb000
01-01 11:32:39.448 0 0 I afe_get_cal_topology_id: port_id = 0xb000 acdb_id = 15 topology_id = 0x112fc cal_type_index=8 ret=0
01-01 11:32:39.448 0 0 E afe_callback: cmd = 0x100fa returned error = 0x2
01-01 11:32:39.448 0 0 E afe_apr_send_pkt: DSP returned error[ADSP_EBADPARAM]
01-01 11:32:39.448 0 0 E afe_send_port_topology_id: AFE set topology id enable for port 0xb000 failed -22
01-01 11:32:39.448 0 0 I afe_send_port_topology_id: AFE set topology id 0x112fc enable for port 0xb000 ret -22
01-01 11:32:39.448 0 0 I send_afe_cal_type: cal_index is 0
01-01 11:32:39.448 0 0 I send_afe_cal_type: dev_acdb_id[162] is 0
01-01 11:32:39.448 0 0 I send_afe_cal_type: Sending cal_index cal 0
01-01 11:32:39.448 0 0 E send_afe_cal_type: No cal sent for cal_index 0, port_id = 0xb000! ret -22
01-01 11:32:39.448 0 0 I afe_send_hw_delay: port_id 0xb000 rate 48000 delay_usec 474 status 0
01-01 11:32:39.449 0 0 E afe_callback: cmd = 0x100fa returned error = 0x2
01-01 11:32:39.449 0 0 E afe_apr_send_pkt: DSP returned error[ADSP_EBADPARAM]
01-01 11:32:39.449 0 0 E __afe_port_start: AFE enable for port 0xb000 failed -22
01-01 11:32:39.449 0 0 E msm-dai-cdc-dma-dev soc: qcom,msm-dai-cdc-dma:qcom,msm-dai-wsa-cdc-dma-0-rx: fail to open AFE port 0xb000
01-01 11:32:39.449 0 0 E msm-dai-cdc-dma-dev soc: qcom,msm-dai-cdc-dma:qcom,msm-dai-wsa-cdc-dma-0-rx: ASoC: cpu DAI prepare error: -22
01-01 11:32:39.449 0 0 E soc_pcm_prepare: Issue stop stream for codec_dai due to op failure -22 = ret
01-01 11:32:39.449 0 0 E WSA_CDC_DMA_RX_0: ASoC: backend prepare failed -22
01-01 11:32:39.515 0 0 I : snd_pcm_hw_constraint_integer failed
01-01 11:32:39.515 0 0 I msm_pcm_open: P buffer bytes minmax constraint ret 1
01-01 11:32:39.515 0 0 E set_cps_config: get_wsa_dev_num is NULL
01-01 11:32:39.521 0 0 I __afe_port_start: port id: 0xb000
01-01 11:32:39.521 0 0 I afe_find_cal_topo_id_by_port: port id: 0xb000, dev_acdb_id: 0
01-01 11:32:39.521 0 0 I afe_find_cal_topo_id_by_port: top_id:112fc acdb_id:15 afe_port:0xb000
01-01 11:32:39.521 0 0 I afe_get_cal_topology_id: port_id = 0xb000 acdb_id = 15 topology_id = 0x112fc cal_type_index=8 ret=0
01-01 11:32:39.521 0 0 E afe_callback: cmd = 0x100fa returned error = 0x2
01-01 11:32:39.521 0 0 E afe_apr_send_pkt: DSP returned error[ADSP_EBADPARAM]
01-01 11:32:39.521 0 0 E afe_send_port_topology_id: AFE set topology id enable for port 0xb000 failed -22
01-01 11:32:39.521 0 0 I afe_send_port_topology_id: AFE set topology id 0x112fc enable for port 0xb000 ret -22
01-01 11:32:39.521 0 0 I send_afe_cal_type: cal_index is 0
01-01 11:32:39.521 0 0 I send_afe_cal_type: dev_acdb_id[162] is 0
01-01 11:32:39.521 0 0 I send_afe_cal_type: Sending cal_index cal 0
01-01 11:32:39.521 0 0 E send_afe_cal_type: No cal sent for cal_index 0, port_id = 0xb000! ret -22
01-01 11:32:39.521 0 0 I afe_send_hw_delay: port_id 0xb000 rate 48000 delay_usec 474 status 0
01-01 11:32:39.522 0 0 E afe_callback: cmd = 0x100fa returned error = 0x2
01-01 11:32:39.522 0 0 E afe_apr_send_pkt: DSP returned error[ADSP_EBADPARAM]
01-01 11:32:39.522 0 0 E __afe_port_start: AFE enable for port 0xb000 failed -22
01-01 11:32:39.522 0 0 E msm-dai-cdc-dma-dev soc: qcom,msm-dai-cdc-dma:qcom,msm-dai-wsa-cdc-dma-0-rx: fail to open AFE port 0xb000
01-01 11:32:39.522 0 0 E msm-dai-cdc-dma-dev soc: qcom,msm-dai-cdc-dma:qcom,msm-dai-wsa-cdc-dma-0-rx: ASoC: cpu DAI prepare error: -22
01-01 11:32:39.522 0 0 E soc_pcm_prepare: Issue stop stream for codec_dai due to op failure -22 = ret
01-01 11:32:39.522 0 0 E WSA_CDC_DMA_RX_0: ASoC: backend prepare failed -22
01-01 11:32:39.587 0 0 I : snd_pcm_hw_constraint_integer failed
01-01 11:32:39.587 0 0 I msm_pcm_open: P buffer bytes minmax constraint ret 1
01-01 11:32:39.587 0 0 E set_cps_config: get_wsa_dev_num is NULL
01-01 11:32:39.593 0 0 I __afe_port_start: port id: 0xb000
01-01 11:32:39.594 0 0 I afe_find_cal_topo_id_by_port: port id: 0xb000, dev_acdb_id: 0
01-01 11:32:39.594 0 0 I afe_find_cal_topo_id_by_port: top_id:112fc acdb_id:15 afe_port:0xb000
01-01 11:32:39.594 0 0 I afe_get_cal_topology_id: port_id = 0xb000 acdb_id = 15 topology_id = 0x112fc cal_type_index=8 ret=0
01-01 11:32:39.594 0 0 E afe_callback: cmd = 0x100fa returned error = 0x2
01-01 11:32:39.594 0 0 E afe_apr_send_pkt: DSP returned error[ADSP_EBADPARAM]
01-01 11:32:39.594 0 0 E afe_send_port_topology_id: AFE set topology id enable for port 0xb000 failed -22
01-01 11:32:39.594 0 0 I afe_send_port_topology_id: AFE set topology id 0x112fc enable for port 0xb000 ret -22
