01-05 04:34:19.835 1490 1490 I GameModeConfig: Current uri is uri = content://com.thundercomm.gamemode.api/gamemode_settings/gamemode_isgaming
01-05 04:34:19.836 1490 1490 I GameModeConfig: isGameModeOn = false
01-05 04:34:19.836 1490 1490 I GameModeConfig: isGameModeOn = false
01-05 04:34:19.836 1490 1490 I GameModeConfig: isDisableVoice = true
01-05 04:34:20.262 1490 1567 W ActivityTaskManager: Activity top resumed state loss timeout for ActivityRecord{341ca2f u0 com.android.deskclock/.DeskClock t51 f}}
01-05 04:34:20.263 1490 1567 W ActivityTaskManager: Activity pause timeout for ActivityRecord{341ca2f u0 com.android.deskclock/.DeskClock t51 f}}
01-05 04:34:20.264 1490 1567 I ActivityTaskManager: FOREGROUND_APPLICATION_CHANGED to com.android.launcher3.uioverrides.QuickstepLauncher
01-05 04:34:20.368 2382 3732 W ContextImpl: Calling a method in the system process without a qualified user: android.app.ContextImpl.startService:1816 android.content.ContextWrapper.startService:774 com.thundercomm.gamemode.ingame.services.GameModeActionUtils.startGameModeService:99 com.thundercomm.gamemode.ingame.services.GameModeActionUtils.startGameModeEntry:22 com.thundercomm.gamemode.ingame.services.ActivityMonitoringService$1.onActivityLaunch:129
01-05 04:34:20.370 1490 1490 I GameModeConfig: Current uri is uri = content://com.thundercomm.gamemode.api/gamemode_settings/gamemode_isgaming
01-05 04:34:20.370 1490 1490 I GameModeConfig: isGameModeOn = false
01-05 04:34:20.370 1490 1490 I GameModeConfig: isGameModeOn = false
01-05 04:34:20.370 1490 1490 I GameModeConfig: isDisableVoice = true
01-05 04:34:21.139 1490 4338 W WindowManager: Force finishing activity com.android.deskclock/.DeskClock
01-05 04:34:21.140 1490 4338 W WindowManager: Force finishing activity com.android.deskclock/.worldclock.CitySelectionActivity
01-05 04:34:21.145 1490 4338 I ActivityManager: Killing 4349:com.android.deskclock/u0a67 (adj 200): crash
01-05 04:34:21.146 1490 1569 D FreeFormWindowHelper: Remove freefrom task=Task{436df0d #51 type=standard A=10067:com.android.deskclock U=0 visible=false mode=freeform translucent=true sz=0}
01-05 04:34:21.162 1490 2488 V ActivityManager: Got obituary of 4349:com.android.deskclock
01-05 04:34:21.162 1490 1567 W ActivityManager: setHasOverlayUi called on unknown pid: 4349
01-05 04:34:23.182 1490 2764 E TaskPersister: File error accessing recents directory (directory doesn't exist?).
01-05 04:34:29.680 1490 1567 W ActivityTaskManager: Launch timeout has expired, giving up wake lock!
01-05 04:34:47.569 1490 1993 I thunderperf: PlatormCompat.setOverrides: Uid1=10075 Pid1=2552 Uid2=10075 Pid2=2552
01-05 04:34:47.569 1490 1993 I thunderperf: PlatormCompat.setOverrides: needCheck:false
01-05 04:34:47.570 1490 1993 I ActivityTaskManager: START u0 {flg=0x10008000 cmp=com.android.deskclock/.DeskClock} from uid 10075
01-05 04:34:47.576 1490 1993 W ActivityTaskManager: Can't find TaskDisplayArea to determine support for multi window. Task id=52 attached=false
01-05 04:34:47.576 1490 1993 D FreeFormWindowHelper: Add freeform task=Task{2126b63 #52 type=standard ?? U=0 visible=false mode=freeform translucent=true sz=0}
01-05 04:34:47.578 1490 1993 I ActivityTaskManager: FOREGROUND_APPLICATION_CHANGED to com.android.deskclock.DeskClock
01-05 04:34:47.581 1490 1567 D CompatibilityChangeReporter: Compat change id reported: 135634846; UID 10067; state: DISABLED
01-05 04:34:47.581 1490 1567 D CompatibilityChangeReporter: Compat change id reported: 177438394; UID 10067; state: DISABLED
01-05 04:34:47.581 1490 1567 D CompatibilityChangeReporter: Compat change id reported: 135772972; UID 10067; state: DISABLED
01-05 04:34:47.581 1490 1567 D CompatibilityChangeReporter: Compat change id reported: 135754954; UID 10067; state: DISABLED
01-05 04:34:47.581 1490 1583 D CompatibilityChangeReporter: Compat change id reported: 143937733; UID 10067; state: DISABLED
01-05 04:34:47.586 1490 1583 I ActivityManager: Start proc 4466:com.android.deskclock/u0a67 for top-activity {com.android.deskclock/com.android.deskclock.DeskClock}
01-05 04:34:47.598 1490 1993 I ActivityTaskManager: The Process com.android.deskclock Already Exists in BG. So sending its PID: 4466
01-05 04:34:47.731 1490 2782 W WindowManager: updateScale0.7996942
01-05 04:34:47.765 1490 1569 W WindowManager: updateScale0.7996942
01-05 04:34:47.767 1490 1569 W WindowManager: updateScale0.7996942
01-05 04:34:47.767 1490 1569 W WindowManager: updateScale0.7996942
01-05 04:34:48.041 1490 1569 W WindowManager: updateScale0.7996942
01-05 04:34:48.888 1490 2916 W WindowManager: updateScale0.7996942
01-05 04:34:50.412 1490 2916 W WindowManager: updateScale0.7996942
01-05 04:34:51.595 1490 2764 E TaskPersister: File error accessing recents directory (directory doesn't exist?).
01-05 04:34:52.598 1157 4462 I iorapd : Perfetto TraceBuffer saved to file: /data/misc/iorapd/com.android.deskclock/31/com.android.deskclock.DeskClock/raw_traces/1672864492597138187.perfetto_trace.pb
01-05 04:34:52.924 1490 2916 D FreeFormWindowHelper: Remove freefrom task=Task{2126b63 #52 type=standard A=10067:com.android.deskclock U=0 visible=true mode=fullscreen translucent=false sz=1}
01-05 04:34:52.941 2382 3732 W ContextImpl: Calling a method in the system process without a qualified user: android.app.ContextImpl.startService:1816 android.content.ContextWrapper.startService:774 com.thundercomm.gamemode.ingame.services.GameModeActionUtils.startGameModeService:99 com.thundercomm.gamemode.ingame.services.GameModeActionUtils.startGameModeEntry:22 com.thundercomm.gamemode.ingame.services.ActivityMonitoringService$1.onActivityLaunch:129
01-05 04:34:52.946 1490 3301 W WindowManager: Attempted to set replacing window on app token with no content Token{8f42bf4 ActivityRecord{221360 u0 com.android.deskclock/.DeskClock t52}}
01-05 04:34:52.949 1490 1490 I GameModeConfig: Current uri is uri = content://com.thundercomm.gamemode.api/gamemode_settings/gamemode_isgaming
01-05 04:34:52.955 1490 1490 I GameModeConfig: isGameModeOn = false
01-05 04:34:52.955 1490 1490 I GameModeConfig: isGameModeOn = false
01-05 04:34:52.955 1490 1490 I GameModeConfig: isDisableVoice = true
01-05 04:34:53.064 1490 2916 I WindowManager: finishDrawing of relaunch: Window{f440897 u0 com.android.deskclock/com.android.deskclock.DeskClock} 147ms
01-05 04:34:53.434 2382 3732 W ContextImpl: Calling a method in the system process without a qualified user: android.app.ContextImpl.startService:1816 android.content.ContextWrapper.startService:774 com.thundercomm.gamemode.ingame.services.GameModeActionUtils.startGameModeService:99 com.thundercomm.gamemode.ingame.services.GameModeActionUtils.startGameModeEntry:22 com.thundercomm.gamemode.ingame.services.ActivityMonitoringService$1.onActivityLaunch:129
01-05 04:34:53.442 1490 1490 I GameModeConfig: Current uri is uri = content://com.thundercomm.gamemode.api/gamemode_settings/gamemode_isgaming
01-05 04:34:53.447 1490 1490 I GameModeConfig: isGameModeOn = false
01-05 04:34:53.447 1490 1490 I GameModeConfig: isGameModeOn = false
01-05 04:34:53.447 1490 1490 I GameModeConfig: isDisableVoice = true
01-05 04:34:53.481 2382 3732 W ContextImpl: Calling a method in the system process without a qualified user: android.app.ContextImpl.startService:1816 android.content.ContextWrapper.startService:774 com.thundercomm.gamemode.ingame.services.GameModeActionUtils.startGameModeService:99 com.thundercomm.gamemode.ingame.services.GameModeActionUtils.startGameModeEntry:22 com.thundercomm.gamemode.ingame.services.ActivityMonitoringService$1.onActivityLaunch:129
01-05 04:34:53.484 1490 1490 I GameModeConfig: Current uri is uri = content://com.thundercomm.gamemode.api/gamemode_settings/gamemode_isgaming
01-05 04:34:53.485 1490 1490 I GameModeConfig: isGameModeOn = false
01-05 04:34:53.486 1490 1490 I GameModeConfig: isGameModeOn = false
01-05 04:34:53.486 1490 1490 I GameModeConfig: isDisableVoice = true
01-05 04:34:54.448 1490 2782 W FreeFormWindowHelper: getCurrentDisplayedFreeFormTask is null
01-05 04:34:54.474 1490 2782 W FreeFormWindowHelper: getCurrentDisplayedFreeFormTask is null
01-05 04:34:54.474 2382 3732 W ContextImpl: Calling a method in the system process without a qualified user: android.app.ContextImpl.startService:1816 android.content.ContextWrapper.startService:774 com.thundercomm.gamemode.ingame.services.GameModeActionUtils.startGameModeService:99 com.thundercomm.gamemode.ingame.services.GameModeActionUtils.startGameModeEntry:22 com.thundercomm.gamemode.ingame.services.ActivityMonitoringService$1.onActivityLaunch:129
01-05 04:34:54.480 1490 1490 I GameModeConfig: Current uri is uri = content://com.thundercomm.gamemode.api/gamemode_settings/gamemode_isgaming
01-05 04:34:54.482 1490 1490 I GameModeConfig: isGameModeOn = false
01-05 04:34:54.482 1490 1490 I GameModeConfig: isGameModeOn = false
01-05 04:34:54.482 1490 1490 I GameModeConfig: isDisableVoice = true
01-05 04:34:54.501 1490 2782 W ActivityTaskManager: getTaskSnapshot: taskId=3037 not found
01-05 04:34:54.501 1490 2782 W ActivityTaskManager: getTaskSnapshot: taskId=2037 not found
01-05 04:34:54.501 1490 2782 W ActivityTaskManager: getTaskSnapshot: taskId=1037 not found
01-05 04:34:54.502 1490 2782 W ActivityTaskManager: getTaskSnapshot: taskId=3037 not found
01-05 04:34:54.502 1490 2782 W ActivityTaskManager: getTaskSnapshot: taskId=2037 not found
01-05 04:34:54.503 1490 2916 W ActivityTaskManager: getTaskSnapshot: taskId=1037 not found
01-05 04:34:54.509 1490 2782 W FreeFormWindowHelper: getCurrentDisplayedFreeFormTask is null
01-05 04:34:54.512 1490 1522 W ActivityTaskManager: getTaskSnapshot: taskId=3037 not found
01-05 04:34:54.518 1490 1522 W FreeFormWindowHelper: getCurrentDisplayedFreeFormTask is null
01-05 04:34:54.557 1490 3301 W FreeFormWindowHelper: getCurrentDisplayedFreeFormTask is null
01-05 04:34:54.574 1490 1522 W FreeFormWindowHelper: getCurrentDisplayedFreeFormTask is null
01-05 04:34:54.578 1490 2782 W ActivityTaskManager: getTaskSnapshot: taskId=3037 not found
01-05 04:34:54.578 1490 2782 W ActivityTaskManager: getTaskSnapshot: taskId=2037 not found
01-05 04:34:54.578 1490 2782 W ActivityTaskManager: getTaskSnapshot: taskId=1037 not found
01-05 04:34:54.590 1490 2782 W FreeFormWindowHelper: getCurrentDisplayedFreeFormTask is null
01-05 04:34:54.800 1490 2782 W FreeFormWindowHelper: getCurrentDisplayedFreeFormTask is null
01-05 04:34:55.214 1490 4338 I ActivityTaskManager: FOREGROUND_APPLICATION_CHANGED to com.android.launcher3.uioverrides.QuickstepLauncher
01-05 04:34:55.225 1490 4338 W FreeFormWindowHelper: getCurrentDisplayedFreeFormTask is null
01-05 04:34:55.256 2382 3732 W ContextImpl: Calling a method in the system process without a qualified user: android.app.ContextImpl.startService:1816 android.content.ContextWrapper.startService:774 com.thundercomm.gamemode.ingame.services.GameModeActionUtils.startGameModeService:99 com.thundercomm.gamemode.ingame.services.GameModeActionUtils.startGameModeEntry:22 com.thundercomm.gamemode.ingame.services.ActivityMonitoringService$1.onActivityLaunch:129
01-05 04:34:55.263 1490 1490 I GameModeConfig: Current uri is uri = content://com.thundercomm.gamemode.api/gamemode_settings/gamemode_isgaming
01-05 04:34:55.265 1490 1490 I GameModeConfig: isGameModeOn = false
01-05 04:34:55.265 1490 1490 I GameModeConfig: isGameModeOn = false
01-05 04:34:55.265 1490 1490 I GameModeConfig: isDisableVoice = true
01-05 04:34:55.281 1490 3301 W FreeFormWindowHelper: getCurrentDisplayedFreeFormTask is null
01-05 04:34:55.330 2382 3732 W ContextImpl: Calling a method in the system process without a qualified user: android.app.ContextImpl.startService:1816 android.content.ContextWrapper.startService:774 com.thundercomm.gamemode.ingame.services.GameModeActionUtils.startGameModeService:99 com.thundercomm.gamemode.ingame.services.GameModeActionUtils.startGameModeEntry:22 com.thundercomm.gamemode.ingame.services.ActivityMonitoringService$1.onActivityLaunch:129
01-05 04:34:55.337 1490 1490 I GameModeConfig: Current uri is uri = content://com.thundercomm.gamemode.api/gamemode_settings/gamemode_isgaming
01-05 04:34:55.343 1490 1490 I GameModeConfig: isGameModeOn = false
01-05 04:34:55.343 1490 1490 I GameModeConfig: isGameModeOn = false
01-05 04:34:55.343 1490 1490 I GameModeConfig: isDisableVoice = true
01-05 04:34:57.965 1490 2782 D FreeFormWindowHelper: Add freeform task=Task{2126b63 #52 type=standard A=10067:com.android.deskclock U=0 visible=false mode=freeform translucent=true sz=1}
01-05 04:34:57.975 1490 2782 I ActivityTaskManager: FOREGROUND_APPLICATION_CHANGED to com.android.deskclock.DeskClock
01-05 04:34:57.987 1490 3301 W WindowManager: Attempted to set replacing window on app token with no content Token{8f42bf4 ActivityRecord{221360 u0 com.android.deskclock/.DeskClock t52}}
01-05 04:34:58.051 1490 3301 W FreeFormWindowHelper: exitRecentTasks type=1
01-05 04:34:58.055 1490 3301 W WindowManager: updateScale0.7996942
01-05 04:34:58.055 1490 2782 W FreeFormWindowHelper: FreeFormTask is Task{2126b63 #52 type=standard A=10067:com.android.deskclock U=0 visible=true mode=freeform translucent=false sz=1}
01-05 04:34:58.081 1490 1569 W WindowManager: updateScale0.7996942
01-05 04:34:58.107 1490 1522 I WindowManager: finishDrawing of relaunch: Window{f440897 u0 com.android.deskclock/com.android.deskclock.DeskClock} 142ms
01-05 04:34:58.108 1490 1569 W WindowManager: updateScale0.7996942
01-05 04:34:58.109 1490 1569 W WindowManager: updateScale0.7996942
01-05 04:34:58.112 1490 2782 W WindowManager: updateScale0.7996942
01-05 04:35:00.202 1490 2764 E TaskPersister: File error accessing recents directory (directory doesn't exist?).
01-05 04:35:00.207 1490 1522 I ActivityTaskManager: FOREGROUND_APPLICATION_CHANGED to com.android.launcher3.uioverrides.QuickstepLauncher
01-05 04:35:00.231 2382 3732 W ContextImpl: Calling a method in the system process without a qualified user: android.app.ContextImpl.startService:1816 android.content.ContextWrapper.startService:774 com.thundercomm.gamemode.ingame.services.GameModeActionUtils.startGameModeService:99 com.thundercomm.gamemode.ingame.services.GameModeActionUtils.startGameModeEntry:22 com.thundercomm.gamemode.ingame.services.ActivityMonitoringService$1.onActivityLaunch:129
01-05 04:35:00.238 1490 1490 I GameModeConfig: Current uri is uri = content://com.thundercomm.gamemode.api/gamemode_settings/gamemode_isgaming
01-05 04:35:00.240 1490 1490 I GameModeConfig: isGameModeOn = false
01-05 04:35:00.240 1490 1490 I GameModeConfig: isGameModeOn = false
01-05 04:35:00.240 1490 1490 I GameModeConfig: isDisableVoice = true
01-05 04:35:00.319 2382 3732 W ContextImpl: Calling a method in the system process without a qualified user: android.app.ContextImpl.startService:1816 android.content.ContextWrapper.startService:774 com.thundercomm.gamemode.ingame.services.GameModeActionUtils.startGameModeService:99 com.thundercomm.gamemode.ingame.services.GameModeActionUtils.startGameModeEntry:22 com.thundercomm.gamemode.ingame.services.ActivityMonitoringService$1.onActivityLaunch:129
01-05 04:35:00.326 1490 1490 I GameModeConfig: Current uri is uri = content://com.thundercomm.gamemode.api/gamemode_settings/gamemode_isgaming
01-05 04:35:00.328 1490 1490 I GameModeConfig: isGameModeOn = false
01-05 04:35:00.329 1490 1490 I GameModeConfig: isGameModeOn = false
01-05 04:35:00.329 1490 1490 I GameModeConfig: isDisableVoice = true
01-05 04:35:00.503 1490 1569 D FreeFormWindowHelper: Remove freefrom task=Task{2126b63 #52 type=standard A=10067:com.android.deskclock U=0 visible=false mode=freeform translucent=true sz=0}
01-05 04:35:01.260 1490 3301 W FreeFormWindowHelper: getCurrentDisplayedFreeFormTask is null
01-05 04:35:01.278 1490 2782 W FreeFormWindowHelper: getCurrentDisplayedFreeFormTask is null
01-05 04:35:01.283 1490 2782 W FreeFormWindowHelper: getCurrentDisplayedFreeFormTask is null
01-05 04:35:01.321 1490 3301 W FreeFormWindowHelper: getCurrentDisplayedFreeFormTask is null
01-05 04:35:01.336 1490 1522 W ActivityTaskManager: getTaskSnapshot: taskId=3037 not found
01-05 04:35:01.336 1490 2916 W ActivityTaskManager: getTaskSnapshot: taskId=2037 not found
01-05 04:35:01.336 1490 2916 W ActivityTaskManager: getTaskSnapshot: taskId=1037 not found
01-05 04:35:01.337 1490 2916 W FreeFormWindowHelper: getCurrentDisplayedFreeFormTask is null
01-05 04:35:01.354 1490 2782 W FreeFormWindowHelper: getCurrentDisplayedFreeFormTask is null
01-05 04:35:01.624 1490 2782 W FreeFormWindowHelper: getCurrentDisplayedFreeFormTask is null
01-05 04:35:01.650 1490 1522 W FreeFormWindowHelper: getCurrentDisplayedFreeFormTask is null
01-05 04:35:01.667 1490 1522 W FreeFormWindowHelper: getCurrentDisplayedFreeFormTask is null
01-05 04:35:01.683 1490 1522 W FreeFormWindowHelper: getCurrentDisplayedFreeFormTask is null
01-05 04:35:01.699 1490 1522 W FreeFormWindowHelper: getCurrentDisplayedFreeFormTask is null
01-05 04:35:01.716 1490 2782 W FreeFormWindowHelper: getCurrentDisplayedFreeFormTask is null
01-05 04:35:01.733 1490 2782 W FreeFormWindowHelper: getCurrentDisplayedFreeFormTask is null
01-05 04:35:01.749 1490 2782 W FreeFormWindowHelper: getCurrentDisplayedFreeFormTask is null
01-05 04:35:01.766 1490 1522 W FreeFormWindowHelper: getCurrentDisplayedFreeFormTask is null
01-05 04:35:01.782 1490 3301 W FreeFormWindowHelper: getCurrentDisplayedFreeFormTask is null
01-05 04:35:01.800 1490 1522 W FreeFormWindowHelper: getCurrentDisplayedFreeFormTask is null
01-05 04:35:01.816 1490 4338 W FreeFormWindowHelper: getCurrentDisplayedFreeFormTask is null
01-05 04:35:01.834 1490 4338 W FreeFormWindowHelper: getCurrentDisplayedFreeFormTask is null
01-05 04:35:01.848 1490 4338 W FreeFormWindowHelper: getCurrentDisplayedFreeFormTask is null
01-05 04:35:01.866 1490 2782 W FreeFormWindowHelper: getCurrentDisplayedFreeFormTask is null
01-05 04:35:01.883 1490 1522 W FreeFormWindowHelper: getCurrentDisplayedFreeFormTask is null
01-05 04:35:01.903 1490 1522 W FreeFormWindowHelper: getCurrentDisplayedFreeFormTask is null
01-05 04:35:01.921 1490 1522 W FreeFormWindowHelper: getCurrentDisplayedFreeFormTask is null
01-05 04:35:01.948 1490 1522 W FreeFormWindowHelper: getCurrentDisplayedFreeFormTask is null
01-05 04:35:03.036 1490 1522 D FreeFormWindowHelper: Add freeform task=Task{2126b63 #52 type=standard A=10067:com.android.deskclock U=0 visible=false mode=freeform translucent=true sz=0}
01-05 04:35:03.042 1490 1522 I ActivityTaskManager: START u0 {flg=0x10108000 cmp=com.android.deskclock/.DeskClock} from uid 10075
01-05 04:35:03.053 1490 4338 I ActivityTaskManager: FOREGROUND_APPLICATION_CHANGED to com.android.deskclock.DeskClock
01-05 04:35:03.053 1490 4338 I ActivityTaskManager: The Process com.android.deskclock Already Exists in BG. So sending its PID: 4466
01-05 04:35:03.054 1490 4338 W ActivityTaskManager: Tried to set launchTime (0) < mLastActivityLaunchTime (247674)
01-05 04:35:03.065 2382 3732 W ContextImpl: Calling a method in the system process without a qualified user: android.app.ContextImpl.startService:1816 android.content.ContextWrapper.startService:774 com.thundercomm.gamemode.ingame.services.GameModeActionUtils.startGameModeService:99 com.thundercomm.gamemode.ingame.services.GameModeActionUtils.startGameModeEntry:22 com.thundercomm.gamemode.ingame.services.ActivityMonitoringService$1.onActivityLaunch:129
01-05 04:35:03.069 1490 1490 I GameModeConfig: Current uri is uri = content://com.thundercomm.gamemode.api/gamemode_settings/gamemode_isgaming
01-05 04:35:03.071 1490 1490 I GameModeConfig: isGameModeOn = false
01-05 04:35:03.071 1490 1490 I GameModeConfig: isGameModeOn = false
01-05 04:35:03.071 1490 1490 I GameModeConfig: isDisableVoice = true
01-05 04:35:03.163 2382 3732 W ContextImpl: Calling a method in the system process without a qualified user: android.app.ContextImpl.startService:1816 android.content.ContextWrapper.startService:774 com.thundercomm.gamemode.ingame.services.GameModeActionUtils.startGameModeService:99 com.thundercomm.gamemode.ingame.services.GameModeActionUtils.startGameModeEntry:22 com.thundercomm.gamemode.ingame.services.ActivityMonitoringService$1.onActivityLaunch:129
01-05 04:35:03.168 1490 1490 I GameModeConfig: Current uri is uri = content://com.thundercomm.gamemode.api/gamemode_settings/gamemode_isgaming
01-05 04:35:03.171 1490 1490 I GameModeConfig: isGameModeOn = false
01-05 04:35:03.171 1490 1490 I GameModeConfig: isGameModeOn = false
01-05 04:35:03.171 1490 1490 I GameModeConfig: isDisableVoice = true
01-05 04:35:03.440 1490 3301 W FreeFormWindowHelper: exitRecentTasks type=0
01-05 04:35:03.492 2382 3732 W ContextImpl: Calling a method in the system process without a qualified user: android.app.ContextImpl.startService:1816 android.content.ContextWrapper.startService:774 com.thundercomm.gamemode.ingame.services.GameModeActionUtils.startGameModeService:99 com.thundercomm.gamemode.ingame.services.GameModeActionUtils.startGameModeEntry:22 com.thundercomm.gamemode.ingame.services.ActivityMonitoringService$1.onActivityLaunch:129
01-05 04:35:03.495 1490 1490 I GameModeConfig: Current uri is uri = content://com.thundercomm.gamemode.api/gamemode_settings/gamemode_isgaming
01-05 04:35:03.498 1490 1490 I GameModeConfig: isGameModeOn = false
01-05 04:35:03.498 1490 1490 I GameModeConfig: isGameModeOn = false
01-05 04:35:03.498 1490 1490 I GameModeConfig: isDisableVoice = true
01-05 04:35:04.017 1490 2764 E TaskPersister: File error accessing recents directory (directory doesn't exist?).
01-05 04:35:06.021 1490 1522 W FreeFormWindowHelper: FreeFormTask is Task{2126b63 #52 type=standard A=10067:com.android.deskclock U=0 visible=true mode=fullscreen translucent=false sz=1}
01-05 04:35:06.026 2382 3732 W ContextImpl: Calling a method in the system process without a qualified user: android.app.ContextImpl.startService:1816 android.content.ContextWrapper.startService:774 com.thundercomm.gamemode.ingame.services.GameModeActionUtils.startGameModeService:99 com.thundercomm.gamemode.ingame.services.GameModeActionUtils.startGameModeEntry:22 com.thundercomm.gamemode.ingame.services.ActivityMonitoringService$1.onActivityLaunch:129
01-05 04:35:06.029 1490 1490 I GameModeConfig: Current uri is uri = content://com.thundercomm.gamemode.api/gamemode_settings/gamemode_isgaming
01-05 04:35:06.031 1490 1490 I GameModeConfig: isGameModeOn = false
01-05 04:35:06.031 1490 1490 I GameModeConfig: isGameModeOn = false
01-05 04:35:06.031 1490 1490 I GameModeConfig: isDisableVoice = true
01-05 04:35:06.045 1490 2782 W FreeFormWindowHelper: FreeFormTask is Task{2126b63 #52 type=standard A=10067:com.android.deskclock U=0 visible=true mode=fullscreen translucent=false sz=1}
01-05 04:35:06.060 1490 1522 W FreeFormWindowHelper: FreeFormTask is Task{2126b63 #52 type=standard A=10067:com.android.deskclock U=0 visible=true mode=fullscreen translucent=false sz=1}
01-05 04:35:06.062 1490 2916 W FreeFormWindowHelper: FreeFormTask is Task{2126b63 #52 type=standard A=10067:com.android.deskclock U=0 visible=true mode=fullscreen translucent=false sz=1}
01-05 04:35:06.084 1490 2916 W FreeFormWindowHelper: FreeFormTask is Task{2126b63 #52 type=standard A=10067:com.android.deskclock U=0 visible=true mode=fullscreen translucent=false sz=1}
01-05 04:35:06.093 1490 3301 W ActivityTaskManager: getTaskSnapshot: taskId=3037 not found
01-05 04:35:06.093 1490 3301 W ActivityTaskManager: getTaskSnapshot: taskId=2037 not found
01-05 04:35:06.101 1490 2916 W FreeFormWindowHelper: FreeFormTask is Task{2126b63 #52 type=standard A=10067:com.android.deskclock U=0 visible=true mode=fullscreen translucent=false sz=1}
01-05 04:35:06.118 1490 2916 W FreeFormWindowHelper: FreeFormTask is Task{2126b63 #52 type=standard A=10067:com.android.deskclock U=0 visible=true mode=fullscreen translucent=false sz=1}
01-05 04:35:06.322 1490 2916 W FreeFormWindowHelper: FreeFormTask is Task{2126b63 #52 type=standard A=10067:com.android.deskclock U=0 visible=true mode=fullscreen translucent=false sz=1}
01-05 04:35:06.625 1490 3301 I ActivityTaskManager: FOREGROUND_APPLICATION_CHANGED to com.android.launcher3.uioverrides.QuickstepLauncher
01-05 04:35:06.644 1490 3301 W FreeFormWindowHelper: getCurrentDisplayedFreeFormTask is null
01-05 04:35:06.666 1490 1522 W FreeFormWindowHelper: getCurrentDisplayedFreeFormTask is null
01-05 04:35:06.677 2382 3732 W ContextImpl: Calling a method in the system process without a qualified user: android.app.ContextImpl.startService:1816 android.content.ContextWrapper.startService:774 com.thundercomm.gamemode.ingame.services.GameModeActionUtils.startGameModeService:99 com.thundercomm.gamemode.ingame.services.GameModeActionUtils.startGameModeEntry:22 com.thundercomm.gamemode.ingame.services.ActivityMonitoringService$1.onActivityLaunch:129
01-05 04:35:06.682 1490 1490 I GameModeConfig: Current uri is uri = content://com.thundercomm.gamemode.api/gamemode_settings/gamemode_isgaming
01-05 04:35:06.684 1490 1490 I GameModeConfig: isGameModeOn = false
01-05 04:35:06.685 1490 1490 I GameModeConfig: isGameModeOn = false
01-05 04:35:06.685 1490 1490 I GameModeConfig: isDisableVoice = true
01-05 04:35:06.709 1490 2782 W FreeFormWindowHelper: getCurrentDisplayedFreeFormTask is null
01-05 04:35:06.748 2382 3732 W ContextImpl: Calling a method in the system process without a qualified user: android.app.ContextImpl.startService:1816 android.content.ContextWrapper.startService:774 com.thundercomm.gamemode.ingame.services.GameModeActionUtils.startGameModeService:99 com.thundercomm.gamemode.ingame.services.GameModeActionUtils.startGameModeEntry:22 com.thundercomm.gamemode.ingame.services.ActivityMonitoringService$1.onActivityLaunch:129
01-05 04:35:06.755 1490 1490 I GameModeConfig: Current uri is uri = content://com.thundercomm.gamemode.api/gamemode_settings/gamemode_isgaming
01-05 04:35:06.757 1490 1490 I GameModeConfig: isGameModeOn = false
01-05 04:35:06.757 1490 1490 I GameModeConfig: isGameModeOn = false
01-05 04:35:06.757 1490 1490 I GameModeConfig: isDisableVoice = true
01-05 04:35:07.363 1490 2916 W FreeFormWindowHelper: exitRecentTasks type=0
01-05 04:35:07.366 1490 2916 W FreeFormWindowHelper: getCurrentDisplayedFreeFormTask is null
01-05 04:35:10.101 1490 2916 I thunderperf: PlatormCompat.setOverrides: Uid1=10075 Pid1=2552 Uid2=10075 Pid2=2552
01-05 04:35:10.101 1490 2916 I thunderperf: PlatormCompat.setOverrides: needCheck:false
01-05 04:35:10.102 1490 2916 I ActivityTaskManager: START u0 {flg=0x10008000 cmp=com.android.deskclock/.DeskClock} from uid 10075
01-05 04:35:10.108 1490 2916 D FreeFormWindowHelper: Add freeform task=Task{2126b63 #52 type=standard A=10067:com.android.deskclock U=0 visible=true mode=freeform translucent=true sz=1}
01-05 04:35:10.109 1490 2916 I ActivityTaskManager: FOREGROUND_APPLICATION_CHANGED to com.android.deskclock.DeskClock
01-05 04:35:10.126 1490 2916 W WindowManager: Attempted to set replacing window on app token with no content Token{69e4df6 ActivityRecord{f6c55f7 u0 com.android.deskclock/.DeskClock t52 f}}}
01-05 04:35:10.156 1490 2782 I ActivityTaskManager: The Process com.android.deskclock Already Exists in BG. So sending its PID: 4466
01-05 04:35:10.157 1490 2782 W ActivityTaskManager: Tried to set launchTime (0) < mLastActivityLaunchTime (263130)
01-05 04:35:10.193 1490 2916 I WindowManager: finishDrawing of relaunch: Window{5bc890b u0 com.android.deskclock/com.android.deskclock.DeskClock} 85ms
01-05 04:35:10.210 1490 3301 W WindowManager: updateScale0.7996942
01-05 04:35:10.237 1490 3301 W WindowManager: updateScale0.7996942
01-05 04:35:10.255 1490 1569 W WindowManager: updateScale0.7996942
01-05 04:35:10.257 1490 1569 W WindowManager: updateScale0.7996942
01-05 04:35:10.258 1490 1569 W WindowManager: updateScale0.7996942
01-05 04:35:10.531 1490 1569 W WindowManager: updateScale0.7996942
01-05 04:35:10.550 1490 3301 W WindowManager: updateScale0.7996942
01-05 04:35:10.551 1490 3301 W WindowManager: updateScale0.7996942
01-05 04:35:11.670 1490 2764 E TaskPersister: File error accessing recents directory (directory doesn't exist?).
01-05 04:35:11.671 1490 2916 I ActivityTaskManager: FOREGROUND_APPLICATION_CHANGED to com.android.launcher3.uioverrides.QuickstepLauncher
01-05 04:35:11.692 2382 3732 W ContextImpl: Calling a method in the system process without a qualified user: android.app.ContextImpl.startService:1816 android.content.ContextWrapper.startService:774 com.thundercomm.gamemode.ingame.services.GameModeActionUtils.startGameModeService:99 com.thundercomm.gamemode.ingame.services.GameModeActionUtils.startGameModeEntry:22 com.thundercomm.gamemode.ingame.services.ActivityMonitoringService$1.onActivityLaunch:129
01-05 04:35:11.702 1490 1490 I GameModeConfig: Current uri is uri = content://com.thundercomm.gamemode.api/gamemode_settings/gamemode_isgaming
01-05 04:35:11.705 1490 1490 I GameModeConfig: isGameModeOn = false
01-05 04:35:11.706 1490 1490 I GameModeConfig: isGameModeOn = false
01-05 04:35:11.706 1490 1490 I GameModeConfig: isDisableVoice = true
01-05 04:35:11.784 2382 3732 W ContextImpl: Calling a method in the system process without a qualified user: android.app.ContextImpl.startService:1816 android.content.ContextWrapper.startService:774 com.thundercomm.gamemode.ingame.services.GameModeActionUtils.startGameModeService:99 com.thundercomm.gamemode.ingame.services.GameModeActionUtils.startGameModeEntry:22 com.thundercomm.gamemode.ingame.services.ActivityMonitoringService$1.onActivityLaunch:129
01-05 04:35:11.788 1490 1490 I GameModeConfig: Current uri is uri = content://com.thundercomm.gamemode.api/gamemode_settings/gamemode_isgaming
01-05 04:35:11.789 1490 1490 I GameModeConfig: isGameModeOn = false
01-05 04:35:11.790 1490 1490 I GameModeConfig: isGameModeOn = false
01-05 04:35:11.790 1490 1490 I GameModeConfig: isDisableVoice = true
01-05 04:35:11.964 1490 1569 D FreeFormWindowHelper: Remove freefrom task=Task{2126b63 #52 type=standard A=10067:com.android.deskclock U=0 visible=false mode=freeform translucent=true sz=0}
01-05 04:35:12.787 1490 2782 W FreeFormWindowHelper: getCurrentDisplayedFreeFormTask is null
01-05 04:35:12.802 1490 3301 W FreeFormWindowHelper: getCurrentDisplayedFreeFormTask is null
01-05 04:35:12.807 1490 2916 W FreeFormWindowHelper: getCurrentDisplayedFreeFormTask is null
01-05 04:35:12.826 1490 3301 W ActivityTaskManager: getTaskSnapshot: taskId=3037 not found
01-05 04:35:12.826 1490 3301 W ActivityTaskManager: getTaskSnapshot: taskId=2037 not found
01-05 04:35:12.826 1490 3301 W ActivityTaskManager: getTaskSnapshot: taskId=1037 not found
01-05 04:35:12.831 1490 3301 W FreeFormWindowHelper: getCurrentDisplayedFreeFormTask is null
01-05 04:35:12.850 1490 2916 W FreeFormWindowHelper: getCurrentDisplayedFreeFormTask is null
01-05 04:35:13.098 1490 4450 W FreeFormWindowHelper: getCurrentDisplayedFreeFormTask is null
01-05 04:35:13.111 1490 4450 W FreeFormWindowHelper: getCurrentDisplayedFreeFormTask is null
01-05 04:35:13.126 1490 2916 W FreeFormWindowHelper: getCurrentDisplayedFreeFormTask is null
01-05 04:35:13.144 1490 2916 W FreeFormWindowHelper: getCurrentDisplayedFreeFormTask is null
01-05 04:35:13.160 1490 4450 W FreeFormWindowHelper: getCurrentDisplayedFreeFormTask is null
01-05 04:35:13.177 1490 1522 W FreeFormWindowHelper: getCurrentDisplayedFreeFormTask is null
01-05 04:35:13.196 1490 4450 W FreeFormWindowHelper: getCurrentDisplayedFreeFormTask is null
01-05 04:35:13.210 1490 1522 W FreeFormWindowHelper: getCurrentDisplayedFreeFormTask is null
01-05 04:35:13.226 1490 1522 W FreeFormWindowHelper: getCurrentDisplayedFreeFormTask is null
01-05 04:35:13.247 1490 1522 W FreeFormWindowHelper: getCurrentDisplayedFreeFormTask is null
01-05 04:35:13.264 1490 2916 W FreeFormWindowHelper: getCurrentDisplayedFreeFormTask is null
01-05 04:35:13.276 1490 4450 W FreeFormWindowHelper: getCurrentDisplayedFreeFormTask is null
01-05 04:35:13.293 1490 1522 W FreeFormWindowHelper: getCurrentDisplayedFreeFormTask is null
01-05 04:35:13.310 1490 4450 W FreeFormWindowHelper: getCurrentDisplayedFreeFormTask is null
01-05 04:35:13.327 1490 4450 W FreeFormWindowHelper: getCurrentDisplayedFreeFormTask is null
01-05 04:35:13.344 1490 1522 W FreeFormWindowHelper: getCurrentDisplayedFreeFormTask is null
01-05 04:35:13.362 1490 2916 W FreeFormWindowHelper: getCurrentDisplayedFreeFormTask is null
01-05 04:35:13.376 1490 2916 W FreeFormWindowHelper: getCurrentDisplayedFreeFormTask is null
01-05 04:35:13.394 1490 2916 W FreeFormWindowHelper: getCurrentDisplayedFreeFormTask is null
01-05 04:35:13.415 1490 2916 W FreeFormWindowHelper: getCurrentDisplayedFreeFormTask is null
01-05 04:35:14.948 1490 4450 W FreeFormWindowHelper: exitRecentTasks type=0
01-05 04:35:14.951 1490 4450 W FreeFormWindowHelper: getCurrentDisplayedFreeFormTask is null
01-05 04:35:14.970 1490 2764 E TaskPersister: File error accessing recents directory (directory doesn't exist?).
01-05 04:35:16.651 1490 4450 I thunderperf: PlatormCompat.setOverrides: Uid1=10075 Pid1=2552 Uid2=10075 Pid2=2552
01-05 04:35:16.651 1490 4450 I thunderperf: PlatormCompat.setOverrides: needCheck:false
01-05 04:35:16.654 1490 4450 I ActivityTaskManager: START u0 {act=android.intent.action.MAIN cat=[android.intent.category.LAUNCHER] flg=0x10200000 cmp=com.android.deskclock/.DeskClock bnds=[680,252][980,550]} from uid 10075
01-05 04:35:16.661 1490 4450 W ActivityTaskManager: Can't find TaskDisplayArea to determine support for multi window. Task id=53 attached=false
01-05 04:35:16.669 1490 2916 I ActivityTaskManager: FOREGROUND_APPLICATION_CHANGED to com.android.deskclock.DeskClock
01-05 04:35:16.670 1490 2916 I ActivityTaskManager: The Process com.android.deskclock Already Exists in BG. So sending its PID: 4466
01-05 04:35:16.670 1490 2916 W ActivityTaskManager: Tried to set launchTime (0) < mLastActivityLaunchTime (270233)
01-05 04:35:16.681 2382 3732 W ContextImpl: Calling a method in the system process without a qualified user: android.app.ContextImpl.startService:1816 android.content.ContextWrapper.startService:774 com.thundercomm.gamemode.ingame.services.GameModeActionUtils.startGameModeService:99 com.thundercomm.gamemode.ingame.services.GameModeActionUtils.startGameModeEntry:22 com.thundercomm.gamemode.ingame.services.ActivityMonitoringService$1.onActivityLaunch:129
01-05 04:35:16.685 1490 1490 I GameModeConfig: Current uri is uri = content://com.thundercomm.gamemode.api/gamemode_settings/gamemode_isgaming
01-05 04:35:16.686 1490 1490 I GameModeConfig: isGameModeOn = false
01-05 04:35:16.686 1490 1490 I GameModeConfig: isGameModeOn = false
01-05 04:35:16.686 1490 1490 I GameModeConfig: isDisableVoice = true
01-05 04:35:16.775 2382 3732 W ContextImpl: Calling a method in the system process without a qualified user: android.app.ContextImpl.startService:1816 android.content.ContextWrapper.startService:774 com.thundercomm.gamemode.ingame.services.GameModeActionUtils.startGameModeService:99 com.thundercomm.gamemode.ingame.services.GameModeActionUtils.startGameModeEntry:22 com.thundercomm.gamemode.ingame.services.ActivityMonitoringService$1.onActivityLaunch:129
01-05 04:35:16.779 1490 1490 I GameModeConfig: Current uri is uri = content://com.thundercomm.gamemode.api/gamemode_settings/gamemode_isgaming
01-05 04:35:16.780 1490 1490 I GameModeConfig: isGameModeOn = false
01-05 04:35:16.780 1490 1490 I GameModeConfig: isGameModeOn = false
01-05 04:35:16.780 1490 1490 I GameModeConfig: isDisableVoice = true
01-05 04:35:17.248 2382 3732 W ContextImpl: Calling a method in the system process without a qualified user: android.app.ContextImpl.startService:1816 android.content.ContextWrapper.startService:774 com.thundercomm.gamemode.ingame.services.GameModeActionUtils.startGameModeService:99 com.thundercomm.gamemode.ingame.services.GameModeActionUtils.startGameModeEntry:22 com.thundercomm.gamemode.ingame.services.ActivityMonitoringService$1.onActivityLaunch:129
01-05 04:35:17.250 1490 1490 I GameModeConfig: Current uri is uri = content://com.thundercomm.gamemode.api/gamemode_settings/gamemode_isgaming
01-05 04:35:17.250 1490 1490 I GameModeConfig: isGameModeOn = false
01-05 04:35:17.250 1490 1490 I GameModeConfig: isGameModeOn = false
01-05 04:35:17.250 1490 1490 I GameModeConfig: isDisableVoice = true
01-05 04:35:18.480 1490 4450 I thunderperf: PlatormCompat.setOverrides: Uid1=10067 Pid1=4466 Uid2=10067 Pid2=4466
01-05 04:35:18.480 1490 4450 I thunderperf: PlatormCompat.setOverrides: needCheck:false
01-05 04:35:18.480 1490 4450 W PackageManager: MATCH_ANY_USER flag requires INTERACT_ACROSS_USERS permission: UID 10067 requires android.permission.INTERACT_ACROSS_USERS_FULL or android.permission.INTERACT_ACROSS_USERS to access user 0.
01-05 04:35:18.480 1490 4450 I ActivityTaskManager: START u0 {cmp=com.android.deskclock/.worldclock.CitySelectionActivity} from uid 10067
01-05 04:35:18.495 1490 1522 I ActivityTaskManager: FOREGROUND_APPLICATION_CHANGED to com.android.deskclock.worldclock.CitySelectionActivity
01-05 04:35:18.495 1490 1522 I ActivityTaskManager: The Process com.android.deskclock Already Exists in BG. So sending its PID: 4466
01-05 04:35:18.496 1490 1522 W ActivityTaskManager: Tried to set launchTime (0) < mLastActivityLaunchTime (276746)
01-05 04:35:18.602 2382 3732 W ContextImpl: Calling a method in the system process without a qualified user: android.app.ContextImpl.startService:1816 android.content.ContextWrapper.startService:774 com.thundercomm.gamemode.ingame.services.GameModeActionUtils.startGameModeService:99 com.thundercomm.gamemode.ingame.services.GameModeActionUtils.startGameModeEntry:22 com.thundercomm.gamemode.ingame.services.ActivityMonitoringService$1.onActivityLaunch:129
01-05 04:35:18.603 1490 1490 I GameModeConfig: Current uri is uri = content://com.thundercomm.gamemode.api/gamemode_settings/gamemode_isgaming
01-05 04:35:18.604 1490 1490 I GameModeConfig: isGameModeOn = false
01-05 04:35:18.605 1490 1490 I GameModeConfig: isGameModeOn = false
01-05 04:35:18.605 1490 1490 I GameModeConfig: isDisableVoice = true
01-05 04:35:19.673 1490 2764 E TaskPersister: File error accessing recents directory (directory doesn't exist?).
01-05 04:35:19.953 1490 4450 W FreeFormWindowHelper: getCurrentDisplayedFreeFormTask is null
01-05 04:35:19.968 1490 2916 W FreeFormWindowHelper: getCurrentDisplayedFreeFormTask is null
01-05 04:35:19.980 1490 2782 W ActivityTaskManager: getTaskSnapshot: taskId=3037 not found
01-05 04:35:19.981 1490 2782 W ActivityTaskManager: getTaskSnapshot: taskId=2037 not found
01-05 04:35:19.982 2382 3732 W ContextImpl: Calling a method in the system process without a qualified user: android.app.ContextImpl.startService:1816 android.content.ContextWrapper.startService:774 com.thundercomm.gamemode.ingame.services.GameModeActionUtils.startGameModeService:99 com.thundercomm.gamemode.ingame.services.GameModeActionUtils.startGameModeEntry:22 com.thundercomm.gamemode.ingame.services.ActivityMonitoringService$1.onActivityLaunch:129
01-05 04:35:19.985 1490 1490 I GameModeConfig: Current uri is uri = content://com.thundercomm.gamemode.api/gamemode_settings/gamemode_isgaming
01-05 04:35:19.986 1490 1490 I GameModeConfig: isGameModeOn = false
01-05 04:35:19.987 1490 1490 I GameModeConfig: isGameModeOn = false
01-05 04:35:19.987 1490 1490 I GameModeConfig: isDisableVoice = true
01-05 04:35:19.990 1490 2916 W FreeFormWindowHelper: getCurrentDisplayedFreeFormTask is null
01-05 04:35:19.990 1490 4450 W ActivityTaskManager: getTaskSnapshot: taskId=3037 not found
01-05 04:35:19.990 1490 4450 W ActivityTaskManager: getTaskSnapshot: taskId=2037 not found
01-05 04:35:20.002 1490 2916 W FreeFormWindowHelper: getCurrentDisplayedFreeFormTask is null
01-05 04:35:20.018 1490 2782 W FreeFormWindowHelper: getCurrentDisplayedFreeFormTask is null
01-05 04:35:20.034 1490 2916 W FreeFormWindowHelper: getCurrentDisplayedFreeFormTask is null
01-05 04:35:20.039 1490 2916 W ActivityTaskManager: getTaskSnapshot: taskId=3037 not found
01-05 04:35:20.039 1490 2916 W ActivityTaskManager: getTaskSnapshot: taskId=2037 not found
01-05 04:35:20.051 1490 2782 W FreeFormWindowHelper: getCurrentDisplayedFreeFormTask is null
01-05 04:35:20.067 1490 2782 W FreeFormWindowHelper: getCurrentDisplayedFreeFormTask is null
01-05 04:35:20.516 1490 2916 W FreeFormWindowHelper: getCurrentDisplayedFreeFormTask is null
01-05 04:35:20.935 1490 4450 I ActivityTaskManager: FOREGROUND_APPLICATION_CHANGED to com.android.launcher3.uioverrides.QuickstepLauncher
01-05 04:35:20.950 1490 4450 W FreeFormWindowHelper: getCurrentDisplayedFreeFormTask is null
01-05 04:35:20.965 1490 1582 W BroadcastQueue: Background execution not allowed: receiving Intent { act=com.android.deskclock.WORLD_CITIES_CHANGED flg=0x10 } to com.android.deskclock/com.android.alarmclock.DigitalAppWidgetProvider
01-05 04:35:20.997 2382 3732 W ContextImpl: Calling a method in the system process without a qualified user: android.app.ContextImpl.startService:1816 android.content.ContextWrapper.startService:774 com.thundercomm.gamemode.ingame.services.GameModeActionUtils.startGameModeService:99 com.thundercomm.gamemode.ingame.services.GameModeActionUtils.startGameModeEntry:22 com.thundercomm.gamemode.ingame.services.ActivityMonitoringService$1.onActivityLaunch:129
01-05 04:35:21.001 1490 1490 I GameModeConfig: Current uri is uri = content://com.thundercomm.gamemode.api/gamemode_settings/gamemode_isgaming
01-05 04:35:21.006 1490 1490 I GameModeConfig: isGameModeOn = false
01-05 04:35:21.006 1490 1490 I GameModeConfig: isGameModeOn = false
01-05 04:35:21.006 1490 1490 I GameModeConfig: isDisableVoice = true
01-05 04:35:21.025 1490 4450 W FreeFormWindowHelper: getCurrentDisplayedFreeFormTask is null
01-05 04:35:21.053 2382 3732 W ContextImpl: Calling a method in the system process without a qualified user: android.app.ContextImpl.startService:1816 android.content.ContextWrapper.startService:774 com.thundercomm.gamemode.ingame.services.GameModeActionUtils.startGameModeService:99 com.thundercomm.gamemode.ingame.services.GameModeActionUtils.startGameModeEntry:22 com.thundercomm.gamemode.ingame.services.ActivityMonitoringService$1.onActivityLaunch:129
01-05 04:35:21.057 1490 1490 I GameModeConfig: Current uri is uri = content://com.thundercomm.gamemode.api/gamemode_settings/gamemode_isgaming
01-05 04:35:21.059 1490 1490 I GameModeConfig: isGameModeOn = false
01-05 04:35:21.059 1490 1490 I GameModeConfig: isGameModeOn = false
01-05 04:35:21.059 1490 1490 I GameModeConfig: isDisableVoice = true
01-05 04:35:21.812 1490 1521 W FreeFormWindowHelper: exitRecentTasks type=0
01-05 04:35:21.814 1490 1521 W FreeFormWindowHelper: getCurrentDisplayedFreeFormTask is null
01-05 04:35:24.536 1490 2782 I thunderperf: PlatormCompat.setOverrides: Uid1=10075 Pid1=2552 Uid2=10075 Pid2=2552
01-05 04:35:24.536 1490 2782 I thunderperf: PlatormCompat.setOverrides: needCheck:false
01-05 04:35:24.537 1490 2782 I ActivityTaskManager: START u0 {flg=0x10008000 cmp=com.android.deskclock/.DeskClock} from uid 10075
01-05 04:35:24.542 1490 2782 D FreeFormWindowHelper: Add freeform task=Task{ee740d #53 type=standard A=10067:com.android.deskclock U=0 visible=true mode=freeform translucent=true sz=2}
01-05 04:35:24.543 1490 2782 I ActivityTaskManager: FOREGROUND_APPLICATION_CHANGED to com.android.deskclock.worldclock.CitySelectionActivity
01-05 04:35:24.571 1490 1582 W BroadcastQueue: Background execution not allowed: receiving Intent { act=com.android.deskclock.WORLD_CITIES_CHANGED flg=0x10 } to com.android.deskclock/com.android.alarmclock.DigitalAppWidgetProvider
01-05 04:35:24.571 1490 4450 I ActivityTaskManager: FOREGROUND_APPLICATION_CHANGED to com.android.deskclock.DeskClock
01-05 04:35:24.572 1490 4450 I ActivityTaskManager: The Process com.android.deskclock Already Exists in BG. So sending its PID: 4466
01-05 04:35:24.572 1490 4450 W ActivityTaskManager: Tried to set launchTime (0) < mLastActivityLaunchTime (278572)
01-05 04:35:24.584 1490 1580 W UsageStatsService: Unexpected activity event reported! (com.android.deskclock/com.android.deskclock.DeskClock event : 23 instanceId : 45275660)
01-05 04:35:24.642 1490 2782 W WindowManager: updateScale0.7996942
01-05 04:35:24.673 1490 2782 W WindowManager: updateScale0.7996942
01-05 04:35:24.692 1490 1569 W WindowManager: updateScale0.7996942
01-05 04:35:24.694 1490 1569 W WindowManager: updateScale0.7996942
01-05 04:35:24.695 1490 1569 W WindowManager: updateScale0.7996942
01-05 04:35:24.966 1490 1569 W WindowManager: updateScale0.7996942
01-05 04:35:24.977 1490 4450 W WindowManager: updateScale0.7996942
01-05 04:35:24.979 1490 4450 W WindowManager: updateScale0.7996942
01-05 04:35:26.180 1490 1521 I ActivityTaskManager: FOREGROUND_APPLICATION_CHANGED to com.android.launcher3.uioverrides.QuickstepLauncher
01-05 04:35:26.204 1490 2764 E TaskPersister: File error accessing recents directory (directory doesn't exist?).
01-05 04:35:26.205 2382 3732 W ContextImpl: Calling a method in the system process without a qualified user: android.app.ContextImpl.startService:1816 android.content.ContextWrapper.startService:774 com.thundercomm.gamemode.ingame.services.GameModeActionUtils.startGameModeService:99 com.thundercomm.gamemode.ingame.services.GameModeActionUtils.startGameModeEntry:22 com.thundercomm.gamemode.ingame.services.ActivityMonitoringService$1.onActivityLaunch:129
01-05 04:35:26.212 1490 1490 I GameModeConfig: Current uri is uri = content://com.thundercomm.gamemode.api/gamemode_settings/gamemode_isgaming
01-05 04:35:26.216 1490 1490 I GameModeConfig: isGameModeOn = false
01-05 04:35:26.216 1490 1490 I GameModeConfig: isGameModeOn = false
01-05 04:35:26.216 1490 1490 I GameModeConfig: isDisableVoice = true
01-05 04:35:26.292 2382 3732 W ContextImpl: Calling a method in the system process without a qualified user: android.app.ContextImpl.startService:1816 android.content.ContextWrapper.startService:774 com.thundercomm.gamemode.ingame.services.GameModeActionUtils.startGameModeService:99 com.thundercomm.gamemode.ingame.services.GameModeActionUtils.startGameModeEntry:22 com.thundercomm.gamemode.ingame.services.ActivityMonitoringService$1.onActivityLaunch:129
01-05 04:35:26.301 1490 1490 I GameModeConfig: Current uri is uri = content://com.thundercomm.gamemode.api/gamemode_settings/gamemode_isgaming
01-05 04:35:26.304 1490 1490 I GameModeConfig: isGameModeOn = false
01-05 04:35:26.304 1490 1490 I GameModeConfig: isGameModeOn = false
01-05 04:35:26.304 1490 1490 I GameModeConfig: isDisableVoice = true
01-05 04:35:26.483 1490 1569 D FreeFormWindowHelper: Remove freefrom task=Task{ee740d #53 type=standard A=10067:com.android.deskclock U=0 visible=false mode=freeform translucent=true sz=0}
01-05 04:35:27.208 1490 1521 W FreeFormWindowHelper: getCurrentDisplayedFreeFormTask is null
01-05 04:35:27.222 1490 1522 W FreeFormWindowHelper: getCurrentDisplayedFreeFormTask is null
01-05 04:35:27.227 1490 4450 W FreeFormWindowHelper: getCurrentDisplayedFreeFormTask is null
01-05 04:35:27.250 1490 4450 W FreeFormWindowHelper: getCurrentDisplayedFreeFormTask is null
01-05 04:35:27.251 1490 1522 W ActivityTaskManager: getTaskSnapshot: taskId=3037 not found
01-05 04:35:27.251 1490 1522 W ActivityTaskManager: getTaskSnapshot: taskId=2037 not found
01-05 04:35:27.251 1490 1522 W ActivityTaskManager: getTaskSnapshot: taskId=1037 not found
01-05 04:35:27.267 1490 2782 W FreeFormWindowHelper: getCurrentDisplayedFreeFormTask is null
01-05 04:35:27.575 1490 1522 W FreeFormWindowHelper: getCurrentDisplayedFreeFormTask is null
01-05 04:35:27.596 1490 2782 W FreeFormWindowHelper: getCurrentDisplayedFreeFormTask is null
01-05 04:35:27.611 1490 1522 W FreeFormWindowHelper: getCurrentDisplayedFreeFormTask is null
01-05 04:35:27.628 1490 2782 W FreeFormWindowHelper: getCurrentDisplayedFreeFormTask is null
01-05 04:35:27.647 1490 4450 W FreeFormWindowHelper: getCurrentDisplayedFreeFormTask is null
01-05 04:35:27.662 1490 2782 W FreeFormWindowHelper: getCurrentDisplayedFreeFormTask is null
01-05 04:35:27.679 1490 1522 W FreeFormWindowHelper: getCurrentDisplayedFreeFormTask is null
01-05 04:35:27.695 1490 1522 W FreeFormWindowHelper: getCurrentDisplayedFreeFormTask is null
01-05 04:35:27.711 1490 1522 W FreeFormWindowHelper: getCurrentDisplayedFreeFormTask is null
01-05 04:35:27.739 1490 1522 W FreeFormWindowHelper: getCurrentDisplayedFreeFormTask is null
01-05 04:35:27.757 1490 4450 W FreeFormWindowHelper: getCurrentDisplayedFreeFormTask is null
01-05 04:35:27.773 1490 4450 W FreeFormWindowHelper: getCurrentDisplayedFreeFormTask is null
01-05 04:35:27.785 1490 4450 W FreeFormWindowHelper: getCurrentDisplayedFreeFormTask is null
01-05 04:35:27.797 1490 1522 W FreeFormWindowHelper: getCurrentDisplayedFreeFormTask is null
01-05 04:35:27.811 1490 4450 W FreeFormWindowHelper: getCurrentDisplayedFreeFormTask is null
01-05 04:35:27.829 1490 4338 W FreeFormWindowHelper: getCurrentDisplayedFreeFormTask is null
01-05 04:35:27.845 1490 4338 W FreeFormWindowHelper: getCurrentDisplayedFreeFormTask is null
01-05 04:35:27.863 1490 4338 W FreeFormWindowHelper: getCurrentDisplayedFreeFormTask is null
01-05 04:35:27.882 1490 4338 W FreeFormWindowHelper: getCurrentDisplayedFreeFormTask is null
01-05 04:35:29.490 1490 2764 E TaskPersister: File error accessing recents directory (directory doesn't exist?).
01-05 04:35:29.687 1490 4338 W FreeFormWindowHelper: getCurrentDisplayedFreeFormTask is null
01-05 04:35:29.998 1490 4338 W FreeFormWindowHelper: getCurrentDisplayedFreeFormTask is null
01-05 04:35:30.093 1490 4338 W ActivityTaskManager: Request to remove task ignored for non-existent task 37
01-05 04:35:30.095 1490 4338 W ActivityTaskManager: Request to remove task ignored for non-existent task 46
01-05 04:35:30.095 1490 4338 W ActivityTaskManager: Request to remove task ignored for non-existent task 53
01-05 04:35:30.597 1490 4338 W FreeFormWindowHelper: exitRecentTasks type=0
01-05 04:35:34.101 1490 2764 E TaskPersister: File error accessing recents directory (directory doesn't exist?).
