01-05 04:56:54.167 1490 4450 W FreeFormWindowHelper: getCurrentDisplayedFreeFormTask is null
01-05 04:56:54.176 1490 3301 I ActivityTaskManager: FOREGROUND_APPLICATION_CHANGED to com.android.launcher3.uioverrides.QuickstepLauncher
01-05 04:56:54.199 1490 1567 D CompatibilityChangeReporter: Compat change id reported: 135634846; UID 10086; state: DISABLED
01-05 04:56:54.200 1490 1567 D CompatibilityChangeReporter: Compat change id reported: 177438394; UID 10086; state: DISABLED
01-05 04:56:54.200 1490 1567 D CompatibilityChangeReporter: Compat change id reported: 135772972; UID 10086; state: DISABLED
01-05 04:56:54.200 1490 1567 D CompatibilityChangeReporter: Compat change id reported: 135754954; UID 10086; state: ENABLED
01-05 04:56:54.200 1490 1583 D CompatibilityChangeReporter: Compat change id reported: 143937733; UID 10086; state: ENABLED
01-05 04:56:54.209 1490 1583 I ActivityManager: Start proc 7918:com.android.music/u0a86 for null
01-05 04:56:54.224 1490 4450 D CompatibilityChangeReporter: Compat change id reported: 168419799; UID 10086; state: DISABLED
01-05 04:56:54.241 2382 3732 W ContextImpl: Calling a method in the system process without a qualified user: android.app.ContextImpl.startService:1816 android.content.ContextWrapper.startService:774 com.thundercomm.gamemode.ingame.services.GameModeActionUtils.startGameModeService:99 com.thundercomm.gamemode.ingame.services.GameModeActionUtils.startGameModeEntry:22 com.thundercomm.gamemode.ingame.services.ActivityMonitoringService$1.onActivityLaunch:129
01-05 04:56:54.244 1490 1490 I GameModeConfig: Current uri is uri = content://com.thundercomm.gamemode.api/gamemode_settings/gamemode_isgaming
01-05 04:56:54.249 1490 1490 I GameModeConfig: isGameModeOn = false
01-05 04:56:54.249 1490 1490 I GameModeConfig: isGameModeOn = false
01-05 04:56:54.249 1490 1490 I GameModeConfig: isDisableVoice = true
01-05 04:56:54.286 2382 3732 W ContextImpl: Calling a method in the system process without a qualified user: android.app.ContextImpl.startService:1816 android.content.ContextWrapper.startService:774 com.thundercomm.gamemode.ingame.services.GameModeActionUtils.startGameModeService:99 com.thundercomm.gamemode.ingame.services.GameModeActionUtils.startGameModeEntry:22 com.thundercomm.gamemode.ingame.services.ActivityMonitoringService$1.onActivityLaunch:129
01-05 04:56:54.288 1490 1490 I GameModeConfig: Current uri is uri = content://com.thundercomm.gamemode.api/gamemode_settings/gamemode_isgaming
01-05 04:56:54.289 1490 1490 I GameModeConfig: isGameModeOn = false
01-05 04:56:54.289 1490 1490 I GameModeConfig: isGameModeOn = false
01-05 04:56:54.289 1490 1490 I GameModeConfig: isDisableVoice = true
01-05 04:56:54.865 1490 1873 I GameModeConfig: isGameModeOn = false
01-05 04:56:54.886 1490 1873 I GameModeConfig: isGameModeOn = false
01-05 04:56:55.092 1490 1873 I GameModeConfig: isGameModeOn = false
01-05 04:56:57.482 1490 1873 I GameModeConfig: isGameModeOn = false
01-05 04:56:57.482 1490 1873 I GameModeConfig: isGameModeOn = false
01-05 04:56:57.482 1490 1873 I GameModeConfig: isGameModeOn = false
01-05 04:56:57.483 1490 1873 I GameModeConfig: isGameModeOn = false
01-05 04:56:57.685 1490 1490 I GameModeConfig: isGameModeOn = false
01-05 04:56:58.123 1490 4450 I thunderperf: PlatormCompat.setOverrides: Uid1=10075 Pid1=2552 Uid2=10075 Pid2=2552
01-05 04:56:58.123 1490 4450 I thunderperf: PlatormCompat.setOverrides: needCheck:false
01-05 04:56:58.125 1490 4450 I ActivityTaskManager: START u0 {act=android.intent.action.MAIN cat=[android.intent.category.LAUNCHER] flg=0x10200000 cmp=com.tencent.tmgp.sgame/.SGameActivity bnds=[1923,120][2225,400]} from uid 10075
01-05 04:56:58.149 1490 1522 I ActivityTaskManager: FOREGROUND_APPLICATION_CHANGED to com.tencent.tmgp.sgame.SGameActivity
01-05 04:56:58.261 2382 3732 W ContextImpl: Calling a method in the system process without a qualified user: android.app.ContextImpl.startService:1816 android.content.ContextWrapper.startService:774 com.thundercomm.gamemode.ingame.services.GameModeActionUtils.startGameModeService:99 com.thundercomm.gamemode.ingame.services.GameModeActionUtils.startGameModeEntry:22 com.thundercomm.gamemode.ingame.services.ActivityMonitoringService$1.onActivityLaunch:129
01-05 04:56:58.313 1490 1490 I GameModeConfig: Current uri is uri = content://com.thundercomm.gamemode.api/gamemode_settings/gamemode_isgaming
01-05 04:56:58.318 1490 1490 I GameModeConfig: isGameModeOn = false
01-05 04:56:58.318 1490 1490 I GameModeConfig: isGameModeOn = false
01-05 04:56:58.318 1490 1490 I GameModeConfig: isDisableVoice = true
01-05 04:56:58.752 2382 3732 W ContextImpl: Calling a method in the system process without a qualified user: android.app.ContextImpl.startService:1816 android.content.ContextWrapper.startService:774 com.thundercomm.gamemode.ingame.services.GameModeActionUtils.startGameModeService:99 com.thundercomm.gamemode.ingame.services.GameModeActionUtils.startGameModeEntry:22 com.thundercomm.gamemode.ingame.services.ActivityMonitoringService$1.onActivityLaunch:129
01-05 04:56:58.756 1490 1490 I GameModeConfig: Current uri is uri = content://com.thundercomm.gamemode.api/gamemode_settings/gamemode_isgaming
01-05 04:56:58.758 1490 1490 I GameModeConfig: isGameModeOn = false
01-05 04:56:58.758 1490 1490 I GameModeConfig: isGameModeOn = false
01-05 04:56:58.758 1490 1490 I GameModeConfig: isDisableVoice = true
01-05 04:57:01.161 1490 2764 E TaskPersister: File error accessing recents directory (directory doesn't exist?).
01-05 04:57:07.716 1490 1873 I GameModeConfig: isGameModeOn = false
01-05 04:57:12.017 1490 1873 I GameModeConfig: isGameModeOn = false
01-05 04:57:12.017 1490 1873 I GameModeConfig: isGameModeOn = false
01-05 04:57:12.018 1490 1873 I GameModeConfig: isGameModeOn = false
01-05 04:57:12.018 1490 1873 I GameModeConfig: isGameModeOn = false
01-05 04:57:12.224 1490 1490 I GameModeConfig: isGameModeOn = false
01-05 04:57:22.265 1490 1873 I GameModeConfig: isGameModeOn = false
01-05 05:00:08.227 1490 1490 D CompanionDeviceManagerService: onDeviceConnected(address = 50:C0:F0:71:EB:E4)
01-05 05:00:08.227 1490 1490 I CompanionDeviceManagerService: onDeviceNearby(justAppeared, address = 50:C0:F0:71:EB:E4)
01-05 05:00:08.715 1490 1490 I Telecom : BluetoothStateReceiver: Device 50:C0:F0:71:EB:E4 changed state to 1: BSR.oR@ADE
01-05 05:00:08.716 1490 1582 W BroadcastQueue: Permission Denial: broadcasting Intent { act=android.bluetooth.headset.profile.action.CONNECTION_STATE_CHANGED flg=0x1000010 (has extras) } from com.android.bluetooth (pid=1975, uid=1002) requires com.baidu.input.permission.REGISTERRECEIVE due to registered receiver BroadcastFilter{b238ea6 10028/u0 ReceiverList{56421e8 3961 com.baidu.input/10028/u0 remote:8c0ff0b}}
01-05 05:00:08.890 1490 1582 W BroadcastQueue: Permission Denial: broadcasting Intent { act=android.bluetooth.headset.profile.action.CONNECTION_STATE_CHANGED flg=0x1000010 (has extras) } from com.android.bluetooth (pid=1975, uid=1002) requires com.baidu.input.permission.REGISTERRECEIVE due to registered receiver BroadcastFilter{b238ea6 10028/u0 ReceiverList{56421e8 3961 com.baidu.input/10028/u0 remote:8c0ff0b}}
01-05 05:00:09.017 1490 1490 W Looper : Slow dispatch took 141ms main h=android.app.ActivityThread$H c=android.app.LoadedApk$ReceiverDispatcher$Args$$ExternalSyntheticLambda0@8c3a1d9 m=0
01-05 05:00:09.017 1490 1490 I Telecom : BluetoothStateReceiver: Device 50:C0:F0:71:EB:E4 is now the preferred BT device for HFP: BSR.oR@ADI
01-05 05:00:09.018 1490 2509 I Telecom : CallAudioRouteStateMachine: Message received: BT_ACTIVE_DEVICE_PRESENT=8, arg1=0: BSR.oR->CARSM.pM_BT_ACTIVE_DEVICE_PRESENT@ADI
01-05 05:00:09.018 1490 2509 I Telecom : QuiescentEarpieceRoute: Processing message BT_ACTIVE_DEVICE_PRESENT: BSR.oR->CARSM.pM_BT_ACTIVE_DEVICE_PRESENT@ADI
01-05 05:00:09.018 1490 1490 I Telecom : BluetoothStateReceiver: Device 50:C0:F0:71:EB:E4 changed state to 2: BSR.oR@ADM
01-05 05:00:09.018 1490 2509 I Telecom : Logging.Events: Non-call EVENT: AUDIO_ROUTE, Bluetooth active device present: BSR.oR->CARSM.pM_BT_ACTIVE_DEVICE_PRESENT@ADI
01-05 05:00:09.018 1490 2509 I Telecom : CallAudioRouteStateMachine: Message received: SWITCH_BLUETOOTH=1002, arg1=0: BSR.oR->CARSM.pM_BT_ACTIVE_DEVICE_PRESENT->CARSM.pM_SWITCH_BLUETOOTH@ADI
01-05 05:00:09.018 1490 2509 I Telecom : QuiescentEarpieceRoute: Processing message SWITCH_BLUETOOTH: BSR.oR->CARSM.pM_BT_ACTIVE_DEVICE_PRESENT->CARSM.pM_SWITCH_BLUETOOTH@ADI
01-05 05:00:09.018 1490 2509 W Telecom : QuiescentEarpieceRoute: Ignoring switch to bluetooth command. Not available.: BSR.oR->CARSM.pM_BT_ACTIVE_DEVICE_PRESENT->CARSM.pM_SWITCH_BLUETOOTH@ADI
01-05 05:00:09.018 1490 2508 I Telecom : BluetoothRouteManager: Message received: NEW_DEVICE_CONNECTED.: BSR.oR->BRM.pM_1@ADM
01-05 05:00:09.018 1490 2509 I Telecom : CallAudioRouteStateMachine: Message received: BLUETOOTH_DEVICE_LIST_CHANGED=7, arg1=0: BSR.oR->CARSM.pM_BLUETOOTH_DEVICE_LIST_CHANGED@ADM
01-05 05:00:09.018 1490 2509 I Telecom : QuiescentEarpieceRoute: Processing message BLUETOOTH_DEVICE_LIST_CHANGED: BSR.oR->CARSM.pM_BLUETOOTH_DEVICE_LIST_CHANGED@ADM
01-05 05:00:09.019 1490 2509 I Telecom : Logging.Events: Non-call EVENT: AUDIO_ROUTE, Bluetooth device list changed: BSR.oR->CARSM.pM_BLUETOOTH_DEVICE_LIST_CHANGED@ADM
01-05 05:00:09.034 1490 1490 I Telecom : WiredHeadsetManager: ACTION_HEADSET_PLUG event, plugged in: false, : WHC.oADA@ADQ
01-05 05:00:09.422 1490 1490 I Telecom : WiredHeadsetManager: ACTION_HEADSET_PLUG event, plugged in: false, : WHC.oADA@ADU
01-05 05:00:10.423 1490 1582 W BroadcastQueue: Permission Denial: broadcasting Intent { act=android.bluetooth.headset.profile.action.CONNECTION_STATE_CHANGED flg=0x1000010 (has extras) } from com.android.bluetooth (pid=1975, uid=1002) requires com.baidu.input.permission.REGISTERRECEIVE due to registered receiver BroadcastFilter{b238ea6 10028/u0 ReceiverList{56421e8 3961 com.baidu.input/10028/u0 remote:8c0ff0b}}
01-05 05:00:10.441 1490 1490 I Telecom : BluetoothStateReceiver: Device null is now the preferred BT device for HFP: BSR.oR@ADY
01-05 05:00:10.441 1490 1490 D CompanionDeviceManagerService: 50:C0:F0:71:EB:E4 disconnected w/ reason: (1101) Remote request
01-05 05:00:10.441 1490 1490 D CompanionDeviceManagerService: onDeviceDisconnected(address = 50:C0:F0:71:EB:E4)
01-05 05:00:10.441 1490 2509 I Telecom : CallAudioRouteStateMachine: Message received: BT_ACTIVE_DEVICE_GONE=9, arg1=0: BSR.oR->CARSM.pM_BT_ACTIVE_DEVICE_GONE@ADY
01-05 05:00:10.441 1490 1490 I Telecom : BluetoothStateReceiver: Device 50:C0:F0:71:EB:E4 changed state to 0: BSR.oR@ADc
01-05 05:00:10.442 1490 2509 I Telecom : QuiescentEarpieceRoute: Processing message BT_ACTIVE_DEVICE_GONE: BSR.oR->CARSM.pM_BT_ACTIVE_DEVICE_GONE@ADY
01-05 05:00:10.442 1490 2509 I Telecom : Logging.Events: Non-call EVENT: AUDIO_ROUTE, Bluetooth active device gone: BSR.oR->CARSM.pM_BT_ACTIVE_DEVICE_GONE@ADY
01-05 05:00:10.442 1490 2508 I Telecom : BluetoothRouteManager: Message received: LOST_DEVICE.: BSR.oR->BRM.pM_2@ADc
01-05 05:00:10.444 1490 2509 I Telecom : CallAudioRouteStateMachine: Message received: BLUETOOTH_DEVICE_LIST_CHANGED=7, arg1=0: BSR.oR->CARSM.pM_BLUETOOTH_DEVICE_LIST_CHANGED@ADc
01-05 05:00:10.444 1490 2509 I Telecom : QuiescentEarpieceRoute: Processing message BLUETOOTH_DEVICE_LIST_CHANGED: BSR.oR->CARSM.pM_BLUETOOTH_DEVICE_LIST_CHANGED@ADc
01-05 05:00:10.444 1490 2509 I Telecom : Logging.Events: Non-call EVENT: AUDIO_ROUTE, Bluetooth device list changed: BSR.oR->CARSM.pM_BLUETOOTH_DEVICE_LIST_CHANGED@ADc
01-05 05:00:10.445 1490 1490 I Telecom : WiredHeadsetManager: ACTION_HEADSET_PLUG event, plugged in: false, : WHC.oADR@ADg
01-05 05:00:10.990 1490 1490 I Telecom : WiredHeadsetManager: ACTION_HEADSET_PLUG event, plugged in: false, : WHC.oADR@ADk
01-05 05:00:17.170 1490 1490 D CompanionDeviceManagerService: onDeviceConnected(address = 50:C0:F0:71:EB:E4)
01-05 05:00:17.586 1490 1490 I Telecom : BluetoothStateReceiver: Device 50:C0:F0:71:EB:E4 changed state to 1: BSR.oR@ADo
01-05 05:00:17.586 1490 1582 W BroadcastQueue: Permission Denial: broadcasting Intent { act=android.bluetooth.headset.profile.action.CONNECTION_STATE_CHANGED flg=0x1000010 (has extras) } from com.android.bluetooth (pid=1975, uid=1002) requires com.baidu.input.permission.REGISTERRECEIVE due to registered receiver BroadcastFilter{b238ea6 10028/u0 ReceiverList{56421e8 3961 com.baidu.input/10028/u0 remote:8c0ff0b}}
01-05 05:00:17.916 1490 1582 W BroadcastQueue: Permission Denial: broadcasting Intent { act=android.bluetooth.headset.profile.action.CONNECTION_STATE_CHANGED flg=0x1000010 (has extras) } from com.android.bluetooth (pid=1975, uid=1002) requires com.baidu.input.permission.REGISTERRECEIVE due to registered receiver BroadcastFilter{b238ea6 10028/u0 ReceiverList{56421e8 3961 com.baidu.input/10028/u0 remote:8c0ff0b}}
01-05 05:00:18.048 1490 1490 W Looper : Slow dispatch took 139ms main h=android.app.ActivityThread$H c=android.app.LoadedApk$ReceiverDispatcher$Args$$ExternalSyntheticLambda0@15181ae m=0
01-05 05:00:18.048 1490 1490 I Telecom : BluetoothStateReceiver: Device 50:C0:F0:71:EB:E4 is now the preferred BT device for HFP: BSR.oR@ADs
01-05 05:00:18.049 1490 1490 I Telecom : BluetoothStateReceiver: Device 50:C0:F0:71:EB:E4 changed state to 2: BSR.oR@ADw
01-05 05:00:18.049 1490 2508 I Telecom : BluetoothRouteManager: Message received: NEW_DEVICE_CONNECTED.: BSR.oR->BRM.pM_1@ADw
01-05 05:00:18.051 1490 2509 I Telecom : CallAudioRouteStateMachine: Message received: BT_ACTIVE_DEVICE_PRESENT=8, arg1=0: BSR.oR->CARSM.pM_BT_ACTIVE_DEVICE_PRESENT@ADs
01-05 05:00:18.051 1490 2509 I Telecom : QuiescentEarpieceRoute: Processing message BT_ACTIVE_DEVICE_PRESENT: BSR.oR->CARSM.pM_BT_ACTIVE_DEVICE_PRESENT@ADs
01-05 05:00:18.051 1490 2509 I Telecom : Logging.Events: Non-call EVENT: AUDIO_ROUTE, Bluetooth active device present: BSR.oR->CARSM.pM_BT_ACTIVE_DEVICE_PRESENT@ADs
01-05 05:00:18.052 1490 2509 I Telecom : CallAudioRouteStateMachine: Message received: SWITCH_BLUETOOTH=1002, arg1=0: BSR.oR->CARSM.pM_BT_ACTIVE_DEVICE_PRESENT->CARSM.pM_SWITCH_BLUETOOTH@ADs
01-05 05:00:18.052 1490 2509 I Telecom : QuiescentEarpieceRoute: Processing message SWITCH_BLUETOOTH: BSR.oR->CARSM.pM_BT_ACTIVE_DEVICE_PRESENT->CARSM.pM_SWITCH_BLUETOOTH@ADs
01-05 05:00:18.053 1490 2509 W Telecom : QuiescentEarpieceRoute: Ignoring switch to bluetooth command. Not available.: BSR.oR->CARSM.pM_BT_ACTIVE_DEVICE_PRESENT->CARSM.pM_SWITCH_BLUETOOTH@ADs
01-05 05:00:18.053 1490 2509 I Telecom : CallAudioRouteStateMachine: Message received: BLUETOOTH_DEVICE_LIST_CHANGED=7, arg1=0: BSR.oR->CARSM.pM_BLUETOOTH_DEVICE_LIST_CHANGED@ADw
01-05 05:00:18.053 1490 2509 I Telecom : QuiescentEarpieceRoute: Processing message BLUETOOTH_DEVICE_LIST_CHANGED: BSR.oR->CARSM.pM_BLUETOOTH_DEVICE_LIST_CHANGED@ADw
01-05 05:00:18.053 1490 2509 I Telecom : Logging.Events: Non-call EVENT: AUDIO_ROUTE, Bluetooth device list changed: BSR.oR->CARSM.pM_BLUETOOTH_DEVICE_LIST_CHANGED@ADw
01-05 05:00:18.060 1490 1490 I Telecom : WiredHeadsetManager: ACTION_HEADSET_PLUG event, plugged in: false, : WHC.oADA@AD0
01-05 05:00:18.444 1490 1490 I Telecom : WiredHeadsetManager: ACTION_HEADSET_PLUG event, plugged in: false, : WHC.oADA@AD4
01-05 05:00:20.308 1490 1490 D CompanionDeviceManagerService: 50:C0:F0:71:EB:E4 disconnected w/ reason: (1101) Remote request
01-05 05:00:20.308 1490 1490 D CompanionDeviceManagerService: onDeviceDisconnected(address = 50:C0:F0:71:EB:E4)
01-05 05:00:20.317 1490 1582 W BroadcastQueue: Permission Denial: broadcasting Intent { act=android.bluetooth.headset.profile.action.CONNECTION_STATE_CHANGED flg=0x1000010 (has extras) } from com.android.bluetooth (pid=1975, uid=1002) requires com.baidu.input.permission.REGISTERRECEIVE due to registered receiver BroadcastFilter{b238ea6 10028/u0 ReceiverList{56421e8 3961 com.baidu.input/10028/u0 remote:8c0ff0b}}
01-05 05:00:20.335 1490 1490 I Telecom : BluetoothStateReceiver: Device null is now the preferred BT device for HFP: BSR.oR@AD8
01-05 05:00:20.335 1490 2509 I Telecom : CallAudioRouteStateMachine: Message received: BT_ACTIVE_DEVICE_GONE=9, arg1=0: BSR.oR->CARSM.pM_BT_ACTIVE_DEVICE_GONE@AD8
01-05 05:00:20.335 1490 2509 I Telecom : QuiescentEarpieceRoute: Processing message BT_ACTIVE_DEVICE_GONE: BSR.oR->CARSM.pM_BT_ACTIVE_DEVICE_GONE@AD8
01-05 05:00:20.336 1490 2509 I Telecom : Logging.Events: Non-call EVENT: AUDIO_ROUTE, Bluetooth active device gone: BSR.oR->CARSM.pM_BT_ACTIVE_DEVICE_GONE@AD8
01-05 05:00:20.342 1490 1490 I Telecom : BluetoothStateReceiver: Device 50:C0:F0:71:EB:E4 changed state to 0: BSR.oR@AEA
01-05 05:00:20.343 1490 2509 I Telecom : CallAudioRouteStateMachine: Message received: BLUETOOTH_DEVICE_LIST_CHANGED=7, arg1=0: BSR.oR->CARSM.pM_BLUETOOTH_DEVICE_LIST_CHANGED@AEA
01-05 05:00:20.343 1490 2509 I Telecom : QuiescentEarpieceRoute: Processing message BLUETOOTH_DEVICE_LIST_CHANGED: BSR.oR->CARSM.pM_BLUETOOTH_DEVICE_LIST_CHANGED@AEA
01-05 05:00:20.343 1490 2509 I Telecom : Logging.Events: Non-call EVENT: AUDIO_ROUTE, Bluetooth device list changed: BSR.oR->CARSM.pM_BLUETOOTH_DEVICE_LIST_CHANGED@AEA
01-05 05:00:20.344 1490 1490 I Telecom : WiredHeadsetManager: ACTION_HEADSET_PLUG event, plugged in: false, : WHC.oADR@AEE
01-05 05:00:20.345 1490 2508 I Telecom : BluetoothRouteManager: Message received: LOST_DEVICE.: BSR.oR->BRM.pM_2@AEA
01-05 05:00:20.845 1490 1490 I Telecom : WiredHeadsetManager: ACTION_HEADSET_PLUG event, plugged in: false, : WHC.oADR@AEI
01-05 05:00:27.172 1490 1490 D CompanionDeviceManagerService: TriggerDeviceDisappearedRunnable.run(address = 50:C0:F0:71:EB:E4)
01-05 05:00:27.172 1490 1490 I CompanionDeviceManagerService: onDeviceDisappeared(address = 50:C0:F0:71:EB:E4)
01-05 05:00:39.973 1490 1596 W BatteryExternalStatsWorker: error reading modem stats:ERROR_PHONE_NOT_AVAILABLE
01-05 05:00:40.002 1490 1596 E KernelCpuSpeedReader: Failed to read cpu-freq: /sys/devices/system/cpu/cpu4/cpufreq/stats/time_in_state: open failed: ENOENT (No such file or directory)
01-05 05:00:40.003 1490 1596 E KernelCpuSpeedReader: Failed to read cpu-freq: /sys/devices/system/cpu/cpu0/cpufreq/stats/time_in_state: open failed: ENOENT (No such file or directory)
01-05 05:00:40.047 1490 1596 D KernelCpuUidUserSysTimeReader: Removing uids 99000-99000
01-05 05:00:50.175 1490 1522 W ActivityManager: Unable to start service Intent { act=com.tencent.tpns.mqttchannel.FEEDBACK pkg=com.tencent.tmgp.sgame } U=0: not found
01-05 05:00:59.627 1490 1717 D ActivityManager: freezing 5142 com.android.settings
01-05 05:00:59.628 1490 1717 E ActivityManager: Unable to freeze binder for 5142 com.android.settings
01-05 05:00:59.631 1490 1717 D ActivityManager: froze 5142 com.android.settings
01-05 05:00:59.631 1490 1717 E ActivityManager: Unable to freeze binder for 5142 com.android.settings
01-05 05:00:59.635 1490 1717 D ActivityManager: freezing 6926 com.qualcomm.qti.qccauthmgr
01-05 05:00:59.635 1490 1717 E ActivityManager: Unable to freeze binder for 6926 com.qualcomm.qti.qccauthmgr
01-05 05:00:59.637 1490 1717 D ActivityManager: froze 6926 com.qualcomm.qti.qccauthmgr
01-05 05:00:59.638 1490 1717 E ActivityManager: Unable to freeze binder for 6926 com.qualcomm.qti.qccauthmgr
01-05 05:00:59.641 1490 1717 D ActivityManager: freezing 6986 com.android.deskclock
01-05 05:00:59.641 1490 1717 E ActivityManager: Unable to freeze binder for 6986 com.android.deskclock
01-05 05:00:59.642 1490 1717 D ActivityManager: froze 6986 com.android.deskclock
01-05 05:00:59.642 1490 1717 E ActivityManager: Unable to freeze binder for 6986 com.android.deskclock
01-05 05:00:59.644 1490 1717 I ActivityManager: Killing 5142:com.android.settings/1000 (adj 910): Unable to freeze binder interface
01-05 05:00:59.650 1490 1717 I ActivityManager: Killing 6926:com.qualcomm.qti.qccauthmgr/u0a88 (adj 965): Unable to freeze binder interface
01-05 05:00:59.650 1490 1717 I ActivityManager: Killing 6986:com.android.deskclock/u0a67 (adj 955): Unable to freeze binder interface
01-05 05:00:59.723 1490 1567 W ActivityManager: setHasOverlayUi called on unknown pid: 5142
01-05 05:01:18.626 1490 1717 D ActivityManager: freezing 7119 com.android.keychain
01-05 05:01:18.627 1490 1717 E ActivityManager: Unable to freeze binder for 7119 com.android.keychain
01-05 05:01:18.629 1490 1717 D ActivityManager: froze 7119 com.android.keychain
01-05 05:01:18.630 1490 1717 E ActivityManager: Unable to freeze binder for 7119 com.android.keychain
01-05 05:01:18.632 1490 1717 I ActivityManager: Killing 7119:com.android.keychain/1000 (adj 945): Unable to freeze binder interface
01-05 05:01:33.162 1490 1717 D ActivityManager: freezing 5001 com.android.permissioncontroller
01-05 05:01:33.162 1490 1717 E ActivityManager: Unable to freeze binder for 5001 com.android.permissioncontroller
01-05 05:01:33.164 1490 1717 D ActivityManager: froze 5001 com.android.permissioncontroller
01-05 05:01:33.165 1490 1717 E ActivityManager: Unable to freeze binder for 5001 com.android.permissioncontroller
01-05 05:01:33.168 1490 1717 I ActivityManager: Killing 5001:com.android.permissioncontroller/u0a93 (adj 935): Unable to freeze binder interface
01-05 05:05:35.242 1490 2782 W ActivityManager: Unable to start service Intent { act=com.tencent.tpns.mqttchannel.FEEDBACK pkg=com.tencent.tmgp.sgame } U=0: not found
01-05 05:06:54.326 1490 1717 D ActivityManager: freezing 7918 com.android.music
01-05 05:06:54.327 1490 1717 E ActivityManager: Unable to freeze binder for 7918 com.android.music
01-05 05:06:54.329 1490 1717 D ActivityManager: froze 7918 com.android.music
01-05 05:06:54.329 1490 1717 E ActivityManager: Unable to freeze binder for 7918 com.android.music
01-05 05:06:54.330 1490 1717 I ActivityManager: Killing 7918:com.android.music/u0a86 (adj 925): Unable to freeze binder interface
01-05 05:06:55.254 1490 1717 D ActivityManager: freezing 7804 com.android.systemui:screenshot
01-05 05:06:55.254 1490 1717 E ActivityManager: Unable to freeze binder for 7804 com.android.systemui:screenshot
01-05 05:06:55.255 1490 1717 D ActivityManager: froze 7804 com.android.systemui:screenshot
01-05 05:06:55.255 1490 1717 E ActivityManager: Unable to freeze binder for 7804 com.android.systemui:screenshot
01-05 05:06:55.257 1490 1717 I ActivityManager: Killing 7804:com.android.systemui:screenshot/u0a81 (adj 915): Unable to freeze binder interface
01-05 05:06:55.327 1490 1567 W ActivityManager: setHasOverlayUi called on unknown pid: 7804
01-05 05:10:08.322 1490 1717 D ActivityManager: freezing 2489 com.thundercomm.gamemode.provider
01-05 05:10:08.323 1490 1717 E ActivityManager: Unable to freeze binder for 2489 com.thundercomm.gamemode.provider
01-05 05:10:08.324 1490 1717 D ActivityManager: froze 2489 com.thundercomm.gamemode.provider
01-05 05:10:08.325 1490 1717 E ActivityManager: Unable to freeze binder for 2489 com.thundercomm.gamemode.provider
01-05 05:10:08.327 1490 1717 I ActivityManager: Killing 2489:com.thundercomm.gamemode.provider/u0a65 (adj 905): Unable to freeze binder interface
01-05 05:10:20.327 1490 8088 W ActivityManager: Unable to start service Intent { act=com.tencent.tpns.mqttchannel.FEEDBACK pkg=com.tencent.tmgp.sgame } U=0: not found
01-05 05:10:48.232 1490 1580 I UsageStatsService: User[0] Flushing usage stats to disk
01-05 05:10:59.738 1490 1717 D ActivityManager: freezing 3199 com.qti.diagservices
01-05 05:10:59.738 1490 1717 E ActivityManager: Unable to freeze binder for 3199 com.qti.diagservices
01-05 05:10:59.740 1490 1717 D ActivityManager: froze 3199 com.qti.diagservices
01-05 05:10:59.740 1490 1717 E ActivityManager: Unable to freeze binder for 3199 com.qti.diagservices
01-05 05:10:59.741 1490 1717 I ActivityManager: Killing 3199:com.qti.diagservices/1000 (adj 925): Unable to freeze binder interface
01-05 05:10:59.782 1490 8088 W ActivityManager: Scheduling restart of crashed service com.qti.diagservices/.QTIDiagServices in 1000ms for start-requested
01-05 05:11:00.788 1490 1582 D CompatibilityChangeReporter: Compat change id reported: 135634846; UID 1000; state: DISABLED
01-05 05:11:00.789 1490 1582 D CompatibilityChangeReporter: Compat change id reported: 177438394; UID 1000; state: DISABLED
01-05 05:11:00.789 1490 1582 D CompatibilityChangeReporter: Compat change id reported: 135772972; UID 1000; state: DISABLED
01-05 05:11:00.789 1490 1582 D CompatibilityChangeReporter: Compat change id reported: 135754954; UID 1000; state: ENABLED
01-05 05:11:00.817 1490 1583 I ActivityManager: Start proc 8104:com.qti.diagservices/1000 for service {com.qti.diagservices/com.qti.diagservices.QTIDiagServices}
01-05 05:11:00.858 1490 8088 D CompatibilityChangeReporter: Compat change id reported: 168419799; UID 1000; state: DISABLED
01-05 05:11:27.542 1490 8088 W ActivityManager: Unable to start service Intent { act=android.intent.action.START_LEBO_SERVICE pkg=com.hpplay.happyplay.aw } U=0: not found
01-05 05:15:05.373 1490 7531 W ActivityManager: Unable to start service Intent { act=com.tencent.tpns.mqttchannel.FEEDBACK pkg=com.tencent.tmgp.sgame } U=0: not found
01-05 05:19:50.415 1490 8088 W ActivityManager: Unable to start service Intent { act=com.tencent.tpns.mqttchannel.FEEDBACK pkg=com.tencent.tmgp.sgame } U=0: not found
01-05 05:24:35.414 1490 1521 W ActivityManager: Unable to start service Intent { act=com.tencent.tpns.mqttchannel.FEEDBACK pkg=com.tencent.tmgp.sgame } U=0: not found
01-05 05:29:20.433 1490 8088 W ActivityManager: Unable to start service Intent { act=com.tencent.tpns.mqttchannel.FEEDBACK pkg=com.tencent.tmgp.sgame } U=0: not found
01-05 05:30:40.010 1490 1596 W BatteryExternalStatsWorker: error reading modem stats:ERROR_PHONE_NOT_AVAILABLE
01-05 05:30:40.041 1490 1596 E KernelCpuSpeedReader: Failed to read cpu-freq: /sys/devices/system/cpu/cpu4/cpufreq/stats/time_in_state: open failed: ENOENT (No such file or directory)
01-05 05:30:40.042 1490 1596 E KernelCpuSpeedReader: Failed to read cpu-freq: /sys/devices/system/cpu/cpu0/cpufreq/stats/time_in_state: open failed: ENOENT (No such file or directory)
01-05 05:30:48.282 1490 1580 I UsageStatsService: User[0] Flushing usage stats to disk
01-05 05:34:05.527 1490 1898 W ActivityManager: Unable to start service Intent { act=com.tencent.tpns.mqttchannel.FEEDBACK pkg=com.tencent.tmgp.sgame } U=0: not found
01-05 05:38:50.557 1490 2026 W ActivityManager: Unable to start service Intent { act=com.tencent.tpns.mqttchannel.FEEDBACK pkg=com.tencent.tmgp.sgame } U=0: not found
01-05 05:43:35.637 1490 2487 W ActivityManager: Unable to start service Intent { act=com.tencent.tpns.mqttchannel.FEEDBACK pkg=com.tencent.tmgp.sgame } U=0: not found
01-05 05:48:20.720 1490 7531 W ActivityManager: Unable to start service Intent { act=com.tencent.tpns.mqttchannel.FEEDBACK pkg=com.tencent.tmgp.sgame } U=0: not found
01-05 05:50:48.411 1490 1580 I UsageStatsService: User[0] Flushing usage stats to disk
01-05 05:53:05.771 1490 2916 W ActivityManager: Unable to start service Intent { act=com.tencent.tpns.mqttchannel.FEEDBACK pkg=com.tencent.tmgp.sgame } U=0: not found
01-05 05:57:50.825 1490 2916 W ActivityManager: Unable to start service Intent { act=com.tencent.tpns.mqttchannel.FEEDBACK pkg=com.tencent.tmgp.sgame } U=0: not found
01-05 06:00:40.054 1490 1596 W BatteryExternalStatsWorker: error reading modem stats:ERROR_PHONE_NOT_AVAILABLE
01-05 06:00:40.090 1490 1596 E KernelCpuSpeedReader: Failed to read cpu-freq: /sys/devices/system/cpu/cpu4/cpufreq/stats/time_in_state: open failed: ENOENT (No such file or directory)
01-05 06:00:40.090 1490 1596 E KernelCpuSpeedReader: Failed to read cpu-freq: /sys/devices/system/cpu/cpu0/cpufreq/stats/time_in_state: open failed: ENOENT (No such file or directory)
01-05 06:02:35.834 1490 2916 W ActivityManager: Unable to start service Intent { act=com.tencent.tpns.mqttchannel.FEEDBACK pkg=com.tencent.tmgp.sgame } U=0: not found
01-05 06:07:20.850 1490 6823 W ActivityManager: Unable to start service Intent { act=com.tencent.tpns.mqttchannel.FEEDBACK pkg=com.tencent.tmgp.sgame } U=0: not found
01-05 06:10:48.544 1490 1580 I UsageStatsService: User[0] Flushing usage stats to disk
01-05 06:12:05.894 1490 2916 W ActivityManager: Unable to start service Intent { act=com.tencent.tpns.mqttchannel.FEEDBACK pkg=com.tencent.tmgp.sgame } U=0: not found
01-05 06:16:50.923 1490 6823 W ActivityManager: Unable to start service Intent { act=com.tencent.tpns.mqttchannel.FEEDBACK pkg=com.tencent.tmgp.sgame } U=0: not found
01-05 06:21:35.992 1490 7531 W ActivityManager: Unable to start service Intent { act=com.tencent.tpns.mqttchannel.FEEDBACK pkg=com.tencent.tmgp.sgame } U=0: not found
01-05 06:26:21.093 1490 8088 W ActivityManager: Unable to start service Intent { act=com.tencent.tpns.mqttchannel.FEEDBACK pkg=com.tencent.tmgp.sgame } U=0: not found
01-05 06:30:40.054 1490 1596 W BatteryExternalStatsWorker: error reading modem stats:ERROR_PHONE_NOT_AVAILABLE
01-05 06:30:40.087 1490 1596 E KernelCpuSpeedReader: Failed to read cpu-freq: /sys/devices/system/cpu/cpu4/cpufreq/stats/time_in_state: open failed: ENOENT (No such file or directory)
01-05 06:30:40.087 1490 1596 E KernelCpuSpeedReader: Failed to read cpu-freq: /sys/devices/system/cpu/cpu0/cpufreq/stats/time_in_state: open failed: ENOENT (No such file or directory)
01-05 06:30:48.616 1490 1580 I UsageStatsService: User[0] Flushing usage stats to disk
01-05 06:31:06.134 1490 6823 W ActivityManager: Unable to start service Intent { act=com.tencent.tpns.mqttchannel.FEEDBACK pkg=com.tencent.tmgp.sgame } U=0: not found
01-05 06:35:51.216 1490 6823 W ActivityManager: Unable to start service Intent { act=com.tencent.tpns.mqttchannel.FEEDBACK pkg=com.tencent.tmgp.sgame } U=0: not found
01-05 06:40:36.220 1490 8088 W ActivityManager: Unable to start service Intent { act=com.tencent.tpns.mqttchannel.FEEDBACK pkg=com.tencent.tmgp.sgame } U=0: not found --------- beginning of events
01-05 06:43:03.359 0 0 I auditd : type=1400 audit(0.0:6999): avc: denied { kill } for comm="swapper/2" capability=5 scontext=u:r:kernel:s0 tcontext=u:r:kernel:s0 tclass=capability permissive=0
01-05 06:43:05.359 0 0 I auditd : type=1400 audit(0.0:7000): avc: denied { kill } for comm="swapper/2" capability=5 scontext=u:r:kernel:s0 tcontext=u:r:kernel:s0 tclass=capability permissive=0
01-05 06:43:09.355 0 0 I auditd : type=1400 audit(0.0:7001): avc: denied { kill } for comm="swapper/2" capability=5 scontext=u:r:kernel:s0 tcontext=u:r:kernel:s0 tclass=capability permissive=0
01-05 06:43:10.359 0 0 I auditd : type=1400 audit(0.0:7002): avc: denied { kill } for comm="swapper/2" capability=5 scontext=u:r:kernel:s0 tcontext=u:r:kernel:s0 tclass=capability permissive=0
01-05 06:43:11.359 0 0 I auditd : type=1400 audit(0.0:7003): avc: denied { kill } for comm="swapper/2" capability=5 scontext=u:r:kernel:s0 tcontext=u:r:kernel:s0 tclass=capability permissive=0
01-05 06:43:12.359 0 0 I auditd : type=1400 audit(0.0:7004): avc: denied { kill } for comm="swapper/2" capability=5 scontext=u:r:kernel:s0 tcontext=u:r:kernel:s0 tclass=capability permissive=0
01-05 06:43:14.355 0 0 I auditd : type=1400 audit(0.0:7005): avc: denied { kill } for comm="swapper/2" capability=5 scontext=u:r:kernel:s0 tcontext=u:r:kernel:s0 tclass=capability permissive=0
01-05 06:43:17.355 0 0 I auditd : type=1400 audit(0.0:7006): avc: denied { kill } for comm="swapper/3" capability=5 scontext=u:r:kernel:s0 tcontext=u:r:kernel:s0 tclass=capability permissive=0
01-05 06:43:18.359 0 0 I auditd : type=1400 audit(0.0:7007): avc: denied { kill } for comm="swapper/3" capability=5 scontext=u:r:kernel:s0 tcontext=u:r:kernel:s0 tclass=capability permissive=0
01-05 06:43:19.359 0 0 I auditd : type=1400 audit(0.0:7008): avc: denied { kill } for comm="swapper/3" capability=5 scontext=u:r:kernel:s0 tcontext=u:r:kernel:s0 tclass=capability permissive=0
01-05 06:43:20.355 0 0 I auditd : type=1400 audit(0.0:7009): avc: denied { kill } for comm="swapper/3" capability=5 scontext=u:r:kernel:s0 tcontext=u:r:kernel:s0 tclass=capability permissive=0
01-05 06:43:21.359 0 0 I auditd : type=1400 audit(0.0:7010): avc: denied { kill } for comm="swapper/3" capability=5 scontext=u:r:kernel:s0 tcontext=u:r:kernel:s0 tclass=capability permissive=0
01-05 06:43:22.359 0 0 I auditd : type=1400 audit(0.0:7011): avc: denied { kill } for comm="swapper/3" capability=5 scontext=u:r:kernel:s0 tcontext=u:r:kernel:s0 tclass=capability permissive=0
01-05 06:43:23.359 0 0 I auditd : type=1400 audit(0.0:7012): avc: denied { kill } for comm="swapper/3" capability=5 scontext=u:r:kernel:s0 tcontext=u:r:kernel:s0 tclass=capability permissive=0
01-05 06:43:24.359 0 0 I auditd : type=1400 audit(0.0:7013): avc: denied { kill } for comm="swapper/3" capability=5 scontext=u:r:kernel:s0 tcontext=u:r:kernel:s0 tclass=capability permissive=0
01-05 06:43:25.359 0 0 I auditd : type=1400 audit(0.0:7014): avc: denied { kill } for comm="swapper/3" capability=5 scontext=u:r:kernel:s0 tcontext=u:r:kernel:s0 tclass=capability permissive=0
01-05 06:43:26.359 0 0 I auditd : type=1400 audit(0.0:7015): avc: denied { kill } for comm="swapper/3" capability=5 scontext=u:r:kernel:s0 tcontext=u:r:kernel:s0 tclass=capability permissive=0
01-05 06:43:27.355 0 0 I auditd : type=1400 audit(0.0:7016): avc: denied { kill } for comm="swapper/3" capability=5 scontext=u:r:kernel:s0 tcontext=u:r:kernel:s0 tclass=capability permissive=0
01-05 06:43:28.359 0 0 I auditd : type=1400 audit(0.0:7017): avc: denied { kill } for comm="swapper/3" capability=5 scontext=u:r:kernel:s0 tcontext=u:r:kernel:s0 tclass=capability permissive=0
01-05 06:43:29.359 0 0 I auditd : type=1400 audit(0.0:7018): avc: denied { kill } for comm="swapper/3" capability=5 scontext=u:r:kernel:s0 tcontext=u:r:kernel:s0 tclass=capability permissive=0
01-05 06:43:30.359 0 0 I auditd : type=1400 audit(0.0:7019): avc: denied { kill } for comm="swapper/3" capability=5 scontext=u:r:kernel:s0 tcontext=u:r:kernel:s0 tclass=capability permissive=0
01-05 06:43:31.355 0 0 I auditd : type=1400 audit(0.0:7020): avc: denied { kill } for comm="swapper/3" capability=5 scontext=u:r:kernel:s0 tcontext=u:r:kernel:s0 tclass=capability permissive=0
01-05 06:43:32.359 0 0 I auditd : type=1400 audit(0.0:7021): avc: denied { kill } for comm="swapper/3" capability=5 scontext=u:r:kernel:s0 tcontext=u:r:kernel:s0 tclass=capability permissive=0
01-05 06:43:33.359 0 0 I auditd : type=1400 audit(0.0:7022): avc: denied { kill } for comm="swapper/3" capability=5 scontext=u:r:kernel:s0 tcontext=u:r:kernel:s0 tclass=capability permissive=0
01-05 06:43:34.359 0 0 I auditd : type=1400 audit(0.0:7023): avc: denied { kill } for comm="swapper/3" capability=5 scontext=u:r:kernel:s0 tcontext=u:r:kernel:s0 tclass=capability permissive=0
01-05 06:43:35.355 0 0 I auditd : type=1400 audit(0.0:7024): avc: denied { kill } for comm="swapper/3" capability=5 scontext=u:r:kernel:s0 tcontext=u:r:kernel:s0 tclass=capability permissive=0
01-05 06:43:36.359 0 0 I auditd : type=1400 audit(0.0:7025): avc: denied { kill } for comm="swapper/3" capability=5 scontext=u:r:kernel:s0 tcontext=u:r:kernel:s0 tclass=capability permissive=0
01-05 06:43:37.355 0 0 I auditd : type=1400 audit(0.0:7026): avc: denied { kill } for comm="swapper/3" capability=5 scontext=u:r:kernel:s0 tcontext=u:r:kernel:s0 tclass=capability permissive=0
01-05 06:43:38.359 0 0 I auditd : type=1400 audit(0.0:7027): avc: denied { kill } for comm="swapper/3" capability=5 scontext=u:r:kernel:s0 tcontext=u:r:kernel:s0 tclass=capability permissive=0
01-05 06:43:39.359 0 0 I auditd : type=1400 audit(0.0:7028): avc: denied { kill } for comm="swapper/3" capability=5 scontext=u:r:kernel:s0 tcontext=u:r:kernel:s0 tclass=capability permissive=0
01-05 06:43:40.359 0 0 I auditd : type=1400 audit(0.0:7029): avc: denied { kill } for comm="swapper/3" capability=5 scontext=u:r:kernel:s0 tcontext=u:r:kernel:s0 tclass=capability permissive=0
01-05 06:43:41.359 0 0 I auditd : type=1400 audit(0.0:7030): avc: denied { kill } for comm="swapper/1" capability=5 scontext=u:r:kernel:s0 tcontext=u:r:kernel:s0 tclass=capability permissive=0
01-05 06:43:42.359 0 0 I auditd : type=1400 audit(0.0:7031): avc: denied { kill } for comm="swapper/1" capability=5 scontext=u:r:kernel:s0 tcontext=u:r:kernel:s0 tclass=capability permissive=0
01-05 06:43:43.359 0 0 I auditd : type=1400 audit(0.0:7032): avc: denied { kill } for comm="swapper/1" capability=5 scontext=u:r:kernel:s0 tcontext=u:r:kernel:s0 tclass=capability permissive=0
01-05 06:43:44.359 0 0 I auditd : type=1400 audit(0.0:7033): avc: denied { kill } for comm="swapper/1" capability=5 scontext=u:r:kernel:s0 tcontext=u:r:kernel:s0 tclass=capability permissive=0
01-05 06:43:45.359 0 0 I auditd : type=1400 audit(0.0:7034): avc: denied { kill } for comm="swapper/1" capability=5 scontext=u:r:kernel:s0 tcontext=u:r:kernel:s0 tclass=capability permissive=0
01-05 06:43:46.359 0 0 I auditd : type=1400 audit(0.0:7035): avc: denied { kill } for comm="swapper/1" capability=5 scontext=u:r:kernel:s0 tcontext=u:r:kernel:s0 tclass=capability permissive=0
01-05 06:43:47.359 0 0 I auditd : type=1400 audit(0.0:7036): avc: denied { kill } for comm="swapper/1" capability=5 scontext=u:r:kernel:s0 tcontext=u:r:kernel:s0 tclass=capability permissive=0
01-05 06:43:48.359 0 0 I auditd : type=1400 audit(0.0:7037): avc: denied { kill } for comm="swapper/1" capability=5 scontext=u:r:kernel:s0 tcontext=u:r:kernel:s0 tclass=capability permissive=0
01-05 06:43:49.355 0 0 I auditd : type=1400 audit(0.0:7038): avc: denied { kill } for comm="swapper/1" capability=5 scontext=u:r:kernel:s0 tcontext=u:r:kernel:s0 tclass=capability permissive=0
01-05 06:43:50.355 0 0 I auditd : type=1400 audit(0.0:7039): avc: denied { kill } for comm="swapper/1" capability=5 scontext=u:r:kernel:s0 tcontext=u:r:kernel:s0 tclass=capability permissive=0
01-05 06:43:51.355 0 0 I auditd : type=1400 audit(0.0:7040): avc: denied { kill } for comm="swapper/1" capability=5 scontext=u:r:kernel:s0 tcontext=u:r:kernel:s0 tclass=capability permissive=0
01-05 06:43:52.359 0 0 I auditd : type=1400 audit(0.0:7041): avc: denied { kill } for comm="swapper/1" capability=5 scontext=u:r:kernel:s0 tcontext=u:r:kernel:s0 tclass=capability permissive=0
01-05 06:43:53.355 0 0 I auditd : type=1400 audit(0.0:7042): avc: denied { kill } for comm="swapper/1" capability=5 scontext=u:r:kernel:s0 tcontext=u:r:kernel:s0 tclass=capability permissive=0
01-05 06:43:54.359 0 0 I auditd : type=1400 audit(0.0:7043): avc: denied { kill } for comm="swapper/1" capability=5 scontext=u:r:kernel:s0 tcontext=u:r:kernel:s0 tclass=capability permissive=0
01-05 06:43:55.359 0 0 I auditd : type=1400 audit(0.0:7044): avc: denied { kill } for comm="swapper/1" capability=5 scontext=u:r:kernel:s0 tcontext=u:r:kernel:s0 tclass=capability permissive=0
01-05 06:43:56.359 0 0 I auditd : type=1400 audit(0.0:7045): avc: denied { kill } for comm="swapper/1" capability=5 scontext=u:r:kernel:s0 tcontext=u:r:kernel:s0 tclass=capability permissive=0
01-05 06:43:58.359 0 0 I auditd : type=1400 audit(0.0:7046): avc: denied { kill } for comm="swapper/2" capability=5 scontext=u:r:kernel:s0 tcontext=u:r:kernel:s0 tclass=capability permissive=0
01-05 06:43:59.359 0 0 I auditd : type=1400 audit(0.0:7047): avc: denied { kill } for comm="swapper/2" capability=5 scontext=u:r:kernel:s0 tcontext=u:r:kernel:s0 tclass=capability permissive=0
01-05 06:44:00.359 0 0 I auditd : type=1400 audit(0.0:7048): avc: denied { kill } for comm="swapper/2" capability=5 scontext=u:r:kernel:s0 tcontext=u:r:kernel:s0 tclass=capability permissive=0
01-05 06:44:01.359 0 0 I auditd : type=1400 audit(0.0:7049): avc: denied { kill } for comm="swapper/2" capability=5 scontext=u:r:kernel:s0 tcontext=u:r:kernel:s0 tclass=capability permissive=0
01-05 06:44:04.359 0 0 I auditd : type=1400 audit(0.0:7050): avc: denied { kill } for comm="swapper/2" capability=5 scontext=u:r:kernel:s0 tcontext=u:r:kernel:s0 tclass=capability permissive=0
01-05 06:44:05.359 0 0 I auditd : type=1400 audit(0.0:7051): avc: denied { kill } for comm="swapper/2" capability=5 scontext=u:r:kernel:s0 tcontext=u:r:kernel:s0 tclass=capability permissive=0
01-05 06:44:07.359 0 0 I auditd : type=1400 audit(0.0:7052): avc: denied { kill } for comm="swapper/1" capability=5 scontext=u:r:kernel:s0 tcontext=u:r:kernel:s0 tclass=capability permissive=0
01-05 06:44:08.359 0 0 I auditd : type=1400 audit(0.0:7053): avc: denied { kill } for comm="swapper/1" capability=5 scontext=u:r:kernel:s0 tcontext=u:r:kernel:s0 tclass=capability permissive=0
01-05 06:44:09.359 0 0 I auditd : type=1400 audit(0.0:7054): avc: denied { kill } for comm="swapper/2" capability=5 scontext=u:r:kernel:s0 tcontext=u:r:kernel:s0 tclass=capability permissive=0
01-05 06:44:11.355 0 0 I auditd : type=1400 audit(0.0:7055): avc: denied { kill } for comm="swapper/2" capability=5 scontext=u:r:kernel:s0 tcontext=u:r:kernel:s0 tclass=capability permissive=0
01-05 06:44:12.355 0 0 I auditd : type=1400 audit(0.0:7056): avc: denied { kill } for comm="swapper/2" capability=5 scontext=u:r:kernel:s0 tcontext=u:r:kernel:s0 tclass=capability permissive=0
01-05 06:44:14.355 0 0 I auditd : type=1400 audit(0.0:7057): avc: denied { kill } for comm="swapper/3" capability=5 scontext=u:r:kernel:s0 tcontext=u:r:kernel:s0 tclass=capability permissive=0
01-05 06:44:15.359 0 0 I auditd : type=1400 audit(0.0:7058): avc: denied { kill } for comm="swapper/3" capability=5 scontext=u:r:kernel:s0 tcontext=u:r:kernel:s0 tclass=capability permissive=0
01-05 06:44:16.359 0 0 I auditd : type=1400 audit(0.0:7059): avc: denied { kill } for comm="swapper/3" capability=5 scontext=u:r:kernel:s0 tcontext=u:r:kernel:s0 tclass=capability permissive=0
01-05 06:44:17.359 0 0 I auditd : type=1400 audit(0.0:7060): avc: denied { kill } for comm="swapper/3" capability=5 scontext=u:r:kernel:s0 tcontext=u:r:kernel:s0 tclass=capability permissive=0
01-05 06:44:18.355 0 0 I auditd : type=1400 audit(0.0:7061): avc: denied { kill } for comm="swapper/3" capability=5 scontext=u:r:kernel:s0 tcontext=u:r:kernel:s0 tclass=capability permissive=0
01-05 06:44:19.359 0 0 I auditd : type=1400 audit(0.0:7062): avc: denied { kill } for comm="swapper/3" capability=5 scontext=u:r:kernel:s0 tcontext=u:r:kernel:s0 tclass=capability permissive=0
01-05 06:44:20.359 0 0 I auditd : type=1400 audit(0.0:7063): avc: denied { kill } for comm="swapper/3" capability=5 scontext=u:r:kernel:s0 tcontext=u:r:kernel:s0 tclass=capability permissive=0
01-05 06:44:21.359 0 0 I auditd : type=1400 audit(0.0:7064): avc: denied { kill } for comm="swapper/3" capability=5 scontext=u:r:kernel:s0 tcontext=u:r:kernel:s0 tclass=capability permissive=0
01-05 06:44:22.359 0 0 I auditd : type=1400 audit(0.0:7065): avc: denied { kill } for comm="swapper/3" capability=5 scontext=u:r:kernel:s0 tcontext=u:r:kernel:s0 tclass=capability permissive=0
01-05 06:44:23.359 0 0 I auditd : type=1400 audit(0.0:7066): avc: denied { kill } for comm="swapper/3" capability=5 scontext=u:r:kernel:s0 tcontext=u:r:kernel:s0 tclass=capability permissive=0
01-05 06:44:24.359 0 0 I auditd : type=1400 audit(0.0:7067): avc: denied { kill } for comm="swapper/3" capability=5 scontext=u:r:kernel:s0 tcontext=u:r:kernel:s0 tclass=capability permissive=0
01-05 06:44:25.359 0 0 I auditd : type=1400 audit(0.0:7068): avc: denied { kill } for comm="swapper/3" capability=5 scontext=u:r:kernel:s0 tcontext=u:r:kernel:s0 tclass=capability permissive=0
01-05 06:44:26.359 0 0 I auditd : type=1400 audit(0.0:7069): avc: denied { kill } for comm="swapper/3" capability=5 scontext=u:r:kernel:s0 tcontext=u:r:kernel:s0 tclass=capability permissive=0
01-05 06:44:27.359 0 0 I auditd : type=1400 audit(0.0:7070): avc: denied { kill } for comm="swapper/3" capability=5 scontext=u:r:kernel:s0 tcontext=u:r:kernel:s0 tclass=capability permissive=0
01-05 06:44:28.359 0 0 I auditd : type=1400 audit(0.0:7071): avc: denied { kill } for comm="swapper/3" capability=5 scontext=u:r:kernel:s0 tcontext=u:r:kernel:s0 tclass=capability permissive=0
01-05 06:44:29.359 0 0 I auditd : type=1400 audit(0.0:7072): avc: denied { kill } for comm="swapper/3" capability=5 scontext=u:r:kernel:s0 tcontext=u:r:kernel:s0 tclass=capability permissive=0
01-05 06:44:30.355 0 0 I auditd : type=1400 audit(0.0:7073): avc: denied { kill } for comm="swapper/1" capability=5 scontext=u:r:kernel:s0 tcontext=u:r:kernel:s0 tclass=capability permissive=0
01-05 06:44:31.359 0 0 I auditd : type=1400 audit(0.0:7074): avc: denied { kill } for comm="swapper/1" capability=5 scontext=u:r:kernel:s0 tcontext=u:r:kernel:s0 tclass=capability permissive=0
01-05 06:44:32.359 0 0 I auditd : type=1400 audit(0.0:7075): avc: denied { kill } for comm="swapper/1" capability=5 scontext=u:r:kernel:s0 tcontext=u:r:kernel:s0 tclass=capability permissive=0
01-05 06:44:33.359 0 0 I auditd : type=1400 audit(0.0:7076): avc: denied { kill } for comm="swapper/1" capability=5 scontext=u:r:kernel:s0 tcontext=u:r:kernel:s0 tclass=capability permissive=0
01-05 06:44:34.359 0 0 I auditd : type=1400 audit(0.0:7077): avc: denied { kill } for comm="swapper/1" capability=5 scontext=u:r:kernel:s0 tcontext=u:r:kernel:s0 tclass=capability permissive=0
01-05 06:44:35.359 0 0 I auditd : type=1400 audit(0.0:7078): avc: denied { kill } for comm="swapper/1" capability=5 scontext=u:r:kernel:s0 tcontext=u:r:kernel:s0 tclass=capability permissive=0
01-05 06:44:36.359 0 0 I auditd : type=1400 audit(0.0:7079): avc: denied { kill } for comm="swapper/1" capability=5 scontext=u:r:kernel:s0 tcontext=u:r:kernel:s0 tclass=capability permissive=0
01-05 06:44:37.359 0 0 I auditd : type=1400 audit(0.0:7080): avc: denied { kill } for comm="swapper/1" capability=5 scontext=u:r:kernel:s0 tcontext=u:r:kernel:s0 tclass=capability permissive=0
01-05 06:44:38.359 0 0 I auditd : type=1400 audit(0.0:7081): avc: denied { kill } for comm="swapper/1" capability=5 scontext=u:r:kernel:s0 tcontext=u:r:kernel:s0 tclass=capability permissive=0
01-05 06:44:39.359 0 0 I auditd : type=1400 audit(0.0:7082): avc: denied { kill } for comm="swapper/1" capability=5 scontext=u:r:kernel:s0 tcontext=u:r:kernel:s0 tclass=capability permissive=0
01-05 06:44:40.355 0 0 I auditd : type=1400 audit(0.0:7083): avc: denied { kill } for comm="swapper/1" capability=5 scontext=u:r:kernel:s0 tcontext=u:r:kernel:s0 tclass=capability permissive=0
01-05 06:44:41.359 0 0 I auditd : type=1400 audit(0.0:7084): avc: denied { kill } for comm="swapper/1" capability=5 scontext=u:r:kernel:s0 tcontext=u:r:kernel:s0 tclass=capability permissive=0
01-05 06:44:42.359 0 0 I auditd : type=1400 audit(0.0:7085): avc: denied { kill } for comm="swapper/1" capability=5 scontext=u:r:kernel:s0 tcontext=u:r:kernel:s0 tclass=capability permissive=0
01-05 06:44:43.359 0 0 I auditd : type=1400 audit(0.0:7086): avc: denied { kill } for comm="swapper/1" capability=5 scontext=u:r:kernel:s0 tcontext=u:r:kernel:s0 tclass=capability permissive=0
01-05 06:44:44.359 0 0 I auditd : type=1400 audit(0.0:7087): avc: denied { kill } for comm="swapper/1" capability=5 scontext=u:r:kernel:s0 tcontext=u:r:kernel:s0 tclass=capability permissive=0
01-05 06:44:45.355 0 0 I auditd : type=1400 audit(0.0:7088): avc: denied { kill } for comm="swapper/1" capability=5 scontext=u:r:kernel:s0 tcontext=u:r:kernel:s0 tclass=capability permissive=0
01-05 06:44:46.359 0 0 I auditd : type=1400 audit(0.0:7089): avc: denied { kill } for comm="swapper/1" capability=5 scontext=u:r:kernel:s0 tcontext=u:r:kernel:s0 tclass=capability permissive=0
01-05 06:44:47.359 0 0 I auditd : type=1400 audit(0.0:7090): avc: denied { kill } for comm="swapper/1" capability=5 scontext=u:r:kernel:s0 tcontext=u:r:kernel:s0 tclass=capability permissive=0
01-05 06:44:48.359 0 0 I auditd : type=1400 audit(0.0:7091): avc: denied { kill } for comm="swapper/1" capability=5 scontext=u:r:kernel:s0 tcontext=u:r:kernel:s0 tclass=capability permissive=0
01-05 06:44:49.359 0 0 I auditd : type=1400 audit(0.0:7092): avc: denied { kill } for comm="swapper/1" capability=5 scontext=u:r:kernel:s0 tcontext=u:r:kernel:s0 tclass=capability permissive=0
01-05 06:44:50.355 0 0 I auditd : type=1400 audit(0.0:7093): avc: denied { kill } for comm="swapper/2" capability=5 scontext=u:r:kernel:s0 tcontext=u:r:kernel:s0 tclass=capability permissive=0
01-05 06:44:51.359 0 0 I auditd : type=1400 audit(0.0:7094): avc: denied { kill } for comm="swapper/2" capability=5 scontext=u:r:kernel:s0 tcontext=u:r:kernel:s0 tclass=capability permissive=0
01-05 06:44:52.359 0 0 I auditd : type=1400 audit(0.0:7095): avc: denied { kill } for comm="swapper/2" capability=5 scontext=u:r:kernel:s0 tcontext=u:r:kernel:s0 tclass=capability permissive=0
01-05 06:44:54.359 0 0 I auditd : type=1400 audit(0.0:7096): avc: denied { kill } for comm="swapper/1" capability=5 scontext=u:r:kernel:s0 tcontext=u:r:kernel:s0 tclass=capability permissive=0
01-05 06:44:55.359 0 0 I auditd : type=1400 audit(0.0:7097): avc: denied { kill } for comm="swapper/1" capability=5 scontext=u:r:kernel:s0 tcontext=u:r:kernel:s0 tclass=capability permissive=0
01-05 06:44:56.359 0 0 I auditd : type=1400 audit(0.0:7098): avc: denied { kill } for comm="swapper/1" capability=5 scontext=u:r:kernel:s0 tcontext=u:r:kernel:s0 tclass=capability permissive=0
01-05 06:44:57.359 0 0 I auditd : type=1400 audit(0.0:7099): avc: denied { kill } for comm="swapper/1" capability=5 scontext=u:r:kernel:s0 tcontext=u:r:kernel:s0 tclass=capability permissive=0
01-05 06:44:58.355 0 0 I auditd : type=1400 audit(0.0:7100): avc: denied { kill } for comm="swapper/1" capability=5 scontext=u:r:kernel:s0 tcontext=u:r:kernel:s0 tclass=capability permissive=0
01-05 06:44:59.359 0 0 I auditd : type=1400 audit(0.0:7101): avc: denied { kill } for comm="swapper/1" capability=5 scontext=u:r:kernel:s0 tcontext=u:r:kernel:s0 tclass=capability permissive=0
01-05 06:45:00.359 0 0 I auditd : type=1400 audit(0.0:7102): avc: denied { kill } for comm="swapper/1" capability=5 scontext=u:r:kernel:s0 tcontext=u:r:kernel:s0 tclass=capability permissive=0
