01-05 06:33:12.916 I/wm_pause_activity( 1516): [0,211781801,com.android.deskclock/.DeskClock,userLeaving=false,pauseBackTasks]
01-05 06:33:12.918 I/wm_set_resumed_activity( 1516): [0,com.android.launcher3/.uioverrides.QuickstepLauncher,resumeTopActivityInnerLocked]
01-05 06:33:12.919 I/wm_resume_activity( 1516): [0,39192225,10,com.android.launcher3/.uioverrides.QuickstepLauncher]
01-05 06:33:12.919 I/wm_add_to_stopping( 1516): [0,211781801,com.android.deskclock/.DeskClock,makeInvisible]
01-05 06:33:12.919 I/wm_on_resume_called( 2835): [39192225,com.android.launcher3.uioverrides.QuickstepLauncher,RESUME_ACTIVITY]
01-05 06:33:12.925 I/input_focus( 1516): [Focus request fdc0eb0 com.android.launcher3/com.android.launcher3.uioverrides.QuickstepLauncher,reason=UpdateInputWindows]
01-05 06:33:12.927 I/sysui_multi_action( 1516): [757,803,799,window_time_0,802,10]
01-05 06:33:12.929 I/wm_stop_activity( 1516): [0,211781801,com.android.deskclock/.DeskClock]
01-05 06:33:12.930 I/wm_on_paused_called( 7958): [211781801,com.android.deskclock.DeskClock,performPause]
01-05 06:33:12.931 I/sysui_multi_action( 1516): [757,803,799,window_time_0,802,0]
01-05 06:33:12.936 I/wm_on_stop_called( 7958): [211781801,com.android.deskclock.DeskClock,STOP_ACTIVITY_ITEM]
01-05 06:33:12.941 I/input_focus( 1516): [Focus leaving recents_animation_input_consumer (server),reason=NOT_VISIBLE]
01-05 06:33:12.941 I/input_focus( 1516): [Focus entering fdc0eb0 com.android.launcher3/com.android.launcher3.uioverrides.QuickstepLauncher (server),reason=setFocusedWindow]
01-05 06:33:12.992 I/wm_on_top_resumed_gained_called( 2835): [39192225,com.android.launcher3.uioverrides.QuickstepLauncher,topStateChangedWhenResumed]
01-05 06:33:13.160 I/commit_sys_config_file( 1516): [settings-1-0,4]
01-05 06:33:14.682 I/input_interaction( 1516): Interaction with: fdc0eb0 com.android.launcher3/com.android.launcher3.uioverrides.QuickstepLauncher (server), 9702ba6 com.android.systemui.ImageWallpaper (server), edge-swipe (server), swipe-up (server), PointerEventDispatcher0 (server),
01-05 06:33:14.839 I/wm_relaunch_activity( 1516): [0,211781801,30,com.android.deskclock/.DeskClock]
01-05 06:33:14.843 I/wm_task_moved( 1516): [1,1,7]
01-05 06:33:14.844 I/wm_set_resumed_activity( 1516): [0,com.android.launcher3/.uioverrides.QuickstepLauncher,positionChildAt]
01-05 06:33:14.844 I/wm_task_moved( 1516): [30,1,7]
01-05 06:33:14.845 I/wm_focused_root_task( 1516): [0,0,30,1,moveTaskToFront findTaskToMoveToFront]
01-05 06:33:14.846 I/wm_set_resumed_activity( 1516): [0,com.android.deskclock/.DeskClock,moveTaskToFront findTaskToMoveToFront]
01-05 06:33:14.848 I/wm_set_resumed_activity( 1516): [0,com.android.deskclock/.DeskClock,resumeTopActivityInnerLocked]
01-05 06:33:14.850 I/wm_resume_activity( 1516): [0,211781801,30,com.android.deskclock/.DeskClock]
01-05 06:33:14.859 I/wm_on_destroy_called( 7958): [211781801,com.android.deskclock.DeskClock,performDestroy]
01-05 06:33:14.866 I/wm_on_top_resumed_lost_called( 2835): [39192225,com.android.launcher3.uioverrides.QuickstepLauncher,topStateChangedWhenResumed]
01-05 06:33:14.905 I/wm_on_create_called( 7958): [211781801,com.android.deskclock.DeskClock,performCreate]
01-05 06:33:14.925 I/wm_on_start_called( 7958): [211781801,com.android.deskclock.DeskClock,handleStartActivity]
01-05 06:33:14.928 I/wm_on_resume_called( 7958): [211781801,com.android.deskclock.DeskClock,LIFECYCLER_RESUME_ACTIVITY]
01-05 06:33:14.930 I/wm_on_paused_called( 7958): [211781801,com.android.deskclock.DeskClock,performPause]
01-05 06:33:14.946 I/input_focus( 1516): [Focus request fd49af2 com.android.deskclock/com.android.deskclock.DeskClock,reason=UpdateInputWindows]
01-05 06:33:14.963 I/input_focus( 1516): [Focus leaving fdc0eb0 com.android.launcher3/com.android.launcher3.uioverrides.QuickstepLauncher (server),reason=Waiting for window because NOT_VISIBLE]
01-05 06:33:14.988 I/wm_on_resume_called( 7958): [211781801,com.android.deskclock.DeskClock,RESUME_ACTIVITY]
01-05 06:33:14.989 I/wm_on_top_resumed_gained_called( 7958): [211781801,com.android.deskclock.DeskClock,topStateChangedWhenResumed]
01-05 06:33:14.998 I/input_focus( 1516): [Focus entering fd49af2 com.android.deskclock/com.android.deskclock.DeskClock (server),reason=Window became focusable. Previous reason: NOT_VISIBLE]
01-05 06:33:14.999 I/sysui_multi_action( 1516): [319,145,322,144,325,7358,757,761,758,9,759,2,806,com.android.deskclock,871,com.android.deskclock.DeskClock,904,com.android.launcher3,905,0,1320,4,1321,1]
01-05 06:33:16.792 I/input_interaction( 1516): Interaction with: fd49af2 com.android.deskclock/com.android.deskclock.DeskClock (server), edge-swipe (server), swipe-up (server), PointerEventDispatcher0 (server),
01-05 06:33:16.969 I/wm_relaunch_resume_activity( 1516): [0,211781801,30,com.android.deskclock/.DeskClock]
01-05 06:33:16.969 I/wm_add_to_stopping( 1516): [0,39192225,com.android.launcher3/.uioverrides.QuickstepLauncher,makeInvisible]
01-05 06:33:16.980 I/wm_on_top_resumed_lost_called( 7958): [211781801,com.android.deskclock.DeskClock,pausing]
01-05 06:33:16.981 I/wm_on_paused_called( 7958): [211781801,com.android.deskclock.DeskClock,performPause]
01-05 06:33:16.984 I/wm_on_stop_called( 7958): [211781801,com.android.deskclock.DeskClock,handleRelaunchActivity]
01-05 06:33:16.996 I/wm_on_destroy_called( 7958): [211781801,com.android.deskclock.DeskClock,performDestroy]
01-05 06:33:17.028 I/wm_on_create_called( 7958): [211781801,com.android.deskclock.DeskClock,performCreate]
01-05 06:33:17.054 I/wm_on_start_called( 7958): [211781801,com.android.deskclock.DeskClock,handleStartActivity]
01-05 06:33:17.055 I/wm_on_resume_called( 7958): [211781801,com.android.deskclock.DeskClock,RESUME_ACTIVITY]
01-05 06:33:17.057 I/wm_on_top_resumed_gained_called( 7958): [211781801,com.android.deskclock.DeskClock,topWhenResuming]
01-05 06:33:17.453 I/wm_stop_activity( 1516): [0,39192225,com.android.launcher3/.uioverrides.QuickstepLauncher]
01-05 06:33:17.480 I/wm_on_paused_called( 2835): [39192225,com.android.launcher3.uioverrides.QuickstepLauncher,performPause]
01-05 06:33:17.482 I/wm_on_stop_called( 2835): [39192225,com.android.launcher3.uioverrides.QuickstepLauncher,STOP_ACTIVITY_ITEM]
01-05 06:33:18.263 I/wm_task_moved( 1516): [1,0,0]
01-05 06:33:18.263 I/wm_task_moved( 1516): [1,0,6]
01-05 06:33:18.288 I/wm_on_restart_called( 2835): [39192225,com.android.launcher3.uioverrides.QuickstepLauncher,performRestartActivity]
01-05 06:33:18.306 I/wm_on_start_called( 2835): [39192225,com.android.launcher3.uioverrides.QuickstepLauncher,handleStartActivity]
01-05 06:33:18.330 I/sysui_multi_action( 1516): [319,11,322,60,325,7362,757,761,758,9,759,5,806,com.android.launcher3,871,com.android.launcher3.uioverrides.QuickstepLauncher,905,0,1320,8,1321,5]
01-05 06:33:18.355 I/view_enqueue_input_event( 7958): [Motion - Cancel,com.android.deskclock/com.android.deskclock.DeskClock]
01-05 06:33:18.369 I/input_interaction( 1516): Interaction with: edge-swipe (server), swipe-up (server), PointerEventDispatcher0 (server),
01-05 06:33:18.375 I/sysui_latency( 2835): [1,68]
01-05 06:33:18.389 I/input_focus( 1516): [Focus request recents_animation_input_consumer,reason=UpdateInputWindows]
01-05 06:33:18.420 I/input_focus( 1516): [Focus leaving fd49af2 com.android.deskclock/com.android.deskclock.DeskClock (server),reason=NOT_FOCUSABLE]
01-05 06:33:18.420 I/input_focus( 1516): [Focus entering recents_animation_input_consumer (server),reason=setFocusedWindow]
01-05 06:33:18.508 I/commit_sys_config_file( 1516): [settings-1-0,6]
01-05 06:33:18.625 I/sysui_latency( 1516): [8,69]
01-05 06:33:19.123 I/am_uid_idle( 1516): 10052
01-05 06:33:19.230 I/wm_task_moved( 1516): [1,1,7]
01-05 06:33:19.232 I/wm_focused_root_task( 1516): [0,0,1,30,RecentsAnimation.onAnimationFinished()]
01-05 06:33:19.232 I/wm_on_top_resumed_lost_called( 7958): [211781801,com.android.deskclock.DeskClock,topStateChangedWhenResumed]
01-05 06:33:19.233 I/wm_pause_activity( 1516): [0,211781801,com.android.deskclock/.DeskClock,userLeaving=false,pauseBackTasks]
01-05 06:33:19.235 I/wm_set_resumed_activity( 1516): [0,com.android.launcher3/.uioverrides.QuickstepLauncher,resumeTopActivityInnerLocked]
01-05 06:33:19.236 I/wm_resume_activity( 1516): [0,39192225,10,com.android.launcher3/.uioverrides.QuickstepLauncher]
01-05 06:33:19.236 I/wm_add_to_stopping( 1516): [0,211781801,com.android.deskclock/.DeskClock,makeInvisible]
01-05 06:33:19.237 I/wm_on_resume_called( 2835): [39192225,com.android.launcher3.uioverrides.QuickstepLauncher,RESUME_ACTIVITY]
01-05 06:33:19.246 I/input_focus( 1516): [Focus request fdc0eb0 com.android.launcher3/com.android.launcher3.uioverrides.QuickstepLauncher,reason=UpdateInputWindows]
01-05 06:33:19.248 I/sysui_multi_action( 1516): [757,803,799,window_time_0,802,7]
01-05 06:33:19.250 I/wm_on_paused_called( 7958): [211781801,com.android.deskclock.DeskClock,performPause]
01-05 06:33:19.250 I/wm_stop_activity( 1516): [0,211781801,com.android.deskclock/.DeskClock]
01-05 06:33:19.256 I/input_focus( 1516): [Focus leaving recents_animation_input_consumer (server),reason=NOT_VISIBLE]
01-05 06:33:19.256 I/input_focus( 1516): [Focus entering fdc0eb0 com.android.launcher3/com.android.launcher3.uioverrides.QuickstepLauncher (server),reason=setFocusedWindow]
01-05 06:33:19.264 I/sysui_multi_action( 1516): [757,803,799,window_time_0,802,0]
01-05 06:33:19.270 I/wm_on_stop_called( 7958): [211781801,com.android.deskclock.DeskClock,STOP_ACTIVITY_ITEM]
01-05 06:33:19.317 I/wm_on_top_resumed_gained_called( 2835): [39192225,com.android.launcher3.uioverrides.QuickstepLauncher,topStateChangedWhenResumed]
01-05 06:33:19.480 I/commit_sys_config_file( 1516): [settings-1-0,5]
01-05 06:33:20.298 I/input_interaction( 1516): Interaction with: fdc0eb0 com.android.launcher3/com.android.launcher3.uioverrides.QuickstepLauncher (server), 9702ba6 com.android.systemui.ImageWallpaper (server), edge-swipe (server), swipe-up (server), PointerEventDispatcher0 (server),
01-05 06:33:20.456 I/wm_relaunch_activity( 1516): [0,211781801,30,com.android.deskclock/.DeskClock]
01-05 06:33:20.460 I/wm_task_moved( 1516): [1,1,7]
01-05 06:33:20.460 I/wm_set_resumed_activity( 1516): [0,com.android.launcher3/.uioverrides.QuickstepLauncher,positionChildAt]
01-05 06:33:20.461 I/wm_task_moved( 1516): [30,1,7]
01-05 06:33:20.461 I/wm_focused_root_task( 1516): [0,0,30,1,moveTaskToFront findTaskToMoveToFront]
01-05 06:33:20.463 I/wm_set_resumed_activity( 1516): [0,com.android.deskclock/.DeskClock,moveTaskToFront findTaskToMoveToFront]
01-05 06:33:20.464 I/wm_set_resumed_activity( 1516): [0,com.android.deskclock/.DeskClock,resumeTopActivityInnerLocked]
01-05 06:33:20.467 I/wm_resume_activity( 1516): [0,211781801,30,com.android.deskclock/.DeskClock]
01-05 06:33:20.476 I/wm_on_destroy_called( 7958): [211781801,com.android.deskclock.DeskClock,performDestroy]
01-05 06:33:20.478 I/wm_on_top_resumed_lost_called( 2835): [39192225,com.android.launcher3.uioverrides.QuickstepLauncher,topStateChangedWhenResumed]
01-05 06:33:20.506 I/wm_on_create_called( 7958): [211781801,com.android.deskclock.DeskClock,performCreate]
01-05 06:33:20.524 I/wm_on_start_called( 7958): [211781801,com.android.deskclock.DeskClock,handleStartActivity]
01-05 06:33:20.525 I/wm_on_resume_called( 7958): [211781801,com.android.deskclock.DeskClock,LIFECYCLER_RESUME_ACTIVITY]
01-05 06:33:20.527 I/wm_on_paused_called( 7958): [211781801,com.android.deskclock.DeskClock,performPause]
01-05 06:33:20.528 I/wm_on_resume_called( 7958): [211781801,com.android.deskclock.DeskClock,RESUME_ACTIVITY]
01-05 06:33:20.548 I/input_focus( 1516): [Focus request fd49af2 com.android.deskclock/com.android.deskclock.DeskClock,reason=UpdateInputWindows]
01-05 06:33:20.560 I/input_focus( 1516): [Focus leaving fdc0eb0 com.android.launcher3/com.android.launcher3.uioverrides.QuickstepLauncher (server),reason=Waiting for window because NOT_VISIBLE]
01-05 06:33:20.582 I/wm_on_top_resumed_gained_called( 7958): [211781801,com.android.deskclock.DeskClock,topStateChangedWhenResumed]
01-05 06:33:20.586 I/sysui_multi_action( 1516): [319,123,322,122,325,7364,757,761,758,9,759,2,806,com.android.deskclock,871,com.android.deskclock.DeskClock,904,com.android.launcher3,905,0,1320,4,1321,1]
01-05 06:33:20.593 I/input_focus( 1516): [Focus entering fd49af2 com.android.deskclock/com.android.deskclock.DeskClock (server),reason=Window became focusable. Previous reason: NOT_VISIBLE]
01-05 06:33:22.581 I/view_enqueue_input_event( 2835): [Motion - Cancel,com.android.launcher3/com.android.launcher3.uioverrides.QuickstepLauncher]
01-05 06:33:22.590 I/input_interaction( 1516): Interaction with: edge-swipe (server), swipe-up (server), PointerEventDispatcher0 (server),
01-05 06:33:22.774 I/commit_sys_config_file( 1516): [settings-1-0,10]
01-05 06:33:23.361 I/commit_sys_config_file( 1516): [settings-1-0,3]
01-05 06:33:23.514 I/wm_finish_activity( 1516): [0,211781801,30,com.android.deskclock/.DeskClock,app-request]
01-05 06:33:23.514 I/wm_task_moved( 1516): [1,1,7]
01-05 06:33:23.517 I/wm_set_resumed_activity( 1516): [0,com.android.launcher3/.uioverrides.QuickstepLauncher,positionChildAt]
01-05 06:33:23.517 I/wm_on_top_resumed_lost_called( 7958): [211781801,com.android.deskclock.DeskClock,topStateChangedWhenResumed]
01-05 06:33:23.517 I/wm_task_moved( 1516): [10,1,2147483647]
01-05 06:33:23.517 I/wm_task_to_front( 1516): [0,10]
01-05 06:33:23.517 I/wm_focused_root_task( 1516): [0,0,1,-1,finish-top adjustFocusToNextFocusableTask]
01-05 06:33:23.517 I/wm_set_resumed_activity( 1516): [0,com.android.launcher3/.uioverrides.QuickstepLauncher,finish-top]
01-05 06:33:23.526 I/wm_pause_activity( 1516): [0,211781801,com.android.deskclock/.DeskClock,userLeaving=false,finish]
01-05 06:33:23.530 I/input_focus( 1516): [Focus request fdc0eb0 com.android.launcher3/com.android.launcher3.uioverrides.QuickstepLauncher,reason=UpdateInputWindows]
01-05 06:33:23.532 I/wm_on_paused_called( 7958): [211781801,com.android.deskclock.DeskClock,performPause]
01-05 06:33:23.534 I/wm_destroy_activity( 1516): [0,211781801,30,com.android.deskclock/.DeskClock,finish-imm:completePausedLocked]
01-05 06:33:23.545 I/sysui_multi_action( 1516): [757,803,799,window_time_0,802,4]
01-05 06:33:23.550 I/wm_on_stop_called( 7958): [211781801,com.android.deskclock.DeskClock,LIFECYCLER_STOP_ACTIVITY]
01-05 06:33:23.555 I/input_focus( 1516): [Focus leaving fd49af2 com.android.deskclock/com.android.deskclock.DeskClock (server),reason=NO_WINDOW]
01-05 06:33:23.555 I/input_focus( 1516): [Focus entering fdc0eb0 com.android.launcher3/com.android.launcher3.uioverrides.QuickstepLauncher (server),reason=setFocusedWindow]
01-05 06:33:23.559 I/wm_on_destroy_called( 7958): [211781801,com.android.deskclock.DeskClock,performDestroy]
01-05 06:33:23.579 I/wm_on_top_resumed_gained_called( 2835): [39192225,com.android.launcher3.uioverrides.QuickstepLauncher,topStateChangedWhenResumed]
01-05 06:33:23.833 I/wm_task_removed( 1516): [30,removeChild:removeChild last r=ActivityRecord{c9f88a9 u0 com.android.deskclock/.DeskClock t-1 f}} in t=Task{9fcb430 #30 type=standard A=10067:com.android.deskclock U=0 visible=false mode=freeform translucent=true sz=0}]
01-05 06:33:23.833 I/wm_task_removed( 1516): [30,removeChild]
01-05 06:33:25.333 I/input_interaction( 1516): Interaction with: fdc0eb0 com.android.launcher3/com.android.launcher3.uioverrides.QuickstepLauncher (server), 9702ba6 com.android.systemui.ImageWallpaper (server), edge-swipe (server), swipe-up (server), PointerEventDispatcher0 (server),
01-05 06:33:25.545 I/wm_task_created( 1516): [31,-1]
01-05 06:33:25.548 I/wm_task_moved( 1516): [31,1,7]
01-05 06:33:25.548 I/wm_task_to_front( 1516): [0,31]
01-05 06:33:25.548 I/wm_create_task( 1516): [0,31]
01-05 06:33:25.548 I/wm_create_activity( 1516): [0,100118191,31,com.android.deskclock/.DeskClock,NULL,NULL,NULL,268468224]
01-05 06:33:25.548 I/wm_task_moved( 1516): [31,1,7]
01-05 06:33:25.550 I/wm_restart_activity( 1516): [0,100118191,31,com.android.deskclock/.DeskClock]
01-05 06:33:25.550 I/wm_set_resumed_activity( 1516): [0,com.android.deskclock/.DeskClock,minimalResumeActivityLocked]
01-05 06:33:25.555 I/wm_on_top_resumed_lost_called( 2835): [39192225,com.android.launcher3.uioverrides.QuickstepLauncher,topStateChangedWhenResumed]
01-05 06:33:25.564 I/wm_on_create_called( 7958): [100118191,com.android.deskclock.DeskClock,performCreate]
01-05 06:33:25.565 I/wm_on_start_called( 7958): [100118191,com.android.deskclock.DeskClock,handleStartActivity]
01-05 06:33:25.566 I/wm_on_resume_called( 7958): [100118191,com.android.deskclock.DeskClock,RESUME_ACTIVITY]
01-05 06:33:25.567 I/wm_on_top_resumed_gained_called( 7958): [100118191,com.android.deskclock.DeskClock,topStateChangedWhenResumed]
01-05 06:33:25.592 I/input_focus( 1516): [Focus request ede2d9a com.android.deskclock/com.android.deskclock.DeskClock,reason=UpdateInputWindows]
01-05 06:33:25.611 I/sysui_multi_action( 1516): [319,69,322,68,325,7369,757,761,758,8,759,2,806,com.android.deskclock,871,com.android.deskclock.DeskClock,904,android,905,0,1320,4,1321,1]
01-05 06:33:25.611 I/wm_activity_launch_time( 1516): [0,100118191,com.android.deskclock/.DeskClock,68]
01-05 06:33:25.621 I/input_focus( 1516): [Focus leaving fdc0eb0 com.android.launcher3/com.android.launcher3.uioverrides.QuickstepLauncher (server),reason=setFocusedWindow]
01-05 06:33:25.621 I/input_focus( 1516): [Focus entering ede2d9a com.android.deskclock/com.android.deskclock.DeskClock (server),reason=setFocusedWindow]
01-05 06:33:25.678 I/am_pss ( 1516): [7871,10065,com.android.calendar,24055808,17190912,0,147505152,0,16,6]
01-05 06:33:25.683 I/am_pss ( 1516): [7894,10032,com.android.providers.calendar,7505920,5087232,0,97767424,0,19,4]
01-05 06:33:27.049 I/input_interaction( 1516): Interaction with: ede2d9a com.android.deskclock/com.android.deskclock.DeskClock (server), edge-swipe (server), swipe-up (server), PointerEventDispatcher0 (server),
01-05 06:33:27.225 I/wm_finish_activity( 1516): [0,100118191,31,com.android.deskclock/.DeskClock,finish-activity]
01-05 06:33:27.225 I/wm_task_moved( 1516): [1,1,7]
01-05 06:33:27.226 I/wm_set_resumed_activity( 1516): [0,com.android.launcher3/.uioverrides.QuickstepLauncher,positionChildAt]
01-05 06:33:27.226 I/wm_task_moved( 1516): [10,1,2147483647]
01-05 06:33:27.226 I/wm_task_to_front( 1516): [0,10]
01-05 06:33:27.226 I/wm_focused_root_task( 1516): [0,0,1,-1,finish-top adjustFocusToNextFocusableTask]
01-05 06:33:27.226 I/wm_set_resumed_activity( 1516): [0,com.android.launcher3/.uioverrides.QuickstepLauncher,finish-top]
01-05 06:33:27.228 I/wm_pause_activity( 1516): [0,100118191,com.android.deskclock/.DeskClock,userLeaving=false,finish]
01-05 06:33:27.230 I/input_focus( 1516): [Focus request fdc0eb0 com.android.launcher3/com.android.launcher3.uioverrides.QuickstepLauncher,reason=UpdateInputWindows]
01-05 06:33:27.232 I/sysui_multi_action( 1516): [757,803,799,window_time_0,802,4]
01-05 06:33:27.238 I/wm_on_top_resumed_lost_called( 7958): [100118191,com.android.deskclock.DeskClock,topStateChangedWhenResumed]
01-05 06:33:27.238 I/wm_on_top_resumed_gained_called( 2835): [39192225,com.android.launcher3.uioverrides.QuickstepLauncher,topStateChangedWhenResumed]
01-05 06:33:27.239 I/wm_on_paused_called( 7958): [100118191,com.android.deskclock.DeskClock,performPause]
01-05 06:33:27.239 I/wm_destroy_activity( 1516): [0,100118191,31,com.android.deskclock/.DeskClock,finish-imm:completePausedLocked]
01-05 06:33:27.243 I/sysui_multi_action( 1516): [757,803,799,window_time_0,802,0]
01-05 06:33:27.244 I/input_focus( 1516): [Focus leaving ede2d9a com.android.deskclock/com.android.deskclock.DeskClock (server),reason=NO_WINDOW]
01-05 06:33:27.244 I/input_focus( 1516): [Focus entering fdc0eb0 com.android.launcher3/com.android.launcher3.uioverrides.QuickstepLauncher (server),reason=setFocusedWindow]
01-05 06:33:27.263 I/wm_on_stop_called( 7958): [100118191,com.android.deskclock.DeskClock,LIFECYCLER_STOP_ACTIVITY]
01-05 06:33:27.269 I/wm_on_destroy_called( 7958): [100118191,com.android.deskclock.DeskClock,performDestroy]
01-05 06:33:27.524 I/wm_task_removed( 1516): [31,removeChild:removeChild last r=ActivityRecord{5f7aeaf u0 com.android.deskclock/.DeskClock t-1 f}} in t=Task{301368e #31 type=standard A=10067:com.android.deskclock U=0 visible=false mode=freeform translucent=true sz=0}]
01-05 06:33:27.524 I/wm_task_removed( 1516): [31,removeChild]
01-05 06:33:27.972 I/input_interaction( 1516): Interaction with: fdc0eb0 com.android.launcher3/com.android.launcher3.uioverrides.QuickstepLauncher (server), 9702ba6 com.android.systemui.ImageWallpaper (server), edge-swipe (server), swipe-up (server), PointerEventDispatcher0 (server),
01-05 06:33:28.407 I/commit_sys_config_file( 1516): [settings-1-0,6]
01-05 06:33:30.515 I/wm_task_created( 1516): [32,-1]
01-05 06:33:30.517 I/wm_task_moved( 1516): [32,1,7]
01-05 06:33:30.517 I/wm_task_to_front( 1516): [0,32]
01-05 06:33:30.517 I/wm_create_task( 1516): [0,32]
01-05 06:33:30.517 I/wm_create_activity( 1516): [0,265495151,32,com.android.deskclock/.DeskClock,NULL,NULL,NULL,268468224]
01-05 06:33:30.517 I/wm_task_moved( 1516): [32,1,7]
01-05 06:33:30.518 I/wm_restart_activity( 1516): [0,265495151,32,com.android.deskclock/.DeskClock]
01-05 06:33:30.519 I/wm_set_resumed_activity( 1516): [0,com.android.deskclock/.DeskClock,minimalResumeActivityLocked]
01-05 06:33:30.523 I/wm_on_top_resumed_lost_called( 2835): [39192225,com.android.launcher3.uioverrides.QuickstepLauncher,topStateChangedWhenResumed]
01-05 06:33:30.534 I/wm_on_create_called( 7958): [265495151,com.android.deskclock.DeskClock,performCreate]
01-05 06:33:30.535 I/wm_on_start_called( 7958): [265495151,com.android.deskclock.DeskClock,handleStartActivity]
01-05 06:33:30.536 I/wm_on_resume_called( 7958): [265495151,com.android.deskclock.DeskClock,RESUME_ACTIVITY]
01-05 06:33:30.537 I/wm_on_top_resumed_gained_called( 7958): [265495151,com.android.deskclock.DeskClock,topStateChangedWhenResumed]
01-05 06:33:30.570 I/input_focus( 1516): [Focus request 219768b com.android.deskclock/com.android.deskclock.DeskClock,reason=UpdateInputWindows]
01-05 06:33:30.589 I/sysui_multi_action( 1516): [319,79,322,79,325,7374,757,761,758,8,759,2,806,com.android.deskclock,871,com.android.deskclock.DeskClock,904,com.android.launcher3,905,0,1320,4,1321,1]
01-05 06:33:30.589 I/wm_activity_launch_time( 1516): [0,265495151,com.android.deskclock/.DeskClock,79]
01-05 06:33:30.600 I/input_focus( 1516): [Focus leaving fdc0eb0 com.android.launcher3/com.android.launcher3.uioverrides.QuickstepLauncher (server),reason=setFocusedWindow]
01-05 06:33:30.600 I/input_focus( 1516): [Focus entering 219768b com.android.deskclock/com.android.deskclock.DeskClock (server),reason=setFocusedWindow]
01-05 06:33:30.697 I/commit_sys_config_file( 1516): [settings-1-0,2]
01-05 06:33:31.774 I/input_interaction( 1516): Interaction with: 219768b com.android.deskclock/com.android.deskclock.DeskClock (server), edge-swipe (server), swipe-up (server), PointerEventDispatcher0 (server),
01-05 06:33:31.992 I/wm_finish_activity( 1516): [0,265495151,32,com.android.deskclock/.DeskClock,finish-activity]
01-05 06:33:31.992 I/wm_task_moved( 1516): [1,1,7]
01-05 06:33:31.992 I/wm_set_resumed_activity( 1516): [0,com.android.launcher3/.uioverrides.QuickstepLauncher,positionChildAt]
01-05 06:33:31.992 I/wm_task_moved( 1516): [10,1,2147483647]
01-05 06:33:31.992 I/wm_task_to_front( 1516): [0,10]
01-05 06:33:31.992 I/wm_focused_root_task( 1516): [0,0,1,-1,finish-top adjustFocusToNextFocusableTask]
01-05 06:33:31.992 I/wm_set_resumed_activity( 1516): [0,com.android.launcher3/.uioverrides.QuickstepLauncher,finish-top]
01-05 06:33:31.996 I/wm_pause_activity( 1516): [0,265495151,com.android.deskclock/.DeskClock,userLeaving=false,finish]
01-05 06:33:31.997 I/wm_on_top_resumed_lost_called( 7958): [265495151,com.android.deskclock.DeskClock,topStateChangedWhenResumed]
01-05 06:33:31.998 I/input_focus( 1516): [Focus request fdc0eb0 com.android.launcher3/com.android.launcher3.uioverrides.QuickstepLauncher,reason=UpdateInputWindows]
01-05 06:33:31.998 I/wm_on_top_resumed_gained_called( 2835): [39192225,com.android.launcher3.uioverrides.QuickstepLauncher,topStateChangedWhenResumed]
01-05 06:33:31.998 I/wm_on_paused_called( 7958): [265495151,com.android.deskclock.DeskClock,performPause]
01-05 06:33:31.999 I/wm_destroy_activity( 1516): [0,265495151,32,com.android.deskclock/.DeskClock,finish-imm:completePausedLocked]
01-05 06:33:32.005 I/wm_on_stop_called( 7958): [265495151,com.android.deskclock.DeskClock,LIFECYCLER_STOP_ACTIVITY]
01-05 06:33:32.005 I/input_focus( 1516): [Focus leaving 219768b com.android.deskclock/com.android.deskclock.DeskClock (server),reason=NO_WINDOW]
01-05 06:33:32.005 I/input_focus( 1516): [Focus entering fdc0eb0 com.android.launcher3/com.android.launcher3.uioverrides.QuickstepLauncher (server),reason=setFocusedWindow]
01-05 06:33:32.007 I/wm_on_destroy_called( 7958): [265495151,com.android.deskclock.DeskClock,performDestroy]
01-05 06:33:32.008 I/sysui_multi_action( 1516): [757,803,799,window_time_0,802,4]
01-05 06:33:32.010 I/sysui_multi_action( 1516): [757,803,799,window_time_0,802,0]
01-05 06:33:32.285 I/wm_task_removed( 1516): [32,removeChild:removeChild last r=ActivityRecord{fd3226f u0 com.android.deskclock/.DeskClock t-1 f}} in t=Task{e973a50 #32 type=standard A=10067:com.android.deskclock U=0 visible=false mode=freeform translucent=true sz=0}]
01-05 06:33:32.285 I/wm_task_removed( 1516): [32,removeChild]
01-05 06:33:33.163 I/input_interaction( 1516): Interaction with: fdc0eb0 com.android.launcher3/com.android.launcher3.uioverrides.QuickstepLauncher (server), 9702ba6 com.android.systemui.ImageWallpaper (server), edge-swipe (server), swipe-up (server), PointerEventDispatcher0 (server),
01-05 06:33:33.748 I/commit_sys_config_file( 1516): [settings-1-0,5]
01-05 06:33:38.626 I/service_manager_stats( 1516): [100,47,30973]
01-05 06:33:53.907 I/service_manager_stats( 1516): [100,49,15281]
01-05 06:33:53.981 I/sysui_multi_action( 1516): [757,127,758,1]
01-05 06:33:53.981 I/sysui_multi_action( 1516): [757,804,799,note_load,801,2,802,1]
01-05 06:33:53.981 I/notification_panel_revealed( 1516): 2
01-05 06:33:53.993 I/input_focus( 1516): [Focus request 94a0fc2 NotificationShade,reason=UpdateInputWindows]
01-05 06:33:54.001 I/sysui_multi_action( 1516): [757,128,758,1,793,7304508,794,0,795,7304508,796,26,798,0,806,android,857,DEVELOPER_IMPORTANT,858,4,947,0,1395,2,1500,7304303,1688,1]
01-05 06:33:54.001 I/sysui_multi_action( 1516): [757,804,799,note_freshness,801,7304508,802,1]
01-05 06:33:54.001 I/notification_visibility( 1516): [-1|android|26|null|1000,1,7304508,7304508,0,0]
01-05 06:33:54.001 I/sysui_multi_action( 1516): [757,128,758,1,793,7372967,794,0,795,7372967,796,32,798,1,806,android,857,USB,858,1,947,0,1395,2,1500,7372815,1688,1]
01-05 06:33:54.001 I/sysui_multi_action( 1516): [757,804,799,note_freshness,801,7372967,802,1]
01-05 06:33:54.001 I/notification_visibility( 1516): [-1|android|32|null|1000,1,7372967,7372967,0,1]
01-05 06:33:54.007 I/input_focus( 1516): [Focus leaving fdc0eb0 com.android.launcher3/com.android.launcher3.uioverrides.QuickstepLauncher (server),reason=setFocusedWindow]
01-05 06:33:54.007 I/input_focus( 1516): [Focus entering 94a0fc2 NotificationShade (server),reason=setFocusedWindow]
01-05 06:33:54.015 I/input_interaction( 1516): Interaction with: fdc0eb0 com.android.launcher3/com.android.launcher3.uioverrides.QuickstepLauncher (server), 9702ba6 com.android.systemui.ImageWallpaper (server), 94a0fc2 NotificationShade (server), edge-swipe (server), swipe-up (server), PointerEventDispatcher0 (server),
01-05 06:33:54.015 I/view_enqueue_input_event( 2835): [Motion - Cancel,com.android.launcher3/com.android.launcher3.uioverrides.QuickstepLauncher]
01-05 06:33:54.018 I/sysui_multi_action( 2367): [757,803,799,panel_open,802,1]
01-05 06:33:54.018 I/sysui_multi_action( 2367): [757,1328,758,4,1326,31,1327,63,1329,0]
01-05 06:33:54.029 I/input_interaction( 1516): Interaction with: 9702ba6 com.android.systemui.ImageWallpaper (server), 94a0fc2 NotificationShade (server), edge-swipe (server), swipe-up (server), PointerEventDispatcher0 (server),
01-05 06:33:54.340 I/sysui_multi_action( 2367): [757,111,758,1]
01-05 06:33:54.341 I/sysui_multi_action( 2367): [757,126,758,1,759,126,927,0,928,0,1593,0]
01-05 06:33:54.341 I/sysui_multi_action( 2367): [757,113,758,1,759,113,927,1,928,1,1593,0]
01-05 06:33:54.342 I/sysui_multi_action( 2367): [757,0,758,1,759,0,927,2,928,0,1593,0]
01-05 06:33:54.342 I/sysui_multi_action( 2367): [757,0,758,1,759,0,927,3,928,0,1593,0]
01-05 06:33:54.343 I/sysui_multi_action( 2367): [757,491,758,1,759,491,927,4,928,0,1311,-1,1593,0]
01-05 06:33:54.343 I/sysui_multi_action( 2367): [757,0,758,1,759,0,927,5,928,0,1593,0]
01-05 06:33:54.343 I/sysui_multi_action( 2367): [757,111,758,1]
01-05 06:33:54.344 I/sysui_multi_action( 2367): [757,126,758,1,759,126,927,0,928,0,1593,0]
01-05 06:33:54.344 I/sysui_multi_action( 2367): [757,113,758,1,759,113,927,1,928,1,1593,0]
01-05 06:33:54.344 I/sysui_multi_action( 2367): [757,0,758,1,759,0,927,2,928,0,1593,0]
01-05 06:33:54.344 I/sysui_multi_action( 2367): [757,0,758,1,759,0,927,3,928,0,1593,0]
01-05 06:33:55.549 I/sysui_multi_action( 2367): [757,111,758,2]
01-05 06:33:55.550 I/sysui_multi_action( 2367): [757,111,758,2]
01-05 06:33:55.554 I/notification_enqueue( 1516): [10081,2367,com.android.systemui,2048,NULL,0,Notification(channel=updateNotification shortcut=null contentView=null vibrate=null sound=null defaults=0x0 flags=0x0 color=0x00000000 vis=PRIVATE),1]
01-05 06:33:55.718 I/input_focus( 1516): [Focus request fdc0eb0 com.android.launcher3/com.android.launcher3.uioverrides.QuickstepLauncher,reason=UpdateInputWindows]
01-05 06:33:55.723 I/sysui_multi_action( 1516): [757,128,758,2,793,7306230,794,1722,795,7306230,796,26,798,0,806,android,857,DEVELOPER_IMPORTANT,858,4,947,0,1395,2,1500,7306025,1688,1]
01-05 06:33:55.724 I/notification_visibility( 1516): [-1|android|26|null|1000,0,7306230,7306230,0,0]
01-05 06:33:55.724 I/sysui_multi_action( 1516): [757,128,758,2,793,7374690,794,1723,795,7374690,796,32,798,1,806,android,857,USB,858,1,947,0,1395,2,1500,7374538,1688,1]
01-05 06:33:55.724 I/notification_visibility( 1516): [-1|android|32|null|1000,0,7374690,7374690,0,1]
01-05 06:33:55.725 I/sysui_multi_action( 1516): [757,127,758,2]
01-05 06:33:55.727 I/notification_panel_hidden( 1516):
01-05 06:33:55.744 I/input_focus( 1516): [Focus leaving 94a0fc2 NotificationShade (server),reason=NO_WINDOW]
01-05 06:33:55.744 I/input_focus( 1516): [Focus entering fdc0eb0 com.android.launcher3/com.android.launcher3.uioverrides.QuickstepLauncher (server),reason=setFocusedWindow]
01-05 06:33:56.501 I/input_interaction( 1516): Interaction with: fdc0eb0 com.android.launcher3/com.android.launcher3.uioverrides.QuickstepLauncher (server), 9702ba6 com.android.systemui.ImageWallpaper (server), edge-swipe (server), swipe-up (server), PointerEventDispatcher0 (server),
01-05 06:33:56.890 I/commit_sys_config_file( 1516): [settings-1-0,6]
01-05 06:33:58.336 I/commit_sys_config_file( 1516): [settings-1-0,6]
01-05 06:34:03.162 I/am_uid_idle( 1516): 10065
01-05 06:34:03.162 I/am_uid_idle( 1516): 10032
01-05 06:34:03.796 I/commit_sys_config_file( 1516): [settings-1-0,7]
01-05 06:34:05.711 I/wm_task_created( 1516): [33,-1]
01-05 06:34:05.714 I/wm_task_moved( 1516): [33,1,7]
01-05 06:34:05.714 I/wm_task_to_front( 1516): [0,33]
01-05 06:34:05.714 I/wm_create_task( 1516): [0,33]
01-05 06:34:05.714 I/wm_create_activity( 1516): [0,104181667,33,com.android.gallery3d/.app.GalleryActivity,android.intent.action.MAIN,NULL,NULL,270532608]
01-05 06:34:05.714 I/wm_task_moved( 1516): [33,1,7]
01-05 06:34:05.716 I/wm_pause_activity( 1516): [0,39192225,com.android.launcher3/.uioverrides.QuickstepLauncher,userLeaving=true,pauseBackTasks]
01-05 06:34:05.718 I/wm_on_top_resumed_lost_called( 2835): [39192225,com.android.launcher3.uioverrides.QuickstepLauncher,topStateChangedWhenResumed]
01-05 06:34:05.718 I/wm_on_paused_called( 2835): [39192225,com.android.launcher3.uioverrides.QuickstepLauncher,performPause]
01-05 06:34:05.719 I/wm_add_to_stopping( 1516): [0,39192225,com.android.launcher3/.uioverrides.QuickstepLauncher,makeInvisible]
01-05 06:34:05.719 I/wm_restart_activity( 1516): [0,104181667,33,com.android.gallery3d/.app.GalleryActivity]
01-05 06:34:05.720 I/wm_set_resumed_activity( 1516): [0,com.android.gallery3d/.app.GalleryActivity,minimalResumeActivityLocked]
01-05 06:34:05.721 I/am_uid_active( 1516): 10069
01-05 06:34:05.724 I/sysui_multi_action( 1516): [757,803,799,window_time_0,802,34]
01-05 06:34:05.732 I/am_pss ( 1516): [7958,10067,com.android.deskclock,44362752,36712448,0,174727168,0,18,7]
01-05 06:34:05.742 I/am_pss ( 1516): [7871,10065,com.android.calendar,23960576,17190912,0,147505152,0,16,7]
01-05 06:34:05.743 I/wm_on_create_called( 7697): [104181667,com.android.gallery3d.app.GalleryActivity,performCreate]
01-05 06:34:05.744 I/wm_on_start_called( 7697): [104181667,com.android.gallery3d.app.GalleryActivity,handleStartActivity]
01-05 06:34:05.747 I/wm_on_resume_called( 7697): [104181667,com.android.gallery3d.app.GalleryActivity,RESUME_ACTIVITY]
01-05 06:34:05.751 I/wm_on_top_resumed_gained_called( 7697): [104181667,com.android.gallery3d.app.GalleryActivity,topStateChangedWhenResumed]
01-05 06:34:05.751 I/input_focus( 1516): [Focus leaving fdc0eb0 com.android.launcher3/com.android.launcher3.uioverrides.QuickstepLauncher (server),reason=NO_WINDOW]
01-05 06:34:05.752 I/am_pss ( 1516): [7894,10032,com.android.providers.calendar,7500800,5087232,0,97767424,0,19,5]
01-05 06:34:05.758 I/am_pss ( 1516): [7614,1000,com.thundercomm.gamemode,18726912,14680064,0,122023936,0,10,6]
01-05 06:34:05.770 I/input_focus( 1516): [Focus request c646f94 com.android.gallery3d/com.android.gallery3d.app.GalleryActivity,reason=UpdateInputWindows]
01-05 06:34:05.799 I/sysui_multi_action( 1516): [319,38,321,37,322,96,325,7409,757,761,758,8,759,1,806,com.android.gallery3d,871,com.android.gallery3d.app.GalleryActivity,904,com.android.launcher3,905,0,1320,4,1321,1]
01-05 06:34:05.799 I/wm_activity_launch_time( 1516): [0,104181667,com.android.gallery3d/.app.GalleryActivity,96]
01-05 06:34:05.801 I/input_focus( 1516): [Focus entering c646f94 com.android.gallery3d/com.android.gallery3d.app.GalleryActivity (server),reason=setFocusedWindow]
01-05 06:34:06.270 I/wm_stop_activity( 1516): [0,39192225,com.android.launcher3/.uioverrides.QuickstepLauncher]
01-05 06:34:06.288 I/wm_on_stop_called( 2835): [39192225,com.android.launcher3.uioverrides.QuickstepLauncher,STOP_ACTIVITY_ITEM]
01-05 06:34:08.034 I/input_interaction( 1516): Interaction with: c646f94 com.android.gallery3d/com.android.gallery3d.app.GalleryActivity (server), edge-swipe (server), swipe-up (server), PointerEventDispatcher0 (server),
01-05 06:34:08.052 I/wm_task_moved( 1516): [1,0,0]
01-05 06:34:08.052 I/wm_task_moved( 1516): [1,0,6]
01-05 06:34:08.075 I/wm_on_restart_called( 2835): [39192225,com.android.launcher3.uioverrides.QuickstepLauncher,performRestartActivity]
01-05 06:34:08.100 I/wm_on_start_called( 2835): [39192225,com.android.launcher3.uioverrides.QuickstepLauncher,handleStartActivity]
01-05 06:34:08.101 I/view_enqueue_input_event( 7697): [Motion - Cancel,com.android.gallery3d/com.android.gallery3d.app.GalleryActivity]
01-05 06:34:08.103 I/input_focus( 1516): [Focus request recents_animation_input_consumer,reason=UpdateInputWindows]
01-05 06:34:08.106 I/input_focus( 1516): [Focus leaving c646f94 com.android.gallery3d/com.android.gallery3d.app.GalleryActivity (server),reason=NOT_FOCUSABLE]
01-05 06:34:08.106 I/input_focus( 1516): [Focus entering recents_animation_input_consumer (server),reason=setFocusedWindow]
01-05 06:34:08.107 I/sysui_latency( 2835): [1,74]
01-05 06:34:08.113 I/input_interaction( 1516): Interaction with: edge-swipe (server), swipe-up (server), PointerEventDispatcher0 (server),
01-05 06:34:08.118 I/sysui_multi_action( 1516): [319,12,322,61,325,7411,757,761,758,9,759,5,806,com.android.launcher3,871,com.android.launcher3.uioverrides.QuickstepLauncher,905,0,1320,8,1321,5]
01-05 06:34:08.303 I/commit_sys_config_file( 1516): [settings-1-0,3]
01-05 06:34:08.413 I/sysui_latency( 1516): [8,76]
01-05 06:34:08.566 I/commit_sys_config_file( 1516): [settings-1-0,4]
01-05 06:34:09.009 I/wm_task_moved( 1516): [1,1,7]
01-05 06:34:09.009 I/wm_task_moved( 1516): [10,1,2147483647]
01-05 06:34:09.009 I/wm_task_to_front( 1516): [0,10]
01-05 06:34:09.009 I/wm_focused_root_task( 1516): [0,0,1,33,RecentsAnimation.onAnimationFinished()]
01-05 06:34:09.010 I/wm_set_resumed_activity( 1516): [0,com.android.launcher3/.uioverrides.QuickstepLauncher,RecentsAnimation.onAnimationFinished()]
01-05 06:34:09.010 I/wm_pause_activity( 1516): [0,104181667,com.android.gallery3d/.app.GalleryActivity,userLeaving=true,pauseBackTasks]
01-05 06:34:09.010 I/wm_on_top_resumed_lost_called( 7697): [104181667,com.android.gallery3d.app.GalleryActivity,topStateChangedWhenResumed]
01-05 06:34:09.011 I/wm_add_to_stopping( 1516): [0,104181667,com.android.gallery3d/.app.GalleryActivity,makeInvisible]
01-05 06:34:09.011 I/wm_set_resumed_activity( 1516): [0,com.android.launcher3/.uioverrides.QuickstepLauncher,resumeTopActivityInnerLocked]
01-05 06:34:09.012 I/wm_resume_activity( 1516): [0,39192225,10,com.android.launcher3/.uioverrides.QuickstepLauncher]
01-05 06:34:09.012 I/wm_on_resume_called( 2835): [39192225,com.android.launcher3.uioverrides.QuickstepLauncher,RESUME_ACTIVITY]
01-05 06:34:09.016 I/input_focus( 1516): [Focus request fdc0eb0 com.android.launcher3/com.android.launcher3.uioverrides.QuickstepLauncher,reason=UpdateInputWindows]
01-05 06:34:09.016 I/wm_on_top_resumed_gained_called( 2835): [39192225,com.android.launcher3.uioverrides.QuickstepLauncher,topStateChangedWhenResumed]
01-05 06:34:09.019 I/wm_stop_activity( 1516): [0,104181667,com.android.gallery3d/.app.GalleryActivity]
01-05 06:34:09.021 I/sysui_multi_action( 1516): [757,803,799,window_time_0,802,3]
01-05 06:34:09.022 I/sysui_multi_action( 1516): [757,803,799,window_time_0,802,0]
01-05 06:34:09.026 I/input_focus( 1516): [Focus leaving recents_animation_input_consumer (server),reason=NOT_VISIBLE]
01-05 06:34:09.036 I/wm_on_paused_called( 7697): [104181667,com.android.gallery3d.app.GalleryActivity,performPause]
01-05 06:34:09.036 I/wm_on_stop_called( 7697): [104181667,com.android.gallery3d.app.GalleryActivity,STOP_ACTIVITY_ITEM]
01-05 06:34:09.042 I/input_focus( 1516): [Focus entering fdc0eb0 com.android.launcher3/com.android.launcher3.uioverrides.QuickstepLauncher (server),reason=setFocusedWindow]
01-05 06:34:09.305 I/input_interaction( 1516): Interaction with: fdc0eb0 com.android.launcher3/com.android.launcher3.uioverrides.QuickstepLauncher (server), 9702ba6 com.android.systemui.ImageWallpaper (server), edge-swipe (server), swipe-up (server), PointerEventDispatcher0 (server),
01-05 06:34:09.447 I/wm_task_created( 1516): [34,-1]
01-05 06:34:09.449 I/wm_task_moved( 1516): [34,1,8]
01-05 06:34:09.449 I/wm_task_to_front( 1516): [0,34]
01-05 06:34:09.450 I/wm_create_task( 1516): [0,34]
01-05 06:34:09.450 I/wm_create_activity( 1516): [0,202704299,34,com.android.music/.MusicBrowserActivity,android.intent.action.MAIN,NULL,NULL,270532608]
01-05 06:34:09.450 I/wm_task_moved( 1516): [34,1,8]
01-05 06:34:09.451 I/wm_pause_activity( 1516): [0,39192225,com.android.launcher3/.uioverrides.QuickstepLauncher,userLeaving=true,pauseBackTasks]
01-05 06:34:09.454 I/wm_on_top_resumed_lost_called( 2835): [39192225,com.android.launcher3.uioverrides.QuickstepLauncher,topStateChangedWhenResumed]
01-05 06:34:09.455 I/wm_on_paused_called( 2835): [39192225,com.android.launcher3.uioverrides.QuickstepLauncher,performPause]
01-05 06:34:09.456 I/wm_add_to_stopping( 1516): [0,39192225,com.android.launcher3/.uioverrides.QuickstepLauncher,makeInvisible]
01-05 06:34:09.456 I/wm_restart_activity( 1516): [0,202704299,34,com.android.music/.MusicBrowserActivity]
01-05 06:34:09.457 I/wm_set_resumed_activity( 1516): [0,com.android.music/.MusicBrowserActivity,minimalResumeActivityLocked]
01-05 06:34:09.458 I/am_uid_active( 1516): 10085
01-05 06:34:09.462 I/sysui_multi_action( 1516): [757,803,799,window_time_0,802,1]
01-05 06:34:09.477 I/input_focus( 1516): [Focus leaving fdc0eb0 com.android.launcher3/com.android.launcher3.uioverrides.QuickstepLauncher (server),reason=NO_WINDOW]
01-05 06:34:09.494 I/wm_on_create_called( 7696): [202704299,com.android.music.MusicBrowserActivity,performCreate]
01-05 06:34:09.503 I/wm_on_start_called( 7696): [202704299,com.android.music.MusicBrowserActivity,handleStartActivity]
01-05 06:34:09.504 I/wm_on_resume_called( 7696): [202704299,com.android.music.MusicBrowserActivity,RESUME_ACTIVITY]
01-05 06:34:09.507 I/wm_on_top_resumed_gained_called( 7696): [202704299,com.android.music.MusicBrowserActivity,topStateChangedWhenResumed]
01-05 06:34:09.521 I/sysui_multi_action( 1516): [757,856,758,1,806,com.android.music,857,Channel-music,858,2]
01-05 06:34:09.525 I/notification_enqueue( 1516): [10085,7696,com.android.music,1,NULL,0,Notification(channel=Channel-music shortcut=null contentView=null vibrate=null sound=null defaults=0x0 flags=0x0 color=0x00000000 category=transport actions=4 vis=PRIVATE),0]
01-05 06:34:09.526 I/notification_enqueue( 1516): [10085,7696,com.android.music,1,NULL,0,Notification(channel=Channel-music shortcut=null contentView=null vibrate=null sound=null defaults=0x0 flags=0x40 color=0x00000000 category=transport actions=4 vis=PRIVATE),0]
01-05 06:34:09.529 I/notification_enqueue( 1516): [10085,7696,com.android.music,1,NULL,0,Notification(channel=Channel-music shortcut=null contentView=null vibrate=null sound=null defaults=0x0 flags=0x40 color=0x00000000 category=transport actions=4 vis=PRIVATE),0]
01-05 06:34:09.529 I/notification_enqueue( 1516): [10085,7696,com.android.music,1,NULL,0,Notification(channel=Channel-music shortcut=null contentView=null vibrate=null sound=null defaults=0x0 flags=0x40 color=0x00000000 category=transport actions=4 vis=PRIVATE),0]
01-05 06:34:09.534 I/notification_enqueue( 1516): [10085,7696,com.android.music,1,NULL,0,Notification(channel=Channel-music shortcut=null contentView=null vibrate=null sound=null defaults=0x0 flags=0x40 color=0x00000000 category=transport actions=4 vis=PRIVATE),0]
01-05 06:34:09.534 I/notification_enqueue( 1516): [10085,7696,com.android.music,1,NULL,0,Notification(channel=Channel-music shortcut=null contentView=null vibrate=null sound=null defaults=0x0 flags=0x40 color=0x00000000 category=transport actions=4 vis=PRIVATE),0]
01-05 06:34:09.540 I/input_focus( 1516): [Focus request 2db0a80 com.android.music/com.android.music.MusicBrowserActivity,reason=UpdateInputWindows]
01-05 06:34:09.563 I/sysui_multi_action( 1516): [319,30,321,29,322,125,325,7413,757,761,758,8,759,1,806,com.android.music,871,com.android.music.MusicBrowserActivity,904,com.android.launcher3,905,0,1320,4,1321,1]
01-05 06:34:09.563 I/wm_activity_launch_time( 1516): [0,202704299,com.android.music/.MusicBrowserActivity,125]
01-05 06:34:09.563 I/sysui_multi_action( 1516): [757,128,758,5,759,8,793,39,794,0,795,39,796,1,806,com.android.music,857,Channel-music,858,2,947,0,1500,39,1641,transport,1688,1,1745,1043716538]
01-05 06:34:09.563 I/notification_canceled( 1516): [0|com.android.music|1|null|10085,8,39,39,0,-1,-1,NULL]
01-05 06:34:09.576 I/input_focus( 1516): [Focus entering 2db0a80 com.android.music/com.android.music.MusicBrowserActivity (server),reason=Window became focusable. Previous reason: NOT_VISIBLE]
01-05 06:34:09.774 I/commit_sys_config_file( 1516): [notification-policy,7390651]
01-05 06:34:09.994 I/wm_stop_activity( 1516): [0,39192225,com.android.launcher3/.uioverrides.QuickstepLauncher]
01-05 06:34:10.013 I/wm_on_stop_called( 2835): [39192225,com.android.launcher3.uioverrides.QuickstepLauncher,STOP_ACTIVITY_ITEM]
01-05 06:34:11.855 I/input_interaction( 1516): Interaction with: 2db0a80 com.android.music/com.android.music.MusicBrowserActivity (server), edge-swipe (server), swipe-up (server), PointerEventDispatcher0 (server),
01-05 06:34:11.874 I/wm_task_moved( 1516): [1,0,0]
01-05 06:34:11.874 I/wm_task_moved( 1516): [1,0,7]
01-05 06:34:11.881 I/wm_on_restart_called( 2835): [39192225,com.android.launcher3.uioverrides.QuickstepLauncher,performRestartActivity]
01-05 06:34:11.911 I/wm_on_start_called( 2835): [39192225,com.android.launcher3.uioverrides.QuickstepLauncher,handleStartActivity]
01-05 06:34:11.937 I/sysui_multi_action( 1516): [319,11,322,55,325,7415,757,761,758,9,759,5,806,com.android.launcher3,871,com.android.launcher3.uioverrides.QuickstepLauncher,905,0,1320,8,1321,5]
01-05 06:34:11.941 I/view_enqueue_input_event( 7696): [Motion - Cancel,com.android.music/com.android.music.MusicBrowserActivity]
01-05 06:34:11.946 I/input_interaction( 1516): Interaction with: edge-swipe (server), swipe-up (server), PointerEventDispatcher0 (server),
01-05 06:34:11.951 I/sysui_latency( 2835): [1,65]
01-05 06:34:11.961 I/input_focus( 1516): [Focus request recents_animation_input_consumer,reason=UpdateInputWindows]
01-05 06:34:11.982 I/input_focus( 1516): [Focus leaving 2db0a80 com.android.music/com.android.music.MusicBrowserActivity (server),reason=NOT_FOCUSABLE]
01-05 06:34:11.982 I/input_focus( 1516): [Focus entering recents_animation_input_consumer (server),reason=setFocusedWindow]
01-05 06:34:12.113 I/commit_sys_config_file( 1516): [settings-1-0,4]
01-05 06:34:12.231 I/sysui_latency( 1516): [8,69]
01-05 06:34:12.710 I/wm_task_moved( 1516): [1,1,8]
01-05 06:34:12.711 I/wm_focused_root_task( 1516): [0,0,1,34,RecentsAnimation.onAnimationFinished()]
01-05 06:34:12.711 I/wm_on_top_resumed_lost_called( 7696): [202704299,com.android.music.MusicBrowserActivity,topStateChangedWhenResumed]
01-05 06:34:12.712 I/wm_pause_activity( 1516): [0,202704299,com.android.music/.MusicBrowserActivity,userLeaving=false,pauseBackTasks]
01-05 06:34:12.714 I/wm_set_resumed_activity( 1516): [0,com.android.launcher3/.uioverrides.QuickstepLauncher,resumeTopActivityInnerLocked]
01-05 06:34:12.715 I/wm_resume_activity( 1516): [0,39192225,10,com.android.launcher3/.uioverrides.QuickstepLauncher]
01-05 06:34:12.715 I/wm_add_to_stopping( 1516): [0,202704299,com.android.music/.MusicBrowserActivity,makeInvisible]
01-05 06:34:12.717 I/wm_on_resume_called( 2835): [39192225,com.android.launcher3.uioverrides.QuickstepLauncher,RESUME_ACTIVITY]
01-05 06:34:12.723 I/input_focus( 1516): [Focus request fdc0eb0 com.android.launcher3/com.android.launcher3.uioverrides.QuickstepLauncher,reason=UpdateInputWindows]
01-05 06:34:12.724 I/wm_on_paused_called( 7696): [202704299,com.android.music.MusicBrowserActivity,performPause]
01-05 06:34:12.726 I/wm_stop_activity( 1516): [0,202704299,com.android.music/.MusicBrowserActivity]
01-05 06:34:12.726 I/sysui_multi_action( 1516): [757,803,799,window_time_0,802,3]
01-05 06:34:12.728 I/sysui_multi_action( 1516): [757,803,799,window_time_0,802,0]
01-05 06:34:12.739 I/input_focus( 1516): [Focus leaving recents_animation_input_consumer (server),reason=NOT_VISIBLE]
01-05 06:34:12.740 I/input_focus( 1516): [Focus entering fdc0eb0 com.android.launcher3/com.android.launcher3.uioverrides.QuickstepLauncher (server),reason=setFocusedWindow]
01-05 06:34:12.742 I/wm_on_stop_called( 7696): [202704299,com.android.music.MusicBrowserActivity,STOP_ACTIVITY_ITEM]
01-05 06:34:12.787 I/wm_on_top_resumed_gained_called( 2835): [39192225,com.android.launcher3.uioverrides.QuickstepLauncher,topStateChangedWhenResumed]
01-05 06:34:12.946 I/commit_sys_config_file( 1516): [settings-1-0,4]
01-05 06:34:19.998 I/input_interaction( 1516): Interaction with: fdc0eb0 com.android.launcher3/com.android.launcher3.uioverrides.QuickstepLauncher (server), 9702ba6 com.android.systemui.ImageWallpaper (server), edge-swipe (server), swipe-up (server), PointerEventDispatcher0 (server),
01-05 06:34:20.156 I/wm_task_moved( 1516): [1,1,9]
01-05 06:34:20.156 I/wm_set_resumed_activity( 1516): [0,com.android.launcher3/.uioverrides.QuickstepLauncher,positionChildAt]
01-05 06:34:20.162 I/wm_task_moved( 1516): [32,1,9]
01-05 06:34:20.162 I/wm_task_to_front( 1516): [0,32]
01-05 06:34:20.163 I/wm_focused_root_task( 1516): [0,0,32,1,reuseOrNewTask]
01-05 06:34:20.163 I/wm_create_activity( 1516): [0,239488675,32,com.android.deskclock/.DeskClock,NULL,NULL,NULL,269516800]
01-05 06:34:20.164 I/wm_pause_activity( 1516): [0,39192225,com.android.launcher3/.uioverrides.QuickstepLauncher,userLeaving=true,pauseBackTasks]
01-05 06:34:20.170 I/wm_on_top_resumed_lost_called( 2835): [39192225,com.android.launcher3.uioverrides.QuickstepLauncher,topStateChangedWhenResumed]
01-05 06:34:20.171 I/wm_on_paused_called( 2835): [39192225,com.android.launcher3.uioverrides.QuickstepLauncher,performPause]
01-05 06:34:20.172 I/wm_add_to_stopping( 1516): [0,39192225,com.android.launcher3/.uioverrides.QuickstepLauncher,makeInvisible]
01-05 06:34:20.172 I/wm_restart_activity( 1516): [0,239488675,32,com.android.deskclock/.DeskClock]
01-05 06:34:20.173 I/wm_set_resumed_activity( 1516): [0,com.android.deskclock/.DeskClock,minimalResumeActivityLocked]
01-05 06:34:20.175 I/sysui_multi_action( 1516): [757,803,799,window_time_0,802,8]
01-05 06:34:20.183 I/am_pss ( 1516): [7696,10085,com.android.music,20052992,14569472,0,139423744,0,4,7]
01-05 06:34:20.193 I/wm_on_create_called( 7958): [239488675,com.android.deskclock.DeskClock,performCreate]
01-05 06:34:20.194 I/wm_on_start_called( 7958): [239488675,com.android.deskclock.DeskClock,handleStartActivity]
01-05 06:34:20.195 I/wm_on_resume_called( 7958): [239488675,com.android.deskclock.DeskClock,RESUME_ACTIVITY]
01-05 06:34:20.196 I/wm_on_top_resumed_gained_called( 7958): [239488675,com.android.deskclock.DeskClock,topStateChangedWhenResumed]
01-05 06:34:20.202 I/input_focus( 1516): [Focus leaving fdc0eb0 com.android.launcher3/com.android.launcher3.uioverrides.QuickstepLauncher (server),reason=NO_WINDOW]
