01-05 07:27:19.360 I/am_wtf ( 1516): [0,1516,system_server,-1,DisplayDeviceConfig,requesting nits when no mapping exists.]
01-05 07:27:19.377 I/am_wtf ( 1516): [0,1516,system_server,-1,DisplayDeviceConfig,requesting nits when no mapping exists.]
01-05 07:27:19.377 I/am_wtf ( 1516): [0,1516,system_server,-1,DisplayDeviceConfig,requesting nits when no mapping exists.]
01-05 07:27:19.394 I/am_wtf ( 1516): [0,1516,system_server,-1,DisplayDeviceConfig,requesting nits when no mapping exists.]
01-05 07:27:19.394 I/am_wtf ( 1516): [0,1516,system_server,-1,DisplayDeviceConfig,requesting nits when no mapping exists.]
01-05 07:27:19.410 I/am_wtf ( 1516): [0,1516,system_server,-1,DisplayDeviceConfig,requesting nits when no mapping exists.]
01-05 07:27:19.410 I/am_wtf ( 1516): [0,1516,system_server,-1,DisplayDeviceConfig,requesting nits when no mapping exists.]
01-05 07:27:19.427 I/am_wtf ( 1516): [0,1516,system_server,-1,DisplayDeviceConfig,requesting nits when no mapping exists.]
01-05 07:27:19.427 I/am_wtf ( 1516): [0,1516,system_server,-1,DisplayDeviceConfig,requesting nits when no mapping exists.]
01-05 07:27:19.444 I/am_wtf ( 1516): [0,1516,system_server,-1,DisplayDeviceConfig,requesting nits when no mapping exists.]
01-05 07:27:19.444 I/am_wtf ( 1516): [0,1516,system_server,-1,DisplayDeviceConfig,requesting nits when no mapping exists.]
01-05 07:27:19.460 I/am_wtf ( 1516): [0,1516,system_server,-1,DisplayDeviceConfig,requesting nits when no mapping exists.]
01-05 07:27:19.461 I/am_wtf ( 1516): [0,1516,system_server,-1,DisplayDeviceConfig,requesting nits when no mapping exists.]
01-05 07:27:19.477 I/am_wtf ( 1516): [0,1516,system_server,-1,DisplayDeviceConfig,requesting nits when no mapping exists.]
01-05 07:27:19.478 I/am_wtf ( 1516): [0,1516,system_server,-1,DisplayDeviceConfig,requesting nits when no mapping exists.]
01-05 07:27:19.494 I/am_wtf ( 1516): [0,1516,system_server,-1,DisplayDeviceConfig,requesting nits when no mapping exists.]
01-05 07:27:19.494 I/am_wtf ( 1516): [0,1516,system_server,-1,DisplayDeviceConfig,requesting nits when no mapping exists.]
01-05 07:27:19.511 I/am_wtf ( 1516): [0,1516,system_server,-1,DisplayDeviceConfig,requesting nits when no mapping exists.]
01-05 07:27:19.511 I/am_wtf ( 1516): [0,1516,system_server,-1,DisplayDeviceConfig,requesting nits when no mapping exists.]
01-05 07:27:19.527 I/am_wtf ( 1516): [0,1516,system_server,-1,DisplayDeviceConfig,requesting nits when no mapping exists.]
01-05 07:27:19.527 I/am_wtf ( 1516): [0,1516,system_server,-1,DisplayDeviceConfig,requesting nits when no mapping exists.]
01-05 07:27:19.544 I/am_wtf ( 1516): [0,1516,system_server,-1,DisplayDeviceConfig,requesting nits when no mapping exists.]
01-05 07:27:19.544 I/am_wtf ( 1516): [0,1516,system_server,-1,DisplayDeviceConfig,requesting nits when no mapping exists.]
01-05 07:27:19.561 I/am_wtf ( 1516): [0,1516,system_server,-1,DisplayDeviceConfig,requesting nits when no mapping exists.]
01-05 07:27:19.561 I/am_wtf ( 1516): [0,1516,system_server,-1,DisplayDeviceConfig,requesting nits when no mapping exists.]
01-05 07:27:19.577 I/am_wtf ( 1516): [0,1516,system_server,-1,DisplayDeviceConfig,requesting nits when no mapping exists.]
01-05 07:27:19.578 I/am_wtf ( 1516): [0,1516,system_server,-1,DisplayDeviceConfig,requesting nits when no mapping exists.]
01-05 07:27:19.594 I/am_wtf ( 1516): [0,1516,system_server,-1,DisplayDeviceConfig,requesting nits when no mapping exists.]
01-05 07:27:19.594 I/am_wtf ( 1516): [0,1516,system_server,-1,DisplayDeviceConfig,requesting nits when no mapping exists.]
01-05 07:27:19.611 I/am_wtf ( 1516): [0,1516,system_server,-1,DisplayDeviceConfig,requesting nits when no mapping exists.]
01-05 07:27:19.611 I/am_wtf ( 1516): [0,1516,system_server,-1,DisplayDeviceConfig,requesting nits when no mapping exists.]
01-05 07:27:19.628 I/am_wtf ( 1516): [0,1516,system_server,-1,DisplayDeviceConfig,requesting nits when no mapping exists.]
01-05 07:27:19.628 I/am_wtf ( 1516): [0,1516,system_server,-1,DisplayDeviceConfig,requesting nits when no mapping exists.]
01-05 07:27:19.644 I/am_wtf ( 1516): [0,1516,system_server,-1,DisplayDeviceConfig,requesting nits when no mapping exists.]
01-05 07:27:19.644 I/am_wtf ( 1516): [0,1516,system_server,-1,DisplayDeviceConfig,requesting nits when no mapping exists.]
01-05 07:27:19.660 I/am_wtf ( 1516): [0,1516,system_server,-1,DisplayDeviceConfig,requesting nits when no mapping exists.]
01-05 07:27:19.661 I/am_wtf ( 1516): [0,1516,system_server,-1,DisplayDeviceConfig,requesting nits when no mapping exists.]
01-05 07:27:19.677 I/am_wtf ( 1516): [0,1516,system_server,-1,DisplayDeviceConfig,requesting nits when no mapping exists.]
01-05 07:27:19.678 I/am_wtf ( 1516): [0,1516,system_server,-1,DisplayDeviceConfig,requesting nits when no mapping exists.]
01-05 07:27:19.694 I/am_wtf ( 1516): [0,1516,system_server,-1,DisplayDeviceConfig,requesting nits when no mapping exists.]
01-05 07:27:19.695 I/am_wtf ( 1516): [0,1516,system_server,-1,DisplayDeviceConfig,requesting nits when no mapping exists.]
01-05 07:27:19.711 I/am_wtf ( 1516): [0,1516,system_server,-1,DisplayDeviceConfig,requesting nits when no mapping exists.]
01-05 07:27:19.711 I/am_wtf ( 1516): [0,1516,system_server,-1,DisplayDeviceConfig,requesting nits when no mapping exists.]
01-05 07:27:19.728 I/am_wtf ( 1516): [0,1516,system_server,-1,DisplayDeviceConfig,requesting nits when no mapping exists.]
01-05 07:27:19.728 I/am_wtf ( 1516): [0,1516,system_server,-1,DisplayDeviceConfig,requesting nits when no mapping exists.]
01-05 07:27:19.744 I/am_wtf ( 1516): [0,1516,system_server,-1,DisplayDeviceConfig,requesting nits when no mapping exists.]
01-05 07:27:19.745 I/am_wtf ( 1516): [0,1516,system_server,-1,DisplayDeviceConfig,requesting nits when no mapping exists.]
01-05 07:27:19.761 I/am_wtf ( 1516): [0,1516,system_server,-1,DisplayDeviceConfig,requesting nits when no mapping exists.]
01-05 07:27:19.762 I/am_wtf ( 1516): [0,1516,system_server,-1,DisplayDeviceConfig,requesting nits when no mapping exists.]
01-05 07:27:19.777 I/am_wtf ( 1516): [0,1516,system_server,-1,DisplayDeviceConfig,requesting nits when no mapping exists.]
01-05 07:27:19.778 I/am_wtf ( 1516): [0,1516,system_server,-1,DisplayDeviceConfig,requesting nits when no mapping exists.]
01-05 07:27:19.794 I/am_wtf ( 1516): [0,1516,system_server,-1,DisplayDeviceConfig,requesting nits when no mapping exists.]
01-05 07:27:19.794 I/am_wtf ( 1516): [0,1516,system_server,-1,DisplayDeviceConfig,requesting nits when no mapping exists.]
01-05 07:27:19.811 I/am_wtf ( 1516): [0,1516,system_server,-1,DisplayDeviceConfig,requesting nits when no mapping exists.]
01-05 07:27:19.811 I/am_wtf ( 1516): [0,1516,system_server,-1,DisplayDeviceConfig,requesting nits when no mapping exists.]
01-05 07:27:19.827 I/am_wtf ( 1516): [0,1516,system_server,-1,DisplayDeviceConfig,requesting nits when no mapping exists.]
01-05 07:27:19.828 I/am_wtf ( 1516): [0,1516,system_server,-1,DisplayDeviceConfig,requesting nits when no mapping exists.]
01-05 07:27:19.844 I/am_wtf ( 1516): [0,1516,system_server,-1,DisplayDeviceConfig,requesting nits when no mapping exists.]
01-05 07:27:19.844 I/am_wtf ( 1516): [0,1516,system_server,-1,DisplayDeviceConfig,requesting nits when no mapping exists.]
01-05 07:27:19.861 I/am_wtf ( 1516): [0,1516,system_server,-1,DisplayDeviceConfig,requesting nits when no mapping exists.]
01-05 07:27:19.861 I/am_wtf ( 1516): [0,1516,system_server,-1,DisplayDeviceConfig,requesting nits when no mapping exists.]
01-05 07:27:19.878 I/am_wtf ( 1516): [0,1516,system_server,-1,DisplayDeviceConfig,requesting nits when no mapping exists.]
01-05 07:27:19.878 I/am_wtf ( 1516): [0,1516,system_server,-1,DisplayDeviceConfig,requesting nits when no mapping exists.]
01-05 07:27:19.894 I/am_wtf ( 1516): [0,1516,system_server,-1,DisplayDeviceConfig,requesting nits when no mapping exists.]
01-05 07:27:19.894 I/am_wtf ( 1516): [0,1516,system_server,-1,DisplayDeviceConfig,requesting nits when no mapping exists.]
01-05 07:27:19.911 I/am_wtf ( 1516): [0,1516,system_server,-1,DisplayDeviceConfig,requesting nits when no mapping exists.]
01-05 07:27:19.911 I/am_wtf ( 1516): [0,1516,system_server,-1,DisplayDeviceConfig,requesting nits when no mapping exists.]
01-05 07:27:19.928 I/am_wtf ( 1516): [0,1516,system_server,-1,DisplayDeviceConfig,requesting nits when no mapping exists.]
01-05 07:27:19.928 I/am_wtf ( 1516): [0,1516,system_server,-1,DisplayDeviceConfig,requesting nits when no mapping exists.]
01-05 07:27:19.944 I/am_wtf ( 1516): [0,1516,system_server,-1,DisplayDeviceConfig,requesting nits when no mapping exists.]
01-05 07:27:19.945 I/am_wtf ( 1516): [0,1516,system_server,-1,DisplayDeviceConfig,requesting nits when no mapping exists.]
01-05 07:27:19.961 I/am_wtf ( 1516): [0,1516,system_server,-1,DisplayDeviceConfig,requesting nits when no mapping exists.]
01-05 07:27:19.961 I/am_wtf ( 1516): [0,1516,system_server,-1,DisplayDeviceConfig,requesting nits when no mapping exists.]
01-05 07:27:42.023 I/input_interaction( 1516): Interaction with: 4e87845 com.thundercomm.screensaver/android.service.dreams.DreamActivity (server), edge-swipe (server), swipe-up (server), PointerEventDispatcher0 (server),
01-05 07:27:42.026 I/service_manager_stats( 1516): [116,20,23017]
01-05 07:27:42.026 I/wm_finish_activity( 1516): [0,65772681,52,com.thundercomm.screensaver/android.service.dreams.DreamActivity,finish-activity]
01-05 07:27:42.026 I/wm_task_moved( 1516): [1,1,5]
01-05 07:27:42.027 I/wm_task_moved( 1516): [10,1,2147483647]
01-05 07:27:42.027 I/wm_task_to_front( 1516): [0,10]
01-05 07:27:42.027 I/wm_focused_root_task( 1516): [0,0,1,52,finish-top adjustFocusToNextFocusableTask]
01-05 07:27:42.028 I/wm_set_resumed_activity( 1516): [0,com.android.launcher3/.uioverrides.QuickstepLauncher,finish-top adjustFocusToNextFocusableTask]
01-05 07:27:42.029 I/wm_pause_activity( 1516): [0,65772681,com.thundercomm.screensaver/android.service.dreams.DreamActivity,userLeaving=false,finish]
01-05 07:27:42.036 I/sysui_multi_action( 1516): [757,803,799,window_time_0,802,23]
01-05 07:27:42.038 I/wm_on_top_resumed_lost_called( 5252): [65772681,android.service.dreams.DreamActivity,topStateChangedWhenResumed]
01-05 07:27:42.039 I/wm_on_paused_called( 5252): [65772681,android.service.dreams.DreamActivity,performPause]
01-05 07:27:42.040 I/wm_add_to_stopping( 1516): [0,65772681,com.thundercomm.screensaver/android.service.dreams.DreamActivity,completeFinishing]
01-05 07:27:42.042 I/wm_set_resumed_activity( 1516): [0,com.android.launcher3/.uioverrides.QuickstepLauncher,resumeTopActivityInnerLocked]
01-05 07:27:42.043 I/wm_resume_activity( 1516): [0,39192225,10,com.android.launcher3/.uioverrides.QuickstepLauncher]
01-05 07:27:42.050 I/view_enqueue_input_event( 5252): [Motion - Cancel,com.thundercomm.screensaver/android.service.dreams.DreamActivity]
01-05 07:27:42.051 I/sysui_multi_action( 1516): [757,803,799,window_time_0,802,0]
01-05 07:27:42.053 I/wm_on_restart_called( 2835): [39192225,com.android.launcher3.uioverrides.QuickstepLauncher,performRestartActivity]
01-05 07:27:42.053 I/input_focus( 1516): [Focus leaving 4e87845 com.thundercomm.screensaver/android.service.dreams.DreamActivity (server),reason=NO_WINDOW]
01-05 07:27:42.053 I/wm_on_start_called( 2835): [39192225,com.android.launcher3.uioverrides.QuickstepLauncher,handleStartActivity]
01-05 07:27:42.053 I/wm_on_resume_called( 2835): [39192225,com.android.launcher3.uioverrides.QuickstepLauncher,RESUME_ACTIVITY]
01-05 07:27:42.053 I/wm_on_top_resumed_gained_called( 2835): [39192225,com.android.launcher3.uioverrides.QuickstepLauncher,topWhenResuming]
01-05 07:27:42.064 I/am_pss ( 1516): [9045,10033,com.android.musicfx,5819392,3870720,0,89354240,0,19,6]
01-05 07:27:42.068 I/input_focus( 1516): [Focus request fdc0eb0 com.android.launcher3/com.android.launcher3.uioverrides.QuickstepLauncher,reason=UpdateInputWindows]
01-05 07:27:42.073 I/input_interaction( 1516): Interaction with: edge-swipe (server), swipe-up (server), PointerEventDispatcher0 (server),
01-05 07:27:42.083 I/input_focus( 1516): [Focus entering fdc0eb0 com.android.launcher3/com.android.launcher3.uioverrides.QuickstepLauncher (server),reason=setFocusedWindow]
01-05 07:27:42.321 I/wm_destroy_activity( 1516): [0,65772681,52,com.thundercomm.screensaver/android.service.dreams.DreamActivity,finish-imm:idle]
01-05 07:27:42.338 I/wm_on_stop_called( 5252): [65772681,android.service.dreams.DreamActivity,LIFECYCLER_STOP_ACTIVITY]
01-05 07:27:42.339 I/wm_on_destroy_called( 5252): [65772681,android.service.dreams.DreamActivity,performDestroy]
01-05 07:27:42.342 I/sysui_multi_action( 1516): [757,222,758,2]
01-05 07:27:42.342 I/sysui_multi_action( 1516): [757,804,799,dreaming_minutes,801,0,802,1]
01-05 07:27:42.350 I/wm_task_removed( 1516): [52,removeChild:removeChild last r=ActivityRecord{3eb9c89 u0 com.thundercomm.screensaver/android.service.dreams.DreamActivity t-1 f}} in t=Task{518ef4a #52 type=dream A=10052:android:com.thundercomm.screensaver/dream U=0 visible=false mode=fullscreen translucent=true sz=0}]
01-05 07:27:42.350 I/wm_task_removed( 1516): [52,removeChild]
01-05 07:27:43.908 I/input_interaction( 1516): Interaction with: 7c0e82f StatusBar (server), edge-swipe (server), swipe-up (server), PointerEventDispatcher0 (server),
01-05 07:27:43.912 I/sysui_multi_action( 2367): [757,803,799,panel_open,802,1]
01-05 07:27:43.913 I/sysui_multi_action( 2367): [757,1328,758,4,1326,63,1327,1,1329,0]
01-05 07:27:43.975 I/sysui_multi_action( 1516): [757,127,758,1]
01-05 07:27:43.975 I/sysui_multi_action( 1516): [757,804,799,note_load,801,3,802,1]
01-05 07:27:43.975 I/notification_panel_revealed( 1516): 3
01-05 07:27:43.987 I/input_focus( 1516): [Focus request 94a0fc2 NotificationShade,reason=UpdateInputWindows]
01-05 07:27:43.997 I/sysui_multi_action( 1516): [757,128,758,1,793,10534504,794,0,795,10534504,796,26,798,0,806,android,857,DEVELOPER_IMPORTANT,858,4,947,0,1395,3,1500,10534299,1688,1]
01-05 07:27:43.997 I/sysui_multi_action( 1516): [757,804,799,note_freshness,801,10534504,802,1]
01-05 07:27:43.997 I/notification_visibility( 1516): [-1|android|26|null|1000,1,10534504,10534504,0,0]
01-05 07:27:43.997 I/sysui_multi_action( 1516): [757,128,758,1,793,589304,794,0,795,589304,796,4273,798,1,806,com.android.systemui,857,screen_record,858,3,947,0,1395,3,1500,589103,1688,1,1745,680407814]
01-05 07:27:43.997 I/sysui_multi_action( 1516): [757,804,799,note_freshness,801,589304,802,1]
01-05 07:27:43.997 I/notification_visibility( 1516): [0|com.android.systemui|4273|null|10081,1,589304,589304,0,1]
01-05 07:27:43.998 I/sysui_multi_action( 1516): [757,128,758,1,793,10602964,794,0,795,10602964,796,32,798,2,806,android,857,USB,858,1,947,0,1395,3,1500,10602812,1688,1]
01-05 07:27:43.998 I/sysui_multi_action( 1516): [757,804,799,note_freshness,801,10602964,802,1]
01-05 07:27:43.998 I/notification_visibility( 1516): [-1|android|32|null|1000,1,10602964,10602964,0,2]
01-05 07:27:44.004 I/input_focus( 1516): [Focus leaving fdc0eb0 com.android.launcher3/com.android.launcher3.uioverrides.QuickstepLauncher (server),reason=setFocusedWindow]
01-05 07:27:44.004 I/input_focus( 1516): [Focus entering 94a0fc2 NotificationShade (server),reason=setFocusedWindow]
01-05 07:27:44.020 I/sysui_multi_action( 2367): [757,111,758,1]
01-05 07:27:44.020 I/sysui_multi_action( 2367): [757,126,758,1,759,126,927,0,928,0,1593,0]
01-05 07:27:44.020 I/sysui_multi_action( 2367): [757,113,758,1,759,113,927,1,928,1,1593,0]
01-05 07:27:44.020 I/sysui_multi_action( 2367): [757,0,758,1,759,0,927,2,928,0,1593,0]
01-05 07:27:44.020 I/sysui_multi_action( 2367): [757,0,758,1,759,0,927,3,928,0,1593,0]
01-05 07:27:44.020 I/sysui_multi_action( 2367): [757,491,758,1,759,491,927,4,928,0,1311,-1,1593,0]
01-05 07:27:44.020 I/sysui_multi_action( 2367): [757,0,758,1,759,0,927,5,928,0,1593,0]
01-05 07:27:44.021 I/sysui_multi_action( 2367): [757,111,758,1]
01-05 07:27:44.021 I/sysui_multi_action( 2367): [757,126,758,1,759,126,927,0,928,0,1593,0]
01-05 07:27:44.021 I/sysui_multi_action( 2367): [757,113,758,1,759,113,927,1,928,1,1593,0]
01-05 07:27:44.021 I/sysui_multi_action( 2367): [757,0,758,1,759,0,927,2,928,0,1593,0]
01-05 07:27:44.021 I/sysui_multi_action( 2367): [757,0,758,1,759,0,927,3,928,0,1593,0]
01-05 07:27:46.846 I/input_interaction( 1516): Interaction with: 94a0fc2 NotificationShade (server), edge-swipe (server), swipe-up (server), PointerEventDispatcher0 (server),
01-05 07:27:47.021 I/sysui_multi_action( 1516): [757,128,758,2,793,10537528,794,3024,795,10537528,796,26,798,0,806,android,857,DEVELOPER_IMPORTANT,858,4,947,0,1395,3,1500,10537323,1688,1]
01-05 07:27:47.021 I/notification_visibility( 1516): [-1|android|26|null|1000,0,10537528,10537528,0,0]
01-05 07:27:47.022 I/sysui_multi_action( 1516): [757,128,758,2,793,592328,794,3024,795,592328,796,4273,798,1,806,com.android.systemui,857,screen_record,858,3,947,0,1395,3,1500,592127,1688,1,1745,680407814]
01-05 07:27:47.022 I/notification_visibility( 1516): [0|com.android.systemui|4273|null|10081,0,592328,592328,0,1]
01-05 07:27:47.022 I/sysui_multi_action( 1516): [757,128,758,2,793,10605988,794,3024,795,10605988,796,32,798,2,806,android,857,USB,858,1,947,0,1395,3,1500,10605836,1688,1]
01-05 07:27:47.022 I/notification_visibility( 1516): [-1|android|32|null|1000,0,10605988,10605988,0,2]
01-05 07:28:36.802 I/sysui_multi_action( 1516): [757,128,758,1,793,10587309,794,0,795,10587309,796,26,798,0,806,android,857,DEVELOPER_IMPORTANT,858,4,947,0,1395,3,1500,10587104,1688,1]
01-05 07:28:36.802 I/sysui_multi_action( 1516): [757,804,799,note_freshness,801,10587309,802,1]
01-05 07:28:36.802 I/notification_visibility( 1516): [-1|android|26|null|1000,1,10587309,10587309,0,0]
01-05 07:28:36.803 I/sysui_multi_action( 1516): [757,128,758,1,793,642110,794,0,795,642110,796,4273,798,1,806,com.android.systemui,857,screen_record,858,3,947,0,1395,3,1500,641909,1688,1,1745,680407814]
01-05 07:28:36.803 I/sysui_multi_action( 1516): [757,804,799,note_freshness,801,642110,802,1]
01-05 07:28:36.803 I/notification_visibility( 1516): [0|com.android.systemui|4273|null|10081,1,642110,642110,0,1]
01-05 07:28:36.803 I/sysui_multi_action( 1516): [757,128,758,1,793,10655769,794,0,795,10655769,796,32,798,2,806,android,857,USB,858,1,947,0,1395,3,1500,10655617,1688,1]
01-05 07:28:36.803 I/sysui_multi_action( 1516): [757,804,799,note_freshness,801,10655769,802,1]
01-05 07:28:36.803 I/notification_visibility( 1516): [-1|android|32|null|1000,1,10655769,10655769,0,2]
01-05 07:28:39.505 I/sysui_multi_action( 2367): [757,925,758,4,759,0,927,3,928,0,1592,0,1593,1]
01-05 07:28:39.531 I/wm_task_created( 1516): [53,-1]
01-05 07:28:39.533 I/wm_task_moved( 1516): [53,1,6]
01-05 07:28:39.533 I/wm_task_to_front( 1516): [0,53]
01-05 07:28:39.533 I/wm_create_task( 1516): [0,53]
01-05 07:28:39.533 I/wm_create_activity( 1516): [0,159935679,53,com.android.systemui/.screenrecord.ScreenRecordDialog,NULL,NULL,NULL,276824064]
01-05 07:28:39.533 I/wm_task_moved( 1516): [53,1,6]
01-05 07:28:39.534 I/wm_on_top_resumed_lost_called( 2835): [39192225,com.android.launcher3.uioverrides.QuickstepLauncher,topStateChangedWhenResumed]
01-05 07:28:39.534 I/wm_pause_activity( 1516): [0,39192225,com.android.launcher3/.uioverrides.QuickstepLauncher,userLeaving=true,pauseBackTasks]
01-05 07:28:39.536 I/wm_on_paused_called( 2835): [39192225,com.android.launcher3.uioverrides.QuickstepLauncher,performPause]
01-05 07:28:39.539 I/wm_restart_activity( 1516): [0,159935679,53,com.android.systemui/.screenrecord.ScreenRecordDialog]
01-05 07:28:39.539 I/wm_set_resumed_activity( 1516): [0,com.android.systemui/.screenrecord.ScreenRecordDialog,minimalResumeActivityLocked]
01-05 07:28:39.542 I/sysui_multi_action( 1516): [757,803,799,window_time_0,802,58]
01-05 07:28:39.569 I/wm_on_create_called( 2367): [159935679,com.android.systemui.screenrecord.ScreenRecordDialog,performCreate]
01-05 07:28:39.569 I/wm_on_start_called( 2367): [159935679,com.android.systemui.screenrecord.ScreenRecordDialog,handleStartActivity]
01-05 07:28:39.570 I/wm_on_resume_called( 2367): [159935679,com.android.systemui.screenrecord.ScreenRecordDialog,RESUME_ACTIVITY]
01-05 07:28:39.570 I/input_focus( 1516): [Focus leaving 94a0fc2 NotificationShade (server),reason=NOT_FOCUSABLE]
01-05 07:28:39.571 I/wm_on_top_resumed_gained_called( 2367): [159935679,com.android.systemui.screenrecord.ScreenRecordDialog,topStateChangedWhenResumed]
01-05 07:28:39.579 I/input_focus( 1516): [Focus request 2246fb6 com.android.systemui/com.android.systemui.screenrecord.ScreenRecordDialog,reason=UpdateInputWindows]
01-05 07:28:39.588 I/sysui_multi_action( 1516): [319,61,322,61,325,10683,757,761,758,8,759,2,806,com.android.systemui,871,com.android.systemui.screenrecord.ScreenRecordDialog,904,com.android.systemui,905,0,1320,8,1321,5]
01-05 07:28:39.588 I/wm_activity_launch_time( 1516): [0,159935679,com.android.systemui/.screenrecord.ScreenRecordDialog,61]
01-05 07:28:39.619 I/input_focus( 1516): [Focus entering 2246fb6 com.android.systemui/com.android.systemui.screenrecord.ScreenRecordDialog (server),reason=Window became focusable. Previous reason: NOT_VISIBLE]
01-05 07:28:39.853 I/notification_enqueue( 1516): [10081,2367,com.android.systemui,2048,NULL,0,Notification(channel=updateNotification shortcut=null contentView=null vibrate=null sound=null defaults=0x0 flags=0x0 color=0x00000000 vis=PRIVATE),1]
01-05 07:28:39.854 I/sysui_multi_action( 2367): [757,111,758,2]
01-05 07:28:39.854 I/sysui_multi_action( 2367): [757,111,758,2]
01-05 07:28:40.059 I/sysui_multi_action( 1516): [757,128,758,2,793,10590566,794,3257,795,10590566,796,26,798,0,806,android,857,DEVELOPER_IMPORTANT,858,4,947,0,1395,3,1500,10590361,1688,1]
01-05 07:28:40.059 I/notification_visibility( 1516): [-1|android|26|null|1000,0,10590566,10590566,0,0]
01-05 07:28:40.059 I/sysui_multi_action( 1516): [757,128,758,2,793,645366,794,3256,795,645366,796,4273,798,1,806,com.android.systemui,857,screen_record,858,3,947,0,1395,3,1500,645165,1688,1,1745,680407814]
01-05 07:28:40.060 I/notification_visibility( 1516): [0|com.android.systemui|4273|null|10081,0,645366,645366,0,1]
01-05 07:28:40.060 I/sysui_multi_action( 1516): [757,128,758,2,793,10659026,794,3257,795,10659026,796,32,798,2,806,android,857,USB,858,1,947,0,1395,3,1500,10658874,1688,1]
01-05 07:28:40.060 I/notification_visibility( 1516): [-1|android|32|null|1000,0,10659026,10659026,0,2]
01-05 07:28:40.060 I/sysui_multi_action( 1516): [757,127,758,2]
01-05 07:28:40.060 I/notification_panel_hidden( 1516):
01-05 07:28:40.811 I/input_interaction( 1516): Interaction with: 2246fb6 com.android.systemui/com.android.systemui.screenrecord.ScreenRecordDialog (server), edge-swipe (server), swipe-up (server), PointerEventDispatcher0 (server),
01-05 07:28:40.933 I/wm_finish_activity( 1516): [0,159935679,53,com.android.systemui/.screenrecord.ScreenRecordDialog,app-request]
01-05 07:28:40.933 I/wm_task_moved( 1516): [1,1,6]
01-05 07:28:40.933 I/wm_task_moved( 1516): [10,1,2147483647]
01-05 07:28:40.933 I/wm_task_to_front( 1516): [0,10]
01-05 07:28:40.934 I/wm_focused_root_task( 1516): [0,0,1,-1,finish-top adjustFocusToNextFocusableTask]
01-05 07:28:40.937 I/wm_pause_activity( 1516): [0,159935679,com.android.systemui/.screenrecord.ScreenRecordDialog,userLeaving=false,finish]
01-05 07:28:40.938 I/input_focus( 1516): [Focus request fdc0eb0 com.android.launcher3/com.android.launcher3.uioverrides.QuickstepLauncher,reason=UpdateInputWindows]
01-05 07:28:40.940 I/wm_on_top_resumed_lost_called( 2367): [159935679,com.android.systemui.screenrecord.ScreenRecordDialog,topStateChangedWhenResumed]
01-05 07:28:40.941 I/wm_on_paused_called( 2367): [159935679,com.android.systemui.screenrecord.ScreenRecordDialog,performPause]
01-05 07:28:40.942 I/wm_set_resumed_activity( 1516): [0,com.android.launcher3/.uioverrides.QuickstepLauncher,resumeTopActivityInnerLocked]
01-05 07:28:40.943 I/wm_resume_activity( 1516): [0,39192225,10,com.android.launcher3/.uioverrides.QuickstepLauncher]
01-05 07:28:40.943 I/wm_on_resume_called( 2835): [39192225,com.android.launcher3.uioverrides.QuickstepLauncher,RESUME_ACTIVITY]
01-05 07:28:40.943 I/wm_on_top_resumed_gained_called( 2835): [39192225,com.android.launcher3.uioverrides.QuickstepLauncher,topWhenResuming]
01-05 07:28:40.951 I/sysui_multi_action( 1516): [757,803,799,window_time_0,802,1]
01-05 07:28:40.957 I/input_focus( 1516): [Focus leaving 2246fb6 com.android.systemui/com.android.systemui.screenrecord.ScreenRecordDialog (server),reason=NO_WINDOW]
01-05 07:28:40.957 I/input_focus( 1516): [Focus entering fdc0eb0 com.android.launcher3/com.android.launcher3.uioverrides.QuickstepLauncher (server),reason=setFocusedWindow]
01-05 07:28:40.966 I/wm_destroy_activity( 1516): [0,159935679,53,com.android.systemui/.screenrecord.ScreenRecordDialog,finish-idle]
01-05 07:28:40.966 I/wm_on_stop_called( 2367): [159935679,com.android.systemui.screenrecord.ScreenRecordDialog,LIFECYCLER_STOP_ACTIVITY]
01-05 07:28:40.966 I/wm_on_destroy_called( 2367): [159935679,com.android.systemui.screenrecord.ScreenRecordDialog,performDestroy]
01-05 07:28:41.206 I/wm_task_removed( 1516): [53,removeChild:removeChild last r=ActivityRecord{9886cbf u0 com.android.systemui/.screenrecord.ScreenRecordDialog t-1 f}} in t=Task{7fd142 #53 type=standard A=10081:com.android.systemui U=0 visible=false mode=fullscreen translucent=true sz=0}]
01-05 07:28:41.206 I/wm_task_removed( 1516): [53,removeChild]
01-05 07:28:42.346 I/am_uid_idle( 1516): 10052
01-05 07:28:44.067 I/notification_enqueue( 1516): [10081,2367,com.android.systemui,4274,NULL,0,Notification(channel=screen_record shortcut=null contentView=null vibrate=null sound=null defaults=0x0 flags=0x42 color=0xffc5221f actions=1 vis=PRIVATE),0]
01-05 07:28:44.091 I/sysui_multi_action( 1516): [757,1659,758,4,759,2,1660,3]
01-05 07:28:44.268 I/sysui_multi_action( 1516): [757,1501,758,1,793,202,794,0,795,202,796,4274,806,com.android.systemui,857,screen_record,858,3,947,0,1500,0,1688,1]
01-05 07:28:44.268 I/sysui_multi_action( 1516): [757,804,799,note_interruptive,801,0,802,1]
01-05 07:28:44.270 I/sysui_multi_action( 1516): [757,1501,758,1,793,204,794,0,795,204,796,4274,806,com.android.systemui,857,screen_record,858,3,947,0,1500,0,1688,1]
01-05 07:28:44.271 I/sysui_multi_action( 1516): [757,804,799,note_interruptive,801,0,802,1]
01-05 07:28:44.272 I/sysui_multi_action( 1516): [757,199,758,1,759,3,793,206,794,0,795,206,796,4274,806,com.android.systemui,857,screen_record,858,3,947,0,1500,2,1688,1]
01-05 07:28:44.273 I/notification_alert( 1516): [0|com.android.systemui|4274|null|10081,1,1,0]
01-05 07:28:44.285 I/notification_autogrouped( 1516): 0|com.android.systemui|2048|null|10081
01-05 07:28:44.285 I/notification_autogrouped( 1516): 0|com.android.systemui|4273|null|10081
01-05 07:28:44.285 I/notification_autogrouped( 1516): 0|com.android.systemui|1|empty_media|10081
01-05 07:28:44.285 I/notification_autogrouped( 1516): 0|com.android.systemui|4274|null|10081
01-05 07:28:44.285 I/notification_enqueue( 1516): [10081,2367,com.android.systemui,2147483647,ranker_group,0,Notification(channel=updateNotification shortcut=null contentView=null vibrate=null sound=null defaults=0x0 flags=0x700 color=0x00000000 groupKey=ranker_group vis=PRIVATE),0]
01-05 07:28:44.287 I/notification_adjusted( 1516): [0|com.android.systemui|4274|null|10081,key_group_key,ranker_group]
01-05 07:28:44.287 I/notification_adjusted( 1516): [0|com.android.systemui|2048|null|10081,key_group_key,ranker_group]
01-05 07:28:44.288 I/notification_adjusted( 1516): [0|com.android.systemui|1|empty_media|10081,key_group_key,ranker_group]
01-05 07:28:44.288 I/notification_adjusted( 1516): [0|com.android.systemui|4273|null|10081,key_group_key,ranker_group]
01-05 07:28:46.296 I/input_interaction( 1516): Interaction with: 7c0e82f StatusBar (server), edge-swipe (server), swipe-up (server), PointerEventDispatcher0 (server),
01-05 07:28:46.301 I/sysui_multi_action( 2367): [757,803,799,panel_open,802,1]
01-05 07:28:46.302 I/sysui_multi_action( 2367): [757,1328,758,4,1326,56,1327,0,1329,0]
01-05 07:28:46.389 I/sysui_multi_action( 1516): [757,127,758,1]
01-05 07:28:46.389 I/sysui_multi_action( 1516): [757,804,799,note_load,801,4,802,1]
01-05 07:28:46.389 I/notification_panel_revealed( 1516): 4
01-05 07:28:46.405 I/input_focus( 1516): [Focus request 94a0fc2 NotificationShade,reason=UpdateInputWindows]
01-05 07:28:46.413 I/sysui_multi_action( 1516): [757,128,758,1,793,10596920,794,0,795,10596920,796,26,798,1,806,android,857,DEVELOPER_IMPORTANT,858,4,947,0,1395,4,1500,10596715,1688,1]
01-05 07:28:46.413 I/sysui_multi_action( 1516): [757,804,799,note_freshness,801,10596920,802,1]
01-05 07:28:46.413 I/notification_visibility( 1516): [-1|android|26|null|1000,1,10596920,10596920,0,1]
01-05 07:28:46.413 I/sysui_multi_action( 1516): [757,128,758,1,793,651720,794,0,795,651720,796,4273,798,2,806,com.android.systemui,857,screen_record,858,3,946,ranker_group,947,0,1395,4,1500,651519,1688,1,1745,680407814]
01-05 07:28:46.414 I/sysui_multi_action( 1516): [757,804,799,note_freshness,801,651720,802,1]
01-05 07:28:46.414 I/notification_visibility( 1516): [0|com.android.systemui|4273|null|10081,1,651720,651720,0,2]
01-05 07:28:46.414 I/sysui_multi_action( 1516): [757,128,758,1,793,2348,794,0,795,2348,796,4274,798,0,806,com.android.systemui,857,screen_record,858,3,946,ranker_group,947,0,1395,4,1500,2144,1688,1]
01-05 07:28:46.415 I/sysui_multi_action( 1516): [757,804,799,note_freshness,801,2348,802,1]
01-05 07:28:46.415 I/notification_visibility( 1516): [0|com.android.systemui|4274|null|10081,1,2348,2348,0,0]
01-05 07:28:46.415 I/sysui_multi_action( 1516): [757,128,758,1,793,10665381,794,0,795,10665381,796,32,798,3,806,android,857,USB,858,1,947,0,1395,4,1500,10665229,1688,1]
01-05 07:28:46.415 I/sysui_multi_action( 1516): [757,804,799,note_freshness,801,10665381,802,1]
01-05 07:28:46.415 I/notification_visibility( 1516): [-1|android|32|null|1000,1,10665381,10665381,0,3]
01-05 07:28:46.423 I/input_focus( 1516): [Focus leaving fdc0eb0 com.android.launcher3/com.android.launcher3.uioverrides.QuickstepLauncher (server),reason=setFocusedWindow]
01-05 07:28:46.424 I/input_focus( 1516): [Focus entering 94a0fc2 NotificationShade (server),reason=setFocusedWindow]
01-05 07:28:46.500 I/sysui_multi_action( 2367): [757,111,758,1]
01-05 07:28:46.501 I/sysui_multi_action( 2367): [757,126,758,1,759,126,927,0,928,0,1593,0]
01-05 07:28:46.501 I/sysui_multi_action( 2367): [757,113,758,1,759,113,927,1,928,1,1593,0]
01-05 07:28:46.501 I/sysui_multi_action( 2367): [757,0,758,1,759,0,927,2,928,0,1593,0]
01-05 07:28:46.501 I/sysui_multi_action( 2367): [757,0,758,1,759,0,927,3,928,1,1593,0]
01-05 07:28:46.501 I/sysui_multi_action( 2367): [757,491,758,1,759,491,927,4,928,0,1311,-1,1593,0]
01-05 07:28:46.501 I/sysui_multi_action( 2367): [757,0,758,1,759,0,927,5,928,0,1593,0]
01-05 07:28:46.502 I/sysui_multi_action( 2367): [757,111,758,1]
01-05 07:28:46.502 I/sysui_multi_action( 2367): [757,126,758,1,759,126,927,0,928,0,1593,0]
01-05 07:28:46.502 I/sysui_multi_action( 2367): [757,113,758,1,759,113,927,1,928,1,1593,0]
01-05 07:28:46.502 I/sysui_multi_action( 2367): [757,0,758,1,759,0,927,2,928,0,1593,0]
01-05 07:28:46.502 I/sysui_multi_action( 2367): [757,0,758,1,759,0,927,3,928,1,1593,0]
01-05 07:28:48.041 I/input_interaction( 1516): Interaction with: 94a0fc2 NotificationShade (server), edge-swipe (server), swipe-up (server), PointerEventDispatcher0 (server),
01-05 07:28:48.210 I/sysui_multi_action( 1516): [757,128,758,2,793,10598717,794,1797,795,10598717,796,26,798,1,806,android,857,DEVELOPER_IMPORTANT,858,4,947,0,1395,4,1500,10598512,1688,1]
01-05 07:28:48.210 I/notification_visibility( 1516): [-1|android|26|null|1000,0,10598717,10598717,0,1]
01-05 07:28:48.210 I/sysui_multi_action( 1516): [757,128,758,2,793,10667176,794,1795,795,10667176,796,32,798,3,806,android,857,USB,858,1,947,0,1395,4,1500,10667024,1688,1]
01-05 07:28:48.210 I/notification_visibility( 1516): [-1|android|32|null|1000,0,10667176,10667176,0,3]
01-05 07:28:54.912 I/sysui_multi_action( 1516): [757,128,758,2,793,660219,794,8499,795,660219,796,4273,798,2,806,com.android.systemui,857,screen_record,858,3,946,ranker_group,947,0,1395,4,1500,660018,1688,1,1745,680407814]
01-05 07:28:54.912 I/notification_visibility( 1516): [0|com.android.systemui|4273|null|10081,0,660219,660219,0,2]
01-05 07:28:54.913 I/sysui_multi_action( 1516): [757,128,758,2,793,10847,794,8499,795,10847,796,4274,798,0,806,com.android.systemui,857,screen_record,858,3,946,ranker_group,947,0,1395,4,1500,10643,1688,1]
01-05 07:28:54.913 I/notification_visibility( 1516): [0|com.android.systemui|4274|null|10081,0,10847,10847,0,0]
01-05 07:28:56.221 I/service_manager_stats( 1516): [100,68,74195]
01-05 07:29:07.195 I/commit_sys_config_file( 1516): [settings-2-0,9]
01-05 07:29:16.917 I/sysui_multi_action( 1516): [757,128,758,1,793,10627424,794,0,795,10627424,796,26,798,1,806,android,857,DEVELOPER_IMPORTANT,858,4,947,0,1395,4,1500,10627219,1688,1]
01-05 07:29:16.917 I/sysui_multi_action( 1516): [757,804,799,note_freshness,801,10627424,802,1]
01-05 07:29:16.917 I/notification_visibility( 1516): [-1|android|26|null|1000,1,10627424,10627424,0,1]
01-05 07:29:16.917 I/sysui_multi_action( 1516): [757,128,758,1,793,682224,794,0,795,682224,796,4273,798,2,806,com.android.systemui,857,screen_record,858,3,946,ranker_group,947,0,1395,4,1500,682023,1688,1,1745,680407814]
01-05 07:29:16.917 I/sysui_multi_action( 1516): [757,804,799,note_freshness,801,682224,802,1]
01-05 07:29:16.917 I/notification_visibility( 1516): [0|com.android.systemui|4273|null|10081,1,682224,682224,0,2]
01-05 07:29:16.918 I/sysui_multi_action( 1516): [757,128,758,1,793,32852,794,0,795,32852,796,4274,798,0,806,com.android.systemui,857,screen_record,858,3,946,ranker_group,947,0,1395,4,1500,32648,1688,1]
01-05 07:29:16.918 I/sysui_multi_action( 1516): [757,804,799,note_freshness,801,32852,802,1]
01-05 07:29:16.918 I/notification_visibility( 1516): [0|com.android.systemui|4274|null|10081,1,32852,32852,0,0]
01-05 07:29:16.918 I/sysui_multi_action( 1516): [757,128,758,1,793,10695884,794,0,795,10695884,796,32,798,3,806,android,857,USB,858,1,947,0,1395,4,1500,10695732,1688,1]
01-05 07:29:16.918 I/sysui_multi_action( 1516): [757,804,799,note_freshness,801,10695884,802,1]
01-05 07:29:16.918 I/notification_visibility( 1516): [-1|android|32|null|1000,1,10695884,10695884,0,3]
01-05 07:29:19.435 I/input_interaction( 1516): Interaction with: 2e2594f systemui.screen.recording (server), edge-swipe (server), swipe-up (server), PointerEventDispatcher0 (server),
01-05 07:29:20.277 I/notification_enqueue( 1516): [10081,2367,com.android.systemui,4275,NULL,0,Notification(channel=screen_record shortcut=null contentView=null vibrate=null sound=null defaults=0x0 flags=0x0 color=0x00000000 vis=PRIVATE),0]
01-05 07:29:20.289 I/sysui_multi_action( 1516): [757,128,758,5,759,8,793,36222,794,3370,795,36222,796,4274,806,com.android.systemui,857,screen_record,858,3,946,ranker_group,947,0,1500,36018,1688,1]
01-05 07:29:20.289 I/notification_canceled( 1516): [0|com.android.systemui|4274|null|10081,8,36222,36222,3370,-1,-1,NULL]
01-05 07:29:20.290 I/service_manager_stats( 1516): [100,76,24069]
01-05 07:29:20.479 I/sysui_multi_action( 1516): [757,1501,758,1,793,203,794,0,795,203,796,4275,806,com.android.systemui,857,screen_record,858,3,947,0,1500,0,1688,1]
01-05 07:29:20.479 I/sysui_multi_action( 1516): [757,804,799,note_interruptive,801,0,802,1]
01-05 07:29:20.481 I/sysui_multi_action( 1516): [757,1501,758,1,793,205,794,0,795,205,796,4275,806,com.android.systemui,857,screen_record,858,3,947,0,1500,0,1688,1]
01-05 07:29:20.481 I/sysui_multi_action( 1516): [757,804,799,note_interruptive,801,0,802,1]
01-05 07:29:20.482 I/sysui_multi_action( 1516): [757,199,758,1,759,3,793,206,794,0,795,206,796,4275,806,com.android.systemui,857,screen_record,858,3,947,0,1500,1,1688,1]
01-05 07:29:20.482 I/notification_alert( 1516): [0|com.android.systemui|4275|null|10081,1,1,0]
01-05 07:29:20.487 I/notification_autogrouped( 1516): 0|com.android.systemui|4275|null|10081
01-05 07:29:20.487 I/notification_adjusted( 1516): [0|com.android.systemui|4275|null|10081,key_group_key,ranker_group]
01-05 07:29:20.505 I/notification_enqueue( 1516): [10081,2367,com.android.systemui,4273,NULL,0,Notification(channel=screen_record shortcut=null contentView=null vibrate=null sound=null defaults=0x0 flags=0x10 color=0x00000000 actions=1 vis=PRIVATE),1]
01-05 07:29:20.506 I/sysui_multi_action( 1516): [757,128,758,5,759,8,793,230,794,0,795,230,796,4275,806,com.android.systemui,857,screen_record,858,3,946,ranker_group,947,0,1500,25,1688,1]
01-05 07:29:20.506 I/notification_canceled( 1516): [0|com.android.systemui|4275|null|10081,8,230,230,0,-1,-1,NULL]
01-05 07:29:20.707 I/sysui_multi_action( 1516): [757,1501,758,1,793,686014,794,3790,795,203,796,4273,806,com.android.systemui,857,screen_record,858,3,946,ranker_group,947,0,1500,0,1688,1,1745,680407814]
01-05 07:29:20.707 I/sysui_multi_action( 1516): [757,804,799,note_interruptive,801,0,802,1]
01-05 07:29:54.212 I/am_uid_idle( 1516): 10066
01-05 07:30:12.584 I/sysui_multi_action( 1516): [757,1696,758,6,759,2]
01-05 07:30:12.598 I/am_wtf ( 1516): [0,1516,system_server,-1,DisplayDeviceConfig,requesting nits when no mapping exists.]
01-05 07:30:12.601 I/am_wtf ( 1516): [0,1516,system_server,-1,DisplayDeviceConfig,requesting nits when no mapping exists.]
01-05 07:30:12.614 I/am_wtf ( 1516): [0,1516,system_server,-1,DisplayDeviceConfig,requesting nits when no mapping exists.]
01-05 07:30:12.616 I/am_wtf ( 1516): [0,1516,system_server,-1,DisplayDeviceConfig,requesting nits when no mapping exists.]
01-05 07:30:12.627 I/am_wtf ( 1516): [0,1516,system_server,-1,DisplayDeviceConfig,requesting nits when no mapping exists.]
01-05 07:30:12.629 I/am_wtf ( 1516): [0,1516,system_server,-1,DisplayDeviceConfig,requesting nits when no mapping exists.]
01-05 07:30:12.644 I/am_wtf ( 1516): [0,1516,system_server,-1,DisplayDeviceConfig,requesting nits when no mapping exists.]
01-05 07:30:12.645 I/am_wtf ( 1516): [0,1516,system_server,-1,DisplayDeviceConfig,requesting nits when no mapping exists.]
01-05 07:30:12.660 I/am_wtf ( 1516): [0,1516,system_server,-1,DisplayDeviceConfig,requesting nits when no mapping exists.]
01-05 07:30:12.661 I/am_wtf ( 1516): [0,1516,system_server,-1,DisplayDeviceConfig,requesting nits when no mapping exists.]
01-05 07:30:12.677 I/am_wtf ( 1516): [0,1516,system_server,-1,DisplayDeviceConfig,requesting nits when no mapping exists.]
01-05 07:30:12.678 I/am_wtf ( 1516): [0,1516,system_server,-1,DisplayDeviceConfig,requesting nits when no mapping exists.]
01-05 07:30:12.694 I/am_wtf ( 1516): [0,1516,system_server,-1,DisplayDeviceConfig,requesting nits when no mapping exists.]
01-05 07:30:12.695 I/am_wtf ( 1516): [0,1516,system_server,-1,DisplayDeviceConfig,requesting nits when no mapping exists.]
01-05 07:30:12.711 I/am_wtf ( 1516): [0,1516,system_server,-1,DisplayDeviceConfig,requesting nits when no mapping exists.]
01-05 07:30:12.712 I/am_wtf ( 1516): [0,1516,system_server,-1,DisplayDeviceConfig,requesting nits when no mapping exists.]
01-05 07:30:12.728 I/am_wtf ( 1516): [0,1516,system_server,-1,DisplayDeviceConfig,requesting nits when no mapping exists.]
01-05 07:30:12.728 I/am_wtf ( 1516): [0,1516,system_server,-1,DisplayDeviceConfig,requesting nits when no mapping exists.]
01-05 07:30:12.744 I/am_wtf ( 1516): [0,1516,system_server,-1,DisplayDeviceConfig,requesting nits when no mapping exists.]
01-05 07:30:12.745 I/am_wtf ( 1516): [0,1516,system_server,-1,DisplayDeviceConfig,requesting nits when no mapping exists.]
01-05 07:30:12.761 I/am_wtf ( 1516): [0,1516,system_server,-1,DisplayDeviceConfig,requesting nits when no mapping exists.]
01-05 07:30:12.762 I/am_wtf ( 1516): [0,1516,system_server,-1,DisplayDeviceConfig,requesting nits when no mapping exists.]
01-05 07:30:12.778 I/am_wtf ( 1516): [0,1516,system_server,-1,DisplayDeviceConfig,requesting nits when no mapping exists.]
01-05 07:30:12.778 I/am_wtf ( 1516): [0,1516,system_server,-1,DisplayDeviceConfig,requesting nits when no mapping exists.]
01-05 07:30:12.794 I/am_wtf ( 1516): [0,1516,system_server,-1,DisplayDeviceConfig,requesting nits when no mapping exists.]
01-05 07:30:12.796 I/am_wtf ( 1516): [0,1516,system_server,-1,DisplayDeviceConfig,requesting nits when no mapping exists.]
01-05 07:30:12.811 I/am_wtf ( 1516): [0,1516,system_server,-1,DisplayDeviceConfig,requesting nits when no mapping exists.]
01-05 07:30:12.812 I/am_wtf ( 1516): [0,1516,system_server,-1,DisplayDeviceConfig,requesting nits when no mapping exists.]
01-05 07:30:12.828 I/am_wtf ( 1516): [0,1516,system_server,-1,DisplayDeviceConfig,requesting nits when no mapping exists.]
01-05 07:30:12.829 I/am_wtf ( 1516): [0,1516,system_server,-1,DisplayDeviceConfig,requesting nits when no mapping exists.]
01-05 07:30:12.845 I/am_wtf ( 1516): [0,1516,system_server,-1,DisplayDeviceConfig,requesting nits when no mapping exists.]
01-05 07:30:12.846 I/am_wtf ( 1516): [0,1516,system_server,-1,DisplayDeviceConfig,requesting nits when no mapping exists.]
01-05 07:30:12.861 I/am_wtf ( 1516): [0,1516,system_server,-1,DisplayDeviceConfig,requesting nits when no mapping exists.]
01-05 07:30:12.862 I/am_wtf ( 1516): [0,1516,system_server,-1,DisplayDeviceConfig,requesting nits when no mapping exists.]
01-05 07:30:12.878 I/am_wtf ( 1516): [0,1516,system_server,-1,DisplayDeviceConfig,requesting nits when no mapping exists.]
01-05 07:30:12.879 I/am_wtf ( 1516): [0,1516,system_server,-1,DisplayDeviceConfig,requesting nits when no mapping exists.]
01-05 07:30:12.895 I/am_wtf ( 1516): [0,1516,system_server,-1,DisplayDeviceConfig,requesting nits when no mapping exists.]
01-05 07:30:12.896 I/am_wtf ( 1516): [0,1516,system_server,-1,DisplayDeviceConfig,requesting nits when no mapping exists.]
01-05 07:30:12.911 I/am_wtf ( 1516): [0,1516,system_server,-1,DisplayDeviceConfig,requesting nits when no mapping exists.]
01-05 07:30:12.912 I/am_wtf ( 1516): [0,1516,system_server,-1,DisplayDeviceConfig,requesting nits when no mapping exists.]
01-05 07:30:12.928 I/am_wtf ( 1516): [0,1516,system_server,-1,DisplayDeviceConfig,requesting nits when no mapping exists.]
01-05 07:30:12.929 I/am_wtf ( 1516): [0,1516,system_server,-1,DisplayDeviceConfig,requesting nits when no mapping exists.]
01-05 07:30:12.945 I/am_wtf ( 1516): [0,1516,system_server,-1,DisplayDeviceConfig,requesting nits when no mapping exists.]
01-05 07:30:12.946 I/am_wtf ( 1516): [0,1516,system_server,-1,DisplayDeviceConfig,requesting nits when no mapping exists.]
01-05 07:30:12.962 I/am_wtf ( 1516): [0,1516,system_server,-1,DisplayDeviceConfig,requesting nits when no mapping exists.]
01-05 07:30:12.962 I/am_wtf ( 1516): [0,1516,system_server,-1,DisplayDeviceConfig,requesting nits when no mapping exists.]
01-05 07:30:12.978 I/am_wtf ( 1516): [0,1516,system_server,-1,DisplayDeviceConfig,requesting nits when no mapping exists.]
01-05 07:30:12.979 I/am_wtf ( 1516): [0,1516,system_server,-1,DisplayDeviceConfig,requesting nits when no mapping exists.]
01-05 07:30:12.995 I/am_wtf ( 1516): [0,1516,system_server,-1,DisplayDeviceConfig,requesting nits when no mapping exists.]
01-05 07:30:12.996 I/am_wtf ( 1516): [0,1516,system_server,-1,DisplayDeviceConfig,requesting nits when no mapping exists.]
01-05 07:30:13.012 I/am_wtf ( 1516): [0,1516,system_server,-1,DisplayDeviceConfig,requesting nits when no mapping exists.]
01-05 07:30:13.013 I/am_wtf ( 1516): [0,1516,system_server,-1,DisplayDeviceConfig,requesting nits when no mapping exists.]
01-05 07:30:13.028 I/am_wtf ( 1516): [0,1516,system_server,-1,DisplayDeviceConfig,requesting nits when no mapping exists.]
01-05 07:30:13.029 I/am_wtf ( 1516): [0,1516,system_server,-1,DisplayDeviceConfig,requesting nits when no mapping exists.]
01-05 07:30:13.045 I/am_wtf ( 1516): [0,1516,system_server,-1,DisplayDeviceConfig,requesting nits when no mapping exists.]
01-05 07:30:13.046 I/am_wtf ( 1516): [0,1516,system_server,-1,DisplayDeviceConfig,requesting nits when no mapping exists.]
01-05 07:30:13.062 I/am_wtf ( 1516): [0,1516,system_server,-1,DisplayDeviceConfig,requesting nits when no mapping exists.]
01-05 07:30:13.063 I/am_wtf ( 1516): [0,1516,system_server,-1,DisplayDeviceConfig,requesting nits when no mapping exists.]
01-05 07:30:13.079 I/am_wtf ( 1516): [0,1516,system_server,-1,DisplayDeviceConfig,requesting nits when no mapping exists.]
01-05 07:30:13.079 I/am_wtf ( 1516): [0,1516,system_server,-1,DisplayDeviceConfig,requesting nits when no mapping exists.]
01-05 07:30:13.095 I/am_wtf ( 1516): [0,1516,system_server,-1,DisplayDeviceConfig,requesting nits when no mapping exists.]
01-05 07:30:13.096 I/am_wtf ( 1516): [0,1516,system_server,-1,DisplayDeviceConfig,requesting nits when no mapping exists.]
01-05 07:30:13.112 I/am_wtf ( 1516): [0,1516,system_server,-1,DisplayDeviceConfig,requesting nits when no mapping exists.]
01-05 07:30:13.112 I/am_wtf ( 1516): [0,1516,system_server,-1,DisplayDeviceConfig,requesting nits when no mapping exists.]
01-05 07:30:13.128 I/am_wtf ( 1516): [0,1516,system_server,-1,DisplayDeviceConfig,requesting nits when no mapping exists.]
01-05 07:30:13.129 I/am_wtf ( 1516): [0,1516,system_server,-1,DisplayDeviceConfig,requesting nits when no mapping exists.]
01-05 07:30:13.145 I/am_wtf ( 1516): [0,1516,system_server,-1,DisplayDeviceConfig,requesting nits when no mapping exists.]
01-05 07:30:13.146 I/am_wtf ( 1516): [0,1516,system_server,-1,DisplayDeviceConfig,requesting nits when no mapping exists.]
01-05 07:30:13.162 I/am_wtf ( 1516): [0,1516,system_server,-1,DisplayDeviceConfig,requesting nits when no mapping exists.]
01-05 07:30:13.163 I/am_wtf ( 1516): [0,1516,system_server,-1,DisplayDeviceConfig,requesting nits when no mapping exists.]
01-05 07:30:13.179 I/am_wtf ( 1516): [0,1516,system_server,-1,DisplayDeviceConfig,requesting nits when no mapping exists.]
01-05 07:30:13.180 I/am_wtf ( 1516): [0,1516,system_server,-1,DisplayDeviceConfig,requesting nits when no mapping exists.]
01-05 07:30:13.196 I/am_wtf ( 1516): [0,1516,system_server,-1,DisplayDeviceConfig,requesting nits when no mapping exists.]
01-05 07:30:13.197 I/am_wtf ( 1516): [0,1516,system_server,-1,DisplayDeviceConfig,requesting nits when no mapping exists.]
01-05 07:30:13.212 I/am_wtf ( 1516): [0,1516,system_server,-1,DisplayDeviceConfig,requesting nits when no mapping exists.]
01-05 07:30:13.213 I/am_wtf ( 1516): [0,1516,system_server,-1,DisplayDeviceConfig,requesting nits when no mapping exists.]
01-05 07:30:13.229 I/am_wtf ( 1516): [0,1516,system_server,-1,DisplayDeviceConfig,requesting nits when no mapping exists.]
01-05 07:30:13.230 I/am_wtf ( 1516): [0,1516,system_server,-1,DisplayDeviceConfig,requesting nits when no mapping exists.]
01-05 07:30:13.245 I/am_wtf ( 1516): [0,1516,system_server,-1,DisplayDeviceConfig,requesting nits when no mapping exists.]
01-05 07:30:13.246 I/am_wtf ( 1516): [0,1516,system_server,-1,DisplayDeviceConfig,requesting nits when no mapping exists.]
01-05 07:30:13.262 I/am_wtf ( 1516): [0,1516,system_server,-1,DisplayDeviceConfig,requesting nits when no mapping exists.]
01-05 07:30:13.263 I/am_wtf ( 1516): [0,1516,system_server,-1,DisplayDeviceConfig,requesting nits when no mapping exists.]
01-05 07:30:13.278 I/am_wtf ( 1516): [0,1516,system_server,-1,DisplayDeviceConfig,requesting nits when no mapping exists.]
01-05 07:30:13.280 I/am_wtf ( 1516): [0,1516,system_server,-1,DisplayDeviceConfig,requesting nits when no mapping exists.]
01-05 07:30:13.295 I/am_wtf ( 1516): [0,1516,system_server,-1,DisplayDeviceConfig,requesting nits when no mapping exists.]
01-05 07:30:13.296 I/am_wtf ( 1516): [0,1516,system_server,-1,DisplayDeviceConfig,requesting nits when no mapping exists.]
01-05 07:30:13.312 I/am_wtf ( 1516): [0,1516,system_server,-1,DisplayDeviceConfig,requesting nits when no mapping exists.]
01-05 07:30:13.313 I/am_wtf ( 1516): [0,1516,system_server,-1,DisplayDeviceConfig,requesting nits when no mapping exists.]
01-05 07:30:13.329 I/am_wtf ( 1516): [0,1516,system_server,-1,DisplayDeviceConfig,requesting nits when no mapping exists.]
01-05 07:30:13.330 I/am_wtf ( 1516): [0,1516,system_server,-1,DisplayDeviceConfig,requesting nits when no mapping exists.]
01-05 07:30:13.345 I/am_wtf ( 1516): [0,1516,system_server,-1,DisplayDeviceConfig,requesting nits when no mapping exists.]
01-05 07:30:13.346 I/am_wtf ( 1516): [0,1516,system_server,-1,DisplayDeviceConfig,requesting nits when no mapping exists.]
01-05 07:30:13.362 I/am_wtf ( 1516): [0,1516,system_server,-1,DisplayDeviceConfig,requesting nits when no mapping exists.]
01-05 07:30:13.363 I/am_wtf ( 1516): [0,1516,system_server,-1,DisplayDeviceConfig,requesting nits when no mapping exists.]
01-05 07:30:13.379 I/am_wtf ( 1516): [0,1516,system_server,-1,DisplayDeviceConfig,requesting nits when no mapping exists.]
01-05 07:30:13.380 I/service_manager_stats( 1516): [100,49,53090]
01-05 07:30:13.380 I/am_wtf ( 1516): [0,1516,system_server,-1,DisplayDeviceConfig,requesting nits when no mapping exists.]
01-05 07:30:13.396 I/am_wtf ( 1516): [0,1516,system_server,-1,DisplayDeviceConfig,requesting nits when no mapping exists.]
01-05 07:30:13.397 I/am_wtf ( 1516): [0,1516,system_server,-1,DisplayDeviceConfig,requesting nits when no mapping exists.]
01-05 07:30:13.412 I/am_wtf ( 1516): [0,1516,system_server,-1,DisplayDeviceConfig,requesting nits when no mapping exists.]
01-05 07:30:13.413 I/am_wtf ( 1516): [0,1516,system_server,-1,DisplayDeviceConfig,requesting nits when no mapping exists.]
01-05 07:30:13.429 I/am_wtf ( 1516): [0,1516,system_server,-1,DisplayDeviceConfig,requesting nits when no mapping exists.]
01-05 07:30:13.430 I/am_wtf ( 1516): [0,1516,system_server,-1,DisplayDeviceConfig,requesting nits when no mapping exists.]
01-05 07:30:13.446 I/am_wtf ( 1516): [0,1516,system_server,-1,DisplayDeviceConfig,requesting nits when no mapping exists.]
01-05 07:30:13.447 I/am_wtf ( 1516): [0,1516,system_server,-1,DisplayDeviceConfig,requesting nits when no mapping exists.]
