01-05 06:31:54.319 I/am_wtf ( 1516): [0,1516,system_server,-1,DisplayDeviceConfig,requesting nits when no mapping exists.]
01-05 06:31:54.320 I/am_wtf ( 1516): [0,1516,system_server,-1,DisplayDeviceConfig,requesting nits when no mapping exists.]
01-05 06:31:54.335 I/am_wtf ( 1516): [0,1516,system_server,-1,DisplayDeviceConfig,requesting nits when no mapping exists.]
01-05 06:31:54.336 I/am_wtf ( 1516): [0,1516,system_server,-1,DisplayDeviceConfig,requesting nits when no mapping exists.]
01-05 06:31:54.352 I/am_wtf ( 1516): [0,1516,system_server,-1,DisplayDeviceConfig,requesting nits when no mapping exists.]
01-05 06:31:54.353 I/am_wtf ( 1516): [0,1516,system_server,-1,DisplayDeviceConfig,requesting nits when no mapping exists.]
01-05 06:31:54.368 I/am_wtf ( 1516): [0,1516,system_server,-1,DisplayDeviceConfig,requesting nits when no mapping exists.]
01-05 06:31:54.369 I/am_wtf ( 1516): [0,1516,system_server,-1,DisplayDeviceConfig,requesting nits when no mapping exists.]
01-05 06:31:54.385 I/am_wtf ( 1516): [0,1516,system_server,-1,DisplayDeviceConfig,requesting nits when no mapping exists.]
01-05 06:31:54.386 I/am_wtf ( 1516): [0,1516,system_server,-1,DisplayDeviceConfig,requesting nits when no mapping exists.]
01-05 06:31:54.402 I/am_wtf ( 1516): [0,1516,system_server,-1,DisplayDeviceConfig,requesting nits when no mapping exists.]
01-05 06:31:54.403 I/am_wtf ( 1516): [0,1516,system_server,-1,DisplayDeviceConfig,requesting nits when no mapping exists.]
01-05 06:31:54.418 I/am_wtf ( 1516): [0,1516,system_server,-1,DisplayDeviceConfig,requesting nits when no mapping exists.]
01-05 06:31:54.419 I/am_wtf ( 1516): [0,1516,system_server,-1,DisplayDeviceConfig,requesting nits when no mapping exists.]
01-05 06:31:54.435 I/am_wtf ( 1516): [0,1516,system_server,-1,DisplayDeviceConfig,requesting nits when no mapping exists.]
01-05 06:31:54.436 I/am_wtf ( 1516): [0,1516,system_server,-1,DisplayDeviceConfig,requesting nits when no mapping exists.]
01-05 06:31:54.452 I/am_wtf ( 1516): [0,1516,system_server,-1,DisplayDeviceConfig,requesting nits when no mapping exists.]
01-05 06:31:54.452 I/am_wtf ( 1516): [0,1516,system_server,-1,DisplayDeviceConfig,requesting nits when no mapping exists.]
01-05 06:31:54.469 I/am_wtf ( 1516): [0,1516,system_server,-1,DisplayDeviceConfig,requesting nits when no mapping exists.]
01-05 06:31:54.470 I/am_wtf ( 1516): [0,1516,system_server,-1,DisplayDeviceConfig,requesting nits when no mapping exists.]
01-05 06:31:54.485 I/am_wtf ( 1516): [0,1516,system_server,-1,DisplayDeviceConfig,requesting nits when no mapping exists.]
01-05 06:31:54.486 I/am_wtf ( 1516): [0,1516,system_server,-1,DisplayDeviceConfig,requesting nits when no mapping exists.]
01-05 06:31:54.502 I/am_wtf ( 1516): [0,1516,system_server,-1,DisplayDeviceConfig,requesting nits when no mapping exists.]
01-05 06:31:54.503 I/am_wtf ( 1516): [0,1516,system_server,-1,DisplayDeviceConfig,requesting nits when no mapping exists.]
01-05 06:31:54.519 I/am_wtf ( 1516): [0,1516,system_server,-1,DisplayDeviceConfig,requesting nits when no mapping exists.]
01-05 06:31:54.520 I/am_wtf ( 1516): [0,1516,system_server,-1,DisplayDeviceConfig,requesting nits when no mapping exists.]
01-05 06:31:54.535 I/am_wtf ( 1516): [0,1516,system_server,-1,DisplayDeviceConfig,requesting nits when no mapping exists.]
01-05 06:31:54.536 I/am_wtf ( 1516): [0,1516,system_server,-1,DisplayDeviceConfig,requesting nits when no mapping exists.]
01-05 06:31:54.552 I/am_wtf ( 1516): [0,1516,system_server,-1,DisplayDeviceConfig,requesting nits when no mapping exists.]
01-05 06:31:54.553 I/am_wtf ( 1516): [0,1516,system_server,-1,DisplayDeviceConfig,requesting nits when no mapping exists.]
01-05 06:31:54.570 I/am_wtf ( 1516): [0,1516,system_server,-1,DisplayDeviceConfig,requesting nits when no mapping exists.]
01-05 06:31:54.571 I/am_wtf ( 1516): [0,1516,system_server,-1,DisplayDeviceConfig,requesting nits when no mapping exists.]
01-05 06:31:54.586 I/am_wtf ( 1516): [0,1516,system_server,-1,DisplayDeviceConfig,requesting nits when no mapping exists.]
01-05 06:31:54.587 I/am_wtf ( 1516): [0,1516,system_server,-1,DisplayDeviceConfig,requesting nits when no mapping exists.]
01-05 06:31:54.587 I/service_manager_stats( 1516): [100,49,78342]
01-05 06:31:54.602 I/am_wtf ( 1516): [0,1516,system_server,-1,DisplayDeviceConfig,requesting nits when no mapping exists.]
01-05 06:31:54.603 I/am_wtf ( 1516): [0,1516,system_server,-1,DisplayDeviceConfig,requesting nits when no mapping exists.]
01-05 06:31:54.619 I/am_wtf ( 1516): [0,1516,system_server,-1,DisplayDeviceConfig,requesting nits when no mapping exists.]
01-05 06:31:54.620 I/am_wtf ( 1516): [0,1516,system_server,-1,DisplayDeviceConfig,requesting nits when no mapping exists.]
01-05 06:31:54.636 I/am_wtf ( 1516): [0,1516,system_server,-1,DisplayDeviceConfig,requesting nits when no mapping exists.]
01-05 06:31:54.637 I/am_wtf ( 1516): [0,1516,system_server,-1,DisplayDeviceConfig,requesting nits when no mapping exists.]
01-05 06:31:54.652 I/am_wtf ( 1516): [0,1516,system_server,-1,DisplayDeviceConfig,requesting nits when no mapping exists.]
01-05 06:31:54.653 I/am_wtf ( 1516): [0,1516,system_server,-1,DisplayDeviceConfig,requesting nits when no mapping exists.]
01-05 06:31:54.669 I/am_wtf ( 1516): [0,1516,system_server,-1,DisplayDeviceConfig,requesting nits when no mapping exists.]
01-05 06:31:54.670 I/am_wtf ( 1516): [0,1516,system_server,-1,DisplayDeviceConfig,requesting nits when no mapping exists.]
01-05 06:31:54.686 I/am_wtf ( 1516): [0,1516,system_server,-1,DisplayDeviceConfig,requesting nits when no mapping exists.]
01-05 06:31:54.687 I/am_wtf ( 1516): [0,1516,system_server,-1,DisplayDeviceConfig,requesting nits when no mapping exists.]
01-05 06:31:54.703 I/am_wtf ( 1516): [0,1516,system_server,-1,DisplayDeviceConfig,requesting nits when no mapping exists.]
01-05 06:31:54.704 I/am_wtf ( 1516): [0,1516,system_server,-1,DisplayDeviceConfig,requesting nits when no mapping exists.]
01-05 06:31:54.720 I/am_wtf ( 1516): [0,1516,system_server,-1,DisplayDeviceConfig,requesting nits when no mapping exists.]
01-05 06:31:54.721 I/am_wtf ( 1516): [0,1516,system_server,-1,DisplayDeviceConfig,requesting nits when no mapping exists.]
01-05 06:31:54.736 I/am_wtf ( 1516): [0,1516,system_server,-1,DisplayDeviceConfig,requesting nits when no mapping exists.]
01-05 06:31:54.737 I/am_wtf ( 1516): [0,1516,system_server,-1,DisplayDeviceConfig,requesting nits when no mapping exists.]
01-05 06:31:54.753 I/am_wtf ( 1516): [0,1516,system_server,-1,DisplayDeviceConfig,requesting nits when no mapping exists.]
01-05 06:31:54.754 I/am_wtf ( 1516): [0,1516,system_server,-1,DisplayDeviceConfig,requesting nits when no mapping exists.]
01-05 06:31:54.769 I/am_wtf ( 1516): [0,1516,system_server,-1,DisplayDeviceConfig,requesting nits when no mapping exists.]
01-05 06:31:54.770 I/am_wtf ( 1516): [0,1516,system_server,-1,DisplayDeviceConfig,requesting nits when no mapping exists.]
01-05 06:31:54.786 I/am_wtf ( 1516): [0,1516,system_server,-1,DisplayDeviceConfig,requesting nits when no mapping exists.]
01-05 06:31:54.787 I/am_wtf ( 1516): [0,1516,system_server,-1,DisplayDeviceConfig,requesting nits when no mapping exists.]
01-05 06:31:54.803 I/am_wtf ( 1516): [0,1516,system_server,-1,DisplayDeviceConfig,requesting nits when no mapping exists.]
01-05 06:31:54.804 I/am_wtf ( 1516): [0,1516,system_server,-1,DisplayDeviceConfig,requesting nits when no mapping exists.]
01-05 06:31:54.820 I/am_wtf ( 1516): [0,1516,system_server,-1,DisplayDeviceConfig,requesting nits when no mapping exists.]
01-05 06:31:54.820 I/am_wtf ( 1516): [0,1516,system_server,-1,DisplayDeviceConfig,requesting nits when no mapping exists.]
01-05 06:31:54.836 I/am_wtf ( 1516): [0,1516,system_server,-1,DisplayDeviceConfig,requesting nits when no mapping exists.]
01-05 06:31:54.837 I/am_wtf ( 1516): [0,1516,system_server,-1,DisplayDeviceConfig,requesting nits when no mapping exists.]
01-05 06:31:54.853 I/am_wtf ( 1516): [0,1516,system_server,-1,DisplayDeviceConfig,requesting nits when no mapping exists.]
01-05 06:31:54.854 I/am_wtf ( 1516): [0,1516,system_server,-1,DisplayDeviceConfig,requesting nits when no mapping exists.]
01-05 06:31:54.870 I/am_wtf ( 1516): [0,1516,system_server,-1,DisplayDeviceConfig,requesting nits when no mapping exists.]
01-05 06:31:54.871 I/am_wtf ( 1516): [0,1516,system_server,-1,DisplayDeviceConfig,requesting nits when no mapping exists.]
01-05 06:31:54.886 I/am_wtf ( 1516): [0,1516,system_server,-1,DisplayDeviceConfig,requesting nits when no mapping exists.]
01-05 06:31:54.887 I/am_wtf ( 1516): [0,1516,system_server,-1,DisplayDeviceConfig,requesting nits when no mapping exists.]
01-05 06:31:54.903 I/am_wtf ( 1516): [0,1516,system_server,-1,DisplayDeviceConfig,requesting nits when no mapping exists.]
01-05 06:31:54.904 I/am_wtf ( 1516): [0,1516,system_server,-1,DisplayDeviceConfig,requesting nits when no mapping exists.]
01-05 06:31:57.215 I/am_uid_idle( 1516): 10052
01-05 06:32:00.960 I/sysui_multi_action( 1516): [757,222,758,1]
01-05 06:32:00.962 I/am_uid_active( 1516): 10052
01-05 06:32:00.975 I/wm_task_created( 1516): [28,-1]
01-05 06:32:00.975 I/am_pss ( 1516): [7772,1000,com.android.settings,25493504,14241792,0,119328768,0,19,10]
01-05 06:32:00.980 I/wm_task_moved( 1516): [28,1,6]
01-05 06:32:00.980 I/wm_task_to_front( 1516): [0,28]
01-05 06:32:00.980 I/wm_create_task( 1516): [0,28]
01-05 06:32:00.980 I/wm_create_activity( 1516): [0,129457680,28,com.thundercomm.screensaver/android.service.dreams.DreamActivity,NULL,NULL,NULL,276824064]
01-05 06:32:00.980 I/wm_task_moved( 1516): [28,1,6]
01-05 06:32:00.981 I/wm_pause_activity( 1516): [0,39192225,com.android.launcher3/.uioverrides.QuickstepLauncher,userLeaving=true,pauseBackTasks]
01-05 06:32:00.981 I/wm_on_top_resumed_lost_called( 2835): [39192225,com.android.launcher3.uioverrides.QuickstepLauncher,topStateChangedWhenResumed]
01-05 06:32:00.982 I/am_pss ( 1516): [7506,1000,com.qti.diagservices,6234112,3756032,0,93192192,0,10,6]
01-05 06:32:00.983 I/wm_on_paused_called( 2835): [39192225,com.android.launcher3.uioverrides.QuickstepLauncher,performPause]
01-05 06:32:00.984 I/wm_add_to_stopping( 1516): [0,39192225,com.android.launcher3/.uioverrides.QuickstepLauncher,makeInvisible]
01-05 06:32:00.984 I/wm_restart_activity( 1516): [0,129457680,28,com.thundercomm.screensaver/android.service.dreams.DreamActivity]
01-05 06:32:00.985 I/wm_set_resumed_activity( 1516): [0,com.thundercomm.screensaver/android.service.dreams.DreamActivity,minimalResumeActivityLocked]
01-05 06:32:00.988 I/wm_on_create_called( 5252): [129457680,android.service.dreams.DreamActivity,performCreate]
01-05 06:32:00.988 I/wm_on_start_called( 5252): [129457680,android.service.dreams.DreamActivity,handleStartActivity]
01-05 06:32:00.989 I/sysui_multi_action( 1516): [757,803,799,window_time_0,802,59]
01-05 06:32:00.990 I/wm_on_resume_called( 5252): [129457680,android.service.dreams.DreamActivity,RESUME_ACTIVITY]
01-05 06:32:00.992 I/wm_on_top_resumed_gained_called( 5252): [129457680,android.service.dreams.DreamActivity,topStateChangedWhenResumed]
01-05 06:32:01.007 I/input_focus( 1516): [Focus request 59c4b3c com.thundercomm.screensaver/android.service.dreams.DreamActivity,reason=UpdateInputWindows]
01-05 06:32:01.014 I/sysui_multi_action( 1516): [319,40,322,39,325,7284,757,761,758,8,759,2,806,com.thundercomm.screensaver,871,android.service.dreams.DreamActivity,904,com.thundercomm.screensaver,905,0,1320,4,1321,2]
01-05 06:32:01.014 I/wm_activity_launch_time( 1516): [0,129457680,com.thundercomm.screensaver/android.service.dreams.DreamActivity,39]
01-05 06:32:01.016 I/input_focus( 1516): [Focus leaving fdc0eb0 com.android.launcher3/com.android.launcher3.uioverrides.QuickstepLauncher (server),reason=NO_WINDOW]
01-05 06:32:01.016 I/sysui_multi_action( 1516): [757,1696,758,6,759,3]
01-05 06:32:01.033 I/am_wtf ( 1516): [0,1516,system_server,-1,DisplayDeviceConfig,requesting nits when no mapping exists.]
01-05 06:32:01.033 I/am_wtf ( 1516): [0,1516,system_server,-1,DisplayDeviceConfig,requesting nits when no mapping exists.]
01-05 06:32:01.034 I/input_focus( 1516): [Focus entering 59c4b3c com.thundercomm.screensaver/android.service.dreams.DreamActivity (server),reason=Window became focusable. Previous reason: NOT_VISIBLE]
01-05 06:32:01.049 I/am_wtf ( 1516): [0,1516,system_server,-1,DisplayDeviceConfig,requesting nits when no mapping exists.]
01-05 06:32:01.050 I/am_wtf ( 1516): [0,1516,system_server,-1,DisplayDeviceConfig,requesting nits when no mapping exists.]
01-05 06:32:01.066 I/am_wtf ( 1516): [0,1516,system_server,-1,DisplayDeviceConfig,requesting nits when no mapping exists.]
01-05 06:32:01.066 I/am_wtf ( 1516): [0,1516,system_server,-1,DisplayDeviceConfig,requesting nits when no mapping exists.]
01-05 06:32:01.084 I/am_wtf ( 1516): [0,1516,system_server,-1,DisplayDeviceConfig,requesting nits when no mapping exists.]
01-05 06:32:01.084 I/am_wtf ( 1516): [0,1516,system_server,-1,DisplayDeviceConfig,requesting nits when no mapping exists.]
01-05 06:32:01.100 I/am_wtf ( 1516): [0,1516,system_server,-1,DisplayDeviceConfig,requesting nits when no mapping exists.]
01-05 06:32:01.101 I/am_wtf ( 1516): [0,1516,system_server,-1,DisplayDeviceConfig,requesting nits when no mapping exists.]
01-05 06:32:01.117 I/am_wtf ( 1516): [0,1516,system_server,-1,DisplayDeviceConfig,requesting nits when no mapping exists.]
01-05 06:32:01.117 I/am_wtf ( 1516): [0,1516,system_server,-1,DisplayDeviceConfig,requesting nits when no mapping exists.]
01-05 06:32:01.134 I/am_wtf ( 1516): [0,1516,system_server,-1,DisplayDeviceConfig,requesting nits when no mapping exists.]
01-05 06:32:01.134 I/am_wtf ( 1516): [0,1516,system_server,-1,DisplayDeviceConfig,requesting nits when no mapping exists.]
01-05 06:32:01.150 I/am_wtf ( 1516): [0,1516,system_server,-1,DisplayDeviceConfig,requesting nits when no mapping exists.]
01-05 06:32:01.151 I/am_wtf ( 1516): [0,1516,system_server,-1,DisplayDeviceConfig,requesting nits when no mapping exists.]
01-05 06:32:01.167 I/am_wtf ( 1516): [0,1516,system_server,-1,DisplayDeviceConfig,requesting nits when no mapping exists.]
01-05 06:32:01.167 I/am_wtf ( 1516): [0,1516,system_server,-1,DisplayDeviceConfig,requesting nits when no mapping exists.]
01-05 06:32:01.183 I/am_wtf ( 1516): [0,1516,system_server,-1,DisplayDeviceConfig,requesting nits when no mapping exists.]
01-05 06:32:01.184 I/am_wtf ( 1516): [0,1516,system_server,-1,DisplayDeviceConfig,requesting nits when no mapping exists.]
01-05 06:32:01.200 I/am_wtf ( 1516): [0,1516,system_server,-1,DisplayDeviceConfig,requesting nits when no mapping exists.]
01-05 06:32:01.201 I/am_wtf ( 1516): [0,1516,system_server,-1,DisplayDeviceConfig,requesting nits when no mapping exists.]
01-05 06:32:01.217 I/am_wtf ( 1516): [0,1516,system_server,-1,DisplayDeviceConfig,requesting nits when no mapping exists.]
01-05 06:32:01.217 I/am_wtf ( 1516): [0,1516,system_server,-1,DisplayDeviceConfig,requesting nits when no mapping exists.]
01-05 06:32:01.234 I/am_wtf ( 1516): [0,1516,system_server,-1,DisplayDeviceConfig,requesting nits when no mapping exists.]
01-05 06:32:01.234 I/am_wtf ( 1516): [0,1516,system_server,-1,DisplayDeviceConfig,requesting nits when no mapping exists.]
01-05 06:32:01.250 I/am_wtf ( 1516): [0,1516,system_server,-1,DisplayDeviceConfig,requesting nits when no mapping exists.]
01-05 06:32:01.250 I/am_wtf ( 1516): [0,1516,system_server,-1,DisplayDeviceConfig,requesting nits when no mapping exists.]
01-05 06:32:01.267 I/am_wtf ( 1516): [0,1516,system_server,-1,DisplayDeviceConfig,requesting nits when no mapping exists.]
01-05 06:32:01.268 I/am_wtf ( 1516): [0,1516,system_server,-1,DisplayDeviceConfig,requesting nits when no mapping exists.]
01-05 06:32:01.284 I/am_wtf ( 1516): [0,1516,system_server,-1,DisplayDeviceConfig,requesting nits when no mapping exists.]
01-05 06:32:01.284 I/am_wtf ( 1516): [0,1516,system_server,-1,DisplayDeviceConfig,requesting nits when no mapping exists.]
01-05 06:32:01.301 I/am_wtf ( 1516): [0,1516,system_server,-1,DisplayDeviceConfig,requesting nits when no mapping exists.]
01-05 06:32:01.301 I/am_wtf ( 1516): [0,1516,system_server,-1,DisplayDeviceConfig,requesting nits when no mapping exists.]
01-05 06:32:01.302 I/wm_stop_activity( 1516): [0,39192225,com.android.launcher3/.uioverrides.QuickstepLauncher]
01-05 06:32:01.317 I/am_wtf ( 1516): [0,1516,system_server,-1,DisplayDeviceConfig,requesting nits when no mapping exists.]
01-05 06:32:01.318 I/am_wtf ( 1516): [0,1516,system_server,-1,DisplayDeviceConfig,requesting nits when no mapping exists.]
01-05 06:32:01.323 I/wm_on_stop_called( 2835): [39192225,com.android.launcher3.uioverrides.QuickstepLauncher,STOP_ACTIVITY_ITEM]
01-05 06:32:01.334 I/am_wtf ( 1516): [0,1516,system_server,-1,DisplayDeviceConfig,requesting nits when no mapping exists.]
01-05 06:32:01.334 I/am_wtf ( 1516): [0,1516,system_server,-1,DisplayDeviceConfig,requesting nits when no mapping exists.]
01-05 06:32:01.351 I/am_wtf ( 1516): [0,1516,system_server,-1,DisplayDeviceConfig,requesting nits when no mapping exists.]
01-05 06:32:01.352 I/am_wtf ( 1516): [0,1516,system_server,-1,DisplayDeviceConfig,requesting nits when no mapping exists.]
01-05 06:32:01.367 I/am_wtf ( 1516): [0,1516,system_server,-1,DisplayDeviceConfig,requesting nits when no mapping exists.]
01-05 06:32:01.368 I/am_wtf ( 1516): [0,1516,system_server,-1,DisplayDeviceConfig,requesting nits when no mapping exists.]
01-05 06:32:01.384 I/am_wtf ( 1516): [0,1516,system_server,-1,DisplayDeviceConfig,requesting nits when no mapping exists.]
01-05 06:32:01.384 I/am_wtf ( 1516): [0,1516,system_server,-1,DisplayDeviceConfig,requesting nits when no mapping exists.]
01-05 06:32:01.401 I/am_wtf ( 1516): [0,1516,system_server,-1,DisplayDeviceConfig,requesting nits when no mapping exists.]
01-05 06:32:01.401 I/am_wtf ( 1516): [0,1516,system_server,-1,DisplayDeviceConfig,requesting nits when no mapping exists.]
01-05 06:32:01.418 I/am_wtf ( 1516): [0,1516,system_server,-1,DisplayDeviceConfig,requesting nits when no mapping exists.]
01-05 06:32:01.418 I/am_wtf ( 1516): [0,1516,system_server,-1,DisplayDeviceConfig,requesting nits when no mapping exists.]
01-05 06:32:01.435 I/am_wtf ( 1516): [0,1516,system_server,-1,DisplayDeviceConfig,requesting nits when no mapping exists.]
01-05 06:32:01.435 I/am_wtf ( 1516): [0,1516,system_server,-1,DisplayDeviceConfig,requesting nits when no mapping exists.]
01-05 06:32:01.451 I/am_wtf ( 1516): [0,1516,system_server,-1,DisplayDeviceConfig,requesting nits when no mapping exists.]
01-05 06:32:01.452 I/am_wtf ( 1516): [0,1516,system_server,-1,DisplayDeviceConfig,requesting nits when no mapping exists.]
01-05 06:32:01.468 I/am_wtf ( 1516): [0,1516,system_server,-1,DisplayDeviceConfig,requesting nits when no mapping exists.]
01-05 06:32:01.468 I/am_wtf ( 1516): [0,1516,system_server,-1,DisplayDeviceConfig,requesting nits when no mapping exists.]
01-05 06:32:01.485 I/am_wtf ( 1516): [0,1516,system_server,-1,DisplayDeviceConfig,requesting nits when no mapping exists.]
01-05 06:32:01.485 I/am_wtf ( 1516): [0,1516,system_server,-1,DisplayDeviceConfig,requesting nits when no mapping exists.]
01-05 06:32:01.502 I/am_wtf ( 1516): [0,1516,system_server,-1,DisplayDeviceConfig,requesting nits when no mapping exists.]
01-05 06:32:01.502 I/am_wtf ( 1516): [0,1516,system_server,-1,DisplayDeviceConfig,requesting nits when no mapping exists.]
01-05 06:32:01.518 I/am_wtf ( 1516): [0,1516,system_server,-1,DisplayDeviceConfig,requesting nits when no mapping exists.]
01-05 06:32:01.518 I/am_wtf ( 1516): [0,1516,system_server,-1,DisplayDeviceConfig,requesting nits when no mapping exists.]
01-05 06:32:01.535 I/am_wtf ( 1516): [0,1516,system_server,-1,DisplayDeviceConfig,requesting nits when no mapping exists.]
01-05 06:32:01.535 I/am_wtf ( 1516): [0,1516,system_server,-1,DisplayDeviceConfig,requesting nits when no mapping exists.]
01-05 06:32:01.535 I/service_manager_stats( 1516): [100,35,6948]
01-05 06:32:01.552 I/am_wtf ( 1516): [0,1516,system_server,-1,DisplayDeviceConfig,requesting nits when no mapping exists.]
01-05 06:32:01.552 I/am_wtf ( 1516): [0,1516,system_server,-1,DisplayDeviceConfig,requesting nits when no mapping exists.]
01-05 06:32:01.568 I/am_wtf ( 1516): [0,1516,system_server,-1,DisplayDeviceConfig,requesting nits when no mapping exists.]
01-05 06:32:01.568 I/am_wtf ( 1516): [0,1516,system_server,-1,DisplayDeviceConfig,requesting nits when no mapping exists.]
01-05 06:32:01.585 I/am_wtf ( 1516): [0,1516,system_server,-1,DisplayDeviceConfig,requesting nits when no mapping exists.]
01-05 06:32:01.585 I/am_wtf ( 1516): [0,1516,system_server,-1,DisplayDeviceConfig,requesting nits when no mapping exists.]
01-05 06:32:01.602 I/am_wtf ( 1516): [0,1516,system_server,-1,DisplayDeviceConfig,requesting nits when no mapping exists.]
01-05 06:32:01.602 I/am_wtf ( 1516): [0,1516,system_server,-1,DisplayDeviceConfig,requesting nits when no mapping exists.]
01-05 06:32:01.618 I/am_wtf ( 1516): [0,1516,system_server,-1,DisplayDeviceConfig,requesting nits when no mapping exists.]
01-05 06:32:01.618 I/am_wtf ( 1516): [0,1516,system_server,-1,DisplayDeviceConfig,requesting nits when no mapping exists.]
01-05 06:32:01.635 I/am_wtf ( 1516): [0,1516,system_server,-1,DisplayDeviceConfig,requesting nits when no mapping exists.]
01-05 06:32:01.635 I/am_wtf ( 1516): [0,1516,system_server,-1,DisplayDeviceConfig,requesting nits when no mapping exists.]
01-05 06:32:01.652 I/am_wtf ( 1516): [0,1516,system_server,-1,DisplayDeviceConfig,requesting nits when no mapping exists.]
01-05 06:32:01.652 I/am_wtf ( 1516): [0,1516,system_server,-1,DisplayDeviceConfig,requesting nits when no mapping exists.]
01-05 06:32:01.668 I/am_wtf ( 1516): [0,1516,system_server,-1,DisplayDeviceConfig,requesting nits when no mapping exists.]
01-05 06:32:01.668 I/am_wtf ( 1516): [0,1516,system_server,-1,DisplayDeviceConfig,requesting nits when no mapping exists.]
01-05 06:32:01.685 I/am_wtf ( 1516): [0,1516,system_server,-1,DisplayDeviceConfig,requesting nits when no mapping exists.]
01-05 06:32:01.685 I/am_wtf ( 1516): [0,1516,system_server,-1,DisplayDeviceConfig,requesting nits when no mapping exists.]
01-05 06:32:01.701 I/am_wtf ( 1516): [0,1516,system_server,-1,DisplayDeviceConfig,requesting nits when no mapping exists.]
01-05 06:32:01.702 I/am_wtf ( 1516): [0,1516,system_server,-1,DisplayDeviceConfig,requesting nits when no mapping exists.]
01-05 06:32:01.718 I/am_wtf ( 1516): [0,1516,system_server,-1,DisplayDeviceConfig,requesting nits when no mapping exists.]
01-05 06:32:01.718 I/am_wtf ( 1516): [0,1516,system_server,-1,DisplayDeviceConfig,requesting nits when no mapping exists.]
01-05 06:32:01.735 I/am_wtf ( 1516): [0,1516,system_server,-1,DisplayDeviceConfig,requesting nits when no mapping exists.]
01-05 06:32:01.736 I/am_wtf ( 1516): [0,1516,system_server,-1,DisplayDeviceConfig,requesting nits when no mapping exists.]
01-05 06:32:01.752 I/am_wtf ( 1516): [0,1516,system_server,-1,DisplayDeviceConfig,requesting nits when no mapping exists.]
01-05 06:32:01.752 I/am_wtf ( 1516): [0,1516,system_server,-1,DisplayDeviceConfig,requesting nits when no mapping exists.]
01-05 06:32:01.769 I/am_wtf ( 1516): [0,1516,system_server,-1,DisplayDeviceConfig,requesting nits when no mapping exists.]
01-05 06:32:01.769 I/am_wtf ( 1516): [0,1516,system_server,-1,DisplayDeviceConfig,requesting nits when no mapping exists.]
01-05 06:32:01.785 I/am_wtf ( 1516): [0,1516,system_server,-1,DisplayDeviceConfig,requesting nits when no mapping exists.]
01-05 06:32:01.785 I/am_wtf ( 1516): [0,1516,system_server,-1,DisplayDeviceConfig,requesting nits when no mapping exists.]
01-05 06:32:01.802 I/am_wtf ( 1516): [0,1516,system_server,-1,DisplayDeviceConfig,requesting nits when no mapping exists.]
01-05 06:32:01.802 I/am_wtf ( 1516): [0,1516,system_server,-1,DisplayDeviceConfig,requesting nits when no mapping exists.]
01-05 06:32:01.818 I/am_wtf ( 1516): [0,1516,system_server,-1,DisplayDeviceConfig,requesting nits when no mapping exists.]
01-05 06:32:01.819 I/am_wtf ( 1516): [0,1516,system_server,-1,DisplayDeviceConfig,requesting nits when no mapping exists.]
01-05 06:32:01.835 I/am_wtf ( 1516): [0,1516,system_server,-1,DisplayDeviceConfig,requesting nits when no mapping exists.]
01-05 06:32:01.835 I/am_wtf ( 1516): [0,1516,system_server,-1,DisplayDeviceConfig,requesting nits when no mapping exists.]
01-05 06:32:01.852 I/am_wtf ( 1516): [0,1516,system_server,-1,DisplayDeviceConfig,requesting nits when no mapping exists.]
01-05 06:32:01.852 I/am_wtf ( 1516): [0,1516,system_server,-1,DisplayDeviceConfig,requesting nits when no mapping exists.]
01-05 06:32:01.868 I/am_wtf ( 1516): [0,1516,system_server,-1,DisplayDeviceConfig,requesting nits when no mapping exists.]
01-05 06:32:01.869 I/am_wtf ( 1516): [0,1516,system_server,-1,DisplayDeviceConfig,requesting nits when no mapping exists.]
01-05 06:32:01.885 I/am_wtf ( 1516): [0,1516,system_server,-1,DisplayDeviceConfig,requesting nits when no mapping exists.]
01-05 06:32:01.885 I/am_wtf ( 1516): [0,1516,system_server,-1,DisplayDeviceConfig,requesting nits when no mapping exists.]
01-05 06:32:01.902 I/am_wtf ( 1516): [0,1516,system_server,-1,DisplayDeviceConfig,requesting nits when no mapping exists.]
01-05 06:32:01.902 I/am_wtf ( 1516): [0,1516,system_server,-1,DisplayDeviceConfig,requesting nits when no mapping exists.]
01-05 06:32:01.919 I/am_wtf ( 1516): [0,1516,system_server,-1,DisplayDeviceConfig,requesting nits when no mapping exists.]
01-05 06:32:01.919 I/am_wtf ( 1516): [0,1516,system_server,-1,DisplayDeviceConfig,requesting nits when no mapping exists.]
01-05 06:32:01.935 I/am_wtf ( 1516): [0,1516,system_server,-1,DisplayDeviceConfig,requesting nits when no mapping exists.]
01-05 06:32:01.935 I/am_wtf ( 1516): [0,1516,system_server,-1,DisplayDeviceConfig,requesting nits when no mapping exists.]
01-05 06:32:01.952 I/am_wtf ( 1516): [0,1516,system_server,-1,DisplayDeviceConfig,requesting nits when no mapping exists.]
01-05 06:32:01.953 I/am_wtf ( 1516): [0,1516,system_server,-1,DisplayDeviceConfig,requesting nits when no mapping exists.]
01-05 06:32:01.969 I/am_wtf ( 1516): [0,1516,system_server,-1,DisplayDeviceConfig,requesting nits when no mapping exists.]
01-05 06:32:01.969 I/am_wtf ( 1516): [0,1516,system_server,-1,DisplayDeviceConfig,requesting nits when no mapping exists.]
01-05 06:32:18.808 I/input_interaction( 1516): Interaction with: 59c4b3c com.thundercomm.screensaver/android.service.dreams.DreamActivity (server), edge-swipe (server), swipe-up (server), PointerEventDispatcher0 (server),
01-05 06:32:18.811 I/wm_finish_activity( 1516): [0,129457680,28,com.thundercomm.screensaver/android.service.dreams.DreamActivity,finish-activity]
01-05 06:32:18.812 I/wm_task_moved( 1516): [1,1,5]
01-05 06:32:18.813 I/wm_task_moved( 1516): [10,1,2147483647]
01-05 06:32:18.813 I/wm_task_to_front( 1516): [0,10]
01-05 06:32:18.813 I/wm_focused_root_task( 1516): [0,0,1,28,finish-top adjustFocusToNextFocusableTask]
01-05 06:32:18.813 I/wm_set_resumed_activity( 1516): [0,com.android.launcher3/.uioverrides.QuickstepLauncher,finish-top adjustFocusToNextFocusableTask]
01-05 06:32:18.814 I/wm_pause_activity( 1516): [0,129457680,com.thundercomm.screensaver/android.service.dreams.DreamActivity,userLeaving=false,finish]
01-05 06:32:18.819 I/wm_on_top_resumed_lost_called( 5252): [129457680,android.service.dreams.DreamActivity,topStateChangedWhenResumed]
01-05 06:32:18.820 I/sysui_multi_action( 1516): [757,803,799,window_time_0,802,18]
01-05 06:32:18.820 I/wm_on_paused_called( 5252): [129457680,android.service.dreams.DreamActivity,performPause]
01-05 06:32:18.821 I/wm_add_to_stopping( 1516): [0,129457680,com.thundercomm.screensaver/android.service.dreams.DreamActivity,completeFinishing]
01-05 06:32:18.823 I/wm_set_resumed_activity( 1516): [0,com.android.launcher3/.uioverrides.QuickstepLauncher,resumeTopActivityInnerLocked]
01-05 06:32:18.826 I/wm_resume_activity( 1516): [0,39192225,10,com.android.launcher3/.uioverrides.QuickstepLauncher]
01-05 06:32:18.832 I/sysui_multi_action( 1516): [757,803,799,window_time_0,802,0]
01-05 06:32:18.838 I/wm_on_restart_called( 2835): [39192225,com.android.launcher3.uioverrides.QuickstepLauncher,performRestartActivity]
01-05 06:32:18.838 I/wm_on_start_called( 2835): [39192225,com.android.launcher3.uioverrides.QuickstepLauncher,handleStartActivity]
01-05 06:32:18.839 I/wm_on_resume_called( 2835): [39192225,com.android.launcher3.uioverrides.QuickstepLauncher,RESUME_ACTIVITY]
01-05 06:32:18.839 I/wm_on_top_resumed_gained_called( 2835): [39192225,com.android.launcher3.uioverrides.QuickstepLauncher,topWhenResuming]
01-05 06:32:18.845 I/input_focus( 1516): [Focus request fdc0eb0 com.android.launcher3/com.android.launcher3.uioverrides.QuickstepLauncher,reason=UpdateInputWindows]
01-05 06:32:18.861 I/input_focus( 1516): [Focus leaving 59c4b3c com.thundercomm.screensaver/android.service.dreams.DreamActivity (server),reason=NO_WINDOW]
01-05 06:32:18.861 I/input_focus( 1516): [Focus entering fdc0eb0 com.android.launcher3/com.android.launcher3.uioverrides.QuickstepLauncher (server),reason=setFocusedWindow]
01-05 06:32:18.861 I/view_enqueue_input_event( 5252): [Motion - Cancel,com.thundercomm.screensaver/android.service.dreams.DreamActivity]
01-05 06:32:18.862 I/input_interaction( 1516): Interaction with: edge-swipe (server), swipe-up (server), PointerEventDispatcher0 (server),
01-05 06:32:19.094 I/wm_destroy_activity( 1516): [0,129457680,28,com.thundercomm.screensaver/android.service.dreams.DreamActivity,finish-imm:idle]
01-05 06:32:19.116 I/wm_on_stop_called( 5252): [129457680,android.service.dreams.DreamActivity,LIFECYCLER_STOP_ACTIVITY]
01-05 06:32:19.117 I/wm_on_destroy_called( 5252): [129457680,android.service.dreams.DreamActivity,performDestroy]
01-05 06:32:19.120 I/sysui_multi_action( 1516): [757,222,758,2]
01-05 06:32:19.120 I/sysui_multi_action( 1516): [757,804,799,dreaming_minutes,801,0,802,1]
01-05 06:32:19.127 I/wm_task_removed( 1516): [28,removeChild:removeChild last r=ActivityRecord{7b75e10 u0 com.thundercomm.screensaver/android.service.dreams.DreamActivity t-1 f}} in t=Task{1bc2535 #28 type=dream A=10052:android:com.thundercomm.screensaver/dream U=0 visible=false mode=fullscreen translucent=true sz=0}]
01-05 06:32:19.127 I/wm_task_removed( 1516): [28,removeChild]
01-05 06:32:20.734 I/input_interaction( 1516): Interaction with: fdc0eb0 com.android.launcher3/com.android.launcher3.uioverrides.QuickstepLauncher (server), 9702ba6 com.android.systemui.ImageWallpaper (server), edge-swipe (server), swipe-up (server), PointerEventDispatcher0 (server),
01-05 06:32:20.805 I/sysui_multi_action( 1516): [757,127,758,1]
01-05 06:32:20.806 I/sysui_multi_action( 1516): [757,804,799,note_load,801,2,802,1]
01-05 06:32:20.806 I/notification_panel_revealed( 1516): 2
01-05 06:32:20.820 I/input_focus( 1516): [Focus request 94a0fc2 NotificationShade,reason=UpdateInputWindows]
01-05 06:32:20.828 I/sysui_multi_action( 1516): [757,128,758,1,793,7211335,794,0,795,7211335,796,26,798,0,806,android,857,DEVELOPER_IMPORTANT,858,4,947,0,1395,2,1500,7211130,1688,1]
01-05 06:32:20.829 I/sysui_multi_action( 1516): [757,804,799,note_freshness,801,7211335,802,1]
01-05 06:32:20.829 I/notification_visibility( 1516): [-1|android|26|null|1000,1,7211335,7211335,0,0]
01-05 06:32:20.829 I/sysui_multi_action( 1516): [757,128,758,1,793,7279795,794,0,795,7279795,796,32,798,1,806,android,857,USB,858,1,947,0,1395,2,1500,7279643,1688,1]
01-05 06:32:20.829 I/sysui_multi_action( 1516): [757,804,799,note_freshness,801,7279795,802,1]
01-05 06:32:20.829 I/notification_visibility( 1516): [-1|android|32|null|1000,1,7279795,7279795,0,1]
01-05 06:32:20.848 I/input_focus( 1516): [Focus leaving fdc0eb0 com.android.launcher3/com.android.launcher3.uioverrides.QuickstepLauncher (server),reason=setFocusedWindow]
01-05 06:32:20.849 I/input_focus( 1516): [Focus entering 94a0fc2 NotificationShade (server),reason=setFocusedWindow]
01-05 06:32:20.854 I/input_interaction( 1516): Interaction with: fdc0eb0 com.android.launcher3/com.android.launcher3.uioverrides.QuickstepLauncher (server), 9702ba6 com.android.systemui.ImageWallpaper (server), 94a0fc2 NotificationShade (server), edge-swipe (server), swipe-up (server), PointerEventDispatcher0 (server),
01-05 06:32:20.854 I/view_enqueue_input_event( 2835): [Motion - Cancel,com.android.launcher3/com.android.launcher3.uioverrides.QuickstepLauncher]
01-05 06:32:20.856 I/sysui_multi_action( 2367): [757,803,799,panel_open,802,1]
01-05 06:32:20.856 I/sysui_multi_action( 2367): [757,1328,758,4,1326,54,1327,31,1329,0]
01-05 06:32:20.868 I/input_interaction( 1516): Interaction with: 9702ba6 com.android.systemui.ImageWallpaper (server), 94a0fc2 NotificationShade (server), edge-swipe (server), swipe-up (server), PointerEventDispatcher0 (server),
01-05 06:32:20.898 I/sysui_multi_action( 2367): [757,111,758,1]
01-05 06:32:20.898 I/sysui_multi_action( 2367): [757,126,758,1,759,126,927,0,928,0,1593,0]
01-05 06:32:20.898 I/sysui_multi_action( 2367): [757,113,758,1,759,113,927,1,928,1,1593,0]
01-05 06:32:20.899 I/sysui_multi_action( 2367): [757,0,758,1,759,0,927,2,928,0,1593,0]
01-05 06:32:20.899 I/sysui_multi_action( 2367): [757,0,758,1,759,0,927,3,928,0,1593,0]
01-05 06:32:20.899 I/sysui_multi_action( 2367): [757,491,758,1,759,491,927,4,928,0,1311,-1,1593,0]
01-05 06:32:20.899 I/sysui_multi_action( 2367): [757,0,758,1,759,0,927,5,928,0,1593,0]
01-05 06:32:20.899 I/sysui_multi_action( 2367): [757,111,758,1]
01-05 06:32:20.899 I/sysui_multi_action( 2367): [757,126,758,1,759,126,927,0,928,0,1593,0]
01-05 06:32:20.900 I/sysui_multi_action( 2367): [757,113,758,1,759,113,927,1,928,1,1593,0]
01-05 06:32:20.900 I/sysui_multi_action( 2367): [757,0,758,1,759,0,927,2,928,0,1593,0]
01-05 06:32:20.900 I/sysui_multi_action( 2367): [757,0,758,1,759,0,927,3,928,0,1593,0]
01-05 06:32:26.603 I/input_interaction( 1516): Interaction with: 94a0fc2 NotificationShade (server), edge-swipe (server), swipe-up (server), PointerEventDispatcher0 (server),
01-05 06:32:26.784 I/sysui_multi_action( 2367): [757,925,758,4,759,491,927,4,928,0,1311,-1,1592,0,1593,1]
01-05 06:32:26.994 I/commit_sys_config_file( 1516): [settings-2-0,6]
01-05 06:32:27.925 I/sysui_multi_action( 2367): [757,925,758,4,759,491,927,4,928,1,1311,-1,1592,0,1593,1]
01-05 06:32:28.138 I/commit_sys_config_file( 1516): [settings-2-0,9]
01-05 06:32:56.871 I/notification_enqueue( 1516): [10081,2367,com.android.systemui,2048,NULL,0,Notification(channel=updateNotification shortcut=null contentView=null vibrate=null sound=null defaults=0x0 flags=0x0 color=0x00000000 vis=PRIVATE),1]
01-05 06:32:56.871 I/sysui_multi_action( 2367): [757,111,758,2]
01-05 06:32:56.872 I/sysui_multi_action( 2367): [757,111,758,2]
01-05 06:32:57.087 I/input_focus( 1516): [Focus request fdc0eb0 com.android.launcher3/com.android.launcher3.uioverrides.QuickstepLauncher,reason=UpdateInputWindows]
01-05 06:32:57.091 I/sysui_multi_action( 1516): [757,128,758,2,793,7247598,794,36263,795,7247598,796,26,798,0,806,android,857,DEVELOPER_IMPORTANT,858,4,947,0,1395,2,1500,7247393,1688,1]
01-05 06:32:57.091 I/notification_visibility( 1516): [-1|android|26|null|1000,0,7247598,7247598,0,0]
01-05 06:32:57.092 I/sysui_multi_action( 1516): [757,128,758,2,793,7316058,794,36263,795,7316058,796,32,798,1,806,android,857,USB,858,1,947,0,1395,2,1500,7315906,1688,1]
01-05 06:32:57.092 I/notification_visibility( 1516): [-1|android|32|null|1000,0,7316058,7316058,0,1]
01-05 06:32:57.092 I/sysui_multi_action( 1516): [757,127,758,2]
01-05 06:32:57.093 I/notification_panel_hidden( 1516):
01-05 06:32:57.103 I/input_focus( 1516): [Focus leaving 94a0fc2 NotificationShade (server),reason=NO_WINDOW]
01-05 06:32:57.103 I/input_focus( 1516): [Focus entering fdc0eb0 com.android.launcher3/com.android.launcher3.uioverrides.QuickstepLauncher (server),reason=setFocusedWindow]
01-05 06:32:57.534 I/input_interaction( 1516): Interaction with: fdc0eb0 com.android.launcher3/com.android.launcher3.uioverrides.QuickstepLauncher (server), 9702ba6 com.android.systemui.ImageWallpaper (server), edge-swipe (server), swipe-up (server), PointerEventDispatcher0 (server),
01-05 06:32:57.903 I/commit_sys_config_file( 1516): [settings-1-0,5]
01-05 06:32:59.717 I/wm_task_created( 1516): [29,-1]
01-05 06:32:59.721 I/wm_task_moved( 1516): [29,1,6]
01-05 06:32:59.721 I/wm_task_to_front( 1516): [0,29]
01-05 06:32:59.721 I/wm_create_task( 1516): [0,29]
01-05 06:32:59.721 I/wm_create_activity( 1516): [0,135090247,29,com.android.calendar/.AllInOneActivity,NULL,NULL,NULL,268468224]
01-05 06:32:59.721 I/wm_task_moved( 1516): [29,1,6]
01-05 06:32:59.724 I/am_uid_running( 1516): 10065
01-05 06:32:59.725 I/wm_on_top_resumed_lost_called( 2835): [39192225,com.android.launcher3.uioverrides.QuickstepLauncher,topStateChangedWhenResumed]
01-05 06:32:59.730 I/am_proc_start( 1516): [0,7871,10065,com.android.calendar,top-activity,{com.android.calendar/com.android.calendar.AllInOneActivity}]
01-05 06:32:59.739 I/am_proc_bound( 1516): [0,7871,com.android.calendar]
01-05 06:32:59.741 I/wm_restart_activity( 1516): [0,135090247,29,com.android.calendar/.AllInOneActivity]
01-05 06:32:59.741 I/wm_set_resumed_activity( 1516): [0,com.android.calendar/.AllInOneActivity,minimalResumeActivityLocked]
01-05 06:32:59.741 I/am_uid_active( 1516): 10065
01-05 06:32:59.756 I/am_uid_running( 1516): 10032
01-05 06:32:59.762 I/am_proc_start( 1516): [0,7894,10032,com.android.providers.calendar,content provider,{com.android.providers.calendar/com.android.providers.calendar.CalendarProvider2}]
01-05 06:32:59.770 I/am_proc_bound( 1516): [0,7894,com.android.providers.calendar]
01-05 06:32:59.771 I/wm_on_create_called( 7871): [135090247,com.android.calendar.AllInOneActivity,performCreate]
01-05 06:32:59.772 I/am_uid_active( 1516): 10032
01-05 06:32:59.783 I/wm_on_start_called( 7871): [135090247,com.android.calendar.AllInOneActivity,handleStartActivity]
01-05 06:32:59.784 I/wm_on_resume_called( 7871): [135090247,com.android.calendar.AllInOneActivity,RESUME_ACTIVITY]
01-05 06:32:59.788 I/wm_on_top_resumed_gained_called( 7871): [135090247,com.android.calendar.AllInOneActivity,topStateChangedWhenResumed]
01-05 06:32:59.799 I/input_focus( 1516): [Focus request 7c94a7d com.android.calendar/com.android.calendar.AllInOneActivity,reason=UpdateInputWindows]
01-05 06:32:59.825 I/input_focus( 1516): [Focus leaving fdc0eb0 com.android.launcher3/com.android.launcher3.uioverrides.QuickstepLauncher (server),reason=Waiting for window because NOT_VISIBLE]
01-05 06:32:59.850 I/sysui_multi_action( 1516): [319,141,322,140,325,7343,757,761,758,7,759,2,806,com.android.calendar,871,com.android.calendar.AllInOneActivity,904,com.android.launcher3,905,0,945,32,1320,4,1321,1]
01-05 06:32:59.850 I/wm_activity_launch_time( 1516): [0,135090247,com.android.calendar/.AllInOneActivity,140]
01-05 06:32:59.859 I/input_focus( 1516): [Focus entering 7c94a7d com.android.calendar/com.android.calendar.AllInOneActivity (server),reason=Window became focusable. Previous reason: NOT_VISIBLE]
01-05 06:32:59.891 I/commit_sys_config_file( 1516): [settings-1-0,1]
01-05 06:32:59.898 I/am_pss ( 1516): [7772,1000,com.android.settings,25394176,14241792,0,119328768,0,19,6]
01-05 06:33:01.219 I/input_interaction( 1516): Interaction with: 7c94a7d com.android.calendar/com.android.calendar.AllInOneActivity (server), edge-swipe (server), swipe-up (server), PointerEventDispatcher0 (server),
01-05 06:33:01.386 I/wm_relaunch_resume_activity( 1516): [0,135090247,29,com.android.calendar/.AllInOneActivity]
01-05 06:33:01.386 I/wm_add_to_stopping( 1516): [0,39192225,com.android.launcher3/.uioverrides.QuickstepLauncher,makeInvisible]
01-05 06:33:01.387 I/wm_on_top_resumed_lost_called( 7871): [135090247,com.android.calendar.AllInOneActivity,pausing]
01-05 06:33:01.388 I/wm_on_paused_called( 7871): [135090247,com.android.calendar.AllInOneActivity,performPause]
01-05 06:33:01.388 I/wm_on_stop_called( 7871): [135090247,com.android.calendar.AllInOneActivity,handleRelaunchActivity]
01-05 06:33:01.388 I/wm_on_destroy_called( 7871): [135090247,com.android.calendar.AllInOneActivity,performDestroy]
01-05 06:33:01.395 I/wm_on_create_called( 7871): [135090247,com.android.calendar.AllInOneActivity,performCreate]
01-05 06:33:01.404 I/wm_on_start_called( 7871): [135090247,com.android.calendar.AllInOneActivity,handleStartActivity]
01-05 06:33:01.406 I/wm_on_resume_called( 7871): [135090247,com.android.calendar.AllInOneActivity,RESUME_ACTIVITY]
01-05 06:33:01.407 I/wm_on_top_resumed_gained_called( 7871): [135090247,com.android.calendar.AllInOneActivity,topWhenResuming]
01-05 06:33:01.772 I/wm_stop_activity( 1516): [0,39192225,com.android.launcher3/.uioverrides.QuickstepLauncher]
01-05 06:33:01.790 I/wm_on_paused_called( 2835): [39192225,com.android.launcher3.uioverrides.QuickstepLauncher,performPause]
01-05 06:33:01.793 I/wm_on_stop_called( 2835): [39192225,com.android.launcher3.uioverrides.QuickstepLauncher,STOP_ACTIVITY_ITEM]
01-05 06:33:02.438 I/view_enqueue_input_event( 7871): [Motion - Cancel,com.android.calendar/com.android.calendar.AllInOneActivity]
01-05 06:33:02.445 I/input_interaction( 1516): Interaction with: edge-swipe (server), swipe-up (server), PointerEventDispatcher0 (server),
01-05 06:33:02.723 I/sysui_multi_action( 1516): [757,803,799,key_back_press,802,1]
01-05 06:33:02.727 I/input_interaction( 1516): Interaction with: 7c94a7d com.android.calendar/com.android.calendar.AllInOneActivity (server), PointerEventDispatcher0 (server),
01-05 06:33:02.733 I/wm_task_moved( 1516): [29,0,0]
01-05 06:33:02.736 I/wm_focused_root_task( 1516): [0,0,1,29,moveTaskToBackLocked]
01-05 06:33:02.737 I/wm_on_top_resumed_lost_called( 7871): [135090247,com.android.calendar.AllInOneActivity,topStateChangedWhenResumed]
01-05 06:33:02.737 I/wm_add_to_stopping( 1516): [0,135090247,com.android.calendar/.AllInOneActivity,makeInvisible]
01-05 06:33:02.739 I/wm_pause_activity( 1516): [0,135090247,com.android.calendar/.AllInOneActivity,userLeaving=false,pauseBackTasks]
01-05 06:33:02.742 I/wm_set_resumed_activity( 1516): [0,com.android.launcher3/.uioverrides.QuickstepLauncher,resumeTopActivityInnerLocked]
01-05 06:33:02.743 I/wm_resume_activity( 1516): [0,39192225,10,com.android.launcher3/.uioverrides.QuickstepLauncher]
01-05 06:33:02.746 I/wm_on_paused_called( 7871): [135090247,com.android.calendar.AllInOneActivity,performPause]
01-05 06:33:02.750 I/input_focus( 1516): [Focus leaving 7c94a7d com.android.calendar/com.android.calendar.AllInOneActivity (server),reason=NO_WINDOW]
01-05 06:33:02.751 I/sysui_multi_action( 1516): [757,803,799,window_time_0,802,44]
01-05 06:33:02.756 I/wm_on_restart_called( 2835): [39192225,com.android.launcher3.uioverrides.QuickstepLauncher,performRestartActivity]
01-05 06:33:02.756 I/wm_on_start_called( 2835): [39192225,com.android.launcher3.uioverrides.QuickstepLauncher,handleStartActivity]
01-05 06:33:02.757 I/wm_on_resume_called( 2835): [39192225,com.android.launcher3.uioverrides.QuickstepLauncher,RESUME_ACTIVITY]
01-05 06:33:02.757 I/wm_on_top_resumed_gained_called( 2835): [39192225,com.android.launcher3.uioverrides.QuickstepLauncher,topStateChangedWhenResumed]
01-05 06:33:02.773 I/input_focus( 1516): [Focus request fdc0eb0 com.android.launcher3/com.android.launcher3.uioverrides.QuickstepLauncher,reason=UpdateInputWindows]
01-05 06:33:02.800 I/input_focus( 1516): [Focus entering fdc0eb0 com.android.launcher3/com.android.launcher3.uioverrides.QuickstepLauncher (server),reason=setFocusedWindow]
01-05 06:33:03.154 I/wm_stop_activity( 1516): [0,135090247,com.android.calendar/.AllInOneActivity]
01-05 06:33:03.181 I/wm_on_stop_called( 7871): [135090247,com.android.calendar.AllInOneActivity,STOP_ACTIVITY_ITEM]
01-05 06:33:03.686 I/input_interaction( 1516): Interaction with: fdc0eb0 com.android.launcher3/com.android.launcher3.uioverrides.QuickstepLauncher (server), 9702ba6 com.android.systemui.ImageWallpaper (server), edge-swipe (server), swipe-up (server), PointerEventDispatcher0 (server),
01-05 06:33:04.111 I/commit_sys_config_file( 1516): [settings-1-0,8]
01-05 06:33:07.653 I/service_manager_stats( 1516): [100,39,66118]
01-05 06:33:07.686 I/wm_task_created( 1516): [30,-1]
01-05 06:33:07.689 I/wm_task_moved( 1516): [30,1,7]
01-05 06:33:07.689 I/wm_task_to_front( 1516): [0,30]
01-05 06:33:07.689 I/wm_create_task( 1516): [0,30]
01-05 06:33:07.689 I/wm_create_activity( 1516): [0,211781801,30,com.android.deskclock/.DeskClock,NULL,NULL,NULL,268468224]
01-05 06:33:07.689 I/wm_task_moved( 1516): [30,1,7]
01-05 06:33:07.692 I/am_uid_running( 1516): 10067
01-05 06:33:07.694 I/wm_on_top_resumed_lost_called( 2835): [39192225,com.android.launcher3.uioverrides.QuickstepLauncher,topStateChangedWhenResumed]
01-05 06:33:07.697 I/am_proc_start( 1516): [0,7958,10067,com.android.deskclock,top-activity,{com.android.deskclock/com.android.deskclock.DeskClock}]
01-05 06:33:07.707 I/am_proc_bound( 1516): [0,7958,com.android.deskclock]
01-05 06:33:07.709 I/wm_restart_activity( 1516): [0,211781801,30,com.android.deskclock/.DeskClock]
01-05 06:33:07.709 I/wm_set_resumed_activity( 1516): [0,com.android.deskclock/.DeskClock,minimalResumeActivityLocked]
01-05 06:33:07.710 I/am_uid_active( 1516): 10067
01-05 06:33:07.762 I/wm_on_create_called( 7958): [211781801,com.android.deskclock.DeskClock,performCreate]
01-05 06:33:07.763 I/wm_on_start_called( 7958): [211781801,com.android.deskclock.DeskClock,handleStartActivity]
01-05 06:33:07.765 I/wm_on_resume_called( 7958): [211781801,com.android.deskclock.DeskClock,RESUME_ACTIVITY]
01-05 06:33:07.768 I/wm_on_top_resumed_gained_called( 7958): [211781801,com.android.deskclock.DeskClock,topStateChangedWhenResumed]
01-05 06:33:07.841 I/input_focus( 1516): [Focus request fd49af2 com.android.deskclock/com.android.deskclock.DeskClock,reason=UpdateInputWindows]
01-05 06:33:07.861 I/input_focus( 1516): [Focus leaving fdc0eb0 com.android.launcher3/com.android.launcher3.uioverrides.QuickstepLauncher (server),reason=Waiting for window because NOT_VISIBLE]
01-05 06:33:07.863 I/commit_sys_config_file( 1516): [settings-1-0,2]
01-05 06:33:07.897 I/sysui_multi_action( 1516): [319,219,322,218,325,7351,757,761,758,7,759,2,806,com.android.deskclock,871,com.android.deskclock.DeskClock,904,com.android.launcher3,905,0,945,31,1320,4,1321,1]
01-05 06:33:07.897 I/wm_activity_launch_time( 1516): [0,211781801,com.android.deskclock/.DeskClock,218]
01-05 06:33:07.911 I/input_focus( 1516): [Focus entering fd49af2 com.android.deskclock/com.android.deskclock.DeskClock (server),reason=Window became focusable. Previous reason: NOT_VISIBLE]
01-05 06:33:09.136 I/input_interaction( 1516): Interaction with: fd49af2 com.android.deskclock/com.android.deskclock.DeskClock (server), edge-swipe (server), swipe-up (server), PointerEventDispatcher0 (server),
01-05 06:33:09.304 I/wm_relaunch_resume_activity( 1516): [0,211781801,30,com.android.deskclock/.DeskClock]
01-05 06:33:09.304 I/wm_add_to_stopping( 1516): [0,39192225,com.android.launcher3/.uioverrides.QuickstepLauncher,makeInvisible]
01-05 06:33:09.307 I/wm_on_top_resumed_lost_called( 7958): [211781801,com.android.deskclock.DeskClock,pausing]
01-05 06:33:09.307 I/wm_on_paused_called( 7958): [211781801,com.android.deskclock.DeskClock,performPause]
01-05 06:33:09.308 I/wm_on_stop_called( 7958): [211781801,com.android.deskclock.DeskClock,handleRelaunchActivity]
01-05 06:33:09.312 I/wm_on_destroy_called( 7958): [211781801,com.android.deskclock.DeskClock,performDestroy]
01-05 06:33:09.329 I/wm_on_create_called( 7958): [211781801,com.android.deskclock.DeskClock,performCreate]
01-05 06:33:09.347 I/wm_on_start_called( 7958): [211781801,com.android.deskclock.DeskClock,handleStartActivity]
01-05 06:33:09.348 I/wm_on_resume_called( 7958): [211781801,com.android.deskclock.DeskClock,RESUME_ACTIVITY]
01-05 06:33:09.350 I/wm_on_top_resumed_gained_called( 7958): [211781801,com.android.deskclock.DeskClock,topWhenResuming]
01-05 06:33:09.733 I/wm_stop_activity( 1516): [0,39192225,com.android.launcher3/.uioverrides.QuickstepLauncher]
01-05 06:33:09.763 I/wm_on_paused_called( 2835): [39192225,com.android.launcher3.uioverrides.QuickstepLauncher,performPause]
01-05 06:33:09.766 I/wm_on_stop_called( 2835): [39192225,com.android.launcher3.uioverrides.QuickstepLauncher,STOP_ACTIVITY_ITEM]
01-05 06:33:12.026 I/wm_task_moved( 1516): [1,0,0]
01-05 06:33:12.026 I/wm_task_moved( 1516): [1,0,6]
01-05 06:33:12.034 I/wm_on_restart_called( 2835): [39192225,com.android.launcher3.uioverrides.QuickstepLauncher,performRestartActivity]
01-05 06:33:12.051 I/wm_on_start_called( 2835): [39192225,com.android.launcher3.uioverrides.QuickstepLauncher,handleStartActivity]
01-05 06:33:12.052 I/view_enqueue_input_event( 7958): [Motion - Cancel,com.android.deskclock/com.android.deskclock.DeskClock]
01-05 06:33:12.054 I/input_focus( 1516): [Focus request recents_animation_input_consumer,reason=UpdateInputWindows]
01-05 06:33:12.059 I/input_interaction( 1516): Interaction with: edge-swipe (server), swipe-up (server), PointerEventDispatcher0 (server),
01-05 06:33:12.062 I/sysui_latency( 2835): [1,54]
01-05 06:33:12.072 I/input_focus( 1516): [Focus leaving fd49af2 com.android.deskclock/com.android.deskclock.DeskClock (server),reason=NOT_FOCUSABLE]
01-05 06:33:12.072 I/input_focus( 1516): [Focus entering recents_animation_input_consumer (server),reason=setFocusedWindow]
01-05 06:33:12.075 I/sysui_multi_action( 1516): [319,8,322,42,325,7355,757,761,758,9,759,5,806,com.android.launcher3,871,com.android.launcher3.uioverrides.QuickstepLauncher,905,0,1320,8,1321,5]
01-05 06:33:12.252 I/commit_sys_config_file( 1516): [settings-1-0,4]
01-05 06:33:12.370 I/sysui_latency( 1516): [8,57]
01-05 06:33:12.913 I/wm_task_moved( 1516): [1,1,7]
01-05 06:33:12.914 I/wm_focused_root_task( 1516): [0,0,1,30,RecentsAnimation.onAnimationFinished()]
01-05 06:33:12.914 I/wm_on_top_resumed_lost_called( 7958): [211781801,com.android.deskclock.DeskClock,topStateChangedWhenResumed]
