01-05 07:22:32.456 I/am_wtf ( 1516): [0,1516,system_server,-1,DisplayDeviceConfig,requesting nits when no mapping exists.]
01-05 07:22:32.471 I/am_wtf ( 1516): [0,1516,system_server,-1,DisplayDeviceConfig,requesting nits when no mapping exists.]
01-05 07:22:32.472 I/am_wtf ( 1516): [0,1516,system_server,-1,DisplayDeviceConfig,requesting nits when no mapping exists.]
01-05 07:22:32.488 I/am_wtf ( 1516): [0,1516,system_server,-1,DisplayDeviceConfig,requesting nits when no mapping exists.]
01-05 07:22:32.489 I/am_wtf ( 1516): [0,1516,system_server,-1,DisplayDeviceConfig,requesting nits when no mapping exists.]
01-05 07:22:32.505 I/am_wtf ( 1516): [0,1516,system_server,-1,DisplayDeviceConfig,requesting nits when no mapping exists.]
01-05 07:22:32.506 I/am_wtf ( 1516): [0,1516,system_server,-1,DisplayDeviceConfig,requesting nits when no mapping exists.]
01-05 07:22:32.521 I/am_wtf ( 1516): [0,1516,system_server,-1,DisplayDeviceConfig,requesting nits when no mapping exists.]
01-05 07:22:32.522 I/am_wtf ( 1516): [0,1516,system_server,-1,DisplayDeviceConfig,requesting nits when no mapping exists.]
01-05 07:22:32.538 I/am_wtf ( 1516): [0,1516,system_server,-1,DisplayDeviceConfig,requesting nits when no mapping exists.]
01-05 07:22:32.539 I/am_wtf ( 1516): [0,1516,system_server,-1,DisplayDeviceConfig,requesting nits when no mapping exists.]
01-05 07:22:32.555 I/am_wtf ( 1516): [0,1516,system_server,-1,DisplayDeviceConfig,requesting nits when no mapping exists.]
01-05 07:22:32.556 I/am_wtf ( 1516): [0,1516,system_server,-1,DisplayDeviceConfig,requesting nits when no mapping exists.]
01-05 07:22:32.572 I/am_wtf ( 1516): [0,1516,system_server,-1,DisplayDeviceConfig,requesting nits when no mapping exists.]
01-05 07:22:32.572 I/am_wtf ( 1516): [0,1516,system_server,-1,DisplayDeviceConfig,requesting nits when no mapping exists.]
01-05 07:22:32.588 I/am_wtf ( 1516): [0,1516,system_server,-1,DisplayDeviceConfig,requesting nits when no mapping exists.]
01-05 07:22:32.589 I/am_wtf ( 1516): [0,1516,system_server,-1,DisplayDeviceConfig,requesting nits when no mapping exists.]
01-05 07:22:32.605 I/am_wtf ( 1516): [0,1516,system_server,-1,DisplayDeviceConfig,requesting nits when no mapping exists.]
01-05 07:22:32.606 I/am_wtf ( 1516): [0,1516,system_server,-1,DisplayDeviceConfig,requesting nits when no mapping exists.]
01-05 07:22:32.622 I/am_wtf ( 1516): [0,1516,system_server,-1,DisplayDeviceConfig,requesting nits when no mapping exists.]
01-05 07:22:32.622 I/am_wtf ( 1516): [0,1516,system_server,-1,DisplayDeviceConfig,requesting nits when no mapping exists.]
01-05 07:22:32.638 I/am_wtf ( 1516): [0,1516,system_server,-1,DisplayDeviceConfig,requesting nits when no mapping exists.]
01-05 07:22:32.639 I/am_wtf ( 1516): [0,1516,system_server,-1,DisplayDeviceConfig,requesting nits when no mapping exists.]
01-05 07:22:32.655 I/am_wtf ( 1516): [0,1516,system_server,-1,DisplayDeviceConfig,requesting nits when no mapping exists.]
01-05 07:22:32.656 I/am_wtf ( 1516): [0,1516,system_server,-1,DisplayDeviceConfig,requesting nits when no mapping exists.]
01-05 07:22:32.672 I/am_wtf ( 1516): [0,1516,system_server,-1,DisplayDeviceConfig,requesting nits when no mapping exists.]
01-05 07:22:32.673 I/am_wtf ( 1516): [0,1516,system_server,-1,DisplayDeviceConfig,requesting nits when no mapping exists.]
01-05 07:22:32.688 I/am_wtf ( 1516): [0,1516,system_server,-1,DisplayDeviceConfig,requesting nits when no mapping exists.]
01-05 07:22:32.690 I/am_wtf ( 1516): [0,1516,system_server,-1,DisplayDeviceConfig,requesting nits when no mapping exists.]
01-05 07:22:32.705 I/am_wtf ( 1516): [0,1516,system_server,-1,DisplayDeviceConfig,requesting nits when no mapping exists.]
01-05 07:22:32.706 I/am_wtf ( 1516): [0,1516,system_server,-1,DisplayDeviceConfig,requesting nits when no mapping exists.]
01-05 07:22:32.722 I/am_wtf ( 1516): [0,1516,system_server,-1,DisplayDeviceConfig,requesting nits when no mapping exists.]
01-05 07:22:32.723 I/am_wtf ( 1516): [0,1516,system_server,-1,DisplayDeviceConfig,requesting nits when no mapping exists.]
01-05 07:22:32.738 I/am_wtf ( 1516): [0,1516,system_server,-1,DisplayDeviceConfig,requesting nits when no mapping exists.]
01-05 07:22:32.739 I/am_wtf ( 1516): [0,1516,system_server,-1,DisplayDeviceConfig,requesting nits when no mapping exists.]
01-05 07:22:32.755 I/am_wtf ( 1516): [0,1516,system_server,-1,DisplayDeviceConfig,requesting nits when no mapping exists.]
01-05 07:22:32.756 I/am_wtf ( 1516): [0,1516,system_server,-1,DisplayDeviceConfig,requesting nits when no mapping exists.]
01-05 07:22:32.772 I/am_wtf ( 1516): [0,1516,system_server,-1,DisplayDeviceConfig,requesting nits when no mapping exists.]
01-05 07:22:32.772 I/am_wtf ( 1516): [0,1516,system_server,-1,DisplayDeviceConfig,requesting nits when no mapping exists.]
01-05 07:22:32.788 I/am_wtf ( 1516): [0,1516,system_server,-1,DisplayDeviceConfig,requesting nits when no mapping exists.]
01-05 07:22:32.789 I/am_wtf ( 1516): [0,1516,system_server,-1,DisplayDeviceConfig,requesting nits when no mapping exists.]
01-05 07:22:32.805 I/am_wtf ( 1516): [0,1516,system_server,-1,DisplayDeviceConfig,requesting nits when no mapping exists.]
01-05 07:22:32.806 I/am_wtf ( 1516): [0,1516,system_server,-1,DisplayDeviceConfig,requesting nits when no mapping exists.]
01-05 07:22:32.822 I/am_wtf ( 1516): [0,1516,system_server,-1,DisplayDeviceConfig,requesting nits when no mapping exists.]
01-05 07:22:32.823 I/am_wtf ( 1516): [0,1516,system_server,-1,DisplayDeviceConfig,requesting nits when no mapping exists.]
01-05 07:22:32.839 I/am_wtf ( 1516): [0,1516,system_server,-1,DisplayDeviceConfig,requesting nits when no mapping exists.]
01-05 07:22:32.840 I/am_wtf ( 1516): [0,1516,system_server,-1,DisplayDeviceConfig,requesting nits when no mapping exists.]
01-05 07:22:32.855 I/am_wtf ( 1516): [0,1516,system_server,-1,DisplayDeviceConfig,requesting nits when no mapping exists.]
01-05 07:22:32.856 I/am_wtf ( 1516): [0,1516,system_server,-1,DisplayDeviceConfig,requesting nits when no mapping exists.]
01-05 07:22:32.872 I/am_wtf ( 1516): [0,1516,system_server,-1,DisplayDeviceConfig,requesting nits when no mapping exists.]
01-05 07:22:32.873 I/am_wtf ( 1516): [0,1516,system_server,-1,DisplayDeviceConfig,requesting nits when no mapping exists.]
01-05 07:22:32.889 I/am_wtf ( 1516): [0,1516,system_server,-1,DisplayDeviceConfig,requesting nits when no mapping exists.]
01-05 07:22:32.890 I/am_wtf ( 1516): [0,1516,system_server,-1,DisplayDeviceConfig,requesting nits when no mapping exists.]
01-05 07:22:32.905 I/am_wtf ( 1516): [0,1516,system_server,-1,DisplayDeviceConfig,requesting nits when no mapping exists.]
01-05 07:22:32.906 I/am_wtf ( 1516): [0,1516,system_server,-1,DisplayDeviceConfig,requesting nits when no mapping exists.]
01-05 07:22:32.922 I/am_wtf ( 1516): [0,1516,system_server,-1,DisplayDeviceConfig,requesting nits when no mapping exists.]
01-05 07:22:32.923 I/am_wtf ( 1516): [0,1516,system_server,-1,DisplayDeviceConfig,requesting nits when no mapping exists.]
01-05 07:22:32.939 I/am_wtf ( 1516): [0,1516,system_server,-1,DisplayDeviceConfig,requesting nits when no mapping exists.]
01-05 07:22:32.940 I/am_wtf ( 1516): [0,1516,system_server,-1,DisplayDeviceConfig,requesting nits when no mapping exists.]
01-05 07:22:32.955 I/am_wtf ( 1516): [0,1516,system_server,-1,DisplayDeviceConfig,requesting nits when no mapping exists.]
01-05 07:22:32.956 I/am_wtf ( 1516): [0,1516,system_server,-1,DisplayDeviceConfig,requesting nits when no mapping exists.]
01-05 07:22:32.972 I/am_wtf ( 1516): [0,1516,system_server,-1,DisplayDeviceConfig,requesting nits when no mapping exists.]
01-05 07:22:32.973 I/am_wtf ( 1516): [0,1516,system_server,-1,DisplayDeviceConfig,requesting nits when no mapping exists.]
01-05 07:22:32.989 I/am_wtf ( 1516): [0,1516,system_server,-1,DisplayDeviceConfig,requesting nits when no mapping exists.]
01-05 07:22:32.990 I/am_wtf ( 1516): [0,1516,system_server,-1,DisplayDeviceConfig,requesting nits when no mapping exists.]
01-05 07:22:33.006 I/am_wtf ( 1516): [0,1516,system_server,-1,DisplayDeviceConfig,requesting nits when no mapping exists.]
01-05 07:22:33.007 I/am_wtf ( 1516): [0,1516,system_server,-1,DisplayDeviceConfig,requesting nits when no mapping exists.]
01-05 07:22:33.022 I/am_wtf ( 1516): [0,1516,system_server,-1,DisplayDeviceConfig,requesting nits when no mapping exists.]
01-05 07:22:33.023 I/am_wtf ( 1516): [0,1516,system_server,-1,DisplayDeviceConfig,requesting nits when no mapping exists.]
01-05 07:22:33.039 I/am_wtf ( 1516): [0,1516,system_server,-1,DisplayDeviceConfig,requesting nits when no mapping exists.]
01-05 07:22:33.040 I/am_wtf ( 1516): [0,1516,system_server,-1,DisplayDeviceConfig,requesting nits when no mapping exists.]
01-05 07:22:33.057 I/am_wtf ( 1516): [0,1516,system_server,-1,DisplayDeviceConfig,requesting nits when no mapping exists.]
01-05 07:22:33.058 I/am_wtf ( 1516): [0,1516,system_server,-1,DisplayDeviceConfig,requesting nits when no mapping exists.]
01-05 07:22:33.073 I/am_wtf ( 1516): [0,1516,system_server,-1,DisplayDeviceConfig,requesting nits when no mapping exists.]
01-05 07:22:33.073 I/am_wtf ( 1516): [0,1516,system_server,-1,DisplayDeviceConfig,requesting nits when no mapping exists.]
01-05 07:22:33.089 I/am_wtf ( 1516): [0,1516,system_server,-1,DisplayDeviceConfig,requesting nits when no mapping exists.]
01-05 07:22:33.090 I/am_wtf ( 1516): [0,1516,system_server,-1,DisplayDeviceConfig,requesting nits when no mapping exists.]
01-05 07:22:33.106 I/am_wtf ( 1516): [0,1516,system_server,-1,DisplayDeviceConfig,requesting nits when no mapping exists.]
01-05 07:22:33.107 I/am_wtf ( 1516): [0,1516,system_server,-1,DisplayDeviceConfig,requesting nits when no mapping exists.]
01-05 07:22:39.127 I/sysui_multi_action( 1516): [757,222,758,1]
01-05 07:22:39.129 I/am_uid_active( 1516): 10052
01-05 07:22:39.133 I/service_manager_stats( 1516): [116,56,6971]
01-05 07:22:39.145 I/wm_task_created( 1516): [49,-1]
01-05 07:22:39.150 I/wm_task_moved( 1516): [49,1,6]
01-05 07:22:39.150 I/wm_task_to_front( 1516): [0,49]
01-05 07:22:39.150 I/wm_create_task( 1516): [0,49]
01-05 07:22:39.150 I/wm_create_activity( 1516): [0,145586621,49,com.thundercomm.screensaver/android.service.dreams.DreamActivity,NULL,NULL,NULL,276824064]
01-05 07:22:39.150 I/wm_task_moved( 1516): [49,1,6]
01-05 07:22:39.150 I/wm_on_top_resumed_lost_called( 2835): [39192225,com.android.launcher3.uioverrides.QuickstepLauncher,topStateChangedWhenResumed]
01-05 07:22:39.150 I/wm_pause_activity( 1516): [0,39192225,com.android.launcher3/.uioverrides.QuickstepLauncher,userLeaving=true,pauseBackTasks]
01-05 07:22:39.150 I/am_pss ( 1516): [2835,10075,com.android.launcher3,159363072,137160704,0,307255296,0,2,17]
01-05 07:22:39.152 I/wm_on_paused_called( 2835): [39192225,com.android.launcher3.uioverrides.QuickstepLauncher,performPause]
01-05 07:22:39.153 I/wm_add_to_stopping( 1516): [0,39192225,com.android.launcher3/.uioverrides.QuickstepLauncher,makeInvisible]
01-05 07:22:39.154 I/wm_restart_activity( 1516): [0,145586621,49,com.thundercomm.screensaver/android.service.dreams.DreamActivity]
01-05 07:22:39.154 I/wm_set_resumed_activity( 1516): [0,com.thundercomm.screensaver/android.service.dreams.DreamActivity,minimalResumeActivityLocked]
01-05 07:22:39.158 I/am_pss ( 1516): [9384,1000,com.android.settings,25023488,13811712,0,119070720,0,19,7]
01-05 07:22:39.160 I/sysui_multi_action( 1516): [757,803,799,window_time_0,802,126]
01-05 07:22:39.161 I/wm_on_create_called( 5252): [145586621,android.service.dreams.DreamActivity,performCreate]
01-05 07:22:39.161 I/wm_on_start_called( 5252): [145586621,android.service.dreams.DreamActivity,handleStartActivity]
01-05 07:22:39.161 I/wm_on_resume_called( 5252): [145586621,android.service.dreams.DreamActivity,RESUME_ACTIVITY]
01-05 07:22:39.164 I/sysui_multi_action( 1516): [757,128,758,1,793,10229671,794,0,795,10229671,796,26,798,0,806,android,857,DEVELOPER_IMPORTANT,858,4,947,0,1395,3,1500,10229466,1688,1]
01-05 07:22:39.164 I/sysui_multi_action( 1516): [757,804,799,note_freshness,801,10229671,802,1]
01-05 07:22:39.164 I/notification_visibility( 1516): [-1|android|26|null|1000,1,10229671,10229671,0,0]
01-05 07:22:39.164 I/sysui_multi_action( 1516): [757,128,758,1,793,284471,794,0,795,284471,796,4273,798,1,806,com.android.systemui,857,screen_record,858,3,947,0,1395,3,1500,284270,1688,1,1745,680407814]
01-05 07:22:39.164 I/sysui_multi_action( 1516): [757,804,799,note_freshness,801,284471,802,1]
01-05 07:22:39.164 I/notification_visibility( 1516): [0|com.android.systemui|4273|null|10081,1,284471,284471,0,1]
01-05 07:22:39.164 I/sysui_multi_action( 1516): [757,128,758,1,793,10298130,794,0,795,10298130,796,32,798,2,806,android,857,USB,858,1,947,0,1395,3,1500,10297978,1688,1]
01-05 07:22:39.165 I/sysui_multi_action( 1516): [757,804,799,note_freshness,801,10298130,802,1]
01-05 07:22:39.165 I/notification_visibility( 1516): [-1|android|32|null|1000,1,10298130,10298130,0,2]
01-05 07:22:39.165 I/wm_on_top_resumed_gained_called( 5252): [145586621,android.service.dreams.DreamActivity,topStateChangedWhenResumed]
01-05 07:22:39.169 I/am_uid_active( 1516): 10066
01-05 07:22:39.171 I/input_focus( 1516): [Focus leaving 94a0fc2 NotificationShade (server),reason=NOT_FOCUSABLE]
01-05 07:22:39.180 I/input_focus( 1516): [Focus request 3af2375 com.thundercomm.screensaver/android.service.dreams.DreamActivity,reason=UpdateInputWindows]
01-05 07:22:39.190 I/sysui_multi_action( 1516): [319,47,322,46,325,10323,757,761,758,8,759,2,806,com.thundercomm.screensaver,871,android.service.dreams.DreamActivity,904,com.thundercomm.screensaver,905,0,1320,4,1321,2]
01-05 07:22:39.191 I/sysui_multi_action( 2367): [757,111,758,2]
01-05 07:22:39.191 I/wm_activity_launch_time( 1516): [0,145586621,com.thundercomm.screensaver/android.service.dreams.DreamActivity,46]
01-05 07:22:39.191 I/notification_enqueue( 1516): [10081,2367,com.android.systemui,2048,NULL,0,Notification(channel=updateNotification shortcut=null contentView=null vibrate=null sound=null defaults=0x0 flags=0x0 color=0x00000000 vis=PRIVATE),1]
01-05 07:22:39.192 I/sysui_multi_action( 2367): [757,111,758,2]
01-05 07:22:39.193 I/sysui_multi_action( 1516): [757,1696,758,6,759,3]
01-05 07:22:39.203 I/am_wtf ( 1516): [0,1516,system_server,-1,DisplayDeviceConfig,requesting nits when no mapping exists.]
01-05 07:22:39.203 I/sysui_multi_action( 2367): [757,111,758,1]
01-05 07:22:39.203 I/sysui_multi_action( 2367): [757,126,758,1,759,126,927,0,928,0,1593,1]
01-05 07:22:39.203 I/sysui_multi_action( 2367): [757,113,758,1,759,113,927,1,928,1,1593,1]
01-05 07:22:39.203 I/sysui_multi_action( 2367): [757,0,758,1,759,0,927,2,928,0,1593,1]
01-05 07:22:39.203 I/sysui_multi_action( 2367): [757,0,758,1,759,0,927,3,928,0,1593,1]
01-05 07:22:39.203 I/am_wtf ( 1516): [0,1516,system_server,-1,DisplayDeviceConfig,requesting nits when no mapping exists.]
01-05 07:22:39.203 I/sysui_multi_action( 2367): [757,491,758,1,759,491,927,4,928,0,1311,-1,1593,0]
01-05 07:22:39.203 I/sysui_multi_action( 2367): [757,0,758,1,759,0,927,5,928,0,1593,0]
01-05 07:22:39.203 I/sysui_multi_action( 2367): [757,111,758,1]
01-05 07:22:39.203 I/sysui_multi_action( 2367): [757,126,758,1,759,126,927,0,928,0,1593,1]
01-05 07:22:39.203 I/sysui_multi_action( 2367): [757,113,758,1,759,113,927,1,928,1,1593,1]
01-05 07:22:39.204 I/sysui_multi_action( 2367): [757,0,758,1,759,0,927,2,928,0,1593,1]
01-05 07:22:39.204 I/sysui_multi_action( 2367): [757,0,758,1,759,0,927,3,928,0,1593,1]
01-05 07:22:39.220 I/am_wtf ( 1516): [0,1516,system_server,-1,DisplayDeviceConfig,requesting nits when no mapping exists.]
01-05 07:22:39.220 I/input_focus( 1516): [Focus entering 3af2375 com.thundercomm.screensaver/android.service.dreams.DreamActivity (server),reason=Window became focusable. Previous reason: NOT_VISIBLE]
01-05 07:22:39.220 I/am_wtf ( 1516): [0,1516,system_server,-1,DisplayDeviceConfig,requesting nits when no mapping exists.]
01-05 07:22:39.237 I/am_wtf ( 1516): [0,1516,system_server,-1,DisplayDeviceConfig,requesting nits when no mapping exists.]
01-05 07:22:39.237 I/am_wtf ( 1516): [0,1516,system_server,-1,DisplayDeviceConfig,requesting nits when no mapping exists.]
01-05 07:22:39.253 I/am_wtf ( 1516): [0,1516,system_server,-1,DisplayDeviceConfig,requesting nits when no mapping exists.]
01-05 07:22:39.254 I/am_wtf ( 1516): [0,1516,system_server,-1,DisplayDeviceConfig,requesting nits when no mapping exists.]
01-05 07:22:39.270 I/am_wtf ( 1516): [0,1516,system_server,-1,DisplayDeviceConfig,requesting nits when no mapping exists.]
01-05 07:22:39.270 I/am_wtf ( 1516): [0,1516,system_server,-1,DisplayDeviceConfig,requesting nits when no mapping exists.]
01-05 07:22:39.287 I/am_wtf ( 1516): [0,1516,system_server,-1,DisplayDeviceConfig,requesting nits when no mapping exists.]
01-05 07:22:39.287 I/am_wtf ( 1516): [0,1516,system_server,-1,DisplayDeviceConfig,requesting nits when no mapping exists.]
01-05 07:22:39.304 I/am_wtf ( 1516): [0,1516,system_server,-1,DisplayDeviceConfig,requesting nits when no mapping exists.]
01-05 07:22:39.304 I/am_wtf ( 1516): [0,1516,system_server,-1,DisplayDeviceConfig,requesting nits when no mapping exists.]
01-05 07:22:39.320 I/am_wtf ( 1516): [0,1516,system_server,-1,DisplayDeviceConfig,requesting nits when no mapping exists.]
01-05 07:22:39.320 I/am_wtf ( 1516): [0,1516,system_server,-1,DisplayDeviceConfig,requesting nits when no mapping exists.]
01-05 07:22:39.336 I/am_wtf ( 1516): [0,1516,system_server,-1,DisplayDeviceConfig,requesting nits when no mapping exists.]
01-05 07:22:39.337 I/am_wtf ( 1516): [0,1516,system_server,-1,DisplayDeviceConfig,requesting nits when no mapping exists.]
01-05 07:22:39.354 I/am_wtf ( 1516): [0,1516,system_server,-1,DisplayDeviceConfig,requesting nits when no mapping exists.]
01-05 07:22:39.354 I/am_wtf ( 1516): [0,1516,system_server,-1,DisplayDeviceConfig,requesting nits when no mapping exists.]
01-05 07:22:39.370 I/am_wtf ( 1516): [0,1516,system_server,-1,DisplayDeviceConfig,requesting nits when no mapping exists.]
01-05 07:22:39.371 I/am_wtf ( 1516): [0,1516,system_server,-1,DisplayDeviceConfig,requesting nits when no mapping exists.]
01-05 07:22:39.387 I/am_wtf ( 1516): [0,1516,system_server,-1,DisplayDeviceConfig,requesting nits when no mapping exists.]
01-05 07:22:39.388 I/am_wtf ( 1516): [0,1516,system_server,-1,DisplayDeviceConfig,requesting nits when no mapping exists.]
01-05 07:22:39.403 I/am_wtf ( 1516): [0,1516,system_server,-1,DisplayDeviceConfig,requesting nits when no mapping exists.]
01-05 07:22:39.403 I/am_wtf ( 1516): [0,1516,system_server,-1,DisplayDeviceConfig,requesting nits when no mapping exists.]
01-05 07:22:39.420 I/am_wtf ( 1516): [0,1516,system_server,-1,DisplayDeviceConfig,requesting nits when no mapping exists.]
01-05 07:22:39.421 I/am_wtf ( 1516): [0,1516,system_server,-1,DisplayDeviceConfig,requesting nits when no mapping exists.]
01-05 07:22:39.437 I/am_wtf ( 1516): [0,1516,system_server,-1,DisplayDeviceConfig,requesting nits when no mapping exists.]
01-05 07:22:39.437 I/am_wtf ( 1516): [0,1516,system_server,-1,DisplayDeviceConfig,requesting nits when no mapping exists.]
01-05 07:22:39.453 I/am_wtf ( 1516): [0,1516,system_server,-1,DisplayDeviceConfig,requesting nits when no mapping exists.]
01-05 07:22:39.454 I/am_wtf ( 1516): [0,1516,system_server,-1,DisplayDeviceConfig,requesting nits when no mapping exists.]
01-05 07:22:39.454 I/notification_enqueue( 1516): [10081,2367,com.android.systemui,2048,NULL,0,Notification(channel=updateNotification shortcut=null contentView=null vibrate=null sound=null defaults=0x0 flags=0x0 color=0x00000000 vis=PRIVATE),1]
01-05 07:22:39.455 I/sysui_multi_action( 2367): [757,111,758,2]
01-05 07:22:39.455 I/sysui_multi_action( 2367): [757,111,758,2]
01-05 07:22:39.470 I/am_wtf ( 1516): [0,1516,system_server,-1,DisplayDeviceConfig,requesting nits when no mapping exists.]
01-05 07:22:39.471 I/am_wtf ( 1516): [0,1516,system_server,-1,DisplayDeviceConfig,requesting nits when no mapping exists.]
01-05 07:22:39.488 I/am_wtf ( 1516): [0,1516,system_server,-1,DisplayDeviceConfig,requesting nits when no mapping exists.]
01-05 07:22:39.488 I/am_wtf ( 1516): [0,1516,system_server,-1,DisplayDeviceConfig,requesting nits when no mapping exists.]
01-05 07:22:39.489 I/wm_stop_activity( 1516): [0,39192225,com.android.launcher3/.uioverrides.QuickstepLauncher]
01-05 07:22:39.504 I/am_wtf ( 1516): [0,1516,system_server,-1,DisplayDeviceConfig,requesting nits when no mapping exists.]
01-05 07:22:39.504 I/am_wtf ( 1516): [0,1516,system_server,-1,DisplayDeviceConfig,requesting nits when no mapping exists.]
01-05 07:22:39.512 I/wm_on_stop_called( 2835): [39192225,com.android.launcher3.uioverrides.QuickstepLauncher,STOP_ACTIVITY_ITEM]
01-05 07:22:39.521 I/am_wtf ( 1516): [0,1516,system_server,-1,DisplayDeviceConfig,requesting nits when no mapping exists.]
01-05 07:22:39.522 I/am_wtf ( 1516): [0,1516,system_server,-1,DisplayDeviceConfig,requesting nits when no mapping exists.]
01-05 07:22:39.537 I/am_wtf ( 1516): [0,1516,system_server,-1,DisplayDeviceConfig,requesting nits when no mapping exists.]
01-05 07:22:39.537 I/am_wtf ( 1516): [0,1516,system_server,-1,DisplayDeviceConfig,requesting nits when no mapping exists.]
01-05 07:22:39.553 I/am_wtf ( 1516): [0,1516,system_server,-1,DisplayDeviceConfig,requesting nits when no mapping exists.]
01-05 07:22:39.554 I/am_wtf ( 1516): [0,1516,system_server,-1,DisplayDeviceConfig,requesting nits when no mapping exists.]
01-05 07:22:39.570 I/am_wtf ( 1516): [0,1516,system_server,-1,DisplayDeviceConfig,requesting nits when no mapping exists.]
01-05 07:22:39.570 I/am_wtf ( 1516): [0,1516,system_server,-1,DisplayDeviceConfig,requesting nits when no mapping exists.]
01-05 07:22:39.588 I/am_wtf ( 1516): [0,1516,system_server,-1,DisplayDeviceConfig,requesting nits when no mapping exists.]
01-05 07:22:39.588 I/am_wtf ( 1516): [0,1516,system_server,-1,DisplayDeviceConfig,requesting nits when no mapping exists.]
01-05 07:22:39.604 I/am_wtf ( 1516): [0,1516,system_server,-1,DisplayDeviceConfig,requesting nits when no mapping exists.]
01-05 07:22:39.604 I/am_wtf ( 1516): [0,1516,system_server,-1,DisplayDeviceConfig,requesting nits when no mapping exists.]
01-05 07:22:39.621 I/am_wtf ( 1516): [0,1516,system_server,-1,DisplayDeviceConfig,requesting nits when no mapping exists.]
01-05 07:22:39.621 I/am_wtf ( 1516): [0,1516,system_server,-1,DisplayDeviceConfig,requesting nits when no mapping exists.]
01-05 07:22:39.637 I/am_wtf ( 1516): [0,1516,system_server,-1,DisplayDeviceConfig,requesting nits when no mapping exists.]
01-05 07:22:39.638 I/am_wtf ( 1516): [0,1516,system_server,-1,DisplayDeviceConfig,requesting nits when no mapping exists.]
01-05 07:22:39.655 I/am_wtf ( 1516): [0,1516,system_server,-1,DisplayDeviceConfig,requesting nits when no mapping exists.]
01-05 07:22:39.655 I/am_wtf ( 1516): [0,1516,system_server,-1,DisplayDeviceConfig,requesting nits when no mapping exists.]
01-05 07:22:39.664 I/sysui_multi_action( 1516): [757,128,758,2,793,10230171,794,500,795,10230171,796,26,798,0,806,android,857,DEVELOPER_IMPORTANT,858,4,947,0,1395,3,1500,10229966,1688,1]
01-05 07:22:39.664 I/notification_visibility( 1516): [-1|android|26|null|1000,0,10230171,10230171,0,0]
01-05 07:22:39.664 I/sysui_multi_action( 1516): [757,128,758,2,793,284971,794,500,795,284971,796,4273,798,1,806,com.android.systemui,857,screen_record,858,3,947,0,1395,3,1500,284770,1688,1,1745,680407814]
01-05 07:22:39.664 I/notification_visibility( 1516): [0|com.android.systemui|4273|null|10081,0,284971,284971,0,1]
01-05 07:22:39.664 I/sysui_multi_action( 1516): [757,128,758,2,793,10298630,794,500,795,10298630,796,32,798,2,806,android,857,USB,858,1,947,0,1395,3,1500,10298478,1688,1]
01-05 07:22:39.664 I/notification_visibility( 1516): [-1|android|32|null|1000,0,10298630,10298630,0,2]
01-05 07:22:39.665 I/sysui_multi_action( 1516): [757,127,758,2]
01-05 07:22:39.665 I/notification_panel_hidden( 1516):
01-05 07:22:39.671 I/am_wtf ( 1516): [0,1516,system_server,-1,DisplayDeviceConfig,requesting nits when no mapping exists.]
01-05 07:22:39.671 I/am_wtf ( 1516): [0,1516,system_server,-1,DisplayDeviceConfig,requesting nits when no mapping exists.]
01-05 07:22:39.688 I/am_wtf ( 1516): [0,1516,system_server,-1,DisplayDeviceConfig,requesting nits when no mapping exists.]
01-05 07:22:39.688 I/am_wtf ( 1516): [0,1516,system_server,-1,DisplayDeviceConfig,requesting nits when no mapping exists.]
01-05 07:22:39.704 I/am_wtf ( 1516): [0,1516,system_server,-1,DisplayDeviceConfig,requesting nits when no mapping exists.]
01-05 07:22:39.705 I/am_wtf ( 1516): [0,1516,system_server,-1,DisplayDeviceConfig,requesting nits when no mapping exists.]
01-05 07:22:39.721 I/am_wtf ( 1516): [0,1516,system_server,-1,DisplayDeviceConfig,requesting nits when no mapping exists.]
01-05 07:22:39.721 I/am_wtf ( 1516): [0,1516,system_server,-1,DisplayDeviceConfig,requesting nits when no mapping exists.]
01-05 07:22:39.738 I/am_wtf ( 1516): [0,1516,system_server,-1,DisplayDeviceConfig,requesting nits when no mapping exists.]
01-05 07:22:39.738 I/am_wtf ( 1516): [0,1516,system_server,-1,DisplayDeviceConfig,requesting nits when no mapping exists.]
01-05 07:22:39.754 I/am_wtf ( 1516): [0,1516,system_server,-1,DisplayDeviceConfig,requesting nits when no mapping exists.]
01-05 07:22:39.755 I/am_wtf ( 1516): [0,1516,system_server,-1,DisplayDeviceConfig,requesting nits when no mapping exists.]
01-05 07:22:39.772 I/am_wtf ( 1516): [0,1516,system_server,-1,DisplayDeviceConfig,requesting nits when no mapping exists.]
01-05 07:22:39.772 I/am_wtf ( 1516): [0,1516,system_server,-1,DisplayDeviceConfig,requesting nits when no mapping exists.]
01-05 07:22:39.788 I/am_wtf ( 1516): [0,1516,system_server,-1,DisplayDeviceConfig,requesting nits when no mapping exists.]
01-05 07:22:39.788 I/am_wtf ( 1516): [0,1516,system_server,-1,DisplayDeviceConfig,requesting nits when no mapping exists.]
01-05 07:22:39.805 I/am_wtf ( 1516): [0,1516,system_server,-1,DisplayDeviceConfig,requesting nits when no mapping exists.]
01-05 07:22:39.805 I/am_wtf ( 1516): [0,1516,system_server,-1,DisplayDeviceConfig,requesting nits when no mapping exists.]
01-05 07:22:39.821 I/am_wtf ( 1516): [0,1516,system_server,-1,DisplayDeviceConfig,requesting nits when no mapping exists.]
01-05 07:22:39.822 I/am_wtf ( 1516): [0,1516,system_server,-1,DisplayDeviceConfig,requesting nits when no mapping exists.]
01-05 07:22:39.838 I/am_wtf ( 1516): [0,1516,system_server,-1,DisplayDeviceConfig,requesting nits when no mapping exists.]
01-05 07:22:39.839 I/am_wtf ( 1516): [0,1516,system_server,-1,DisplayDeviceConfig,requesting nits when no mapping exists.]
01-05 07:22:39.855 I/am_wtf ( 1516): [0,1516,system_server,-1,DisplayDeviceConfig,requesting nits when no mapping exists.]
01-05 07:22:39.855 I/am_wtf ( 1516): [0,1516,system_server,-1,DisplayDeviceConfig,requesting nits when no mapping exists.]
01-05 07:22:39.871 I/am_wtf ( 1516): [0,1516,system_server,-1,DisplayDeviceConfig,requesting nits when no mapping exists.]
01-05 07:22:39.872 I/am_wtf ( 1516): [0,1516,system_server,-1,DisplayDeviceConfig,requesting nits when no mapping exists.]
01-05 07:22:39.889 I/am_wtf ( 1516): [0,1516,system_server,-1,DisplayDeviceConfig,requesting nits when no mapping exists.]
01-05 07:22:39.889 I/am_wtf ( 1516): [0,1516,system_server,-1,DisplayDeviceConfig,requesting nits when no mapping exists.]
01-05 07:22:39.906 I/am_wtf ( 1516): [0,1516,system_server,-1,DisplayDeviceConfig,requesting nits when no mapping exists.]
01-05 07:22:39.906 I/am_wtf ( 1516): [0,1516,system_server,-1,DisplayDeviceConfig,requesting nits when no mapping exists.]
01-05 07:22:39.922 I/am_wtf ( 1516): [0,1516,system_server,-1,DisplayDeviceConfig,requesting nits when no mapping exists.]
01-05 07:22:39.922 I/am_wtf ( 1516): [0,1516,system_server,-1,DisplayDeviceConfig,requesting nits when no mapping exists.]
01-05 07:22:39.939 I/am_wtf ( 1516): [0,1516,system_server,-1,DisplayDeviceConfig,requesting nits when no mapping exists.]
01-05 07:22:39.939 I/am_wtf ( 1516): [0,1516,system_server,-1,DisplayDeviceConfig,requesting nits when no mapping exists.]
01-05 07:22:39.956 I/am_wtf ( 1516): [0,1516,system_server,-1,DisplayDeviceConfig,requesting nits when no mapping exists.]
01-05 07:22:39.956 I/am_wtf ( 1516): [0,1516,system_server,-1,DisplayDeviceConfig,requesting nits when no mapping exists.]
01-05 07:22:39.972 I/am_wtf ( 1516): [0,1516,system_server,-1,DisplayDeviceConfig,requesting nits when no mapping exists.]
01-05 07:22:39.972 I/am_wtf ( 1516): [0,1516,system_server,-1,DisplayDeviceConfig,requesting nits when no mapping exists.]
01-05 07:22:39.989 I/am_wtf ( 1516): [0,1516,system_server,-1,DisplayDeviceConfig,requesting nits when no mapping exists.]
01-05 07:22:39.989 I/am_wtf ( 1516): [0,1516,system_server,-1,DisplayDeviceConfig,requesting nits when no mapping exists.]
01-05 07:22:40.005 I/am_wtf ( 1516): [0,1516,system_server,-1,DisplayDeviceConfig,requesting nits when no mapping exists.]
01-05 07:22:40.006 I/am_wtf ( 1516): [0,1516,system_server,-1,DisplayDeviceConfig,requesting nits when no mapping exists.]
01-05 07:22:40.022 I/am_wtf ( 1516): [0,1516,system_server,-1,DisplayDeviceConfig,requesting nits when no mapping exists.]
01-05 07:22:40.023 I/am_wtf ( 1516): [0,1516,system_server,-1,DisplayDeviceConfig,requesting nits when no mapping exists.]
01-05 07:22:40.039 I/am_wtf ( 1516): [0,1516,system_server,-1,DisplayDeviceConfig,requesting nits when no mapping exists.]
01-05 07:22:40.039 I/am_wtf ( 1516): [0,1516,system_server,-1,DisplayDeviceConfig,requesting nits when no mapping exists.]
01-05 07:22:40.055 I/am_wtf ( 1516): [0,1516,system_server,-1,DisplayDeviceConfig,requesting nits when no mapping exists.]
01-05 07:22:40.056 I/am_wtf ( 1516): [0,1516,system_server,-1,DisplayDeviceConfig,requesting nits when no mapping exists.]
01-05 07:22:40.072 I/am_wtf ( 1516): [0,1516,system_server,-1,DisplayDeviceConfig,requesting nits when no mapping exists.]
01-05 07:22:40.072 I/am_wtf ( 1516): [0,1516,system_server,-1,DisplayDeviceConfig,requesting nits when no mapping exists.]
01-05 07:22:40.089 I/am_wtf ( 1516): [0,1516,system_server,-1,DisplayDeviceConfig,requesting nits when no mapping exists.]
01-05 07:22:40.089 I/am_wtf ( 1516): [0,1516,system_server,-1,DisplayDeviceConfig,requesting nits when no mapping exists.]
01-05 07:22:40.106 I/am_wtf ( 1516): [0,1516,system_server,-1,DisplayDeviceConfig,requesting nits when no mapping exists.]
01-05 07:22:40.106 I/am_wtf ( 1516): [0,1516,system_server,-1,DisplayDeviceConfig,requesting nits when no mapping exists.]
01-05 07:22:40.122 I/am_wtf ( 1516): [0,1516,system_server,-1,DisplayDeviceConfig,requesting nits when no mapping exists.]
01-05 07:22:40.122 I/am_wtf ( 1516): [0,1516,system_server,-1,DisplayDeviceConfig,requesting nits when no mapping exists.]
01-05 07:22:40.139 I/am_wtf ( 1516): [0,1516,system_server,-1,DisplayDeviceConfig,requesting nits when no mapping exists.]
01-05 07:22:40.139 I/am_wtf ( 1516): [0,1516,system_server,-1,DisplayDeviceConfig,requesting nits when no mapping exists.]
01-05 07:22:40.155 I/am_wtf ( 1516): [0,1516,system_server,-1,DisplayDeviceConfig,requesting nits when no mapping exists.]
01-05 07:22:40.155 I/am_wtf ( 1516): [0,1516,system_server,-1,DisplayDeviceConfig,requesting nits when no mapping exists.]
01-05 07:22:41.907 I/input_interaction( 1516): Interaction with: 3af2375 com.thundercomm.screensaver/android.service.dreams.DreamActivity (server), edge-swipe (server), swipe-up (server), PointerEventDispatcher0 (server),
01-05 07:22:41.909 I/wm_finish_activity( 1516): [0,145586621,49,com.thundercomm.screensaver/android.service.dreams.DreamActivity,finish-activity]
01-05 07:22:41.909 I/wm_task_moved( 1516): [1,1,5]
01-05 07:22:41.910 I/wm_task_moved( 1516): [10,1,2147483647]
01-05 07:22:41.910 I/wm_task_to_front( 1516): [0,10]
01-05 07:22:41.910 I/wm_focused_root_task( 1516): [0,0,1,49,finish-top adjustFocusToNextFocusableTask]
01-05 07:22:41.910 I/wm_set_resumed_activity( 1516): [0,com.android.launcher3/.uioverrides.QuickstepLauncher,finish-top adjustFocusToNextFocusableTask]
01-05 07:22:41.911 I/wm_pause_activity( 1516): [0,145586621,com.thundercomm.screensaver/android.service.dreams.DreamActivity,userLeaving=false,finish]
01-05 07:22:41.918 I/wm_on_top_resumed_lost_called( 5252): [145586621,android.service.dreams.DreamActivity,topStateChangedWhenResumed]
01-05 07:22:41.918 I/sysui_multi_action( 1516): [757,803,799,window_time_0,802,2]
01-05 07:22:41.920 I/wm_on_paused_called( 5252): [145586621,android.service.dreams.DreamActivity,performPause]
01-05 07:22:41.920 I/wm_add_to_stopping( 1516): [0,145586621,com.thundercomm.screensaver/android.service.dreams.DreamActivity,completeFinishing]
01-05 07:22:41.923 I/wm_set_resumed_activity( 1516): [0,com.android.launcher3/.uioverrides.QuickstepLauncher,resumeTopActivityInnerLocked]
01-05 07:22:41.928 I/wm_resume_activity( 1516): [0,39192225,10,com.android.launcher3/.uioverrides.QuickstepLauncher]
01-05 07:22:41.936 I/sysui_multi_action( 1516): [757,803,799,window_time_0,802,0]
01-05 07:22:41.936 I/wm_on_restart_called( 2835): [39192225,com.android.launcher3.uioverrides.QuickstepLauncher,performRestartActivity]
01-05 07:22:41.937 I/wm_on_start_called( 2835): [39192225,com.android.launcher3.uioverrides.QuickstepLauncher,handleStartActivity]
01-05 07:22:41.937 I/wm_on_resume_called( 2835): [39192225,com.android.launcher3.uioverrides.QuickstepLauncher,RESUME_ACTIVITY]
01-05 07:22:41.937 I/wm_on_top_resumed_gained_called( 2835): [39192225,com.android.launcher3.uioverrides.QuickstepLauncher,topWhenResuming]
01-05 07:22:41.944 I/view_enqueue_input_event( 5252): [Motion - Cancel,com.thundercomm.screensaver/android.service.dreams.DreamActivity]
01-05 07:22:41.944 I/input_focus( 1516): [Focus leaving 3af2375 com.thundercomm.screensaver/android.service.dreams.DreamActivity (server),reason=NO_WINDOW]
01-05 07:22:41.948 I/input_focus( 1516): [Focus request fdc0eb0 com.android.launcher3/com.android.launcher3.uioverrides.QuickstepLauncher,reason=UpdateInputWindows]
01-05 07:22:41.962 I/input_focus( 1516): [Focus entering fdc0eb0 com.android.launcher3/com.android.launcher3.uioverrides.QuickstepLauncher (server),reason=setFocusedWindow]
01-05 07:22:42.199 I/wm_destroy_activity( 1516): [0,145586621,49,com.thundercomm.screensaver/android.service.dreams.DreamActivity,finish-imm:idle]
01-05 07:22:42.217 I/wm_on_stop_called( 5252): [145586621,android.service.dreams.DreamActivity,LIFECYCLER_STOP_ACTIVITY]
01-05 07:22:42.217 I/wm_on_destroy_called( 5252): [145586621,android.service.dreams.DreamActivity,performDestroy]
01-05 07:22:42.220 I/sysui_multi_action( 1516): [757,222,758,2]
01-05 07:22:42.220 I/sysui_multi_action( 1516): [757,804,799,dreaming_minutes,801,0,802,1]
01-05 07:22:42.226 I/wm_task_removed( 1516): [49,removeChild:removeChild last r=ActivityRecord{8ad79bd u0 com.thundercomm.screensaver/android.service.dreams.DreamActivity t-1 f}} in t=Task{5ca7c86 #49 type=dream A=10052:android:com.thundercomm.screensaver/dream U=0 visible=false mode=fullscreen translucent=true sz=0}]
01-05 07:22:42.226 I/wm_task_removed( 1516): [49,removeChild]
01-05 07:22:43.155 I/input_interaction( 1516): Interaction with: 7c0e82f StatusBar (server), edge-swipe (server), swipe-up (server), PointerEventDispatcher0 (server),
01-05 07:22:43.159 I/sysui_multi_action( 2367): [757,803,799,panel_open,802,1]
01-05 07:22:43.161 I/sysui_multi_action( 2367): [757,1328,758,4,1326,51,1327,1,1329,0]
01-05 07:22:43.203 I/sysui_multi_action( 1516): [757,127,758,1]
01-05 07:22:43.203 I/sysui_multi_action( 1516): [757,804,799,note_load,801,3,802,1]
01-05 07:22:43.203 I/notification_panel_revealed( 1516): 3
01-05 07:22:43.217 I/input_focus( 1516): [Focus request 94a0fc2 NotificationShade,reason=UpdateInputWindows]
01-05 07:22:43.227 I/sysui_multi_action( 1516): [757,128,758,1,793,10233733,794,0,795,10233733,796,26,798,0,806,android,857,DEVELOPER_IMPORTANT,858,4,947,0,1395,3,1500,10233528,1688,1]
01-05 07:22:43.227 I/sysui_multi_action( 1516): [757,804,799,note_freshness,801,10233733,802,1]
01-05 07:22:43.227 I/notification_visibility( 1516): [-1|android|26|null|1000,1,10233733,10233733,0,0]
01-05 07:22:43.227 I/sysui_multi_action( 1516): [757,128,758,1,793,288534,794,0,795,288534,796,4273,798,1,806,com.android.systemui,857,screen_record,858,3,947,0,1395,3,1500,288333,1688,1,1745,680407814]
01-05 07:22:43.227 I/sysui_multi_action( 1516): [757,804,799,note_freshness,801,288534,802,1]
01-05 07:22:43.227 I/notification_visibility( 1516): [0|com.android.systemui|4273|null|10081,1,288534,288534,0,1]
01-05 07:22:43.228 I/sysui_multi_action( 1516): [757,128,758,1,793,10302194,794,0,795,10302194,796,32,798,2,806,android,857,USB,858,1,947,0,1395,3,1500,10302042,1688,1]
01-05 07:22:43.228 I/sysui_multi_action( 1516): [757,804,799,note_freshness,801,10302194,802,1]
01-05 07:22:43.228 I/notification_visibility( 1516): [-1|android|32|null|1000,1,10302194,10302194,0,2]
01-05 07:22:43.232 I/input_focus( 1516): [Focus leaving fdc0eb0 com.android.launcher3/com.android.launcher3.uioverrides.QuickstepLauncher (server),reason=setFocusedWindow]
01-05 07:22:43.232 I/input_focus( 1516): [Focus entering 94a0fc2 NotificationShade (server),reason=setFocusedWindow]
01-05 07:22:43.263 I/sysui_multi_action( 2367): [757,111,758,1]
01-05 07:22:43.263 I/sysui_multi_action( 2367): [757,126,758,1,759,126,927,0,928,0,1593,0]
01-05 07:22:43.263 I/sysui_multi_action( 2367): [757,113,758,1,759,113,927,1,928,1,1593,0]
01-05 07:22:43.263 I/sysui_multi_action( 2367): [757,0,758,1,759,0,927,2,928,0,1593,0]
01-05 07:22:43.263 I/sysui_multi_action( 2367): [757,0,758,1,759,0,927,3,928,0,1593,0]
01-05 07:22:43.264 I/sysui_multi_action( 2367): [757,491,758,1,759,491,927,4,928,0,1311,-1,1593,0]
01-05 07:22:43.264 I/sysui_multi_action( 2367): [757,0,758,1,759,0,927,5,928,0,1593,0]
01-05 07:22:43.264 I/sysui_multi_action( 2367): [757,111,758,1]
01-05 07:22:43.264 I/sysui_multi_action( 2367): [757,126,758,1,759,126,927,0,928,0,1593,0]
01-05 07:22:43.264 I/sysui_multi_action( 2367): [757,113,758,1,759,113,927,1,928,1,1593,0]
01-05 07:22:43.264 I/sysui_multi_action( 2367): [757,0,758,1,759,0,927,2,928,0,1593,0]
01-05 07:22:43.265 I/sysui_multi_action( 2367): [757,0,758,1,759,0,927,3,928,0,1593,0]
01-05 07:22:44.472 I/input_interaction( 1516): Interaction with: 94a0fc2 NotificationShade (server), edge-swipe (server), swipe-up (server), PointerEventDispatcher0 (server),
01-05 07:22:44.473 I/service_manager_stats( 1516): [131,32,5340]
01-05 07:22:44.734 I/sysui_multi_action( 1516): [757,128,758,2,793,10235240,794,1507,795,10235240,796,26,798,0,806,android,857,DEVELOPER_IMPORTANT,858,4,947,0,1395,3,1500,10235035,1688,1]
01-05 07:22:44.734 I/notification_visibility( 1516): [-1|android|26|null|1000,0,10235240,10235240,0,0]
01-05 07:22:44.734 I/sysui_multi_action( 1516): [757,128,758,2,793,290041,794,1507,795,290041,796,4273,798,1,806,com.android.systemui,857,screen_record,858,3,947,0,1395,3,1500,289840,1688,1,1745,680407814]
01-05 07:22:44.735 I/notification_visibility( 1516): [0|com.android.systemui|4273|null|10081,0,290041,290041,0,1]
01-05 07:22:44.735 I/sysui_multi_action( 1516): [757,128,758,2,793,10303701,794,1507,795,10303701,796,32,798,2,806,android,857,USB,858,1,947,0,1395,3,1500,10303549,1688,1]
01-05 07:22:44.735 I/notification_visibility( 1516): [-1|android|32|null|1000,0,10303701,10303701,0,2]
01-05 07:23:22.661 I/sysui_multi_action( 1516): [757,128,758,1,793,10273168,794,0,795,10273168,796,26,798,0,806,android,857,DEVELOPER_IMPORTANT,858,4,947,0,1395,3,1500,10272963,1688,1]
01-05 07:23:22.661 I/sysui_multi_action( 1516): [757,804,799,note_freshness,801,10273168,802,1]
01-05 07:23:22.662 I/notification_visibility( 1516): [-1|android|26|null|1000,1,10273168,10273168,0,0]
01-05 07:23:22.662 I/sysui_multi_action( 1516): [757,128,758,1,793,327969,794,0,795,327969,796,4273,798,1,806,com.android.systemui,857,screen_record,858,3,947,0,1395,3,1500,327768,1688,1,1745,680407814]
01-05 07:23:22.662 I/sysui_multi_action( 1516): [757,804,799,note_freshness,801,327969,802,1]
01-05 07:23:22.662 I/notification_visibility( 1516): [0|com.android.systemui|4273|null|10081,1,327969,327969,0,1]
01-05 07:23:22.662 I/sysui_multi_action( 1516): [757,128,758,1,793,10341628,794,0,795,10341628,796,32,798,2,806,android,857,USB,858,1,947,0,1395,3,1500,10341476,1688,1]
01-05 07:23:22.662 I/sysui_multi_action( 1516): [757,804,799,note_freshness,801,10341628,802,1]
01-05 07:23:22.662 I/notification_visibility( 1516): [-1|android|32|null|1000,1,10341628,10341628,0,2]
01-05 07:23:23.947 I/sysui_multi_action( 1516): [757,128,758,2,793,10274454,794,1286,795,10274454,796,26,798,0,806,android,857,DEVELOPER_IMPORTANT,858,4,947,0,1395,3,1500,10274249,1688,1]
01-05 07:23:23.948 I/notification_visibility( 1516): [-1|android|26|null|1000,0,10274454,10274454,0,0]
01-05 07:23:23.948 I/sysui_multi_action( 1516): [757,128,758,2,793,329255,794,1286,795,329255,796,4273,798,1,806,com.android.systemui,857,screen_record,858,3,947,0,1395,3,1500,329054,1688,1,1745,680407814]
01-05 07:23:23.948 I/notification_visibility( 1516): [0|com.android.systemui|4273|null|10081,0,329255,329255,0,1]
01-05 07:23:23.948 I/sysui_multi_action( 1516): [757,128,758,2,793,10342914,794,1286,795,10342914,796,32,798,2,806,android,857,USB,858,1,947,0,1395,3,1500,10342762,1688,1]
01-05 07:23:23.948 I/notification_visibility( 1516): [-1|android|32|null|1000,0,10342914,10342914,0,2]
01-05 07:23:42.233 I/am_uid_idle( 1516): 10052
01-05 07:24:16.884 I/sysui_multi_action( 1516): [757,1696,758,6,759,2]
01-05 07:24:16.902 I/am_wtf ( 1516): [0,1516,system_server,-1,DisplayDeviceConfig,requesting nits when no mapping exists.]
01-05 07:24:16.905 I/am_wtf ( 1516): [0,1516,system_server,-1,DisplayDeviceConfig,requesting nits when no mapping exists.]
01-05 07:24:16.917 I/am_wtf ( 1516): [0,1516,system_server,-1,DisplayDeviceConfig,requesting nits when no mapping exists.]
01-05 07:24:16.919 I/am_wtf ( 1516): [0,1516,system_server,-1,DisplayDeviceConfig,requesting nits when no mapping exists.]
01-05 07:24:16.922 I/am_wtf ( 1516): [0,1516,system_server,-1,DisplayDeviceConfig,requesting nits when no mapping exists.]
01-05 07:24:16.924 I/am_wtf ( 1516): [0,1516,system_server,-1,DisplayDeviceConfig,requesting nits when no mapping exists.]
01-05 07:24:16.938 I/am_wtf ( 1516): [0,1516,system_server,-1,DisplayDeviceConfig,requesting nits when no mapping exists.]
01-05 07:24:16.939 I/am_wtf ( 1516): [0,1516,system_server,-1,DisplayDeviceConfig,requesting nits when no mapping exists.]
01-05 07:24:16.955 I/am_wtf ( 1516): [0,1516,system_server,-1,DisplayDeviceConfig,requesting nits when no mapping exists.]
01-05 07:24:16.956 I/am_wtf ( 1516): [0,1516,system_server,-1,DisplayDeviceConfig,requesting nits when no mapping exists.]
01-05 07:24:16.972 I/am_wtf ( 1516): [0,1516,system_server,-1,DisplayDeviceConfig,requesting nits when no mapping exists.]
01-05 07:24:16.973 I/am_wtf ( 1516): [0,1516,system_server,-1,DisplayDeviceConfig,requesting nits when no mapping exists.]
01-05 07:24:16.989 I/am_wtf ( 1516): [0,1516,system_server,-1,DisplayDeviceConfig,requesting nits when no mapping exists.]
01-05 07:24:16.990 I/am_wtf ( 1516): [0,1516,system_server,-1,DisplayDeviceConfig,requesting nits when no mapping exists.]
01-05 07:24:17.006 I/am_wtf ( 1516): [0,1516,system_server,-1,DisplayDeviceConfig,requesting nits when no mapping exists.]
01-05 07:24:17.006 I/am_wtf ( 1516): [0,1516,system_server,-1,DisplayDeviceConfig,requesting nits when no mapping exists.]
01-05 07:24:17.022 I/am_wtf ( 1516): [0,1516,system_server,-1,DisplayDeviceConfig,requesting nits when no mapping exists.]
01-05 07:24:17.023 I/am_wtf ( 1516): [0,1516,system_server,-1,DisplayDeviceConfig,requesting nits when no mapping exists.]
01-05 07:24:17.039 I/am_wtf ( 1516): [0,1516,system_server,-1,DisplayDeviceConfig,requesting nits when no mapping exists.]
01-05 07:24:17.040 I/am_wtf ( 1516): [0,1516,system_server,-1,DisplayDeviceConfig,requesting nits when no mapping exists.]
01-05 07:24:17.056 I/am_wtf ( 1516): [0,1516,system_server,-1,DisplayDeviceConfig,requesting nits when no mapping exists.]
01-05 07:24:17.056 I/am_wtf ( 1516): [0,1516,system_server,-1,DisplayDeviceConfig,requesting nits when no mapping exists.]
01-05 07:24:17.072 I/am_wtf ( 1516): [0,1516,system_server,-1,DisplayDeviceConfig,requesting nits when no mapping exists.]
01-05 07:24:17.073 I/am_wtf ( 1516): [0,1516,system_server,-1,DisplayDeviceConfig,requesting nits when no mapping exists.]
01-05 07:24:17.089 I/am_wtf ( 1516): [0,1516,system_server,-1,DisplayDeviceConfig,requesting nits when no mapping exists.]
01-05 07:24:17.090 I/am_wtf ( 1516): [0,1516,system_server,-1,DisplayDeviceConfig,requesting nits when no mapping exists.]
01-05 07:24:17.106 I/am_wtf ( 1516): [0,1516,system_server,-1,DisplayDeviceConfig,requesting nits when no mapping exists.]
01-05 07:24:17.106 I/am_wtf ( 1516): [0,1516,system_server,-1,DisplayDeviceConfig,requesting nits when no mapping exists.]
01-05 07:24:17.123 I/am_wtf ( 1516): [0,1516,system_server,-1,DisplayDeviceConfig,requesting nits when no mapping exists.]
01-05 07:24:17.124 I/am_wtf ( 1516): [0,1516,system_server,-1,DisplayDeviceConfig,requesting nits when no mapping exists.]
01-05 07:24:17.140 I/am_wtf ( 1516): [0,1516,system_server,-1,DisplayDeviceConfig,requesting nits when no mapping exists.]
01-05 07:24:17.141 I/am_wtf ( 1516): [0,1516,system_server,-1,DisplayDeviceConfig,requesting nits when no mapping exists.]
01-05 07:24:17.156 I/am_wtf ( 1516): [0,1516,system_server,-1,DisplayDeviceConfig,requesting nits when no mapping exists.]
01-05 07:24:17.157 I/am_wtf ( 1516): [0,1516,system_server,-1,DisplayDeviceConfig,requesting nits when no mapping exists.]
01-05 07:24:17.173 I/am_wtf ( 1516): [0,1516,system_server,-1,DisplayDeviceConfig,requesting nits when no mapping exists.]
01-05 07:24:17.174 I/am_wtf ( 1516): [0,1516,system_server,-1,DisplayDeviceConfig,requesting nits when no mapping exists.]
01-05 07:24:17.189 I/am_wtf ( 1516): [0,1516,system_server,-1,DisplayDeviceConfig,requesting nits when no mapping exists.]
01-05 07:24:17.190 I/am_wtf ( 1516): [0,1516,system_server,-1,DisplayDeviceConfig,requesting nits when no mapping exists.]
01-05 07:24:17.206 I/am_wtf ( 1516): [0,1516,system_server,-1,DisplayDeviceConfig,requesting nits when no mapping exists.]
01-05 07:24:17.207 I/am_wtf ( 1516): [0,1516,system_server,-1,DisplayDeviceConfig,requesting nits when no mapping exists.]
01-05 07:24:17.223 I/am_wtf ( 1516): [0,1516,system_server,-1,DisplayDeviceConfig,requesting nits when no mapping exists.]
01-05 07:24:17.224 I/am_wtf ( 1516): [0,1516,system_server,-1,DisplayDeviceConfig,requesting nits when no mapping exists.]
01-05 07:24:17.240 I/am_wtf ( 1516): [0,1516,system_server,-1,DisplayDeviceConfig,requesting nits when no mapping exists.]
01-05 07:24:17.240 I/am_wtf ( 1516): [0,1516,system_server,-1,DisplayDeviceConfig,requesting nits when no mapping exists.]
01-05 07:24:17.256 I/am_wtf ( 1516): [0,1516,system_server,-1,DisplayDeviceConfig,requesting nits when no mapping exists.]
01-05 07:24:17.257 I/am_wtf ( 1516): [0,1516,system_server,-1,DisplayDeviceConfig,requesting nits when no mapping exists.]
01-05 07:24:17.273 I/am_wtf ( 1516): [0,1516,system_server,-1,DisplayDeviceConfig,requesting nits when no mapping exists.]
01-05 07:24:17.274 I/am_wtf ( 1516): [0,1516,system_server,-1,DisplayDeviceConfig,requesting nits when no mapping exists.]
01-05 07:24:17.290 I/am_wtf ( 1516): [0,1516,system_server,-1,DisplayDeviceConfig,requesting nits when no mapping exists.]
01-05 07:24:17.290 I/am_wtf ( 1516): [0,1516,system_server,-1,DisplayDeviceConfig,requesting nits when no mapping exists.]
01-05 07:24:17.306 I/am_wtf ( 1516): [0,1516,system_server,-1,DisplayDeviceConfig,requesting nits when no mapping exists.]
01-05 07:24:17.307 I/am_wtf ( 1516): [0,1516,system_server,-1,DisplayDeviceConfig,requesting nits when no mapping exists.]
01-05 07:24:17.323 I/am_wtf ( 1516): [0,1516,system_server,-1,DisplayDeviceConfig,requesting nits when no mapping exists.]
01-05 07:24:17.324 I/am_wtf ( 1516): [0,1516,system_server,-1,DisplayDeviceConfig,requesting nits when no mapping exists.]
01-05 07:24:17.340 I/am_wtf ( 1516): [0,1516,system_server,-1,DisplayDeviceConfig,requesting nits when no mapping exists.]
01-05 07:24:17.341 I/am_wtf ( 1516): [0,1516,system_server,-1,DisplayDeviceConfig,requesting nits when no mapping exists.]
01-05 07:24:17.357 I/am_wtf ( 1516): [0,1516,system_server,-1,DisplayDeviceConfig,requesting nits when no mapping exists.]
01-05 07:24:17.358 I/am_wtf ( 1516): [0,1516,system_server,-1,DisplayDeviceConfig,requesting nits when no mapping exists.]
01-05 07:24:17.373 I/am_wtf ( 1516): [0,1516,system_server,-1,DisplayDeviceConfig,requesting nits when no mapping exists.]
01-05 07:24:17.374 I/am_wtf ( 1516): [0,1516,system_server,-1,DisplayDeviceConfig,requesting nits when no mapping exists.]
01-05 07:24:17.390 I/am_wtf ( 1516): [0,1516,system_server,-1,DisplayDeviceConfig,requesting nits when no mapping exists.]
01-05 07:24:17.390 I/am_wtf ( 1516): [0,1516,system_server,-1,DisplayDeviceConfig,requesting nits when no mapping exists.]
01-05 07:24:17.407 I/am_wtf ( 1516): [0,1516,system_server,-1,DisplayDeviceConfig,requesting nits when no mapping exists.]
01-05 07:24:17.408 I/am_wtf ( 1516): [0,1516,system_server,-1,DisplayDeviceConfig,requesting nits when no mapping exists.]
01-05 07:24:17.423 I/am_wtf ( 1516): [0,1516,system_server,-1,DisplayDeviceConfig,requesting nits when no mapping exists.]
01-05 07:24:17.424 I/am_wtf ( 1516): [0,1516,system_server,-1,DisplayDeviceConfig,requesting nits when no mapping exists.]
01-05 07:24:17.440 I/am_wtf ( 1516): [0,1516,system_server,-1,DisplayDeviceConfig,requesting nits when no mapping exists.]
01-05 07:24:17.441 I/am_wtf ( 1516): [0,1516,system_server,-1,DisplayDeviceConfig,requesting nits when no mapping exists.]
