01-05 04:48:07.971 I/wm_task_moved( 1516): [25,1,7]
01-05 04:48:07.971 I/wm_task_to_front( 1516): [0,25]
01-05 04:48:07.971 I/wm_create_task( 1516): [0,25]
01-05 04:48:07.971 I/wm_create_activity( 1516): [0,204610261,25,com.thundercomm.screensaver/android.service.dreams.DreamActivity,NULL,NULL,NULL,276824064]
01-05 04:48:07.971 I/wm_task_moved( 1516): [25,1,7]
01-05 04:48:07.971 I/wm_on_top_resumed_lost_called( 2835): [39192225,com.android.launcher3.uioverrides.QuickstepLauncher,topStateChangedWhenResumed]
01-05 04:48:07.972 I/wm_pause_activity( 1516): [0,39192225,com.android.launcher3/.uioverrides.QuickstepLauncher,userLeaving=true,pauseBackTasks]
01-05 04:48:07.974 I/wm_on_paused_called( 2835): [39192225,com.android.launcher3.uioverrides.QuickstepLauncher,performPause]
01-05 04:48:07.976 I/wm_add_to_stopping( 1516): [0,39192225,com.android.launcher3/.uioverrides.QuickstepLauncher,makeInvisible]
01-05 04:48:07.976 I/wm_restart_activity( 1516): [0,204610261,25,com.thundercomm.screensaver/android.service.dreams.DreamActivity]
01-05 04:48:07.977 I/wm_set_resumed_activity( 1516): [0,com.thundercomm.screensaver/android.service.dreams.DreamActivity,minimalResumeActivityLocked]
01-05 04:48:07.980 I/sysui_multi_action( 1516): [757,803,799,window_time_0,802,60]
01-05 04:48:07.982 I/wm_on_create_called( 5252): [204610261,android.service.dreams.DreamActivity,performCreate]
01-05 04:48:07.982 I/wm_on_start_called( 5252): [204610261,android.service.dreams.DreamActivity,handleStartActivity]
01-05 04:48:07.982 I/wm_on_resume_called( 5252): [204610261,android.service.dreams.DreamActivity,RESUME_ACTIVITY]
01-05 04:48:07.984 I/wm_on_top_resumed_gained_called( 5252): [204610261,android.service.dreams.DreamActivity,topStateChangedWhenResumed]
01-05 04:48:07.993 I/input_focus( 1516): [Focus request 8068f51 com.thundercomm.screensaver/android.service.dreams.DreamActivity,reason=UpdateInputWindows]
01-05 04:48:08.002 I/input_focus( 1516): [Focus leaving fdc0eb0 com.android.launcher3/com.android.launcher3.uioverrides.QuickstepLauncher (server),reason=NO_WINDOW]
01-05 04:48:08.003 I/sysui_multi_action( 1516): [319,40,322,39,325,1051,757,761,758,8,759,2,806,com.thundercomm.screensaver,871,android.service.dreams.DreamActivity,904,com.thundercomm.screensaver,905,0,1320,4,1321,2]
01-05 04:48:08.004 I/wm_activity_launch_time( 1516): [0,204610261,com.thundercomm.screensaver/android.service.dreams.DreamActivity,39]
01-05 04:48:08.004 I/sysui_multi_action( 1516): [757,1696,758,6,759,3]
01-05 04:48:08.017 I/am_wtf ( 1516): [0,1516,system_server,-1,DisplayDeviceConfig,requesting nits when no mapping exists.]
01-05 04:48:08.017 I/am_wtf ( 1516): [0,1516,system_server,-1,DisplayDeviceConfig,requesting nits when no mapping exists.]
01-05 04:48:08.034 I/am_wtf ( 1516): [0,1516,system_server,-1,DisplayDeviceConfig,requesting nits when no mapping exists.]
01-05 04:48:08.034 I/am_wtf ( 1516): [0,1516,system_server,-1,DisplayDeviceConfig,requesting nits when no mapping exists.]
01-05 04:48:08.034 I/input_focus( 1516): [Focus entering 8068f51 com.thundercomm.screensaver/android.service.dreams.DreamActivity (server),reason=Window became focusable. Previous reason: NOT_VISIBLE]
01-05 04:48:08.050 I/am_wtf ( 1516): [0,1516,system_server,-1,DisplayDeviceConfig,requesting nits when no mapping exists.]
01-05 04:48:08.050 I/am_wtf ( 1516): [0,1516,system_server,-1,DisplayDeviceConfig,requesting nits when no mapping exists.]
01-05 04:48:08.067 I/am_wtf ( 1516): [0,1516,system_server,-1,DisplayDeviceConfig,requesting nits when no mapping exists.]
01-05 04:48:08.067 I/am_wtf ( 1516): [0,1516,system_server,-1,DisplayDeviceConfig,requesting nits when no mapping exists.]
01-05 04:48:08.084 I/am_wtf ( 1516): [0,1516,system_server,-1,DisplayDeviceConfig,requesting nits when no mapping exists.]
01-05 04:48:08.084 I/am_wtf ( 1516): [0,1516,system_server,-1,DisplayDeviceConfig,requesting nits when no mapping exists.]
01-05 04:48:08.100 I/am_wtf ( 1516): [0,1516,system_server,-1,DisplayDeviceConfig,requesting nits when no mapping exists.]
01-05 04:48:08.101 I/am_wtf ( 1516): [0,1516,system_server,-1,DisplayDeviceConfig,requesting nits when no mapping exists.]
01-05 04:48:08.118 I/am_wtf ( 1516): [0,1516,system_server,-1,DisplayDeviceConfig,requesting nits when no mapping exists.]
01-05 04:48:08.118 I/am_wtf ( 1516): [0,1516,system_server,-1,DisplayDeviceConfig,requesting nits when no mapping exists.]
01-05 04:48:08.134 I/am_wtf ( 1516): [0,1516,system_server,-1,DisplayDeviceConfig,requesting nits when no mapping exists.]
01-05 04:48:08.134 I/am_wtf ( 1516): [0,1516,system_server,-1,DisplayDeviceConfig,requesting nits when no mapping exists.]
01-05 04:48:08.151 I/am_wtf ( 1516): [0,1516,system_server,-1,DisplayDeviceConfig,requesting nits when no mapping exists.]
01-05 04:48:08.151 I/am_wtf ( 1516): [0,1516,system_server,-1,DisplayDeviceConfig,requesting nits when no mapping exists.]
01-05 04:48:08.167 I/am_wtf ( 1516): [0,1516,system_server,-1,DisplayDeviceConfig,requesting nits when no mapping exists.]
01-05 04:48:08.168 I/am_wtf ( 1516): [0,1516,system_server,-1,DisplayDeviceConfig,requesting nits when no mapping exists.]
01-05 04:48:08.185 I/am_wtf ( 1516): [0,1516,system_server,-1,DisplayDeviceConfig,requesting nits when no mapping exists.]
01-05 04:48:08.185 I/am_wtf ( 1516): [0,1516,system_server,-1,DisplayDeviceConfig,requesting nits when no mapping exists.]
01-05 04:48:08.201 I/am_wtf ( 1516): [0,1516,system_server,-1,DisplayDeviceConfig,requesting nits when no mapping exists.]
01-05 04:48:08.201 I/am_wtf ( 1516): [0,1516,system_server,-1,DisplayDeviceConfig,requesting nits when no mapping exists.]
01-05 04:48:08.218 I/am_wtf ( 1516): [0,1516,system_server,-1,DisplayDeviceConfig,requesting nits when no mapping exists.]
01-05 04:48:08.218 I/am_wtf ( 1516): [0,1516,system_server,-1,DisplayDeviceConfig,requesting nits when no mapping exists.]
01-05 04:48:08.234 I/am_wtf ( 1516): [0,1516,system_server,-1,DisplayDeviceConfig,requesting nits when no mapping exists.]
01-05 04:48:08.234 I/am_wtf ( 1516): [0,1516,system_server,-1,DisplayDeviceConfig,requesting nits when no mapping exists.]
01-05 04:48:08.251 I/am_wtf ( 1516): [0,1516,system_server,-1,DisplayDeviceConfig,requesting nits when no mapping exists.]
01-05 04:48:08.251 I/am_wtf ( 1516): [0,1516,system_server,-1,DisplayDeviceConfig,requesting nits when no mapping exists.]
01-05 04:48:08.268 I/am_wtf ( 1516): [0,1516,system_server,-1,DisplayDeviceConfig,requesting nits when no mapping exists.]
01-05 04:48:08.268 I/am_wtf ( 1516): [0,1516,system_server,-1,DisplayDeviceConfig,requesting nits when no mapping exists.]
01-05 04:48:08.284 I/am_wtf ( 1516): [0,1516,system_server,-1,DisplayDeviceConfig,requesting nits when no mapping exists.]
01-05 04:48:08.285 I/am_wtf ( 1516): [0,1516,system_server,-1,DisplayDeviceConfig,requesting nits when no mapping exists.]
01-05 04:48:08.302 I/am_wtf ( 1516): [0,1516,system_server,-1,DisplayDeviceConfig,requesting nits when no mapping exists.]
01-05 04:48:08.302 I/am_wtf ( 1516): [0,1516,system_server,-1,DisplayDeviceConfig,requesting nits when no mapping exists.]
01-05 04:48:08.303 I/wm_stop_activity( 1516): [0,39192225,com.android.launcher3/.uioverrides.QuickstepLauncher]
01-05 04:48:08.318 I/am_wtf ( 1516): [0,1516,system_server,-1,DisplayDeviceConfig,requesting nits when no mapping exists.]
01-05 04:48:08.319 I/am_wtf ( 1516): [0,1516,system_server,-1,DisplayDeviceConfig,requesting nits when no mapping exists.]
01-05 04:48:08.320 I/wm_on_stop_called( 2835): [39192225,com.android.launcher3.uioverrides.QuickstepLauncher,STOP_ACTIVITY_ITEM]
01-05 04:48:08.335 I/am_wtf ( 1516): [0,1516,system_server,-1,DisplayDeviceConfig,requesting nits when no mapping exists.]
01-05 04:48:08.335 I/am_wtf ( 1516): [0,1516,system_server,-1,DisplayDeviceConfig,requesting nits when no mapping exists.]
01-05 04:48:08.351 I/am_wtf ( 1516): [0,1516,system_server,-1,DisplayDeviceConfig,requesting nits when no mapping exists.]
01-05 04:48:08.352 I/am_wtf ( 1516): [0,1516,system_server,-1,DisplayDeviceConfig,requesting nits when no mapping exists.]
01-05 04:48:08.368 I/am_wtf ( 1516): [0,1516,system_server,-1,DisplayDeviceConfig,requesting nits when no mapping exists.]
01-05 04:48:08.368 I/am_wtf ( 1516): [0,1516,system_server,-1,DisplayDeviceConfig,requesting nits when no mapping exists.]
01-05 04:48:08.385 I/am_wtf ( 1516): [0,1516,system_server,-1,DisplayDeviceConfig,requesting nits when no mapping exists.]
01-05 04:48:08.385 I/am_wtf ( 1516): [0,1516,system_server,-1,DisplayDeviceConfig,requesting nits when no mapping exists.]
01-05 04:48:08.402 I/am_wtf ( 1516): [0,1516,system_server,-1,DisplayDeviceConfig,requesting nits when no mapping exists.]
01-05 04:48:08.402 I/am_wtf ( 1516): [0,1516,system_server,-1,DisplayDeviceConfig,requesting nits when no mapping exists.]
01-05 04:48:08.418 I/am_wtf ( 1516): [0,1516,system_server,-1,DisplayDeviceConfig,requesting nits when no mapping exists.]
01-05 04:48:08.419 I/am_wtf ( 1516): [0,1516,system_server,-1,DisplayDeviceConfig,requesting nits when no mapping exists.]
01-05 04:48:08.436 I/am_wtf ( 1516): [0,1516,system_server,-1,DisplayDeviceConfig,requesting nits when no mapping exists.]
01-05 04:48:08.436 I/am_wtf ( 1516): [0,1516,system_server,-1,DisplayDeviceConfig,requesting nits when no mapping exists.]
01-05 04:48:08.451 I/am_wtf ( 1516): [0,1516,system_server,-1,DisplayDeviceConfig,requesting nits when no mapping exists.]
01-05 04:48:08.452 I/am_wtf ( 1516): [0,1516,system_server,-1,DisplayDeviceConfig,requesting nits when no mapping exists.]
01-05 04:48:08.469 I/am_wtf ( 1516): [0,1516,system_server,-1,DisplayDeviceConfig,requesting nits when no mapping exists.]
01-05 04:48:08.469 I/am_wtf ( 1516): [0,1516,system_server,-1,DisplayDeviceConfig,requesting nits when no mapping exists.]
01-05 04:48:08.485 I/am_wtf ( 1516): [0,1516,system_server,-1,DisplayDeviceConfig,requesting nits when no mapping exists.]
01-05 04:48:08.486 I/am_wtf ( 1516): [0,1516,system_server,-1,DisplayDeviceConfig,requesting nits when no mapping exists.]
01-05 04:48:08.502 I/am_wtf ( 1516): [0,1516,system_server,-1,DisplayDeviceConfig,requesting nits when no mapping exists.]
01-05 04:48:08.502 I/am_wtf ( 1516): [0,1516,system_server,-1,DisplayDeviceConfig,requesting nits when no mapping exists.]
01-05 04:48:08.518 I/am_wtf ( 1516): [0,1516,system_server,-1,DisplayDeviceConfig,requesting nits when no mapping exists.]
01-05 04:48:08.518 I/am_wtf ( 1516): [0,1516,system_server,-1,DisplayDeviceConfig,requesting nits when no mapping exists.]
01-05 04:48:08.535 I/am_wtf ( 1516): [0,1516,system_server,-1,DisplayDeviceConfig,requesting nits when no mapping exists.]
01-05 04:48:08.536 I/am_wtf ( 1516): [0,1516,system_server,-1,DisplayDeviceConfig,requesting nits when no mapping exists.]
01-05 04:48:08.552 I/am_wtf ( 1516): [0,1516,system_server,-1,DisplayDeviceConfig,requesting nits when no mapping exists.]
01-05 04:48:08.552 I/am_wtf ( 1516): [0,1516,system_server,-1,DisplayDeviceConfig,requesting nits when no mapping exists.]
01-05 04:48:08.568 I/am_wtf ( 1516): [0,1516,system_server,-1,DisplayDeviceConfig,requesting nits when no mapping exists.]
01-05 04:48:08.568 I/am_wtf ( 1516): [0,1516,system_server,-1,DisplayDeviceConfig,requesting nits when no mapping exists.]
01-05 04:48:08.585 I/am_wtf ( 1516): [0,1516,system_server,-1,DisplayDeviceConfig,requesting nits when no mapping exists.]
01-05 04:48:08.586 I/am_wtf ( 1516): [0,1516,system_server,-1,DisplayDeviceConfig,requesting nits when no mapping exists.]
01-05 04:48:08.602 I/am_wtf ( 1516): [0,1516,system_server,-1,DisplayDeviceConfig,requesting nits when no mapping exists.]
01-05 04:48:08.602 I/am_wtf ( 1516): [0,1516,system_server,-1,DisplayDeviceConfig,requesting nits when no mapping exists.]
01-05 04:48:08.618 I/am_wtf ( 1516): [0,1516,system_server,-1,DisplayDeviceConfig,requesting nits when no mapping exists.]
01-05 04:48:08.619 I/am_wtf ( 1516): [0,1516,system_server,-1,DisplayDeviceConfig,requesting nits when no mapping exists.]
01-05 04:48:08.635 I/am_wtf ( 1516): [0,1516,system_server,-1,DisplayDeviceConfig,requesting nits when no mapping exists.]
01-05 04:48:08.636 I/am_wtf ( 1516): [0,1516,system_server,-1,DisplayDeviceConfig,requesting nits when no mapping exists.]
01-05 04:48:08.653 I/am_wtf ( 1516): [0,1516,system_server,-1,DisplayDeviceConfig,requesting nits when no mapping exists.]
01-05 04:48:08.653 I/am_wtf ( 1516): [0,1516,system_server,-1,DisplayDeviceConfig,requesting nits when no mapping exists.]
01-05 04:48:08.669 I/am_wtf ( 1516): [0,1516,system_server,-1,DisplayDeviceConfig,requesting nits when no mapping exists.]
01-05 04:48:08.669 I/am_wtf ( 1516): [0,1516,system_server,-1,DisplayDeviceConfig,requesting nits when no mapping exists.]
01-05 04:48:08.686 I/am_wtf ( 1516): [0,1516,system_server,-1,DisplayDeviceConfig,requesting nits when no mapping exists.]
01-05 04:48:08.686 I/am_wtf ( 1516): [0,1516,system_server,-1,DisplayDeviceConfig,requesting nits when no mapping exists.]
01-05 04:48:08.702 I/am_wtf ( 1516): [0,1516,system_server,-1,DisplayDeviceConfig,requesting nits when no mapping exists.]
01-05 04:48:08.702 I/am_wtf ( 1516): [0,1516,system_server,-1,DisplayDeviceConfig,requesting nits when no mapping exists.]
01-05 04:48:08.719 I/am_wtf ( 1516): [0,1516,system_server,-1,DisplayDeviceConfig,requesting nits when no mapping exists.]
01-05 04:48:08.719 I/am_wtf ( 1516): [0,1516,system_server,-1,DisplayDeviceConfig,requesting nits when no mapping exists.]
01-05 04:48:08.736 I/am_wtf ( 1516): [0,1516,system_server,-1,DisplayDeviceConfig,requesting nits when no mapping exists.]
01-05 04:48:08.736 I/am_wtf ( 1516): [0,1516,system_server,-1,DisplayDeviceConfig,requesting nits when no mapping exists.]
01-05 04:48:08.752 I/am_wtf ( 1516): [0,1516,system_server,-1,DisplayDeviceConfig,requesting nits when no mapping exists.]
01-05 04:48:08.752 I/am_wtf ( 1516): [0,1516,system_server,-1,DisplayDeviceConfig,requesting nits when no mapping exists.]
01-05 04:48:08.769 I/am_wtf ( 1516): [0,1516,system_server,-1,DisplayDeviceConfig,requesting nits when no mapping exists.]
01-05 04:48:08.770 I/am_wtf ( 1516): [0,1516,system_server,-1,DisplayDeviceConfig,requesting nits when no mapping exists.]
01-05 04:48:08.785 I/am_wtf ( 1516): [0,1516,system_server,-1,DisplayDeviceConfig,requesting nits when no mapping exists.]
01-05 04:48:08.786 I/am_wtf ( 1516): [0,1516,system_server,-1,DisplayDeviceConfig,requesting nits when no mapping exists.]
01-05 04:48:08.802 I/am_wtf ( 1516): [0,1516,system_server,-1,DisplayDeviceConfig,requesting nits when no mapping exists.]
01-05 04:48:08.802 I/am_wtf ( 1516): [0,1516,system_server,-1,DisplayDeviceConfig,requesting nits when no mapping exists.]
01-05 04:48:08.819 I/am_wtf ( 1516): [0,1516,system_server,-1,DisplayDeviceConfig,requesting nits when no mapping exists.]
01-05 04:48:08.819 I/am_wtf ( 1516): [0,1516,system_server,-1,DisplayDeviceConfig,requesting nits when no mapping exists.]
01-05 04:48:08.836 I/am_wtf ( 1516): [0,1516,system_server,-1,DisplayDeviceConfig,requesting nits when no mapping exists.]
01-05 04:48:08.836 I/am_wtf ( 1516): [0,1516,system_server,-1,DisplayDeviceConfig,requesting nits when no mapping exists.]
01-05 04:48:08.852 I/am_wtf ( 1516): [0,1516,system_server,-1,DisplayDeviceConfig,requesting nits when no mapping exists.]
01-05 04:48:08.852 I/am_wtf ( 1516): [0,1516,system_server,-1,DisplayDeviceConfig,requesting nits when no mapping exists.]
01-05 04:48:08.869 I/am_wtf ( 1516): [0,1516,system_server,-1,DisplayDeviceConfig,requesting nits when no mapping exists.]
01-05 04:48:08.870 I/am_wtf ( 1516): [0,1516,system_server,-1,DisplayDeviceConfig,requesting nits when no mapping exists.]
01-05 04:48:08.886 I/am_wtf ( 1516): [0,1516,system_server,-1,DisplayDeviceConfig,requesting nits when no mapping exists.]
01-05 04:48:08.886 I/am_wtf ( 1516): [0,1516,system_server,-1,DisplayDeviceConfig,requesting nits when no mapping exists.]
01-05 04:48:08.902 I/am_wtf ( 1516): [0,1516,system_server,-1,DisplayDeviceConfig,requesting nits when no mapping exists.]
01-05 04:48:08.903 I/am_wtf ( 1516): [0,1516,system_server,-1,DisplayDeviceConfig,requesting nits when no mapping exists.]
01-05 04:48:08.919 I/am_wtf ( 1516): [0,1516,system_server,-1,DisplayDeviceConfig,requesting nits when no mapping exists.]
01-05 04:48:08.919 I/am_wtf ( 1516): [0,1516,system_server,-1,DisplayDeviceConfig,requesting nits when no mapping exists.]
01-05 04:48:08.936 I/am_wtf ( 1516): [0,1516,system_server,-1,DisplayDeviceConfig,requesting nits when no mapping exists.]
01-05 04:48:08.936 I/am_wtf ( 1516): [0,1516,system_server,-1,DisplayDeviceConfig,requesting nits when no mapping exists.]
01-05 04:48:08.952 I/am_wtf ( 1516): [0,1516,system_server,-1,DisplayDeviceConfig,requesting nits when no mapping exists.]
01-05 04:48:08.953 I/am_wtf ( 1516): [0,1516,system_server,-1,DisplayDeviceConfig,requesting nits when no mapping exists.]
01-05 04:48:08.969 I/am_wtf ( 1516): [0,1516,system_server,-1,DisplayDeviceConfig,requesting nits when no mapping exists.]
01-05 04:48:08.969 I/am_wtf ( 1516): [0,1516,system_server,-1,DisplayDeviceConfig,requesting nits when no mapping exists.]
01-05 04:49:14.378 I/am_uid_idle( 1516): 10066
01-05 04:50:22.547 I/am_freeze( 1516): [5937,com.android.webview:webview_service]
01-05 04:50:22.549 I/am_kill ( 1516): [0,5937,com.android.webview:webview_service,935,Unable to freeze binder interface]
01-05 04:50:22.578 I/am_proc_died( 1516): [0,5937,com.android.webview:webview_service,935,19]
01-05 04:50:22.579 I/am_uid_stopped( 1516): 10068
01-05 04:50:22.597 I/am_pss ( 1516): [5252,10052,com.thundercomm.screensaver,62501888,55599104,0,185294848,0,2,14]
01-05 04:50:22.606 I/am_pss ( 1516): [6445,10085,com.android.music,6862848,4710400,0,90214400,0,19,8]
01-05 04:50:38.432 I/am_freeze( 1516): [2371,com.android.permissioncontroller]
01-05 04:50:38.433 I/am_kill ( 1516): [0,2371,com.android.permissioncontroller,965,Unable to freeze binder interface]
01-05 04:50:38.479 I/am_proc_died( 1516): [0,2371,com.android.permissioncontroller,965,19]
01-05 04:50:38.480 I/am_uid_stopped( 1516): 10093
01-05 04:50:38.491 I/am_pss ( 1516): [5252,10052,com.thundercomm.screensaver,62765056,55730176,0,185294848,0,2,9]
01-05 04:50:38.497 I/am_pss ( 1516): [2954,10087,com.qualcomm.qti.qccauthmgr,6687744,4481024,0,95105024,0,19,5]
01-05 04:51:01.352 I/am_freeze( 1516): [2954,com.qualcomm.qti.qccauthmgr]
01-05 04:51:01.353 I/am_kill ( 1516): [0,2954,com.qualcomm.qti.qccauthmgr,965,Unable to freeze binder interface]
01-05 04:51:01.383 I/am_proc_died( 1516): [0,2954,com.qualcomm.qti.qccauthmgr,965,19]
01-05 04:51:01.384 I/am_uid_stopped( 1516): 10087
01-05 04:51:17.904 I/am_freeze( 1516): [6041,com.android.settings.intelligence]
01-05 04:51:17.906 I/am_kill ( 1516): [0,6041,com.android.settings.intelligence,935,Unable to freeze binder interface]
01-05 04:51:17.950 I/am_proc_died( 1516): [0,6041,com.android.settings.intelligence,935,19]
01-05 04:51:17.951 I/am_uid_stopped( 1516): 10061
01-05 04:51:17.959 I/am_pss ( 1516): [3880,10063,com.qualcomm.qti.devicestatisticsservice,5646336,3657728,0,88563712,0,0,5]
01-05 04:51:46.131 I/am_freeze( 1516): [6105,com.android.traceur]
01-05 04:51:46.134 I/am_freeze( 1516): [6069,com.android.emergency]
01-05 04:51:46.136 I/am_kill ( 1516): [0,6105,com.android.traceur,935,Unable to freeze binder interface]
01-05 04:51:46.138 I/am_kill ( 1516): [0,6069,com.android.emergency,945,Unable to freeze binder interface]
01-05 04:51:46.164 I/am_proc_died( 1516): [0,6069,com.android.emergency,945,19]
01-05 04:51:46.165 I/am_uid_stopped( 1516): 10079
01-05 04:51:46.168 I/am_proc_died( 1516): [0,6105,com.android.traceur,935,19]
01-05 04:51:46.168 I/am_uid_stopped( 1516): 10034
01-05 04:51:46.175 I/am_pss ( 1516): [5252,10052,com.thundercomm.screensaver,63742976,56147968,0,185712640,0,2,8]
01-05 04:56:18.710 I/am_freeze( 1516): [6324,com.android.gallery3d]
01-05 04:56:18.712 I/am_kill ( 1516): [0,6324,com.android.gallery3d,925,Unable to freeze binder interface]
01-05 04:56:18.741 I/am_proc_died( 1516): [0,6324,com.android.gallery3d,925,19]
01-05 04:56:18.742 I/am_uid_stopped( 1516): 10069
01-05 04:56:18.747 I/am_uid_running( 1516): 10069
01-05 04:56:18.754 I/am_pss ( 1516): [5252,10052,com.thundercomm.screensaver,63313920,55664640,0,185225216,0,2,9]
01-05 04:56:18.763 I/am_pss ( 1516): [2820,1000,com.thundercomm.gamemode,19846144,15306752,0,124850176,0,10,8]
01-05 04:56:18.764 I/am_proc_start( 1516): [0,6513,10069,com.android.gallery3d,NULL,]
01-05 04:56:18.770 I/am_pss ( 1516): [3891,1000,com.qti.diagservices,6411264,3870720,0,94527488,0,10,5]
01-05 04:56:18.801 I/am_proc_bound( 1516): [0,6513,com.android.gallery3d]
01-05 04:56:18.802 I/service_manager_stats( 1516): [122,19,490846]
01-05 04:57:08.001 I/am_freeze( 1516): [6445,com.android.music]
01-05 04:57:08.003 I/am_kill ( 1516): [0,6445,com.android.music,915,Unable to freeze binder interface]
01-05 04:57:08.029 I/am_proc_died( 1516): [0,6445,com.android.music,915,19]
01-05 04:57:08.031 I/am_uid_stopped( 1516): 10085
01-05 04:57:08.056 I/am_pss ( 1516): [3745,10026,com.baidu.input,142622720,123461632,0,291901440,0,7,19]
01-05 04:57:08.068 I/am_pss ( 1516): [2350,1002,com.android.bluetooth,42697728,35295232,0,156590080,0,0,10]
01-05 04:57:08.075 I/am_pss ( 1516): [6513,10069,com.android.gallery3d,8593408,6307840,0,93167616,0,19,6]
01-05 04:57:08.081 I/am_pss ( 1516): [3545,10078,com.qualcomm.location.XT,6849536,4575232,0,92585984,0,6,5]
01-05 04:57:08.087 I/am_pss ( 1516): [4174,10036,com.android.packageinstaller,7838720,5689344,0,90828800,0,19,4]
01-05 04:57:08.092 I/am_pss ( 1516): [3743,10030,com.android.managedprovisioning,9721856,7487488,0,94834688,0,19,4]
01-05 04:57:08.097 I/am_pss ( 1516): [3088,10095,android.ext.services,12628992,7741440,0,106606592,0,5,5]
01-05 04:57:08.103 I/am_pss ( 1516): [2784,1000,com.qualcomm.qti.qdma,10096640,6631424,0,106020864,0,0,6]
01-05 04:57:08.110 I/am_pss ( 1516): [2728,1000,com.thundercomm.remotecontrolservice,13331456,10514432,0,104062976,0,0,5]
01-05 04:57:08.115 I/am_pss ( 1516): [2752,1000,com.thundercomm.tcservice,10172416,7684096,0,98615296,0,0,4]
01-05 04:57:08.121 I/am_pss ( 1516): [2715,1068,com.android.se,6291456,4091904,0,91033600,0,0,5]
01-05 04:57:08.126 I/am_pss ( 1516): [2640,10084,com.qti.qualcomm.mstatssystemservice,5928960,3792896,0,89321472,0,0,4]
01-05 04:57:08.131 I/am_pss ( 1516): [2604,1000,com.tc.logclient,8069120,5562368,0,97873920,0,0,4]
01-05 04:57:08.137 I/am_pss ( 1516): [2630,1000,vendor.qti.qesdk.sysservice,5999616,3796992,0,90714112,0,0,4]
01-05 04:57:08.142 I/am_pss ( 1516): [2599,1000,com.thundercomm.tchttpserver,12258304,10067968,0,96751616,0,0,4]
01-05 04:57:08.148 I/am_pss ( 1516): [2586,1001,.dataservices,8224768,5951488,0,93614080,0,0,5]
01-05 04:57:08.153 I/am_pss ( 1516): [2592,10059,.qtidataservices,6366208,4182016,0,91090944,0,0,4]
01-05 04:57:08.159 I/am_pss ( 1516): [2575,1000,com.thundercomm.microsettings,28856320,18685952,0,128192512,0,0,6]
01-05 04:57:08.164 I/am_pss ( 1516): [2558,1000,com.thundercomm.microservice,9290752,6979584,0,95150080,0,0,5]
01-05 04:57:08.170 I/am_pss ( 1516): [2504,1073,com.android.networkstack.process,11425792,8511488,0,104071168,0,0,5]
01-05 04:57:08.183 I/am_pss ( 1516): [2367,10081,com.android.systemui,178207744,155938816,0,349712384,0,0,12]
01-05 04:57:08.205 I/am_pss ( 1516): [1516,1000,system,257199104,157646848,0,593743872,0,0,21]
01-05 05:00:22.685 I/am_freeze( 1516): [2924,com.thundercomm.gamemode.provider]
01-05 05:00:22.687 I/am_kill ( 1516): [0,2924,com.thundercomm.gamemode.provider,915,Unable to freeze binder interface]
01-05 05:00:22.723 I/am_proc_died( 1516): [0,2924,com.thundercomm.gamemode.provider,915,19]
01-05 05:00:22.724 I/am_uid_stopped( 1516): 10066
01-05 05:00:22.734 I/am_pss ( 1516): [5252,10052,com.thundercomm.screensaver,64690176,56987648,0,186548224,0,2,7]
01-05 05:00:22.747 I/am_pss ( 1516): [2835,10075,com.android.launcher3,80068608,68485120,0,215584768,0,6,11]
01-05 05:00:22.753 I/am_pss ( 1516): [6513,10069,com.android.gallery3d,8652800,6307840,0,93167616,0,19,5]
01-05 05:00:22.759 I/am_pss ( 1516): [3455,10094,com.android.providers.media.module,21534720,16936960,0,127033344,0,0,6]
01-05 05:00:22.765 I/am_pss ( 1516): [5034,2000,com.android.shell,6692864,4358144,0,92045312,0,19,4]
01-05 05:00:22.770 I/am_pss ( 1516): [3420,10086,com.qualcomm.qti.workloadclassifier,11848704,8962048,0,102776832,0,0,5]
01-05 05:00:22.776 I/am_pss ( 1516): [3411,10083,com.qualcomm.qti.qccnetstat,6654976,4358144,0,91176960,0,0,5]
01-05 05:00:22.781 I/am_pss ( 1516): [3392,10077,com.qualcomm.qti.services.systemhelper:systemhelper_service,6885376,4526080,0,93487104,0,0,5]
01-05 05:00:22.787 I/am_pss ( 1516): [3366,10056,.pasr,5899264,3702784,0,88866816,0,0,4]
01-05 05:00:22.792 I/am_pss ( 1516): [3325,10058,ts.car.uart,6688768,4493312,0,89989120,0,0,5]
01-05 05:00:22.799 I/am_pss ( 1516): [3304,10089,com.hht.lebocast,47548416,24051712,0,115044352,0,0,6]
01-05 05:00:22.804 I/am_pss ( 1516): [3171,10073,com.qualcomm.location,10767360,7651328,0,103452672,0,0,5]
01-05 05:00:22.812 I/am_pss ( 1516): [2617,1000,com.thundercomm.tcsetupwizard,49359872,42586112,0,172457984,0,0,7]
01-05 05:00:36.183 I/auditd ( 563): type=1400 audit(0.0:697): avc: denied { read } for comm="Binder:563_2" name="wakeup58" dev="sysfs" ino=71670 scontext=u:r:system_suspend:s0 tcontext=u:object_r:sysfs:s0 tclass=dir permissive=0
01-05 05:00:36.183 I/auditd ( 563): type=1400 audit(0.0:698): avc: denied { read } for comm="Binder:563_2" name="wakeup48" dev="sysfs" ino=67403 scontext=u:r:system_suspend:s0 tcontext=u:object_r:sysfs:s0 tclass=dir permissive=0
01-05 05:00:36.183 I/auditd ( 563): type=1400 audit(0.0:699): avc: denied { read } for comm="Binder:563_2" name="wakeup4" dev="sysfs" ino=47049 scontext=u:r:system_suspend:s0 tcontext=u:object_r:sysfs:s0 tclass=dir permissive=0
01-05 05:00:36.183 I/auditd ( 563): type=1400 audit(0.0:700): avc: denied { read } for comm="Binder:563_2" name="wakeup76" dev="sysfs" ino=76605 scontext=u:r:system_suspend:s0 tcontext=u:object_r:sysfs:s0 tclass=dir permissive=0
01-05 05:00:36.187 I/auditd ( 563): type=1400 audit(0.0:701): avc: denied { read } for comm="Binder:563_2" name="wakeup28" dev="sysfs" ino=53254 scontext=u:r:system_suspend:s0 tcontext=u:object_r:sysfs:s0 tclass=dir permissive=0
01-05 05:00:36.215 I/commit_sys_config_file( 1516): [batterystats,4]
01-05 05:00:36.216 I/commit_sys_config_file( 1516): [batterystats,1]
01-05 05:01:08.895 I/auditd ( 497): type=1401 audit(0.0:747): op=security_compute_sid invalid_context=u:r:np_thundercomm_tlog_pstore:s0 scontext=u:r:init:s0 tcontext=u:object_r:np_thundercomm_tlog_pstore_exec:s0 tclass=process
01-05 05:01:09.206 I/commit_sys_config_file( 1516): [appops,1800111]
01-05 05:06:18.812 I/am_freeze( 1516): [6513,com.android.gallery3d]
01-05 05:06:18.813 I/am_kill ( 1516): [0,6513,com.android.gallery3d,905,Unable to freeze binder interface]
01-05 05:06:18.840 I/am_proc_died( 1516): [0,6513,com.android.gallery3d,905,19]
01-05 05:06:18.841 I/am_uid_stopped( 1516): 10069
01-05 05:06:18.847 I/am_uid_running( 1516): 10085
01-05 05:06:18.848 I/am_uid_running( 1516): 10069
01-05 05:06:18.861 I/am_proc_start( 1516): [0,6603,10085,com.android.music,NULL,]
01-05 05:06:18.874 I/am_proc_start( 1516): [0,6604,10069,com.android.gallery3d,NULL,]
01-05 05:06:18.875 I/am_pss ( 1516): [5252,10052,com.thundercomm.screensaver,64704512,57004032,0,186564608,0,2,7]
01-05 05:06:18.889 I/am_pss ( 1516): [5768,1000,com.android.settings,149303296,128192512,0,300347392,0,15,13]
01-05 05:06:18.892 I/am_proc_bound( 1516): [0,6603,com.android.music]
01-05 05:06:18.896 I/am_pss ( 1516): [3880,10063,com.qualcomm.qti.devicestatisticsservice,5820416,3657728,0,88563712,0,0,6]
01-05 05:06:18.900 I/commit_sys_config_file( 1516): [procstats,6]
01-05 05:06:18.904 I/am_proc_bound( 1516): [0,6604,com.android.gallery3d]
01-05 05:16:18.893 I/am_freeze( 1516): [3891,com.qti.diagservices]
01-05 05:16:18.894 I/am_kill ( 1516): [0,3891,com.qti.diagservices,935,Unable to freeze binder interface]
01-05 05:16:18.901 I/am_freeze( 1516): [6603,com.android.music]
01-05 05:16:18.902 I/am_kill ( 1516): [0,6603,com.android.music,905,Unable to freeze binder interface]
01-05 05:16:18.928 I/am_proc_died( 1516): [0,3891,com.qti.diagservices,935,10]
01-05 05:16:18.929 I/am_schedule_service_restart( 1516): [0,com.qti.diagservices/.QTIDiagServices,1000]
01-05 05:16:18.932 I/am_proc_died( 1516): [0,6603,com.android.music,905,19]
01-05 05:16:18.932 I/am_uid_stopped( 1516): 10085
01-05 05:16:18.940 I/am_pss ( 1516): [5252,10052,com.thundercomm.screensaver,63891456,56127488,0,185688064,0,2,7]
01-05 05:16:18.942 I/am_freeze( 1516): [6604,com.android.gallery3d]
01-05 05:16:18.942 I/am_kill ( 1516): [0,6604,com.android.gallery3d,905,Unable to freeze binder interface]
01-05 05:16:18.951 I/am_pss ( 1516): [2835,10075,com.android.launcher3,80133120,68485120,0,215584768,0,6,10]
01-05 05:16:18.958 I/am_pss ( 1516): [2820,1000,com.thundercomm.gamemode,20058112,15306752,0,124850176,0,10,6]
01-05 05:16:18.960 I/am_proc_died( 1516): [0,6604,com.android.gallery3d,905,19]
01-05 05:16:18.960 I/am_uid_stopped( 1516): 10069
01-05 05:16:18.964 I/am_uid_running( 1516): 10085
01-05 05:16:18.966 I/am_uid_running( 1516): 10069
01-05 05:16:18.979 I/am_proc_start( 1516): [0,6693,10085,com.android.music,NULL,]
01-05 05:16:18.990 I/am_proc_start( 1516): [0,6694,10069,com.android.gallery3d,NULL,]
01-05 05:16:19.017 I/am_proc_bound( 1516): [0,6693,com.android.music]
01-05 05:16:19.020 I/am_proc_bound( 1516): [0,6694,com.android.gallery3d]
01-05 05:16:19.963 I/am_proc_start( 1516): [0,6724,1000,com.qti.diagservices,service,{com.qti.diagservices/com.qti.diagservices.QTIDiagServices}]
01-05 05:16:20.005 I/am_proc_bound( 1516): [0,6724,com.qti.diagservices]
01-05 05:16:20.035 I/auditd ( 6724): type=1400 audit(0.0:748): avc: denied { read write } for comm="ti.diagservices" name="diag" dev="tmpfs" ino=12385 scontext=u:r:system_app:s0 tcontext=u:object_r:vendor_diag_device:s0 tclass=chr_file permissive=0
01-05 05:23:29.340 I/netstats_mobile_sample( 1516): [0,0,0,0,0,0,0,0,0,0,0,0,1672867409340]
01-05 05:23:29.341 I/netstats_wifi_sample( 1516): [0,0,0,0,0,0,0,0,0,0,0,0,1672867409340]
01-05 05:23:29.355 I/am_pss ( 1516): [5768,1000,com.android.settings,149265408,128192512,0,300347392,0,15,24]
01-05 05:23:29.373 I/am_pss ( 1516): [3745,10026,com.baidu.input,142670848,123473920,0,291913728,0,7,16]
01-05 05:23:29.382 I/am_pss ( 1516): [2350,1002,com.android.bluetooth,42552320,35246080,0,156594176,0,0,8]
01-05 05:23:29.390 I/am_pss ( 1516): [3455,10094,com.android.providers.media.module,21484544,16936960,0,127033344,0,0,6]
01-05 05:23:29.395 I/am_pss ( 1516): [3545,10078,com.qualcomm.location.XT,6850560,4575232,0,92585984,0,6,5]
01-05 05:23:29.400 I/am_pss ( 1516): [3088,10095,android.ext.services,12477440,7737344,0,106606592,0,5,5]
01-05 05:23:29.405 I/am_pss ( 1516): [3171,10073,com.qualcomm.location,10716160,7651328,0,103452672,0,0,5]
01-05 05:23:29.411 I/am_pss ( 1516): [2586,1001,.dataservices,8226816,5951488,0,93614080,0,0,4]
01-05 05:23:29.417 I/am_pss ( 1516): [2504,1073,com.android.networkstack.process,11455488,8515584,0,104075264,0,0,5]
01-05 05:23:29.431 I/am_pss ( 1516): [2367,10081,com.android.systemui,180217856,157921280,0,351711232,0,0,13]
01-05 05:23:29.452 I/am_pss ( 1516): [1516,1000,system,259132416,159526912,0,595623936,0,0,20]
01-05 05:24:07.981 I/am_uid_running( 1516): 10020
01-05 05:24:07.985 I/am_pss ( 1516): [5252,10052,com.thundercomm.screensaver,64391168,56737792,0,186298368,0,2,13]
01-05 05:24:08.007 I/am_proc_start( 1516): [0,6772,10020,android.process.media,service,{com.android.providers.downloads/com.android.providers.downloads.MediaScanTriggerJob}]
01-05 05:24:08.038 I/am_proc_bound( 1516): [0,6772,android.process.media]
01-05 05:24:08.142 I/snet_event_log( 1516): [dcl,10089,72EF5D7DED51080CEECC9D85E6D12DDD75CB53A00CAE54BA24488AD58A49FA00 442FA39DA83157E0BD6FAC3C03D361C8DDDAFE549BEC99B2400D1F06B0596400]
01-05 05:24:08.143 I/commit_sys_config_file( 1516): [blobs_index,7]
01-05 05:24:08.145 I/commit_sys_config_file( 1516): [session_index,2]
01-05 05:24:08.895 I/auditd ( 6824): type=1400 audit(0.0:749): avc: denied { read } for comm="iorap.inode2fil" name="tlog" dev="dm-5" ino=1821 scontext=u:r:iorap_inode2filename:s0 tcontext=u:object_r:tlog_config_file:s0 tclass=dir permissive=0
01-05 05:24:08.931 I/auditd ( 6824): type=1400 audit(0.0:750): avc: denied { read } for comm="iorap.inode2fil" name="nativetest" dev="dm-10" ino=7 scontext=u:r:iorap_inode2filename:s0 tcontext=u:object_r:nativetest_data_file:s0 tclass=dir permissive=0
01-05 05:24:08.931 I/auditd ( 6824): type=1400 audit(0.0:751): avc: denied { read } for comm="iorap.inode2fil" name="nativetest64" dev="dm-10" ino=8 scontext=u:r:iorap_inode2filename:s0 tcontext=u:object_r:nativetest_data_file:s0 tclass=dir permissive=0
01-05 05:24:08.931 I/auditd ( 6824): type=1400 audit(0.0:752): avc: denied { read } for comm="iorap.inode2fil" name="vendor" dev="dm-10" ino=30 scontext=u:r:iorap_inode2filename:s0 tcontext=u:object_r:vendor_data_file:s0 tclass=dir permissive=0
01-05 05:24:08.931 I/auditd ( 6824): type=1400 audit(0.0:753): avc: denied { read } for comm="iorap.inode2fil" name="vendor_ce" dev="dm-10" ino=31 scontext=u:r:iorap_inode2filename:s0 tcontext=u:object_r:vendor_data_file:s0 tclass=dir permissive=0
01-05 05:24:08.931 I/auditd ( 6824): type=1400 audit(0.0:754): avc: denied { read } for comm="iorap.inode2fil" name="vendor_de" dev="dm-10" ino=32 scontext=u:r:iorap_inode2filename:s0 tcontext=u:object_r:vendor_data_file:s0 tclass=dir permissive=0
01-05 05:24:08.931 I/auditd ( 6824): type=1400 audit(0.0:755): avc: denied { read } for comm="iorap.inode2fil" name="anr" dev="dm-10" ino=34 scontext=u:r:iorap_inode2filename:s0 tcontext=u:object_r:anr_data_file:s0 tclass=dir permissive=0
01-05 05:24:08.931 I/auditd ( 6824): type=1400 audit(0.0:756): avc: denied { read } for comm="iorap.inode2fil" name="tombstones" dev="dm-10" ino=35 scontext=u:r:iorap_inode2filename:s0 tcontext=u:object_r:tombstone_data_file:s0 tclass=dir permissive=0
01-05 05:24:10.022 I/commit_sys_config_file( 1516): [jobs,3]
01-05 05:25:02.692 I/storage_state( 1516): [41217664-9172-527a-b3d5-edabb50a7d69,0,0,116377686016,118610538496]
01-05 05:26:19.035 I/am_freeze( 1516): [6693,com.android.music]
01-05 05:26:19.037 I/am_freeze( 1516): [6694,com.android.gallery3d]
01-05 05:26:19.038 I/am_kill ( 1516): [0,6693,com.android.music,905,Unable to freeze binder interface]
01-05 05:26:19.047 I/am_kill ( 1516): [0,6694,com.android.gallery3d,905,Unable to freeze binder interface]
01-05 05:26:19.068 I/am_proc_died( 1516): [0,6694,com.android.gallery3d,905,19]
01-05 05:26:19.069 I/am_uid_stopped( 1516): 10069
01-05 05:26:19.071 I/am_proc_died( 1516): [0,6693,com.android.music,905,19]
01-05 05:26:19.071 I/am_uid_stopped( 1516): 10085
01-05 05:26:19.075 I/am_uid_running( 1516): 10085
01-05 05:26:19.076 I/am_uid_running( 1516): 10069
01-05 05:26:19.078 I/am_pss ( 1516): [6772,10020,android.process.media,10216448,7557120,0,99979264,0,19,5]
01-05 05:26:19.084 I/am_pss ( 1516): [6724,1000,com.qti.diagservices,6336512,3796992,0,93175808,0,10,5]
01-05 05:26:19.088 I/am_proc_start( 1516): [0,7084,10085,com.android.music,NULL,]
01-05 05:26:19.089 I/am_pss ( 1516): [5034,2000,com.android.shell,6652928,4358144,0,92045312,0,19,5]
01-05 05:26:19.094 I/am_pss ( 1516): [4174,10036,com.android.packageinstaller,7848960,5689344,0,90828800,0,19,5]
01-05 05:26:19.100 I/am_pss ( 1516): [3743,10030,com.android.managedprovisioning,9713664,7487488,0,94834688,0,19,5]
01-05 05:26:19.101 I/am_proc_start( 1516): [0,7085,10069,com.android.gallery3d,NULL,]
01-05 05:26:19.106 I/am_pss ( 1516): [3420,10086,com.qualcomm.qti.workloadclassifier,11763712,8962048,0,102776832,0,0,6]
01-05 05:26:19.112 I/am_pss ( 1516): [3411,10083,com.qualcomm.qti.qccnetstat,6585344,4358144,0,91176960,0,0,5]
01-05 05:26:19.118 I/am_pss ( 1516): [3392,10077,com.qualcomm.qti.services.systemhelper:systemhelper_service,6812672,4526080,0,93487104,0,0,5]
01-05 05:26:19.120 I/am_proc_bound( 1516): [0,7084,com.android.music]
01-05 05:26:19.125 I/am_pss ( 1516): [3366,10056,.pasr,5813248,3702784,0,88866816,0,0,5]
01-05 05:26:19.130 I/am_pss ( 1516): [3325,10058,ts.car.uart,6598656,4493312,0,89989120,0,0,5]
01-05 05:26:19.130 I/am_proc_bound( 1516): [0,7085,com.android.gallery3d]
01-05 05:26:19.137 I/am_pss ( 1516): [3304,10089,com.hht.lebocast,52780032,29298688,0,120291328,0,0,6]
01-05 05:26:19.144 I/am_pss ( 1516): [2784,1000,com.qualcomm.qti.qdma,10080256,6631424,0,106020864,0,0,7]
01-05 05:26:19.152 I/am_pss ( 1516): [2728,1000,com.thundercomm.remotecontrolservice,17251328,14479360,0,108027904,0,0,7]
01-05 05:26:19.159 I/am_pss ( 1516): [2752,1000,com.thundercomm.tcservice,10126336,7684096,0,98615296,0,0,5]
01-05 05:26:19.165 I/am_pss ( 1516): [2715,1068,com.android.se,6242304,4091904,0,91033600,0,0,5]
01-05 05:26:19.171 I/am_pss ( 1516): [2640,10084,com.qti.qualcomm.mstatssystemservice,5877760,3792896,0,89321472,0,0,5]
01-05 05:26:19.180 I/am_pss ( 1516): [2617,1000,com.thundercomm.tcsetupwizard,49252352,42586112,0,172457984,0,0,8]
01-05 05:26:19.186 I/am_pss ( 1516): [2604,1000,com.tc.logclient,8078336,5623808,0,97927168,0,0,5]
01-05 05:26:19.192 I/am_pss ( 1516): [2630,1000,vendor.qti.qesdk.sysservice,5951488,3796992,0,90714112,0,0,5]
01-05 05:26:19.199 I/am_pss ( 1516): [2599,1000,com.thundercomm.tchttpserver,16955392,14819328,0,101470208,0,0,5]
01-05 05:26:19.204 I/am_pss ( 1516): [2592,10059,.qtidataservices,6319104,4182016,0,91090944,0,0,5]
01-05 05:26:19.211 I/am_pss ( 1516): [2575,1000,com.thundercomm.microsettings,28807168,18685952,0,128192512,0,0,6]
01-05 05:26:19.217 I/am_pss ( 1516): [2558,1000,com.thundercomm.microservice,9238528,6979584,0,95150080,0,0,5]
01-05 05:30:36.195 I/auditd ( 563): type=1400 audit(0.0:856): avc: denied { read } for comm="Binder:563_2" name="wakeup58" dev="sysfs" ino=71670 scontext=u:r:system_suspend:s0 tcontext=u:object_r:sysfs:s0 tclass=dir permissive=0
01-05 05:30:36.195 I/auditd ( 563): type=1400 audit(0.0:857): avc: denied { read } for comm="Binder:563_2" name="wakeup48" dev="sysfs" ino=67403 scontext=u:r:system_suspend:s0 tcontext=u:object_r:sysfs:s0 tclass=dir permissive=0
01-05 05:30:36.195 I/auditd ( 563): type=1400 audit(0.0:858): avc: denied { read } for comm="Binder:563_2" name="wakeup4" dev="sysfs" ino=47049 scontext=u:r:system_suspend:s0 tcontext=u:object_r:sysfs:s0 tclass=dir permissive=0
01-05 05:30:36.195 I/auditd ( 563): type=1400 audit(0.0:859): avc: denied { read } for comm="Binder:563_2" name="wakeup76" dev="sysfs" ino=76605 scontext=u:r:system_suspend:s0 tcontext=u:object_r:sysfs:s0 tclass=dir permissive=0
01-05 05:30:36.195 I/auditd ( 563): type=1400 audit(0.0:860): avc: denied { read } for comm="Binder:563_2" name="wakeup28" dev="sysfs" ino=53254 scontext=u:r:system_suspend:s0 tcontext=u:object_r:sysfs:s0 tclass=dir permissive=0
01-05 05:30:36.230 I/commit_sys_config_file( 1516): [batterystats,6]
01-05 05:30:36.230 I/commit_sys_config_file( 1516): [batterystats,0]
01-05 05:31:08.899 I/auditd ( 497): type=1401 audit(0.0:906): op=security_compute_sid invalid_context=u:r:np_thundercomm_tlog_pstore:s0 scontext=u:r:init:s0 tcontext=u:object_r:np_thundercomm_tlog_pstore_exec:s0 tclass=process
01-05 05:33:06.796 I/input_interaction( 1516): Interaction with: 8068f51 com.thundercomm.screensaver/android.service.dreams.DreamActivity (server), edge-swipe (server), swipe-up (server), PointerEventDispatcher0 (server),
01-05 05:33:06.800 I/wm_finish_activity( 1516): [0,204610261,25,com.thundercomm.screensaver/android.service.dreams.DreamActivity,finish-activity]
01-05 05:33:06.800 I/wm_task_moved( 1516): [1,1,6]
01-05 05:33:06.801 I/wm_task_moved( 1516): [10,1,2147483647]
01-05 05:33:06.801 I/wm_task_to_front( 1516): [0,10]
01-05 05:33:06.801 I/wm_focused_root_task( 1516): [0,0,1,25,finish-top adjustFocusToNextFocusableTask]
01-05 05:33:06.802 I/wm_set_resumed_activity( 1516): [0,com.android.launcher3/.uioverrides.QuickstepLauncher,finish-top adjustFocusToNextFocusableTask]
01-05 05:33:06.803 I/wm_pause_activity( 1516): [0,204610261,com.thundercomm.screensaver/android.service.dreams.DreamActivity,userLeaving=false,finish]
01-05 05:33:06.809 I/wm_on_top_resumed_lost_called( 5252): [204610261,android.service.dreams.DreamActivity,topStateChangedWhenResumed]
01-05 05:33:06.809 I/wm_on_paused_called( 5252): [204610261,android.service.dreams.DreamActivity,performPause]
01-05 05:33:06.810 I/wm_add_to_stopping( 1516): [0,204610261,com.thundercomm.screensaver/android.service.dreams.DreamActivity,completeFinishing]
01-05 05:33:06.812 I/wm_set_resumed_activity( 1516): [0,com.android.launcher3/.uioverrides.QuickstepLauncher,resumeTopActivityInnerLocked]
01-05 05:33:06.814 I/wm_resume_activity( 1516): [0,39192225,10,com.android.launcher3/.uioverrides.QuickstepLauncher]
01-05 05:33:06.818 I/sysui_multi_action( 1516): [757,803,799,window_time_0,802,2699]
01-05 05:33:06.821 I/sysui_multi_action( 1516): [757,803,799,window_time_0,802,0]
01-05 05:33:06.830 I/view_enqueue_input_event( 5252): [Motion - Cancel,com.thundercomm.screensaver/android.service.dreams.DreamActivity]
01-05 05:33:06.831 I/am_pss ( 1516): [7085,10069,com.android.gallery3d,8540160,6303744,0,93167616,0,19,5]
01-05 05:33:06.833 I/input_focus( 1516): [Focus leaving 8068f51 com.thundercomm.screensaver/android.service.dreams.DreamActivity (server),reason=NO_WINDOW]
01-05 05:33:06.836 I/wm_on_restart_called( 2835): [39192225,com.android.launcher3.uioverrides.QuickstepLauncher,performRestartActivity]
01-05 05:33:06.836 I/wm_on_start_called( 2835): [39192225,com.android.launcher3.uioverrides.QuickstepLauncher,handleStartActivity]
01-05 05:33:06.836 I/wm_on_resume_called( 2835): [39192225,com.android.launcher3.uioverrides.QuickstepLauncher,RESUME_ACTIVITY]
01-05 05:33:06.836 I/wm_on_top_resumed_gained_called( 2835): [39192225,com.android.launcher3.uioverrides.QuickstepLauncher,topWhenResuming]
01-05 05:33:06.837 I/am_uid_running( 1516): 10066
01-05 05:33:06.837 I/am_pss ( 1516): [7084,10085,com.android.music,7073792,4694016,0,90230784,0,19,5]
01-05 05:33:06.843 I/am_pss ( 1516): [6772,10020,android.process.media,10100736,7557120,0,99979264,0,19,5]
01-05 05:33:06.843 I/input_focus( 1516): [Focus request fdc0eb0 com.android.launcher3/com.android.launcher3.uioverrides.QuickstepLauncher,reason=UpdateInputWindows]
01-05 05:33:06.844 I/am_proc_start( 1516): [0,7179,10066,com.thundercomm.gamemode.provider,content provider,{com.thundercomm.gamemode.provider/com.thundercomm.gamemode.provider.SettingsProvider}]
01-05 05:33:06.847 I/input_interaction( 1516): Interaction with: edge-swipe (server), swipe-up (server), PointerEventDispatcher0 (server),
01-05 05:33:06.850 I/am_pss ( 1516): [6724,1000,com.qti.diagservices,6223872,3796992,0,93175808,0,10,6]
01-05 05:33:06.857 I/am_pss ( 1516): [3880,10063,com.qualcomm.qti.devicestatisticsservice,5707776,3657728,0,88563712,0,0,5]
01-05 05:33:06.865 I/am_proc_bound( 1516): [0,7179,com.thundercomm.gamemode.provider]
01-05 05:33:06.874 I/input_focus( 1516): [Focus entering fdc0eb0 com.android.launcher3/com.android.launcher3.uioverrides.QuickstepLauncher (server),reason=Window became focusable. Previous reason: NOT_VISIBLE]
01-05 05:33:06.911 I/am_uid_active( 1516): 10066
01-05 05:33:07.094 I/wm_destroy_activity( 1516): [0,204610261,25,com.thundercomm.screensaver/android.service.dreams.DreamActivity,finish-imm:idle]
01-05 05:33:07.115 I/wm_on_stop_called( 5252): [204610261,android.service.dreams.DreamActivity,LIFECYCLER_STOP_ACTIVITY]
01-05 05:33:07.115 I/wm_on_destroy_called( 5252): [204610261,android.service.dreams.DreamActivity,performDestroy]
01-05 05:33:07.118 I/sysui_multi_action( 1516): [757,222,758,2]
01-05 05:33:07.118 I/sysui_multi_action( 1516): [757,804,799,dreaming_minutes,801,44,802,1]
01-05 05:33:07.126 I/wm_task_removed( 1516): [25,removeChild:removeChild last r=ActivityRecord{c321ad5 u0 com.thundercomm.screensaver/android.service.dreams.DreamActivity t-1 f}} in t=Task{242a666 #25 type=dream A=10052:android:com.thundercomm.screensaver/dream U=0 visible=false mode=fullscreen translucent=true sz=0}]
01-05 05:33:07.126 I/wm_task_removed( 1516): [25,removeChild]
01-05 05:33:08.153 I/input_interaction( 1516): Interaction with: 7c0e82f StatusBar (server), edge-swipe (server), swipe-up (server), PointerEventDispatcher0 (server),
01-05 05:33:08.158 I/sysui_multi_action( 2367): [757,803,799,panel_open,802,1]
01-05 05:33:08.160 I/sysui_multi_action( 2367): [757,1328,758,4,1326,43,1327,2,1329,0]
01-05 05:33:08.215 I/sysui_multi_action( 1516): [757,127,758,1]
01-05 05:33:08.215 I/sysui_multi_action( 1516): [757,804,799,note_load,801,2,802,1]
01-05 05:33:08.215 I/notification_panel_revealed( 1516): 2
01-05 05:33:08.229 I/input_focus( 1516): [Focus request 94a0fc2 NotificationShade,reason=UpdateInputWindows]
01-05 05:33:08.234 I/sysui_multi_action( 1516): [757,128,758,1,793,3658740,794,0,795,3658740,796,26,798,0,806,android,857,DEVELOPER_IMPORTANT,858,4,947,0,1395,2,1500,3658535,1688,1]
01-05 05:33:08.234 I/sysui_multi_action( 1516): [757,804,799,note_freshness,801,3658740,802,1]
01-05 05:33:08.234 I/notification_visibility( 1516): [-1|android|26|null|1000,1,3658740,3658740,0,0]
01-05 05:33:08.234 I/sysui_multi_action( 1516): [757,128,758,1,793,3727200,794,0,795,3727200,796,32,798,1,806,android,857,USB,858,1,947,0,1395,2,1500,3727048,1688,1]
01-05 05:33:08.234 I/sysui_multi_action( 1516): [757,804,799,note_freshness,801,3727200,802,1]
01-05 05:33:08.234 I/notification_visibility( 1516): [-1|android|32|null|1000,1,3727200,3727200,0,1]
01-05 05:33:08.243 I/input_focus( 1516): [Focus leaving fdc0eb0 com.android.launcher3/com.android.launcher3.uioverrides.QuickstepLauncher (server),reason=setFocusedWindow]
01-05 05:33:08.243 I/input_focus( 1516): [Focus entering 94a0fc2 NotificationShade (server),reason=setFocusedWindow]
01-05 05:33:08.292 I/sysui_multi_action( 2367): [757,111,758,1]
01-05 05:33:08.292 I/sysui_multi_action( 2367): [757,126,758,1,759,126,927,0,928,0,1593,0]
01-05 05:33:08.292 I/sysui_multi_action( 2367): [757,113,758,1,759,113,927,1,928,1,1593,0]
01-05 05:33:08.292 I/sysui_multi_action( 2367): [757,0,758,1,759,0,927,2,928,0,1593,0]
01-05 05:33:08.292 I/sysui_multi_action( 2367): [757,0,758,1,759,0,927,3,928,0,1593,0]
01-05 05:33:08.293 I/sysui_multi_action( 2367): [757,491,758,1,759,491,927,4,928,0,1311,-1,1593,0]
01-05 05:33:08.293 I/sysui_multi_action( 2367): [757,0,758,1,759,0,927,5,928,0,1593,0]
01-05 05:33:08.293 I/sysui_multi_action( 2367): [757,111,758,1]
01-05 05:33:08.293 I/sysui_multi_action( 2367): [757,126,758,1,759,126,927,0,928,0,1593,0]
01-05 05:33:08.294 I/sysui_multi_action( 2367): [757,113,758,1,759,113,927,1,928,1,1593,0]
01-05 05:33:08.294 I/sysui_multi_action( 2367): [757,0,758,1,759,0,927,2,928,0,1593,0]
01-05 05:33:08.294 I/sysui_multi_action( 2367): [757,0,758,1,759,0,927,3,928,0,1593,0]
01-05 05:33:09.445 I/input_interaction( 1516): Interaction with: 94a0fc2 NotificationShade (server), edge-swipe (server), swipe-up (server), PointerEventDispatcher0 (server),
01-05 05:33:09.868 I/notification_enqueue( 1516): [10081,2367,com.android.systemui,2048,NULL,0,Notification(channel=updateNotification shortcut=null contentView=null vibrate=null sound=null defaults=0x0 flags=0x0 color=0x00000000 vis=PRIVATE),1]
01-05 05:33:09.869 I/sysui_multi_action( 2367): [757,111,758,2]
01-05 05:33:09.870 I/sysui_multi_action( 2367): [757,111,758,2]
01-05 05:33:10.088 I/input_focus( 1516): [Focus request fdc0eb0 com.android.launcher3/com.android.launcher3.uioverrides.QuickstepLauncher,reason=UpdateInputWindows]
01-05 05:33:10.097 I/sysui_multi_action( 1516): [757,128,758,2,793,3660603,794,1863,795,3660603,796,26,798,0,806,android,857,DEVELOPER_IMPORTANT,858,4,947,0,1395,2,1500,3660398,1688,1]
01-05 05:33:10.097 I/notification_visibility( 1516): [-1|android|26|null|1000,0,3660603,3660603,0,0]
01-05 05:33:10.097 I/sysui_multi_action( 1516): [757,128,758,2,793,3729063,794,1863,795,3729063,796,32,798,1,806,android,857,USB,858,1,947,0,1395,2,1500,3728911,1688,1]
01-05 05:33:10.097 I/notification_visibility( 1516): [-1|android|32|null|1000,0,3729063,3729063,0,1]
01-05 05:33:10.098 I/sysui_multi_action( 1516): [757,127,758,2]
01-05 05:33:10.098 I/notification_panel_hidden( 1516):
01-05 05:33:10.114 I/input_focus( 1516): [Focus leaving 94a0fc2 NotificationShade (server),reason=NOT_FOCUSABLE]
01-05 05:33:10.114 I/input_focus( 1516): [Focus entering fdc0eb0 com.android.launcher3/com.android.launcher3.uioverrides.QuickstepLauncher (server),reason=setFocusedWindow]
01-05 05:33:16.303 I/input_interaction( 1516): Interaction with: fdc0eb0 com.android.launcher3/com.android.launcher3.uioverrides.QuickstepLauncher (server), 9702ba6 com.android.systemui.ImageWallpaper (server), edge-swipe (server), swipe-up (server), PointerEventDispatcher0 (server),
01-05 05:33:16.686 I/commit_sys_config_file( 1516): [settings-1-0,9]
01-05 05:33:17.927 I/commit_sys_config_file( 1516): [settings-1-0,5]
01-05 05:34:07.127 I/am_uid_idle( 1516): 10052
01-05 05:34:08.129 I/am_freeze( 1516): [6772,android.process.media]
01-05 05:34:08.131 I/am_kill ( 1516): [0,6772,android.process.media,925,Unable to freeze binder interface]
01-05 05:34:08.158 I/am_proc_died( 1516): [0,6772,android.process.media,925,19]
01-05 05:34:08.159 I/am_uid_stopped( 1516): 10020
01-05 05:34:08.169 I/am_pss ( 1516): [5252,10052,com.thundercomm.screensaver,31212544,23613440,0,153174016,0,19,7]
01-05 05:34:08.175 I/am_pss ( 1516): [7179,10066,com.thundercomm.gamemode.provider,8174592,5799936,0,95084544,0,19,4]
01-05 05:34:08.181 I/am_pss ( 1516): [7085,10069,com.android.gallery3d,8536064,6303744,0,93167616,0,19,6]
01-05 05:34:08.185 I/am_pss ( 1516): [7084,10085,com.android.music,7072768,4694016,0,90230784,0,19,4]
