01-05 07:17:20.767 I/sysui_multi_action( 1516): [757,804,799,note_freshness,801,9979733,802,1]
01-05 07:17:20.767 I/notification_visibility( 1516): [-1|android|32|null|1000,1,9979733,9979733,0,1]
01-05 07:17:20.773 I/input_focus( 1516): [Focus leaving fdc0eb0 com.android.launcher3/com.android.launcher3.uioverrides.QuickstepLauncher (server),reason=setFocusedWindow]
01-05 07:17:20.773 I/input_focus( 1516): [Focus entering 94a0fc2 NotificationShade (server),reason=setFocusedWindow]
01-05 07:17:20.839 I/sysui_multi_action( 2367): [757,111,758,1]
01-05 07:17:20.840 I/sysui_multi_action( 2367): [757,126,758,1,759,126,927,0,928,0,1593,0]
01-05 07:17:20.840 I/sysui_multi_action( 2367): [757,113,758,1,759,113,927,1,928,1,1593,0]
01-05 07:17:20.840 I/sysui_multi_action( 2367): [757,0,758,1,759,0,927,2,928,0,1593,0]
01-05 07:17:20.840 I/sysui_multi_action( 2367): [757,0,758,1,759,0,927,3,928,0,1593,0]
01-05 07:17:20.841 I/sysui_multi_action( 2367): [757,491,758,1,759,491,927,4,928,0,1311,-1,1593,0]
01-05 07:17:20.841 I/sysui_multi_action( 2367): [757,0,758,1,759,0,927,5,928,0,1593,0]
01-05 07:17:20.841 I/sysui_multi_action( 2367): [757,111,758,1]
01-05 07:17:20.842 I/sysui_multi_action( 2367): [757,126,758,1,759,126,927,0,928,0,1593,0]
01-05 07:17:20.842 I/sysui_multi_action( 2367): [757,113,758,1,759,113,927,1,928,1,1593,0]
01-05 07:17:20.842 I/sysui_multi_action( 2367): [757,0,758,1,759,0,927,2,928,0,1593,0]
01-05 07:17:20.842 I/sysui_multi_action( 2367): [757,0,758,1,759,0,927,3,928,0,1593,0]
01-05 07:17:21.088 I/input_interaction( 1516): Interaction with: 7c0e82f StatusBar (server), 94a0fc2 NotificationShade (server), edge-swipe (server), swipe-up (server), PointerEventDispatcher0 (server),
01-05 07:17:21.109 I/sysui_multi_action( 2367): [757,111,758,2]
01-05 07:17:21.109 I/notification_enqueue( 1516): [10081,2367,com.android.systemui,2048,NULL,0,Notification(channel=updateNotification shortcut=null contentView=null vibrate=null sound=null defaults=0x0 flags=0x0 color=0x00000000 vis=PRIVATE),1]
01-05 07:17:21.110 I/sysui_multi_action( 2367): [757,111,758,2]
01-05 07:17:21.118 I/input_focus( 1516): [Focus request fdc0eb0 com.android.launcher3/com.android.launcher3.uioverrides.QuickstepLauncher,reason=UpdateInputWindows]
01-05 07:17:21.132 I/sysui_multi_action( 1516): [757,128,758,2,793,9911639,794,366,795,9911639,796,26,798,0,806,android,857,DEVELOPER_IMPORTANT,858,4,947,0,1395,2,1500,9911434,1688,1]
01-05 07:17:21.132 I/notification_visibility( 1516): [-1|android|26|null|1000,0,9911639,9911639,0,0]
01-05 07:17:21.132 I/sysui_multi_action( 1516): [757,128,758,2,793,9980098,794,365,795,9980098,796,32,798,1,806,android,857,USB,858,1,947,0,1395,2,1500,9979946,1688,1]
01-05 07:17:21.132 I/notification_visibility( 1516): [-1|android|32|null|1000,0,9980098,9980098,0,1]
01-05 07:17:21.132 I/sysui_multi_action( 1516): [757,127,758,2]
01-05 07:17:21.133 I/notification_panel_hidden( 1516):
01-05 07:17:21.141 I/input_focus( 1516): [Focus leaving 94a0fc2 NotificationShade (server),reason=NOT_FOCUSABLE]
01-05 07:17:21.141 I/input_focus( 1516): [Focus entering fdc0eb0 com.android.launcher3/com.android.launcher3.uioverrides.QuickstepLauncher (server),reason=setFocusedWindow]
01-05 07:17:22.939 I/input_interaction( 1516): Interaction with: 7c0e82f StatusBar (server), edge-swipe (server), swipe-up (server), PointerEventDispatcher0 (server),
01-05 07:17:22.944 I/sysui_multi_action( 2367): [757,803,799,panel_open,802,1]
01-05 07:17:22.945 I/sysui_multi_action( 2367): [757,1328,758,4,1326,44,1327,5,1329,0]
01-05 07:17:22.999 I/sysui_multi_action( 1516): [757,127,758,1]
01-05 07:17:22.999 I/sysui_multi_action( 1516): [757,804,799,note_load,801,2,802,1]
01-05 07:17:23.000 I/notification_panel_revealed( 1516): 2
01-05 07:17:23.013 I/input_focus( 1516): [Focus request 94a0fc2 NotificationShade,reason=UpdateInputWindows]
01-05 07:17:23.021 I/sysui_multi_action( 1516): [757,128,758,1,793,9913528,794,0,795,9913528,796,26,798,0,806,android,857,DEVELOPER_IMPORTANT,858,4,947,0,1395,2,1500,9913323,1688,1]
01-05 07:17:23.021 I/sysui_multi_action( 1516): [757,804,799,note_freshness,801,9913528,802,1]
01-05 07:17:23.021 I/notification_visibility( 1516): [-1|android|26|null|1000,1,9913528,9913528,0,0]
01-05 07:17:23.022 I/sysui_multi_action( 1516): [757,128,758,1,793,9981987,794,0,795,9981987,796,32,798,1,806,android,857,USB,858,1,947,0,1395,2,1500,9981835,1688,1]
01-05 07:17:23.022 I/sysui_multi_action( 1516): [757,804,799,note_freshness,801,9981987,802,1]
01-05 07:17:23.022 I/notification_visibility( 1516): [-1|android|32|null|1000,1,9981987,9981987,0,1]
01-05 07:17:23.028 I/input_focus( 1516): [Focus leaving fdc0eb0 com.android.launcher3/com.android.launcher3.uioverrides.QuickstepLauncher (server),reason=setFocusedWindow]
01-05 07:17:23.029 I/input_focus( 1516): [Focus entering 94a0fc2 NotificationShade (server),reason=setFocusedWindow]
01-05 07:17:23.061 I/sysui_multi_action( 2367): [757,111,758,1]
01-05 07:17:23.061 I/sysui_multi_action( 2367): [757,126,758,1,759,126,927,0,928,0,1593,0]
01-05 07:17:23.061 I/sysui_multi_action( 2367): [757,113,758,1,759,113,927,1,928,1,1593,0]
01-05 07:17:23.061 I/sysui_multi_action( 2367): [757,0,758,1,759,0,927,2,928,0,1593,0]
01-05 07:17:23.061 I/sysui_multi_action( 2367): [757,0,758,1,759,0,927,3,928,0,1593,0]
01-05 07:17:23.062 I/sysui_multi_action( 2367): [757,491,758,1,759,491,927,4,928,0,1311,-1,1593,0]
01-05 07:17:23.062 I/sysui_multi_action( 2367): [757,0,758,1,759,0,927,5,928,0,1593,0]
01-05 07:17:23.062 I/sysui_multi_action( 2367): [757,111,758,1]
01-05 07:17:23.062 I/sysui_multi_action( 2367): [757,126,758,1,759,126,927,0,928,0,1593,0]
01-05 07:17:23.062 I/sysui_multi_action( 2367): [757,113,758,1,759,113,927,1,928,1,1593,0]
01-05 07:17:23.062 I/sysui_multi_action( 2367): [757,0,758,1,759,0,927,2,928,0,1593,0]
01-05 07:17:23.062 I/sysui_multi_action( 2367): [757,0,758,1,759,0,927,3,928,0,1593,0]
01-05 07:17:23.954 I/input_interaction( 1516): Interaction with: 94a0fc2 NotificationShade (server), edge-swipe (server), swipe-up (server), PointerEventDispatcher0 (server),
01-05 07:17:24.385 I/notification_enqueue( 1516): [10081,2367,com.android.systemui,2048,NULL,0,Notification(channel=updateNotification shortcut=null contentView=null vibrate=null sound=null defaults=0x0 flags=0x0 color=0x00000000 vis=PRIVATE),1]
01-05 07:17:24.386 I/sysui_multi_action( 2367): [757,111,758,2]
01-05 07:17:24.387 I/sysui_multi_action( 2367): [757,111,758,2]
01-05 07:17:24.608 I/input_focus( 1516): [Focus request fdc0eb0 com.android.launcher3/com.android.launcher3.uioverrides.QuickstepLauncher,reason=UpdateInputWindows]
01-05 07:17:24.614 I/input_interaction( 1516): Interaction with: 94a0fc2 NotificationShade (server), 9702ba6 com.android.systemui.ImageWallpaper (server), edge-swipe (server), swipe-up (server), PointerEventDispatcher0 (server),
01-05 07:17:24.615 I/sysui_multi_action( 1516): [757,128,758,2,793,9915122,794,1594,795,9915122,796,26,798,0,806,android,857,DEVELOPER_IMPORTANT,858,4,947,0,1395,2,1500,9914917,1688,1]
01-05 07:17:24.615 I/notification_visibility( 1516): [-1|android|26|null|1000,0,9915122,9915122,0,0]
01-05 07:17:24.615 I/sysui_multi_action( 1516): [757,128,758,2,793,9983581,794,1594,795,9983581,796,32,798,1,806,android,857,USB,858,1,947,0,1395,2,1500,9983429,1688,1]
01-05 07:17:24.616 I/notification_visibility( 1516): [-1|android|32|null|1000,0,9983581,9983581,0,1]
01-05 07:17:24.616 I/sysui_multi_action( 1516): [757,127,758,2]
01-05 07:17:24.616 I/notification_panel_hidden( 1516):
01-05 07:17:24.623 I/sysui_multi_action( 2367): [757,803,799,panel_open,802,1]
01-05 07:17:24.623 I/sysui_multi_action( 2367): [757,1328,758,4,1326,57,1327,3,1329,0]
01-05 07:17:24.633 I/input_focus( 1516): [Focus leaving 94a0fc2 NotificationShade (server),reason=NOT_FOCUSABLE]
01-05 07:17:24.633 I/input_focus( 1516): [Focus entering fdc0eb0 com.android.launcher3/com.android.launcher3.uioverrides.QuickstepLauncher (server),reason=setFocusedWindow]
01-05 07:17:24.654 I/view_enqueue_input_event( 2367): [Motion - Cancel,NotificationShade]
01-05 07:17:24.665 I/input_interaction( 1516): Interaction with: 9702ba6 com.android.systemui.ImageWallpaper (server), edge-swipe (server), swipe-up (server), PointerEventDispatcher0 (server),
01-05 07:17:25.576 I/input_interaction( 1516): Interaction with: 7c0e82f StatusBar (server), edge-swipe (server), swipe-up (server), PointerEventDispatcher0 (server),
01-05 07:17:25.581 I/sysui_multi_action( 2367): [757,803,799,panel_open,802,1]
01-05 07:17:25.582 I/sysui_multi_action( 2367): [757,1328,758,4,1326,53,1327,1,1329,0]
01-05 07:17:25.638 I/sysui_multi_action( 1516): [757,127,758,1]
01-05 07:17:25.638 I/sysui_multi_action( 1516): [757,804,799,note_load,801,2,802,1]
01-05 07:17:25.638 I/notification_panel_revealed( 1516): 2
01-05 07:17:25.651 I/input_focus( 1516): [Focus request 94a0fc2 NotificationShade,reason=UpdateInputWindows]
01-05 07:17:25.661 I/sysui_multi_action( 1516): [757,128,758,1,793,9916168,794,0,795,9916168,796,26,798,0,806,android,857,DEVELOPER_IMPORTANT,858,4,947,0,1395,2,1500,9915963,1688,1]
01-05 07:17:25.661 I/sysui_multi_action( 1516): [757,804,799,note_freshness,801,9916168,802,1]
01-05 07:17:25.662 I/notification_visibility( 1516): [-1|android|26|null|1000,1,9916168,9916168,0,0]
01-05 07:17:25.662 I/sysui_multi_action( 1516): [757,128,758,1,793,9984628,794,0,795,9984628,796,32,798,1,806,android,857,USB,858,1,947,0,1395,2,1500,9984476,1688,1]
01-05 07:17:25.662 I/sysui_multi_action( 1516): [757,804,799,note_freshness,801,9984628,802,1]
01-05 07:17:25.662 I/notification_visibility( 1516): [-1|android|32|null|1000,1,9984628,9984628,0,1]
01-05 07:17:25.669 I/input_focus( 1516): [Focus leaving fdc0eb0 com.android.launcher3/com.android.launcher3.uioverrides.QuickstepLauncher (server),reason=setFocusedWindow]
01-05 07:17:25.669 I/input_focus( 1516): [Focus entering 94a0fc2 NotificationShade (server),reason=setFocusedWindow]
01-05 07:17:25.701 I/sysui_multi_action( 2367): [757,111,758,1]
01-05 07:17:25.701 I/sysui_multi_action( 2367): [757,126,758,1,759,126,927,0,928,0,1593,0]
01-05 07:17:25.701 I/sysui_multi_action( 2367): [757,113,758,1,759,113,927,1,928,1,1593,0]
01-05 07:17:25.702 I/sysui_multi_action( 2367): [757,0,758,1,759,0,927,2,928,0,1593,0]
01-05 07:17:25.702 I/sysui_multi_action( 2367): [757,0,758,1,759,0,927,3,928,0,1593,0]
01-05 07:17:25.702 I/sysui_multi_action( 2367): [757,491,758,1,759,491,927,4,928,0,1311,-1,1593,0]
01-05 07:17:25.703 I/sysui_multi_action( 2367): [757,0,758,1,759,0,927,5,928,0,1593,0]
01-05 07:17:25.703 I/sysui_multi_action( 2367): [757,111,758,1]
01-05 07:17:25.703 I/sysui_multi_action( 2367): [757,126,758,1,759,126,927,0,928,0,1593,0]
01-05 07:17:25.703 I/sysui_multi_action( 2367): [757,113,758,1,759,113,927,1,928,1,1593,0]
01-05 07:17:25.703 I/sysui_multi_action( 2367): [757,0,758,1,759,0,927,2,928,0,1593,0]
01-05 07:17:25.703 I/sysui_multi_action( 2367): [757,0,758,1,759,0,927,3,928,0,1593,0]
01-05 07:17:26.679 I/input_interaction( 1516): Interaction with: 94a0fc2 NotificationShade (server), edge-swipe (server), swipe-up (server), PointerEventDispatcher0 (server),
01-05 07:17:27.193 I/notification_enqueue( 1516): [10081,2367,com.android.systemui,2048,NULL,0,Notification(channel=updateNotification shortcut=null contentView=null vibrate=null sound=null defaults=0x0 flags=0x0 color=0x00000000 vis=PRIVATE),1]
01-05 07:17:27.196 I/sysui_multi_action( 2367): [757,111,758,2]
01-05 07:17:27.196 I/sysui_multi_action( 2367): [757,111,758,2]
01-05 07:17:27.414 I/input_focus( 1516): [Focus request fdc0eb0 com.android.launcher3/com.android.launcher3.uioverrides.QuickstepLauncher,reason=UpdateInputWindows]
01-05 07:17:27.426 I/sysui_multi_action( 1516): [757,128,758,2,793,9917932,794,1764,795,9917932,796,26,798,0,806,android,857,DEVELOPER_IMPORTANT,858,4,947,0,1395,2,1500,9917727,1688,1]
01-05 07:17:27.426 I/notification_visibility( 1516): [-1|android|26|null|1000,0,9917932,9917932,0,0]
01-05 07:17:27.426 I/sysui_multi_action( 1516): [757,128,758,2,793,9986392,794,1764,795,9986392,796,32,798,1,806,android,857,USB,858,1,947,0,1395,2,1500,9986240,1688,1]
01-05 07:17:27.427 I/notification_visibility( 1516): [-1|android|32|null|1000,0,9986392,9986392,0,1]
01-05 07:17:27.427 I/sysui_multi_action( 1516): [757,127,758,2]
01-05 07:17:27.427 I/notification_panel_hidden( 1516):
01-05 07:17:27.439 I/input_focus( 1516): [Focus leaving 94a0fc2 NotificationShade (server),reason=NOT_FOCUSABLE]
01-05 07:17:27.439 I/input_focus( 1516): [Focus entering fdc0eb0 com.android.launcher3/com.android.launcher3.uioverrides.QuickstepLauncher (server),reason=setFocusedWindow]
01-05 07:17:27.504 I/input_interaction( 1516): Interaction with: 7c0e82f StatusBar (server), edge-swipe (server), swipe-up (server), PointerEventDispatcher0 (server),
01-05 07:17:27.508 I/sysui_multi_action( 2367): [757,803,799,panel_open,802,1]
01-05 07:17:27.509 I/sysui_multi_action( 2367): [757,1328,758,4,1326,55,1327,1,1329,0]
01-05 07:17:27.541 I/sysui_multi_action( 1516): [757,127,758,1]
01-05 07:17:27.541 I/sysui_multi_action( 1516): [757,804,799,note_load,801,2,802,1]
01-05 07:17:27.541 I/notification_panel_revealed( 1516): 2
01-05 07:17:27.550 I/input_focus( 1516): [Focus request 94a0fc2 NotificationShade,reason=UpdateInputWindows]
01-05 07:17:27.572 I/input_focus( 1516): [Focus leaving fdc0eb0 com.android.launcher3/com.android.launcher3.uioverrides.QuickstepLauncher (server),reason=setFocusedWindow]
01-05 07:17:27.573 I/input_focus( 1516): [Focus entering 94a0fc2 NotificationShade (server),reason=setFocusedWindow]
01-05 07:17:27.606 I/sysui_multi_action( 2367): [757,111,758,1]
01-05 07:17:27.607 I/sysui_multi_action( 2367): [757,126,758,1,759,126,927,0,928,0,1593,0]
01-05 07:17:27.607 I/sysui_multi_action( 2367): [757,113,758,1,759,113,927,1,928,1,1593,0]
01-05 07:17:27.607 I/sysui_multi_action( 2367): [757,0,758,1,759,0,927,2,928,0,1593,0]
01-05 07:17:27.607 I/sysui_multi_action( 2367): [757,0,758,1,759,0,927,3,928,0,1593,0]
01-05 07:17:27.608 I/sysui_multi_action( 2367): [757,491,758,1,759,491,927,4,928,0,1311,-1,1593,0]
01-05 07:17:27.608 I/sysui_multi_action( 2367): [757,0,758,1,759,0,927,5,928,0,1593,0]
01-05 07:17:27.608 I/sysui_multi_action( 2367): [757,111,758,1]
01-05 07:17:27.608 I/sysui_multi_action( 2367): [757,126,758,1,759,126,927,0,928,0,1593,0]
01-05 07:17:27.609 I/sysui_multi_action( 2367): [757,113,758,1,759,113,927,1,928,1,1593,0]
01-05 07:17:27.609 I/sysui_multi_action( 2367): [757,0,758,1,759,0,927,2,928,0,1593,0]
01-05 07:17:27.609 I/sysui_multi_action( 2367): [757,0,758,1,759,0,927,3,928,0,1593,0]
01-05 07:17:27.699 I/sysui_multi_action( 1516): [757,128,758,1,793,9918205,794,0,795,9918205,796,26,798,0,806,android,857,DEVELOPER_IMPORTANT,858,4,947,0,1395,2,1500,9918000,1688,1]
01-05 07:17:27.699 I/sysui_multi_action( 1516): [757,804,799,note_freshness,801,9918205,802,1]
01-05 07:17:27.699 I/notification_visibility( 1516): [-1|android|26|null|1000,1,9918205,9918205,0,0]
01-05 07:17:27.700 I/sysui_multi_action( 1516): [757,128,758,1,793,9986666,794,0,795,9986666,796,32,798,1,806,android,857,USB,858,1,947,0,1395,2,1500,9986514,1688,1]
01-05 07:17:27.700 I/sysui_multi_action( 1516): [757,804,799,note_freshness,801,9986666,802,1]
01-05 07:17:27.700 I/notification_visibility( 1516): [-1|android|32|null|1000,1,9986666,9986666,0,1]
01-05 07:17:28.848 I/input_interaction( 1516): Interaction with: 94a0fc2 NotificationShade (server), edge-swipe (server), swipe-up (server), PointerEventDispatcher0 (server),
01-05 07:17:28.963 I/sysui_multi_action( 2367): [757,925,758,4,759,0,927,3,928,0,1592,0,1593,1]
01-05 07:17:28.990 I/wm_task_created( 1516): [45,-1]
01-05 07:17:28.992 I/wm_task_moved( 1516): [45,1,6]
01-05 07:17:28.992 I/wm_task_to_front( 1516): [0,45]
01-05 07:17:28.992 I/wm_create_task( 1516): [0,45]
01-05 07:17:28.992 I/wm_create_activity( 1516): [0,34933244,45,com.android.systemui/.screenrecord.ScreenRecordDialog,NULL,NULL,NULL,276824064]
01-05 07:17:28.992 I/wm_task_moved( 1516): [45,1,6]
01-05 07:17:28.992 I/wm_on_top_resumed_lost_called( 2835): [39192225,com.android.launcher3.uioverrides.QuickstepLauncher,topStateChangedWhenResumed]
01-05 07:17:28.993 I/wm_pause_activity( 1516): [0,39192225,com.android.launcher3/.uioverrides.QuickstepLauncher,userLeaving=true,pauseBackTasks]
01-05 07:17:28.995 I/wm_on_paused_called( 2835): [39192225,com.android.launcher3.uioverrides.QuickstepLauncher,performPause]
01-05 07:17:28.997 I/wm_restart_activity( 1516): [0,34933244,45,com.android.systemui/.screenrecord.ScreenRecordDialog]
01-05 07:17:28.997 I/wm_set_resumed_activity( 1516): [0,com.android.systemui/.screenrecord.ScreenRecordDialog,minimalResumeActivityLocked]
01-05 07:17:29.000 I/sysui_multi_action( 1516): [757,803,799,window_time_0,802,9]
01-05 07:17:29.009 I/wm_on_create_called( 2367): [34933244,com.android.systemui.screenrecord.ScreenRecordDialog,performCreate]
01-05 07:17:29.010 I/wm_on_start_called( 2367): [34933244,com.android.systemui.screenrecord.ScreenRecordDialog,handleStartActivity]
01-05 07:17:29.010 I/wm_on_resume_called( 2367): [34933244,com.android.systemui.screenrecord.ScreenRecordDialog,RESUME_ACTIVITY]
01-05 07:17:29.012 I/wm_on_top_resumed_gained_called( 2367): [34933244,com.android.systemui.screenrecord.ScreenRecordDialog,topStateChangedWhenResumed]
01-05 07:17:29.020 I/input_focus( 1516): [Focus request 345470b com.android.systemui/com.android.systemui.screenrecord.ScreenRecordDialog,reason=UpdateInputWindows]
01-05 07:17:29.025 I/input_focus( 1516): [Focus leaving 94a0fc2 NotificationShade (server),reason=NOT_FOCUSABLE]
01-05 07:17:29.030 I/sysui_multi_action( 1516): [319,44,322,43,325,10012,757,761,758,8,759,2,806,com.android.systemui,871,com.android.systemui.screenrecord.ScreenRecordDialog,904,com.android.systemui,905,0,1320,8,1321,5]
01-05 07:17:29.031 I/wm_activity_launch_time( 1516): [0,34933244,com.android.systemui/.screenrecord.ScreenRecordDialog,43]
01-05 07:17:29.058 I/input_focus( 1516): [Focus entering 345470b com.android.systemui/com.android.systemui.screenrecord.ScreenRecordDialog (server),reason=Window became focusable. Previous reason: NOT_VISIBLE]
01-05 07:17:29.308 I/notification_enqueue( 1516): [10081,2367,com.android.systemui,2048,NULL,0,Notification(channel=updateNotification shortcut=null contentView=null vibrate=null sound=null defaults=0x0 flags=0x0 color=0x00000000 vis=PRIVATE),1]
01-05 07:17:29.309 I/sysui_multi_action( 2367): [757,111,758,2]
01-05 07:17:29.309 I/sysui_multi_action( 2367): [757,111,758,2]
01-05 07:17:29.514 I/sysui_multi_action( 1516): [757,128,758,2,793,9920021,794,1816,795,9920021,796,26,798,0,806,android,857,DEVELOPER_IMPORTANT,858,4,947,0,1395,2,1500,9919816,1688,1]
01-05 07:17:29.514 I/notification_visibility( 1516): [-1|android|26|null|1000,0,9920021,9920021,0,0]
01-05 07:17:29.514 I/sysui_multi_action( 1516): [757,128,758,2,793,9988480,794,1814,795,9988480,796,32,798,1,806,android,857,USB,858,1,947,0,1395,2,1500,9988328,1688,1]
01-05 07:17:29.514 I/notification_visibility( 1516): [-1|android|32|null|1000,0,9988480,9988480,0,1]
01-05 07:17:29.514 I/sysui_multi_action( 1516): [757,127,758,2]
01-05 07:17:29.514 I/notification_panel_hidden( 1516):
01-05 07:17:29.956 I/input_interaction( 1516): Interaction with: 345470b com.android.systemui/com.android.systemui.screenrecord.ScreenRecordDialog (server), edge-swipe (server), swipe-up (server), PointerEventDispatcher0 (server),
01-05 07:17:30.078 I/wm_finish_activity( 1516): [0,34933244,45,com.android.systemui/.screenrecord.ScreenRecordDialog,app-request]
01-05 07:17:30.078 I/wm_task_moved( 1516): [1,1,6]
01-05 07:17:30.079 I/wm_task_moved( 1516): [10,1,2147483647]
01-05 07:17:30.079 I/wm_task_to_front( 1516): [0,10]
01-05 07:17:30.079 I/wm_focused_root_task( 1516): [0,0,1,-1,finish-top adjustFocusToNextFocusableTask]
01-05 07:17:30.082 I/wm_pause_activity( 1516): [0,34933244,com.android.systemui/.screenrecord.ScreenRecordDialog,userLeaving=false,finish]
01-05 07:17:30.084 I/input_focus( 1516): [Focus request fdc0eb0 com.android.launcher3/com.android.launcher3.uioverrides.QuickstepLauncher,reason=UpdateInputWindows]
01-05 07:17:30.085 I/wm_on_top_resumed_lost_called( 2367): [34933244,com.android.systemui.screenrecord.ScreenRecordDialog,topStateChangedWhenResumed]
01-05 07:17:30.086 I/wm_on_paused_called( 2367): [34933244,com.android.systemui.screenrecord.ScreenRecordDialog,performPause]
01-05 07:17:30.091 I/wm_set_resumed_activity( 1516): [0,com.android.launcher3/.uioverrides.QuickstepLauncher,resumeTopActivityInnerLocked]
01-05 07:17:30.092 I/wm_resume_activity( 1516): [0,39192225,10,com.android.launcher3/.uioverrides.QuickstepLauncher]
01-05 07:17:30.092 I/wm_on_resume_called( 2835): [39192225,com.android.launcher3.uioverrides.QuickstepLauncher,RESUME_ACTIVITY]
01-05 07:17:30.092 I/wm_on_top_resumed_gained_called( 2835): [39192225,com.android.launcher3.uioverrides.QuickstepLauncher,topWhenResuming]
01-05 07:17:30.094 I/input_focus( 1516): [Focus leaving 345470b com.android.systemui/com.android.systemui.screenrecord.ScreenRecordDialog (server),reason=NO_WINDOW]
01-05 07:17:30.094 I/input_focus( 1516): [Focus entering fdc0eb0 com.android.launcher3/com.android.launcher3.uioverrides.QuickstepLauncher (server),reason=setFocusedWindow]
01-05 07:17:30.104 I/sysui_multi_action( 1516): [757,803,799,window_time_0,802,1]
01-05 07:17:30.109 I/wm_destroy_activity( 1516): [0,34933244,45,com.android.systemui/.screenrecord.ScreenRecordDialog,finish-idle]
01-05 07:17:30.113 I/wm_on_stop_called( 2367): [34933244,com.android.systemui.screenrecord.ScreenRecordDialog,LIFECYCLER_STOP_ACTIVITY]
01-05 07:17:30.113 I/wm_on_destroy_called( 2367): [34933244,com.android.systemui.screenrecord.ScreenRecordDialog,performDestroy]
01-05 07:17:30.345 I/wm_task_removed( 1516): [45,removeChild:removeChild last r=ActivityRecord{21509fc u0 com.android.systemui/.screenrecord.ScreenRecordDialog t-1 f}} in t=Task{b6d8c83 #45 type=standard A=10081:com.android.systemui U=0 visible=false mode=fullscreen translucent=true sz=0}]
01-05 07:17:30.345 I/wm_task_removed( 1516): [45,removeChild]
01-05 07:17:33.172 I/auditd ( 499): avc: denied { find } for pid=1188 uid=1013 name=package_native scontext=u:r:mediaserver:s0 tcontext=u:object_r:package_native_service:s0 tclass=service_manager permissive=0
01-05 07:17:33.172 I/auditd ( 499): avc: denied { find } for pid=1188 uid=1013 name=package_native scontext=u:r:mediaserver:s0 tcontext=u:object_r:package_native_service:s0 tclass=service_manager permissive=0
01-05 07:17:33.222 I/sysui_multi_action( 1516): [757,856,758,1,806,com.android.systemui,857,screen_record,858,3]
01-05 07:17:33.228 I/notification_enqueue( 1516): [10081,2367,com.android.systemui,4274,NULL,0,Notification(channel=screen_record shortcut=null contentView=null vibrate=null sound=null defaults=0x0 flags=0x42 color=0xffc5221f actions=1 vis=PRIVATE),0]
01-05 07:17:33.235 I/sysui_multi_action( 1516): [757,1659,758,4,759,2,1660,2]
01-05 07:17:33.297 I/commit_sys_config_file( 1516): [settings-1-0,2]
01-05 07:17:33.428 I/sysui_multi_action( 1516): [757,1501,758,1,793,202,794,0,795,202,796,4274,806,com.android.systemui,857,screen_record,858,3,947,0,1500,0,1688,1]
01-05 07:17:33.429 I/sysui_multi_action( 1516): [757,804,799,note_interruptive,801,0,802,1]
01-05 07:17:33.431 I/sysui_multi_action( 1516): [757,1501,758,1,793,205,794,0,795,205,796,4274,806,com.android.systemui,857,screen_record,858,3,947,0,1500,0,1688,1]
01-05 07:17:33.431 I/sysui_multi_action( 1516): [757,804,799,note_interruptive,801,0,802,1]
01-05 07:17:33.432 I/sysui_multi_action( 1516): [757,199,758,1,759,3,793,205,794,0,795,205,796,4274,806,com.android.systemui,857,screen_record,858,3,947,0,1500,0,1688,1]
01-05 07:17:33.432 I/notification_alert( 1516): [0|com.android.systemui|4274|null|10081,1,1,0]
01-05 07:17:33.477 I/commit_sys_config_file( 1516): [notification-policy,9994354]
01-05 07:17:35.116 I/input_interaction( 1516): Interaction with: fdc0eb0 com.android.launcher3/com.android.launcher3.uioverrides.QuickstepLauncher (server), 9702ba6 com.android.systemui.ImageWallpaper (server), edge-swipe (server), swipe-up (server), PointerEventDispatcher0 (server),
01-05 07:17:38.312 I/wm_task_created( 1516): [46,-1]
01-05 07:17:38.315 I/wm_task_moved( 1516): [46,1,6]
01-05 07:17:38.315 I/wm_task_to_front( 1516): [0,46]
01-05 07:17:38.315 I/wm_create_task( 1516): [0,46]
01-05 07:17:38.315 I/wm_create_activity( 1516): [0,246671370,46,com.android.music/.MusicBrowserActivity,NULL,NULL,NULL,268468224]
01-05 07:17:38.315 I/wm_task_moved( 1516): [46,1,6]
01-05 07:17:38.317 I/wm_restart_activity( 1516): [0,246671370,46,com.android.music/.MusicBrowserActivity]
01-05 07:17:38.318 I/wm_set_resumed_activity( 1516): [0,com.android.music/.MusicBrowserActivity,minimalResumeActivityLocked]
01-05 07:17:38.319 I/am_uid_active( 1516): 10085
01-05 07:17:38.342 I/wm_on_create_called( 8708): [246671370,com.android.music.MusicBrowserActivity,performCreate]
01-05 07:17:38.342 I/wm_on_top_resumed_lost_called( 2835): [39192225,com.android.launcher3.uioverrides.QuickstepLauncher,topStateChangedWhenResumed]
01-05 07:17:38.346 I/wm_on_start_called( 8708): [246671370,com.android.music.MusicBrowserActivity,handleStartActivity]
01-05 07:17:38.347 I/wm_on_resume_called( 8708): [246671370,com.android.music.MusicBrowserActivity,RESUME_ACTIVITY]
01-05 07:17:38.348 I/wm_on_top_resumed_gained_called( 8708): [246671370,com.android.music.MusicBrowserActivity,topStateChangedWhenResumed]
01-05 07:17:38.357 I/sysui_multi_action( 1516): [757,856,758,1,806,com.android.music,857,Channel-music,858,2]
01-05 07:17:38.361 I/notification_enqueue( 1516): [10085,8708,com.android.music,1,NULL,0,Notification(channel=Channel-music shortcut=null contentView=null vibrate=null sound=null defaults=0x0 flags=0x0 color=0x00000000 category=transport actions=4 vis=PRIVATE),0]
01-05 07:17:38.361 I/notification_enqueue( 1516): [10085,8708,com.android.music,1,NULL,0,Notification(channel=Channel-music shortcut=null contentView=null vibrate=null sound=null defaults=0x0 flags=0x40 color=0x00000000 category=transport actions=4 vis=PRIVATE),0]
01-05 07:17:38.364 I/notification_enqueue( 1516): [10085,8708,com.android.music,1,NULL,0,Notification(channel=Channel-music shortcut=null contentView=null vibrate=null sound=null defaults=0x0 flags=0x40 color=0x00000000 category=transport actions=4 vis=PRIVATE),0]
01-05 07:17:38.364 I/notification_enqueue( 1516): [10085,8708,com.android.music,1,NULL,0,Notification(channel=Channel-music shortcut=null contentView=null vibrate=null sound=null defaults=0x0 flags=0x40 color=0x00000000 category=transport actions=4 vis=PRIVATE),0]
01-05 07:17:38.368 I/notification_enqueue( 1516): [10085,8708,com.android.music,1,NULL,0,Notification(channel=Channel-music shortcut=null contentView=null vibrate=null sound=null defaults=0x0 flags=0x40 color=0x00000000 category=transport actions=4 vis=PRIVATE),0]
01-05 07:17:38.369 I/notification_enqueue( 1516): [10085,8708,com.android.music,1,NULL,0,Notification(channel=Channel-music shortcut=null contentView=null vibrate=null sound=null defaults=0x0 flags=0x40 color=0x00000000 category=transport actions=4 vis=PRIVATE),0]
01-05 07:17:38.373 I/input_focus( 1516): [Focus request 88e45e0 com.android.music/com.android.music.MusicBrowserActivity,reason=UpdateInputWindows]
01-05 07:17:38.381 I/sysui_multi_action( 1516): [757,128,758,5,759,8,793,21,794,0,795,21,796,1,806,com.android.music,857,Channel-music,858,2,947,0,1500,21,1641,transport,1688,1,1745,1043716538]
01-05 07:17:38.382 I/notification_canceled( 1516): [0|com.android.music|1|null|10085,8,21,21,0,-1,-1,NULL]
01-05 07:17:38.384 I/sysui_multi_action( 1516): [319,77,322,76,325,10022,757,761,758,8,759,2,806,com.android.music,871,com.android.music.MusicBrowserActivity,904,com.android.launcher3,905,0,1320,4,1321,1]
01-05 07:17:38.384 I/wm_activity_launch_time( 1516): [0,246671370,com.android.music/.MusicBrowserActivity,76]
01-05 07:17:38.398 I/input_focus( 1516): [Focus leaving fdc0eb0 com.android.launcher3/com.android.launcher3.uioverrides.QuickstepLauncher (server),reason=setFocusedWindow]
01-05 07:17:38.398 I/input_focus( 1516): [Focus entering 88e45e0 com.android.music/com.android.music.MusicBrowserActivity (server),reason=setFocusedWindow]
01-05 07:17:38.405 I/am_pss ( 1516): [5252,10052,com.thundercomm.screensaver,32269312,24453120,0,156164096,0,19,6]
01-05 07:17:38.608 I/commit_sys_config_file( 1516): [notification-policy,9999486]
01-05 07:17:42.273 I/input_interaction( 1516): Interaction with: 7c0e82f StatusBar (server), edge-swipe (server), swipe-up (server), PointerEventDispatcher0 (server),
01-05 07:17:42.277 I/sysui_multi_action( 2367): [757,803,799,panel_open,802,1]
01-05 07:17:42.278 I/sysui_multi_action( 2367): [757,1328,758,4,1326,60,1327,1,1329,0]
01-05 07:17:42.362 I/sysui_multi_action( 1516): [757,127,758,1]
01-05 07:17:42.362 I/sysui_multi_action( 1516): [757,804,799,note_load,801,3,802,1]
01-05 07:17:42.362 I/notification_panel_revealed( 1516): 3
01-05 07:17:42.374 I/input_focus( 1516): [Focus request 94a0fc2 NotificationShade,reason=UpdateInputWindows]
01-05 07:17:42.384 I/sysui_multi_action( 1516): [757,128,758,1,793,9932890,794,0,795,9932890,796,26,798,1,806,android,857,DEVELOPER_IMPORTANT,858,4,947,0,1395,3,1500,9932685,1688,1]
01-05 07:17:42.384 I/sysui_multi_action( 1516): [757,804,799,note_freshness,801,9932890,802,1]
01-05 07:17:42.384 I/notification_visibility( 1516): [-1|android|26|null|1000,1,9932890,9932890,0,1]
01-05 07:17:42.384 I/sysui_multi_action( 1516): [757,128,758,1,793,9158,794,0,795,9158,796,4274,798,0,806,com.android.systemui,857,screen_record,858,3,947,0,1395,3,1500,8953,1688,1]
01-05 07:17:42.384 I/sysui_multi_action( 1516): [757,804,799,note_freshness,801,9158,802,1]
01-05 07:17:42.384 I/notification_visibility( 1516): [0|com.android.systemui|4274|null|10081,1,9158,9158,0,0]
01-05 07:17:42.384 I/sysui_multi_action( 1516): [757,128,758,1,793,10001350,794,0,795,10001350,796,32,798,2,806,android,857,USB,858,1,947,0,1395,3,1500,10001198,1688,1]
01-05 07:17:42.384 I/sysui_multi_action( 1516): [757,804,799,note_freshness,801,10001350,802,1]
01-05 07:17:42.384 I/notification_visibility( 1516): [-1|android|32|null|1000,1,10001350,10001350,0,2]
01-05 07:17:42.393 I/input_focus( 1516): [Focus leaving 88e45e0 com.android.music/com.android.music.MusicBrowserActivity (server),reason=setFocusedWindow]
01-05 07:17:42.393 I/input_focus( 1516): [Focus entering 94a0fc2 NotificationShade (server),reason=setFocusedWindow]
01-05 07:17:42.474 I/sysui_multi_action( 2367): [757,111,758,1]
01-05 07:17:42.474 I/sysui_multi_action( 2367): [757,126,758,1,759,126,927,0,928,0,1593,0]
01-05 07:17:42.474 I/sysui_multi_action( 2367): [757,113,758,1,759,113,927,1,928,1,1593,0]
01-05 07:17:42.474 I/sysui_multi_action( 2367): [757,0,758,1,759,0,927,2,928,0,1593,0]
01-05 07:17:42.474 I/sysui_multi_action( 2367): [757,0,758,1,759,0,927,3,928,1,1593,0]
01-05 07:17:42.475 I/sysui_multi_action( 2367): [757,491,758,1,759,491,927,4,928,0,1311,-1,1593,0]
01-05 07:17:42.475 I/sysui_multi_action( 2367): [757,0,758,1,759,0,927,5,928,0,1593,0]
01-05 07:17:42.475 I/sysui_multi_action( 2367): [757,111,758,1]
01-05 07:17:42.475 I/sysui_multi_action( 2367): [757,126,758,1,759,126,927,0,928,0,1593,0]
01-05 07:17:42.475 I/sysui_multi_action( 2367): [757,113,758,1,759,113,927,1,928,1,1593,0]
01-05 07:17:42.475 I/sysui_multi_action( 2367): [757,0,758,1,759,0,927,2,928,0,1593,0]
01-05 07:17:42.475 I/sysui_multi_action( 2367): [757,0,758,1,759,0,927,3,928,1,1593,0]
01-05 07:17:43.113 I/commit_sys_config_file( 1516): [appops,9994018]
01-05 07:17:44.477 I/input_interaction( 1516): Interaction with: 94a0fc2 NotificationShade (server), edge-swipe (server), swipe-up (server), PointerEventDispatcher0 (server),
01-05 07:17:44.947 I/notification_enqueue( 1516): [10081,2367,com.android.systemui,2048,NULL,0,Notification(channel=updateNotification shortcut=null contentView=null vibrate=null sound=null defaults=0x0 flags=0x0 color=0x00000000 vis=PRIVATE),1]
01-05 07:17:44.948 I/sysui_multi_action( 2367): [757,111,758,2]
01-05 07:17:44.949 I/sysui_multi_action( 2367): [757,111,758,2]
01-05 07:17:45.170 I/input_focus( 1516): [Focus request 88e45e0 com.android.music/com.android.music.MusicBrowserActivity,reason=UpdateInputWindows]
01-05 07:17:45.184 I/sysui_multi_action( 1516): [757,128,758,2,793,9935690,794,2800,795,9935690,796,26,798,1,806,android,857,DEVELOPER_IMPORTANT,858,4,947,0,1395,3,1500,9935485,1688,1]
01-05 07:17:45.184 I/input_focus( 1516): [Focus leaving 94a0fc2 NotificationShade (server),reason=NOT_FOCUSABLE]
01-05 07:17:45.184 I/input_focus( 1516): [Focus entering 88e45e0 com.android.music/com.android.music.MusicBrowserActivity (server),reason=setFocusedWindow]
01-05 07:17:45.184 I/notification_visibility( 1516): [-1|android|26|null|1000,0,9935690,9935690,0,1]
01-05 07:17:45.184 I/sysui_multi_action( 1516): [757,128,758,2,793,11958,794,2800,795,11958,796,4274,798,0,806,com.android.systemui,857,screen_record,858,3,947,0,1395,3,1500,11753,1688,1]
01-05 07:17:45.184 I/notification_visibility( 1516): [0|com.android.systemui|4274|null|10081,0,11958,11958,0,0]
01-05 07:17:45.184 I/sysui_multi_action( 1516): [757,128,758,2,793,10004150,794,2800,795,10004150,796,32,798,2,806,android,857,USB,858,1,947,0,1395,3,1500,10003998,1688,1]
01-05 07:17:45.184 I/notification_visibility( 1516): [-1|android|32|null|1000,0,10004150,10004150,0,2]
01-05 07:17:45.190 I/sysui_multi_action( 1516): [757,127,758,2]
01-05 07:17:45.190 I/notification_panel_hidden( 1516):
01-05 07:17:46.219 I/input_interaction( 1516): Interaction with: 88e45e0 com.android.music/com.android.music.MusicBrowserActivity (server), edge-swipe (server), swipe-up (server), PointerEventDispatcher0 (server),
01-05 07:17:46.396 I/wm_relaunch_resume_activity( 1516): [0,246671370,46,com.android.music/.MusicBrowserActivity]
01-05 07:17:46.397 I/wm_add_to_stopping( 1516): [0,39192225,com.android.launcher3/.uioverrides.QuickstepLauncher,makeInvisible]
01-05 07:17:46.409 I/wm_on_top_resumed_lost_called( 8708): [246671370,com.android.music.MusicBrowserActivity,pausing]
01-05 07:17:46.410 I/wm_on_paused_called( 8708): [246671370,com.android.music.MusicBrowserActivity,performPause]
01-05 07:17:46.413 I/wm_on_stop_called( 8708): [246671370,com.android.music.MusicBrowserActivity,handleRelaunchActivity]
01-05 07:17:46.418 I/wm_on_destroy_called( 8708): [246671370,com.android.music.MusicBrowserActivity,performDestroy]
01-05 07:17:46.449 I/wm_on_create_called( 8708): [246671370,com.android.music.MusicBrowserActivity,performCreate]
01-05 07:17:46.461 I/wm_on_start_called( 8708): [246671370,com.android.music.MusicBrowserActivity,handleStartActivity]
01-05 07:17:46.461 I/wm_on_resume_called( 8708): [246671370,com.android.music.MusicBrowserActivity,RESUME_ACTIVITY]
01-05 07:17:46.461 I/wm_on_top_resumed_gained_called( 8708): [246671370,com.android.music.MusicBrowserActivity,topWhenResuming]
01-05 07:17:46.476 I/notification_enqueue( 1516): [10085,8708,com.android.music,1,NULL,0,Notification(channel=Channel-music shortcut=null contentView=null vibrate=null sound=null defaults=0x0 flags=0x40 color=0x00000000 category=transport actions=4 vis=PRIVATE),0]
01-05 07:17:46.477 I/notification_enqueue( 1516): [10085,8708,com.android.music,1,NULL,0,Notification(channel=Channel-music shortcut=null contentView=null vibrate=null sound=null defaults=0x0 flags=0x40 color=0x00000000 category=transport actions=4 vis=PRIVATE),0]
01-05 07:17:46.483 I/notification_enqueue( 1516): [10085,8708,com.android.music,1,NULL,0,Notification(channel=Channel-music shortcut=null contentView=null vibrate=null sound=null defaults=0x0 flags=0x40 color=0x00000000 category=transport actions=4 vis=PRIVATE),0]
01-05 07:17:46.485 I/notification_enqueue( 1516): [10085,8708,com.android.music,1,NULL,0,Notification(channel=Channel-music shortcut=null contentView=null vibrate=null sound=null defaults=0x0 flags=0x40 color=0x00000000 category=transport actions=4 vis=PRIVATE),0]
01-05 07:17:46.488 I/notification_enqueue( 1516): [10085,8708,com.android.music,1,NULL,0,Notification(channel=Channel-music shortcut=null contentView=null vibrate=null sound=null defaults=0x0 flags=0x40 color=0x00000000 category=transport actions=4 vis=PRIVATE),0]
01-05 07:17:46.489 I/notification_enqueue( 1516): [10085,8708,com.android.music,1,NULL,0,Notification(channel=Channel-music shortcut=null contentView=null vibrate=null sound=null defaults=0x0 flags=0x40 color=0x00000000 category=transport actions=4 vis=PRIVATE),0]
01-05 07:17:46.677 I/sysui_multi_action( 1516): [757,1501,758,1,793,201,794,0,795,201,796,1,806,com.android.music,857,Channel-music,858,2,947,0,1500,0,1641,transport,1688,1,1745,1043716538]
01-05 07:17:46.677 I/sysui_multi_action( 1516): [757,804,799,note_interruptive,801,0,802,1]
01-05 07:17:46.737 I/sysui_multi_action( 1516): [757,128,758,5,759,8,793,138689,794,0,795,138689,796,1,797,empty_media,806,com.android.systemui,857,empty_media_style_id,858,4,947,0,1500,138481,1641,transport,1688,1,1745,1043716538]
01-05 07:17:46.738 I/notification_canceled( 1516): [0|com.android.systemui|1|empty_media|10081,8,138689,138689,0,-1,-1,NULL]
01-05 07:17:46.821 I/wm_stop_activity( 1516): [0,39192225,com.android.launcher3/.uioverrides.QuickstepLauncher]
01-05 07:17:46.847 I/wm_on_paused_called( 2835): [39192225,com.android.launcher3.uioverrides.QuickstepLauncher,performPause]
01-05 07:17:46.850 I/wm_on_stop_called( 2835): [39192225,com.android.launcher3.uioverrides.QuickstepLauncher,STOP_ACTIVITY_ITEM]
01-05 07:17:48.316 I/input_interaction( 1516): Interaction with: 7c0e82f StatusBar (server), edge-swipe (server), swipe-up (server), PointerEventDispatcher0 (server),
01-05 07:17:48.321 I/sysui_multi_action( 2367): [757,803,799,panel_open,802,1]
01-05 07:17:48.322 I/sysui_multi_action( 2367): [757,1328,758,4,1326,59,1327,2,1329,0]
01-05 07:17:48.361 I/sysui_multi_action( 1516): [757,127,758,1]
01-05 07:17:48.361 I/sysui_multi_action( 1516): [757,804,799,note_load,801,3,802,1]
01-05 07:17:48.361 I/notification_panel_revealed( 1516): 3
01-05 07:17:48.377 I/input_focus( 1516): [Focus request 94a0fc2 NotificationShade,reason=UpdateInputWindows]
01-05 07:17:48.386 I/sysui_multi_action( 1516): [757,128,758,1,793,9938893,794,0,795,9938893,796,26,798,1,806,android,857,DEVELOPER_IMPORTANT,858,4,947,0,1395,3,1500,9938688,1688,1]
01-05 07:17:48.387 I/sysui_multi_action( 1516): [757,804,799,note_freshness,801,9938893,802,1]
01-05 07:17:48.387 I/notification_visibility( 1516): [-1|android|26|null|1000,1,9938893,9938893,0,1]
01-05 07:17:48.387 I/sysui_multi_action( 1516): [757,128,758,1,793,15161,794,0,795,15161,796,4274,798,0,806,com.android.systemui,857,screen_record,858,3,947,0,1395,3,1500,14956,1688,1]
01-05 07:17:48.387 I/sysui_multi_action( 1516): [757,804,799,note_freshness,801,15161,802,1]
01-05 07:17:48.387 I/notification_visibility( 1516): [0|com.android.systemui|4274|null|10081,1,15161,15161,0,0]
01-05 07:17:48.387 I/sysui_multi_action( 1516): [757,128,758,1,793,10007353,794,0,795,10007353,796,32,798,2,806,android,857,USB,858,1,947,0,1395,3,1500,10007201,1688,1]
01-05 07:17:48.387 I/sysui_multi_action( 1516): [757,804,799,note_freshness,801,10007353,802,1]
01-05 07:17:48.387 I/notification_visibility( 1516): [-1|android|32|null|1000,1,10007353,10007353,0,2]
01-05 07:17:48.392 I/input_focus( 1516): [Focus leaving 88e45e0 com.android.music/com.android.music.MusicBrowserActivity (server),reason=setFocusedWindow]
01-05 07:17:48.392 I/input_focus( 1516): [Focus entering 94a0fc2 NotificationShade (server),reason=setFocusedWindow]
01-05 07:17:48.452 I/sysui_multi_action( 2367): [757,111,758,1]
01-05 07:17:48.452 I/sysui_multi_action( 2367): [757,126,758,1,759,126,927,0,928,0,1593,0]
01-05 07:17:48.452 I/sysui_multi_action( 2367): [757,113,758,1,759,113,927,1,928,1,1593,0]
01-05 07:17:48.452 I/sysui_multi_action( 2367): [757,0,758,1,759,0,927,2,928,0,1593,0]
01-05 07:17:48.453 I/sysui_multi_action( 2367): [757,0,758,1,759,0,927,3,928,1,1593,0]
01-05 07:17:48.453 I/sysui_multi_action( 2367): [757,491,758,1,759,491,927,4,928,0,1311,-1,1593,0]
01-05 07:17:48.453 I/sysui_multi_action( 2367): [757,0,758,1,759,0,927,5,928,0,1593,0]
01-05 07:17:48.453 I/sysui_multi_action( 2367): [757,111,758,1]
01-05 07:17:48.453 I/sysui_multi_action( 2367): [757,126,758,1,759,126,927,0,928,0,1593,0]
01-05 07:17:48.453 I/sysui_multi_action( 2367): [757,113,758,1,759,113,927,1,928,1,1593,0]
01-05 07:17:48.454 I/sysui_multi_action( 2367): [757,0,758,1,759,0,927,2,928,0,1593,0]
01-05 07:17:48.454 I/sysui_multi_action( 2367): [757,0,758,1,759,0,927,3,928,1,1593,0]
01-05 07:17:53.604 I/input_interaction( 1516): Interaction with: 9e7209b systemui.screen.recording (server), edge-swipe (server), swipe-up (server), PointerEventDispatcher0 (server),
01-05 07:17:53.980 I/commit_sys_config_file( 1516): [settings-1-0,6]
01-05 07:17:54.463 I/notification_enqueue( 1516): [10081,2367,com.android.systemui,4275,NULL,0,Notification(channel=screen_record shortcut=null contentView=null vibrate=null sound=null defaults=0x0 flags=0x0 color=0x00000000 vis=PRIVATE),0]
01-05 07:17:54.477 I/sysui_multi_action( 1516): [757,128,758,5,759,8,793,21251,794,6090,795,21251,796,4274,806,com.android.systemui,857,screen_record,858,3,947,0,1500,21046,1688,1]
01-05 07:17:54.477 I/notification_canceled( 1516): [0|com.android.systemui|4274|null|10081,8,21251,21251,6090,-1,-1,NULL]
01-05 07:17:54.663 I/sysui_multi_action( 1516): [757,1501,758,1,793,206,794,0,795,206,796,4275,806,com.android.systemui,857,screen_record,858,3,947,0,1500,0,1688,1]
01-05 07:17:54.664 I/sysui_multi_action( 1516): [757,804,799,note_interruptive,801,0,802,1]
01-05 07:17:54.665 I/sysui_multi_action( 1516): [757,1501,758,1,793,208,794,0,795,208,796,4275,806,com.android.systemui,857,screen_record,858,3,947,0,1500,0,1688,1]
01-05 07:17:54.665 I/sysui_multi_action( 1516): [757,804,799,note_interruptive,801,0,802,1]
01-05 07:17:54.665 I/sysui_multi_action( 1516): [757,199,758,1,759,3,793,208,794,0,795,208,796,4275,806,com.android.systemui,857,screen_record,858,3,947,0,1500,0,1688,1]
01-05 07:17:54.665 I/notification_alert( 1516): [0|com.android.systemui|4275|null|10081,1,1,0]
01-05 07:17:54.694 I/notification_enqueue( 1516): [10081,2367,com.android.systemui,4273,NULL,0,Notification(channel=screen_record shortcut=null contentView=null vibrate=null sound=null defaults=0x0 flags=0x10 color=0x00000000 actions=1 vis=PRIVATE),0]
01-05 07:17:54.695 I/sysui_multi_action( 1516): [757,128,758,5,759,8,793,238,794,0,795,238,796,4275,806,com.android.systemui,857,screen_record,858,3,947,0,1500,30,1688,1]
01-05 07:17:54.695 I/notification_canceled( 1516): [0|com.android.systemui|4275|null|10081,8,238,238,0,-1,-1,NULL]
01-05 07:17:54.895 I/sysui_multi_action( 1516): [757,1501,758,1,793,201,794,0,795,201,796,4273,806,com.android.systemui,857,screen_record,858,3,947,0,1500,0,1688,1,1745,680407814]
01-05 07:17:54.895 I/sysui_multi_action( 1516): [757,804,799,note_interruptive,801,0,802,1]
01-05 07:17:55.486 I/sysui_multi_action( 1516): [757,128,758,1,793,793,794,0,795,793,796,4273,798,1,806,com.android.systemui,857,screen_record,858,3,947,0,1395,3,1500,592,1688,1,1745,680407814]
01-05 07:17:55.486 I/sysui_multi_action( 1516): [757,804,799,note_freshness,801,793,802,1]
01-05 07:17:55.486 I/notification_visibility( 1516): [0|com.android.systemui|4273|null|10081,1,793,793,0,1]
01-05 07:17:56.650 I/input_interaction( 1516): Interaction with: 94a0fc2 NotificationShade (server), edge-swipe (server), swipe-up (server), PointerEventDispatcher0 (server),
01-05 07:17:57.083 I/notification_enqueue( 1516): [10081,2367,com.android.systemui,2048,NULL,0,Notification(channel=updateNotification shortcut=null contentView=null vibrate=null sound=null defaults=0x0 flags=0x0 color=0x00000000 vis=PRIVATE),1]
01-05 07:17:57.084 I/sysui_multi_action( 2367): [757,111,758,2]
01-05 07:17:57.085 I/sysui_multi_action( 2367): [757,111,758,2]
01-05 07:17:57.301 I/input_focus( 1516): [Focus request 88e45e0 com.android.music/com.android.music.MusicBrowserActivity,reason=UpdateInputWindows]
01-05 07:17:57.308 I/sysui_multi_action( 1516): [757,128,758,2,793,9947815,794,8922,795,9947815,796,26,798,0,806,android,857,DEVELOPER_IMPORTANT,858,4,947,0,1395,3,1500,9947610,1688,1]
01-05 07:17:57.308 I/notification_visibility( 1516): [-1|android|26|null|1000,0,9947815,9947815,0,0]
01-05 07:17:57.309 I/sysui_multi_action( 1516): [757,128,758,2,793,2616,794,1823,795,2616,796,4273,798,1,806,com.android.systemui,857,screen_record,858,3,947,0,1395,3,1500,2415,1688,1,1745,680407814]
01-05 07:17:57.309 I/notification_visibility( 1516): [0|com.android.systemui|4273|null|10081,0,2616,2616,0,1]
01-05 07:17:57.309 I/sysui_multi_action( 1516): [757,128,758,2,793,10016275,794,8922,795,10016275,796,32,798,2,806,android,857,USB,858,1,947,0,1395,3,1500,10016123,1688,1]
01-05 07:17:57.310 I/notification_visibility( 1516): [-1|android|32|null|1000,0,10016275,10016275,0,2]
01-05 07:17:57.311 I/sysui_multi_action( 1516): [757,127,758,2]
01-05 07:17:57.311 I/notification_panel_hidden( 1516):
01-05 07:17:57.328 I/input_focus( 1516): [Focus leaving 94a0fc2 NotificationShade (server),reason=NO_WINDOW]
01-05 07:17:57.328 I/input_focus( 1516): [Focus entering 88e45e0 com.android.music/com.android.music.MusicBrowserActivity (server),reason=setFocusedWindow]
01-05 07:18:20.072 I/am_uid_idle( 1516): 10052
01-05 07:18:29.485 I/netstats_mobile_sample( 1516): [0,0,0,0,0,0,0,0,0,0,0,0,1672874309485]
01-05 07:18:29.485 I/netstats_wifi_sample( 1516): [0,0,0,0,0,0,0,0,0,0,0,0,1672874309485]
01-05 07:18:49.760 I/sysui_multi_action( 1516): [757,1696,758,6,759,2]
01-05 07:18:49.776 I/am_wtf ( 1516): [0,1516,system_server,-1,DisplayDeviceConfig,requesting nits when no mapping exists.]
01-05 07:18:49.780 I/am_wtf ( 1516): [0,1516,system_server,-1,DisplayDeviceConfig,requesting nits when no mapping exists.]
01-05 07:18:49.791 I/am_wtf ( 1516): [0,1516,system_server,-1,DisplayDeviceConfig,requesting nits when no mapping exists.]
01-05 07:18:49.793 I/am_wtf ( 1516): [0,1516,system_server,-1,DisplayDeviceConfig,requesting nits when no mapping exists.]
01-05 07:18:49.808 I/am_wtf ( 1516): [0,1516,system_server,-1,DisplayDeviceConfig,requesting nits when no mapping exists.]
01-05 07:18:49.810 I/am_wtf ( 1516): [0,1516,system_server,-1,DisplayDeviceConfig,requesting nits when no mapping exists.]
01-05 07:18:49.824 I/am_wtf ( 1516): [0,1516,system_server,-1,DisplayDeviceConfig,requesting nits when no mapping exists.]
01-05 07:18:49.825 I/am_wtf ( 1516): [0,1516,system_server,-1,DisplayDeviceConfig,requesting nits when no mapping exists.]
01-05 07:18:49.841 I/am_wtf ( 1516): [0,1516,system_server,-1,DisplayDeviceConfig,requesting nits when no mapping exists.]
01-05 07:18:49.842 I/am_wtf ( 1516): [0,1516,system_server,-1,DisplayDeviceConfig,requesting nits when no mapping exists.]
01-05 07:18:49.858 I/am_wtf ( 1516): [0,1516,system_server,-1,DisplayDeviceConfig,requesting nits when no mapping exists.]
01-05 07:18:49.858 I/am_wtf ( 1516): [0,1516,system_server,-1,DisplayDeviceConfig,requesting nits when no mapping exists.]
01-05 07:18:49.874 I/am_wtf ( 1516): [0,1516,system_server,-1,DisplayDeviceConfig,requesting nits when no mapping exists.]
01-05 07:18:49.875 I/am_wtf ( 1516): [0,1516,system_server,-1,DisplayDeviceConfig,requesting nits when no mapping exists.]
01-05 07:18:49.891 I/am_wtf ( 1516): [0,1516,system_server,-1,DisplayDeviceConfig,requesting nits when no mapping exists.]
01-05 07:18:49.892 I/am_wtf ( 1516): [0,1516,system_server,-1,DisplayDeviceConfig,requesting nits when no mapping exists.]
01-05 07:18:49.908 I/am_wtf ( 1516): [0,1516,system_server,-1,DisplayDeviceConfig,requesting nits when no mapping exists.]
01-05 07:18:49.909 I/am_wtf ( 1516): [0,1516,system_server,-1,DisplayDeviceConfig,requesting nits when no mapping exists.]
01-05 07:18:49.910 I/service_manager_stats( 1516): [100,63,90176]
01-05 07:18:49.925 I/am_wtf ( 1516): [0,1516,system_server,-1,DisplayDeviceConfig,requesting nits when no mapping exists.]
01-05 07:18:49.926 I/am_wtf ( 1516): [0,1516,system_server,-1,DisplayDeviceConfig,requesting nits when no mapping exists.]
01-05 07:18:49.942 I/am_wtf ( 1516): [0,1516,system_server,-1,DisplayDeviceConfig,requesting nits when no mapping exists.]
01-05 07:18:49.943 I/am_wtf ( 1516): [0,1516,system_server,-1,DisplayDeviceConfig,requesting nits when no mapping exists.]
01-05 07:18:49.958 I/am_wtf ( 1516): [0,1516,system_server,-1,DisplayDeviceConfig,requesting nits when no mapping exists.]
01-05 07:18:49.959 I/am_wtf ( 1516): [0,1516,system_server,-1,DisplayDeviceConfig,requesting nits when no mapping exists.]
01-05 07:18:49.974 I/am_wtf ( 1516): [0,1516,system_server,-1,DisplayDeviceConfig,requesting nits when no mapping exists.]
01-05 07:18:49.975 I/am_wtf ( 1516): [0,1516,system_server,-1,DisplayDeviceConfig,requesting nits when no mapping exists.]
01-05 07:18:49.991 I/am_wtf ( 1516): [0,1516,system_server,-1,DisplayDeviceConfig,requesting nits when no mapping exists.]
01-05 07:18:49.992 I/am_wtf ( 1516): [0,1516,system_server,-1,DisplayDeviceConfig,requesting nits when no mapping exists.]
01-05 07:18:50.008 I/am_wtf ( 1516): [0,1516,system_server,-1,DisplayDeviceConfig,requesting nits when no mapping exists.]
01-05 07:18:50.009 I/am_wtf ( 1516): [0,1516,system_server,-1,DisplayDeviceConfig,requesting nits when no mapping exists.]
01-05 07:18:50.025 I/am_wtf ( 1516): [0,1516,system_server,-1,DisplayDeviceConfig,requesting nits when no mapping exists.]
01-05 07:18:50.025 I/am_wtf ( 1516): [0,1516,system_server,-1,DisplayDeviceConfig,requesting nits when no mapping exists.]
01-05 07:18:50.041 I/am_wtf ( 1516): [0,1516,system_server,-1,DisplayDeviceConfig,requesting nits when no mapping exists.]
01-05 07:18:50.042 I/am_wtf ( 1516): [0,1516,system_server,-1,DisplayDeviceConfig,requesting nits when no mapping exists.]
