01-05 06:34:20.238 I/input_focus( 1516): [Focus request 65961f7 com.android.deskclock/com.android.deskclock.DeskClock,reason=UpdateInputWindows]
01-05 06:34:20.257 I/sysui_multi_action( 1516): [319,33,321,32,322,98,325,7424,757,761,758,8,759,1,806,com.android.deskclock,871,com.android.deskclock.DeskClock,904,com.android.launcher3,905,0,1320,4,1321,1]
01-05 06:34:20.257 I/wm_activity_launch_time( 1516): [0,239488675,com.android.deskclock/.DeskClock,98]
01-05 06:34:20.270 I/input_focus( 1516): [Focus entering 65961f7 com.android.deskclock/com.android.deskclock.DeskClock (server),reason=setFocusedWindow]
01-05 06:34:20.539 I/wm_stop_activity( 1516): [0,39192225,com.android.launcher3/.uioverrides.QuickstepLauncher]
01-05 06:34:20.591 I/wm_on_stop_called( 2835): [39192225,com.android.launcher3.uioverrides.QuickstepLauncher,STOP_ACTIVITY_ITEM]
01-05 06:34:21.118 I/input_interaction( 1516): Interaction with: 65961f7 com.android.deskclock/com.android.deskclock.DeskClock (server), edge-swipe (server), swipe-up (server), PointerEventDispatcher0 (server),
01-05 06:34:21.134 I/wm_task_moved( 1516): [1,0,0]
01-05 06:34:21.134 I/wm_task_moved( 1516): [1,0,8]
01-05 06:34:21.156 I/wm_on_restart_called( 2835): [39192225,com.android.launcher3.uioverrides.QuickstepLauncher,performRestartActivity]
01-05 06:34:21.172 I/wm_on_start_called( 2835): [39192225,com.android.launcher3.uioverrides.QuickstepLauncher,handleStartActivity]
01-05 06:34:21.175 I/view_enqueue_input_event( 7958): [Motion - Cancel,com.android.deskclock/com.android.deskclock.DeskClock]
01-05 06:34:21.177 I/input_focus( 1516): [Focus request recents_animation_input_consumer,reason=UpdateInputWindows]
01-05 06:34:21.183 I/input_interaction( 1516): Interaction with: edge-swipe (server), swipe-up (server), PointerEventDispatcher0 (server),
01-05 06:34:21.184 I/sysui_latency( 2835): [1,65]
01-05 06:34:21.188 I/input_focus( 1516): [Focus leaving 65961f7 com.android.deskclock/com.android.deskclock.DeskClock (server),reason=NOT_FOCUSABLE]
01-05 06:34:21.188 I/input_focus( 1516): [Focus entering recents_animation_input_consumer (server),reason=setFocusedWindow]
01-05 06:34:21.196 I/sysui_multi_action( 1516): [319,11,322,60,325,7425,757,761,758,9,759,5,806,com.android.launcher3,871,com.android.launcher3.uioverrides.QuickstepLauncher,905,0,1320,8,1321,5]
01-05 06:34:21.373 I/commit_sys_config_file( 1516): [settings-1-0,5]
01-05 06:34:21.495 I/sysui_latency( 1516): [8,70]
01-05 06:34:21.755 I/commit_sys_config_file( 1516): [settings-1-0,4]
01-05 06:34:22.222 I/wm_task_moved( 1516): [1,1,9]
01-05 06:34:22.223 I/wm_on_top_resumed_lost_called( 7958): [239488675,com.android.deskclock.DeskClock,topStateChangedWhenResumed]
01-05 06:34:22.223 I/wm_task_moved( 1516): [10,1,2147483647]
01-05 06:34:22.223 I/wm_task_to_front( 1516): [0,10]
01-05 06:34:22.224 I/wm_focused_root_task( 1516): [0,0,1,32,RecentsAnimation.onAnimationFinished()]
01-05 06:34:22.224 I/wm_set_resumed_activity( 1516): [0,com.android.launcher3/.uioverrides.QuickstepLauncher,RecentsAnimation.onAnimationFinished()]
01-05 06:34:22.226 I/wm_pause_activity( 1516): [0,239488675,com.android.deskclock/.DeskClock,userLeaving=true,pauseBackTasks]
01-05 06:34:22.228 I/wm_add_to_stopping( 1516): [0,239488675,com.android.deskclock/.DeskClock,makeInvisible]
01-05 06:34:22.229 I/wm_set_resumed_activity( 1516): [0,com.android.launcher3/.uioverrides.QuickstepLauncher,resumeTopActivityInnerLocked]
01-05 06:34:22.231 I/wm_resume_activity( 1516): [0,39192225,10,com.android.launcher3/.uioverrides.QuickstepLauncher]
01-05 06:34:22.232 I/wm_on_resume_called( 2835): [39192225,com.android.launcher3.uioverrides.QuickstepLauncher,RESUME_ACTIVITY]
01-05 06:34:22.239 I/input_focus( 1516): [Focus request fdc0eb0 com.android.launcher3/com.android.launcher3.uioverrides.QuickstepLauncher,reason=UpdateInputWindows]
01-05 06:34:22.241 I/input_focus( 1516): [Focus leaving recents_animation_input_consumer (server),reason=NOT_VISIBLE]
01-05 06:34:22.242 I/wm_on_top_resumed_gained_called( 2835): [39192225,com.android.launcher3.uioverrides.QuickstepLauncher,topStateChangedWhenResumed]
01-05 06:34:22.245 I/wm_on_paused_called( 7958): [239488675,com.android.deskclock.DeskClock,performPause]
01-05 06:34:22.247 I/wm_stop_activity( 1516): [0,239488675,com.android.deskclock/.DeskClock]
01-05 06:34:22.248 I/sysui_multi_action( 1516): [757,803,799,window_time_0,802,2]
01-05 06:34:22.249 I/sysui_multi_action( 1516): [757,803,799,window_time_0,802,0]
01-05 06:34:22.256 I/input_focus( 1516): [Focus entering fdc0eb0 com.android.launcher3/com.android.launcher3.uioverrides.QuickstepLauncher (server),reason=setFocusedWindow]
01-05 06:34:22.274 I/wm_on_stop_called( 7958): [239488675,com.android.deskclock.DeskClock,STOP_ACTIVITY_ITEM]
01-05 06:34:22.543 I/input_interaction( 1516): Interaction with: fdc0eb0 com.android.launcher3/com.android.launcher3.uioverrides.QuickstepLauncher (server), 9702ba6 com.android.systemui.ImageWallpaper (server), edge-swipe (server), swipe-up (server), PointerEventDispatcher0 (server),
01-05 06:34:22.605 I/view_enqueue_input_event( 2835): [Motion - Cancel,com.android.launcher3/com.android.launcher3.uioverrides.QuickstepLauncher]
01-05 06:34:22.608 I/input_interaction( 1516): Interaction with: edge-swipe (server), swipe-up (server), PointerEventDispatcher0 (server),
01-05 06:34:22.781 I/commit_sys_config_file( 1516): [settings-1-0,3]
01-05 06:34:23.187 I/commit_sys_config_file( 1516): [settings-1-0,3]
01-05 06:34:31.946 I/input_interaction( 1516): Interaction with: fdc0eb0 com.android.launcher3/com.android.launcher3.uioverrides.QuickstepLauncher (server), 9702ba6 com.android.systemui.ImageWallpaper (server), edge-swipe (server), swipe-up (server), PointerEventDispatcher0 (server),
01-05 06:34:33.973 I/commit_sys_config_file( 1516): [settings-1-0,5]
01-05 06:34:38.037 I/wm_task_moved( 1516): [32,1,9]
01-05 06:34:38.037 I/wm_task_to_front( 1516): [0,32]
01-05 06:34:38.038 I/wm_focused_root_task( 1516): [0,0,32,1,bringingFoundTaskToFront]
01-05 06:34:38.039 I/wm_set_resumed_activity( 1516): [0,com.android.deskclock/.DeskClock,bringingFoundTaskToFront]
01-05 06:34:38.041 I/wm_relaunch_resume_activity( 1516): [0,239488675,32,com.android.deskclock/.DeskClock]
01-05 06:34:38.043 I/wm_set_resumed_activity( 1516): [0,com.android.deskclock/.DeskClock,resumeTopActivityInnerLocked]
01-05 06:34:38.045 I/wm_resume_activity( 1516): [0,239488675,32,com.android.deskclock/.DeskClock]
01-05 06:34:38.046 I/wm_finish_activity( 1516): [0,239488675,32,com.android.deskclock/.DeskClock,clear-task-all]
01-05 06:34:38.046 I/wm_pause_activity( 1516): [0,239488675,com.android.deskclock/.DeskClock,userLeaving=false,finish]
01-05 06:34:38.052 I/wm_task_moved( 1516): [32,1,9]
01-05 06:34:38.052 I/wm_create_activity( 1516): [0,89810762,32,com.android.deskclock/.DeskClock,NULL,NULL,NULL,272662528]
01-05 06:34:38.058 I/wm_on_top_resumed_lost_called( 2835): [39192225,com.android.launcher3.uioverrides.QuickstepLauncher,topStateChangedWhenResumed]
01-05 06:34:38.065 I/wm_on_destroy_called( 7958): [239488675,com.android.deskclock.DeskClock,performDestroy]
01-05 06:34:38.092 I/wm_on_create_called( 7958): [239488675,com.android.deskclock.DeskClock,performCreate]
01-05 06:34:38.108 I/wm_on_start_called( 7958): [239488675,com.android.deskclock.DeskClock,handleStartActivity]
01-05 06:34:38.109 I/wm_on_resume_called( 7958): [239488675,com.android.deskclock.DeskClock,RESUME_ACTIVITY]
01-05 06:34:38.110 I/wm_on_paused_called( 7958): [239488675,com.android.deskclock.DeskClock,performPause]
01-05 06:34:38.110 I/wm_add_to_stopping( 1516): [0,239488675,com.android.deskclock/.DeskClock,completeFinishing]
01-05 06:34:38.112 I/wm_restart_activity( 1516): [0,89810762,32,com.android.deskclock/.DeskClock]
01-05 06:34:38.112 I/wm_set_resumed_activity( 1516): [0,com.android.deskclock/.DeskClock,minimalResumeActivityLocked]
01-05 06:34:38.113 I/sysui_multi_action( 1516): [757,803,799,window_time_0,802,15]
01-05 06:34:38.164 I/wm_on_create_called( 7958): [89810762,com.android.deskclock.DeskClock,performCreate]
01-05 06:34:38.164 I/wm_on_start_called( 7958): [89810762,com.android.deskclock.DeskClock,handleStartActivity]
01-05 06:34:38.165 I/wm_on_resume_called( 7958): [89810762,com.android.deskclock.DeskClock,RESUME_ACTIVITY]
01-05 06:34:38.167 I/wm_on_top_resumed_gained_called( 7958): [89810762,com.android.deskclock.DeskClock,topStateChangedWhenResumed]
01-05 06:34:38.195 I/input_focus( 1516): [Focus request ebb9ea1 com.android.deskclock/com.android.deskclock.DeskClock,reason=UpdateInputWindows]
01-05 06:34:38.214 I/wm_activity_launch_time( 1516): [0,89810762,com.android.deskclock/.DeskClock,178]
01-05 06:34:38.229 I/commit_sys_config_file( 1516): [settings-1-0,4]
01-05 06:34:38.230 I/input_focus( 1516): [Focus leaving fdc0eb0 com.android.launcher3/com.android.launcher3.uioverrides.QuickstepLauncher (server),reason=setFocusedWindow]
01-05 06:34:38.230 I/input_focus( 1516): [Focus entering ebb9ea1 com.android.deskclock/com.android.deskclock.DeskClock (server),reason=setFocusedWindow]
01-05 06:34:38.297 I/am_pss ( 1516): [7696,10085,com.android.music,20086784,14639104,0,139423744,0,4,10]
01-05 06:34:38.503 I/wm_destroy_activity( 1516): [0,239488675,32,com.android.deskclock/.DeskClock,finish-imm:idle]
01-05 06:34:38.508 I/wm_on_stop_called( 7958): [239488675,com.android.deskclock.DeskClock,LIFECYCLER_STOP_ACTIVITY]
01-05 06:34:38.516 I/wm_on_destroy_called( 7958): [239488675,com.android.deskclock.DeskClock,performDestroy]
01-05 06:34:39.292 I/input_interaction( 1516): Interaction with: edge-swipe (server), swipe-up (server), PointerEventDispatcher0 (server),
01-05 06:34:39.293 I/view_enqueue_input_event( 2835): [Motion - Cancel,com.android.launcher3/com.android.launcher3.uioverrides.QuickstepLauncher]
01-05 06:34:39.470 I/commit_sys_config_file( 1516): [settings-1-0,3]
01-05 06:34:40.011 I/commit_sys_config_file( 1516): [settings-1-0,9]
01-05 06:34:40.192 I/wm_finish_activity( 1516): [0,89810762,32,com.android.deskclock/.DeskClock,app-request]
01-05 06:34:40.193 I/wm_task_moved( 1516): [1,1,9]
01-05 06:34:40.195 I/wm_set_resumed_activity( 1516): [0,com.android.launcher3/.uioverrides.QuickstepLauncher,positionChildAt]
01-05 06:34:40.195 I/wm_task_moved( 1516): [10,1,2147483647]
01-05 06:34:40.195 I/wm_task_to_front( 1516): [0,10]
01-05 06:34:40.195 I/wm_on_top_resumed_lost_called( 7958): [89810762,com.android.deskclock.DeskClock,topStateChangedWhenResumed]
01-05 06:34:40.196 I/wm_focused_root_task( 1516): [0,0,1,-1,finish-top adjustFocusToNextFocusableTask]
01-05 06:34:40.196 I/wm_set_resumed_activity( 1516): [0,com.android.launcher3/.uioverrides.QuickstepLauncher,finish-top]
01-05 06:34:40.202 I/wm_pause_activity( 1516): [0,89810762,com.android.deskclock/.DeskClock,userLeaving=false,finish]
01-05 06:34:40.206 I/input_focus( 1516): [Focus request fdc0eb0 com.android.launcher3/com.android.launcher3.uioverrides.QuickstepLauncher,reason=UpdateInputWindows]
01-05 06:34:40.214 I/wm_on_paused_called( 7958): [89810762,com.android.deskclock.DeskClock,performPause]
01-05 06:34:40.216 I/wm_destroy_activity( 1516): [0,89810762,32,com.android.deskclock/.DeskClock,finish-imm:completePausedLocked]
01-05 06:34:40.229 I/sysui_multi_action( 1516): [757,803,799,window_time_2,802,3]
01-05 06:34:40.230 I/wm_on_stop_called( 7958): [89810762,com.android.deskclock.DeskClock,LIFECYCLER_STOP_ACTIVITY]
01-05 06:34:40.234 I/input_focus( 1516): [Focus leaving ebb9ea1 com.android.deskclock/com.android.deskclock.DeskClock (server),reason=NO_WINDOW]
01-05 06:34:40.234 I/input_focus( 1516): [Focus entering fdc0eb0 com.android.launcher3/com.android.launcher3.uioverrides.QuickstepLauncher (server),reason=setFocusedWindow]
01-05 06:34:40.243 I/wm_on_destroy_called( 7958): [89810762,com.android.deskclock.DeskClock,performDestroy]
01-05 06:34:40.251 I/wm_on_top_resumed_gained_called( 2835): [39192225,com.android.launcher3.uioverrides.QuickstepLauncher,topStateChangedWhenResumed]
01-05 06:34:40.517 I/wm_task_removed( 1516): [32,removeChild:removeChild last r=ActivityRecord{55a674a u0 com.android.deskclock/.DeskClock t-1 f}} in t=Task{e973a50 #32 type=standard A=10067:com.android.deskclock U=0 visible=false mode=freeform translucent=true sz=0}]
01-05 06:34:40.517 I/wm_task_removed( 1516): [32,removeChild]
01-05 06:34:41.541 I/input_interaction( 1516): Interaction with: fdc0eb0 com.android.launcher3/com.android.launcher3.uioverrides.QuickstepLauncher (server), 9702ba6 com.android.systemui.ImageWallpaper (server), edge-swipe (server), swipe-up (server), PointerEventDispatcher0 (server),
01-05 06:34:41.543 I/service_manager_stats( 1516): [100,58,47636]
01-05 06:34:41.818 I/wm_task_created( 1516): [35,-1]
01-05 06:34:41.820 I/wm_task_moved( 1516): [35,1,9]
01-05 06:34:41.820 I/wm_task_to_front( 1516): [0,35]
01-05 06:34:41.821 I/wm_create_task( 1516): [0,35]
01-05 06:34:41.821 I/wm_create_activity( 1516): [0,256445556,35,com.android.deskclock/.DeskClock,NULL,NULL,NULL,269516800]
01-05 06:34:41.821 I/wm_task_moved( 1516): [35,1,9]
01-05 06:34:41.822 I/wm_restart_activity( 1516): [0,256445556,35,com.android.deskclock/.DeskClock]
01-05 06:34:41.822 I/wm_set_resumed_activity( 1516): [0,com.android.deskclock/.DeskClock,minimalResumeActivityLocked]
01-05 06:34:41.826 I/wm_on_top_resumed_lost_called( 2835): [39192225,com.android.launcher3.uioverrides.QuickstepLauncher,topStateChangedWhenResumed]
01-05 06:34:41.839 I/wm_on_create_called( 7958): [256445556,com.android.deskclock.DeskClock,performCreate]
01-05 06:34:41.840 I/wm_on_start_called( 7958): [256445556,com.android.deskclock.DeskClock,handleStartActivity]
01-05 06:34:41.841 I/wm_on_resume_called( 7958): [256445556,com.android.deskclock.DeskClock,RESUME_ACTIVITY]
01-05 06:34:41.842 I/wm_on_top_resumed_gained_called( 7958): [256445556,com.android.deskclock.DeskClock,topStateChangedWhenResumed]
01-05 06:34:41.879 I/input_focus( 1516): [Focus request f7325e3 com.android.deskclock/com.android.deskclock.DeskClock,reason=UpdateInputWindows]
01-05 06:34:41.897 I/sysui_multi_action( 1516): [319,82,322,82,325,7445,757,761,758,8,759,2,806,com.android.deskclock,871,com.android.deskclock.DeskClock,904,android,905,0,1320,4,1321,1]
01-05 06:34:41.897 I/wm_activity_launch_time( 1516): [0,256445556,com.android.deskclock/.DeskClock,82]
01-05 06:34:41.905 I/input_focus( 1516): [Focus leaving fdc0eb0 com.android.launcher3/com.android.launcher3.uioverrides.QuickstepLauncher (server),reason=setFocusedWindow]
01-05 06:34:41.905 I/input_focus( 1516): [Focus entering f7325e3 com.android.deskclock/com.android.deskclock.DeskClock (server),reason=setFocusedWindow]
01-05 06:34:43.328 I/input_interaction( 1516): Interaction with: f7325e3 com.android.deskclock/com.android.deskclock.DeskClock (server), edge-swipe (server), swipe-up (server), PointerEventDispatcher0 (server),
01-05 06:34:43.437 I/wm_finish_activity( 1516): [0,256445556,35,com.android.deskclock/.DeskClock,finish-activity]
01-05 06:34:43.437 I/wm_task_moved( 1516): [1,1,9]
01-05 06:34:43.438 I/wm_set_resumed_activity( 1516): [0,com.android.launcher3/.uioverrides.QuickstepLauncher,positionChildAt]
01-05 06:34:43.438 I/wm_task_moved( 1516): [10,1,2147483647]
01-05 06:34:43.438 I/wm_task_to_front( 1516): [0,10]
01-05 06:34:43.438 I/wm_focused_root_task( 1516): [0,0,1,-1,finish-top adjustFocusToNextFocusableTask]
01-05 06:34:43.438 I/wm_set_resumed_activity( 1516): [0,com.android.launcher3/.uioverrides.QuickstepLauncher,finish-top]
01-05 06:34:43.440 I/wm_pause_activity( 1516): [0,256445556,com.android.deskclock/.DeskClock,userLeaving=false,finish]
01-05 06:34:43.442 I/wm_on_top_resumed_lost_called( 7958): [256445556,com.android.deskclock.DeskClock,topStateChangedWhenResumed]
01-05 06:34:43.442 I/input_focus( 1516): [Focus request fdc0eb0 com.android.launcher3/com.android.launcher3.uioverrides.QuickstepLauncher,reason=UpdateInputWindows]
01-05 06:34:43.443 I/wm_on_top_resumed_gained_called( 2835): [39192225,com.android.launcher3.uioverrides.QuickstepLauncher,topStateChangedWhenResumed]
01-05 06:34:43.444 I/sysui_multi_action( 1516): [757,803,799,window_time_0,802,3]
01-05 06:34:43.444 I/wm_on_paused_called( 7958): [256445556,com.android.deskclock.DeskClock,performPause]
01-05 06:34:43.445 I/wm_destroy_activity( 1516): [0,256445556,35,com.android.deskclock/.DeskClock,finish-imm:completePausedLocked]
01-05 06:34:43.449 I/sysui_multi_action( 1516): [757,803,799,window_time_0,802,0]
01-05 06:34:43.454 I/wm_on_stop_called( 7958): [256445556,com.android.deskclock.DeskClock,LIFECYCLER_STOP_ACTIVITY]
01-05 06:34:43.460 I/wm_on_destroy_called( 7958): [256445556,com.android.deskclock.DeskClock,performDestroy]
01-05 06:34:43.460 I/input_focus( 1516): [Focus leaving f7325e3 com.android.deskclock/com.android.deskclock.DeskClock (server),reason=NO_WINDOW]
01-05 06:34:43.460 I/input_focus( 1516): [Focus entering fdc0eb0 com.android.launcher3/com.android.launcher3.uioverrides.QuickstepLauncher (server),reason=setFocusedWindow]
01-05 06:34:43.740 I/wm_task_removed( 1516): [35,removeChild:removeChild last r=ActivityRecord{f490c74 u0 com.android.deskclock/.DeskClock t-1 f}} in t=Task{a8c0c47 #35 type=standard A=10067:com.android.deskclock U=0 visible=false mode=freeform translucent=true sz=0}]
01-05 06:34:43.740 I/wm_task_removed( 1516): [35,removeChild]
01-05 06:34:44.183 I/input_interaction( 1516): Interaction with: fdc0eb0 com.android.launcher3/com.android.launcher3.uioverrides.QuickstepLauncher (server), 9702ba6 com.android.systemui.ImageWallpaper (server), edge-swipe (server), swipe-up (server), PointerEventDispatcher0 (server),
01-05 06:34:44.319 I/view_enqueue_input_event( 2835): [Motion - Cancel,com.android.launcher3/com.android.launcher3.uioverrides.QuickstepLauncher]
01-05 06:34:44.334 I/input_interaction( 1516): Interaction with: edge-swipe (server), swipe-up (server), PointerEventDispatcher0 (server),
01-05 06:34:44.501 I/commit_sys_config_file( 1516): [settings-1-0,4]
01-05 06:34:44.991 I/commit_sys_config_file( 1516): [settings-1-0,4]
01-05 06:34:52.448 I/input_interaction( 1516): Interaction with: fdc0eb0 com.android.launcher3/com.android.launcher3.uioverrides.QuickstepLauncher (server), 9702ba6 com.android.systemui.ImageWallpaper (server), edge-swipe (server), swipe-up (server), PointerEventDispatcher0 (server),
01-05 06:34:52.594 I/wm_task_moved( 1516): [1,1,9]
01-05 06:34:52.595 I/wm_set_resumed_activity( 1516): [0,com.android.launcher3/.uioverrides.QuickstepLauncher,positionChildAt]
01-05 06:34:52.599 I/wm_task_moved( 1516): [35,1,9]
01-05 06:34:52.599 I/wm_task_to_front( 1516): [0,35]
01-05 06:34:52.600 I/wm_focused_root_task( 1516): [0,0,35,1,reuseOrNewTask]
01-05 06:34:52.600 I/wm_create_activity( 1516): [0,248174599,35,com.android.deskclock/.DeskClock,NULL,NULL,NULL,269516800]
01-05 06:34:52.601 I/wm_pause_activity( 1516): [0,39192225,com.android.launcher3/.uioverrides.QuickstepLauncher,userLeaving=true,pauseBackTasks]
01-05 06:34:52.604 I/wm_on_top_resumed_lost_called( 2835): [39192225,com.android.launcher3.uioverrides.QuickstepLauncher,topStateChangedWhenResumed]
01-05 06:34:52.605 I/wm_on_paused_called( 2835): [39192225,com.android.launcher3.uioverrides.QuickstepLauncher,performPause]
01-05 06:34:52.606 I/wm_add_to_stopping( 1516): [0,39192225,com.android.launcher3/.uioverrides.QuickstepLauncher,makeInvisible]
01-05 06:34:52.607 I/wm_restart_activity( 1516): [0,248174599,35,com.android.deskclock/.DeskClock]
01-05 06:34:52.607 I/wm_set_resumed_activity( 1516): [0,com.android.deskclock/.DeskClock,minimalResumeActivityLocked]
01-05 06:34:52.611 I/sysui_multi_action( 1516): [757,803,799,window_time_0,802,9]
01-05 06:34:52.630 I/input_focus( 1516): [Focus leaving fdc0eb0 com.android.launcher3/com.android.launcher3.uioverrides.QuickstepLauncher (server),reason=NO_WINDOW]
01-05 06:34:52.636 I/wm_on_create_called( 7958): [248174599,com.android.deskclock.DeskClock,performCreate]
01-05 06:34:52.636 I/wm_on_start_called( 7958): [248174599,com.android.deskclock.DeskClock,handleStartActivity]
01-05 06:34:52.637 I/wm_on_resume_called( 7958): [248174599,com.android.deskclock.DeskClock,RESUME_ACTIVITY]
01-05 06:34:52.638 I/wm_on_top_resumed_gained_called( 7958): [248174599,com.android.deskclock.DeskClock,topStateChangedWhenResumed]
01-05 06:34:52.682 I/input_focus( 1516): [Focus request 8666e1b com.android.deskclock/com.android.deskclock.DeskClock,reason=UpdateInputWindows]
01-05 06:34:52.698 I/sysui_multi_action( 1516): [319,24,321,22,322,101,325,7456,757,761,758,8,759,1,806,com.android.deskclock,871,com.android.deskclock.DeskClock,904,android,905,0,1320,4,1321,1]
01-05 06:34:52.698 I/wm_activity_launch_time( 1516): [0,248174599,com.android.deskclock/.DeskClock,101]
01-05 06:34:52.713 I/input_focus( 1516): [Focus entering 8666e1b com.android.deskclock/com.android.deskclock.DeskClock (server),reason=Window became focusable. Previous reason: NOT_VISIBLE]
01-05 06:34:52.970 I/wm_stop_activity( 1516): [0,39192225,com.android.launcher3/.uioverrides.QuickstepLauncher]
01-05 06:34:52.998 I/wm_on_stop_called( 2835): [39192225,com.android.launcher3.uioverrides.QuickstepLauncher,STOP_ACTIVITY_ITEM]
01-05 06:34:53.509 I/input_interaction( 1516): Interaction with: 8666e1b com.android.deskclock/com.android.deskclock.DeskClock (server), edge-swipe (server), swipe-up (server), PointerEventDispatcher0 (server),
01-05 06:34:53.524 I/wm_task_moved( 1516): [1,0,0]
01-05 06:34:53.527 I/wm_task_moved( 1516): [1,0,8]
01-05 06:34:53.541 I/wm_on_restart_called( 2835): [39192225,com.android.launcher3.uioverrides.QuickstepLauncher,performRestartActivity]
01-05 06:34:53.561 I/wm_on_start_called( 2835): [39192225,com.android.launcher3.uioverrides.QuickstepLauncher,handleStartActivity]
01-05 06:34:53.562 I/view_enqueue_input_event( 7958): [Motion - Cancel,com.android.deskclock/com.android.deskclock.DeskClock]
01-05 06:34:53.564 I/input_focus( 1516): [Focus request recents_animation_input_consumer,reason=UpdateInputWindows]
01-05 06:34:53.569 I/sysui_latency( 2835): [1,61]
01-05 06:34:53.575 I/input_interaction( 1516): Interaction with: edge-swipe (server), swipe-up (server), PointerEventDispatcher0 (server),
01-05 06:34:53.580 I/sysui_multi_action( 1516): [319,11,322,53,325,7457,757,761,758,9,759,5,806,com.android.launcher3,871,com.android.launcher3.uioverrides.QuickstepLauncher,905,0,1320,8,1321,5]
01-05 06:34:53.583 I/input_focus( 1516): [Focus leaving 8666e1b com.android.deskclock/com.android.deskclock.DeskClock (server),reason=NOT_FOCUSABLE]
01-05 06:34:53.583 I/input_focus( 1516): [Focus entering recents_animation_input_consumer (server),reason=setFocusedWindow]
01-05 06:34:53.764 I/commit_sys_config_file( 1516): [settings-1-0,4]
01-05 06:34:53.880 I/sysui_latency( 1516): [8,64]
01-05 06:34:54.261 I/wm_task_moved( 1516): [1,1,9]
01-05 06:34:54.262 I/wm_focused_root_task( 1516): [0,0,1,35,RecentsAnimation.onAnimationFinished()]
01-05 06:34:54.262 I/wm_on_top_resumed_lost_called( 7958): [248174599,com.android.deskclock.DeskClock,topStateChangedWhenResumed]
01-05 06:34:54.263 I/wm_pause_activity( 1516): [0,248174599,com.android.deskclock/.DeskClock,userLeaving=false,pauseBackTasks]
01-05 06:34:54.265 I/wm_set_resumed_activity( 1516): [0,com.android.launcher3/.uioverrides.QuickstepLauncher,resumeTopActivityInnerLocked]
01-05 06:34:54.268 I/wm_resume_activity( 1516): [0,39192225,10,com.android.launcher3/.uioverrides.QuickstepLauncher]
01-05 06:34:54.268 I/wm_add_to_stopping( 1516): [0,248174599,com.android.deskclock/.DeskClock,makeInvisible]
01-05 06:34:54.273 I/wm_on_resume_called( 2835): [39192225,com.android.launcher3.uioverrides.QuickstepLauncher,RESUME_ACTIVITY]
01-05 06:34:54.274 I/input_focus( 1516): [Focus request fdc0eb0 com.android.launcher3/com.android.launcher3.uioverrides.QuickstepLauncher,reason=UpdateInputWindows]
01-05 06:34:54.275 I/sysui_multi_action( 1516): [757,803,799,window_time_0,802,2]
01-05 06:34:54.277 I/wm_on_paused_called( 7958): [248174599,com.android.deskclock.DeskClock,performPause]
01-05 06:34:54.278 I/wm_stop_activity( 1516): [0,248174599,com.android.deskclock/.DeskClock]
01-05 06:34:54.280 I/sysui_multi_action( 1516): [757,803,799,window_time_0,802,0]
01-05 06:34:54.285 I/input_focus( 1516): [Focus leaving recents_animation_input_consumer (server),reason=NOT_VISIBLE]
01-05 06:34:54.285 I/input_focus( 1516): [Focus entering fdc0eb0 com.android.launcher3/com.android.launcher3.uioverrides.QuickstepLauncher (server),reason=setFocusedWindow]
01-05 06:34:54.301 I/wm_on_stop_called( 7958): [248174599,com.android.deskclock.DeskClock,STOP_ACTIVITY_ITEM]
01-05 06:34:54.341 I/wm_on_top_resumed_gained_called( 2835): [39192225,com.android.launcher3.uioverrides.QuickstepLauncher,topStateChangedWhenResumed]
01-05 06:34:54.496 I/commit_sys_config_file( 1516): [settings-1-0,4]
01-05 06:34:54.834 I/input_interaction( 1516): Interaction with: fdc0eb0 com.android.launcher3/com.android.launcher3.uioverrides.QuickstepLauncher (server), 9702ba6 com.android.systemui.ImageWallpaper (server), edge-swipe (server), swipe-up (server), PointerEventDispatcher0 (server),
01-05 06:34:55.405 I/wm_finish_activity( 1516): [0,135090247,29,com.android.calendar/.AllInOneActivity,recent-task-trimmed]
01-05 06:34:55.407 I/wm_destroy_activity( 1516): [0,135090247,29,com.android.calendar/.AllInOneActivity,finish-imm:finishIfPossible]
01-05 06:34:55.410 I/am_kill ( 1516): [0,7871,com.android.calendar,910,remove task]
01-05 06:34:55.412 I/wm_finish_activity( 1516): [0,104181667,33,com.android.gallery3d/.app.GalleryActivity,recent-task-trimmed]
01-05 06:34:55.415 I/wm_destroy_activity( 1516): [0,104181667,33,com.android.gallery3d/.app.GalleryActivity,finish-imm:finishIfPossible]
01-05 06:34:55.416 I/wm_finish_activity( 1516): [0,202704299,34,com.android.music/.MusicBrowserActivity,recent-task-trimmed]
01-05 06:34:55.418 I/wm_destroy_activity( 1516): [0,202704299,34,com.android.music/.MusicBrowserActivity,finish-imm:finishIfPossible]
01-05 06:34:55.419 I/wm_finish_activity( 1516): [0,248174599,35,com.android.deskclock/.DeskClock,recent-task-trimmed]
01-05 06:34:55.420 I/wm_destroy_activity( 1516): [0,248174599,35,com.android.deskclock/.DeskClock,finish-imm:finishIfPossible]
01-05 06:34:55.422 I/sysui_multi_action( 1516): [757,803,799,window_time_0,802,1]
01-05 06:34:55.425 I/wm_on_destroy_called( 7697): [104181667,com.android.gallery3d.app.GalleryActivity,performDestroy]
01-05 06:34:55.425 I/am_kill ( 1516): [0,7697,com.android.gallery3d,0,remove task]
01-05 06:34:55.426 I/sysui_multi_action( 1516): [757,803,799,window_time_0,802,0]
01-05 06:34:55.427 I/sysui_multi_action( 1516): [757,803,799,window_time_0,802,0]
01-05 06:34:55.428 I/wm_on_destroy_called( 7696): [202704299,com.android.music.MusicBrowserActivity,performDestroy]
01-05 06:34:55.430 I/am_kill ( 1516): [0,7958,com.android.deskclock,905,remove task]
01-05 06:34:55.430 I/sysui_multi_action( 1516): [757,803,799,window_time_0,802,0]
01-05 06:34:55.439 I/wm_task_removed( 1516): [34,removeChild:removeChild last r=ActivityRecord{c1505ab u0 com.android.music/.MusicBrowserActivity t-1 f}} in t=Task{153f052 #34 type=standard A=10085:android.task.music U=0 visible=false mode=fullscreen translucent=true sz=0}]
01-05 06:34:55.439 I/wm_task_removed( 1516): [34,removeChild]
01-05 06:34:55.441 I/am_uid_running( 1516): 10033
01-05 06:34:55.448 I/sysui_multi_action( 1516): [757,856,758,2,806,com.android.music,857,Channel-music,858,2]
01-05 06:34:55.448 I/notification_cancel_all( 1516): [1000,1516,com.android.music,0,0,0,20,NULL]
01-05 06:34:55.453 I/am_proc_start( 1516): [0,8236,10033,com.android.musicfx,broadcast,{com.android.musicfx/com.android.musicfx.ControlPanelReceiver}]
01-05 06:34:55.479 I/am_proc_died( 1516): [0,7871,com.android.calendar,910,18]
01-05 06:34:55.481 I/am_uid_stopped( 1516): 10065
01-05 06:34:55.483 I/wm_task_removed( 1516): [29,removeChild:removeChild last r=ActivityRecord{80d5047 u0 com.android.calendar/.AllInOneActivity t-1 f}} in t=Task{7b87f86 #29 type=standard A=10065:android.task.calendar U=0 visible=false mode=fullscreen translucent=true sz=0}]
01-05 06:34:55.483 I/wm_task_removed( 1516): [29,removeChild]
01-05 06:34:55.486 I/am_proc_bound( 1516): [0,8236,com.android.musicfx]
01-05 06:34:55.492 I/am_uid_stopped( 1516): 10067
01-05 06:34:55.493 I/am_uid_running( 1516): 10067
01-05 06:34:55.494 I/am_uid_stopped( 1516): 10069
01-05 06:34:55.494 I/am_uid_running( 1516): 10069
01-05 06:34:55.495 I/am_uid_running( 1516): 10065
01-05 06:34:55.510 I/am_proc_died( 1516): [0,7958,com.android.deskclock,905,19]
01-05 06:34:55.516 I/wm_task_removed( 1516): [35,removeChild:removeChild last r=ActivityRecord{ecad807 u0 com.android.deskclock/.DeskClock t-1 f}} in t=Task{a8c0c47 #35 type=standard A=10067:com.android.deskclock U=0 visible=false mode=fullscreen translucent=true sz=0}]
01-05 06:34:55.516 I/wm_task_removed( 1516): [35,removeChild]
01-05 06:34:55.522 I/am_proc_died( 1516): [0,7697,com.android.gallery3d,0,10]
01-05 06:34:55.524 I/wm_task_removed( 1516): [33,removeChild:removeChild last r=ActivityRecord{635afa3 u0 com.android.gallery3d/.app.GalleryActivity t-1 f}} in t=Task{5af2f7 #33 type=standard A=10069:com.android.gallery3d U=0 visible=false mode=fullscreen translucent=true sz=0}]
01-05 06:34:55.524 I/wm_task_removed( 1516): [33,removeChild]
01-05 06:34:55.527 I/am_proc_start( 1516): [0,8254,10067,com.android.deskclock,NULL,]
01-05 06:34:55.535 I/am_proc_start( 1516): [0,8261,10069,com.android.gallery3d,NULL,]
01-05 06:34:55.543 I/am_proc_start( 1516): [0,8266,10065,com.android.calendar,NULL,]
01-05 06:34:55.550 I/am_proc_bound( 1516): [0,8261,com.android.gallery3d]
01-05 06:34:55.555 I/am_proc_bound( 1516): [0,8254,com.android.deskclock]
01-05 06:34:55.565 I/am_proc_bound( 1516): [0,8266,com.android.calendar]
01-05 06:34:55.705 I/commit_sys_config_file( 1516): [notification-policy,7436582]
01-05 06:34:57.907 I/commit_sys_config_file( 1516): [settings-1-0,5]
01-05 06:35:00.883 I/wm_task_created( 1516): [36,-1]
01-05 06:35:00.886 I/wm_task_moved( 1516): [36,1,6]
01-05 06:35:00.886 I/wm_task_to_front( 1516): [0,36]
01-05 06:35:00.886 I/wm_create_task( 1516): [0,36]
01-05 06:35:00.886 I/wm_create_activity( 1516): [0,162862252,36,com.android.calendar/.AllInOneActivity,NULL,NULL,NULL,268468224]
01-05 06:35:00.886 I/wm_task_moved( 1516): [36,1,6]
01-05 06:35:00.888 I/wm_restart_activity( 1516): [0,162862252,36,com.android.calendar/.AllInOneActivity]
01-05 06:35:00.888 I/wm_set_resumed_activity( 1516): [0,com.android.calendar/.AllInOneActivity,minimalResumeActivityLocked]
01-05 06:35:00.889 I/am_uid_active( 1516): 10065
01-05 06:35:00.892 I/wm_on_top_resumed_lost_called( 2835): [39192225,com.android.launcher3.uioverrides.QuickstepLauncher,topStateChangedWhenResumed]
01-05 06:35:00.895 I/am_uid_active( 1516): 10032
01-05 06:35:00.910 I/wm_on_create_called( 8266): [162862252,com.android.calendar.AllInOneActivity,performCreate]
01-05 06:35:00.919 I/wm_on_start_called( 8266): [162862252,com.android.calendar.AllInOneActivity,handleStartActivity]
01-05 06:35:00.921 I/wm_on_resume_called( 8266): [162862252,com.android.calendar.AllInOneActivity,RESUME_ACTIVITY]
01-05 06:35:00.924 I/wm_on_top_resumed_gained_called( 8266): [162862252,com.android.calendar.AllInOneActivity,topStateChangedWhenResumed]
01-05 06:35:00.939 I/input_focus( 1516): [Focus request ba495e5 com.android.calendar/com.android.calendar.AllInOneActivity,reason=UpdateInputWindows]
01-05 06:35:00.964 I/sysui_multi_action( 1516): [319,87,322,87,325,7464,757,761,758,8,759,2,806,com.android.calendar,871,com.android.calendar.AllInOneActivity,904,com.android.launcher3,905,0,1320,4,1321,1]
01-05 06:35:00.964 I/wm_activity_launch_time( 1516): [0,162862252,com.android.calendar/.AllInOneActivity,87]
01-05 06:35:00.968 I/input_focus( 1516): [Focus leaving fdc0eb0 com.android.launcher3/com.android.launcher3.uioverrides.QuickstepLauncher (server),reason=setFocusedWindow]
01-05 06:35:00.968 I/input_focus( 1516): [Focus entering ba495e5 com.android.calendar/com.android.calendar.AllInOneActivity (server),reason=setFocusedWindow]
01-05 06:35:01.068 I/commit_sys_config_file( 1516): [settings-1-0,1]
01-05 06:35:02.681 I/view_enqueue_input_event( 2835): [Motion - Cancel,com.android.launcher3/com.android.launcher3.uioverrides.QuickstepLauncher]
01-05 06:35:02.683 I/input_interaction( 1516): Interaction with: edge-swipe (server), swipe-up (server), PointerEventDispatcher0 (server),
01-05 06:35:02.870 I/commit_sys_config_file( 1516): [settings-1-0,1]
01-05 06:35:03.372 I/commit_sys_config_file( 1516): [settings-1-0,4]
01-05 06:35:03.499 I/wm_finish_activity( 1516): [0,162862252,36,com.android.calendar/.AllInOneActivity,app-request]
01-05 06:35:03.499 I/wm_task_moved( 1516): [1,1,6]
01-05 06:35:03.500 I/wm_set_resumed_activity( 1516): [0,com.android.launcher3/.uioverrides.QuickstepLauncher,positionChildAt]
01-05 06:35:03.500 I/wm_task_moved( 1516): [10,1,2147483647]
01-05 06:35:03.500 I/wm_task_to_front( 1516): [0,10]
01-05 06:35:03.500 I/wm_focused_root_task( 1516): [0,0,1,-1,finish-top adjustFocusToNextFocusableTask]
01-05 06:35:03.500 I/wm_set_resumed_activity( 1516): [0,com.android.launcher3/.uioverrides.QuickstepLauncher,finish-top]
01-05 06:35:03.500 I/wm_on_top_resumed_lost_called( 8266): [162862252,com.android.calendar.AllInOneActivity,topStateChangedWhenResumed]
01-05 06:35:03.504 I/wm_pause_activity( 1516): [0,162862252,com.android.calendar/.AllInOneActivity,userLeaving=false,finish]
01-05 06:35:03.506 I/input_focus( 1516): [Focus request fdc0eb0 com.android.launcher3/com.android.launcher3.uioverrides.QuickstepLauncher,reason=UpdateInputWindows]
01-05 06:35:03.509 I/wm_on_paused_called( 8266): [162862252,com.android.calendar.AllInOneActivity,performPause]
01-05 06:35:03.509 I/wm_destroy_activity( 1516): [0,162862252,36,com.android.calendar/.AllInOneActivity,finish-imm:completePausedLocked]
01-05 06:35:03.519 I/wm_on_stop_called( 8266): [162862252,com.android.calendar.AllInOneActivity,LIFECYCLER_STOP_ACTIVITY]
01-05 06:35:03.520 I/wm_on_destroy_called( 8266): [162862252,com.android.calendar.AllInOneActivity,performDestroy]
01-05 06:35:03.529 I/input_focus( 1516): [Focus leaving ba495e5 com.android.calendar/com.android.calendar.AllInOneActivity (server),reason=NO_WINDOW]
01-05 06:35:03.529 I/input_focus( 1516): [Focus entering fdc0eb0 com.android.launcher3/com.android.launcher3.uioverrides.QuickstepLauncher (server),reason=setFocusedWindow]
01-05 06:35:03.532 I/sysui_multi_action( 1516): [757,803,799,window_time_0,802,8]
01-05 06:35:03.550 I/wm_on_top_resumed_gained_called( 2835): [39192225,com.android.launcher3.uioverrides.QuickstepLauncher,topStateChangedWhenResumed]
01-05 06:35:03.807 I/wm_task_removed( 1516): [36,removeChild:removeChild last r=ActivityRecord{9b514ac u0 com.android.calendar/.AllInOneActivity t-1 f}} in t=Task{32eb25f #36 type=standard A=10065:android.task.calendar U=0 visible=false mode=freeform translucent=true sz=0}]
01-05 06:35:03.807 I/wm_task_removed( 1516): [36,removeChild]
01-05 06:35:04.882 I/input_interaction( 1516): Interaction with: fdc0eb0 com.android.launcher3/com.android.launcher3.uioverrides.QuickstepLauncher (server), 9702ba6 com.android.systemui.ImageWallpaper (server), edge-swipe (server), swipe-up (server), PointerEventDispatcher0 (server),
01-05 06:35:05.106 I/wm_task_created( 1516): [37,-1]
01-05 06:35:05.109 I/wm_task_moved( 1516): [37,1,6]
01-05 06:35:05.109 I/wm_task_to_front( 1516): [0,37]
01-05 06:35:05.109 I/wm_create_task( 1516): [0,37]
01-05 06:35:05.109 I/wm_create_activity( 1516): [0,69069335,37,com.android.calendar/.AllInOneActivity,NULL,NULL,NULL,268468224]
01-05 06:35:05.109 I/wm_task_moved( 1516): [37,1,6]
01-05 06:35:05.111 I/wm_restart_activity( 1516): [0,69069335,37,com.android.calendar/.AllInOneActivity]
01-05 06:35:05.111 I/wm_set_resumed_activity( 1516): [0,com.android.calendar/.AllInOneActivity,minimalResumeActivityLocked]
01-05 06:35:05.114 I/wm_on_top_resumed_lost_called( 2835): [39192225,com.android.launcher3.uioverrides.QuickstepLauncher,topStateChangedWhenResumed]
01-05 06:35:05.120 I/wm_on_create_called( 8266): [69069335,com.android.calendar.AllInOneActivity,performCreate]
01-05 06:35:05.126 I/wm_on_start_called( 8266): [69069335,com.android.calendar.AllInOneActivity,handleStartActivity]
01-05 06:35:05.127 I/wm_on_resume_called( 8266): [69069335,com.android.calendar.AllInOneActivity,RESUME_ACTIVITY]
01-05 06:35:05.129 I/wm_on_top_resumed_gained_called( 8266): [69069335,com.android.calendar.AllInOneActivity,topStateChangedWhenResumed]
01-05 06:35:05.146 I/input_focus( 1516): [Focus request 90ce99c com.android.calendar/com.android.calendar.AllInOneActivity,reason=UpdateInputWindows]
01-05 06:35:05.154 I/sysui_multi_action( 1516): [319,51,322,51,325,7468,757,761,758,8,759,2,806,com.android.calendar,871,com.android.calendar.AllInOneActivity,904,android,905,0,1320,4,1321,1]
01-05 06:35:05.154 I/wm_activity_launch_time( 1516): [0,69069335,com.android.calendar/.AllInOneActivity,51]
01-05 06:35:05.160 I/input_focus( 1516): [Focus leaving fdc0eb0 com.android.launcher3/com.android.launcher3.uioverrides.QuickstepLauncher (server),reason=setFocusedWindow]
01-05 06:35:05.160 I/input_focus( 1516): [Focus entering 90ce99c com.android.calendar/com.android.calendar.AllInOneActivity (server),reason=setFocusedWindow]
01-05 06:35:06.570 I/input_interaction( 1516): Interaction with: 90ce99c com.android.calendar/com.android.calendar.AllInOneActivity (server), edge-swipe (server), swipe-up (server), PointerEventDispatcher0 (server),
01-05 06:35:06.691 I/wm_finish_activity( 1516): [0,69069335,37,com.android.calendar/.AllInOneActivity,finish-activity]
01-05 06:35:06.692 I/wm_task_moved( 1516): [1,1,6]
01-05 06:35:06.692 I/wm_set_resumed_activity( 1516): [0,com.android.launcher3/.uioverrides.QuickstepLauncher,positionChildAt]
01-05 06:35:06.692 I/wm_task_moved( 1516): [10,1,2147483647]
01-05 06:35:06.692 I/wm_task_to_front( 1516): [0,10]
01-05 06:35:06.692 I/wm_focused_root_task( 1516): [0,0,1,-1,finish-top adjustFocusToNextFocusableTask]
01-05 06:35:06.692 I/wm_set_resumed_activity( 1516): [0,com.android.launcher3/.uioverrides.QuickstepLauncher,finish-top]
01-05 06:35:06.694 I/wm_pause_activity( 1516): [0,69069335,com.android.calendar/.AllInOneActivity,userLeaving=false,finish]
01-05 06:35:06.696 I/wm_on_top_resumed_lost_called( 8266): [69069335,com.android.calendar.AllInOneActivity,topStateChangedWhenResumed]
01-05 06:35:06.696 I/input_focus( 1516): [Focus request fdc0eb0 com.android.launcher3/com.android.launcher3.uioverrides.QuickstepLauncher,reason=UpdateInputWindows]
01-05 06:35:06.697 I/wm_on_top_resumed_gained_called( 2835): [39192225,com.android.launcher3.uioverrides.QuickstepLauncher,topStateChangedWhenResumed]
01-05 06:35:06.698 I/sysui_multi_action( 1516): [757,803,799,window_time_0,802,3]
01-05 06:35:06.698 I/wm_on_paused_called( 8266): [69069335,com.android.calendar.AllInOneActivity,performPause]
01-05 06:35:06.700 I/wm_destroy_activity( 1516): [0,69069335,37,com.android.calendar/.AllInOneActivity,finish-imm:completePausedLocked]
01-05 06:35:06.703 I/sysui_multi_action( 1516): [757,803,799,window_time_0,802,0]
01-05 06:35:06.704 I/wm_on_stop_called( 8266): [69069335,com.android.calendar.AllInOneActivity,LIFECYCLER_STOP_ACTIVITY]
01-05 06:35:06.704 I/wm_on_destroy_called( 8266): [69069335,com.android.calendar.AllInOneActivity,performDestroy]
01-05 06:35:06.713 I/input_focus( 1516): [Focus entering fdc0eb0 com.android.launcher3/com.android.launcher3.uioverrides.QuickstepLauncher (server),reason=setFocusedWindow]
01-05 06:35:06.996 I/wm_task_removed( 1516): [37,removeChild:removeChild last r=ActivityRecord{41dea17 u0 com.android.calendar/.AllInOneActivity t-1 f}} in t=Task{70fd458 #37 type=standard A=10065:android.task.calendar U=0 visible=false mode=freeform translucent=true sz=0}]
01-05 06:35:06.996 I/wm_task_removed( 1516): [37,removeChild]
01-05 06:35:07.661 I/input_interaction( 1516): Interaction with: fdc0eb0 com.android.launcher3/com.android.launcher3.uioverrides.QuickstepLauncher (server), 9702ba6 com.android.systemui.ImageWallpaper (server), edge-swipe (server), swipe-up (server), PointerEventDispatcher0 (server),
01-05 06:35:07.749 I/view_enqueue_input_event( 2835): [Motion - Cancel,com.android.launcher3/com.android.launcher3.uioverrides.QuickstepLauncher]
01-05 06:35:07.754 I/input_interaction( 1516): Interaction with: edge-swipe (server), swipe-up (server), PointerEventDispatcher0 (server),
01-05 06:35:07.938 I/commit_sys_config_file( 1516): [settings-1-0,3]
01-05 06:35:08.510 I/commit_sys_config_file( 1516): [settings-1-0,3]
01-05 06:35:12.845 I/input_interaction( 1516): Interaction with: fdc0eb0 com.android.launcher3/com.android.launcher3.uioverrides.QuickstepLauncher (server), 9702ba6 com.android.systemui.ImageWallpaper (server), edge-swipe (server), swipe-up (server), PointerEventDispatcher0 (server),
01-05 06:35:13.027 I/wm_task_moved( 1516): [1,1,6]
01-05 06:35:13.027 I/wm_set_resumed_activity( 1516): [0,com.android.launcher3/.uioverrides.QuickstepLauncher,positionChildAt]
01-05 06:35:13.031 I/wm_task_moved( 1516): [37,1,6]
01-05 06:35:13.031 I/wm_task_to_front( 1516): [0,37]
01-05 06:35:13.031 I/wm_focused_root_task( 1516): [0,0,37,1,reuseOrNewTask]
01-05 06:35:13.031 I/wm_create_activity( 1516): [0,48165433,37,com.android.calendar/.AllInOneActivity,NULL,NULL,NULL,269516800]
01-05 06:35:13.032 I/wm_pause_activity( 1516): [0,39192225,com.android.launcher3/.uioverrides.QuickstepLauncher,userLeaving=true,pauseBackTasks]
01-05 06:35:13.033 I/wm_on_top_resumed_lost_called( 2835): [39192225,com.android.launcher3.uioverrides.QuickstepLauncher,topStateChangedWhenResumed]
01-05 06:35:13.034 I/wm_on_paused_called( 2835): [39192225,com.android.launcher3.uioverrides.QuickstepLauncher,performPause]
01-05 06:35:13.035 I/wm_add_to_stopping( 1516): [0,39192225,com.android.launcher3/.uioverrides.QuickstepLauncher,makeInvisible]
01-05 06:35:13.036 I/wm_restart_activity( 1516): [0,48165433,37,com.android.calendar/.AllInOneActivity]
01-05 06:35:13.036 I/wm_set_resumed_activity( 1516): [0,com.android.calendar/.AllInOneActivity,minimalResumeActivityLocked]
01-05 06:35:13.042 I/sysui_multi_action( 1516): [757,803,799,window_time_0,802,6]
01-05 06:35:13.052 I/wm_on_create_called( 8266): [48165433,com.android.calendar.AllInOneActivity,performCreate]
01-05 06:35:13.060 I/wm_on_start_called( 8266): [48165433,com.android.calendar.AllInOneActivity,handleStartActivity]
01-05 06:35:13.061 I/wm_on_resume_called( 8266): [48165433,com.android.calendar.AllInOneActivity,RESUME_ACTIVITY]
01-05 06:35:13.063 I/input_focus( 1516): [Focus leaving fdc0eb0 com.android.launcher3/com.android.launcher3.uioverrides.QuickstepLauncher (server),reason=NO_WINDOW]
01-05 06:35:13.063 I/wm_on_top_resumed_gained_called( 8266): [48165433,com.android.calendar.AllInOneActivity,topStateChangedWhenResumed]
01-05 06:35:13.067 I/input_focus( 1516): [Focus request 606d8cf com.android.calendar/com.android.calendar.AllInOneActivity,reason=UpdateInputWindows]
01-05 06:35:13.075 I/sysui_multi_action( 1516): [319,22,321,21,322,47,325,7476,757,761,758,8,759,1,806,com.android.calendar,871,com.android.calendar.AllInOneActivity,904,android,905,0,1320,4,1321,1]
01-05 06:35:13.076 I/wm_activity_launch_time( 1516): [0,48165433,com.android.calendar/.AllInOneActivity,47]
01-05 06:35:13.080 I/input_focus( 1516): [Focus entering 606d8cf com.android.calendar/com.android.calendar.AllInOneActivity (server),reason=setFocusedWindow]
01-05 06:35:13.400 I/wm_stop_activity( 1516): [0,39192225,com.android.launcher3/.uioverrides.QuickstepLauncher]
01-05 06:35:13.449 I/wm_on_stop_called( 2835): [39192225,com.android.launcher3.uioverrides.QuickstepLauncher,STOP_ACTIVITY_ITEM]
01-05 06:35:14.291 I/input_interaction( 1516): Interaction with: 606d8cf com.android.calendar/com.android.calendar.AllInOneActivity (server), edge-swipe (server), swipe-up (server), PointerEventDispatcher0 (server),
01-05 06:35:14.305 I/wm_task_moved( 1516): [1,0,0]
01-05 06:35:14.306 I/wm_task_moved( 1516): [1,0,5]
01-05 06:35:14.322 I/wm_on_restart_called( 2835): [39192225,com.android.launcher3.uioverrides.QuickstepLauncher,performRestartActivity]
01-05 06:35:14.344 I/wm_on_start_called( 2835): [39192225,com.android.launcher3.uioverrides.QuickstepLauncher,handleStartActivity]
01-05 06:35:14.367 I/sysui_multi_action( 1516): [319,9,322,54,325,7478,757,761,758,9,759,5,806,com.android.launcher3,871,com.android.launcher3.uioverrides.QuickstepLauncher,905,0,1320,8,1321,5]
01-05 06:35:14.411 I/view_enqueue_input_event( 8266): [Motion - Cancel,com.android.calendar/com.android.calendar.AllInOneActivity]
01-05 06:35:14.424 I/input_interaction( 1516): Interaction with: edge-swipe (server), swipe-up (server), PointerEventDispatcher0 (server),
01-05 06:35:14.432 I/sysui_latency( 2835): [1,64]
01-05 06:35:14.443 I/input_focus( 1516): [Focus request recents_animation_input_consumer,reason=UpdateInputWindows]
01-05 06:35:14.466 I/input_focus( 1516): [Focus leaving 606d8cf com.android.calendar/com.android.calendar.AllInOneActivity (server),reason=NOT_FOCUSABLE]
01-05 06:35:14.466 I/input_focus( 1516): [Focus entering recents_animation_input_consumer (server),reason=setFocusedWindow]
01-05 06:35:14.544 I/commit_sys_config_file( 1516): [settings-1-0,4]
01-05 06:35:14.662 I/sysui_latency( 1516): [8,65]
01-05 06:35:15.128 I/wm_task_moved( 1516): [1,1,6]
01-05 06:35:15.130 I/wm_focused_root_task( 1516): [0,0,1,37,RecentsAnimation.onAnimationFinished()]
01-05 06:35:15.131 I/wm_on_top_resumed_lost_called( 8266): [48165433,com.android.calendar.AllInOneActivity,topStateChangedWhenResumed]
01-05 06:35:15.132 I/wm_pause_activity( 1516): [0,48165433,com.android.calendar/.AllInOneActivity,userLeaving=false,pauseBackTasks]
01-05 06:35:15.138 I/wm_set_resumed_activity( 1516): [0,com.android.launcher3/.uioverrides.QuickstepLauncher,resumeTopActivityInnerLocked]
01-05 06:35:15.141 I/wm_resume_activity( 1516): [0,39192225,10,com.android.launcher3/.uioverrides.QuickstepLauncher]
01-05 06:35:15.142 I/wm_on_resume_called( 2835): [39192225,com.android.launcher3.uioverrides.QuickstepLauncher,RESUME_ACTIVITY]
01-05 06:35:15.142 I/wm_add_to_stopping( 1516): [0,48165433,com.android.calendar/.AllInOneActivity,makeInvisible]
01-05 06:35:15.150 I/input_focus( 1516): [Focus request fdc0eb0 com.android.launcher3/com.android.launcher3.uioverrides.QuickstepLauncher,reason=UpdateInputWindows]
01-05 06:35:15.152 I/input_focus( 1516): [Focus leaving recents_animation_input_consumer (server),reason=NOT_VISIBLE]
01-05 06:35:15.153 I/sysui_multi_action( 1516): [757,803,799,window_time_0,802,3]
01-05 06:35:15.154 I/wm_on_paused_called( 8266): [48165433,com.android.calendar.AllInOneActivity,performPause]
01-05 06:35:15.155 I/wm_stop_activity( 1516): [0,48165433,com.android.calendar/.AllInOneActivity]
01-05 06:35:15.156 I/sysui_multi_action( 1516): [757,803,799,window_time_0,802,0]
01-05 06:35:15.169 I/input_focus( 1516): [Focus entering fdc0eb0 com.android.launcher3/com.android.launcher3.uioverrides.QuickstepLauncher (server),reason=setFocusedWindow]
01-05 06:35:15.175 I/wm_on_stop_called( 8266): [48165433,com.android.calendar.AllInOneActivity,STOP_ACTIVITY_ITEM]
01-05 06:35:15.217 I/wm_on_top_resumed_gained_called( 2835): [39192225,com.android.launcher3.uioverrides.QuickstepLauncher,topStateChangedWhenResumed]
01-05 06:35:15.384 I/commit_sys_config_file( 1516): [settings-1-0,4]
01-05 06:35:55.470 I/am_uid_idle( 1516): 10085
01-05 06:36:07.730 I/sysui_multi_action( 1516): [757,1696,758,6,759,2]
01-05 06:36:07.743 I/am_wtf ( 1516): [0,1516,system_server,-1,DisplayDeviceConfig,requesting nits when no mapping exists.]
01-05 06:36:07.746 I/am_wtf ( 1516): [0,1516,system_server,-1,DisplayDeviceConfig,requesting nits when no mapping exists.]
01-05 06:36:07.759 I/am_wtf ( 1516): [0,1516,system_server,-1,DisplayDeviceConfig,requesting nits when no mapping exists.]
01-05 06:36:07.760 I/am_wtf ( 1516): [0,1516,system_server,-1,DisplayDeviceConfig,requesting nits when no mapping exists.]
01-05 06:36:07.776 I/am_wtf ( 1516): [0,1516,system_server,-1,DisplayDeviceConfig,requesting nits when no mapping exists.]
01-05 06:36:07.778 I/am_wtf ( 1516): [0,1516,system_server,-1,DisplayDeviceConfig,requesting nits when no mapping exists.]
01-05 06:36:07.794 I/am_wtf ( 1516): [0,1516,system_server,-1,DisplayDeviceConfig,requesting nits when no mapping exists.]
01-05 06:36:07.795 I/am_wtf ( 1516): [0,1516,system_server,-1,DisplayDeviceConfig,requesting nits when no mapping exists.]
01-05 06:36:07.811 I/am_wtf ( 1516): [0,1516,system_server,-1,DisplayDeviceConfig,requesting nits when no mapping exists.]
01-05 06:36:07.812 I/am_wtf ( 1516): [0,1516,system_server,-1,DisplayDeviceConfig,requesting nits when no mapping exists.]
01-05 06:36:07.827 I/am_wtf ( 1516): [0,1516,system_server,-1,DisplayDeviceConfig,requesting nits when no mapping exists.]
01-05 06:36:07.828 I/service_manager_stats( 1516): [100,44,86285]
01-05 06:36:07.828 I/am_wtf ( 1516): [0,1516,system_server,-1,DisplayDeviceConfig,requesting nits when no mapping exists.]
01-05 06:36:07.844 I/am_wtf ( 1516): [0,1516,system_server,-1,DisplayDeviceConfig,requesting nits when no mapping exists.]
01-05 06:36:07.845 I/am_wtf ( 1516): [0,1516,system_server,-1,DisplayDeviceConfig,requesting nits when no mapping exists.]
01-05 06:36:07.861 I/am_wtf ( 1516): [0,1516,system_server,-1,DisplayDeviceConfig,requesting nits when no mapping exists.]
01-05 06:36:07.862 I/am_wtf ( 1516): [0,1516,system_server,-1,DisplayDeviceConfig,requesting nits when no mapping exists.]
01-05 06:36:07.878 I/am_wtf ( 1516): [0,1516,system_server,-1,DisplayDeviceConfig,requesting nits when no mapping exists.]
01-05 06:36:07.879 I/am_wtf ( 1516): [0,1516,system_server,-1,DisplayDeviceConfig,requesting nits when no mapping exists.]
01-05 06:36:07.894 I/am_wtf ( 1516): [0,1516,system_server,-1,DisplayDeviceConfig,requesting nits when no mapping exists.]
