01-05 07:39:17.936 I/mpu_uart( 647): [MSG-P:R]:recv sync frame timeout
01-05 07:39:17.977 I/mpu_uart( 647): [MSG-P:RECV]:No message received in 1000 ms
01-05 07:39:18.287 W/hpplay-java( 3304): [main]:IPManager:getActiveNets invalid networkInfo:null
01-05 07:39:18.287 I/hpplay-java( 3304): [main]:IPManager:getActiveNets eth0:false wifi:false mobile:false ap:false
01-05 07:39:18.287 I/hpplay-java( 3304): [main]:ServerTaskManager:get local ip:null
01-05 07:39:18.977 I/mpu_uart( 647): [MSG-P:RECV]:No message received in 1000 ms
01-05 07:39:19.289 W/hpplay-java( 3304): [main]:IPManager:getActiveNets invalid networkInfo:null
01-05 07:39:19.289 I/hpplay-java( 3304): [main]:IPManager:getActiveNets eth0:false wifi:false mobile:false ap:false
01-05 07:39:19.289 I/hpplay-java( 3304): [main]:ServerTaskManager:get local ip:null
01-05 07:39:19.977 I/mpu_uart( 647): [MSG-P:RECV]:No message received in 1000 ms
01-05 07:39:20.001 D/RemoteControlService( 2728): startVlanDispatchThread
01-05 07:39:20.291 W/hpplay-java( 3304): [main]:IPManager:getActiveNets invalid networkInfo:null
01-05 07:39:20.291 I/hpplay-java( 3304): [main]:IPManager:getActiveNets eth0:false wifi:false mobile:false ap:false
01-05 07:39:20.291 I/hpplay-java( 3304): [main]:ServerTaskManager:get local ip:null
01-05 07:39:20.940 I/mpu_uart( 647): [MSG-P:R]:recv sync frame timeout
01-05 07:39:20.977 I/mpu_uart( 647): [MSG-P:RECV]:No message received in 1000 ms
01-05 07:39:21.293 W/hpplay-java( 3304): [main]:IPManager:getActiveNets invalid networkInfo:null
01-05 07:39:21.293 I/hpplay-java( 3304): [main]:IPManager:getActiveNets eth0:false wifi:false mobile:false ap:false
01-05 07:39:21.293 I/hpplay-java( 3304): [main]:ServerTaskManager:get local ip:null
01-05 07:39:21.760 I/selfinstaller( 1189): create socket failed: Network is unreachable 101
01-05 07:39:21.977 I/mpu_uart( 647): [MSG-P:RECV]:No message received in 1000 ms
01-05 07:39:22.295 W/hpplay-java( 3304): [main]:IPManager:getActiveNets invalid networkInfo:null
01-05 07:39:22.295 I/hpplay-java( 3304): [main]:IPManager:getActiveNets eth0:false wifi:false mobile:false ap:false
01-05 07:39:22.295 I/hpplay-java( 3304): [main]:ServerTaskManager:get local ip:null
01-05 07:39:22.978 I/mpu_uart( 647): [MSG-P:RECV]:No message received in 1000 ms
01-05 07:39:23.297 W/hpplay-java( 3304): [main]:IPManager:getActiveNets invalid networkInfo:null
01-05 07:39:23.297 I/hpplay-java( 3304): [main]:IPManager:getActiveNets eth0:false wifi:false mobile:false ap:false
01-05 07:39:23.297 I/hpplay-java( 3304): [main]:ServerTaskManager:get local ip:null --------- beginning of kernel
01-02 11:13:27.620 I/logd ( 0): logdr: UID=2000 GID=2000 PID=10115 b tail=0 logMask=bf pid=0 start=0ns deadline=0ns
01-05 07:39:23.943 I/mpu_uart( 647): [MSG-P:R]:recv sync frame timeout
01-05 07:39:23.978 I/mpu_uart( 647): [MSG-P:RECV]:No message received in 1000 ms
01-05 07:39:24.300 W/hpplay-java( 3304): [main]:IPManager:getActiveNets invalid networkInfo:null
01-05 07:39:24.300 I/hpplay-java( 3304): [main]:IPManager:getActiveNets eth0:false wifi:false mobile:false ap:false
01-05 07:39:24.300 I/hpplay-java( 3304): [main]:ServerTaskManager:get local ip:null
01-05 07:39:24.978 I/mpu_uart( 647): [MSG-P:RECV]:No message received in 1000 ms
01-05 07:39:25.009 D/RemoteControlService( 2728): startVlanDispatchThread
01-05 07:39:25.302 W/hpplay-java( 3304): [main]:IPManager:getActiveNets invalid networkInfo:null
01-05 07:39:25.302 I/hpplay-java( 3304): [main]:IPManager:getActiveNets eth0:false wifi:false mobile:false ap:false
01-05 07:39:25.302 I/hpplay-java( 3304): [main]:ServerTaskManager:get local ip:null
01-05 07:39:25.886 I/input_interaction( 1516): Interaction with: fdc0eb0 com.android.launcher3/com.android.launcher3.uioverrides.QuickstepLauncher (server), 9702ba6 com.android.systemui.ImageWallpaper (server), edge-swipe (server), swipe-up (server), PointerEventDispatcher0 (server),
01-05 07:39:25.923 D/EditModeHelper( 2835): setHotseatVisibility: 8 --------- beginning of system
01-05 07:39:25.927 W/FreeFormWindowHelper( 1516): getCurrentDisplayedFreeFormTask is null
01-05 07:39:25.927 D/FreeWindowContainer( 2835): reloadTask: null
01-05 07:39:25.946 I/InputDispatcher( 1516): Monitor swipe-up (server) is stealing touch from [fdc0eb0 com.android.launcher3/com.android.launcher3.uioverrides.QuickstepLauncher (server), 9702ba6 com.android.systemui.ImageWallpaper (server), ]
01-05 07:39:25.947 W/FreeFormWindowHelper( 1516): getCurrentDisplayedFreeFormTask is null
01-05 07:39:25.948 I/view_enqueue_input_event( 2835): [Motion - Cancel,com.android.launcher3/com.android.launcher3.uioverrides.QuickstepLauncher]
01-05 07:39:25.948 V/ShadeControllerImpl( 2367): NotificationShadeWindow: com.android.systemui.statusbar.phone.NotificationShadeWindowView{ca219d9 I.E...... ......ID 0,0-2380,1020} canPanelBeCollapsed(): false
01-05 07:39:25.949 W/FreeFormWindowHelper( 1516): getCurrentDisplayedFreeFormTask is null
01-05 07:39:25.951 I/input_interaction( 1516): Interaction with: edge-swipe (server), swipe-up (server), PointerEventDispatcher0 (server),
01-05 07:39:25.961 D/libEGL ( 1516): MSAA-->msaa:0 gamemode:0 4x_msaa:0
01-05 07:39:25.962 D/libEGL ( 1516): MSAA-->msaa:0 gamemode:0 4x_msaa:0
01-05 07:39:25.962 D/libEGL ( 1516): MSAA-->msaa:0 gamemode:0 4x_msaa:0
01-05 07:39:25.969 W/ActivityTaskManager( 1516): getTaskSnapshot: taskId=5058 not found
01-05 07:39:25.969 W/ActivityTaskManager( 1516): getTaskSnapshot: taskId=4058 not found
01-05 07:39:25.969 W/ActivityTaskManager( 1516): getTaskSnapshot: taskId=3058 not found
01-05 07:39:25.974 W/FreeFormWindowHelper( 1516): getCurrentDisplayedFreeFormTask is null
01-05 07:39:25.979 I/mpu_uart( 647): [MSG-P:RECV]:No message received in 1000 ms
01-05 07:39:25.990 W/FreeFormWindowHelper( 1516): getCurrentDisplayedFreeFormTask is null
01-05 07:39:26.132 I/commit_sys_config_file( 1516): [settings-1-0,5]
01-05 07:39:26.207 D/NoButtonQuickSwitchTouchController( 2835): onMotionPauseDetected:
01-05 07:39:26.211 D/vendor.qti.vibrator( 905): Vibrator perform effect 0
01-05 07:39:26.211 D/vendor.qti.vibrator( 905): Vibrator on for timeoutMs: 10
01-05 07:39:26.212 D/vendor.qti.vibrator( 905): Starting on on another thread
01-05 07:39:26.221 D/vendor.qti.vibrator( 905): QTI Vibrator off
01-05 07:39:26.222 D/vendor.qti.vibrator( 905): Notifying on complete
01-05 07:39:26.241 D/vendor.qti.vibrator( 905): Vibrator on for timeoutMs: 30
01-05 07:39:26.241 D/vendor.qti.vibrator( 905): Starting on on another thread
01-05 07:39:26.271 D/vendor.qti.vibrator( 905): Notifying on complete
01-05 07:39:26.272 D/vendor.qti.vibrator( 905): QTI Vibrator off
01-05 07:39:26.295 D/NoButtonQuickSwitchTouchController( 2835): onDragEnd: noFling=true,isPaused=true,velocity=PointF(-0.049407173, -0.02845512)
01-05 07:39:26.296 D/EditModeHelper( 2835): setHotseatVisibility: 0
01-05 07:39:26.304 W/hpplay-java( 3304): [main]:IPManager:getActiveNets invalid networkInfo:null
01-05 07:39:26.304 I/hpplay-java( 3304): [main]:IPManager:getActiveNets eth0:false wifi:false mobile:false ap:false
01-05 07:39:26.304 I/hpplay-java( 3304): [main]:ServerTaskManager:get local ip:null
01-05 07:39:26.336 W/FreeFormWindowHelper( 1516): getCurrentDisplayedFreeFormTask is null
01-05 07:39:26.354 W/FreeFormWindowHelper( 1516): getCurrentDisplayedFreeFormTask is null
01-05 07:39:26.372 W/FreeFormWindowHelper( 1516): getCurrentDisplayedFreeFormTask is null
01-05 07:39:26.380 W/System ( 1516): A resource failed to call close.
01-05 07:39:26.381 W/System ( 1516): A resource failed to call release.
01-05 07:39:26.381 W/System ( 1516): A resource failed to call release.
01-05 07:39:26.382 W/System ( 1516): A resource failed to call close.
01-05 07:39:26.382 W/System ( 1516): A resource failed to call close.
01-05 07:39:26.383 W/FreeFormWindowHelper( 1516): getCurrentDisplayedFreeFormTask is null
01-05 07:39:26.406 W/FreeFormWindowHelper( 1516): getCurrentDisplayedFreeFormTask is null
01-05 07:39:26.419 W/FreeFormWindowHelper( 1516): getCurrentDisplayedFreeFormTask is null
01-05 07:39:26.434 W/FreeFormWindowHelper( 1516): getCurrentDisplayedFreeFormTask is null
01-05 07:39:26.452 W/FreeFormWindowHelper( 1516): getCurrentDisplayedFreeFormTask is null
01-05 07:39:26.468 W/FreeFormWindowHelper( 1516): getCurrentDisplayedFreeFormTask is null
01-05 07:39:26.485 W/FreeFormWindowHelper( 1516): getCurrentDisplayedFreeFormTask is null
01-05 07:39:26.502 W/FreeFormWindowHelper( 1516): getCurrentDisplayedFreeFormTask is null
01-05 07:39:26.503 I/commit_sys_config_file( 1516): [settings-1-0,3]
01-05 07:39:26.521 W/FreeFormWindowHelper( 1516): getCurrentDisplayedFreeFormTask is null
01-05 07:39:26.536 W/FreeFormWindowHelper( 1516): getCurrentDisplayedFreeFormTask is null
01-05 07:39:26.552 W/FreeFormWindowHelper( 1516): getCurrentDisplayedFreeFormTask is null
01-05 07:39:26.569 W/FreeFormWindowHelper( 1516): getCurrentDisplayedFreeFormTask is null
01-05 07:39:26.584 W/FreeFormWindowHelper( 1516): getCurrentDisplayedFreeFormTask is null
01-05 07:39:26.602 W/FreeFormWindowHelper( 1516): getCurrentDisplayedFreeFormTask is null
01-05 07:39:26.620 W/FreeFormWindowHelper( 1516): getCurrentDisplayedFreeFormTask is null
01-05 07:39:26.635 D/StateManager( 2835): goToState: Overview
01-05 07:39:26.635 D/FreeWindowHelper( 2835): enterOrExitRecentTasks: isEnterRecentTasks=true,mExitFlag=0
01-05 07:39:26.636 W/FreeFormWindowHelper( 1516): getCurrentDisplayedFreeFormTask is null
01-05 07:39:26.636 D/FreeWindowContainer( 2835): reloadTask: null
01-05 07:39:26.640 D/EditModeHelper( 2835): setHotseatVisibility: 0
01-05 07:39:26.652 W/FreeFormWindowHelper( 1516): getCurrentDisplayedFreeFormTask is null
01-05 07:39:26.946 I/mpu_uart( 647): [MSG-P:R]:recv sync frame timeout
01-05 07:39:26.979 I/mpu_uart( 647): [MSG-P:RECV]:No message received in 1000 ms
01-05 07:39:27.197 I/input_interaction( 1516): Interaction with: fdc0eb0 com.android.launcher3/com.android.launcher3.uioverrides.QuickstepLauncher (server), 9702ba6 com.android.systemui.ImageWallpaper (server), edge-swipe (server), swipe-up (server), PointerEventDispatcher0 (server),
01-05 07:39:27.306 W/hpplay-java( 3304): [main]:IPManager:getActiveNets invalid networkInfo:null
01-05 07:39:27.306 I/hpplay-java( 3304): [main]:IPManager:getActiveNets eth0:false wifi:false mobile:false ap:false
01-05 07:39:27.306 I/hpplay-java( 3304): [main]:ServerTaskManager:get local ip:null
01-05 07:39:27.308 W/FreeFormWindowHelper( 1516): getCurrentDisplayedFreeFormTask is null
01-05 07:39:27.616 W/FreeFormWindowHelper( 1516): getCurrentDisplayedFreeFormTask is null
01-05 07:39:27.713 W/ActivityTaskManager( 1516): Request to remove task ignored for non-existent task 58
01-05 07:39:27.980 I/mpu_uart( 647): [MSG-P:RECV]:No message received in 1000 ms
01-05 07:39:28.308 W/hpplay-java( 3304): [main]:IPManager:getActiveNets invalid networkInfo:null
01-05 07:39:28.308 I/hpplay-java( 3304): [main]:IPManager:getActiveNets eth0:false wifi:false mobile:false ap:false
01-05 07:39:28.308 I/hpplay-java( 3304): [main]:ServerTaskManager:get local ip:null
01-05 07:39:28.324 D/StateManager( 2835): goToState: Normal
01-05 07:39:28.327 D/EditModeHelper( 2835): setHotseatVisibility: 0
01-05 07:39:28.334 D/FreeWindowHelper( 2835): enterOrExitRecentTasks: isEnterRecentTasks=false,mExitFlag=0
01-05 07:39:28.334 W/FreeFormWindowHelper( 1516): exitRecentTasks type=0
01-05 07:39:28.980 I/mpu_uart( 647): [MSG-P:RECV]:No message received in 1000 ms
01-05 07:39:29.311 W/hpplay-java( 3304): [main]:IPManager:getActiveNets invalid networkInfo:null
01-05 07:39:29.311 I/hpplay-java( 3304): [main]:IPManager:getActiveNets eth0:false wifi:false mobile:false ap:false
01-05 07:39:29.311 I/hpplay-java( 3304): [main]:ServerTaskManager:get local ip:null
01-05 07:39:29.950 I/mpu_uart( 647): [MSG-P:R]:recv sync frame timeout
01-05 07:39:29.981 I/mpu_uart( 647): [MSG-P:RECV]:No message received in 1000 ms
01-05 07:39:30.023 D/RemoteControlService( 2728): startVlanDispatchThread
01-05 07:39:30.313 W/hpplay-java( 3304): [main]:IPManager:getActiveNets invalid networkInfo:null
01-05 07:39:30.313 I/hpplay-java( 3304): [main]:IPManager:getActiveNets eth0:false wifi:false mobile:false ap:false
01-05 07:39:30.313 I/hpplay-java( 3304): [main]:ServerTaskManager:get local ip:null
01-05 07:39:30.716 E/TaskPersister( 1516): File error accessing recents directory (directory doesn't exist?).
01-05 07:39:30.848 E/FrameEvents( 2835): updateAcquireFence: Did not find frame.
01-05 07:39:30.884 D/BaseModelUpdateTask( 2835): BaseModelUpdateTask constructor
01-05 07:39:30.884 D/BaseModelUpdateTask( 2835): java.lang.Exception
01-05 07:39:30.884 D/BaseModelUpdateTask( 2835): at com.android.launcher3.model.BaseModelUpdateTask.(BaseModelUpdateTask.java:57)
01-05 07:39:30.884 D/BaseModelUpdateTask( 2835): at com.android.launcher3.LauncherModel$6.(LauncherModel.java:605)
01-05 07:39:30.884 D/BaseModelUpdateTask( 2835): at com.android.launcher3.LauncherModel.refreshAndBindWidgetsAndShortcuts(LauncherModel.java:605)
01-05 07:39:30.884 D/BaseModelUpdateTask( 2835): at com.android.launcher3.Launcher.refreshAndBindWidgetsForPackageUser(Launcher.java:2853)
01-05 07:39:30.884 D/BaseModelUpdateTask( 2835): at com.android.launcher3.popup.PopupContainerWithArrow.showForIcon(PopupContainerWithArrow.java:227)
01-05 07:39:30.884 D/BaseModelUpdateTask( 2835): at com.android.launcher3.Workspace.beginDragShared(Workspace.java:1567)
01-05 07:39:30.884 D/BaseModelUpdateTask( 2835): at com.android.launcher3.Workspace.beginDragShared(Workspace.java:1502)
01-05 07:39:30.884 D/BaseModelUpdateTask( 2835): at com.android.launcher3.Workspace.startDrag(Workspace.java:1491)
01-05 07:39:30.884 D/BaseModelUpdateTask( 2835): at com.android.launcher3.touch.ItemLongClickListener.beginDrag(ItemLongClickListener.java:90)
01-05 07:39:30.884 D/BaseModelUpdateTask( 2835): at com.android.launcher3.touch.ItemLongClickListener.onWorkspaceItemLongClick(ItemLongClickListener.java:71)
01-05 07:39:30.884 D/BaseModelUpdateTask( 2835): at com.android.launcher3.touch.ItemLongClickListener.$r8$lambda$nz9MSaglTImbNX-jBQmvpOY7s8M(Unknown Source:0)
01-05 07:39:30.884 D/BaseModelUpdateTask( 2835): at com.android.launcher3.touch.ItemLongClickListener$$ExternalSyntheticLambda0.onLongClick(Unknown Source:0)
01-05 07:39:30.884 D/BaseModelUpdateTask( 2835): at android.view.View.performLongClickInternal(View.java:7521)
01-05 07:39:30.884 D/BaseModelUpdateTask( 2835): at android.view.View.performLongClick(View.java:7479)
01-05 07:39:30.884 D/BaseModelUpdateTask( 2835): at android.widget.TextView.performLongClick(TextView.java:12633)
01-05 07:39:30.884 D/BaseModelUpdateTask( 2835): at android.view.View.performLongClick(View.java:7497)
01-05 07:39:30.884 D/BaseModelUpdateTask( 2835): at android.view.View$CheckForLongPress.run(View.java:28639)
01-05 07:39:30.884 D/BaseModelUpdateTask( 2835): at android.os.Handler.handleCallback(Handler.java:938)
01-05 07:39:30.884 D/BaseModelUpdateTask( 2835): at android.os.Handler.dispatchMessage(Handler.java:99)
01-05 07:39:30.884 D/BaseModelUpdateTask( 2835): at android.os.Looper.loopOnce(Looper.java:201)
01-05 07:39:30.884 D/BaseModelUpdateTask( 2835): at android.os.Looper.loop(Looper.java:288)
01-05 07:39:30.884 D/BaseModelUpdateTask( 2835): at android.app.ActivityThread.main(ActivityThread.java:7880)
01-05 07:39:30.884 D/BaseModelUpdateTask( 2835): at java.lang.reflect.Method.invoke(Native Method)
01-05 07:39:30.884 D/BaseModelUpdateTask( 2835): at com.android.internal.os.RuntimeInit$MethodAndArgsCaller.run(RuntimeInit.java:548)
01-05 07:39:30.884 D/BaseModelUpdateTask( 2835): at com.android.internal.os.ZygoteInit.main(ZygoteInit.java:1009)
01-05 07:39:30.892 D/vendor.qti.vibrator( 905): Vibrator perform effect 5
01-05 07:39:30.892 D/vendor.qti.vibrator( 905): Vibrator on for timeoutMs: 1
01-05 07:39:30.893 D/vendor.qti.vibrator( 905): QTI Vibrator off
01-05 07:39:30.893 D/vendor.qti.vibrator( 905): Starting on on another thread
01-05 07:39:30.894 D/vendor.qti.vibrator( 905): Notifying on complete
01-05 07:39:30.905 I/WidgetsModel( 2835): found whitelist widget: com.android.systemui, label: 瀵硅瘽, sectionName:D
01-05 07:39:30.913 D/vendor.qti.vibrator( 905): Vibrator on for timeoutMs: 21
01-05 07:39:30.914 D/vendor.qti.vibrator( 905): Starting on on another thread
01-05 07:39:30.935 D/vendor.qti.vibrator( 905): Notifying on complete
01-05 07:39:30.936 D/vendor.qti.vibrator( 905): QTI Vibrator off
01-05 07:39:30.981 I/mpu_uart( 647): [MSG-P:RECV]:No message received in 1000 ms
01-05 07:39:31.315 W/hpplay-java( 3304): [main]:IPManager:getActiveNets invalid networkInfo:null
01-05 07:39:31.315 I/hpplay-java( 3304): [main]:IPManager:getActiveNets eth0:false wifi:false mobile:false ap:false
01-05 07:39:31.315 I/hpplay-java( 3304): [main]:ServerTaskManager:get local ip:null
01-05 07:39:31.449 D/FlingToDeleteHelper( 2835): isFlingToDelete = false
01-05 07:39:31.555 D/HotseatController( 2835): clearEmptyGrid: size=4
01-05 07:39:31.556 D/HotseatController( 2835): adjustPadding: height=800,size=4
01-05 07:39:31.981 I/mpu_uart( 647): [MSG-P:RECV]:No message received in 1000 ms
01-05 07:39:32.318 W/hpplay-java( 3304): [main]:IPManager:getActiveNets invalid networkInfo:null
01-05 07:39:32.318 I/hpplay-java( 3304): [main]:IPManager:getActiveNets eth0:false wifi:false mobile:false ap:false
01-05 07:39:32.318 I/hpplay-java( 3304): [main]:ServerTaskManager:get local ip:null
01-05 07:39:32.953 I/mpu_uart( 647): [MSG-P:R]:recv sync frame timeout
01-05 07:39:32.982 I/mpu_uart( 647): [MSG-P:RECV]:No message received in 1000 ms
01-05 07:39:33.320 W/hpplay-java( 3304): [main]:IPManager:getActiveNets invalid networkInfo:null
01-05 07:39:33.320 I/hpplay-java( 3304): [main]:IPManager:getActiveNets eth0:false wifi:false mobile:false ap:false
01-05 07:39:33.321 I/hpplay-java( 3304): [main]:ServerTaskManager:get local ip:null
01-05 07:39:33.514 D/EditModeHelper( 2835): setHotseatVisibility: 8
01-05 07:39:33.518 I/hpe-folder( 2835): mFolder.mInfo.editModefalse
01-05 07:39:33.518 I/hpe-folder( 2835): mFolder.mInfo.editModefalse
01-05 07:39:33.518 I/hpe-folder( 2835): mFolder.mInfo.editModefalse
01-05 07:39:33.721 I/commit_sys_config_file( 1516): [settings-1-0,4]
01-05 07:39:33.982 I/mpu_uart( 647): [MSG-P:RECV]:No message received in 1000 ms
01-05 07:39:34.323 W/hpplay-java( 3304): [main]:IPManager:getActiveNets invalid networkInfo:null
01-05 07:39:34.323 I/hpplay-java( 3304): [main]:IPManager:getActiveNets eth0:false wifi:false mobile:false ap:false
01-05 07:39:34.323 I/hpplay-java( 3304): [main]:ServerTaskManager:get local ip:null
01-05 07:39:34.942 E/FrameEvents( 2835): updateAcquireFence: Did not find frame.
01-05 07:39:34.966 D/BaseModelUpdateTask( 2835): BaseModelUpdateTask constructor
01-05 07:39:34.966 D/BaseModelUpdateTask( 2835): java.lang.Exception
01-05 07:39:34.966 D/BaseModelUpdateTask( 2835): at com.android.launcher3.model.BaseModelUpdateTask.(BaseModelUpdateTask.java:57)
01-05 07:39:34.966 D/BaseModelUpdateTask( 2835): at com.android.launcher3.LauncherModel$6.(LauncherModel.java:605)
01-05 07:39:34.966 D/BaseModelUpdateTask( 2835): at com.android.launcher3.LauncherModel.refreshAndBindWidgetsAndShortcuts(LauncherModel.java:605)
01-05 07:39:34.966 D/BaseModelUpdateTask( 2835): at com.android.launcher3.Launcher.refreshAndBindWidgetsForPackageUser(Launcher.java:2853)
01-05 07:39:34.966 D/BaseModelUpdateTask( 2835): at com.android.launcher3.popup.PopupContainerWithArrow.showForIcon(PopupContainerWithArrow.java:227)
01-05 07:39:34.966 D/BaseModelUpdateTask( 2835): at com.android.launcher3.Workspace.beginDragShared(Workspace.java:1567)
01-05 07:39:34.966 D/BaseModelUpdateTask( 2835): at com.android.launcher3.Workspace.beginDragShared(Workspace.java:1502)
01-05 07:39:34.966 D/BaseModelUpdateTask( 2835): at com.android.launcher3.folder.LauncherDelegate.beginDragShared(LauncherDelegate.java:72)
01-05 07:39:34.966 D/BaseModelUpdateTask( 2835): at com.android.launcher3.folder.Folder.startDrag(Folder.java:361)
01-05 07:39:34.966 D/BaseModelUpdateTask( 2835): at com.android.launcher3.folder.Folder.onLongClick(Folder.java:336)
01-05 07:39:34.966 D/BaseModelUpdateTask( 2835): at android.view.View.performLongClickInternal(View.java:7521)
01-05 07:39:34.966 D/BaseModelUpdateTask( 2835): at android.view.View.performLongClick(View.java:7479)
01-05 07:39:34.966 D/BaseModelUpdateTask( 2835): at android.widget.TextView.performLongClick(TextView.java:12633)
01-05 07:39:34.966 D/BaseModelUpdateTask( 2835): at android.view.View.performLongClick(View.java:7497)
01-05 07:39:34.966 D/BaseModelUpdateTask( 2835): at android.view.View$CheckForLongPress.run(View.java:28639)
01-05 07:39:34.966 D/BaseModelUpdateTask( 2835): at android.os.Handler.handleCallback(Handler.java:938)
01-05 07:39:34.966 D/BaseModelUpdateTask( 2835): at android.os.Handler.dispatchMessage(Handler.java:99)
01-05 07:39:34.966 D/BaseModelUpdateTask( 2835): at android.os.Looper.loopOnce(Looper.java:201)
01-05 07:39:34.966 D/BaseModelUpdateTask( 2835): at android.os.Looper.loop(Looper.java:288)
01-05 07:39:34.966 D/BaseModelUpdateTask( 2835): at android.app.ActivityThread.main(ActivityThread.java:7880)
01-05 07:39:34.966 D/BaseModelUpdateTask( 2835): at java.lang.reflect.Method.invoke(Native Method)
01-05 07:39:34.966 D/BaseModelUpdateTask( 2835): at com.android.internal.os.RuntimeInit$MethodAndArgsCaller.run(RuntimeInit.java:548)
01-05 07:39:34.966 D/BaseModelUpdateTask( 2835): at com.android.internal.os.ZygoteInit.main(ZygoteInit.java:1009)
01-05 07:39:34.969 D/libEGL ( 2835): MSAA-->msaa:0 gamemode:0 4x_msaa:0
01-05 07:39:34.969 D/libEGL ( 2835): MSAA-->msaa:0 gamemode:0 4x_msaa:0
01-05 07:39:34.970 D/libEGL ( 2835): MSAA-->msaa:0 gamemode:0 4x_msaa:0
01-05 07:39:34.970 D/vendor.qti.vibrator( 905): Vibrator perform effect 5
01-05 07:39:34.970 D/vendor.qti.vibrator( 905): Vibrator on for timeoutMs: 1
01-05 07:39:34.971 D/vendor.qti.vibrator( 905): Starting on on another thread
01-05 07:39:34.971 D/vendor.qti.vibrator( 905): QTI Vibrator off
01-05 07:39:34.974 D/vendor.qti.vibrator( 905): Notifying on complete
01-05 07:39:34.983 I/mpu_uart( 647): [MSG-P:RECV]:No message received in 1000 ms
01-05 07:39:34.991 D/vendor.qti.vibrator( 905): Vibrator on for timeoutMs: 21
01-05 07:39:34.992 D/vendor.qti.vibrator( 905): Starting on on another thread
01-05 07:39:34.995 I/WidgetsModel( 2835): found whitelist widget: com.android.systemui, label: 瀵硅瘽, sectionName:D
01-05 07:39:35.013 D/vendor.qti.vibrator( 905): Notifying on complete
01-05 07:39:35.014 D/vendor.qti.vibrator( 905): QTI Vibrator off
01-05 07:39:35.035 D/RemoteControlService( 2728): startVlanDispatchThread
01-05 07:39:35.287 D/FlingToDeleteHelper( 2835): isFlingToDelete = false
01-05 07:39:35.325 W/hpplay-java( 3304): [main]:IPManager:getActiveNets invalid networkInfo:null
01-05 07:39:35.325 I/hpplay-java( 3304): [main]:IPManager:getActiveNets eth0:false wifi:false mobile:false ap:false
01-05 07:39:35.325 I/hpplay-java( 3304): [main]:ServerTaskManager:get local ip:null
01-05 07:39:35.398 D/HotseatController( 2835): clearEmptyGrid: size=4
01-05 07:39:35.398 D/HotseatController( 2835): adjustPadding: height=800,size=4
01-05 07:39:35.956 I/mpu_uart( 647): [MSG-P:R]:recv sync frame timeout
01-05 07:39:35.983 I/mpu_uart( 647): [MSG-P:RECV]:No message received in 1000 ms
01-05 07:39:36.241 D/EditModeHelper( 2835): setHotseatVisibility: 0
01-05 07:39:36.249 I/thunderperf( 1516): Maybe need boostperf for current app!
01-05 07:39:36.249 D/FgBoostPerfService( 7614): [FgBoostPerfService.perfBoostAcq]start: stat=true pkgName=com.android.deskclock
01-05 07:39:36.249 I/FgBoostPerfService( 7614): [FgBoostPerfService.perfBoostAcq] not game-mode or game app!
01-05 07:39:36.249 I/ThunderPerfManager( 1516): PerfAcq error : state=true pkgName=com.android.deskclock
01-05 07:39:36.249 V/GameMode_GameTypeUtils( 7614): judge isGame:com.android.deskclock
01-05 07:39:36.249 I/FgBoostPerfService( 7614): [GetGpuMode] isMode=false isGame=false mGpuMode=0
01-05 07:39:36.250 V/GameMode_GameTypeUtils( 7614): judge isGame:com.android.deskclock
01-05 07:39:36.250 I/FgBoostPerfService( 7614): [GetGpuDpiType] isMode=false isGame=false mGpuDpiType=0
01-05 07:39:36.250 I/thunderperf( 1516): Current app pkgName=com.android.deskclock bm:com.thundercomm.perf.BoostPerfManager@a5da686 gpuMode=-1 gpuType=-1
01-05 07:39:36.250 I/ThunderBoostPerfService( 1516): Resolution: Uid=10075 Pid=2835 gMode=-1 dType=-1
01-05 07:39:36.251 I/thunderperf( 1516): PlatormCompat.setOverrides: Uid1=10075 Pid1=2835 Uid2=10075 Pid2=2835
01-05 07:39:36.251 I/thunderperf( 1516): PlatormCompat.setOverrides: needCheck:false
01-05 07:39:36.251 E/BoostPerfManager( 1516): UpdateResolution SecurityException : e=java.lang.SecurityException: Cannot override a change on a non-debuggable app and user build.
01-05 07:39:36.252 I/ActivityTaskManager( 1516): START u0 {flg=0x10008000 cmp=com.android.deskclock/.DeskClock} from uid 10075
01-05 07:39:36.252 I/EventSequenceValidator( 1516): Transition from ACTIVITY_FINISHED to INTENT_STARTED
01-05 07:39:36.259 E/ANDR-PERF-JNI( 1516): com_qualcomm_qtiperformance_native_perf_io_prefetch_start
01-05 07:39:36.260 I/wm_task_created( 1516): [62,-1]
01-05 07:39:36.260 W/ActivityTaskManager( 1516): Can't find TaskDisplayArea to determine support for multi window. Task id=62 attached=false
01-05 07:39:36.260 D/FreeFormWindowHelper( 1516): Add freeform task=Task{66aa727 #62 type=standard ?? U=0 visible=false mode=freeform translucent=true sz=0}
01-05 07:39:36.261 E/ANDR-IOP( 857): io prefetch is disabled
01-05 07:39:36.261 D/CompatibilityChangeReporter( 1516): Compat change id reported: 174042980; UID 10067; state: DISABLED
01-05 07:39:36.262 D/CompatibilityChangeReporter( 1516): Compat change id reported: 184838306; UID 10067; state: DISABLED
01-05 07:39:36.262 I/service_manager_stats( 1516): [100,28,146599]
01-05 07:39:36.262 D/CompatibilityChangeReporter( 1516): Compat change id reported: 185004937; UID 10067; state: DISABLED
01-05 07:39:36.262 D/CompatibilityChangeReporter( 1516): Compat change id reported: 181136395; UID 10067; state: DISABLED
01-05 07:39:36.263 D/CompatibilityChangeReporter( 1516): Compat change id reported: 174042936; UID 10067; state: DISABLED
01-05 07:39:36.263 I/wm_task_moved( 1516): [62,1,6]
01-05 07:39:36.263 I/wm_task_to_front( 1516): [0,62]
01-05 07:39:36.263 I/wm_create_task( 1516): [0,62]
01-05 07:39:36.263 I/wm_create_activity( 1516): [0,159464916,62,com.android.deskclock/.DeskClock,NULL,NULL,NULL,268468224]
01-05 07:39:36.263 I/wm_task_moved( 1516): [62,1,6]
01-05 07:39:36.263 D/CompatibilityInfo( 1516): mCompatibilityFlags - 4
01-05 07:39:36.264 D/CompatibilityInfo( 1516): applicationDensity - 240
01-05 07:39:36.264 D/CompatibilityInfo( 1516): applicationScale - 1.0
01-05 07:39:36.264 I/ActivityTaskManager( 1516): FOREGROUND_APPLICATION_CHANGED to com.android.deskclock.DeskClock
01-05 07:39:36.264 I/ActivityTaskManager( 1516): The Process com.android.deskclock Already Exists in BG. So sending its PID: 10028
01-05 07:39:36.265 I/wm_restart_activity( 1516): [0,159464916,62,com.android.deskclock/.DeskClock]
01-05 07:39:36.265 D/CompatibilityInfo( 1516): mCompatibilityFlags - 4
01-05 07:39:36.265 D/CompatibilityInfo( 1516): applicationDensity - 240
01-05 07:39:36.265 D/CompatibilityInfo( 1516): applicationScale - 1.0
01-05 07:39:36.265 I/wm_set_resumed_activity( 1516): [0,com.android.deskclock/.DeskClock,minimalResumeActivityLocked]
01-05 07:39:36.266 I/am_uid_active( 1516): 10067
01-05 07:39:36.267 D/StateManager( 2835): goToState: Normal
01-05 07:39:36.268 I/GameMode_ActivityMonitoringService( 7614): onForegroundActivitiesChanged uid 10067 pid 10028 fg true
01-05 07:39:36.269 I/wm_on_top_resumed_lost_called( 2835): [39192225,com.android.launcher3.uioverrides.QuickstepLauncher,topStateChangedWhenResumed]
01-05 07:39:36.277 I/EventSequenceValidator( 1516): Transition from INTENT_STARTED to ACTIVITY_LAUNCHED
01-05 07:39:36.277 I/GameMode_ActivityMonitoringService( 7614): Updating top task to: TaskInfoContainer [topActivity=ComponentInfo{com.android.deskclock/com.android.deskclock.DeskClock}, taskId=62, stackId=62, userId=0, displayId=0, position=6
01-05 07:39:36.278 I/GameMode_ActivityMonitoringService( 7614): Notifying about top task: TaskInfoContainer [topActivity=ComponentInfo{com.android.deskclock/com.android.deskclock.DeskClock}, taskId=62, stackId=62, userId=0, displayId=0, position=6
01-05 07:39:36.278 I/GameMode_ActivityMonitoringService( 7614): WindowMode: 5
01-05 07:39:36.293 D/CompatibilityChangeReporter(10028): Compat change id reported: 171228096; UID 10067; state: ENABLED
01-05 07:39:36.312 I/wm_on_create_called(10028): [159464916,com.android.deskclock.DeskClock,performCreate]
01-05 07:39:36.314 I/wm_on_start_called(10028): [159464916,com.android.deskclock.DeskClock,handleStartActivity]
01-05 07:39:36.315 I/wm_on_resume_called(10028): [159464916,com.android.deskclock.DeskClock,RESUME_ACTIVITY]
01-05 07:39:36.319 I/wm_on_top_resumed_gained_called(10028): [159464916,com.android.deskclock.DeskClock,topStateChangedWhenResumed]
01-05 07:39:36.326 W/hpplay-java( 3304): [main]:IPManager:getActiveNets invalid networkInfo:null
01-05 07:39:36.326 I/hpplay-java( 3304): [main]:IPManager:getActiveNets eth0:false wifi:false mobile:false ap:false
01-05 07:39:36.326 I/hpplay-java( 3304): [main]:ServerTaskManager:get local ip:null
01-05 07:39:36.388 D/CompatibilityChangeReporter( 1516): Compat change id reported: 149924527; UID 10067; state: ENABLED
01-05 07:39:36.388 D/CompatibilityChangeReporter( 1516): Compat change id reported: 132649864; UID 10067; state: DISABLED
01-05 07:39:36.389 D/CompatibilityChangeReporter( 1516): Compat change id reported: 182734110; UID 10067; state: DISABLED
01-05 07:39:36.393 W/WindowManager( 1516): updateScale0.7996942
01-05 07:39:36.394 I/input_focus( 1516): [Focus request a923d35 com.android.deskclock/com.android.deskclock.DeskClock,reason=UpdateInputWindows]
01-05 07:39:36.396 I/AdrenoGLES-0(10028): QUALCOMM build : 47421dbee6, I139f36ad46
01-05 07:39:36.396 I/AdrenoGLES-0(10028): Build Date : 02/18/22
01-05 07:39:36.396 I/AdrenoGLES-0(10028): OpenGL ES Shader Compiler Version: EV031.32.02.17
01-05 07:39:36.396 I/AdrenoGLES-0(10028): Local Branch :
01-05 07:39:36.396 I/AdrenoGLES-0(10028): Remote Branch :
01-05 07:39:36.396 I/AdrenoGLES-0(10028): Remote Branch :
01-05 07:39:36.396 I/AdrenoGLES-0(10028): Reconstruct Branch :
01-05 07:39:36.396 I/AdrenoGLES-0(10028): Build Config : S P 10.0.7 AArch64
01-05 07:39:36.396 I/AdrenoGLES-0(10028): Driver Path : /vendor/lib64/egl/libGLESv2_adreno.so
01-05 07:39:36.396 I/hwservicemanager( 500): getTransport: Cannot find entry android.hardware.graphics.mapper@4.0::IMapper/default in either framework or device VINTF manifest.
01-05 07:39:36.398 I/AdrenoGLES-0(10028): PFP: 0x016dd093, ME: 0x00000000
01-05 07:39:36.404 D/libEGL (10028): MSAA-->msaa:0 gamemode:0 4x_msaa:0
01-05 07:39:36.404 D/libEGL (10028): MSAA-->msaa:0 gamemode:0 4x_msaa:0
01-05 07:39:36.404 D/libEGL (10028): MSAA-->msaa:0 gamemode:0 4x_msaa:0
01-05 07:39:36.407 I/SDM ( 853): HWCDisplay::GetColorModeCount: Supported color mode count = 1
01-05 07:39:36.407 I/SDM ( 853): HWCDisplay::GetColorModes: Color mode = 0 is supported
01-05 07:39:36.407 E/HWComposer( 987): getSupportedContentTypes: getSupportedContentTypes failed for display 4630946370410392961: Unsupported (8)
01-05 07:39:36.408 D/hw-ProcessState(10028): Binder ioctl to enable oneway spam detection failed: Invalid argument
01-05 07:39:36.408 D/CompatibilityChangeReporter(10028): Compat change id reported: 170233598; UID 10067; state: DISABLED
01-05 07:39:36.408 I/hwservicemanager( 500): getTransport: Cannot find entry android.hardware.graphics.mapper@4.0::IMapper/default in either framework or device VINTF manifest.
01-05 07:39:36.408 I/Gralloc4(10028): mapper 4.x is not supported
01-05 07:39:36.409 I/hwservicemanager( 500): getTransport: Cannot find entry android.hardware.graphics.allocator@4.0::IAllocator/default in either framework or device VINTF manifest.
01-05 07:39:36.409 W/Gralloc4(10028): allocator 4.x is not supported
01-02 11:13:40.131 I/binder ( 0): 10028:10140 ioctl 40046210 6ede71f1f4 returned -22
01-05 07:39:36.416 I/input_focus( 1516): [Focus leaving fdc0eb0 com.android.launcher3/com.android.launcher3.uioverrides.QuickstepLauncher (server),reason=Waiting for window because NOT_VISIBLE]
01-05 07:39:36.427 W/WindowManager( 1516): updateScale0.7996942
01-05 07:39:36.428 W/FuseDaemon( 3455): Reducing the number of considered missed Gc histogram windows from 146 to 100
01-05 07:39:36.430 W/WindowManager( 1516): updateScale0.7996942
01-05 07:39:36.432 W/WindowManager( 1516): updateScale0.7996942
01-05 07:39:36.432 I/sysui_multi_action( 1516): [319,178,322,178,325,11340,757,761,758,8,759,2,806,com.android.deskclock,871,com.android.deskclock.DeskClock,904,com.android.launcher3,905,0,1320,4,1321,1]
01-05 07:39:36.432 I/wm_activity_launch_time( 1516): [0,159464916,com.android.deskclock/.DeskClock,178]
01-05 07:39:36.433 I/ActivityTaskManager( 1516): Displayed com.android.deskclock/.DeskClock: +178ms
01-05 07:39:36.433 I/EventSequenceValidator( 1516): Transition from ACTIVITY_LAUNCHED to ACTIVITY_FINISHED
01-05 07:39:36.443 I/commit_sys_config_file( 1516): [settings-1-0,1]
01-05 07:39:36.449 I/input_focus( 1516): [Focus entering a923d35 com.android.deskclock/com.android.deskclock.DeskClock (server),reason=Window became focusable. Previous reason: NOT_VISIBLE]
01-05 07:39:36.699 W/WindowManager( 1516): updateScale0.7996942
01-05 07:39:36.983 I/mpu_uart( 647): [MSG-P:RECV]:No message received in 1000 ms
01-05 07:39:37.327 W/hpplay-java( 3304): [main]:IPManager:getActiveNets invalid networkInfo:null
01-05 07:39:37.327 I/hpplay-java( 3304): [main]:IPManager:getActiveNets eth0:false wifi:false mobile:false ap:false
01-05 07:39:37.327 I/hpplay-java( 3304): [main]:ServerTaskManager:get local ip:null
01-05 07:39:37.983 I/mpu_uart( 647): [MSG-P:RECV]:No message received in 1000 ms
01-05 07:39:38.330 W/hpplay-java( 3304): [main]:IPManager:getActiveNets invalid networkInfo:null
01-05 07:39:38.330 I/hpplay-java( 3304): [main]:IPManager:getActiveNets eth0:false wifi:false mobile:false ap:false
01-05 07:39:38.330 I/hpplay-java( 3304): [main]:ServerTaskManager:get local ip:null
01-05 07:39:38.960 I/mpu_uart( 647): [MSG-P:R]:recv sync frame timeout
01-05 07:39:38.984 I/mpu_uart( 647): [MSG-P:RECV]:No message received in 1000 ms
01-05 07:39:39.273 E/TaskPersister( 1516): File error accessing recents directory (directory doesn't exist?).
01-05 07:39:39.332 W/hpplay-java( 3304): [main]:IPManager:getActiveNets invalid networkInfo:null
01-05 07:39:39.332 I/hpplay-java( 3304): [main]:IPManager:getActiveNets eth0:false wifi:false mobile:false ap:false
01-05 07:39:39.332 I/hpplay-java( 3304): [main]:ServerTaskManager:get local ip:null
01-05 07:39:39.985 I/mpu_uart( 647): [MSG-P:RECV]:No message received in 1000 ms
01-05 07:39:40.043 D/RemoteControlService( 2728): startVlanDispatchThread
01-05 07:39:40.334 W/hpplay-java( 3304): [main]:IPManager:getActiveNets invalid networkInfo:null
01-05 07:39:40.334 I/hpplay-java( 3304): [main]:IPManager:getActiveNets eth0:false wifi:false mobile:false ap:false
01-05 07:39:40.334 I/hpplay-java( 3304): [main]:ServerTaskManager:get local ip:null
01-05 07:39:40.986 I/mpu_uart( 647): [MSG-P:RECV]:No message received in 1000 ms
01-05 07:39:41.335 W/hpplay-java( 3304): [main]:IPManager:getActiveNets invalid networkInfo:null
01-05 07:39:41.335 I/hpplay-java( 3304): [main]:IPManager:getActiveNets eth0:false wifi:false mobile:false ap:false
01-05 07:39:41.336 I/hpplay-java( 3304): [main]:ServerTaskManager:get local ip:null
01-05 07:39:41.722 I/input_interaction( 1516): Interaction with: a923d35 com.android.deskclock/com.android.deskclock.DeskClock (server), edge-swipe (server), swipe-up (server), PointerEventDispatcher0 (server),
01-05 07:39:41.870 I/wm_finish_activity( 1516): [0,159464916,62,com.android.deskclock/.DeskClock,finish-activity]
01-05 07:39:41.871 I/wm_task_moved( 1516): [1,1,6]
01-05 07:39:41.873 I/wm_set_resumed_activity( 1516): [0,com.android.launcher3/.uioverrides.QuickstepLauncher,positionChildAt]
01-05 07:39:41.873 I/wm_task_moved( 1516): [10,1,2147483647]
01-05 07:39:41.873 I/wm_task_to_front( 1516): [0,10]
01-05 07:39:41.874 I/wm_focused_root_task( 1516): [0,0,1,-1,finish-top adjustFocusToNextFocusableTask]
01-05 07:39:41.874 I/wm_set_resumed_activity( 1516): [0,com.android.launcher3/.uioverrides.QuickstepLauncher,finish-top]
01-05 07:39:41.880 D/ActivityTrigger( 1516): ActivityTrigger activityPauseTrigger
01-05 07:39:41.881 I/wm_pause_activity( 1516): [0,159464916,com.android.deskclock/.DeskClock,userLeaving=false,finish]
01-05 07:39:41.886 I/wm_on_top_resumed_lost_called(10028): [159464916,com.android.deskclock.DeskClock,topStateChangedWhenResumed]
01-05 07:39:41.888 I/input_focus( 1516): [Focus request fdc0eb0 com.android.launcher3/com.android.launcher3.uioverrides.QuickstepLauncher,reason=UpdateInputWindows]
01-05 07:39:41.890 I/wm_on_top_resumed_gained_called( 2835): [39192225,com.android.launcher3.uioverrides.QuickstepLauncher,topStateChangedWhenResumed]
01-05 07:39:41.891 E/TaskPersister( 1516): File error accessing recents directory (directory doesn't exist?).
01-05 07:39:41.892 I/wm_on_paused_called(10028): [159464916,com.android.deskclock.DeskClock,performPause]
01-05 07:39:41.893 I/ActivityTaskManager( 1516): FOREGROUND_APPLICATION_CHANGED to com.android.launcher3.uioverrides.QuickstepLauncher
01-05 07:39:41.894 I/wm_destroy_activity( 1516): [0,159464916,62,com.android.deskclock/.DeskClock,finish-imm:completePausedLocked]
01-05 07:39:41.896 I/input_focus( 1516): [Focus leaving a923d35 com.android.deskclock/com.android.deskclock.DeskClock (server),reason=NO_WINDOW]
01-05 07:39:41.896 I/input_focus( 1516): [Focus entering fdc0eb0 com.android.launcher3/com.android.launcher3.uioverrides.QuickstepLauncher (server),reason=setFocusedWindow]
01-05 07:39:41.912 I/wm_on_stop_called(10028): [159464916,com.android.deskclock.DeskClock,LIFECYCLER_STOP_ACTIVITY]
01-05 07:39:41.912 I/sysui_multi_action( 1516): [757,803,799,window_time_0,802,51]
01-05 07:39:41.915 I/sysui_multi_action( 1516): [757,803,799,window_time_0,802,0]
01-05 07:39:41.917 I/GameMode_ActivityMonitoringService( 7614): onForegroundActivitiesChanged uid 10067 pid 10028 fg false
01-05 07:39:41.923 I/GameMode_ActivityMonitoringService( 7614): Updating top task to: TaskInfoContainer [topActivity=ComponentInfo{com.android.launcher3/com.android.launcher3.uioverrides.QuickstepLauncher}, taskId=10, stackId=1, userId=0, displayId=0, position=6
01-05 07:39:41.923 I/GameMode_ActivityMonitoringService( 7614): Notifying about top task: TaskInfoContainer [topActivity=ComponentInfo{com.android.launcher3/com.android.launcher3.uioverrides.QuickstepLauncher}, taskId=10, stackId=1, userId=0, displayId=0, position=6
01-05 07:39:41.923 I/GameMode_ActivityMonitoringService( 7614): WindowMode: 1
01-05 07:39:41.923 E/GameMode_ActivityMonitoringService( 7614): onActivityLaunch:com.android.launcher3
01-05 07:39:41.923 V/GameMode_GameTypeUtils( 7614): judge isGame:com.android.launcher3
01-05 07:39:41.924 V/GameMode_GpuUtils( 7614): fps:60
01-05 07:39:41.926 D/GameMode_GameModeActionUtils( 7614): Show GameMode entry by service!
01-05 07:39:41.927 W/ContextImpl( 7614): Calling a method in the system process without a qualified user: android.app.ContextImpl.startService:1816 android.content.ContextWrapper.startService:774 com.thundercomm.gamemode.ingame.services.GameModeActionUtils.startGameModeService:99 com.thundercomm.gamemode.ingame.services.GameModeActionUtils.startGameModeEntry:22 com.thundercomm.gamemode.ingame.services.ActivityMonitoringService$1.onActivityLaunch:129
01-05 07:39:41.932 D/GameModeIF_GameModeSettings( 7614): getUriFor setting_content_uri_root = content://com.thundercomm.gamemode.api/gamemode_settings , name = gamemode_isgaming
01-05 07:39:41.932 D/GameMode_GameModeService( 7614): type=hide_entry
01-05 07:39:41.936 D/GameMode_GameSettingsObserver( 7614): Game Data change!!!! uri = content://com.thundercomm.gamemode.api/gamemode_settings/gamemode_isgaming
01-05 07:39:41.936 D/GameModeIF_GameModeSettings( 7614): getUriFor setting_content_uri_root = content://com.thundercomm.gamemode.api/gamemode_settings , name = gamemode_isgaming
01-05 07:39:41.936 I/GameModeConfig( 1516): Current uri is uri = content://com.thundercomm.gamemode.api/gamemode_settings/gamemode_isgaming
01-05 07:39:41.936 D/GameModeIF_GameModeSettings( 1516): getUriFor setting_content_uri_root = content://com.thundercomm.gamemode.api/gamemode_settings , name = gamemode_isgaming
01-05 07:39:41.939 I/GameModeConfig( 1516): isGameModeOn = false
01-05 07:39:41.939 I/GameModeConfig( 1516): isGameModeOn = false
01-05 07:39:41.939 I/GameModeConfig( 1516): isDisableVoice = true
01-05 07:39:41.940 D/GameMode_GameModeService( 7614): updateGlobalSettings = gamemode_isgaming
01-05 07:39:41.941 D/GameModeIF_GameModeSettings( 7614): gamemode_isgaming set to 0
01-05 07:39:41.943 I/wm_on_destroy_called(10028): [159464916,com.android.deskclock.DeskClock,performDestroy]
01-05 07:39:41.946 W/InputManager-JNI( 1516): Input channel object 'a923d35 com.android.deskclock/com.android.deskclock.DeskClock (client)' was disposed without first being removed with the input manager!
01-05 07:39:41.963 I/mpu_uart( 647): [MSG-P:R]:recv sync frame timeout
01-05 07:39:41.987 I/mpu_uart( 647): [MSG-P:RECV]:No message received in 1000 ms
01-05 07:39:41.997 I/GameMode_ActivityMonitoringService( 7614): onTaskStackChanged
01-05 07:39:42.004 I/GameMode_ActivityMonitoringService( 7614): Updating top task to: TaskInfoContainer [topActivity=ComponentInfo{com.android.launcher3/com.android.launcher3.uioverrides.QuickstepLauncher}, taskId=10, stackId=1, userId=0, displayId=0, position=6
01-05 07:39:42.004 I/GameMode_ActivityMonitoringService( 7614): Notifying about top task: TaskInfoContainer [topActivity=ComponentInfo{com.android.launcher3/com.android.launcher3.uioverrides.QuickstepLauncher}, taskId=10, stackId=1, userId=0, displayId=0, position=6
01-05 07:39:42.004 I/GameMode_ActivityMonitoringService( 7614): WindowMode: 1
01-05 07:39:42.004 E/GameMode_ActivityMonitoringService( 7614): onActivityLaunch:com.android.launcher3
01-05 07:39:42.004 V/GameMode_GameTypeUtils( 7614): judge isGame:com.android.launcher3
01-05 07:39:42.004 V/GameMode_GpuUtils( 7614): fps:60
01-05 07:39:42.006 D/libEGL ( 1516): MSAA-->msaa:0 gamemode:0 4x_msaa:0
01-05 07:39:42.007 D/GameMode_GameModeActionUtils( 7614): Show GameMode entry by service!
01-05 07:39:42.007 W/ContextImpl( 7614): Calling a method in the system process without a qualified user: android.app.ContextImpl.startService:1816 android.content.ContextWrapper.startService:774 com.thundercomm.gamemode.ingame.services.GameModeActionUtils.startGameModeService:99 com.thundercomm.gamemode.ingame.services.GameModeActionUtils.startGameModeEntry:22 com.thundercomm.gamemode.ingame.services.ActivityMonitoringService$1.onActivityLaunch:129
01-05 07:39:42.008 D/libEGL ( 1516): MSAA-->msaa:0 gamemode:0 4x_msaa:0
01-05 07:39:42.009 D/libEGL ( 1516): MSAA-->msaa:0 gamemode:0 4x_msaa:0
01-05 07:39:42.009 D/GameModeIF_GameModeSettings( 7614): getUriFor setting_content_uri_root = content://com.thundercomm.gamemode.api/gamemode_settings , name = gamemode_isgaming
01-05 07:39:42.009 D/GameMode_GameModeService( 7614): type=hide_entry
01-05 07:39:42.012 D/GameMode_GameSettingsObserver( 7614): Game Data change!!!! uri = content://com.thundercomm.gamemode.api/gamemode_settings/gamemode_isgaming
01-05 07:39:42.012 D/GameModeIF_GameModeSettings( 7614): gamemode_isgaming set to 0
01-05 07:39:42.012 D/GameModeIF_GameModeSettings( 7614): getUriFor setting_content_uri_root = content://com.thundercomm.gamemode.api/gamemode_settings , name = gamemode_isgaming
01-05 07:39:42.013 I/GameModeConfig( 1516): Current uri is uri = content://com.thundercomm.gamemode.api/gamemode_settings/gamemode_isgaming
01-05 07:39:42.013 D/GameModeIF_GameModeSettings( 1516): getUriFor setting_content_uri_root = content://com.thundercomm.gamemode.api/gamemode_settings , name = gamemode_isgaming
01-05 07:39:42.014 D/GameMode_GameModeService( 7614): updateGlobalSettings = gamemode_isgaming
01-05 07:39:42.014 I/GameModeConfig( 1516): isGameModeOn = false
01-05 07:39:42.015 I/GameModeConfig( 1516): isGameModeOn = false
01-05 07:39:42.015 I/GameModeConfig( 1516): isDisableVoice = true
01-05 07:39:42.196 I/wm_task_removed( 1516): [62,removeChild:removeChild last r=ActivityRecord{9813dd4 u0 com.android.deskclock/.DeskClock t-1 f}} in t=Task{66aa727 #62 type=standard A=10067:com.android.deskclock U=0 visible=false mode=freeform translucent=true sz=0}]
01-05 07:39:42.196 I/wm_task_removed( 1516): [62,removeChild]
01-05 07:39:42.197 D/FreeFormWindowHelper( 1516): Remove freefrom task=Task{66aa727 #62 type=standard A=10067:com.android.deskclock U=0 visible=false mode=freeform translucent=true sz=0}
01-05 07:39:42.338 W/hpplay-java( 3304): [main]:IPManager:getActiveNets invalid networkInfo:null
01-05 07:39:42.338 I/hpplay-java( 3304): [main]:IPManager:getActiveNets eth0:false wifi:false mobile:false ap:false
01-05 07:39:42.338 I/hpplay-java( 3304): [main]:ServerTaskManager:get local ip:null
01-05 07:39:42.988 I/mpu_uart( 647): [MSG-P:RECV]:No message received in 1000 ms
01-05 07:39:43.340 W/hpplay-java( 3304): [main]:IPManager:getActiveNets invalid networkInfo:null
01-05 07:39:43.340 I/hpplay-java( 3304): [main]:IPManager:getActiveNets eth0:false wifi:false mobile:false ap:false
01-05 07:39:43.340 I/hpplay-java( 3304): [main]:ServerTaskManager:get local ip:null
01-05 07:39:43.989 I/mpu_uart( 647): [MSG-P:RECV]:No message received in 1000 ms
01-05 07:39:44.137 I/input_interaction( 1516): Interaction with: fdc0eb0 com.android.launcher3/com.android.launcher3.uioverrides.QuickstepLauncher (server), 9702ba6 com.android.systemui.ImageWallpaper (server), edge-swipe (server), swipe-up (server), PointerEventDispatcher0 (server),
01-05 07:39:44.180 D/EditModeHelper( 2835): setHotseatVisibility: 8
01-05 07:39:44.184 W/FreeFormWindowHelper( 1516): getCurrentDisplayedFreeFormTask is null
01-05 07:39:44.184 D/FreeWindowContainer( 2835): reloadTask: null
01-05 07:39:44.206 I/InputDispatcher( 1516): Monitor swipe-up (server) is stealing touch from [fdc0eb0 com.android.launcher3/com.android.launcher3.uioverrides.QuickstepLauncher (server), 9702ba6 com.android.systemui.ImageWallpaper (server), ]
01-05 07:39:44.207 W/FreeFormWindowHelper( 1516): getCurrentDisplayedFreeFormTask is null
01-05 07:39:44.209 I/view_enqueue_input_event( 2835): [Motion - Cancel,com.android.launcher3/com.android.launcher3.uioverrides.QuickstepLauncher]
01-05 07:39:44.210 V/ShadeControllerImpl( 2367): NotificationShadeWindow: com.android.systemui.statusbar.phone.NotificationShadeWindowView{ca219d9 I.E...... ......ID 0,0-2380,1020} canPanelBeCollapsed(): false
01-05 07:39:44.214 W/FreeFormWindowHelper( 1516): getCurrentDisplayedFreeFormTask is null
01-05 07:39:44.217 W/FreeFormWindowHelper( 1516): getCurrentDisplayedFreeFormTask is null
01-05 07:39:44.218 I/input_interaction( 1516): Interaction with: edge-swipe (server), swipe-up (server), PointerEventDispatcher0 (server),
01-05 07:39:44.229 D/BaseIconFactory( 2835): normalizeAndWrapToAdaptiveIcon: scale=0.8095241
01-05 07:39:44.230 W/ActivityTaskManager( 1516): getTaskSnapshot: taskId=5062 not found
01-05 07:39:44.231 D/BaseIconFactory( 2835): normalizeAndWrapToAdaptiveIcon: scale=0.8095241
01-05 07:39:44.231 W/ActivityTaskManager( 1516): getTaskSnapshot: taskId=4062 not found
01-05 07:39:44.232 D/BaseIconFactory( 2835): normalizeAndWrapToAdaptiveIcon: scale=0.8095241
01-05 07:39:44.233 W/ActivityTaskManager( 1516): getTaskSnapshot: taskId=3062 not found
01-05 07:39:44.233 W/Choreographer( 2835): Frame time is 0.063932 ms in the future! Check that graphics HAL is generating vsync timestamps using the correct timebase.
01-05 07:39:44.233 D/BaseIconFactory( 2835): normalizeAndWrapToAdaptiveIcon: scale=0.8095241
01-05 07:39:44.233 W/FreeFormWindowHelper( 1516): getCurrentDisplayedFreeFormTask is null
01-05 07:39:44.234 W/ActivityTaskManager( 1516): getTaskSnapshot: taskId=2062 not found
01-05 07:39:44.234 D/BaseIconFactory( 2835): normalizeAndWrapToAdaptiveIcon: scale=0.8095241
01-05 07:39:44.235 W/ActivityTaskManager( 1516): getTaskSnapshot: taskId=1062 not found
01-05 07:39:44.235 D/BaseIconFactory( 2835): normalizeAndWrapToAdaptiveIcon: scale=0.8095241
01-05 07:39:44.251 W/FreeFormWindowHelper( 1516): getCurrentDisplayedFreeFormTask is null
01-05 07:39:44.342 W/hpplay-java( 3304): [main]:IPManager:getActiveNets invalid networkInfo:null
01-05 07:39:44.342 I/hpplay-java( 3304): [main]:IPManager:getActiveNets eth0:false wifi:false mobile:false ap:false
01-05 07:39:44.342 I/hpplay-java( 3304): [main]:ServerTaskManager:get local ip:null
01-05 07:39:44.388 I/commit_sys_config_file( 1516): [settings-1-0,6]
01-05 07:39:44.551 D/NoButtonQuickSwitchTouchController( 2835): onMotionPauseDetected:
01-05 07:39:44.554 D/vendor.qti.vibrator( 905): Vibrator perform effect 0
01-05 07:39:44.554 D/vendor.qti.vibrator( 905): Vibrator on for timeoutMs: 10
01-05 07:39:44.555 D/vendor.qti.vibrator( 905): Starting on on another thread
01-05 07:39:44.564 D/vendor.qti.vibrator( 905): QTI Vibrator off
01-05 07:39:44.565 D/vendor.qti.vibrator( 905): Notifying on complete
01-05 07:39:44.584 D/vendor.qti.vibrator( 905): Vibrator on for timeoutMs: 30
01-05 07:39:44.584 D/vendor.qti.vibrator( 905): Starting on on another thread
01-05 07:39:44.602 D/NoButtonQuickSwitchTouchController( 2835): onDragEnd: noFling=true,isPaused=true,velocity=PointF(0.009320479, -0.1171215)
01-05 07:39:44.603 D/EditModeHelper( 2835): setHotseatVisibility: 0
01-05 07:39:44.615 D/vendor.qti.vibrator( 905): Notifying on complete
01-05 07:39:44.615 D/vendor.qti.vibrator( 905): QTI Vibrator off
