01-05 07:18:50.058 I/am_wtf ( 1516): [0,1516,system_server,-1,DisplayDeviceConfig,requesting nits when no mapping exists.]
01-05 07:18:50.059 I/am_wtf ( 1516): [0,1516,system_server,-1,DisplayDeviceConfig,requesting nits when no mapping exists.]
01-05 07:18:50.075 I/am_wtf ( 1516): [0,1516,system_server,-1,DisplayDeviceConfig,requesting nits when no mapping exists.]
01-05 07:18:50.076 I/am_wtf ( 1516): [0,1516,system_server,-1,DisplayDeviceConfig,requesting nits when no mapping exists.]
01-05 07:18:50.092 I/am_wtf ( 1516): [0,1516,system_server,-1,DisplayDeviceConfig,requesting nits when no mapping exists.]
01-05 07:18:50.092 I/am_wtf ( 1516): [0,1516,system_server,-1,DisplayDeviceConfig,requesting nits when no mapping exists.]
01-05 07:18:50.108 I/am_wtf ( 1516): [0,1516,system_server,-1,DisplayDeviceConfig,requesting nits when no mapping exists.]
01-05 07:18:50.110 I/am_wtf ( 1516): [0,1516,system_server,-1,DisplayDeviceConfig,requesting nits when no mapping exists.]
01-05 07:18:50.125 I/am_wtf ( 1516): [0,1516,system_server,-1,DisplayDeviceConfig,requesting nits when no mapping exists.]
01-05 07:18:50.126 I/am_wtf ( 1516): [0,1516,system_server,-1,DisplayDeviceConfig,requesting nits when no mapping exists.]
01-05 07:18:50.142 I/am_wtf ( 1516): [0,1516,system_server,-1,DisplayDeviceConfig,requesting nits when no mapping exists.]
01-05 07:18:50.143 I/am_wtf ( 1516): [0,1516,system_server,-1,DisplayDeviceConfig,requesting nits when no mapping exists.]
01-05 07:18:50.159 I/am_wtf ( 1516): [0,1516,system_server,-1,DisplayDeviceConfig,requesting nits when no mapping exists.]
01-05 07:18:50.160 I/am_wtf ( 1516): [0,1516,system_server,-1,DisplayDeviceConfig,requesting nits when no mapping exists.]
01-05 07:18:50.175 I/am_wtf ( 1516): [0,1516,system_server,-1,DisplayDeviceConfig,requesting nits when no mapping exists.]
01-05 07:18:50.176 I/am_wtf ( 1516): [0,1516,system_server,-1,DisplayDeviceConfig,requesting nits when no mapping exists.]
01-05 07:18:50.192 I/am_wtf ( 1516): [0,1516,system_server,-1,DisplayDeviceConfig,requesting nits when no mapping exists.]
01-05 07:18:50.193 I/am_wtf ( 1516): [0,1516,system_server,-1,DisplayDeviceConfig,requesting nits when no mapping exists.]
01-05 07:18:50.208 I/am_wtf ( 1516): [0,1516,system_server,-1,DisplayDeviceConfig,requesting nits when no mapping exists.]
01-05 07:18:50.209 I/am_wtf ( 1516): [0,1516,system_server,-1,DisplayDeviceConfig,requesting nits when no mapping exists.]
01-05 07:18:50.225 I/am_wtf ( 1516): [0,1516,system_server,-1,DisplayDeviceConfig,requesting nits when no mapping exists.]
01-05 07:18:50.226 I/am_wtf ( 1516): [0,1516,system_server,-1,DisplayDeviceConfig,requesting nits when no mapping exists.]
01-05 07:18:50.242 I/am_wtf ( 1516): [0,1516,system_server,-1,DisplayDeviceConfig,requesting nits when no mapping exists.]
01-05 07:18:50.242 I/am_wtf ( 1516): [0,1516,system_server,-1,DisplayDeviceConfig,requesting nits when no mapping exists.]
01-05 07:18:50.258 I/am_wtf ( 1516): [0,1516,system_server,-1,DisplayDeviceConfig,requesting nits when no mapping exists.]
01-05 07:18:50.259 I/am_wtf ( 1516): [0,1516,system_server,-1,DisplayDeviceConfig,requesting nits when no mapping exists.]
01-05 07:18:50.275 I/am_wtf ( 1516): [0,1516,system_server,-1,DisplayDeviceConfig,requesting nits when no mapping exists.]
01-05 07:18:50.276 I/am_wtf ( 1516): [0,1516,system_server,-1,DisplayDeviceConfig,requesting nits when no mapping exists.]
01-05 07:18:50.292 I/am_wtf ( 1516): [0,1516,system_server,-1,DisplayDeviceConfig,requesting nits when no mapping exists.]
01-05 07:18:50.293 I/am_wtf ( 1516): [0,1516,system_server,-1,DisplayDeviceConfig,requesting nits when no mapping exists.]
01-05 07:18:50.309 I/am_wtf ( 1516): [0,1516,system_server,-1,DisplayDeviceConfig,requesting nits when no mapping exists.]
01-05 07:18:50.310 I/am_wtf ( 1516): [0,1516,system_server,-1,DisplayDeviceConfig,requesting nits when no mapping exists.]
01-05 07:18:50.325 I/am_wtf ( 1516): [0,1516,system_server,-1,DisplayDeviceConfig,requesting nits when no mapping exists.]
01-05 07:18:50.326 I/am_wtf ( 1516): [0,1516,system_server,-1,DisplayDeviceConfig,requesting nits when no mapping exists.]
01-05 07:18:50.342 I/am_wtf ( 1516): [0,1516,system_server,-1,DisplayDeviceConfig,requesting nits when no mapping exists.]
01-05 07:18:50.343 I/am_wtf ( 1516): [0,1516,system_server,-1,DisplayDeviceConfig,requesting nits when no mapping exists.]
01-05 07:18:50.358 I/am_wtf ( 1516): [0,1516,system_server,-1,DisplayDeviceConfig,requesting nits when no mapping exists.]
01-05 07:18:50.359 I/am_wtf ( 1516): [0,1516,system_server,-1,DisplayDeviceConfig,requesting nits when no mapping exists.]
01-05 07:18:50.375 I/am_wtf ( 1516): [0,1516,system_server,-1,DisplayDeviceConfig,requesting nits when no mapping exists.]
01-05 07:18:50.376 I/am_wtf ( 1516): [0,1516,system_server,-1,DisplayDeviceConfig,requesting nits when no mapping exists.]
01-05 07:18:50.392 I/am_wtf ( 1516): [0,1516,system_server,-1,DisplayDeviceConfig,requesting nits when no mapping exists.]
01-05 07:18:50.393 I/am_wtf ( 1516): [0,1516,system_server,-1,DisplayDeviceConfig,requesting nits when no mapping exists.]
01-05 07:18:50.408 I/am_wtf ( 1516): [0,1516,system_server,-1,DisplayDeviceConfig,requesting nits when no mapping exists.]
01-05 07:18:50.409 I/am_wtf ( 1516): [0,1516,system_server,-1,DisplayDeviceConfig,requesting nits when no mapping exists.]
01-05 07:18:50.426 I/am_wtf ( 1516): [0,1516,system_server,-1,DisplayDeviceConfig,requesting nits when no mapping exists.]
01-05 07:18:50.426 I/am_wtf ( 1516): [0,1516,system_server,-1,DisplayDeviceConfig,requesting nits when no mapping exists.]
01-05 07:18:50.442 I/am_wtf ( 1516): [0,1516,system_server,-1,DisplayDeviceConfig,requesting nits when no mapping exists.]
01-05 07:18:50.443 I/am_wtf ( 1516): [0,1516,system_server,-1,DisplayDeviceConfig,requesting nits when no mapping exists.]
01-05 07:18:50.459 I/am_wtf ( 1516): [0,1516,system_server,-1,DisplayDeviceConfig,requesting nits when no mapping exists.]
01-05 07:18:50.460 I/am_wtf ( 1516): [0,1516,system_server,-1,DisplayDeviceConfig,requesting nits when no mapping exists.]
01-05 07:18:50.476 I/am_wtf ( 1516): [0,1516,system_server,-1,DisplayDeviceConfig,requesting nits when no mapping exists.]
01-05 07:18:50.478 I/am_wtf ( 1516): [0,1516,system_server,-1,DisplayDeviceConfig,requesting nits when no mapping exists.]
01-05 07:18:50.492 I/am_wtf ( 1516): [0,1516,system_server,-1,DisplayDeviceConfig,requesting nits when no mapping exists.]
01-05 07:18:50.493 I/am_wtf ( 1516): [0,1516,system_server,-1,DisplayDeviceConfig,requesting nits when no mapping exists.]
01-05 07:18:50.509 I/am_wtf ( 1516): [0,1516,system_server,-1,DisplayDeviceConfig,requesting nits when no mapping exists.]
01-05 07:18:50.510 I/am_wtf ( 1516): [0,1516,system_server,-1,DisplayDeviceConfig,requesting nits when no mapping exists.]
01-05 07:18:50.525 I/am_wtf ( 1516): [0,1516,system_server,-1,DisplayDeviceConfig,requesting nits when no mapping exists.]
01-05 07:18:50.526 I/am_wtf ( 1516): [0,1516,system_server,-1,DisplayDeviceConfig,requesting nits when no mapping exists.]
01-05 07:18:50.543 I/am_wtf ( 1516): [0,1516,system_server,-1,DisplayDeviceConfig,requesting nits when no mapping exists.]
01-05 07:18:50.544 I/am_wtf ( 1516): [0,1516,system_server,-1,DisplayDeviceConfig,requesting nits when no mapping exists.]
01-05 07:18:50.559 I/am_wtf ( 1516): [0,1516,system_server,-1,DisplayDeviceConfig,requesting nits when no mapping exists.]
01-05 07:18:50.560 I/am_wtf ( 1516): [0,1516,system_server,-1,DisplayDeviceConfig,requesting nits when no mapping exists.]
01-05 07:18:50.576 I/am_wtf ( 1516): [0,1516,system_server,-1,DisplayDeviceConfig,requesting nits when no mapping exists.]
01-05 07:18:50.577 I/am_wtf ( 1516): [0,1516,system_server,-1,DisplayDeviceConfig,requesting nits when no mapping exists.]
01-05 07:18:50.592 I/am_wtf ( 1516): [0,1516,system_server,-1,DisplayDeviceConfig,requesting nits when no mapping exists.]
01-05 07:18:50.593 I/am_wtf ( 1516): [0,1516,system_server,-1,DisplayDeviceConfig,requesting nits when no mapping exists.]
01-05 07:18:50.610 I/am_wtf ( 1516): [0,1516,system_server,-1,DisplayDeviceConfig,requesting nits when no mapping exists.]
01-05 07:18:50.610 I/am_wtf ( 1516): [0,1516,system_server,-1,DisplayDeviceConfig,requesting nits when no mapping exists.]
01-05 07:18:50.626 I/am_wtf ( 1516): [0,1516,system_server,-1,DisplayDeviceConfig,requesting nits when no mapping exists.]
01-05 07:18:50.627 I/am_wtf ( 1516): [0,1516,system_server,-1,DisplayDeviceConfig,requesting nits when no mapping exists.]
01-05 07:18:50.643 I/am_wtf ( 1516): [0,1516,system_server,-1,DisplayDeviceConfig,requesting nits when no mapping exists.]
01-05 07:18:50.644 I/am_wtf ( 1516): [0,1516,system_server,-1,DisplayDeviceConfig,requesting nits when no mapping exists.]
01-05 07:18:50.660 I/am_wtf ( 1516): [0,1516,system_server,-1,DisplayDeviceConfig,requesting nits when no mapping exists.]
01-05 07:18:50.661 I/am_wtf ( 1516): [0,1516,system_server,-1,DisplayDeviceConfig,requesting nits when no mapping exists.]
01-05 07:18:50.676 I/am_wtf ( 1516): [0,1516,system_server,-1,DisplayDeviceConfig,requesting nits when no mapping exists.]
01-05 07:18:50.677 I/am_wtf ( 1516): [0,1516,system_server,-1,DisplayDeviceConfig,requesting nits when no mapping exists.]
01-05 07:18:50.693 I/am_wtf ( 1516): [0,1516,system_server,-1,DisplayDeviceConfig,requesting nits when no mapping exists.]
01-05 07:18:50.694 I/am_wtf ( 1516): [0,1516,system_server,-1,DisplayDeviceConfig,requesting nits when no mapping exists.]
01-05 07:18:50.710 I/am_wtf ( 1516): [0,1516,system_server,-1,DisplayDeviceConfig,requesting nits when no mapping exists.]
01-05 07:18:50.711 I/am_wtf ( 1516): [0,1516,system_server,-1,DisplayDeviceConfig,requesting nits when no mapping exists.]
01-05 07:18:52.907 I/am_uid_idle( 1516): 10066
01-05 07:18:57.078 I/sysui_multi_action( 1516): [757,222,758,1]
01-05 07:18:57.080 I/am_uid_active( 1516): 10052
01-05 07:18:57.090 I/service_manager_stats( 1516): [100,52,7180]
01-05 07:18:57.091 I/wm_task_created( 1516): [47,-1]
01-05 07:18:57.095 I/wm_task_moved( 1516): [47,1,7]
01-05 07:18:57.095 I/wm_task_to_front( 1516): [0,47]
01-05 07:18:57.095 I/wm_create_task( 1516): [0,47]
01-05 07:18:57.095 I/wm_create_activity( 1516): [0,221547487,47,com.thundercomm.screensaver/android.service.dreams.DreamActivity,NULL,NULL,NULL,276824064]
01-05 07:18:57.095 I/wm_task_moved( 1516): [47,1,7]
01-05 07:18:57.096 I/wm_pause_activity( 1516): [0,246671370,com.android.music/.MusicBrowserActivity,userLeaving=true,pauseBackTasks]
01-05 07:18:57.103 I/wm_on_top_resumed_lost_called( 8708): [246671370,com.android.music.MusicBrowserActivity,topStateChangedWhenResumed]
01-05 07:18:57.103 I/wm_on_paused_called( 8708): [246671370,com.android.music.MusicBrowserActivity,performPause]
01-05 07:18:57.104 I/wm_add_to_stopping( 1516): [0,246671370,com.android.music/.MusicBrowserActivity,makeInvisible]
01-05 07:18:57.105 I/wm_restart_activity( 1516): [0,221547487,47,com.thundercomm.screensaver/android.service.dreams.DreamActivity]
01-05 07:18:57.105 I/wm_set_resumed_activity( 1516): [0,com.thundercomm.screensaver/android.service.dreams.DreamActivity,minimalResumeActivityLocked]
01-05 07:18:57.107 I/sysui_multi_action( 1516): [757,803,799,window_time_0,802,87]
01-05 07:18:57.108 I/wm_on_create_called( 5252): [221547487,android.service.dreams.DreamActivity,performCreate]
01-05 07:18:57.109 I/wm_on_start_called( 5252): [221547487,android.service.dreams.DreamActivity,handleStartActivity]
01-05 07:18:57.109 I/wm_on_resume_called( 5252): [221547487,android.service.dreams.DreamActivity,RESUME_ACTIVITY]
01-05 07:18:57.111 I/wm_on_top_resumed_gained_called( 5252): [221547487,android.service.dreams.DreamActivity,topStateChangedWhenResumed]
01-05 07:18:57.117 I/am_uid_active( 1516): 10066
01-05 07:18:57.122 I/input_focus( 1516): [Focus request 18006fb com.thundercomm.screensaver/android.service.dreams.DreamActivity,reason=UpdateInputWindows]
01-05 07:18:57.130 I/input_focus( 1516): [Focus leaving 88e45e0 com.android.music/com.android.music.MusicBrowserActivity (server),reason=NO_WINDOW]
01-05 07:18:57.138 I/sysui_multi_action( 1516): [319,48,322,42,325,10100,757,761,758,8,759,2,806,com.thundercomm.screensaver,871,android.service.dreams.DreamActivity,904,com.thundercomm.screensaver,905,0,1320,4,1321,2]
01-05 07:18:57.138 I/wm_activity_launch_time( 1516): [0,221547487,com.thundercomm.screensaver/android.service.dreams.DreamActivity,42]
01-05 07:18:57.139 I/sysui_multi_action( 1516): [757,1696,758,6,759,3]
01-05 07:18:57.145 I/am_wtf ( 1516): [0,1516,system_server,-1,DisplayDeviceConfig,requesting nits when no mapping exists.]
01-05 07:18:57.146 I/am_wtf ( 1516): [0,1516,system_server,-1,DisplayDeviceConfig,requesting nits when no mapping exists.]
01-05 07:18:57.146 I/input_focus( 1516): [Focus entering 18006fb com.thundercomm.screensaver/android.service.dreams.DreamActivity (server),reason=setFocusedWindow]
01-05 07:18:57.153 I/am_wtf ( 1516): [0,1516,system_server,-1,DisplayDeviceConfig,requesting nits when no mapping exists.]
01-05 07:18:57.154 I/am_wtf ( 1516): [0,1516,system_server,-1,DisplayDeviceConfig,requesting nits when no mapping exists.]
01-05 07:18:57.169 I/am_wtf ( 1516): [0,1516,system_server,-1,DisplayDeviceConfig,requesting nits when no mapping exists.]
01-05 07:18:57.170 I/am_wtf ( 1516): [0,1516,system_server,-1,DisplayDeviceConfig,requesting nits when no mapping exists.]
01-05 07:18:57.186 I/am_wtf ( 1516): [0,1516,system_server,-1,DisplayDeviceConfig,requesting nits when no mapping exists.]
01-05 07:18:57.186 I/am_wtf ( 1516): [0,1516,system_server,-1,DisplayDeviceConfig,requesting nits when no mapping exists.]
01-05 07:18:57.202 I/am_wtf ( 1516): [0,1516,system_server,-1,DisplayDeviceConfig,requesting nits when no mapping exists.]
01-05 07:18:57.202 I/am_wtf ( 1516): [0,1516,system_server,-1,DisplayDeviceConfig,requesting nits when no mapping exists.]
01-05 07:18:57.219 I/am_wtf ( 1516): [0,1516,system_server,-1,DisplayDeviceConfig,requesting nits when no mapping exists.]
01-05 07:18:57.219 I/am_wtf ( 1516): [0,1516,system_server,-1,DisplayDeviceConfig,requesting nits when no mapping exists.]
01-05 07:18:57.236 I/am_wtf ( 1516): [0,1516,system_server,-1,DisplayDeviceConfig,requesting nits when no mapping exists.]
01-05 07:18:57.236 I/am_wtf ( 1516): [0,1516,system_server,-1,DisplayDeviceConfig,requesting nits when no mapping exists.]
01-05 07:18:57.253 I/am_wtf ( 1516): [0,1516,system_server,-1,DisplayDeviceConfig,requesting nits when no mapping exists.]
01-05 07:18:57.253 I/am_wtf ( 1516): [0,1516,system_server,-1,DisplayDeviceConfig,requesting nits when no mapping exists.]
01-05 07:18:57.270 I/am_wtf ( 1516): [0,1516,system_server,-1,DisplayDeviceConfig,requesting nits when no mapping exists.]
01-05 07:18:57.270 I/am_wtf ( 1516): [0,1516,system_server,-1,DisplayDeviceConfig,requesting nits when no mapping exists.]
01-05 07:18:57.287 I/am_wtf ( 1516): [0,1516,system_server,-1,DisplayDeviceConfig,requesting nits when no mapping exists.]
01-05 07:18:57.287 I/am_wtf ( 1516): [0,1516,system_server,-1,DisplayDeviceConfig,requesting nits when no mapping exists.]
01-05 07:18:57.303 I/am_wtf ( 1516): [0,1516,system_server,-1,DisplayDeviceConfig,requesting nits when no mapping exists.]
01-05 07:18:57.303 I/am_wtf ( 1516): [0,1516,system_server,-1,DisplayDeviceConfig,requesting nits when no mapping exists.]
01-05 07:18:57.320 I/am_wtf ( 1516): [0,1516,system_server,-1,DisplayDeviceConfig,requesting nits when no mapping exists.]
01-05 07:18:57.320 I/am_wtf ( 1516): [0,1516,system_server,-1,DisplayDeviceConfig,requesting nits when no mapping exists.]
01-05 07:18:57.336 I/am_wtf ( 1516): [0,1516,system_server,-1,DisplayDeviceConfig,requesting nits when no mapping exists.]
01-05 07:18:57.337 I/am_wtf ( 1516): [0,1516,system_server,-1,DisplayDeviceConfig,requesting nits when no mapping exists.]
01-05 07:18:57.353 I/am_wtf ( 1516): [0,1516,system_server,-1,DisplayDeviceConfig,requesting nits when no mapping exists.]
01-05 07:18:57.353 I/am_wtf ( 1516): [0,1516,system_server,-1,DisplayDeviceConfig,requesting nits when no mapping exists.]
01-05 07:18:57.369 I/am_wtf ( 1516): [0,1516,system_server,-1,DisplayDeviceConfig,requesting nits when no mapping exists.]
01-05 07:18:57.370 I/am_wtf ( 1516): [0,1516,system_server,-1,DisplayDeviceConfig,requesting nits when no mapping exists.]
01-05 07:18:57.386 I/am_wtf ( 1516): [0,1516,system_server,-1,DisplayDeviceConfig,requesting nits when no mapping exists.]
01-05 07:18:57.387 I/am_wtf ( 1516): [0,1516,system_server,-1,DisplayDeviceConfig,requesting nits when no mapping exists.]
01-05 07:18:57.403 I/am_wtf ( 1516): [0,1516,system_server,-1,DisplayDeviceConfig,requesting nits when no mapping exists.]
01-05 07:18:57.403 I/am_wtf ( 1516): [0,1516,system_server,-1,DisplayDeviceConfig,requesting nits when no mapping exists.]
01-05 07:18:57.420 I/am_wtf ( 1516): [0,1516,system_server,-1,DisplayDeviceConfig,requesting nits when no mapping exists.]
01-05 07:18:57.420 I/am_wtf ( 1516): [0,1516,system_server,-1,DisplayDeviceConfig,requesting nits when no mapping exists.]
01-05 07:18:57.437 I/am_wtf ( 1516): [0,1516,system_server,-1,DisplayDeviceConfig,requesting nits when no mapping exists.]
01-05 07:18:57.437 I/am_wtf ( 1516): [0,1516,system_server,-1,DisplayDeviceConfig,requesting nits when no mapping exists.]
01-05 07:18:57.453 I/am_wtf ( 1516): [0,1516,system_server,-1,DisplayDeviceConfig,requesting nits when no mapping exists.]
01-05 07:18:57.453 I/am_wtf ( 1516): [0,1516,system_server,-1,DisplayDeviceConfig,requesting nits when no mapping exists.]
01-05 07:18:57.470 I/am_wtf ( 1516): [0,1516,system_server,-1,DisplayDeviceConfig,requesting nits when no mapping exists.]
01-05 07:18:57.471 I/am_wtf ( 1516): [0,1516,system_server,-1,DisplayDeviceConfig,requesting nits when no mapping exists.]
01-05 07:18:57.486 I/am_wtf ( 1516): [0,1516,system_server,-1,DisplayDeviceConfig,requesting nits when no mapping exists.]
01-05 07:18:57.487 I/am_wtf ( 1516): [0,1516,system_server,-1,DisplayDeviceConfig,requesting nits when no mapping exists.]
01-05 07:18:57.504 I/am_wtf ( 1516): [0,1516,system_server,-1,DisplayDeviceConfig,requesting nits when no mapping exists.]
01-05 07:18:57.504 I/am_wtf ( 1516): [0,1516,system_server,-1,DisplayDeviceConfig,requesting nits when no mapping exists.]
01-05 07:18:57.520 I/am_wtf ( 1516): [0,1516,system_server,-1,DisplayDeviceConfig,requesting nits when no mapping exists.]
01-05 07:18:57.520 I/am_wtf ( 1516): [0,1516,system_server,-1,DisplayDeviceConfig,requesting nits when no mapping exists.]
01-05 07:18:57.537 I/am_wtf ( 1516): [0,1516,system_server,-1,DisplayDeviceConfig,requesting nits when no mapping exists.]
01-05 07:18:57.537 I/am_wtf ( 1516): [0,1516,system_server,-1,DisplayDeviceConfig,requesting nits when no mapping exists.]
01-05 07:18:57.554 I/am_wtf ( 1516): [0,1516,system_server,-1,DisplayDeviceConfig,requesting nits when no mapping exists.]
01-05 07:18:57.554 I/am_wtf ( 1516): [0,1516,system_server,-1,DisplayDeviceConfig,requesting nits when no mapping exists.]
01-05 07:18:57.570 I/am_wtf ( 1516): [0,1516,system_server,-1,DisplayDeviceConfig,requesting nits when no mapping exists.]
01-05 07:18:57.570 I/am_wtf ( 1516): [0,1516,system_server,-1,DisplayDeviceConfig,requesting nits when no mapping exists.]
01-05 07:18:57.587 I/am_wtf ( 1516): [0,1516,system_server,-1,DisplayDeviceConfig,requesting nits when no mapping exists.]
01-05 07:18:57.587 I/am_wtf ( 1516): [0,1516,system_server,-1,DisplayDeviceConfig,requesting nits when no mapping exists.]
01-05 07:18:57.604 I/am_wtf ( 1516): [0,1516,system_server,-1,DisplayDeviceConfig,requesting nits when no mapping exists.]
01-05 07:18:57.604 I/am_wtf ( 1516): [0,1516,system_server,-1,DisplayDeviceConfig,requesting nits when no mapping exists.]
01-05 07:18:57.621 I/am_wtf ( 1516): [0,1516,system_server,-1,DisplayDeviceConfig,requesting nits when no mapping exists.]
01-05 07:18:57.621 I/am_wtf ( 1516): [0,1516,system_server,-1,DisplayDeviceConfig,requesting nits when no mapping exists.]
01-05 07:18:57.637 I/am_wtf ( 1516): [0,1516,system_server,-1,DisplayDeviceConfig,requesting nits when no mapping exists.]
01-05 07:18:57.638 I/am_wtf ( 1516): [0,1516,system_server,-1,DisplayDeviceConfig,requesting nits when no mapping exists.]
01-05 07:18:57.654 I/am_wtf ( 1516): [0,1516,system_server,-1,DisplayDeviceConfig,requesting nits when no mapping exists.]
01-05 07:18:57.655 I/am_wtf ( 1516): [0,1516,system_server,-1,DisplayDeviceConfig,requesting nits when no mapping exists.]
01-05 07:18:57.655 I/wm_stop_activity( 1516): [0,246671370,com.android.music/.MusicBrowserActivity]
01-05 07:18:57.671 I/am_wtf ( 1516): [0,1516,system_server,-1,DisplayDeviceConfig,requesting nits when no mapping exists.]
01-05 07:18:57.671 I/am_wtf ( 1516): [0,1516,system_server,-1,DisplayDeviceConfig,requesting nits when no mapping exists.]
01-05 07:18:57.673 I/wm_on_stop_called( 8708): [246671370,com.android.music.MusicBrowserActivity,STOP_ACTIVITY_ITEM]
01-05 07:18:57.687 I/am_wtf ( 1516): [0,1516,system_server,-1,DisplayDeviceConfig,requesting nits when no mapping exists.]
01-05 07:18:57.687 I/am_wtf ( 1516): [0,1516,system_server,-1,DisplayDeviceConfig,requesting nits when no mapping exists.]
01-05 07:18:57.704 I/am_wtf ( 1516): [0,1516,system_server,-1,DisplayDeviceConfig,requesting nits when no mapping exists.]
01-05 07:18:57.705 I/am_wtf ( 1516): [0,1516,system_server,-1,DisplayDeviceConfig,requesting nits when no mapping exists.]
01-05 07:18:57.720 I/am_wtf ( 1516): [0,1516,system_server,-1,DisplayDeviceConfig,requesting nits when no mapping exists.]
01-05 07:18:57.721 I/am_wtf ( 1516): [0,1516,system_server,-1,DisplayDeviceConfig,requesting nits when no mapping exists.]
01-05 07:18:57.737 I/am_wtf ( 1516): [0,1516,system_server,-1,DisplayDeviceConfig,requesting nits when no mapping exists.]
01-05 07:18:57.737 I/am_wtf ( 1516): [0,1516,system_server,-1,DisplayDeviceConfig,requesting nits when no mapping exists.]
01-05 07:18:57.754 I/am_wtf ( 1516): [0,1516,system_server,-1,DisplayDeviceConfig,requesting nits when no mapping exists.]
01-05 07:18:57.754 I/am_wtf ( 1516): [0,1516,system_server,-1,DisplayDeviceConfig,requesting nits when no mapping exists.]
01-05 07:18:57.771 I/am_wtf ( 1516): [0,1516,system_server,-1,DisplayDeviceConfig,requesting nits when no mapping exists.]
01-05 07:18:57.771 I/am_wtf ( 1516): [0,1516,system_server,-1,DisplayDeviceConfig,requesting nits when no mapping exists.]
01-05 07:18:57.788 I/am_wtf ( 1516): [0,1516,system_server,-1,DisplayDeviceConfig,requesting nits when no mapping exists.]
01-05 07:18:57.788 I/am_wtf ( 1516): [0,1516,system_server,-1,DisplayDeviceConfig,requesting nits when no mapping exists.]
01-05 07:18:57.804 I/am_wtf ( 1516): [0,1516,system_server,-1,DisplayDeviceConfig,requesting nits when no mapping exists.]
01-05 07:18:57.804 I/am_wtf ( 1516): [0,1516,system_server,-1,DisplayDeviceConfig,requesting nits when no mapping exists.]
01-05 07:18:57.821 I/am_wtf ( 1516): [0,1516,system_server,-1,DisplayDeviceConfig,requesting nits when no mapping exists.]
01-05 07:18:57.822 I/am_wtf ( 1516): [0,1516,system_server,-1,DisplayDeviceConfig,requesting nits when no mapping exists.]
01-05 07:18:57.837 I/am_wtf ( 1516): [0,1516,system_server,-1,DisplayDeviceConfig,requesting nits when no mapping exists.]
01-05 07:18:57.838 I/am_wtf ( 1516): [0,1516,system_server,-1,DisplayDeviceConfig,requesting nits when no mapping exists.]
01-05 07:18:57.854 I/am_wtf ( 1516): [0,1516,system_server,-1,DisplayDeviceConfig,requesting nits when no mapping exists.]
01-05 07:18:57.854 I/am_wtf ( 1516): [0,1516,system_server,-1,DisplayDeviceConfig,requesting nits when no mapping exists.]
01-05 07:18:57.871 I/am_wtf ( 1516): [0,1516,system_server,-1,DisplayDeviceConfig,requesting nits when no mapping exists.]
01-05 07:18:57.871 I/am_wtf ( 1516): [0,1516,system_server,-1,DisplayDeviceConfig,requesting nits when no mapping exists.]
01-05 07:18:57.888 I/am_wtf ( 1516): [0,1516,system_server,-1,DisplayDeviceConfig,requesting nits when no mapping exists.]
01-05 07:18:57.888 I/am_wtf ( 1516): [0,1516,system_server,-1,DisplayDeviceConfig,requesting nits when no mapping exists.]
01-05 07:18:57.904 I/am_wtf ( 1516): [0,1516,system_server,-1,DisplayDeviceConfig,requesting nits when no mapping exists.]
01-05 07:18:57.905 I/am_wtf ( 1516): [0,1516,system_server,-1,DisplayDeviceConfig,requesting nits when no mapping exists.]
01-05 07:18:57.921 I/am_wtf ( 1516): [0,1516,system_server,-1,DisplayDeviceConfig,requesting nits when no mapping exists.]
01-05 07:18:57.921 I/am_wtf ( 1516): [0,1516,system_server,-1,DisplayDeviceConfig,requesting nits when no mapping exists.]
01-05 07:18:57.938 I/am_wtf ( 1516): [0,1516,system_server,-1,DisplayDeviceConfig,requesting nits when no mapping exists.]
01-05 07:18:57.938 I/am_wtf ( 1516): [0,1516,system_server,-1,DisplayDeviceConfig,requesting nits when no mapping exists.]
01-05 07:18:57.954 I/am_wtf ( 1516): [0,1516,system_server,-1,DisplayDeviceConfig,requesting nits when no mapping exists.]
01-05 07:18:57.955 I/am_wtf ( 1516): [0,1516,system_server,-1,DisplayDeviceConfig,requesting nits when no mapping exists.]
01-05 07:18:57.971 I/am_wtf ( 1516): [0,1516,system_server,-1,DisplayDeviceConfig,requesting nits when no mapping exists.]
01-05 07:18:57.971 I/am_wtf ( 1516): [0,1516,system_server,-1,DisplayDeviceConfig,requesting nits when no mapping exists.]
01-05 07:18:57.988 I/am_wtf ( 1516): [0,1516,system_server,-1,DisplayDeviceConfig,requesting nits when no mapping exists.]
01-05 07:18:57.988 I/am_wtf ( 1516): [0,1516,system_server,-1,DisplayDeviceConfig,requesting nits when no mapping exists.]
01-05 07:18:58.004 I/am_wtf ( 1516): [0,1516,system_server,-1,DisplayDeviceConfig,requesting nits when no mapping exists.]
01-05 07:18:58.005 I/am_wtf ( 1516): [0,1516,system_server,-1,DisplayDeviceConfig,requesting nits when no mapping exists.]
01-05 07:18:58.021 I/am_wtf ( 1516): [0,1516,system_server,-1,DisplayDeviceConfig,requesting nits when no mapping exists.]
01-05 07:18:58.021 I/am_wtf ( 1516): [0,1516,system_server,-1,DisplayDeviceConfig,requesting nits when no mapping exists.]
01-05 07:18:58.038 I/am_wtf ( 1516): [0,1516,system_server,-1,DisplayDeviceConfig,requesting nits when no mapping exists.]
01-05 07:18:58.038 I/am_wtf ( 1516): [0,1516,system_server,-1,DisplayDeviceConfig,requesting nits when no mapping exists.]
01-05 07:18:58.055 I/am_wtf ( 1516): [0,1516,system_server,-1,DisplayDeviceConfig,requesting nits when no mapping exists.]
01-05 07:18:58.055 I/am_wtf ( 1516): [0,1516,system_server,-1,DisplayDeviceConfig,requesting nits when no mapping exists.]
01-05 07:18:58.071 I/am_wtf ( 1516): [0,1516,system_server,-1,DisplayDeviceConfig,requesting nits when no mapping exists.]
01-05 07:18:58.072 I/am_wtf ( 1516): [0,1516,system_server,-1,DisplayDeviceConfig,requesting nits when no mapping exists.]
01-05 07:18:58.088 I/am_wtf ( 1516): [0,1516,system_server,-1,DisplayDeviceConfig,requesting nits when no mapping exists.]
01-05 07:18:58.088 I/am_wtf ( 1516): [0,1516,system_server,-1,DisplayDeviceConfig,requesting nits when no mapping exists.]
01-05 07:18:58.987 I/input_interaction( 1516): Interaction with: 18006fb com.thundercomm.screensaver/android.service.dreams.DreamActivity (server), edge-swipe (server), swipe-up (server), PointerEventDispatcher0 (server),
01-05 07:18:58.987 I/wm_finish_activity( 1516): [0,221547487,47,com.thundercomm.screensaver/android.service.dreams.DreamActivity,finish-activity]
01-05 07:18:58.987 I/wm_task_moved( 1516): [46,1,6]
01-05 07:18:58.988 I/wm_task_to_front( 1516): [0,46]
01-05 07:18:58.988 I/wm_focused_root_task( 1516): [0,0,46,47,finish-top adjustFocusToNextFocusableTask]
01-05 07:18:58.988 I/wm_pause_activity( 1516): [0,221547487,com.thundercomm.screensaver/android.service.dreams.DreamActivity,userLeaving=false,finish]
01-05 07:18:58.990 I/wm_on_top_resumed_lost_called( 5252): [221547487,android.service.dreams.DreamActivity,topStateChangedWhenResumed]
01-05 07:18:58.992 I/sysui_multi_action( 1516): [757,803,799,window_time_0,802,2]
01-05 07:18:58.992 I/wm_on_paused_called( 5252): [221547487,android.service.dreams.DreamActivity,performPause]
01-05 07:18:58.992 I/wm_add_to_stopping( 1516): [0,221547487,com.thundercomm.screensaver/android.service.dreams.DreamActivity,completeFinishing]
01-05 07:18:58.993 I/wm_set_resumed_activity( 1516): [0,com.android.music/.MusicBrowserActivity,resumeTopActivityInnerLocked]
01-05 07:18:58.994 I/wm_resume_activity( 1516): [0,246671370,46,com.android.music/.MusicBrowserActivity]
01-05 07:18:58.996 I/sysui_multi_action( 1516): [757,803,799,window_time_0,802,0]
01-05 07:18:59.007 I/view_enqueue_input_event( 5252): [Motion - Cancel,com.thundercomm.screensaver/android.service.dreams.DreamActivity]
01-05 07:18:59.007 I/input_focus( 1516): [Focus leaving 18006fb com.thundercomm.screensaver/android.service.dreams.DreamActivity (server),reason=NO_WINDOW]
01-05 07:18:59.008 I/wm_on_restart_called( 8708): [246671370,com.android.music.MusicBrowserActivity,performRestartActivity]
01-05 07:18:59.009 I/wm_on_start_called( 8708): [246671370,com.android.music.MusicBrowserActivity,handleStartActivity]
01-05 07:18:59.009 I/wm_on_resume_called( 8708): [246671370,com.android.music.MusicBrowserActivity,RESUME_ACTIVITY]
01-05 07:18:59.009 I/wm_on_top_resumed_gained_called( 8708): [246671370,com.android.music.MusicBrowserActivity,topWhenResuming]
01-05 07:18:59.025 I/input_focus( 1516): [Focus request 88e45e0 com.android.music/com.android.music.MusicBrowserActivity,reason=UpdateInputWindows]
01-05 07:18:59.031 I/notification_enqueue( 1516): [10085,8708,com.android.music,1,NULL,0,Notification(channel=Channel-music shortcut=null contentView=null vibrate=null sound=null defaults=0x0 flags=0x40 color=0x00000000 category=transport actions=4 vis=PRIVATE),1]
01-05 07:18:59.032 I/notification_enqueue( 1516): [10085,8708,com.android.music,1,NULL,0,Notification(channel=Channel-music shortcut=null contentView=null vibrate=null sound=null defaults=0x0 flags=0x40 color=0x00000000 category=transport actions=4 vis=PRIVATE),1]
01-05 07:18:59.042 I/input_focus( 1516): [Focus entering 88e45e0 com.android.music/com.android.music.MusicBrowserActivity (server),reason=setFocusedWindow]
01-05 07:18:59.544 I/wm_destroy_activity( 1516): [0,221547487,47,com.thundercomm.screensaver/android.service.dreams.DreamActivity,finish-imm:idle]
01-05 07:18:59.571 I/wm_on_stop_called( 5252): [221547487,android.service.dreams.DreamActivity,LIFECYCLER_STOP_ACTIVITY]
01-05 07:18:59.572 I/wm_on_destroy_called( 5252): [221547487,android.service.dreams.DreamActivity,performDestroy]
01-05 07:18:59.577 I/sysui_multi_action( 1516): [757,222,758,2]
01-05 07:18:59.577 I/sysui_multi_action( 1516): [757,804,799,dreaming_minutes,801,0,802,1]
01-05 07:18:59.588 I/wm_task_removed( 1516): [47,removeChild:removeChild last r=ActivityRecord{d348bdf u0 com.thundercomm.screensaver/android.service.dreams.DreamActivity t-1 f}} in t=Task{8f40248 #47 type=dream A=10052:android:com.thundercomm.screensaver/dream U=0 visible=false mode=fullscreen translucent=true sz=0}]
01-05 07:18:59.588 I/wm_task_removed( 1516): [47,removeChild]
01-05 07:19:00.276 I/input_interaction( 1516): Interaction with: 88e45e0 com.android.music/com.android.music.MusicBrowserActivity (server), edge-swipe (server), swipe-up (server), PointerEventDispatcher0 (server),
01-05 07:19:00.294 I/wm_task_moved( 1516): [1,0,0]
01-05 07:19:00.294 I/wm_task_moved( 1516): [1,0,5]
01-05 07:19:00.314 I/wm_on_restart_called( 2835): [39192225,com.android.launcher3.uioverrides.QuickstepLauncher,performRestartActivity]
01-05 07:19:00.338 I/wm_on_start_called( 2835): [39192225,com.android.launcher3.uioverrides.QuickstepLauncher,handleStartActivity]
01-05 07:19:00.339 I/view_enqueue_input_event( 8708): [Motion - Cancel,com.android.music/com.android.music.MusicBrowserActivity]
01-05 07:19:00.340 I/input_focus( 1516): [Focus request recents_animation_input_consumer,reason=UpdateInputWindows]
01-05 07:19:00.342 I/input_interaction( 1516): Interaction with: edge-swipe (server), swipe-up (server), PointerEventDispatcher0 (server),
01-05 07:19:00.345 I/input_focus( 1516): [Focus leaving 88e45e0 com.android.music/com.android.music.MusicBrowserActivity (server),reason=NOT_FOCUSABLE]
01-05 07:19:00.345 I/input_focus( 1516): [Focus entering recents_animation_input_consumer (server),reason=setFocusedWindow]
01-05 07:19:00.346 I/sysui_latency( 2835): [1,70]
01-05 07:19:00.366 I/sysui_multi_action( 1516): [319,9,322,63,325,10104,757,761,758,9,759,5,806,com.android.launcher3,871,com.android.launcher3.uioverrides.QuickstepLauncher,905,0,1320,8,1321,5]
01-05 07:19:00.541 I/commit_sys_config_file( 1516): [settings-1-0,4]
01-05 07:19:00.658 I/sysui_latency( 1516): [8,78]
01-05 07:19:01.102 I/wm_task_moved( 1516): [1,1,6]
01-05 07:19:01.102 I/wm_task_moved( 1516): [10,1,2147483647]
01-05 07:19:01.102 I/wm_task_to_front( 1516): [0,10]
01-05 07:19:01.103 I/wm_on_top_resumed_lost_called( 8708): [246671370,com.android.music.MusicBrowserActivity,topStateChangedWhenResumed]
01-05 07:19:01.103 I/wm_focused_root_task( 1516): [0,0,1,46,RecentsAnimation.onAnimationFinished()]
01-05 07:19:01.104 I/wm_set_resumed_activity( 1516): [0,com.android.launcher3/.uioverrides.QuickstepLauncher,RecentsAnimation.onAnimationFinished()]
01-05 07:19:01.105 I/wm_pause_activity( 1516): [0,246671370,com.android.music/.MusicBrowserActivity,userLeaving=true,pauseBackTasks]
01-05 07:19:01.107 I/wm_add_to_stopping( 1516): [0,246671370,com.android.music/.MusicBrowserActivity,makeInvisible]
01-05 07:19:01.108 I/wm_set_resumed_activity( 1516): [0,com.android.launcher3/.uioverrides.QuickstepLauncher,resumeTopActivityInnerLocked]
01-05 07:19:01.110 I/wm_resume_activity( 1516): [0,39192225,10,com.android.launcher3/.uioverrides.QuickstepLauncher]
01-05 07:19:01.111 I/wm_on_resume_called( 2835): [39192225,com.android.launcher3.uioverrides.QuickstepLauncher,RESUME_ACTIVITY]
01-05 07:19:01.117 I/input_focus( 1516): [Focus request fdc0eb0 com.android.launcher3/com.android.launcher3.uioverrides.QuickstepLauncher,reason=UpdateInputWindows]
01-05 07:19:01.118 I/wm_on_top_resumed_gained_called( 2835): [39192225,com.android.launcher3.uioverrides.QuickstepLauncher,topStateChangedWhenResumed]
01-05 07:19:01.118 I/wm_on_paused_called( 8708): [246671370,com.android.music.MusicBrowserActivity,performPause]
01-05 07:19:01.122 I/wm_stop_activity( 1516): [0,246671370,com.android.music/.MusicBrowserActivity]
01-05 07:19:01.125 I/sysui_multi_action( 1516): [757,803,799,window_time_0,802,3]
01-05 07:19:01.126 I/sysui_multi_action( 1516): [757,803,799,window_time_0,802,0]
01-05 07:19:01.130 I/input_focus( 1516): [Focus leaving recents_animation_input_consumer (server),reason=NOT_VISIBLE]
01-05 07:19:01.130 I/input_focus( 1516): [Focus entering fdc0eb0 com.android.launcher3/com.android.launcher3.uioverrides.QuickstepLauncher (server),reason=setFocusedWindow]
01-05 07:19:01.145 I/wm_on_stop_called( 8708): [246671370,com.android.music.MusicBrowserActivity,STOP_ACTIVITY_ITEM]
01-05 07:19:10.037 I/input_interaction( 1516): Interaction with: 7c0e82f StatusBar (server), edge-swipe (server), swipe-up (server), PointerEventDispatcher0 (server),
01-05 07:19:10.040 I/service_manager_stats( 1516): [127,23,12950]
01-05 07:19:10.043 I/sysui_multi_action( 2367): [757,803,799,panel_open,802,1]
01-05 07:19:10.044 I/sysui_multi_action( 2367): [757,1328,758,4,1326,42,1327,1,1329,0]
01-05 07:19:10.092 I/sysui_multi_action( 1516): [757,127,758,1]
01-05 07:19:10.092 I/sysui_multi_action( 1516): [757,804,799,note_load,801,3,802,1]
01-05 07:19:10.092 I/notification_panel_revealed( 1516): 3
01-05 07:19:10.105 I/input_focus( 1516): [Focus request 94a0fc2 NotificationShade,reason=UpdateInputWindows]
01-05 07:19:10.115 I/sysui_multi_action( 1516): [757,128,758,1,793,10020622,794,0,795,10020622,796,26,798,0,806,android,857,DEVELOPER_IMPORTANT,858,4,947,0,1395,3,1500,10020417,1688,1]
01-05 07:19:10.115 I/sysui_multi_action( 1516): [757,804,799,note_freshness,801,10020622,802,1]
01-05 07:19:10.115 I/notification_visibility( 1516): [-1|android|26|null|1000,1,10020622,10020622,0,0]
01-05 07:19:10.115 I/sysui_multi_action( 1516): [757,128,758,1,793,75422,794,0,795,75422,796,4273,798,1,806,com.android.systemui,857,screen_record,858,3,947,0,1395,3,1500,75221,1688,1,1745,680407814]
01-05 07:19:10.115 I/sysui_multi_action( 1516): [757,804,799,note_freshness,801,75422,802,1]
01-05 07:19:10.115 I/notification_visibility( 1516): [0|com.android.systemui|4273|null|10081,1,75422,75422,0,1]
01-05 07:19:10.115 I/sysui_multi_action( 1516): [757,128,758,1,793,10089081,794,0,795,10089081,796,32,798,2,806,android,857,USB,858,1,947,0,1395,3,1500,10088929,1688,1]
01-05 07:19:10.115 I/sysui_multi_action( 1516): [757,804,799,note_freshness,801,10089081,802,1]
01-05 07:19:10.116 I/notification_visibility( 1516): [-1|android|32|null|1000,1,10089081,10089081,0,2]
01-05 07:19:10.135 I/input_focus( 1516): [Focus leaving fdc0eb0 com.android.launcher3/com.android.launcher3.uioverrides.QuickstepLauncher (server),reason=setFocusedWindow]
01-05 07:19:10.135 I/input_focus( 1516): [Focus entering 94a0fc2 NotificationShade (server),reason=setFocusedWindow]
01-05 07:19:10.185 I/sysui_multi_action( 2367): [757,111,758,1]
01-05 07:19:10.185 I/sysui_multi_action( 2367): [757,126,758,1,759,126,927,0,928,0,1593,0]
01-05 07:19:10.185 I/sysui_multi_action( 2367): [757,113,758,1,759,113,927,1,928,1,1593,0]
01-05 07:19:10.185 I/sysui_multi_action( 2367): [757,0,758,1,759,0,927,2,928,0,1593,0]
01-05 07:19:10.185 I/sysui_multi_action( 2367): [757,0,758,1,759,0,927,3,928,0,1593,0]
01-05 07:19:10.185 I/sysui_multi_action( 2367): [757,491,758,1,759,491,927,4,928,0,1311,-1,1593,0]
01-05 07:19:10.185 I/sysui_multi_action( 2367): [757,0,758,1,759,0,927,5,928,0,1593,0]
01-05 07:19:10.186 I/sysui_multi_action( 2367): [757,111,758,1]
01-05 07:19:10.186 I/sysui_multi_action( 2367): [757,126,758,1,759,126,927,0,928,0,1593,0]
01-05 07:19:10.186 I/sysui_multi_action( 2367): [757,113,758,1,759,113,927,1,928,1,1593,0]
01-05 07:19:10.186 I/sysui_multi_action( 2367): [757,0,758,1,759,0,927,2,928,0,1593,0]
01-05 07:19:10.186 I/sysui_multi_action( 2367): [757,0,758,1,759,0,927,3,928,0,1593,0]
01-05 07:19:12.453 I/input_interaction( 1516): Interaction with: 94a0fc2 NotificationShade (server), edge-swipe (server), swipe-up (server), PointerEventDispatcher0 (server),
01-05 07:19:15.686 I/notification_enqueue( 1516): [10081,2367,com.android.systemui,2048,NULL,0,Notification(channel=updateNotification shortcut=null contentView=null vibrate=null sound=null defaults=0x0 flags=0x0 color=0x00000000 vis=PRIVATE),1]
01-05 07:19:15.688 I/sysui_multi_action( 2367): [757,111,758,2]
01-05 07:19:15.689 I/sysui_multi_action( 2367): [757,111,758,2]
01-05 07:19:15.908 I/input_focus( 1516): [Focus request fdc0eb0 com.android.launcher3/com.android.launcher3.uioverrides.QuickstepLauncher,reason=UpdateInputWindows]
01-05 07:19:15.918 I/sysui_multi_action( 1516): [757,128,758,2,793,10026425,794,5803,795,10026425,796,26,798,0,806,android,857,DEVELOPER_IMPORTANT,858,4,947,0,1395,3,1500,10026220,1688,1]
01-05 07:19:15.918 I/notification_visibility( 1516): [-1|android|26|null|1000,0,10026425,10026425,0,0]
01-05 07:19:15.919 I/sysui_multi_action( 1516): [757,128,758,2,793,81226,794,5804,795,81226,796,4273,798,1,806,com.android.systemui,857,screen_record,858,3,947,0,1395,3,1500,81025,1688,1,1745,680407814]
01-05 07:19:15.919 I/notification_visibility( 1516): [0|com.android.systemui|4273|null|10081,0,81226,81226,0,1]
01-05 07:19:15.919 I/sysui_multi_action( 1516): [757,128,758,2,793,10094885,794,5804,795,10094885,796,32,798,2,806,android,857,USB,858,1,947,0,1395,3,1500,10094733,1688,1]
01-05 07:19:15.920 I/notification_visibility( 1516): [-1|android|32|null|1000,0,10094885,10094885,0,2]
01-05 07:19:15.920 I/sysui_multi_action( 1516): [757,127,758,2]
01-05 07:19:15.920 I/notification_panel_hidden( 1516):
01-05 07:19:15.933 I/input_focus( 1516): [Focus leaving 94a0fc2 NotificationShade (server),reason=NOT_FOCUSABLE]
01-05 07:19:15.933 I/input_focus( 1516): [Focus entering fdc0eb0 com.android.launcher3/com.android.launcher3.uioverrides.QuickstepLauncher (server),reason=setFocusedWindow]
01-05 07:19:59.637 I/am_uid_idle( 1516): 10052
01-05 07:20:00.263 I/input_interaction( 1516): Interaction with: fdc0eb0 com.android.launcher3/com.android.launcher3.uioverrides.QuickstepLauncher (server), 9702ba6 com.android.systemui.ImageWallpaper (server), edge-swipe (server), swipe-up (server), PointerEventDispatcher0 (server),
01-05 07:20:03.712 I/am_uid_idle( 1516): 10066
01-05 07:20:17.456 I/input_interaction( 1516): Interaction with: 7c0e82f StatusBar (server), edge-swipe (server), swipe-up (server), PointerEventDispatcher0 (server),
01-05 07:20:17.459 I/sysui_multi_action( 2367): [757,803,799,panel_open,802,1]
01-05 07:20:17.461 I/sysui_multi_action( 2367): [757,1328,758,4,1326,51,1327,0,1329,0]
01-05 07:20:17.520 I/sysui_multi_action( 1516): [757,127,758,1]
01-05 07:20:17.520 I/sysui_multi_action( 1516): [757,804,799,note_load,801,3,802,1]
01-05 07:20:17.520 I/notification_panel_revealed( 1516): 3
01-05 07:20:17.536 I/input_focus( 1516): [Focus request 94a0fc2 NotificationShade,reason=UpdateInputWindows]
01-05 07:20:17.546 I/sysui_multi_action( 1516): [757,128,758,1,793,10088052,794,0,795,10088052,796,26,798,0,806,android,857,DEVELOPER_IMPORTANT,858,4,947,0,1395,3,1500,10087847,1688,1]
01-05 07:20:17.546 I/sysui_multi_action( 1516): [757,804,799,note_freshness,801,10088052,802,1]
01-05 07:20:17.547 I/notification_visibility( 1516): [-1|android|26|null|1000,1,10088052,10088052,0,0]
01-05 07:20:17.547 I/sysui_multi_action( 1516): [757,128,758,1,793,142854,794,0,795,142854,796,4273,798,1,806,com.android.systemui,857,screen_record,858,3,947,0,1395,3,1500,142653,1688,1,1745,680407814]
01-05 07:20:17.547 I/sysui_multi_action( 1516): [757,804,799,note_freshness,801,142854,802,1]
01-05 07:20:17.547 I/notification_visibility( 1516): [0|com.android.systemui|4273|null|10081,1,142854,142854,0,1]
01-05 07:20:17.547 I/sysui_multi_action( 1516): [757,128,758,1,793,10156513,794,0,795,10156513,796,32,798,2,806,android,857,USB,858,1,947,0,1395,3,1500,10156361,1688,1]
01-05 07:20:17.547 I/sysui_multi_action( 1516): [757,804,799,note_freshness,801,10156513,802,1]
01-05 07:20:17.547 I/notification_visibility( 1516): [-1|android|32|null|1000,1,10156513,10156513,0,2]
01-05 07:20:17.565 I/input_focus( 1516): [Focus leaving fdc0eb0 com.android.launcher3/com.android.launcher3.uioverrides.QuickstepLauncher (server),reason=setFocusedWindow]
01-05 07:20:17.565 I/input_focus( 1516): [Focus entering 94a0fc2 NotificationShade (server),reason=setFocusedWindow]
01-05 07:20:17.613 I/sysui_multi_action( 2367): [757,111,758,1]
01-05 07:20:17.613 I/sysui_multi_action( 2367): [757,126,758,1,759,126,927,0,928,0,1593,0]
01-05 07:20:17.614 I/sysui_multi_action( 2367): [757,113,758,1,759,113,927,1,928,1,1593,0]
01-05 07:20:17.614 I/sysui_multi_action( 2367): [757,0,758,1,759,0,927,2,928,0,1593,0]
01-05 07:20:17.614 I/sysui_multi_action( 2367): [757,0,758,1,759,0,927,3,928,0,1593,0]
01-05 07:20:17.614 I/sysui_multi_action( 2367): [757,491,758,1,759,491,927,4,928,0,1311,-1,1593,0]
01-05 07:20:17.614 I/sysui_multi_action( 2367): [757,0,758,1,759,0,927,5,928,0,1593,0]
01-05 07:20:17.615 I/sysui_multi_action( 2367): [757,111,758,1]
01-05 07:20:17.615 I/sysui_multi_action( 2367): [757,126,758,1,759,126,927,0,928,0,1593,0]
01-05 07:20:17.615 I/sysui_multi_action( 2367): [757,113,758,1,759,113,927,1,928,1,1593,0]
01-05 07:20:17.615 I/sysui_multi_action( 2367): [757,0,758,1,759,0,927,2,928,0,1593,0]
01-05 07:20:17.615 I/sysui_multi_action( 2367): [757,0,758,1,759,0,927,3,928,0,1593,0]
01-05 07:20:19.506 I/input_interaction( 1516): Interaction with: 94a0fc2 NotificationShade (server), edge-swipe (server), swipe-up (server), PointerEventDispatcher0 (server),
01-05 07:20:19.856 I/sysui_multi_action( 2367): [757,111,758,2]
01-05 07:20:19.856 I/sysui_multi_action( 2367): [757,111,758,2]
01-05 07:20:19.857 I/notification_enqueue( 1516): [10081,2367,com.android.systemui,2048,NULL,0,Notification(channel=updateNotification shortcut=null contentView=null vibrate=null sound=null defaults=0x0 flags=0x0 color=0x00000000 vis=PRIVATE),1]
01-05 07:20:19.945 I/input_focus( 1516): [Focus request fdc0eb0 com.android.launcher3/com.android.launcher3.uioverrides.QuickstepLauncher,reason=UpdateInputWindows]
01-05 07:20:19.949 I/sysui_multi_action( 1516): [757,128,758,2,793,10090456,794,2404,795,10090456,796,26,798,0,806,android,857,DEVELOPER_IMPORTANT,858,4,947,0,1395,3,1500,10090251,1688,1]
01-05 07:20:19.949 I/notification_visibility( 1516): [-1|android|26|null|1000,0,10090456,10090456,0,0]
01-05 07:20:19.949 I/sysui_multi_action( 1516): [757,128,758,2,793,145256,794,2402,795,145256,796,4273,798,1,806,com.android.systemui,857,screen_record,858,3,947,0,1395,3,1500,145055,1688,1,1745,680407814]
01-05 07:20:19.949 I/notification_visibility( 1516): [0|com.android.systemui|4273|null|10081,0,145256,145256,0,1]
01-05 07:20:19.949 I/sysui_multi_action( 1516): [757,128,758,2,793,10158915,794,2402,795,10158915,796,32,798,2,806,android,857,USB,858,1,947,0,1395,3,1500,10158763,1688,1]
01-05 07:20:19.949 I/notification_visibility( 1516): [-1|android|32|null|1000,0,10158915,10158915,0,2]
01-05 07:20:19.950 I/sysui_multi_action( 1516): [757,127,758,2]
01-05 07:20:19.950 I/notification_panel_hidden( 1516):
01-05 07:20:19.971 I/input_focus( 1516): [Focus leaving 94a0fc2 NotificationShade (server),reason=NO_WINDOW]
01-05 07:20:19.971 I/input_focus( 1516): [Focus entering fdc0eb0 com.android.launcher3/com.android.launcher3.uioverrides.QuickstepLauncher (server),reason=setFocusedWindow]
01-05 07:20:20.441 I/input_interaction( 1516): Interaction with: fdc0eb0 com.android.launcher3/com.android.launcher3.uioverrides.QuickstepLauncher (server), 9702ba6 com.android.systemui.ImageWallpaper (server), edge-swipe (server), swipe-up (server), PointerEventDispatcher0 (server),
01-05 07:20:20.512 I/view_enqueue_input_event( 2835): [Motion - Cancel,com.android.launcher3/com.android.launcher3.uioverrides.QuickstepLauncher]
01-05 07:20:20.522 I/input_interaction( 1516): Interaction with: edge-swipe (server), swipe-up (server), PointerEventDispatcher0 (server),
01-05 07:20:20.696 I/commit_sys_config_file( 1516): [settings-1-0,6]
01-05 07:20:21.059 I/commit_sys_config_file( 1516): [settings-1-0,4]
01-05 07:20:21.739 I/input_interaction( 1516): Interaction with: fdc0eb0 com.android.launcher3/com.android.launcher3.uioverrides.QuickstepLauncher (server), 9702ba6 com.android.systemui.ImageWallpaper (server), edge-swipe (server), swipe-up (server), PointerEventDispatcher0 (server),
01-05 07:20:22.542 I/wm_finish_activity( 1516): [0,246671370,46,com.android.music/.MusicBrowserActivity,remove-task]
01-05 07:20:22.543 I/wm_destroy_activity( 1516): [0,246671370,46,com.android.music/.MusicBrowserActivity,finish-imm:finishIfPossible]
01-05 07:20:22.546 I/sysui_multi_action( 1516): [757,803,799,window_time_0,802,81]
01-05 07:20:22.547 I/wm_on_destroy_called( 8708): [246671370,com.android.music.MusicBrowserActivity,performDestroy]
01-05 07:20:22.551 I/wm_task_removed( 1516): [46,removeChild:removeChild last r=ActivityRecord{eb3e80a u0 com.android.music/.MusicBrowserActivity t-1 f}} in t=Task{fa8755f #46 type=standard A=10085:android.task.music U=0 visible=false mode=fullscreen translucent=true sz=0}]
01-05 07:20:22.551 I/wm_task_removed( 1516): [46,removeChild]
01-05 07:20:22.553 I/sysui_multi_action( 1516): [757,128,758,5,759,8,793,156063,794,0,795,83520,796,1,806,com.android.music,857,Channel-music,858,2,947,0,1500,83520,1641,transport,1688,1,1745,1043716538]
01-05 07:20:22.553 I/notification_canceled( 1516): [0|com.android.music|1|null|10085,8,156063,83520,0,-1,-1,NULL]
01-05 07:20:22.562 I/sysui_multi_action( 1516): [757,856,758,2,806,com.android.music,857,Channel-music,858,2]
01-05 07:20:22.562 I/notification_cancel_all( 1516): [1000,1516,com.android.music,0,0,0,20,NULL]
01-05 07:20:22.580 I/notification_enqueue( 1516): [10081,2367,com.android.systemui,1,empty_media,0,Notification(channel=empty_media_style_id shortcut=null contentView=null vibrate=null sound=null defaults=0x0 flags=0x20 color=0x00000000 category=transport actions=4 vis=PRIVATE),0]
01-05 07:20:22.660 I/am_uid_active( 1516): 10066
01-05 07:20:22.782 I/sysui_multi_action( 1516): [757,1501,758,1,793,203,794,0,795,203,796,1,797,empty_media,806,com.android.systemui,857,empty_media_style_id,858,4,947,0,1500,0,1641,transport,1688,1,1745,1043716538]
01-05 07:20:22.782 I/sysui_multi_action( 1516): [757,804,799,note_interruptive,801,0,802,1]
01-05 07:20:22.783 I/sysui_multi_action( 1516): [757,1501,758,1,793,204,794,0,795,204,796,1,797,empty_media,806,com.android.systemui,857,empty_media_style_id,858,4,947,0,1500,0,1641,transport,1688,1,1745,1043716538]
01-05 07:20:22.783 I/sysui_multi_action( 1516): [757,804,799,note_interruptive,801,0,802,1]
01-05 07:20:22.783 I/sysui_multi_action( 1516): [757,199,758,1,759,2,793,204,794,0,795,204,796,1,797,empty_media,806,com.android.systemui,857,empty_media_style_id,858,4,947,0,1500,0,1641,transport,1688,1,1745,1043716538]
01-05 07:20:22.783 I/notification_alert( 1516): [0|com.android.systemui|1|empty_media|10081,0,1,0]
01-05 07:20:22.820 I/commit_sys_config_file( 1516): [notification-policy,10163697]
01-05 07:20:23.571 I/input_interaction( 1516): Interaction with: 7c0e82f StatusBar (server), edge-swipe (server), swipe-up (server), PointerEventDispatcher0 (server),
01-05 07:20:23.576 I/sysui_multi_action( 2367): [757,803,799,panel_open,802,1]
01-05 07:20:23.577 I/sysui_multi_action( 2367): [757,1328,758,4,1326,54,1327,2,1329,0]
01-05 07:20:23.618 I/sysui_multi_action( 1516): [757,127,758,1]
