01-05 05:34:11.908 I/sysui_multi_action( 1516): [757,1696,758,6,759,2]
01-05 05:34:11.918 I/am_wtf ( 1516): [0,1516,system_server,-1,DisplayDeviceConfig,requesting nits when no mapping exists.]
01-05 05:34:11.921 I/am_wtf ( 1516): [0,1516,system_server,-1,DisplayDeviceConfig,requesting nits when no mapping exists.]
01-05 05:34:11.934 I/am_wtf ( 1516): [0,1516,system_server,-1,DisplayDeviceConfig,requesting nits when no mapping exists.]
01-05 05:34:11.935 I/am_wtf ( 1516): [0,1516,system_server,-1,DisplayDeviceConfig,requesting nits when no mapping exists.]
01-05 05:34:11.945 I/am_wtf ( 1516): [0,1516,system_server,-1,DisplayDeviceConfig,requesting nits when no mapping exists.]
01-05 05:34:11.947 I/am_wtf ( 1516): [0,1516,system_server,-1,DisplayDeviceConfig,requesting nits when no mapping exists.]
01-05 05:34:11.962 I/am_wtf ( 1516): [0,1516,system_server,-1,DisplayDeviceConfig,requesting nits when no mapping exists.]
01-05 05:34:11.963 I/am_wtf ( 1516): [0,1516,system_server,-1,DisplayDeviceConfig,requesting nits when no mapping exists.]
01-05 05:34:11.979 I/am_wtf ( 1516): [0,1516,system_server,-1,DisplayDeviceConfig,requesting nits when no mapping exists.]
01-05 05:34:11.980 I/am_wtf ( 1516): [0,1516,system_server,-1,DisplayDeviceConfig,requesting nits when no mapping exists.]
01-05 05:34:11.995 I/am_wtf ( 1516): [0,1516,system_server,-1,DisplayDeviceConfig,requesting nits when no mapping exists.]
01-05 05:34:11.996 I/am_wtf ( 1516): [0,1516,system_server,-1,DisplayDeviceConfig,requesting nits when no mapping exists.]
01-05 05:34:12.012 I/am_wtf ( 1516): [0,1516,system_server,-1,DisplayDeviceConfig,requesting nits when no mapping exists.]
01-05 05:34:12.013 I/am_wtf ( 1516): [0,1516,system_server,-1,DisplayDeviceConfig,requesting nits when no mapping exists.]
01-05 05:34:12.029 I/am_wtf ( 1516): [0,1516,system_server,-1,DisplayDeviceConfig,requesting nits when no mapping exists.]
01-05 05:34:12.030 I/am_wtf ( 1516): [0,1516,system_server,-1,DisplayDeviceConfig,requesting nits when no mapping exists.]
01-05 05:34:12.045 I/am_wtf ( 1516): [0,1516,system_server,-1,DisplayDeviceConfig,requesting nits when no mapping exists.]
01-05 05:34:12.046 I/am_wtf ( 1516): [0,1516,system_server,-1,DisplayDeviceConfig,requesting nits when no mapping exists.]
01-05 05:34:12.062 I/am_wtf ( 1516): [0,1516,system_server,-1,DisplayDeviceConfig,requesting nits when no mapping exists.]
01-05 05:34:12.063 I/am_wtf ( 1516): [0,1516,system_server,-1,DisplayDeviceConfig,requesting nits when no mapping exists.]
01-05 05:34:12.079 I/am_wtf ( 1516): [0,1516,system_server,-1,DisplayDeviceConfig,requesting nits when no mapping exists.]
01-05 05:34:12.080 I/am_wtf ( 1516): [0,1516,system_server,-1,DisplayDeviceConfig,requesting nits when no mapping exists.]
01-05 05:34:12.095 I/am_wtf ( 1516): [0,1516,system_server,-1,DisplayDeviceConfig,requesting nits when no mapping exists.]
01-05 05:34:12.096 I/am_wtf ( 1516): [0,1516,system_server,-1,DisplayDeviceConfig,requesting nits when no mapping exists.]
01-05 05:34:12.112 I/am_wtf ( 1516): [0,1516,system_server,-1,DisplayDeviceConfig,requesting nits when no mapping exists.]
01-05 05:34:12.113 I/am_wtf ( 1516): [0,1516,system_server,-1,DisplayDeviceConfig,requesting nits when no mapping exists.]
01-05 05:34:12.129 I/am_wtf ( 1516): [0,1516,system_server,-1,DisplayDeviceConfig,requesting nits when no mapping exists.]
01-05 05:34:12.130 I/am_wtf ( 1516): [0,1516,system_server,-1,DisplayDeviceConfig,requesting nits when no mapping exists.]
01-05 05:34:12.146 I/am_wtf ( 1516): [0,1516,system_server,-1,DisplayDeviceConfig,requesting nits when no mapping exists.]
01-05 05:34:12.147 I/am_wtf ( 1516): [0,1516,system_server,-1,DisplayDeviceConfig,requesting nits when no mapping exists.]
01-05 05:34:12.162 I/am_wtf ( 1516): [0,1516,system_server,-1,DisplayDeviceConfig,requesting nits when no mapping exists.]
01-05 05:34:12.163 I/am_wtf ( 1516): [0,1516,system_server,-1,DisplayDeviceConfig,requesting nits when no mapping exists.]
01-05 05:34:12.179 I/am_wtf ( 1516): [0,1516,system_server,-1,DisplayDeviceConfig,requesting nits when no mapping exists.]
01-05 05:34:12.180 I/am_wtf ( 1516): [0,1516,system_server,-1,DisplayDeviceConfig,requesting nits when no mapping exists.]
01-05 05:34:12.196 I/am_wtf ( 1516): [0,1516,system_server,-1,DisplayDeviceConfig,requesting nits when no mapping exists.]
01-05 05:34:12.197 I/am_wtf ( 1516): [0,1516,system_server,-1,DisplayDeviceConfig,requesting nits when no mapping exists.]
01-05 05:34:12.213 I/am_wtf ( 1516): [0,1516,system_server,-1,DisplayDeviceConfig,requesting nits when no mapping exists.]
01-05 05:34:12.213 I/am_wtf ( 1516): [0,1516,system_server,-1,DisplayDeviceConfig,requesting nits when no mapping exists.]
01-05 05:34:12.229 I/am_wtf ( 1516): [0,1516,system_server,-1,DisplayDeviceConfig,requesting nits when no mapping exists.]
01-05 05:34:12.230 I/am_wtf ( 1516): [0,1516,system_server,-1,DisplayDeviceConfig,requesting nits when no mapping exists.]
01-05 05:34:12.246 I/am_wtf ( 1516): [0,1516,system_server,-1,DisplayDeviceConfig,requesting nits when no mapping exists.]
01-05 05:34:12.247 I/am_wtf ( 1516): [0,1516,system_server,-1,DisplayDeviceConfig,requesting nits when no mapping exists.]
01-05 05:34:12.263 I/am_wtf ( 1516): [0,1516,system_server,-1,DisplayDeviceConfig,requesting nits when no mapping exists.]
01-05 05:34:12.264 I/am_wtf ( 1516): [0,1516,system_server,-1,DisplayDeviceConfig,requesting nits when no mapping exists.]
01-05 05:34:12.279 I/am_wtf ( 1516): [0,1516,system_server,-1,DisplayDeviceConfig,requesting nits when no mapping exists.]
01-05 05:34:12.280 I/am_wtf ( 1516): [0,1516,system_server,-1,DisplayDeviceConfig,requesting nits when no mapping exists.]
01-05 05:34:12.296 I/am_wtf ( 1516): [0,1516,system_server,-1,DisplayDeviceConfig,requesting nits when no mapping exists.]
01-05 05:34:12.297 I/am_wtf ( 1516): [0,1516,system_server,-1,DisplayDeviceConfig,requesting nits when no mapping exists.]
01-05 05:34:12.298 I/service_manager_stats( 1516): [100,54,2273496]
01-05 05:34:12.313 I/am_wtf ( 1516): [0,1516,system_server,-1,DisplayDeviceConfig,requesting nits when no mapping exists.]
01-05 05:34:12.314 I/am_wtf ( 1516): [0,1516,system_server,-1,DisplayDeviceConfig,requesting nits when no mapping exists.]
01-05 05:34:12.330 I/am_wtf ( 1516): [0,1516,system_server,-1,DisplayDeviceConfig,requesting nits when no mapping exists.]
01-05 05:34:12.330 I/am_wtf ( 1516): [0,1516,system_server,-1,DisplayDeviceConfig,requesting nits when no mapping exists.]
01-05 05:34:12.346 I/am_wtf ( 1516): [0,1516,system_server,-1,DisplayDeviceConfig,requesting nits when no mapping exists.]
01-05 05:34:12.347 I/am_wtf ( 1516): [0,1516,system_server,-1,DisplayDeviceConfig,requesting nits when no mapping exists.]
01-05 05:34:12.363 I/am_wtf ( 1516): [0,1516,system_server,-1,DisplayDeviceConfig,requesting nits when no mapping exists.]
01-05 05:34:12.364 I/am_wtf ( 1516): [0,1516,system_server,-1,DisplayDeviceConfig,requesting nits when no mapping exists.]
01-05 05:34:12.380 I/am_wtf ( 1516): [0,1516,system_server,-1,DisplayDeviceConfig,requesting nits when no mapping exists.]
01-05 05:34:12.381 I/am_wtf ( 1516): [0,1516,system_server,-1,DisplayDeviceConfig,requesting nits when no mapping exists.]
01-05 05:34:12.396 I/am_wtf ( 1516): [0,1516,system_server,-1,DisplayDeviceConfig,requesting nits when no mapping exists.]
01-05 05:34:12.397 I/am_wtf ( 1516): [0,1516,system_server,-1,DisplayDeviceConfig,requesting nits when no mapping exists.]
01-05 05:34:12.413 I/am_wtf ( 1516): [0,1516,system_server,-1,DisplayDeviceConfig,requesting nits when no mapping exists.]
01-05 05:34:12.414 I/am_wtf ( 1516): [0,1516,system_server,-1,DisplayDeviceConfig,requesting nits when no mapping exists.]
01-05 05:34:12.430 I/am_wtf ( 1516): [0,1516,system_server,-1,DisplayDeviceConfig,requesting nits when no mapping exists.]
01-05 05:34:12.431 I/am_wtf ( 1516): [0,1516,system_server,-1,DisplayDeviceConfig,requesting nits when no mapping exists.]
01-05 05:34:12.447 I/am_wtf ( 1516): [0,1516,system_server,-1,DisplayDeviceConfig,requesting nits when no mapping exists.]
01-05 05:34:12.448 I/am_wtf ( 1516): [0,1516,system_server,-1,DisplayDeviceConfig,requesting nits when no mapping exists.]
01-05 05:34:12.463 I/am_wtf ( 1516): [0,1516,system_server,-1,DisplayDeviceConfig,requesting nits when no mapping exists.]
01-05 05:34:12.464 I/am_wtf ( 1516): [0,1516,system_server,-1,DisplayDeviceConfig,requesting nits when no mapping exists.]
01-05 05:34:12.480 I/am_wtf ( 1516): [0,1516,system_server,-1,DisplayDeviceConfig,requesting nits when no mapping exists.]
01-05 05:34:12.481 I/am_wtf ( 1516): [0,1516,system_server,-1,DisplayDeviceConfig,requesting nits when no mapping exists.]
01-05 05:34:12.496 I/am_wtf ( 1516): [0,1516,system_server,-1,DisplayDeviceConfig,requesting nits when no mapping exists.]
01-05 05:34:12.497 I/am_wtf ( 1516): [0,1516,system_server,-1,DisplayDeviceConfig,requesting nits when no mapping exists.]
01-05 05:34:12.514 I/am_wtf ( 1516): [0,1516,system_server,-1,DisplayDeviceConfig,requesting nits when no mapping exists.]
01-05 05:34:12.514 I/am_wtf ( 1516): [0,1516,system_server,-1,DisplayDeviceConfig,requesting nits when no mapping exists.]
01-05 05:34:12.530 I/am_wtf ( 1516): [0,1516,system_server,-1,DisplayDeviceConfig,requesting nits when no mapping exists.]
01-05 05:34:12.531 I/am_wtf ( 1516): [0,1516,system_server,-1,DisplayDeviceConfig,requesting nits when no mapping exists.]
01-05 05:34:12.547 I/am_wtf ( 1516): [0,1516,system_server,-1,DisplayDeviceConfig,requesting nits when no mapping exists.]
01-05 05:34:12.548 I/am_wtf ( 1516): [0,1516,system_server,-1,DisplayDeviceConfig,requesting nits when no mapping exists.]
01-05 05:34:12.564 I/am_wtf ( 1516): [0,1516,system_server,-1,DisplayDeviceConfig,requesting nits when no mapping exists.]
01-05 05:34:12.565 I/am_wtf ( 1516): [0,1516,system_server,-1,DisplayDeviceConfig,requesting nits when no mapping exists.]
01-05 05:34:12.580 I/am_wtf ( 1516): [0,1516,system_server,-1,DisplayDeviceConfig,requesting nits when no mapping exists.]
01-05 05:34:12.581 I/am_wtf ( 1516): [0,1516,system_server,-1,DisplayDeviceConfig,requesting nits when no mapping exists.]
01-05 05:34:12.597 I/am_wtf ( 1516): [0,1516,system_server,-1,DisplayDeviceConfig,requesting nits when no mapping exists.]
01-05 05:34:12.598 I/am_wtf ( 1516): [0,1516,system_server,-1,DisplayDeviceConfig,requesting nits when no mapping exists.]
01-05 05:34:12.614 I/am_wtf ( 1516): [0,1516,system_server,-1,DisplayDeviceConfig,requesting nits when no mapping exists.]
01-05 05:34:12.614 I/am_wtf ( 1516): [0,1516,system_server,-1,DisplayDeviceConfig,requesting nits when no mapping exists.]
01-05 05:34:12.630 I/am_wtf ( 1516): [0,1516,system_server,-1,DisplayDeviceConfig,requesting nits when no mapping exists.]
01-05 05:34:12.631 I/am_wtf ( 1516): [0,1516,system_server,-1,DisplayDeviceConfig,requesting nits when no mapping exists.]
01-05 05:34:12.647 I/am_wtf ( 1516): [0,1516,system_server,-1,DisplayDeviceConfig,requesting nits when no mapping exists.]
01-05 05:34:12.648 I/am_wtf ( 1516): [0,1516,system_server,-1,DisplayDeviceConfig,requesting nits when no mapping exists.]
01-05 05:34:12.663 I/am_wtf ( 1516): [0,1516,system_server,-1,DisplayDeviceConfig,requesting nits when no mapping exists.]
01-05 05:34:12.664 I/am_wtf ( 1516): [0,1516,system_server,-1,DisplayDeviceConfig,requesting nits when no mapping exists.]
01-05 05:34:12.680 I/am_wtf ( 1516): [0,1516,system_server,-1,DisplayDeviceConfig,requesting nits when no mapping exists.]
01-05 05:34:12.681 I/am_wtf ( 1516): [0,1516,system_server,-1,DisplayDeviceConfig,requesting nits when no mapping exists.]
01-05 05:34:12.697 I/am_wtf ( 1516): [0,1516,system_server,-1,DisplayDeviceConfig,requesting nits when no mapping exists.]
01-05 05:34:12.697 I/am_wtf ( 1516): [0,1516,system_server,-1,DisplayDeviceConfig,requesting nits when no mapping exists.]
01-05 05:34:12.713 I/am_wtf ( 1516): [0,1516,system_server,-1,DisplayDeviceConfig,requesting nits when no mapping exists.]
01-05 05:34:12.713 I/am_wtf ( 1516): [0,1516,system_server,-1,DisplayDeviceConfig,requesting nits when no mapping exists.]
01-05 05:34:12.730 I/am_wtf ( 1516): [0,1516,system_server,-1,DisplayDeviceConfig,requesting nits when no mapping exists.]
01-05 05:34:12.730 I/am_wtf ( 1516): [0,1516,system_server,-1,DisplayDeviceConfig,requesting nits when no mapping exists.]
01-05 05:34:12.748 I/am_wtf ( 1516): [0,1516,system_server,-1,DisplayDeviceConfig,requesting nits when no mapping exists.]
01-05 05:34:12.749 I/am_wtf ( 1516): [0,1516,system_server,-1,DisplayDeviceConfig,requesting nits when no mapping exists.]
01-05 05:34:12.765 I/am_wtf ( 1516): [0,1516,system_server,-1,DisplayDeviceConfig,requesting nits when no mapping exists.]
01-05 05:34:12.766 I/am_wtf ( 1516): [0,1516,system_server,-1,DisplayDeviceConfig,requesting nits when no mapping exists.]
01-05 05:34:12.781 I/am_wtf ( 1516): [0,1516,system_server,-1,DisplayDeviceConfig,requesting nits when no mapping exists.]
01-05 05:34:12.782 I/am_wtf ( 1516): [0,1516,system_server,-1,DisplayDeviceConfig,requesting nits when no mapping exists.]
01-05 05:34:12.797 I/am_wtf ( 1516): [0,1516,system_server,-1,DisplayDeviceConfig,requesting nits when no mapping exists.]
01-05 05:34:12.799 I/am_wtf ( 1516): [0,1516,system_server,-1,DisplayDeviceConfig,requesting nits when no mapping exists.]
01-05 05:34:12.814 I/am_wtf ( 1516): [0,1516,system_server,-1,DisplayDeviceConfig,requesting nits when no mapping exists.]
01-05 05:34:12.815 I/am_wtf ( 1516): [0,1516,system_server,-1,DisplayDeviceConfig,requesting nits when no mapping exists.]
01-05 05:34:12.831 I/am_wtf ( 1516): [0,1516,system_server,-1,DisplayDeviceConfig,requesting nits when no mapping exists.]
01-05 05:34:12.832 I/am_wtf ( 1516): [0,1516,system_server,-1,DisplayDeviceConfig,requesting nits when no mapping exists.]
01-05 05:34:12.847 I/am_wtf ( 1516): [0,1516,system_server,-1,DisplayDeviceConfig,requesting nits when no mapping exists.]
01-05 05:34:12.848 I/am_wtf ( 1516): [0,1516,system_server,-1,DisplayDeviceConfig,requesting nits when no mapping exists.]
01-05 05:34:12.864 I/am_wtf ( 1516): [0,1516,system_server,-1,DisplayDeviceConfig,requesting nits when no mapping exists.]
01-05 05:34:12.865 I/am_wtf ( 1516): [0,1516,system_server,-1,DisplayDeviceConfig,requesting nits when no mapping exists.]
01-05 05:34:13.117 I/am_uid_idle( 1516): 10066
01-05 05:34:18.913 I/sysui_multi_action( 1516): [757,222,758,1]
01-05 05:34:18.915 I/am_uid_active( 1516): 10052
01-05 05:34:18.933 I/wm_task_created( 1516): [26,-1]
01-05 05:34:18.938 I/wm_task_moved( 1516): [26,1,7]
01-05 05:34:18.938 I/wm_task_to_front( 1516): [0,26]
01-05 05:34:18.939 I/wm_create_task( 1516): [0,26]
01-05 05:34:18.939 I/wm_create_activity( 1516): [0,60419370,26,com.thundercomm.screensaver/android.service.dreams.DreamActivity,NULL,NULL,NULL,276824064]
01-05 05:34:18.939 I/wm_task_moved( 1516): [26,1,7]
01-05 05:34:18.939 I/wm_on_top_resumed_lost_called( 2835): [39192225,com.android.launcher3.uioverrides.QuickstepLauncher,topStateChangedWhenResumed]
01-05 05:34:18.940 I/wm_pause_activity( 1516): [0,39192225,com.android.launcher3/.uioverrides.QuickstepLauncher,userLeaving=true,pauseBackTasks]
01-05 05:34:18.942 I/wm_on_paused_called( 2835): [39192225,com.android.launcher3.uioverrides.QuickstepLauncher,performPause]
01-05 05:34:18.943 I/wm_add_to_stopping( 1516): [0,39192225,com.android.launcher3/.uioverrides.QuickstepLauncher,makeInvisible]
01-05 05:34:18.944 I/wm_restart_activity( 1516): [0,60419370,26,com.thundercomm.screensaver/android.service.dreams.DreamActivity]
01-05 05:34:18.944 I/wm_set_resumed_activity( 1516): [0,com.thundercomm.screensaver/android.service.dreams.DreamActivity,minimalResumeActivityLocked]
01-05 05:34:18.948 I/wm_on_create_called( 5252): [60419370,android.service.dreams.DreamActivity,performCreate]
01-05 05:34:18.948 I/wm_on_start_called( 5252): [60419370,android.service.dreams.DreamActivity,handleStartActivity]
01-05 05:34:18.948 I/wm_on_resume_called( 5252): [60419370,android.service.dreams.DreamActivity,RESUME_ACTIVITY]
01-05 05:34:18.949 I/sysui_multi_action( 1516): [757,803,799,window_time_0,802,72]
01-05 05:34:18.950 I/wm_on_top_resumed_gained_called( 5252): [60419370,android.service.dreams.DreamActivity,topStateChangedWhenResumed]
01-05 05:34:18.955 I/am_uid_active( 1516): 10066
01-05 05:34:18.970 I/input_focus( 1516): [Focus request b41b1f6 com.thundercomm.screensaver/android.service.dreams.DreamActivity,reason=UpdateInputWindows]
01-05 05:34:18.977 I/sysui_multi_action( 1516): [319,45,322,44,325,3822,757,761,758,8,759,2,806,com.thundercomm.screensaver,871,android.service.dreams.DreamActivity,904,com.thundercomm.screensaver,905,0,1320,4,1321,2]
01-05 05:34:18.978 I/sysui_multi_action( 1516): [757,1696,758,6,759,3]
01-05 05:34:18.978 I/wm_activity_launch_time( 1516): [0,60419370,com.thundercomm.screensaver/android.service.dreams.DreamActivity,44]
01-05 05:34:18.979 I/input_focus( 1516): [Focus leaving fdc0eb0 com.android.launcher3/com.android.launcher3.uioverrides.QuickstepLauncher (server),reason=NO_WINDOW]
01-05 05:34:18.994 I/am_wtf ( 1516): [0,1516,system_server,-1,DisplayDeviceConfig,requesting nits when no mapping exists.]
01-05 05:34:18.994 I/am_wtf ( 1516): [0,1516,system_server,-1,DisplayDeviceConfig,requesting nits when no mapping exists.]
01-05 05:34:18.995 I/input_focus( 1516): [Focus entering b41b1f6 com.thundercomm.screensaver/android.service.dreams.DreamActivity (server),reason=Window became focusable. Previous reason: NOT_VISIBLE]
01-05 05:34:19.011 I/am_wtf ( 1516): [0,1516,system_server,-1,DisplayDeviceConfig,requesting nits when no mapping exists.]
01-05 05:34:19.011 I/am_wtf ( 1516): [0,1516,system_server,-1,DisplayDeviceConfig,requesting nits when no mapping exists.]
01-05 05:34:19.027 I/am_wtf ( 1516): [0,1516,system_server,-1,DisplayDeviceConfig,requesting nits when no mapping exists.]
01-05 05:34:19.028 I/am_wtf ( 1516): [0,1516,system_server,-1,DisplayDeviceConfig,requesting nits when no mapping exists.]
01-05 05:34:19.044 I/am_wtf ( 1516): [0,1516,system_server,-1,DisplayDeviceConfig,requesting nits when no mapping exists.]
01-05 05:34:19.045 I/am_wtf ( 1516): [0,1516,system_server,-1,DisplayDeviceConfig,requesting nits when no mapping exists.]
01-05 05:34:19.061 I/am_wtf ( 1516): [0,1516,system_server,-1,DisplayDeviceConfig,requesting nits when no mapping exists.]
01-05 05:34:19.061 I/am_wtf ( 1516): [0,1516,system_server,-1,DisplayDeviceConfig,requesting nits when no mapping exists.]
01-05 05:34:19.078 I/am_wtf ( 1516): [0,1516,system_server,-1,DisplayDeviceConfig,requesting nits when no mapping exists.]
01-05 05:34:19.079 I/am_wtf ( 1516): [0,1516,system_server,-1,DisplayDeviceConfig,requesting nits when no mapping exists.]
01-05 05:34:19.094 I/am_wtf ( 1516): [0,1516,system_server,-1,DisplayDeviceConfig,requesting nits when no mapping exists.]
01-05 05:34:19.095 I/am_wtf ( 1516): [0,1516,system_server,-1,DisplayDeviceConfig,requesting nits when no mapping exists.]
01-05 05:34:19.112 I/am_wtf ( 1516): [0,1516,system_server,-1,DisplayDeviceConfig,requesting nits when no mapping exists.]
01-05 05:34:19.112 I/am_wtf ( 1516): [0,1516,system_server,-1,DisplayDeviceConfig,requesting nits when no mapping exists.]
01-05 05:34:19.128 I/am_wtf ( 1516): [0,1516,system_server,-1,DisplayDeviceConfig,requesting nits when no mapping exists.]
01-05 05:34:19.129 I/am_wtf ( 1516): [0,1516,system_server,-1,DisplayDeviceConfig,requesting nits when no mapping exists.]
01-05 05:34:19.145 I/am_wtf ( 1516): [0,1516,system_server,-1,DisplayDeviceConfig,requesting nits when no mapping exists.]
01-05 05:34:19.145 I/am_wtf ( 1516): [0,1516,system_server,-1,DisplayDeviceConfig,requesting nits when no mapping exists.]
01-05 05:34:19.161 I/am_wtf ( 1516): [0,1516,system_server,-1,DisplayDeviceConfig,requesting nits when no mapping exists.]
01-05 05:34:19.162 I/am_wtf ( 1516): [0,1516,system_server,-1,DisplayDeviceConfig,requesting nits when no mapping exists.]
01-05 05:34:19.179 I/am_wtf ( 1516): [0,1516,system_server,-1,DisplayDeviceConfig,requesting nits when no mapping exists.]
01-05 05:34:19.179 I/am_wtf ( 1516): [0,1516,system_server,-1,DisplayDeviceConfig,requesting nits when no mapping exists.]
01-05 05:34:19.195 I/am_wtf ( 1516): [0,1516,system_server,-1,DisplayDeviceConfig,requesting nits when no mapping exists.]
01-05 05:34:19.196 I/am_wtf ( 1516): [0,1516,system_server,-1,DisplayDeviceConfig,requesting nits when no mapping exists.]
01-05 05:34:19.212 I/am_wtf ( 1516): [0,1516,system_server,-1,DisplayDeviceConfig,requesting nits when no mapping exists.]
01-05 05:34:19.212 I/am_wtf ( 1516): [0,1516,system_server,-1,DisplayDeviceConfig,requesting nits when no mapping exists.]
01-05 05:34:19.229 I/am_wtf ( 1516): [0,1516,system_server,-1,DisplayDeviceConfig,requesting nits when no mapping exists.]
01-05 05:34:19.229 I/am_wtf ( 1516): [0,1516,system_server,-1,DisplayDeviceConfig,requesting nits when no mapping exists.]
01-05 05:34:19.246 I/am_wtf ( 1516): [0,1516,system_server,-1,DisplayDeviceConfig,requesting nits when no mapping exists.]
01-05 05:34:19.246 I/am_wtf ( 1516): [0,1516,system_server,-1,DisplayDeviceConfig,requesting nits when no mapping exists.]
01-05 05:34:19.246 I/service_manager_stats( 1516): [100,41,6948]
01-05 05:34:19.263 I/am_wtf ( 1516): [0,1516,system_server,-1,DisplayDeviceConfig,requesting nits when no mapping exists.]
01-05 05:34:19.263 I/am_wtf ( 1516): [0,1516,system_server,-1,DisplayDeviceConfig,requesting nits when no mapping exists.]
01-05 05:34:19.264 I/wm_stop_activity( 1516): [0,39192225,com.android.launcher3/.uioverrides.QuickstepLauncher]
01-05 05:34:19.280 I/am_wtf ( 1516): [0,1516,system_server,-1,DisplayDeviceConfig,requesting nits when no mapping exists.]
01-05 05:34:19.280 I/am_wtf ( 1516): [0,1516,system_server,-1,DisplayDeviceConfig,requesting nits when no mapping exists.]
01-05 05:34:19.281 I/wm_on_stop_called( 2835): [39192225,com.android.launcher3.uioverrides.QuickstepLauncher,STOP_ACTIVITY_ITEM]
01-05 05:34:19.295 I/am_wtf ( 1516): [0,1516,system_server,-1,DisplayDeviceConfig,requesting nits when no mapping exists.]
01-05 05:34:19.295 I/am_wtf ( 1516): [0,1516,system_server,-1,DisplayDeviceConfig,requesting nits when no mapping exists.]
01-05 05:34:19.312 I/am_wtf ( 1516): [0,1516,system_server,-1,DisplayDeviceConfig,requesting nits when no mapping exists.]
01-05 05:34:19.312 I/am_wtf ( 1516): [0,1516,system_server,-1,DisplayDeviceConfig,requesting nits when no mapping exists.]
01-05 05:34:19.328 I/am_wtf ( 1516): [0,1516,system_server,-1,DisplayDeviceConfig,requesting nits when no mapping exists.]
01-05 05:34:19.328 I/am_wtf ( 1516): [0,1516,system_server,-1,DisplayDeviceConfig,requesting nits when no mapping exists.]
01-05 05:34:19.346 I/am_wtf ( 1516): [0,1516,system_server,-1,DisplayDeviceConfig,requesting nits when no mapping exists.]
01-05 05:34:19.346 I/am_wtf ( 1516): [0,1516,system_server,-1,DisplayDeviceConfig,requesting nits when no mapping exists.]
01-05 05:34:19.363 I/am_wtf ( 1516): [0,1516,system_server,-1,DisplayDeviceConfig,requesting nits when no mapping exists.]
01-05 05:34:19.363 I/am_wtf ( 1516): [0,1516,system_server,-1,DisplayDeviceConfig,requesting nits when no mapping exists.]
01-05 05:34:19.379 I/am_wtf ( 1516): [0,1516,system_server,-1,DisplayDeviceConfig,requesting nits when no mapping exists.]
01-05 05:34:19.379 I/am_wtf ( 1516): [0,1516,system_server,-1,DisplayDeviceConfig,requesting nits when no mapping exists.]
01-05 05:34:19.396 I/am_wtf ( 1516): [0,1516,system_server,-1,DisplayDeviceConfig,requesting nits when no mapping exists.]
01-05 05:34:19.396 I/am_wtf ( 1516): [0,1516,system_server,-1,DisplayDeviceConfig,requesting nits when no mapping exists.]
01-05 05:34:19.412 I/am_wtf ( 1516): [0,1516,system_server,-1,DisplayDeviceConfig,requesting nits when no mapping exists.]
01-05 05:34:19.413 I/am_wtf ( 1516): [0,1516,system_server,-1,DisplayDeviceConfig,requesting nits when no mapping exists.]
01-05 05:34:19.429 I/am_wtf ( 1516): [0,1516,system_server,-1,DisplayDeviceConfig,requesting nits when no mapping exists.]
01-05 05:34:19.429 I/am_wtf ( 1516): [0,1516,system_server,-1,DisplayDeviceConfig,requesting nits when no mapping exists.]
01-05 05:34:19.446 I/am_wtf ( 1516): [0,1516,system_server,-1,DisplayDeviceConfig,requesting nits when no mapping exists.]
01-05 05:34:19.446 I/am_wtf ( 1516): [0,1516,system_server,-1,DisplayDeviceConfig,requesting nits when no mapping exists.]
01-05 05:34:19.462 I/am_wtf ( 1516): [0,1516,system_server,-1,DisplayDeviceConfig,requesting nits when no mapping exists.]
01-05 05:34:19.462 I/am_wtf ( 1516): [0,1516,system_server,-1,DisplayDeviceConfig,requesting nits when no mapping exists.]
01-05 05:34:19.479 I/am_wtf ( 1516): [0,1516,system_server,-1,DisplayDeviceConfig,requesting nits when no mapping exists.]
01-05 05:34:19.480 I/am_wtf ( 1516): [0,1516,system_server,-1,DisplayDeviceConfig,requesting nits when no mapping exists.]
01-05 05:34:19.496 I/am_wtf ( 1516): [0,1516,system_server,-1,DisplayDeviceConfig,requesting nits when no mapping exists.]
01-05 05:34:19.496 I/am_wtf ( 1516): [0,1516,system_server,-1,DisplayDeviceConfig,requesting nits when no mapping exists.]
01-05 05:34:19.513 I/am_wtf ( 1516): [0,1516,system_server,-1,DisplayDeviceConfig,requesting nits when no mapping exists.]
01-05 05:34:19.513 I/am_wtf ( 1516): [0,1516,system_server,-1,DisplayDeviceConfig,requesting nits when no mapping exists.]
01-05 05:34:19.530 I/am_wtf ( 1516): [0,1516,system_server,-1,DisplayDeviceConfig,requesting nits when no mapping exists.]
01-05 05:34:19.530 I/am_wtf ( 1516): [0,1516,system_server,-1,DisplayDeviceConfig,requesting nits when no mapping exists.]
01-05 05:34:19.546 I/am_wtf ( 1516): [0,1516,system_server,-1,DisplayDeviceConfig,requesting nits when no mapping exists.]
01-05 05:34:19.546 I/am_wtf ( 1516): [0,1516,system_server,-1,DisplayDeviceConfig,requesting nits when no mapping exists.]
01-05 05:34:19.563 I/am_wtf ( 1516): [0,1516,system_server,-1,DisplayDeviceConfig,requesting nits when no mapping exists.]
01-05 05:34:19.563 I/am_wtf ( 1516): [0,1516,system_server,-1,DisplayDeviceConfig,requesting nits when no mapping exists.]
01-05 05:34:19.579 I/am_wtf ( 1516): [0,1516,system_server,-1,DisplayDeviceConfig,requesting nits when no mapping exists.]
01-05 05:34:19.579 I/am_wtf ( 1516): [0,1516,system_server,-1,DisplayDeviceConfig,requesting nits when no mapping exists.]
01-05 05:34:19.596 I/am_wtf ( 1516): [0,1516,system_server,-1,DisplayDeviceConfig,requesting nits when no mapping exists.]
01-05 05:34:19.596 I/am_wtf ( 1516): [0,1516,system_server,-1,DisplayDeviceConfig,requesting nits when no mapping exists.]
01-05 05:34:19.613 I/am_wtf ( 1516): [0,1516,system_server,-1,DisplayDeviceConfig,requesting nits when no mapping exists.]
01-05 05:34:19.613 I/am_wtf ( 1516): [0,1516,system_server,-1,DisplayDeviceConfig,requesting nits when no mapping exists.]
01-05 05:34:19.629 I/am_wtf ( 1516): [0,1516,system_server,-1,DisplayDeviceConfig,requesting nits when no mapping exists.]
01-05 05:34:19.630 I/am_wtf ( 1516): [0,1516,system_server,-1,DisplayDeviceConfig,requesting nits when no mapping exists.]
01-05 05:34:19.646 I/am_wtf ( 1516): [0,1516,system_server,-1,DisplayDeviceConfig,requesting nits when no mapping exists.]
01-05 05:34:19.647 I/am_wtf ( 1516): [0,1516,system_server,-1,DisplayDeviceConfig,requesting nits when no mapping exists.]
01-05 05:34:19.664 I/am_wtf ( 1516): [0,1516,system_server,-1,DisplayDeviceConfig,requesting nits when no mapping exists.]
01-05 05:34:19.664 I/am_wtf ( 1516): [0,1516,system_server,-1,DisplayDeviceConfig,requesting nits when no mapping exists.]
01-05 05:34:19.679 I/am_wtf ( 1516): [0,1516,system_server,-1,DisplayDeviceConfig,requesting nits when no mapping exists.]
01-05 05:34:19.680 I/am_wtf ( 1516): [0,1516,system_server,-1,DisplayDeviceConfig,requesting nits when no mapping exists.]
01-05 05:34:19.696 I/am_wtf ( 1516): [0,1516,system_server,-1,DisplayDeviceConfig,requesting nits when no mapping exists.]
01-05 05:34:19.696 I/am_wtf ( 1516): [0,1516,system_server,-1,DisplayDeviceConfig,requesting nits when no mapping exists.]
01-05 05:34:19.713 I/am_wtf ( 1516): [0,1516,system_server,-1,DisplayDeviceConfig,requesting nits when no mapping exists.]
01-05 05:34:19.714 I/am_wtf ( 1516): [0,1516,system_server,-1,DisplayDeviceConfig,requesting nits when no mapping exists.]
01-05 05:34:19.730 I/am_wtf ( 1516): [0,1516,system_server,-1,DisplayDeviceConfig,requesting nits when no mapping exists.]
01-05 05:34:19.730 I/am_wtf ( 1516): [0,1516,system_server,-1,DisplayDeviceConfig,requesting nits when no mapping exists.]
01-05 05:34:19.746 I/am_wtf ( 1516): [0,1516,system_server,-1,DisplayDeviceConfig,requesting nits when no mapping exists.]
01-05 05:34:19.746 I/am_wtf ( 1516): [0,1516,system_server,-1,DisplayDeviceConfig,requesting nits when no mapping exists.]
01-05 05:34:19.763 I/am_wtf ( 1516): [0,1516,system_server,-1,DisplayDeviceConfig,requesting nits when no mapping exists.]
01-05 05:34:19.763 I/am_wtf ( 1516): [0,1516,system_server,-1,DisplayDeviceConfig,requesting nits when no mapping exists.]
01-05 05:34:19.780 I/am_wtf ( 1516): [0,1516,system_server,-1,DisplayDeviceConfig,requesting nits when no mapping exists.]
01-05 05:34:19.780 I/am_wtf ( 1516): [0,1516,system_server,-1,DisplayDeviceConfig,requesting nits when no mapping exists.]
01-05 05:34:19.796 I/am_wtf ( 1516): [0,1516,system_server,-1,DisplayDeviceConfig,requesting nits when no mapping exists.]
01-05 05:34:19.797 I/am_wtf ( 1516): [0,1516,system_server,-1,DisplayDeviceConfig,requesting nits when no mapping exists.]
01-05 05:34:19.813 I/am_wtf ( 1516): [0,1516,system_server,-1,DisplayDeviceConfig,requesting nits when no mapping exists.]
01-05 05:34:19.813 I/am_wtf ( 1516): [0,1516,system_server,-1,DisplayDeviceConfig,requesting nits when no mapping exists.]
01-05 05:34:19.830 I/am_wtf ( 1516): [0,1516,system_server,-1,DisplayDeviceConfig,requesting nits when no mapping exists.]
01-05 05:34:19.830 I/am_wtf ( 1516): [0,1516,system_server,-1,DisplayDeviceConfig,requesting nits when no mapping exists.]
01-05 05:34:19.846 I/am_wtf ( 1516): [0,1516,system_server,-1,DisplayDeviceConfig,requesting nits when no mapping exists.]
01-05 05:34:19.847 I/am_wtf ( 1516): [0,1516,system_server,-1,DisplayDeviceConfig,requesting nits when no mapping exists.]
01-05 05:34:19.863 I/am_wtf ( 1516): [0,1516,system_server,-1,DisplayDeviceConfig,requesting nits when no mapping exists.]
01-05 05:34:19.866 I/am_wtf ( 1516): [0,1516,system_server,-1,DisplayDeviceConfig,requesting nits when no mapping exists.]
01-05 05:34:19.880 I/am_wtf ( 1516): [0,1516,system_server,-1,DisplayDeviceConfig,requesting nits when no mapping exists.]
01-05 05:34:19.880 I/am_wtf ( 1516): [0,1516,system_server,-1,DisplayDeviceConfig,requesting nits when no mapping exists.]
01-05 05:34:19.897 I/am_wtf ( 1516): [0,1516,system_server,-1,DisplayDeviceConfig,requesting nits when no mapping exists.]
01-05 05:34:19.897 I/am_wtf ( 1516): [0,1516,system_server,-1,DisplayDeviceConfig,requesting nits when no mapping exists.]
01-05 05:34:19.913 I/am_wtf ( 1516): [0,1516,system_server,-1,DisplayDeviceConfig,requesting nits when no mapping exists.]
01-05 05:34:19.913 I/am_wtf ( 1516): [0,1516,system_server,-1,DisplayDeviceConfig,requesting nits when no mapping exists.]
01-05 05:34:19.930 I/am_wtf ( 1516): [0,1516,system_server,-1,DisplayDeviceConfig,requesting nits when no mapping exists.]
01-05 05:34:19.931 I/am_wtf ( 1516): [0,1516,system_server,-1,DisplayDeviceConfig,requesting nits when no mapping exists.]
01-05 05:35:25.355 I/am_uid_idle( 1516): 10066
01-05 05:36:18.866 I/commit_sys_config_file( 1516): [appops,3909771]
01-05 05:36:19.208 I/am_freeze( 1516): [7084,com.android.music]
01-05 05:36:19.210 I/am_freeze( 1516): [7085,com.android.gallery3d]
01-05 05:36:19.213 I/am_kill ( 1516): [0,7084,com.android.music,915,Unable to freeze binder interface]
01-05 05:36:19.216 I/am_kill ( 1516): [0,7085,com.android.gallery3d,905,Unable to freeze binder interface]
01-05 05:36:19.242 I/am_proc_died( 1516): [0,7085,com.android.gallery3d,905,19]
01-05 05:36:19.243 I/am_uid_stopped( 1516): 10069
01-05 05:36:19.246 I/am_proc_died( 1516): [0,7084,com.android.music,915,19]
01-05 05:36:19.249 I/am_uid_stopped( 1516): 10085
01-05 05:36:19.253 I/commit_sys_config_file( 1516): [procstats,8]
01-05 05:36:19.253 I/am_uid_running( 1516): 10085
01-05 05:36:19.254 I/am_uid_running( 1516): 10069
01-05 05:36:19.268 I/am_proc_start( 1516): [0,7230,10085,com.android.music,NULL,]
01-05 05:36:19.279 I/am_proc_start( 1516): [0,7231,10069,com.android.gallery3d,NULL,]
01-05 05:36:19.305 I/am_proc_bound( 1516): [0,7230,com.android.music]
01-05 05:36:19.313 I/am_proc_bound( 1516): [0,7231,com.android.gallery3d]
01-05 05:46:19.263 I/am_freeze( 1516): [7179,com.thundercomm.gamemode.provider]
01-05 05:46:19.266 I/am_kill ( 1516): [0,7179,com.thundercomm.gamemode.provider,905,Unable to freeze binder interface]
01-05 05:46:19.298 I/am_proc_died( 1516): [0,7179,com.thundercomm.gamemode.provider,905,19]
01-05 05:46:19.299 I/am_uid_stopped( 1516): 10066
01-05 05:46:19.308 I/am_pss ( 1516): [7231,10069,com.android.gallery3d,8619008,6332416,0,93175808,0,19,5]
01-05 05:46:19.313 I/am_pss ( 1516): [7230,10085,com.android.music,7215104,4784128,0,90304512,0,19,4]
01-05 05:46:19.316 I/am_freeze( 1516): [7230,com.android.music]
01-05 05:46:19.318 I/am_freeze( 1516): [7231,com.android.gallery3d]
01-05 05:46:19.318 I/am_kill ( 1516): [0,7230,com.android.music,915,Unable to freeze binder interface]
01-05 05:46:19.320 I/am_pss ( 1516): [6724,1000,com.qti.diagservices,6313984,3796992,0,93175808,0,10,5]
01-05 05:46:19.320 I/am_kill ( 1516): [0,7231,com.android.gallery3d,905,Unable to freeze binder interface]
01-05 05:46:19.326 I/am_pss ( 1516): [2820,1000,com.thundercomm.gamemode,19787776,15167488,0,124710912,0,10,5]
01-05 05:46:19.335 I/am_proc_died( 1516): [0,7231,com.android.gallery3d,905,19]
01-05 05:46:19.336 I/am_uid_stopped( 1516): 10069
01-05 05:46:19.338 I/am_proc_died( 1516): [0,7230,com.android.music,915,19]
01-05 05:46:19.338 I/am_uid_stopped( 1516): 10085
01-05 05:46:19.342 I/am_uid_running( 1516): 10085
01-05 05:46:19.343 I/am_uid_running( 1516): 10069
01-05 05:46:19.355 I/am_proc_start( 1516): [0,7297,10085,com.android.music,NULL,]
01-05 05:46:19.371 I/am_proc_start( 1516): [0,7298,10069,com.android.gallery3d,NULL,]
01-05 05:46:19.382 I/am_proc_bound( 1516): [0,7297,com.android.music]
01-05 05:46:19.400 I/am_proc_bound( 1516): [0,7298,com.android.gallery3d]
01-05 05:53:29.340 I/netstats_mobile_sample( 1516): [0,0,0,0,0,0,0,0,0,0,0,0,1672869209340]
01-05 05:53:29.340 I/netstats_wifi_sample( 1516): [0,0,0,0,0,0,0,0,0,0,0,0,1672869209340]
01-05 05:53:29.345 I/am_pss ( 1516): [5252,10052,com.thundercomm.screensaver,62950400,55283712,0,185036800,0,2,13]
01-05 05:56:19.424 I/am_freeze( 1516): [7297,com.android.music]
01-05 05:56:19.427 I/am_freeze( 1516): [7298,com.android.gallery3d]
01-05 05:56:19.428 I/am_kill ( 1516): [0,7297,com.android.music,905,Unable to freeze binder interface]
01-05 05:56:19.431 I/am_kill ( 1516): [0,7298,com.android.gallery3d,905,Unable to freeze binder interface]
01-05 05:56:19.454 I/am_proc_died( 1516): [0,7298,com.android.gallery3d,905,19]
01-05 05:56:19.455 I/am_uid_stopped( 1516): 10069
01-05 05:56:19.458 I/am_proc_died( 1516): [0,7297,com.android.music,905,19]
01-05 05:56:19.458 I/am_uid_stopped( 1516): 10085
01-05 05:56:19.462 I/am_uid_running( 1516): 10085
01-05 05:56:19.463 I/am_pss ( 1516): [6724,1000,com.qti.diagservices,6427648,3796992,0,93175808,0,10,5]
01-05 05:56:19.464 I/am_uid_running( 1516): 10069
01-05 05:56:19.476 I/am_proc_start( 1516): [0,7369,10085,com.android.music,NULL,]
01-05 05:56:19.486 I/am_proc_start( 1516): [0,7370,10069,com.android.gallery3d,NULL,]
01-05 05:56:19.512 I/am_proc_bound( 1516): [0,7369,com.android.music]
01-05 05:56:19.517 I/am_proc_bound( 1516): [0,7370,com.android.gallery3d]
01-05 06:00:36.203 I/auditd ( 563): type=1400 audit(0.0:907): avc: denied { read } for comm="Binder:563_2" name="wakeup58" dev="sysfs" ino=71670 scontext=u:r:system_suspend:s0 tcontext=u:object_r:sysfs:s0 tclass=dir permissive=0
01-05 06:00:36.203 I/auditd ( 563): type=1400 audit(0.0:908): avc: denied { read } for comm="Binder:563_2" name="wakeup48" dev="sysfs" ino=67403 scontext=u:r:system_suspend:s0 tcontext=u:object_r:sysfs:s0 tclass=dir permissive=0
01-05 06:00:36.203 I/auditd ( 563): type=1400 audit(0.0:909): avc: denied { read } for comm="Binder:563_2" name="wakeup4" dev="sysfs" ino=47049 scontext=u:r:system_suspend:s0 tcontext=u:object_r:sysfs:s0 tclass=dir permissive=0
01-05 06:00:36.203 I/auditd ( 563): type=1400 audit(0.0:910): avc: denied { read } for comm="Binder:563_2" name="wakeup76" dev="sysfs" ino=76605 scontext=u:r:system_suspend:s0 tcontext=u:object_r:sysfs:s0 tclass=dir permissive=0
01-05 06:00:36.207 I/auditd ( 563): type=1400 audit(0.0:911): avc: denied { read } for comm="Binder:563_2" name="wakeup28" dev="sysfs" ino=53254 scontext=u:r:system_suspend:s0 tcontext=u:object_r:sysfs:s0 tclass=dir permissive=0
01-05 06:00:36.207 I/auditd ( 563): type=1400 audit(0.0:912): avc: denied { read } for comm="Binder:563_2" name="wakeup56" dev="sysfs" ino=71598 scontext=u:r:system_suspend:s0 tcontext=u:object_r:sysfs:s0 tclass=dir permissive=0
01-05 06:00:36.207 I/auditd ( 563): type=1400 audit(0.0:913): avc: denied { read } for comm="Binder:563_2" name="wakeup2" dev="sysfs" ino=46573 scontext=u:r:system_suspend:s0 tcontext=u:object_r:sysfs:s0 tclass=dir permissive=0
01-05 06:00:36.207 I/auditd ( 563): type=1400 audit(0.0:914): avc: denied { read } for comm="Binder:563_2" name="wakeup36" dev="sysfs" ino=62479 scontext=u:r:system_suspend:s0 tcontext=u:object_r:sysfs:s0 tclass=dir permissive=0
01-05 06:00:36.207 I/auditd ( 563): type=1400 audit(0.0:915): avc: denied { read } for comm="Binder:563_2" name="wakeup54" dev="sysfs" ino=71526 scontext=u:r:system_suspend:s0 tcontext=u:object_r:sysfs:s0 tclass=dir permissive=0
01-05 06:00:36.239 I/commit_sys_config_file( 1516): [batterystats,6]
01-05 06:00:36.240 I/commit_sys_config_file( 1516): [batterystats,1]
01-05 06:01:08.895 I/auditd ( 497): type=1401 audit(0.0:957): op=security_compute_sid invalid_context=u:r:np_thundercomm_tlog_pstore:s0 scontext=u:r:init:s0 tcontext=u:object_r:np_thundercomm_tlog_pstore_exec:s0 tclass=process
01-05 06:06:19.262 I/commit_sys_config_file( 1516): [appops,5710167]
01-05 06:06:19.462 I/am_freeze( 1516): [6724,com.qti.diagservices]
01-05 06:06:19.465 I/am_kill ( 1516): [0,6724,com.qti.diagservices,905,Unable to freeze binder interface]
01-05 06:06:19.494 I/am_proc_died( 1516): [0,6724,com.qti.diagservices,905,10]
01-05 06:06:19.494 I/am_schedule_service_restart( 1516): [0,com.qti.diagservices/.QTIDiagServices,1000]
01-05 06:06:19.508 I/am_pss ( 1516): [2835,10075,com.android.launcher3,79623168,68034560,0,215134208,0,6,10]
01-05 06:06:19.521 I/am_freeze( 1516): [7369,com.android.music]
01-05 06:06:19.522 I/am_pss ( 1516): [5768,1000,com.android.settings,149480448,128356352,0,300482560,0,15,13]
01-05 06:06:19.522 I/am_freeze( 1516): [7370,com.android.gallery3d]
01-05 06:06:19.523 I/am_kill ( 1516): [0,7369,com.android.music,915,Unable to freeze binder interface]
01-05 06:06:19.524 I/am_kill ( 1516): [0,7370,com.android.gallery3d,905,Unable to freeze binder interface]
01-05 06:06:19.533 I/am_pss ( 1516): [3745,10026,com.baidu.input,142919680,123609088,0,291987456,0,7,10]
01-05 06:06:19.540 I/am_proc_died( 1516): [0,7370,com.android.gallery3d,905,19]
01-05 06:06:19.541 I/am_uid_stopped( 1516): 10069
01-05 06:06:19.542 I/am_pss ( 1516): [2350,1002,com.android.bluetooth,42924032,35303424,0,156598272,0,0,7]
01-05 06:06:19.544 I/am_proc_died( 1516): [0,7369,com.android.music,915,19]
01-05 06:06:19.544 I/am_uid_stopped( 1516): 10085
01-05 06:06:19.549 I/am_uid_running( 1516): 10085
01-05 06:06:19.550 I/am_pss ( 1516): [3455,10094,com.android.providers.media.module,23460864,18640896,0,128974848,0,0,7]
01-05 06:06:19.550 I/am_uid_running( 1516): 10069
01-05 06:06:19.555 I/am_pss ( 1516): [5034,2000,com.android.shell,6813696,4358144,0,92045312,0,19,5]
01-05 06:06:19.560 I/am_pss ( 1516): [3545,10078,com.qualcomm.location.XT,6990848,4575232,0,92585984,0,6,4]
01-05 06:06:19.561 I/am_proc_start( 1516): [0,7474,10085,com.android.music,NULL,]
01-05 06:06:19.566 I/am_pss ( 1516): [4174,10036,com.android.packageinstaller,7966720,5689344,0,90828800,0,19,5]
01-05 06:06:19.571 I/am_pss ( 1516): [3743,10030,com.android.managedprovisioning,9829376,7487488,0,94834688,0,19,4]
01-05 06:06:19.575 I/am_proc_start( 1516): [0,7475,10069,com.android.gallery3d,NULL,]
01-05 06:06:19.577 I/am_pss ( 1516): [3420,10086,com.qualcomm.qti.workloadclassifier,11897856,8962048,0,102776832,0,0,5]
01-05 06:06:19.583 I/am_pss ( 1516): [3411,10083,com.qualcomm.qti.qccnetstat,6697984,4358144,0,91176960,0,0,6]
01-05 06:06:19.590 I/am_pss ( 1516): [3392,10077,com.qualcomm.qti.services.systemhelper:systemhelper_service,6927360,4526080,0,93487104,0,0,5]
01-05 06:06:19.590 I/am_proc_bound( 1516): [0,7474,com.android.music]
01-05 06:06:19.596 I/am_pss ( 1516): [3366,10056,.pasr,5923840,3702784,0,88866816,0,0,5]
01-05 06:06:19.602 I/am_pss ( 1516): [3088,10095,android.ext.services,12740608,7770112,0,106635264,0,5,6]
01-05 06:06:19.604 I/am_proc_bound( 1516): [0,7475,com.android.gallery3d]
01-05 06:06:19.609 I/am_pss ( 1516): [3325,10058,ts.car.uart,6703104,4493312,0,89989120,0,0,6]
01-05 06:06:19.615 I/am_pss ( 1516): [3304,10089,com.hht.lebocast,39180288,17563648,0,102776832,0,0,5]
01-05 06:06:19.622 I/am_pss ( 1516): [3171,10073,com.qualcomm.location,10789888,7663616,0,103464960,0,0,7]
01-05 06:06:19.629 I/am_pss ( 1516): [2784,1000,com.qualcomm.qti.qdma,10166272,6631424,0,106020864,0,0,6]
01-05 06:06:19.637 I/am_pss ( 1516): [2728,1000,com.thundercomm.remotecontrolservice,22808576,19914752,0,113463296,0,0,6]
01-05 06:06:19.643 I/am_pss ( 1516): [2752,1000,com.thundercomm.tcservice,10233856,7684096,0,98615296,0,0,5]
01-05 06:06:19.648 I/am_pss ( 1516): [2715,1068,com.android.se,6348800,4091904,0,91033600,0,0,5]
01-05 06:06:19.654 I/am_pss ( 1516): [2640,10084,com.qti.qualcomm.mstatssystemservice,5985280,3792896,0,89321472,0,0,5]
01-05 06:06:19.663 I/am_pss ( 1516): [2617,1000,com.thundercomm.tcsetupwizard,49385472,42586112,0,172457984,0,0,8]
01-05 06:06:19.669 I/am_pss ( 1516): [2604,1000,com.tc.logclient,8291328,5705728,0,98009088,0,0,5]
01-05 06:06:19.675 I/am_pss ( 1516): [2630,1000,vendor.qti.qesdk.sysservice,6061056,3796992,0,90714112,0,0,6]
01-05 06:06:19.681 I/am_pss ( 1516): [2599,1000,com.thundercomm.tchttpserver,23586816,21340160,0,107991040,0,0,6]
01-05 06:06:19.687 I/am_pss ( 1516): [2586,1001,.dataservices,8281088,5951488,0,93614080,0,0,5]
01-05 06:06:19.692 I/am_pss ( 1516): [2592,10059,.qtidataservices,6426624,4182016,0,91090944,0,0,5]
01-05 06:06:19.698 I/am_pss ( 1516): [2575,1000,com.thundercomm.microsettings,28918784,18685952,0,128192512,0,0,5]
01-05 06:06:19.703 I/am_pss ( 1516): [2558,1000,com.thundercomm.microservice,9340928,6979584,0,95150080,0,0,5]
01-05 06:06:19.709 I/am_pss ( 1516): [2504,1073,com.android.networkstack.process,11617280,8617984,0,104235008,0,0,5]
01-05 06:06:19.723 I/am_pss ( 1516): [2367,10081,com.android.systemui,227759104,205348864,0,399261696,0,0,13]
01-05 06:06:19.744 I/am_pss ( 1516): [1516,1000,system,257351680,157638656,0,593838080,0,0,20]
01-05 06:06:19.750 I/commit_sys_config_file( 1516): [procstats,8]
01-05 06:06:20.519 I/am_proc_start( 1516): [0,7506,1000,com.qti.diagservices,service,{com.qti.diagservices/com.qti.diagservices.QTIDiagServices}]
01-05 06:06:20.555 I/am_proc_bound( 1516): [0,7506,com.qti.diagservices]
01-05 06:06:20.587 I/auditd ( 7506): type=1400 audit(0.0:958): avc: denied { read write } for comm="ti.diagservices" name="diag" dev="tmpfs" ino=12385 scontext=u:r:system_app:s0 tcontext=u:object_r:vendor_diag_device:s0 tclass=chr_file permissive=0
01-05 06:10:18.943 I/netstats_mobile_sample( 1516): [0,0,0,0,0,0,0,0,0,0,0,0,1672870218943]
01-05 06:10:18.943 I/netstats_wifi_sample( 1516): [0,0,0,0,0,0,0,0,0,0,0,0,1672870218943]
01-05 06:16:19.585 I/am_freeze( 1516): [2820,com.thundercomm.gamemode]
01-05 06:16:19.588 I/am_kill ( 1516): [0,2820,com.thundercomm.gamemode,915,Unable to freeze binder interface]
01-05 06:16:19.628 I/am_proc_died( 1516): [0,2820,com.thundercomm.gamemode,915,10]
01-05 06:16:19.631 I/am_schedule_service_restart( 1516): [0,com.thundercomm.gamemode/.ingame.services.GameModeService,1000]
01-05 06:16:19.631 I/am_schedule_service_restart( 1516): [0,com.thundercomm.gamemode/.ingame.services.ActivityMonitoringService,10999]
01-05 06:16:19.631 I/am_schedule_service_restart( 1516): [0,com.thundercomm.gamemode/.perf.FgBoostPerfService,20999]
01-05 06:16:19.637 I/am_freeze( 1516): [7474,com.android.music]
01-05 06:16:19.640 I/am_freeze( 1516): [7475,com.android.gallery3d]
01-05 06:16:19.641 I/am_kill ( 1516): [0,7474,com.android.music,915,Unable to freeze binder interface]
01-05 06:16:19.643 I/am_kill ( 1516): [0,7475,com.android.gallery3d,905,Unable to freeze binder interface]
01-05 06:16:19.646 I/am_pss ( 1516): [5252,10052,com.thundercomm.screensaver,64661504,56672256,0,188403712,0,2,10]
01-05 06:16:19.653 I/am_pss ( 1516): [7506,1000,com.qti.diagservices,6402048,3756032,0,93192192,0,10,6]
01-05 06:16:19.659 I/am_pss ( 1516): [3880,10063,com.qualcomm.qti.devicestatisticsservice,5971968,3657728,0,88563712,0,0,4]
01-05 06:16:19.675 I/am_proc_died( 1516): [0,7474,com.android.music,915,19]
01-05 06:16:19.676 I/am_uid_stopped( 1516): 10085
01-05 06:16:19.678 I/am_proc_died( 1516): [0,7475,com.android.gallery3d,905,19]
01-05 06:16:19.678 I/am_uid_stopped( 1516): 10069
01-05 06:16:19.681 I/am_uid_running( 1516): 10085
01-05 06:16:19.683 I/am_uid_running( 1516): 10069
01-05 06:16:19.696 I/am_proc_start( 1516): [0,7582,10085,com.android.music,NULL,]
01-05 06:16:19.709 I/am_proc_start( 1516): [0,7583,10069,com.android.gallery3d,NULL,]
01-05 06:16:19.729 I/am_proc_bound( 1516): [0,7582,com.android.music]
01-05 06:16:19.739 I/am_proc_bound( 1516): [0,7583,com.android.gallery3d]
01-05 06:16:20.660 I/am_proc_start( 1516): [0,7614,1000,com.thundercomm.gamemode,service,{com.thundercomm.gamemode/com.thundercomm.gamemode.ingame.services.GameModeService}]
01-05 06:16:20.705 I/am_proc_bound( 1516): [0,7614,com.thundercomm.gamemode]
01-05 06:16:20.997 I/am_uid_running( 1516): 10066
01-05 06:16:21.017 I/am_proc_start( 1516): [0,7632,10066,com.thundercomm.gamemode.provider,content provider,{com.thundercomm.gamemode.provider/com.thundercomm.gamemode.provider.SettingsProvider}]
01-05 06:16:21.057 I/am_proc_bound( 1516): [0,7632,com.thundercomm.gamemode.provider]
01-05 06:16:21.120 I/am_uid_active( 1516): 10066
01-05 06:17:27.167 I/am_uid_idle( 1516): 10066
01-05 06:26:19.742 I/am_freeze( 1516): [7582,com.android.music]
01-05 06:26:19.746 I/am_freeze( 1516): [7583,com.android.gallery3d]
01-05 06:26:19.747 I/am_kill ( 1516): [0,7582,com.android.music,905,Unable to freeze binder interface]
01-05 06:26:19.750 I/am_kill ( 1516): [0,7583,com.android.gallery3d,905,Unable to freeze binder interface]
01-05 06:26:19.772 I/am_proc_died( 1516): [0,7583,com.android.gallery3d,905,19]
01-05 06:26:19.773 I/am_uid_stopped( 1516): 10069
01-05 06:26:19.776 I/am_proc_died( 1516): [0,7582,com.android.music,905,19]
01-05 06:26:19.777 I/am_uid_stopped( 1516): 10085
01-05 06:26:19.780 I/am_uid_running( 1516): 10085
01-05 06:26:19.781 I/am_uid_running( 1516): 10069
01-05 06:26:19.795 I/am_proc_start( 1516): [0,7696,10085,com.android.music,NULL,]
01-05 06:26:19.798 I/am_pss ( 1516): [7632,10066,com.thundercomm.gamemode.provider,8297472,5849088,0,95076352,0,19,6]
01-05 06:26:19.805 I/am_pss ( 1516): [7614,1000,com.thundercomm.gamemode,18506752,14295040,0,119255040,0,10,5]
01-05 06:26:19.806 I/am_proc_start( 1516): [0,7697,10069,com.android.gallery3d,NULL,]
01-05 06:26:19.812 I/am_pss ( 1516): [7506,1000,com.qti.diagservices,6273024,3756032,0,93192192,0,10,5]
01-05 06:26:19.826 I/am_proc_bound( 1516): [0,7696,com.android.music]
01-05 06:26:19.839 I/am_proc_bound( 1516): [0,7697,com.android.gallery3d]
01-05 06:28:45.314 I/input_interaction( 1516): Interaction with: b41b1f6 com.thundercomm.screensaver/android.service.dreams.DreamActivity (server), edge-swipe (server), swipe-up (server), PointerEventDispatcher0 (server),
01-05 06:28:45.317 I/wm_finish_activity( 1516): [0,60419370,26,com.thundercomm.screensaver/android.service.dreams.DreamActivity,finish-activity]
01-05 06:28:45.317 I/wm_task_moved( 1516): [1,1,6]
01-05 06:28:45.318 I/wm_task_moved( 1516): [10,1,2147483647]
01-05 06:28:45.318 I/wm_task_to_front( 1516): [0,10]
01-05 06:28:45.318 I/wm_focused_root_task( 1516): [0,0,1,26,finish-top adjustFocusToNextFocusableTask]
01-05 06:28:45.318 I/wm_set_resumed_activity( 1516): [0,com.android.launcher3/.uioverrides.QuickstepLauncher,finish-top adjustFocusToNextFocusableTask]
01-05 06:28:45.319 I/wm_pause_activity( 1516): [0,60419370,com.thundercomm.screensaver/android.service.dreams.DreamActivity,userLeaving=false,finish]
01-05 06:28:45.326 I/sysui_multi_action( 1516): [757,803,799,window_time_0,802,3267]
01-05 06:28:45.327 I/wm_on_top_resumed_lost_called( 5252): [60419370,android.service.dreams.DreamActivity,topStateChangedWhenResumed]
01-05 06:28:45.327 I/wm_on_paused_called( 5252): [60419370,android.service.dreams.DreamActivity,performPause]
01-05 06:28:45.328 I/wm_add_to_stopping( 1516): [0,60419370,com.thundercomm.screensaver/android.service.dreams.DreamActivity,completeFinishing]
01-05 06:28:45.331 I/wm_set_resumed_activity( 1516): [0,com.android.launcher3/.uioverrides.QuickstepLauncher,resumeTopActivityInnerLocked]
01-05 06:28:45.332 I/wm_resume_activity( 1516): [0,39192225,10,com.android.launcher3/.uioverrides.QuickstepLauncher]
