01-05 07:35:33.681 I/am_wtf ( 1516): [0,1516,system_server,-1,DisplayDeviceConfig,requesting nits when no mapping exists.]
01-05 07:35:33.681 I/am_wtf ( 1516): [0,1516,system_server,-1,DisplayDeviceConfig,requesting nits when no mapping exists.]
01-05 07:35:33.698 I/am_wtf ( 1516): [0,1516,system_server,-1,DisplayDeviceConfig,requesting nits when no mapping exists.]
01-05 07:35:33.699 I/am_wtf ( 1516): [0,1516,system_server,-1,DisplayDeviceConfig,requesting nits when no mapping exists.]
01-05 07:35:33.715 I/am_wtf ( 1516): [0,1516,system_server,-1,DisplayDeviceConfig,requesting nits when no mapping exists.]
01-05 07:35:33.715 I/am_wtf ( 1516): [0,1516,system_server,-1,DisplayDeviceConfig,requesting nits when no mapping exists.]
01-05 07:35:33.731 I/am_wtf ( 1516): [0,1516,system_server,-1,DisplayDeviceConfig,requesting nits when no mapping exists.]
01-05 07:35:33.732 I/am_wtf ( 1516): [0,1516,system_server,-1,DisplayDeviceConfig,requesting nits when no mapping exists.]
01-05 07:35:33.748 I/am_wtf ( 1516): [0,1516,system_server,-1,DisplayDeviceConfig,requesting nits when no mapping exists.]
01-05 07:35:33.748 I/am_wtf ( 1516): [0,1516,system_server,-1,DisplayDeviceConfig,requesting nits when no mapping exists.]
01-05 07:35:33.765 I/am_wtf ( 1516): [0,1516,system_server,-1,DisplayDeviceConfig,requesting nits when no mapping exists.]
01-05 07:35:33.765 I/am_wtf ( 1516): [0,1516,system_server,-1,DisplayDeviceConfig,requesting nits when no mapping exists.]
01-05 07:35:33.781 I/am_wtf ( 1516): [0,1516,system_server,-1,DisplayDeviceConfig,requesting nits when no mapping exists.]
01-05 07:35:33.782 I/am_wtf ( 1516): [0,1516,system_server,-1,DisplayDeviceConfig,requesting nits when no mapping exists.]
01-05 07:35:33.798 I/am_wtf ( 1516): [0,1516,system_server,-1,DisplayDeviceConfig,requesting nits when no mapping exists.]
01-05 07:35:33.798 I/am_wtf ( 1516): [0,1516,system_server,-1,DisplayDeviceConfig,requesting nits when no mapping exists.]
01-05 07:35:33.815 I/am_wtf ( 1516): [0,1516,system_server,-1,DisplayDeviceConfig,requesting nits when no mapping exists.]
01-05 07:35:33.815 I/am_wtf ( 1516): [0,1516,system_server,-1,DisplayDeviceConfig,requesting nits when no mapping exists.]
01-05 07:35:33.832 I/am_wtf ( 1516): [0,1516,system_server,-1,DisplayDeviceConfig,requesting nits when no mapping exists.]
01-05 07:35:33.832 I/am_wtf ( 1516): [0,1516,system_server,-1,DisplayDeviceConfig,requesting nits when no mapping exists.]
01-05 07:35:33.848 I/am_wtf ( 1516): [0,1516,system_server,-1,DisplayDeviceConfig,requesting nits when no mapping exists.]
01-05 07:35:33.849 I/am_wtf ( 1516): [0,1516,system_server,-1,DisplayDeviceConfig,requesting nits when no mapping exists.]
01-05 07:35:33.865 I/am_wtf ( 1516): [0,1516,system_server,-1,DisplayDeviceConfig,requesting nits when no mapping exists.]
01-05 07:35:33.865 I/am_wtf ( 1516): [0,1516,system_server,-1,DisplayDeviceConfig,requesting nits when no mapping exists.]
01-05 07:35:33.882 I/am_wtf ( 1516): [0,1516,system_server,-1,DisplayDeviceConfig,requesting nits when no mapping exists.]
01-05 07:35:33.882 I/am_wtf ( 1516): [0,1516,system_server,-1,DisplayDeviceConfig,requesting nits when no mapping exists.]
01-05 07:36:08.916 I/input_interaction( 1516): Interaction with: efd346a com.thundercomm.screensaver/android.service.dreams.DreamActivity (server), edge-swipe (server), swipe-up (server), PointerEventDispatcher0 (server),
01-05 07:36:08.918 I/wm_finish_activity( 1516): [0,213807198,60,com.thundercomm.screensaver/android.service.dreams.DreamActivity,finish-activity]
01-05 07:36:08.919 I/wm_task_moved( 1516): [1,1,5]
01-05 07:36:08.920 I/wm_task_moved( 1516): [10,1,2147483647]
01-05 07:36:08.920 I/wm_task_to_front( 1516): [0,10]
01-05 07:36:08.920 I/wm_focused_root_task( 1516): [0,0,1,60,finish-top adjustFocusToNextFocusableTask]
01-05 07:36:08.920 I/wm_set_resumed_activity( 1516): [0,com.android.launcher3/.uioverrides.QuickstepLauncher,finish-top adjustFocusToNextFocusableTask]
01-05 07:36:08.922 I/wm_pause_activity( 1516): [0,213807198,com.thundercomm.screensaver/android.service.dreams.DreamActivity,userLeaving=false,finish]
01-05 07:36:08.928 I/sysui_multi_action( 1516): [757,803,799,window_time_0,802,36]
01-05 07:36:08.930 I/wm_on_top_resumed_lost_called( 5252): [213807198,android.service.dreams.DreamActivity,topStateChangedWhenResumed]
01-05 07:36:08.930 I/wm_on_paused_called( 5252): [213807198,android.service.dreams.DreamActivity,performPause]
01-05 07:36:08.931 I/wm_add_to_stopping( 1516): [0,213807198,com.thundercomm.screensaver/android.service.dreams.DreamActivity,completeFinishing]
01-05 07:36:08.933 I/wm_set_resumed_activity( 1516): [0,com.android.launcher3/.uioverrides.QuickstepLauncher,resumeTopActivityInnerLocked]
01-05 07:36:08.935 I/wm_resume_activity( 1516): [0,39192225,10,com.android.launcher3/.uioverrides.QuickstepLauncher]
01-05 07:36:08.943 I/sysui_multi_action( 1516): [757,803,799,window_time_0,802,0]
01-05 07:36:08.947 I/wm_on_restart_called( 2835): [39192225,com.android.launcher3.uioverrides.QuickstepLauncher,performRestartActivity]
01-05 07:36:08.947 I/wm_on_start_called( 2835): [39192225,com.android.launcher3.uioverrides.QuickstepLauncher,handleStartActivity]
01-05 07:36:08.947 I/wm_on_resume_called( 2835): [39192225,com.android.launcher3.uioverrides.QuickstepLauncher,RESUME_ACTIVITY]
01-05 07:36:08.947 I/wm_on_top_resumed_gained_called( 2835): [39192225,com.android.launcher3.uioverrides.QuickstepLauncher,topWhenResuming]
01-05 07:36:08.953 I/view_enqueue_input_event( 5252): [Motion - Cancel,com.thundercomm.screensaver/android.service.dreams.DreamActivity]
01-05 07:36:08.955 I/input_focus( 1516): [Focus leaving efd346a com.thundercomm.screensaver/android.service.dreams.DreamActivity (server),reason=NO_WINDOW]
01-05 07:36:08.955 I/input_interaction( 1516): Interaction with: edge-swipe (server), swipe-up (server), PointerEventDispatcher0 (server),
01-05 07:36:08.956 I/input_focus( 1516): [Focus request fdc0eb0 com.android.launcher3/com.android.launcher3.uioverrides.QuickstepLauncher,reason=UpdateInputWindows]
01-05 07:36:08.958 I/am_pss ( 1516): [10049,10065,com.android.calendar,6797312,4804608,0,90947584,0,19,5]
01-05 07:36:08.966 I/am_pss ( 1516): [10028,10067,com.android.deskclock,9024512,6000640,0,95268864,0,19,6]
01-05 07:36:08.984 I/input_focus( 1516): [Focus entering fdc0eb0 com.android.launcher3/com.android.launcher3.uioverrides.QuickstepLauncher (server),reason=Window became focusable. Previous reason: NOT_VISIBLE]
01-05 07:36:09.204 I/wm_destroy_activity( 1516): [0,213807198,60,com.thundercomm.screensaver/android.service.dreams.DreamActivity,finish-imm:idle]
01-05 07:36:09.223 I/wm_on_stop_called( 5252): [213807198,android.service.dreams.DreamActivity,LIFECYCLER_STOP_ACTIVITY]
01-05 07:36:09.224 I/wm_on_destroy_called( 5252): [213807198,android.service.dreams.DreamActivity,performDestroy]
01-05 07:36:09.227 I/sysui_multi_action( 1516): [757,222,758,2]
01-05 07:36:09.227 I/sysui_multi_action( 1516): [757,804,799,dreaming_minutes,801,0,802,1]
01-05 07:36:09.234 I/wm_task_removed( 1516): [60,removeChild:removeChild last r=ActivityRecord{cbe705e u0 com.thundercomm.screensaver/android.service.dreams.DreamActivity t-1 f}} in t=Task{24ec34b #60 type=dream A=10052:android:com.thundercomm.screensaver/dream U=0 visible=false mode=fullscreen translucent=true sz=0}]
01-05 07:36:09.234 I/wm_task_removed( 1516): [60,removeChild]
01-05 07:37:01.975 I/sysui_multi_action( 1516): [757,1696,758,6,759,2]
01-05 07:37:01.978 I/am_wtf ( 1516): [0,1516,system_server,-1,DisplayDeviceConfig,requesting nits when no mapping exists.]
01-05 07:37:01.982 I/am_wtf ( 1516): [0,1516,system_server,-1,DisplayDeviceConfig,requesting nits when no mapping exists.]
01-05 07:37:01.994 I/am_wtf ( 1516): [0,1516,system_server,-1,DisplayDeviceConfig,requesting nits when no mapping exists.]
01-05 07:37:01.996 I/am_wtf ( 1516): [0,1516,system_server,-1,DisplayDeviceConfig,requesting nits when no mapping exists.]
01-05 07:37:02.009 I/am_wtf ( 1516): [0,1516,system_server,-1,DisplayDeviceConfig,requesting nits when no mapping exists.]
01-05 07:37:02.011 I/am_wtf ( 1516): [0,1516,system_server,-1,DisplayDeviceConfig,requesting nits when no mapping exists.]
01-05 07:37:02.028 I/am_wtf ( 1516): [0,1516,system_server,-1,DisplayDeviceConfig,requesting nits when no mapping exists.]
01-05 07:37:02.029 I/am_wtf ( 1516): [0,1516,system_server,-1,DisplayDeviceConfig,requesting nits when no mapping exists.]
01-05 07:37:02.045 I/am_wtf ( 1516): [0,1516,system_server,-1,DisplayDeviceConfig,requesting nits when no mapping exists.]
01-05 07:37:02.046 I/am_wtf ( 1516): [0,1516,system_server,-1,DisplayDeviceConfig,requesting nits when no mapping exists.]
01-05 07:37:02.061 I/am_wtf ( 1516): [0,1516,system_server,-1,DisplayDeviceConfig,requesting nits when no mapping exists.]
01-05 07:37:02.062 I/am_wtf ( 1516): [0,1516,system_server,-1,DisplayDeviceConfig,requesting nits when no mapping exists.]
01-05 07:37:02.078 I/am_wtf ( 1516): [0,1516,system_server,-1,DisplayDeviceConfig,requesting nits when no mapping exists.]
01-05 07:37:02.079 I/am_wtf ( 1516): [0,1516,system_server,-1,DisplayDeviceConfig,requesting nits when no mapping exists.]
01-05 07:37:02.095 I/am_wtf ( 1516): [0,1516,system_server,-1,DisplayDeviceConfig,requesting nits when no mapping exists.]
01-05 07:37:02.096 I/am_wtf ( 1516): [0,1516,system_server,-1,DisplayDeviceConfig,requesting nits when no mapping exists.]
01-05 07:37:02.112 I/am_wtf ( 1516): [0,1516,system_server,-1,DisplayDeviceConfig,requesting nits when no mapping exists.]
01-05 07:37:02.113 I/am_wtf ( 1516): [0,1516,system_server,-1,DisplayDeviceConfig,requesting nits when no mapping exists.]
01-05 07:37:02.128 I/am_wtf ( 1516): [0,1516,system_server,-1,DisplayDeviceConfig,requesting nits when no mapping exists.]
01-05 07:37:02.129 I/am_wtf ( 1516): [0,1516,system_server,-1,DisplayDeviceConfig,requesting nits when no mapping exists.]
01-05 07:37:02.145 I/am_wtf ( 1516): [0,1516,system_server,-1,DisplayDeviceConfig,requesting nits when no mapping exists.]
01-05 07:37:02.146 I/am_wtf ( 1516): [0,1516,system_server,-1,DisplayDeviceConfig,requesting nits when no mapping exists.]
01-05 07:37:02.162 I/am_wtf ( 1516): [0,1516,system_server,-1,DisplayDeviceConfig,requesting nits when no mapping exists.]
01-05 07:37:02.163 I/am_wtf ( 1516): [0,1516,system_server,-1,DisplayDeviceConfig,requesting nits when no mapping exists.]
01-05 07:37:02.179 I/am_wtf ( 1516): [0,1516,system_server,-1,DisplayDeviceConfig,requesting nits when no mapping exists.]
01-05 07:37:02.180 I/am_wtf ( 1516): [0,1516,system_server,-1,DisplayDeviceConfig,requesting nits when no mapping exists.]
01-05 07:37:02.196 I/am_wtf ( 1516): [0,1516,system_server,-1,DisplayDeviceConfig,requesting nits when no mapping exists.]
01-05 07:37:02.197 I/am_wtf ( 1516): [0,1516,system_server,-1,DisplayDeviceConfig,requesting nits when no mapping exists.]
01-05 07:37:02.212 I/am_wtf ( 1516): [0,1516,system_server,-1,DisplayDeviceConfig,requesting nits when no mapping exists.]
01-05 07:37:02.213 I/am_wtf ( 1516): [0,1516,system_server,-1,DisplayDeviceConfig,requesting nits when no mapping exists.]
01-05 07:37:02.229 I/am_wtf ( 1516): [0,1516,system_server,-1,DisplayDeviceConfig,requesting nits when no mapping exists.]
01-05 07:37:02.230 I/am_wtf ( 1516): [0,1516,system_server,-1,DisplayDeviceConfig,requesting nits when no mapping exists.]
01-05 07:37:02.245 I/am_wtf ( 1516): [0,1516,system_server,-1,DisplayDeviceConfig,requesting nits when no mapping exists.]
01-05 07:37:02.246 I/am_wtf ( 1516): [0,1516,system_server,-1,DisplayDeviceConfig,requesting nits when no mapping exists.]
01-05 07:37:02.262 I/am_wtf ( 1516): [0,1516,system_server,-1,DisplayDeviceConfig,requesting nits when no mapping exists.]
01-05 07:37:02.263 I/am_wtf ( 1516): [0,1516,system_server,-1,DisplayDeviceConfig,requesting nits when no mapping exists.]
01-05 07:37:02.279 I/am_wtf ( 1516): [0,1516,system_server,-1,DisplayDeviceConfig,requesting nits when no mapping exists.]
01-05 07:37:02.279 I/am_wtf ( 1516): [0,1516,system_server,-1,DisplayDeviceConfig,requesting nits when no mapping exists.]
01-05 07:37:02.296 I/am_wtf ( 1516): [0,1516,system_server,-1,DisplayDeviceConfig,requesting nits when no mapping exists.]
01-05 07:37:02.296 I/am_wtf ( 1516): [0,1516,system_server,-1,DisplayDeviceConfig,requesting nits when no mapping exists.]
01-05 07:37:02.312 I/am_wtf ( 1516): [0,1516,system_server,-1,DisplayDeviceConfig,requesting nits when no mapping exists.]
01-05 07:37:02.313 I/am_wtf ( 1516): [0,1516,system_server,-1,DisplayDeviceConfig,requesting nits when no mapping exists.]
01-05 07:37:02.329 I/am_wtf ( 1516): [0,1516,system_server,-1,DisplayDeviceConfig,requesting nits when no mapping exists.]
01-05 07:37:02.329 I/am_wtf ( 1516): [0,1516,system_server,-1,DisplayDeviceConfig,requesting nits when no mapping exists.]
01-05 07:37:02.346 I/am_wtf ( 1516): [0,1516,system_server,-1,DisplayDeviceConfig,requesting nits when no mapping exists.]
01-05 07:37:02.347 I/am_wtf ( 1516): [0,1516,system_server,-1,DisplayDeviceConfig,requesting nits when no mapping exists.]
01-05 07:37:02.362 I/am_wtf ( 1516): [0,1516,system_server,-1,DisplayDeviceConfig,requesting nits when no mapping exists.]
01-05 07:37:02.364 I/am_wtf ( 1516): [0,1516,system_server,-1,DisplayDeviceConfig,requesting nits when no mapping exists.]
01-05 07:37:02.379 I/am_wtf ( 1516): [0,1516,system_server,-1,DisplayDeviceConfig,requesting nits when no mapping exists.]
01-05 07:37:02.381 I/am_wtf ( 1516): [0,1516,system_server,-1,DisplayDeviceConfig,requesting nits when no mapping exists.]
01-05 07:37:02.396 I/am_wtf ( 1516): [0,1516,system_server,-1,DisplayDeviceConfig,requesting nits when no mapping exists.]
01-05 07:37:02.397 I/am_wtf ( 1516): [0,1516,system_server,-1,DisplayDeviceConfig,requesting nits when no mapping exists.]
01-05 07:37:02.413 I/am_wtf ( 1516): [0,1516,system_server,-1,DisplayDeviceConfig,requesting nits when no mapping exists.]
01-05 07:37:02.414 I/am_wtf ( 1516): [0,1516,system_server,-1,DisplayDeviceConfig,requesting nits when no mapping exists.]
01-05 07:37:02.429 I/am_wtf ( 1516): [0,1516,system_server,-1,DisplayDeviceConfig,requesting nits when no mapping exists.]
01-05 07:37:02.430 I/am_wtf ( 1516): [0,1516,system_server,-1,DisplayDeviceConfig,requesting nits when no mapping exists.]
01-05 07:37:02.446 I/am_wtf ( 1516): [0,1516,system_server,-1,DisplayDeviceConfig,requesting nits when no mapping exists.]
01-05 07:37:02.446 I/am_wtf ( 1516): [0,1516,system_server,-1,DisplayDeviceConfig,requesting nits when no mapping exists.]
01-05 07:37:02.463 I/am_wtf ( 1516): [0,1516,system_server,-1,DisplayDeviceConfig,requesting nits when no mapping exists.]
01-05 07:37:02.463 I/am_wtf ( 1516): [0,1516,system_server,-1,DisplayDeviceConfig,requesting nits when no mapping exists.]
01-05 07:37:02.479 I/am_wtf ( 1516): [0,1516,system_server,-1,DisplayDeviceConfig,requesting nits when no mapping exists.]
01-05 07:37:02.480 I/am_wtf ( 1516): [0,1516,system_server,-1,DisplayDeviceConfig,requesting nits when no mapping exists.]
01-05 07:37:02.481 I/service_manager_stats( 1516): [100,47,88882]
01-05 07:37:02.496 I/am_wtf ( 1516): [0,1516,system_server,-1,DisplayDeviceConfig,requesting nits when no mapping exists.]
01-05 07:37:02.496 I/am_wtf ( 1516): [0,1516,system_server,-1,DisplayDeviceConfig,requesting nits when no mapping exists.]
01-05 07:37:02.513 I/am_wtf ( 1516): [0,1516,system_server,-1,DisplayDeviceConfig,requesting nits when no mapping exists.]
01-05 07:37:02.513 I/am_wtf ( 1516): [0,1516,system_server,-1,DisplayDeviceConfig,requesting nits when no mapping exists.]
01-05 07:37:02.529 I/am_wtf ( 1516): [0,1516,system_server,-1,DisplayDeviceConfig,requesting nits when no mapping exists.]
01-05 07:37:02.530 I/am_wtf ( 1516): [0,1516,system_server,-1,DisplayDeviceConfig,requesting nits when no mapping exists.]
01-05 07:37:02.546 I/am_wtf ( 1516): [0,1516,system_server,-1,DisplayDeviceConfig,requesting nits when no mapping exists.]
01-05 07:37:02.547 I/am_wtf ( 1516): [0,1516,system_server,-1,DisplayDeviceConfig,requesting nits when no mapping exists.]
01-05 07:37:02.563 I/am_wtf ( 1516): [0,1516,system_server,-1,DisplayDeviceConfig,requesting nits when no mapping exists.]
01-05 07:37:02.564 I/am_wtf ( 1516): [0,1516,system_server,-1,DisplayDeviceConfig,requesting nits when no mapping exists.]
01-05 07:37:02.580 I/am_wtf ( 1516): [0,1516,system_server,-1,DisplayDeviceConfig,requesting nits when no mapping exists.]
01-05 07:37:02.581 I/am_wtf ( 1516): [0,1516,system_server,-1,DisplayDeviceConfig,requesting nits when no mapping exists.]
01-05 07:37:02.596 I/am_wtf ( 1516): [0,1516,system_server,-1,DisplayDeviceConfig,requesting nits when no mapping exists.]
01-05 07:37:02.597 I/am_wtf ( 1516): [0,1516,system_server,-1,DisplayDeviceConfig,requesting nits when no mapping exists.]
01-05 07:37:02.613 I/am_wtf ( 1516): [0,1516,system_server,-1,DisplayDeviceConfig,requesting nits when no mapping exists.]
01-05 07:37:02.613 I/am_wtf ( 1516): [0,1516,system_server,-1,DisplayDeviceConfig,requesting nits when no mapping exists.]
01-05 07:37:02.630 I/am_wtf ( 1516): [0,1516,system_server,-1,DisplayDeviceConfig,requesting nits when no mapping exists.]
01-05 07:37:02.630 I/am_wtf ( 1516): [0,1516,system_server,-1,DisplayDeviceConfig,requesting nits when no mapping exists.]
01-05 07:37:02.646 I/am_wtf ( 1516): [0,1516,system_server,-1,DisplayDeviceConfig,requesting nits when no mapping exists.]
01-05 07:37:02.647 I/am_wtf ( 1516): [0,1516,system_server,-1,DisplayDeviceConfig,requesting nits when no mapping exists.]
01-05 07:37:02.663 I/am_wtf ( 1516): [0,1516,system_server,-1,DisplayDeviceConfig,requesting nits when no mapping exists.]
01-05 07:37:02.664 I/am_wtf ( 1516): [0,1516,system_server,-1,DisplayDeviceConfig,requesting nits when no mapping exists.]
01-05 07:37:02.679 I/am_wtf ( 1516): [0,1516,system_server,-1,DisplayDeviceConfig,requesting nits when no mapping exists.]
01-05 07:37:02.680 I/am_wtf ( 1516): [0,1516,system_server,-1,DisplayDeviceConfig,requesting nits when no mapping exists.]
01-05 07:37:02.696 I/am_wtf ( 1516): [0,1516,system_server,-1,DisplayDeviceConfig,requesting nits when no mapping exists.]
01-05 07:37:02.697 I/am_wtf ( 1516): [0,1516,system_server,-1,DisplayDeviceConfig,requesting nits when no mapping exists.]
01-05 07:37:02.713 I/am_wtf ( 1516): [0,1516,system_server,-1,DisplayDeviceConfig,requesting nits when no mapping exists.]
01-05 07:37:02.714 I/am_wtf ( 1516): [0,1516,system_server,-1,DisplayDeviceConfig,requesting nits when no mapping exists.]
01-05 07:37:02.729 I/am_wtf ( 1516): [0,1516,system_server,-1,DisplayDeviceConfig,requesting nits when no mapping exists.]
01-05 07:37:02.730 I/am_wtf ( 1516): [0,1516,system_server,-1,DisplayDeviceConfig,requesting nits when no mapping exists.]
01-05 07:37:02.746 I/am_wtf ( 1516): [0,1516,system_server,-1,DisplayDeviceConfig,requesting nits when no mapping exists.]
01-05 07:37:02.748 I/am_wtf ( 1516): [0,1516,system_server,-1,DisplayDeviceConfig,requesting nits when no mapping exists.]
01-05 07:37:02.763 I/am_wtf ( 1516): [0,1516,system_server,-1,DisplayDeviceConfig,requesting nits when no mapping exists.]
01-05 07:37:02.764 I/am_wtf ( 1516): [0,1516,system_server,-1,DisplayDeviceConfig,requesting nits when no mapping exists.]
01-05 07:37:02.780 I/am_wtf ( 1516): [0,1516,system_server,-1,DisplayDeviceConfig,requesting nits when no mapping exists.]
01-05 07:37:02.781 I/am_wtf ( 1516): [0,1516,system_server,-1,DisplayDeviceConfig,requesting nits when no mapping exists.]
01-05 07:37:02.797 I/am_wtf ( 1516): [0,1516,system_server,-1,DisplayDeviceConfig,requesting nits when no mapping exists.]
01-05 07:37:02.798 I/am_wtf ( 1516): [0,1516,system_server,-1,DisplayDeviceConfig,requesting nits when no mapping exists.]
01-05 07:37:02.813 I/am_wtf ( 1516): [0,1516,system_server,-1,DisplayDeviceConfig,requesting nits when no mapping exists.]
01-05 07:37:02.814 I/am_wtf ( 1516): [0,1516,system_server,-1,DisplayDeviceConfig,requesting nits when no mapping exists.]
01-05 07:37:02.830 I/am_wtf ( 1516): [0,1516,system_server,-1,DisplayDeviceConfig,requesting nits when no mapping exists.]
01-05 07:37:02.831 I/am_wtf ( 1516): [0,1516,system_server,-1,DisplayDeviceConfig,requesting nits when no mapping exists.]
01-05 07:37:02.847 I/am_wtf ( 1516): [0,1516,system_server,-1,DisplayDeviceConfig,requesting nits when no mapping exists.]
01-05 07:37:02.848 I/am_wtf ( 1516): [0,1516,system_server,-1,DisplayDeviceConfig,requesting nits when no mapping exists.]
01-05 07:37:02.863 I/am_wtf ( 1516): [0,1516,system_server,-1,DisplayDeviceConfig,requesting nits when no mapping exists.]
01-05 07:37:02.864 I/am_wtf ( 1516): [0,1516,system_server,-1,DisplayDeviceConfig,requesting nits when no mapping exists.]
01-05 07:37:02.880 I/am_wtf ( 1516): [0,1516,system_server,-1,DisplayDeviceConfig,requesting nits when no mapping exists.]
01-05 07:37:02.881 I/am_wtf ( 1516): [0,1516,system_server,-1,DisplayDeviceConfig,requesting nits when no mapping exists.]
01-05 07:37:02.897 I/am_wtf ( 1516): [0,1516,system_server,-1,DisplayDeviceConfig,requesting nits when no mapping exists.]
01-05 07:37:02.897 I/am_wtf ( 1516): [0,1516,system_server,-1,DisplayDeviceConfig,requesting nits when no mapping exists.]
01-05 07:37:02.914 I/am_wtf ( 1516): [0,1516,system_server,-1,DisplayDeviceConfig,requesting nits when no mapping exists.]
01-05 07:37:02.914 I/am_wtf ( 1516): [0,1516,system_server,-1,DisplayDeviceConfig,requesting nits when no mapping exists.]
01-05 07:37:02.930 I/am_wtf ( 1516): [0,1516,system_server,-1,DisplayDeviceConfig,requesting nits when no mapping exists.]
01-05 07:37:02.931 I/am_wtf ( 1516): [0,1516,system_server,-1,DisplayDeviceConfig,requesting nits when no mapping exists.]
01-05 07:37:09.218 I/sysui_multi_action( 1516): [757,222,758,1]
01-05 07:37:09.220 I/am_pss ( 1516): [10049,10065,com.android.calendar,6797312,4804608,0,90947584,0,19,9]
01-05 07:37:09.236 I/commit_sys_config_file( 1516): [procstats,26]
01-05 07:37:09.240 I/wm_task_created( 1516): [61,-1]
01-05 07:37:09.246 I/wm_task_moved( 1516): [61,1,6]
01-05 07:37:09.246 I/wm_task_to_front( 1516): [0,61]
01-05 07:37:09.246 I/wm_create_task( 1516): [0,61]
01-05 07:37:09.246 I/wm_create_activity( 1516): [0,37643759,61,com.thundercomm.screensaver/android.service.dreams.DreamActivity,NULL,NULL,NULL,276824064]
01-05 07:37:09.246 I/wm_task_moved( 1516): [61,1,6]
01-05 07:37:09.246 I/wm_on_top_resumed_lost_called( 2835): [39192225,com.android.launcher3.uioverrides.QuickstepLauncher,topStateChangedWhenResumed]
01-05 07:37:09.246 I/wm_pause_activity( 1516): [0,39192225,com.android.launcher3/.uioverrides.QuickstepLauncher,userLeaving=true,pauseBackTasks]
01-05 07:37:09.248 I/wm_on_paused_called( 2835): [39192225,com.android.launcher3.uioverrides.QuickstepLauncher,performPause]
01-05 07:37:09.250 I/wm_add_to_stopping( 1516): [0,39192225,com.android.launcher3/.uioverrides.QuickstepLauncher,makeInvisible]
01-05 07:37:09.250 I/wm_restart_activity( 1516): [0,37643759,61,com.thundercomm.screensaver/android.service.dreams.DreamActivity]
01-05 07:37:09.251 I/wm_set_resumed_activity( 1516): [0,com.thundercomm.screensaver/android.service.dreams.DreamActivity,minimalResumeActivityLocked]
01-05 07:37:09.253 I/sysui_multi_action( 1516): [757,803,799,window_time_0,802,61]
01-05 07:37:09.255 I/wm_on_create_called( 5252): [37643759,android.service.dreams.DreamActivity,performCreate]
01-05 07:37:09.255 I/wm_on_start_called( 5252): [37643759,android.service.dreams.DreamActivity,handleStartActivity]
01-05 07:37:09.256 I/wm_on_resume_called( 5252): [37643759,android.service.dreams.DreamActivity,RESUME_ACTIVITY]
01-05 07:37:09.257 I/wm_on_top_resumed_gained_called( 5252): [37643759,android.service.dreams.DreamActivity,topStateChangedWhenResumed]
01-05 07:37:09.270 I/input_focus( 1516): [Focus request 5b0bdda com.thundercomm.screensaver/android.service.dreams.DreamActivity,reason=UpdateInputWindows]
01-05 07:37:09.280 I/input_focus( 1516): [Focus leaving fdc0eb0 com.android.launcher3/com.android.launcher3.uioverrides.QuickstepLauncher (server),reason=NO_WINDOW]
01-05 07:37:09.280 I/sysui_multi_action( 1516): [319,40,322,38,325,11193,757,761,758,8,759,2,806,com.thundercomm.screensaver,871,android.service.dreams.DreamActivity,904,com.thundercomm.screensaver,905,0,1320,4,1321,2]
01-05 07:37:09.281 I/wm_activity_launch_time( 1516): [0,37643759,com.thundercomm.screensaver/android.service.dreams.DreamActivity,38]
01-05 07:37:09.282 I/sysui_multi_action( 1516): [757,1696,758,6,759,3]
01-05 07:37:09.294 I/am_wtf ( 1516): [0,1516,system_server,-1,DisplayDeviceConfig,requesting nits when no mapping exists.]
01-05 07:37:09.294 I/am_wtf ( 1516): [0,1516,system_server,-1,DisplayDeviceConfig,requesting nits when no mapping exists.]
01-05 07:37:09.311 I/am_wtf ( 1516): [0,1516,system_server,-1,DisplayDeviceConfig,requesting nits when no mapping exists.]
01-05 07:37:09.311 I/am_wtf ( 1516): [0,1516,system_server,-1,DisplayDeviceConfig,requesting nits when no mapping exists.]
01-05 07:37:09.311 I/input_focus( 1516): [Focus entering 5b0bdda com.thundercomm.screensaver/android.service.dreams.DreamActivity (server),reason=Window became focusable. Previous reason: NOT_VISIBLE]
01-05 07:37:09.327 I/am_wtf ( 1516): [0,1516,system_server,-1,DisplayDeviceConfig,requesting nits when no mapping exists.]
01-05 07:37:09.328 I/am_wtf ( 1516): [0,1516,system_server,-1,DisplayDeviceConfig,requesting nits when no mapping exists.]
01-05 07:37:09.344 I/am_wtf ( 1516): [0,1516,system_server,-1,DisplayDeviceConfig,requesting nits when no mapping exists.]
01-05 07:37:09.345 I/am_wtf ( 1516): [0,1516,system_server,-1,DisplayDeviceConfig,requesting nits when no mapping exists.]
01-05 07:37:09.362 I/am_wtf ( 1516): [0,1516,system_server,-1,DisplayDeviceConfig,requesting nits when no mapping exists.]
01-05 07:37:09.362 I/am_wtf ( 1516): [0,1516,system_server,-1,DisplayDeviceConfig,requesting nits when no mapping exists.]
01-05 07:37:09.378 I/am_wtf ( 1516): [0,1516,system_server,-1,DisplayDeviceConfig,requesting nits when no mapping exists.]
01-05 07:37:09.379 I/am_wtf ( 1516): [0,1516,system_server,-1,DisplayDeviceConfig,requesting nits when no mapping exists.]
01-05 07:37:09.395 I/am_wtf ( 1516): [0,1516,system_server,-1,DisplayDeviceConfig,requesting nits when no mapping exists.]
01-05 07:37:09.395 I/am_wtf ( 1516): [0,1516,system_server,-1,DisplayDeviceConfig,requesting nits when no mapping exists.]
01-05 07:37:09.411 I/am_wtf ( 1516): [0,1516,system_server,-1,DisplayDeviceConfig,requesting nits when no mapping exists.]
01-05 07:37:09.412 I/am_wtf ( 1516): [0,1516,system_server,-1,DisplayDeviceConfig,requesting nits when no mapping exists.]
01-05 07:37:09.416 I/am_meminfo( 1516): [2653585408,2685317120,12288,342667264,637755392]
01-05 07:37:09.425 I/am_pss ( 1516): [2835,10075,com.android.launcher3,129054720,116027392,0,266690560,2,2,8]
01-05 07:37:09.428 I/am_wtf ( 1516): [0,1516,system_server,-1,DisplayDeviceConfig,requesting nits when no mapping exists.]
01-05 07:37:09.429 I/am_wtf ( 1516): [0,1516,system_server,-1,DisplayDeviceConfig,requesting nits when no mapping exists.]
01-05 07:37:09.431 I/am_pss ( 1516): [9695,10069,com.android.gallery3d,25243648,18935808,0,140349440,2,18,6]
01-05 07:37:09.438 I/am_pss ( 1516): [2350,1002,com.android.bluetooth,43194368,36114432,0,157540352,2,0,6]
01-05 07:37:09.445 I/am_wtf ( 1516): [0,1516,system_server,-1,DisplayDeviceConfig,requesting nits when no mapping exists.]
01-05 07:37:09.445 I/am_wtf ( 1516): [0,1516,system_server,-1,DisplayDeviceConfig,requesting nits when no mapping exists.]
01-05 07:37:09.448 I/am_pss ( 1516): [3745,10026,com.baidu.input,143940608,124817408,0,292974592,2,7,10]
01-05 07:37:09.453 I/am_pss ( 1516): [10028,10067,com.android.deskclock,9024512,6000640,0,95268864,2,19,5]
01-05 07:37:09.457 I/am_pss ( 1516): [9987,1000,com.qti.diagservices,6082560,3764224,0,93179904,2,10,4]
01-05 07:37:09.462 I/am_wtf ( 1516): [0,1516,system_server,-1,DisplayDeviceConfig,requesting nits when no mapping exists.]
01-05 07:37:09.462 I/am_wtf ( 1516): [0,1516,system_server,-1,DisplayDeviceConfig,requesting nits when no mapping exists.]
01-05 07:37:09.463 I/am_pss ( 1516): [3455,10094,com.android.providers.media.module,23789568,19394560,0,129830912,2,0,6]
01-05 07:37:09.469 I/am_pss ( 1516): [9938,1000,com.android.settings,24374272,12541952,0,119255040,2,19,5]
01-05 07:37:09.473 I/am_pss ( 1516): [9730,10087,com.qualcomm.qti.qccauthmgr,6589440,4325376,0,94236672,2,19,4]
01-05 07:37:09.477 I/am_pss ( 1516): [9678,10085,com.android.music,7034880,4763648,0,90423296,2,19,4]
01-05 07:37:09.478 I/am_wtf ( 1516): [0,1516,system_server,-1,DisplayDeviceConfig,requesting nits when no mapping exists.]
01-05 07:37:09.479 I/am_wtf ( 1516): [0,1516,system_server,-1,DisplayDeviceConfig,requesting nits when no mapping exists.]
01-05 07:37:09.484 I/am_pss ( 1516): [7614,1000,com.thundercomm.gamemode,19578880,15192064,0,124960768,2,10,6]
01-05 07:37:09.488 I/am_pss ( 1516): [5034,2000,com.android.shell,6433792,4358144,0,92045312,2,19,4]
01-05 07:37:09.493 I/am_pss ( 1516): [3545,10078,com.qualcomm.location.XT,6658048,4575232,0,92585984,2,6,4]
01-05 07:37:09.495 I/am_wtf ( 1516): [0,1516,system_server,-1,DisplayDeviceConfig,requesting nits when no mapping exists.]
01-05 07:37:09.496 I/am_wtf ( 1516): [0,1516,system_server,-1,DisplayDeviceConfig,requesting nits when no mapping exists.]
01-05 07:37:09.497 I/am_pss ( 1516): [4174,10036,com.android.packageinstaller,7627776,5689344,0,90828800,2,19,5]
01-05 07:37:09.502 I/am_pss ( 1516): [3743,10030,com.android.managedprovisioning,9529344,7487488,0,94834688,2,19,4]
01-05 07:37:09.506 I/am_pss ( 1516): [3420,10086,com.qualcomm.qti.workloadclassifier,11558912,8962048,0,102776832,2,0,4]
01-05 07:37:09.511 I/am_pss ( 1516): [3411,10083,com.qualcomm.qti.qccnetstat,6381568,4358144,0,91176960,2,0,4]
01-05 07:37:09.512 I/am_wtf ( 1516): [0,1516,system_server,-1,DisplayDeviceConfig,requesting nits when no mapping exists.]
01-05 07:37:09.513 I/am_wtf ( 1516): [0,1516,system_server,-1,DisplayDeviceConfig,requesting nits when no mapping exists.]
01-05 07:37:09.516 I/am_pss ( 1516): [3392,10077,com.qualcomm.qti.services.systemhelper:systemhelper_service,6631424,4526080,0,93487104,2,0,5]
01-05 07:37:09.520 I/am_pss ( 1516): [3366,10056,.pasr,5642240,3702784,0,88866816,2,0,4]
01-05 07:37:09.525 I/am_pss ( 1516): [3088,10095,android.ext.services,14504960,9699328,0,111726592,2,5,5]
01-05 07:37:09.529 I/am_wtf ( 1516): [0,1516,system_server,-1,DisplayDeviceConfig,requesting nits when no mapping exists.]
01-05 07:37:09.529 I/am_wtf ( 1516): [0,1516,system_server,-1,DisplayDeviceConfig,requesting nits when no mapping exists.]
01-05 07:37:09.530 I/am_pss ( 1516): [3325,10058,ts.car.uart,6430720,4493312,0,89989120,2,0,4]
01-05 07:37:09.534 I/am_pss ( 1516): [3304,10089,com.hht.lebocast,38762496,17117184,0,102625280,2,0,4]
01-05 07:37:09.539 I/am_pss ( 1516): [3171,10073,com.qualcomm.location,10629120,7774208,0,103567360,2,0,5]
01-05 07:37:09.544 I/am_pss ( 1516): [2784,1000,com.qualcomm.qti.qdma,9896960,6692864,0,106020864,2,0,5]
01-05 07:37:09.545 I/am_wtf ( 1516): [0,1516,system_server,-1,DisplayDeviceConfig,requesting nits when no mapping exists.]
01-05 07:37:09.545 I/am_wtf ( 1516): [0,1516,system_server,-1,DisplayDeviceConfig,requesting nits when no mapping exists.]
01-05 07:37:09.548 I/am_pss ( 1516): [3880,10063,com.qualcomm.qti.devicestatisticsservice,5594112,3657728,0,88563712,2,0,4]
01-05 07:37:09.553 I/am_pss ( 1516): [2728,1000,com.thundercomm.remotecontrolservice,9917440,7180288,0,102690816,2,0,5]
01-05 07:37:09.558 I/am_pss ( 1516): [2752,1000,com.thundercomm.tcservice,9972736,7688192,0,98619392,2,0,4]
01-05 07:37:09.562 I/am_pss ( 1516): [2715,1068,com.android.se,6097920,4091904,0,91033600,2,0,4]
01-05 07:37:09.562 I/am_wtf ( 1516): [0,1516,system_server,-1,DisplayDeviceConfig,requesting nits when no mapping exists.]
01-05 07:37:09.562 I/am_wtf ( 1516): [0,1516,system_server,-1,DisplayDeviceConfig,requesting nits when no mapping exists.]
01-05 07:37:09.566 I/am_pss ( 1516): [2640,10084,com.qti.qualcomm.mstatssystemservice,5733376,3792896,0,89321472,2,0,4]
01-05 07:37:09.573 I/am_pss ( 1516): [2617,1000,com.thundercomm.tcsetupwizard,49299456,42586112,0,172457984,2,0,6]
01-05 07:37:09.578 I/am_pss ( 1516): [2604,1000,com.tc.logclient,8148992,5849088,0,98148352,2,0,5]
01-05 07:37:09.579 I/am_wtf ( 1516): [0,1516,system_server,-1,DisplayDeviceConfig,requesting nits when no mapping exists.]
01-05 07:37:09.580 I/am_wtf ( 1516): [0,1516,system_server,-1,DisplayDeviceConfig,requesting nits when no mapping exists.]
01-05 07:37:09.580 I/wm_stop_activity( 1516): [0,39192225,com.android.launcher3/.uioverrides.QuickstepLauncher]
01-05 07:37:09.583 I/am_pss ( 1516): [2630,1000,vendor.qti.qesdk.sysservice,5808128,3796992,0,90714112,2,0,4]
01-05 07:37:09.588 I/am_pss ( 1516): [2599,1000,com.thundercomm.tchttpserver,9390080,7385088,0,94248960,2,0,5]
01-05 07:37:09.593 I/am_pss ( 1516): [2586,1001,.dataservices,8096768,6000640,0,93663232,2,0,4]
01-05 07:37:09.596 I/am_wtf ( 1516): [0,1516,system_server,-1,DisplayDeviceConfig,requesting nits when no mapping exists.]
01-05 07:37:09.596 I/am_wtf ( 1516): [0,1516,system_server,-1,DisplayDeviceConfig,requesting nits when no mapping exists.]
01-05 07:37:09.598 I/am_pss ( 1516): [2592,10059,.qtidataservices,6166528,4182016,0,91090944,2,0,5]
01-05 07:37:09.598 I/wm_on_stop_called( 2835): [39192225,com.android.launcher3.uioverrides.QuickstepLauncher,STOP_ACTIVITY_ITEM]
01-05 07:37:09.603 I/am_pss ( 1516): [2575,1000,com.thundercomm.microsettings,28672000,18685952,0,128192512,2,0,4]
01-05 07:37:09.607 I/am_pss ( 1516): [2558,1000,com.thundercomm.microservice,9082880,6979584,0,95150080,2,0,4]
01-05 07:37:09.612 I/am_pss ( 1516): [2504,1073,com.android.networkstack.process,11390976,8630272,0,104247296,2,0,4]
01-05 07:37:09.612 I/am_wtf ( 1516): [0,1516,system_server,-1,DisplayDeviceConfig,requesting nits when no mapping exists.]
01-05 07:37:09.613 I/am_wtf ( 1516): [0,1516,system_server,-1,DisplayDeviceConfig,requesting nits when no mapping exists.]
01-05 07:37:09.626 I/am_pss ( 1516): [2367,10081,com.android.systemui,235947008,211783680,0,413986816,2,0,13]
01-05 07:37:09.629 I/am_wtf ( 1516): [0,1516,system_server,-1,DisplayDeviceConfig,requesting nits when no mapping exists.]
01-05 07:37:09.629 I/am_wtf ( 1516): [0,1516,system_server,-1,DisplayDeviceConfig,requesting nits when no mapping exists.]
01-05 07:37:09.644 I/am_pss ( 1516): [1516,1000,system,246265856,144871424,0,584364032,2,0,18]
01-05 07:37:09.645 I/am_wtf ( 1516): [0,1516,system_server,-1,DisplayDeviceConfig,requesting nits when no mapping exists.]
01-05 07:37:09.646 I/am_wtf ( 1516): [0,1516,system_server,-1,DisplayDeviceConfig,requesting nits when no mapping exists.]
01-05 07:37:09.662 I/am_wtf ( 1516): [0,1516,system_server,-1,DisplayDeviceConfig,requesting nits when no mapping exists.]
01-05 07:37:09.662 I/am_wtf ( 1516): [0,1516,system_server,-1,DisplayDeviceConfig,requesting nits when no mapping exists.]
01-05 07:37:09.663 I/service_manager_stats( 1516): [100,36,7182]
01-05 07:37:09.679 I/am_wtf ( 1516): [0,1516,system_server,-1,DisplayDeviceConfig,requesting nits when no mapping exists.]
01-05 07:37:09.679 I/am_wtf ( 1516): [0,1516,system_server,-1,DisplayDeviceConfig,requesting nits when no mapping exists.]
01-05 07:37:09.695 I/am_wtf ( 1516): [0,1516,system_server,-1,DisplayDeviceConfig,requesting nits when no mapping exists.]
01-05 07:37:09.696 I/am_wtf ( 1516): [0,1516,system_server,-1,DisplayDeviceConfig,requesting nits when no mapping exists.]
01-05 07:37:09.712 I/am_wtf ( 1516): [0,1516,system_server,-1,DisplayDeviceConfig,requesting nits when no mapping exists.]
01-05 07:37:09.712 I/am_wtf ( 1516): [0,1516,system_server,-1,DisplayDeviceConfig,requesting nits when no mapping exists.]
01-05 07:37:09.729 I/am_wtf ( 1516): [0,1516,system_server,-1,DisplayDeviceConfig,requesting nits when no mapping exists.]
01-05 07:37:09.730 I/am_wtf ( 1516): [0,1516,system_server,-1,DisplayDeviceConfig,requesting nits when no mapping exists.]
01-05 07:37:09.746 I/am_wtf ( 1516): [0,1516,system_server,-1,DisplayDeviceConfig,requesting nits when no mapping exists.]
01-05 07:37:09.746 I/am_wtf ( 1516): [0,1516,system_server,-1,DisplayDeviceConfig,requesting nits when no mapping exists.]
01-05 07:37:09.763 I/am_wtf ( 1516): [0,1516,system_server,-1,DisplayDeviceConfig,requesting nits when no mapping exists.]
01-05 07:37:09.763 I/am_wtf ( 1516): [0,1516,system_server,-1,DisplayDeviceConfig,requesting nits when no mapping exists.]
01-05 07:37:09.779 I/am_wtf ( 1516): [0,1516,system_server,-1,DisplayDeviceConfig,requesting nits when no mapping exists.]
01-05 07:37:09.780 I/am_wtf ( 1516): [0,1516,system_server,-1,DisplayDeviceConfig,requesting nits when no mapping exists.]
01-05 07:37:09.796 I/am_wtf ( 1516): [0,1516,system_server,-1,DisplayDeviceConfig,requesting nits when no mapping exists.]
01-05 07:37:09.796 I/am_wtf ( 1516): [0,1516,system_server,-1,DisplayDeviceConfig,requesting nits when no mapping exists.]
01-05 07:37:09.813 I/am_wtf ( 1516): [0,1516,system_server,-1,DisplayDeviceConfig,requesting nits when no mapping exists.]
01-05 07:37:09.813 I/am_wtf ( 1516): [0,1516,system_server,-1,DisplayDeviceConfig,requesting nits when no mapping exists.]
01-05 07:37:09.829 I/am_wtf ( 1516): [0,1516,system_server,-1,DisplayDeviceConfig,requesting nits when no mapping exists.]
01-05 07:37:09.829 I/am_wtf ( 1516): [0,1516,system_server,-1,DisplayDeviceConfig,requesting nits when no mapping exists.]
01-05 07:37:09.846 I/am_wtf ( 1516): [0,1516,system_server,-1,DisplayDeviceConfig,requesting nits when no mapping exists.]
01-05 07:37:09.846 I/am_wtf ( 1516): [0,1516,system_server,-1,DisplayDeviceConfig,requesting nits when no mapping exists.]
01-05 07:37:09.863 I/am_wtf ( 1516): [0,1516,system_server,-1,DisplayDeviceConfig,requesting nits when no mapping exists.]
01-05 07:37:09.863 I/am_wtf ( 1516): [0,1516,system_server,-1,DisplayDeviceConfig,requesting nits when no mapping exists.]
01-05 07:37:09.880 I/am_wtf ( 1516): [0,1516,system_server,-1,DisplayDeviceConfig,requesting nits when no mapping exists.]
01-05 07:37:09.880 I/am_wtf ( 1516): [0,1516,system_server,-1,DisplayDeviceConfig,requesting nits when no mapping exists.]
01-05 07:37:09.896 I/am_wtf ( 1516): [0,1516,system_server,-1,DisplayDeviceConfig,requesting nits when no mapping exists.]
01-05 07:37:09.897 I/am_wtf ( 1516): [0,1516,system_server,-1,DisplayDeviceConfig,requesting nits when no mapping exists.]
01-05 07:37:09.913 I/am_wtf ( 1516): [0,1516,system_server,-1,DisplayDeviceConfig,requesting nits when no mapping exists.]
01-05 07:37:09.913 I/am_wtf ( 1516): [0,1516,system_server,-1,DisplayDeviceConfig,requesting nits when no mapping exists.]
01-05 07:37:09.929 I/am_wtf ( 1516): [0,1516,system_server,-1,DisplayDeviceConfig,requesting nits when no mapping exists.]
01-05 07:37:09.930 I/am_wtf ( 1516): [0,1516,system_server,-1,DisplayDeviceConfig,requesting nits when no mapping exists.]
01-05 07:37:09.946 I/am_wtf ( 1516): [0,1516,system_server,-1,DisplayDeviceConfig,requesting nits when no mapping exists.]
01-05 07:37:09.946 I/am_wtf ( 1516): [0,1516,system_server,-1,DisplayDeviceConfig,requesting nits when no mapping exists.]
01-05 07:37:09.963 I/am_wtf ( 1516): [0,1516,system_server,-1,DisplayDeviceConfig,requesting nits when no mapping exists.]
01-05 07:37:09.963 I/am_wtf ( 1516): [0,1516,system_server,-1,DisplayDeviceConfig,requesting nits when no mapping exists.]
01-05 07:37:09.980 I/am_wtf ( 1516): [0,1516,system_server,-1,DisplayDeviceConfig,requesting nits when no mapping exists.]
01-05 07:37:09.980 I/am_wtf ( 1516): [0,1516,system_server,-1,DisplayDeviceConfig,requesting nits when no mapping exists.]
01-05 07:37:09.996 I/am_wtf ( 1516): [0,1516,system_server,-1,DisplayDeviceConfig,requesting nits when no mapping exists.]
01-05 07:37:09.996 I/am_wtf ( 1516): [0,1516,system_server,-1,DisplayDeviceConfig,requesting nits when no mapping exists.]
01-05 07:37:10.013 I/am_wtf ( 1516): [0,1516,system_server,-1,DisplayDeviceConfig,requesting nits when no mapping exists.]
01-05 07:37:10.013 I/am_wtf ( 1516): [0,1516,system_server,-1,DisplayDeviceConfig,requesting nits when no mapping exists.]
01-05 07:37:10.030 I/am_wtf ( 1516): [0,1516,system_server,-1,DisplayDeviceConfig,requesting nits when no mapping exists.]
01-05 07:37:10.030 I/am_wtf ( 1516): [0,1516,system_server,-1,DisplayDeviceConfig,requesting nits when no mapping exists.]
01-05 07:37:10.047 I/am_wtf ( 1516): [0,1516,system_server,-1,DisplayDeviceConfig,requesting nits when no mapping exists.]
01-05 07:37:10.047 I/am_wtf ( 1516): [0,1516,system_server,-1,DisplayDeviceConfig,requesting nits when no mapping exists.]
01-05 07:37:10.063 I/am_wtf ( 1516): [0,1516,system_server,-1,DisplayDeviceConfig,requesting nits when no mapping exists.]
01-05 07:37:10.063 I/am_wtf ( 1516): [0,1516,system_server,-1,DisplayDeviceConfig,requesting nits when no mapping exists.]
01-05 07:37:10.080 I/am_wtf ( 1516): [0,1516,system_server,-1,DisplayDeviceConfig,requesting nits when no mapping exists.]
01-05 07:37:10.080 I/am_wtf ( 1516): [0,1516,system_server,-1,DisplayDeviceConfig,requesting nits when no mapping exists.]
01-05 07:37:10.096 I/am_wtf ( 1516): [0,1516,system_server,-1,DisplayDeviceConfig,requesting nits when no mapping exists.]
01-05 07:37:10.097 I/am_wtf ( 1516): [0,1516,system_server,-1,DisplayDeviceConfig,requesting nits when no mapping exists.]
01-05 07:37:10.113 I/am_wtf ( 1516): [0,1516,system_server,-1,DisplayDeviceConfig,requesting nits when no mapping exists.]
01-05 07:37:10.113 I/am_wtf ( 1516): [0,1516,system_server,-1,DisplayDeviceConfig,requesting nits when no mapping exists.]
01-05 07:37:10.130 I/am_wtf ( 1516): [0,1516,system_server,-1,DisplayDeviceConfig,requesting nits when no mapping exists.]
01-05 07:37:10.130 I/am_wtf ( 1516): [0,1516,system_server,-1,DisplayDeviceConfig,requesting nits when no mapping exists.]
01-05 07:37:10.146 I/am_wtf ( 1516): [0,1516,system_server,-1,DisplayDeviceConfig,requesting nits when no mapping exists.]
01-05 07:37:10.147 I/am_wtf ( 1516): [0,1516,system_server,-1,DisplayDeviceConfig,requesting nits when no mapping exists.]
01-05 07:37:10.163 I/am_wtf ( 1516): [0,1516,system_server,-1,DisplayDeviceConfig,requesting nits when no mapping exists.]
01-05 07:37:10.163 I/am_wtf ( 1516): [0,1516,system_server,-1,DisplayDeviceConfig,requesting nits when no mapping exists.]
01-05 07:37:10.180 I/am_wtf ( 1516): [0,1516,system_server,-1,DisplayDeviceConfig,requesting nits when no mapping exists.]
01-05 07:37:10.180 I/am_wtf ( 1516): [0,1516,system_server,-1,DisplayDeviceConfig,requesting nits when no mapping exists.]
01-05 07:37:10.197 I/am_wtf ( 1516): [0,1516,system_server,-1,DisplayDeviceConfig,requesting nits when no mapping exists.]
01-05 07:37:10.197 I/am_wtf ( 1516): [0,1516,system_server,-1,DisplayDeviceConfig,requesting nits when no mapping exists.]
01-05 07:37:10.213 I/am_wtf ( 1516): [0,1516,system_server,-1,DisplayDeviceConfig,requesting nits when no mapping exists.]
01-05 07:37:10.213 I/am_wtf ( 1516): [0,1516,system_server,-1,DisplayDeviceConfig,requesting nits when no mapping exists.]
01-05 07:37:10.230 I/am_wtf ( 1516): [0,1516,system_server,-1,DisplayDeviceConfig,requesting nits when no mapping exists.]
01-05 07:37:10.230 I/am_wtf ( 1516): [0,1516,system_server,-1,DisplayDeviceConfig,requesting nits when no mapping exists.]
01-05 07:37:10.247 I/am_wtf ( 1516): [0,1516,system_server,-1,DisplayDeviceConfig,requesting nits when no mapping exists.]
01-05 07:37:10.247 I/am_wtf ( 1516): [0,1516,system_server,-1,DisplayDeviceConfig,requesting nits when no mapping exists.]
01-05 07:38:15.657 I/am_uid_idle( 1516): 10066
01-05 07:38:50.259 I/input_interaction( 1516): Interaction with: 5b0bdda com.thundercomm.screensaver/android.service.dreams.DreamActivity (server), edge-swipe (server), swipe-up (server), PointerEventDispatcher0 (server),
01-05 07:38:50.263 I/wm_finish_activity( 1516): [0,37643759,61,com.thundercomm.screensaver/android.service.dreams.DreamActivity,finish-activity]
01-05 07:38:50.263 I/wm_task_moved( 1516): [1,1,5]
01-05 07:38:50.264 I/wm_task_moved( 1516): [10,1,2147483647]
01-05 07:38:50.264 I/wm_task_to_front( 1516): [0,10]
01-05 07:38:50.264 I/wm_focused_root_task( 1516): [0,0,1,61,finish-top adjustFocusToNextFocusableTask]
01-05 07:38:50.265 I/wm_set_resumed_activity( 1516): [0,com.android.launcher3/.uioverrides.QuickstepLauncher,finish-top adjustFocusToNextFocusableTask]
01-05 07:38:50.266 I/wm_pause_activity( 1516): [0,37643759,com.thundercomm.screensaver/android.service.dreams.DreamActivity,userLeaving=false,finish]
01-05 07:38:50.272 I/wm_on_top_resumed_lost_called( 5252): [37643759,android.service.dreams.DreamActivity,topStateChangedWhenResumed]
01-05 07:38:50.273 I/sysui_multi_action( 1516): [757,803,799,window_time_0,802,101]
01-05 07:38:50.273 I/wm_on_paused_called( 5252): [37643759,android.service.dreams.DreamActivity,performPause]
01-05 07:38:50.273 I/wm_add_to_stopping( 1516): [0,37643759,com.thundercomm.screensaver/android.service.dreams.DreamActivity,completeFinishing]
01-05 07:38:50.277 I/wm_set_resumed_activity( 1516): [0,com.android.launcher3/.uioverrides.QuickstepLauncher,resumeTopActivityInnerLocked]
01-05 07:38:50.278 I/wm_resume_activity( 1516): [0,39192225,10,com.android.launcher3/.uioverrides.QuickstepLauncher]
01-05 07:38:50.280 I/wm_on_restart_called( 2835): [39192225,com.android.launcher3.uioverrides.QuickstepLauncher,performRestartActivity]
01-05 07:38:50.281 I/wm_on_start_called( 2835): [39192225,com.android.launcher3.uioverrides.QuickstepLauncher,handleStartActivity]
01-05 07:38:50.282 I/wm_on_resume_called( 2835): [39192225,com.android.launcher3.uioverrides.QuickstepLauncher,RESUME_ACTIVITY]
01-05 07:38:50.282 I/wm_on_top_resumed_gained_called( 2835): [39192225,com.android.launcher3.uioverrides.QuickstepLauncher,topWhenResuming]
01-05 07:38:50.288 I/sysui_multi_action( 1516): [757,803,799,window_time_0,802,0]
01-05 07:38:50.291 I/view_enqueue_input_event( 5252): [Motion - Cancel,com.thundercomm.screensaver/android.service.dreams.DreamActivity]
01-05 07:38:50.291 I/input_focus( 1516): [Focus leaving 5b0bdda com.thundercomm.screensaver/android.service.dreams.DreamActivity (server),reason=NO_WINDOW]
01-05 07:38:50.296 I/input_interaction( 1516): Interaction with: edge-swipe (server), swipe-up (server), PointerEventDispatcher0 (server),
01-05 07:38:50.304 I/am_uid_active( 1516): 10066
01-05 07:38:50.308 I/input_focus( 1516): [Focus request fdc0eb0 com.android.launcher3/com.android.launcher3.uioverrides.QuickstepLauncher,reason=UpdateInputWindows]
01-05 07:38:50.322 I/input_focus( 1516): [Focus entering fdc0eb0 com.android.launcher3/com.android.launcher3.uioverrides.QuickstepLauncher (server),reason=setFocusedWindow]
01-05 07:38:50.562 I/wm_destroy_activity( 1516): [0,37643759,61,com.thundercomm.screensaver/android.service.dreams.DreamActivity,finish-imm:idle]
01-05 07:38:50.582 I/wm_on_stop_called( 5252): [37643759,android.service.dreams.DreamActivity,LIFECYCLER_STOP_ACTIVITY]
01-05 07:38:50.582 I/wm_on_destroy_called( 5252): [37643759,android.service.dreams.DreamActivity,performDestroy]
01-05 07:38:50.586 I/sysui_multi_action( 1516): [757,222,758,2]
01-05 07:38:50.586 I/sysui_multi_action( 1516): [757,804,799,dreaming_minutes,801,1,802,1]
01-05 07:38:50.591 I/wm_task_removed( 1516): [61,removeChild:removeChild last r=ActivityRecord{23e65ef u0 com.thundercomm.screensaver/android.service.dreams.DreamActivity t-1 f}} in t=Task{f0af3fb #61 type=dream A=10052:android:com.thundercomm.screensaver/dream U=0 visible=false mode=fullscreen translucent=true sz=0}]
01-05 07:38:50.591 I/wm_task_removed( 1516): [61,removeChild] --------- beginning of main
01-05 07:39:12.975 I/mpu_uart( 647): [MSG-P:RECV]:No message received in 1000 ms
01-05 07:39:13.278 W/hpplay-java( 3304): [main]:IPManager:getActiveNets invalid networkInfo:null
01-05 07:39:13.278 I/hpplay-java( 3304): [main]:IPManager:getActiveNets eth0:false wifi:false mobile:false ap:false
01-05 07:39:13.279 I/hpplay-java( 3304): [main]:ServerTaskManager:get local ip:null
01-05 07:39:13.976 I/mpu_uart( 647): [MSG-P:RECV]:No message received in 1000 ms
01-05 07:39:14.280 W/hpplay-java( 3304): [main]:IPManager:getActiveNets invalid networkInfo:null
01-05 07:39:14.280 I/hpplay-java( 3304): [main]:IPManager:getActiveNets eth0:false wifi:false mobile:false ap:false
01-05 07:39:14.281 I/hpplay-java( 3304): [main]:ServerTaskManager:get local ip:null
01-05 07:39:14.933 I/mpu_uart( 647): [MSG-P:R]:recv sync frame timeout
01-05 07:39:14.976 I/mpu_uart( 647): [MSG-P:RECV]:No message received in 1000 ms
01-05 07:39:14.988 D/RemoteControlService( 2728): startVlanDispatchThread
01-05 07:39:15.282 W/hpplay-java( 3304): [main]:IPManager:getActiveNets invalid networkInfo:null
01-05 07:39:15.282 I/hpplay-java( 3304): [main]:IPManager:getActiveNets eth0:false wifi:false mobile:false ap:false
01-05 07:39:15.282 I/hpplay-java( 3304): [main]:ServerTaskManager:get local ip:null
01-05 07:39:15.976 I/mpu_uart( 647): [MSG-P:RECV]:No message received in 1000 ms
01-05 07:39:16.283 W/hpplay-java( 3304): [main]:IPManager:getActiveNets invalid networkInfo:null
01-05 07:39:16.283 I/hpplay-java( 3304): [main]:IPManager:getActiveNets eth0:false wifi:false mobile:false ap:false
01-05 07:39:16.283 I/hpplay-java( 3304): [main]:ServerTaskManager:get local ip:null
01-05 07:39:16.976 I/mpu_uart( 647): [MSG-P:RECV]:No message received in 1000 ms
01-05 07:39:17.285 W/hpplay-java( 3304): [main]:IPManager:getActiveNets invalid networkInfo:null
01-05 07:39:17.285 I/hpplay-java( 3304): [main]:IPManager:getActiveNets eth0:false wifi:false mobile:false ap:false
01-05 07:39:17.285 I/hpplay-java( 3304): [main]:ServerTaskManager:get local ip:null
