01-05 07:39:44.661 W/FreeFormWindowHelper( 1516): getCurrentDisplayedFreeFormTask is null
01-05 07:39:44.663 W/System ( 1516): A resource failed to call close.
01-05 07:39:44.664 W/System ( 1516): A resource failed to call close.
01-05 07:39:44.664 W/System ( 1516): A resource failed to call close.
01-05 07:39:44.664 W/System ( 1516): A resource failed to call close.
01-05 07:39:44.664 W/System ( 1516): A resource failed to call close.
01-05 07:39:44.664 W/System ( 1516): A resource failed to call close.
01-05 07:39:44.673 I/OpenGLRenderer( 2835): Davey! duration=9223360688355ms; Flags=0, FrameTimelineVsyncId=177039, IntendedVsync=11348498999845, Vsync=11348515666511, InputEventId=0, HandleInputStart=11348527485773, AnimationStart=11348527487075, PerformTraversalsStart=11348541992283, DrawStart=11348542874783, FrameDeadline=11348515666511, FrameInterval=11348527482335, FrameStartTime=16666666, SyncQueued=11348543426867, SyncStart=11348543644367, IssueDrawCommandsStart=11348544109002, SwapBuffers=11348545449263, FrameCompleted=9223372036854775807, DequeueBufferDuration=36042, QueueBufferDuration=805782, GpuCompleted=9223372036854775807, SwapBuffersCompleted=11348546728429, DisplayPresentTime=64,
01-05 07:39:44.678 W/FreeFormWindowHelper( 1516): getCurrentDisplayedFreeFormTask is null
01-05 07:39:44.694 W/FreeFormWindowHelper( 1516): getCurrentDisplayedFreeFormTask is null
01-05 07:39:44.712 W/FreeFormWindowHelper( 1516): getCurrentDisplayedFreeFormTask is null
01-05 07:39:44.729 W/FreeFormWindowHelper( 1516): getCurrentDisplayedFreeFormTask is null
01-05 07:39:44.745 W/FreeFormWindowHelper( 1516): getCurrentDisplayedFreeFormTask is null
01-05 07:39:44.761 W/FreeFormWindowHelper( 1516): getCurrentDisplayedFreeFormTask is null
01-05 07:39:44.778 W/FreeFormWindowHelper( 1516): getCurrentDisplayedFreeFormTask is null
01-05 07:39:44.797 W/FreeFormWindowHelper( 1516): getCurrentDisplayedFreeFormTask is null
01-05 07:39:44.809 I/commit_sys_config_file( 1516): [settings-1-0,4]
01-05 07:39:44.814 W/FreeFormWindowHelper( 1516): getCurrentDisplayedFreeFormTask is null
01-05 07:39:44.829 W/FreeFormWindowHelper( 1516): getCurrentDisplayedFreeFormTask is null
01-05 07:39:44.847 W/FreeFormWindowHelper( 1516): getCurrentDisplayedFreeFormTask is null
01-05 07:39:44.863 W/FreeFormWindowHelper( 1516): getCurrentDisplayedFreeFormTask is null
01-05 07:39:44.879 W/FreeFormWindowHelper( 1516): getCurrentDisplayedFreeFormTask is null
01-05 07:39:44.895 W/FreeFormWindowHelper( 1516): getCurrentDisplayedFreeFormTask is null
01-05 07:39:44.913 W/FreeFormWindowHelper( 1516): getCurrentDisplayedFreeFormTask is null
01-05 07:39:44.929 W/FreeFormWindowHelper( 1516): getCurrentDisplayedFreeFormTask is null
01-05 07:39:44.949 D/StateManager( 2835): goToState: Overview
01-05 07:39:44.949 D/FreeWindowHelper( 2835): enterOrExitRecentTasks: isEnterRecentTasks=true,mExitFlag=0
01-05 07:39:44.950 W/FreeFormWindowHelper( 1516): getCurrentDisplayedFreeFormTask is null
01-05 07:39:44.950 D/FreeWindowContainer( 2835): reloadTask: null
01-05 07:39:44.955 D/EditModeHelper( 2835): setHotseatVisibility: 0
01-05 07:39:44.966 W/FreeFormWindowHelper( 1516): getCurrentDisplayedFreeFormTask is null
01-05 07:39:44.966 I/mpu_uart( 647): [MSG-P:R]:recv sync frame timeout
01-05 07:39:44.989 I/mpu_uart( 647): [MSG-P:RECV]:No message received in 1000 ms
01-05 07:39:45.053 D/RemoteControlService( 2728): startVlanDispatchThread
01-05 07:39:45.204 E/TaskPersister( 1516): File error accessing recents directory (directory doesn't exist?).
01-05 07:39:45.344 W/hpplay-java( 3304): [main]:IPManager:getActiveNets invalid networkInfo:null
01-05 07:39:45.344 I/hpplay-java( 3304): [main]:IPManager:getActiveNets eth0:false wifi:false mobile:false ap:false
01-05 07:39:45.344 I/hpplay-java( 3304): [main]:ServerTaskManager:get local ip:null
01-05 07:39:45.990 I/mpu_uart( 647): [MSG-P:RECV]:No message received in 1000 ms
01-05 07:39:46.346 W/hpplay-java( 3304): [main]:IPManager:getActiveNets invalid networkInfo:null
01-05 07:39:46.346 I/hpplay-java( 3304): [main]:IPManager:getActiveNets eth0:false wifi:false mobile:false ap:false
01-05 07:39:46.346 I/hpplay-java( 3304): [main]:ServerTaskManager:get local ip:null
01-05 07:39:46.977 W/System (10028): A resource failed to call close.
01-05 07:39:46.978 W/System (10028): A resource failed to call close.
01-05 07:39:46.978 W/System (10028): A resource failed to call close.
01-05 07:39:46.980 W/System (10028): A resource failed to call close.
01-05 07:39:46.980 W/System (10028): A resource failed to call close.
01-05 07:39:46.990 I/mpu_uart( 647): [MSG-P:RECV]:No message received in 1000 ms
01-05 07:39:47.348 W/hpplay-java( 3304): [main]:IPManager:getActiveNets invalid networkInfo:null
01-05 07:39:47.348 I/hpplay-java( 3304): [main]:IPManager:getActiveNets eth0:false wifi:false mobile:false ap:false
01-05 07:39:47.349 I/hpplay-java( 3304): [main]:ServerTaskManager:get local ip:null
01-05 07:39:47.969 I/mpu_uart( 647): [MSG-P:R]:recv sync frame timeout
01-05 07:39:47.991 I/mpu_uart( 647): [MSG-P:RECV]:No message received in 1000 ms
01-05 07:39:48.350 W/hpplay-java( 3304): [main]:IPManager:getActiveNets invalid networkInfo:null
01-05 07:39:48.351 I/hpplay-java( 3304): [main]:IPManager:getActiveNets eth0:false wifi:false mobile:false ap:false
01-05 07:39:48.351 I/hpplay-java( 3304): [main]:ServerTaskManager:get local ip:null
01-05 07:39:48.991 I/mpu_uart( 647): [MSG-P:RECV]:No message received in 1000 ms
01-05 07:39:49.353 W/hpplay-java( 3304): [main]:IPManager:getActiveNets invalid networkInfo:null
01-05 07:39:49.353 I/hpplay-java( 3304): [main]:IPManager:getActiveNets eth0:false wifi:false mobile:false ap:false
01-05 07:39:49.353 I/hpplay-java( 3304): [main]:ServerTaskManager:get local ip:null
01-05 07:39:49.992 I/mpu_uart( 647): [MSG-P:RECV]:No message received in 1000 ms
01-05 07:39:50.061 D/RemoteControlService( 2728): startVlanDispatchThread
01-05 07:39:50.355 W/hpplay-java( 3304): [main]:IPManager:getActiveNets invalid networkInfo:null
01-05 07:39:50.355 I/hpplay-java( 3304): [main]:IPManager:getActiveNets eth0:false wifi:false mobile:false ap:false
01-05 07:39:50.355 I/hpplay-java( 3304): [main]:ServerTaskManager:get local ip:null
01-05 07:39:50.593 I/am_uid_idle( 1516): 10052
01-05 07:39:50.973 I/mpu_uart( 647): [MSG-P:R]:recv sync frame timeout
01-05 07:39:50.993 I/mpu_uart( 647): [MSG-P:RECV]:No message received in 1000 ms
01-05 07:39:51.357 W/hpplay-java( 3304): [main]:IPManager:getActiveNets invalid networkInfo:null
01-05 07:39:51.357 I/hpplay-java( 3304): [main]:IPManager:getActiveNets eth0:false wifi:false mobile:false ap:false
01-05 07:39:51.357 I/hpplay-java( 3304): [main]:ServerTaskManager:get local ip:null
01-05 07:39:51.777 I/selfinstaller( 1189): create socket failed: Network is unreachable 101
01-05 07:39:51.890 W/ActivityTaskManager( 1516): Launch timeout has expired, giving up wake lock!
01-05 07:39:51.993 I/mpu_uart( 647): [MSG-P:RECV]:No message received in 1000 ms
01-05 07:39:52.359 W/hpplay-java( 3304): [main]:IPManager:getActiveNets invalid networkInfo:null
01-05 07:39:52.359 I/hpplay-java( 3304): [main]:IPManager:getActiveNets eth0:false wifi:false mobile:false ap:false
01-05 07:39:52.359 I/hpplay-java( 3304): [main]:ServerTaskManager:get local ip:null
01-05 07:39:52.994 I/mpu_uart( 647): [MSG-P:RECV]:No message received in 1000 ms
01-05 07:39:53.361 W/hpplay-java( 3304): [main]:IPManager:getActiveNets invalid networkInfo:null
01-05 07:39:53.361 I/hpplay-java( 3304): [main]:IPManager:getActiveNets eth0:false wifi:false mobile:false ap:false
01-05 07:39:53.361 I/hpplay-java( 3304): [main]:ServerTaskManager:get local ip:null
01-05 07:39:53.976 I/mpu_uart( 647): [MSG-P:R]:recv sync frame timeout
01-05 07:39:53.994 I/mpu_uart( 647): [MSG-P:RECV]:No message received in 1000 ms
01-05 07:39:54.362 W/hpplay-java( 3304): [main]:IPManager:getActiveNets invalid networkInfo:null
01-05 07:39:54.362 I/hpplay-java( 3304): [main]:IPManager:getActiveNets eth0:false wifi:false mobile:false ap:false
01-05 07:39:54.362 I/hpplay-java( 3304): [main]:ServerTaskManager:get local ip:null