01-05 07:14:06.808 I/sysui_multi_action( 1516): [757,127,758,1]
01-05 07:14:06.808 I/sysui_multi_action( 1516): [757,804,799,note_load,801,2,802,1]
01-05 07:14:06.808 I/notification_panel_revealed( 1516): 2
01-05 07:14:06.820 I/input_focus( 1516): [Focus request 94a0fc2 NotificationShade,reason=UpdateInputWindows]
01-05 07:14:06.831 I/sysui_multi_action( 1516): [757,128,758,1,793,9717338,794,0,795,9717338,796,26,798,0,806,android,857,DEVELOPER_IMPORTANT,858,4,947,0,1395,2,1500,9717133,1688,1]
01-05 07:14:06.831 I/sysui_multi_action( 1516): [757,804,799,note_freshness,801,9717338,802,1]
01-05 07:14:06.831 I/notification_visibility( 1516): [-1|android|26|null|1000,1,9717338,9717338,0,0]
01-05 07:14:06.831 I/sysui_multi_action( 1516): [757,128,758,1,793,9785797,794,0,795,9785797,796,32,798,1,806,android,857,USB,858,1,947,0,1395,2,1500,9785645,1688,1]
01-05 07:14:06.831 I/sysui_multi_action( 1516): [757,804,799,note_freshness,801,9785797,802,1]
01-05 07:14:06.831 I/notification_visibility( 1516): [-1|android|32|null|1000,1,9785797,9785797,0,1]
01-05 07:14:06.841 I/input_focus( 1516): [Focus leaving 81768c3 com.android.music/com.android.music.MusicBrowserActivity (server),reason=setFocusedWindow]
01-05 07:14:06.842 I/input_focus( 1516): [Focus entering 94a0fc2 NotificationShade (server),reason=setFocusedWindow]
01-05 07:14:06.890 I/sysui_multi_action( 2367): [757,111,758,1]
01-05 07:14:06.890 I/sysui_multi_action( 2367): [757,126,758,1,759,126,927,0,928,0,1593,0]
01-05 07:14:06.890 I/sysui_multi_action( 2367): [757,113,758,1,759,113,927,1,928,1,1593,0]
01-05 07:14:06.890 I/sysui_multi_action( 2367): [757,0,758,1,759,0,927,2,928,0,1593,0]
01-05 07:14:06.890 I/sysui_multi_action( 2367): [757,0,758,1,759,0,927,3,928,0,1593,0]
01-05 07:14:06.891 I/sysui_multi_action( 2367): [757,491,758,1,759,491,927,4,928,0,1311,-1,1593,0]
01-05 07:14:06.891 I/sysui_multi_action( 2367): [757,0,758,1,759,0,927,5,928,0,1593,0]
01-05 07:14:06.891 I/sysui_multi_action( 2367): [757,111,758,1]
01-05 07:14:06.891 I/sysui_multi_action( 2367): [757,126,758,1,759,126,927,0,928,0,1593,0]
01-05 07:14:06.891 I/sysui_multi_action( 2367): [757,113,758,1,759,113,927,1,928,1,1593,0]
01-05 07:14:06.892 I/sysui_multi_action( 2367): [757,0,758,1,759,0,927,2,928,0,1593,0]
01-05 07:14:06.892 I/sysui_multi_action( 2367): [757,0,758,1,759,0,927,3,928,0,1593,0]
01-05 07:14:07.346 I/input_interaction( 1516): Interaction with: 94a0fc2 NotificationShade (server), edge-swipe (server), swipe-up (server), PointerEventDispatcher0 (server),
01-05 07:14:09.849 I/notification_enqueue( 1516): [10081,2367,com.android.systemui,2048,NULL,0,Notification(channel=updateNotification shortcut=null contentView=null vibrate=null sound=null defaults=0x0 flags=0x0 color=0x00000000 vis=PRIVATE),1]
01-05 07:14:09.853 I/sysui_multi_action( 2367): [757,111,758,2]
01-05 07:14:09.854 I/sysui_multi_action( 2367): [757,111,758,2]
01-05 07:14:10.069 I/input_focus( 1516): [Focus request 81768c3 com.android.music/com.android.music.MusicBrowserActivity,reason=UpdateInputWindows]
01-05 07:14:10.083 I/input_focus( 1516): [Focus leaving 94a0fc2 NotificationShade (server),reason=NOT_FOCUSABLE]
01-05 07:14:10.084 I/input_focus( 1516): [Focus entering 81768c3 com.android.music/com.android.music.MusicBrowserActivity (server),reason=setFocusedWindow]
01-05 07:14:10.087 I/sysui_multi_action( 1516): [757,128,758,2,793,9720590,794,3252,795,9720590,796,26,798,0,806,android,857,DEVELOPER_IMPORTANT,858,4,947,0,1395,2,1500,9720385,1688,1]
01-05 07:14:10.088 I/notification_visibility( 1516): [-1|android|26|null|1000,0,9720590,9720590,0,0]
01-05 07:14:10.088 I/sysui_multi_action( 1516): [757,128,758,2,793,9789054,794,3257,795,9789054,796,32,798,1,806,android,857,USB,858,1,947,0,1395,2,1500,9788902,1688,1]
01-05 07:14:10.089 I/notification_visibility( 1516): [-1|android|32|null|1000,0,9789054,9789054,0,1]
01-05 07:14:10.090 I/sysui_multi_action( 1516): [757,127,758,2]
01-05 07:14:10.090 I/notification_panel_hidden( 1516):
01-05 07:14:55.657 I/commit_sys_config_file( 1516): [appops,9826562]
01-05 07:14:56.073 I/am_freeze( 1516): [8709,com.android.deskclock]
01-05 07:14:56.077 I/am_freeze( 1516): [8716,com.android.gallery3d]
01-05 07:14:56.078 I/am_kill ( 1516): [0,8709,com.android.deskclock,945,Unable to freeze binder interface]
01-05 07:14:56.081 I/am_kill ( 1516): [0,8716,com.android.gallery3d,935,Unable to freeze binder interface]
01-05 07:14:56.101 I/am_proc_died( 1516): [0,8716,com.android.gallery3d,935,19]
01-05 07:14:56.102 I/am_uid_stopped( 1516): 10069
01-05 07:14:56.105 I/am_proc_died( 1516): [0,8709,com.android.deskclock,945,19]
01-05 07:14:56.105 I/am_uid_stopped( 1516): 10067
01-05 07:14:56.109 I/am_uid_running( 1516): 10067
01-05 07:14:56.110 I/am_uid_running( 1516): 10069
01-05 07:14:56.116 I/am_pss ( 1516): [8708,10085,com.android.music,35197952,29085696,0,154021888,0,2,8]
01-05 07:14:56.124 I/am_proc_start( 1516): [0,8959,10067,com.android.deskclock,NULL,]
01-05 07:14:56.129 I/am_pss ( 1516): [2835,10075,com.android.launcher3,138315776,123200512,0,279151616,0,2,12]
01-05 07:14:56.133 I/am_proc_start( 1516): [0,8960,10069,com.android.gallery3d,NULL,]
01-05 07:14:56.136 I/am_pss ( 1516): [8530,1000,com.qti.diagservices,6212608,3780608,0,93200384,0,10,6]
01-05 07:14:56.150 I/am_proc_bound( 1516): [0,8959,com.android.deskclock]
01-05 07:14:56.156 I/am_proc_bound( 1516): [0,8960,com.android.gallery3d]
01-05 07:15:02.535 I/sysui_multi_action( 1516): [757,1696,758,6,759,2]
01-05 07:15:02.549 I/am_wtf ( 1516): [0,1516,system_server,-1,DisplayDeviceConfig,requesting nits when no mapping exists.]
01-05 07:15:02.554 I/am_wtf ( 1516): [0,1516,system_server,-1,DisplayDeviceConfig,requesting nits when no mapping exists.]
01-05 07:15:02.565 I/am_wtf ( 1516): [0,1516,system_server,-1,DisplayDeviceConfig,requesting nits when no mapping exists.]
01-05 07:15:02.567 I/am_wtf ( 1516): [0,1516,system_server,-1,DisplayDeviceConfig,requesting nits when no mapping exists.]
01-05 07:15:02.570 I/am_wtf ( 1516): [0,1516,system_server,-1,DisplayDeviceConfig,requesting nits when no mapping exists.]
01-05 07:15:02.572 I/am_wtf ( 1516): [0,1516,system_server,-1,DisplayDeviceConfig,requesting nits when no mapping exists.]
01-05 07:15:02.587 I/am_wtf ( 1516): [0,1516,system_server,-1,DisplayDeviceConfig,requesting nits when no mapping exists.]
01-05 07:15:02.588 I/am_wtf ( 1516): [0,1516,system_server,-1,DisplayDeviceConfig,requesting nits when no mapping exists.]
01-05 07:15:02.604 I/am_wtf ( 1516): [0,1516,system_server,-1,DisplayDeviceConfig,requesting nits when no mapping exists.]
01-05 07:15:02.605 I/am_wtf ( 1516): [0,1516,system_server,-1,DisplayDeviceConfig,requesting nits when no mapping exists.]
01-05 07:15:02.620 I/am_wtf ( 1516): [0,1516,system_server,-1,DisplayDeviceConfig,requesting nits when no mapping exists.]
01-05 07:15:02.621 I/am_wtf ( 1516): [0,1516,system_server,-1,DisplayDeviceConfig,requesting nits when no mapping exists.]
01-05 07:15:02.637 I/am_wtf ( 1516): [0,1516,system_server,-1,DisplayDeviceConfig,requesting nits when no mapping exists.]
01-05 07:15:02.638 I/am_wtf ( 1516): [0,1516,system_server,-1,DisplayDeviceConfig,requesting nits when no mapping exists.]
01-05 07:15:02.654 I/am_wtf ( 1516): [0,1516,system_server,-1,DisplayDeviceConfig,requesting nits when no mapping exists.]
01-05 07:15:02.655 I/am_wtf ( 1516): [0,1516,system_server,-1,DisplayDeviceConfig,requesting nits when no mapping exists.]
01-05 07:15:02.671 I/am_wtf ( 1516): [0,1516,system_server,-1,DisplayDeviceConfig,requesting nits when no mapping exists.]
01-05 07:15:02.672 I/am_wtf ( 1516): [0,1516,system_server,-1,DisplayDeviceConfig,requesting nits when no mapping exists.]
01-05 07:15:02.687 I/am_wtf ( 1516): [0,1516,system_server,-1,DisplayDeviceConfig,requesting nits when no mapping exists.]
01-05 07:15:02.688 I/am_wtf ( 1516): [0,1516,system_server,-1,DisplayDeviceConfig,requesting nits when no mapping exists.]
01-05 07:15:02.704 I/am_wtf ( 1516): [0,1516,system_server,-1,DisplayDeviceConfig,requesting nits when no mapping exists.]
01-05 07:15:02.705 I/am_wtf ( 1516): [0,1516,system_server,-1,DisplayDeviceConfig,requesting nits when no mapping exists.]
01-05 07:15:02.721 I/am_wtf ( 1516): [0,1516,system_server,-1,DisplayDeviceConfig,requesting nits when no mapping exists.]
01-05 07:15:02.722 I/am_wtf ( 1516): [0,1516,system_server,-1,DisplayDeviceConfig,requesting nits when no mapping exists.]
01-05 07:15:02.737 I/am_wtf ( 1516): [0,1516,system_server,-1,DisplayDeviceConfig,requesting nits when no mapping exists.]
01-05 07:15:02.738 I/am_wtf ( 1516): [0,1516,system_server,-1,DisplayDeviceConfig,requesting nits when no mapping exists.]
01-05 07:15:02.754 I/am_wtf ( 1516): [0,1516,system_server,-1,DisplayDeviceConfig,requesting nits when no mapping exists.]
01-05 07:15:02.755 I/am_wtf ( 1516): [0,1516,system_server,-1,DisplayDeviceConfig,requesting nits when no mapping exists.]
01-05 07:15:02.771 I/am_wtf ( 1516): [0,1516,system_server,-1,DisplayDeviceConfig,requesting nits when no mapping exists.]
01-05 07:15:02.772 I/am_wtf ( 1516): [0,1516,system_server,-1,DisplayDeviceConfig,requesting nits when no mapping exists.]
01-05 07:15:02.788 I/am_wtf ( 1516): [0,1516,system_server,-1,DisplayDeviceConfig,requesting nits when no mapping exists.]
01-05 07:15:02.788 I/am_wtf ( 1516): [0,1516,system_server,-1,DisplayDeviceConfig,requesting nits when no mapping exists.]
01-05 07:15:02.804 I/am_wtf ( 1516): [0,1516,system_server,-1,DisplayDeviceConfig,requesting nits when no mapping exists.]
01-05 07:15:02.805 I/am_wtf ( 1516): [0,1516,system_server,-1,DisplayDeviceConfig,requesting nits when no mapping exists.]
01-05 07:15:02.821 I/am_wtf ( 1516): [0,1516,system_server,-1,DisplayDeviceConfig,requesting nits when no mapping exists.]
01-05 07:15:02.822 I/am_wtf ( 1516): [0,1516,system_server,-1,DisplayDeviceConfig,requesting nits when no mapping exists.]
01-05 07:15:02.838 I/am_wtf ( 1516): [0,1516,system_server,-1,DisplayDeviceConfig,requesting nits when no mapping exists.]
01-05 07:15:02.839 I/am_wtf ( 1516): [0,1516,system_server,-1,DisplayDeviceConfig,requesting nits when no mapping exists.]
01-05 07:15:02.854 I/am_wtf ( 1516): [0,1516,system_server,-1,DisplayDeviceConfig,requesting nits when no mapping exists.]
01-05 07:15:02.855 I/am_wtf ( 1516): [0,1516,system_server,-1,DisplayDeviceConfig,requesting nits when no mapping exists.]
01-05 07:15:02.872 I/am_wtf ( 1516): [0,1516,system_server,-1,DisplayDeviceConfig,requesting nits when no mapping exists.]
01-05 07:15:02.872 I/am_wtf ( 1516): [0,1516,system_server,-1,DisplayDeviceConfig,requesting nits when no mapping exists.]
01-05 07:15:02.888 I/am_wtf ( 1516): [0,1516,system_server,-1,DisplayDeviceConfig,requesting nits when no mapping exists.]
01-05 07:15:02.889 I/am_wtf ( 1516): [0,1516,system_server,-1,DisplayDeviceConfig,requesting nits when no mapping exists.]
01-05 07:15:02.904 I/am_wtf ( 1516): [0,1516,system_server,-1,DisplayDeviceConfig,requesting nits when no mapping exists.]
01-05 07:15:02.905 I/am_wtf ( 1516): [0,1516,system_server,-1,DisplayDeviceConfig,requesting nits when no mapping exists.]
01-05 07:15:02.921 I/am_wtf ( 1516): [0,1516,system_server,-1,DisplayDeviceConfig,requesting nits when no mapping exists.]
01-05 07:15:02.922 I/am_wtf ( 1516): [0,1516,system_server,-1,DisplayDeviceConfig,requesting nits when no mapping exists.]
01-05 07:15:02.938 I/am_wtf ( 1516): [0,1516,system_server,-1,DisplayDeviceConfig,requesting nits when no mapping exists.]
01-05 07:15:02.939 I/am_wtf ( 1516): [0,1516,system_server,-1,DisplayDeviceConfig,requesting nits when no mapping exists.]
01-05 07:15:02.955 I/am_wtf ( 1516): [0,1516,system_server,-1,DisplayDeviceConfig,requesting nits when no mapping exists.]
01-05 07:15:02.955 I/am_wtf ( 1516): [0,1516,system_server,-1,DisplayDeviceConfig,requesting nits when no mapping exists.]
01-05 07:15:02.972 I/am_wtf ( 1516): [0,1516,system_server,-1,DisplayDeviceConfig,requesting nits when no mapping exists.]
01-05 07:15:02.973 I/am_wtf ( 1516): [0,1516,system_server,-1,DisplayDeviceConfig,requesting nits when no mapping exists.]
01-05 07:15:02.988 I/am_wtf ( 1516): [0,1516,system_server,-1,DisplayDeviceConfig,requesting nits when no mapping exists.]
01-05 07:15:02.989 I/am_wtf ( 1516): [0,1516,system_server,-1,DisplayDeviceConfig,requesting nits when no mapping exists.]
01-05 07:15:03.005 I/am_wtf ( 1516): [0,1516,system_server,-1,DisplayDeviceConfig,requesting nits when no mapping exists.]
01-05 07:15:03.006 I/am_wtf ( 1516): [0,1516,system_server,-1,DisplayDeviceConfig,requesting nits when no mapping exists.]
01-05 07:15:03.022 I/am_wtf ( 1516): [0,1516,system_server,-1,DisplayDeviceConfig,requesting nits when no mapping exists.]
01-05 07:15:03.023 I/am_wtf ( 1516): [0,1516,system_server,-1,DisplayDeviceConfig,requesting nits when no mapping exists.]
01-05 07:15:03.039 I/am_wtf ( 1516): [0,1516,system_server,-1,DisplayDeviceConfig,requesting nits when no mapping exists.]
01-05 07:15:03.040 I/am_wtf ( 1516): [0,1516,system_server,-1,DisplayDeviceConfig,requesting nits when no mapping exists.]
01-05 07:15:03.055 I/am_wtf ( 1516): [0,1516,system_server,-1,DisplayDeviceConfig,requesting nits when no mapping exists.]
01-05 07:15:03.056 I/am_wtf ( 1516): [0,1516,system_server,-1,DisplayDeviceConfig,requesting nits when no mapping exists.]
01-05 07:15:03.072 I/am_wtf ( 1516): [0,1516,system_server,-1,DisplayDeviceConfig,requesting nits when no mapping exists.]
01-05 07:15:03.073 I/am_wtf ( 1516): [0,1516,system_server,-1,DisplayDeviceConfig,requesting nits when no mapping exists.]
01-05 07:15:03.089 I/am_wtf ( 1516): [0,1516,system_server,-1,DisplayDeviceConfig,requesting nits when no mapping exists.]
01-05 07:15:03.089 I/service_manager_stats( 1516): [100,52,149579]
01-05 07:15:03.089 I/am_wtf ( 1516): [0,1516,system_server,-1,DisplayDeviceConfig,requesting nits when no mapping exists.]
01-05 07:15:03.105 I/am_wtf ( 1516): [0,1516,system_server,-1,DisplayDeviceConfig,requesting nits when no mapping exists.]
01-05 07:15:03.106 I/am_wtf ( 1516): [0,1516,system_server,-1,DisplayDeviceConfig,requesting nits when no mapping exists.]
01-05 07:15:03.122 I/am_wtf ( 1516): [0,1516,system_server,-1,DisplayDeviceConfig,requesting nits when no mapping exists.]
01-05 07:15:03.123 I/am_wtf ( 1516): [0,1516,system_server,-1,DisplayDeviceConfig,requesting nits when no mapping exists.]
01-05 07:15:03.139 I/am_wtf ( 1516): [0,1516,system_server,-1,DisplayDeviceConfig,requesting nits when no mapping exists.]
01-05 07:15:03.140 I/am_wtf ( 1516): [0,1516,system_server,-1,DisplayDeviceConfig,requesting nits when no mapping exists.]
01-05 07:15:03.155 I/am_wtf ( 1516): [0,1516,system_server,-1,DisplayDeviceConfig,requesting nits when no mapping exists.]
01-05 07:15:03.156 I/am_wtf ( 1516): [0,1516,system_server,-1,DisplayDeviceConfig,requesting nits when no mapping exists.]
01-05 07:15:03.172 I/am_wtf ( 1516): [0,1516,system_server,-1,DisplayDeviceConfig,requesting nits when no mapping exists.]
01-05 07:15:03.174 I/am_wtf ( 1516): [0,1516,system_server,-1,DisplayDeviceConfig,requesting nits when no mapping exists.]
01-05 07:15:03.189 I/am_wtf ( 1516): [0,1516,system_server,-1,DisplayDeviceConfig,requesting nits when no mapping exists.]
01-05 07:15:03.189 I/am_wtf ( 1516): [0,1516,system_server,-1,DisplayDeviceConfig,requesting nits when no mapping exists.]
01-05 07:15:03.205 I/am_wtf ( 1516): [0,1516,system_server,-1,DisplayDeviceConfig,requesting nits when no mapping exists.]
01-05 07:15:03.206 I/am_wtf ( 1516): [0,1516,system_server,-1,DisplayDeviceConfig,requesting nits when no mapping exists.]
01-05 07:15:03.222 I/am_wtf ( 1516): [0,1516,system_server,-1,DisplayDeviceConfig,requesting nits when no mapping exists.]
01-05 07:15:03.224 I/am_wtf ( 1516): [0,1516,system_server,-1,DisplayDeviceConfig,requesting nits when no mapping exists.]
01-05 07:15:03.239 I/am_wtf ( 1516): [0,1516,system_server,-1,DisplayDeviceConfig,requesting nits when no mapping exists.]
01-05 07:15:03.239 I/am_wtf ( 1516): [0,1516,system_server,-1,DisplayDeviceConfig,requesting nits when no mapping exists.]
01-05 07:15:03.255 I/am_wtf ( 1516): [0,1516,system_server,-1,DisplayDeviceConfig,requesting nits when no mapping exists.]
01-05 07:15:03.256 I/am_wtf ( 1516): [0,1516,system_server,-1,DisplayDeviceConfig,requesting nits when no mapping exists.]
01-05 07:15:03.272 I/am_wtf ( 1516): [0,1516,system_server,-1,DisplayDeviceConfig,requesting nits when no mapping exists.]
01-05 07:15:03.273 I/am_wtf ( 1516): [0,1516,system_server,-1,DisplayDeviceConfig,requesting nits when no mapping exists.]
01-05 07:15:03.289 I/am_wtf ( 1516): [0,1516,system_server,-1,DisplayDeviceConfig,requesting nits when no mapping exists.]
01-05 07:15:03.290 I/am_wtf ( 1516): [0,1516,system_server,-1,DisplayDeviceConfig,requesting nits when no mapping exists.]
01-05 07:15:03.305 I/am_wtf ( 1516): [0,1516,system_server,-1,DisplayDeviceConfig,requesting nits when no mapping exists.]
01-05 07:15:03.306 I/am_wtf ( 1516): [0,1516,system_server,-1,DisplayDeviceConfig,requesting nits when no mapping exists.]
01-05 07:15:03.322 I/am_wtf ( 1516): [0,1516,system_server,-1,DisplayDeviceConfig,requesting nits when no mapping exists.]
01-05 07:15:03.323 I/am_wtf ( 1516): [0,1516,system_server,-1,DisplayDeviceConfig,requesting nits when no mapping exists.]
01-05 07:15:03.339 I/am_wtf ( 1516): [0,1516,system_server,-1,DisplayDeviceConfig,requesting nits when no mapping exists.]
01-05 07:15:03.340 I/am_wtf ( 1516): [0,1516,system_server,-1,DisplayDeviceConfig,requesting nits when no mapping exists.]
01-05 07:15:03.356 I/am_wtf ( 1516): [0,1516,system_server,-1,DisplayDeviceConfig,requesting nits when no mapping exists.]
01-05 07:15:03.356 I/am_wtf ( 1516): [0,1516,system_server,-1,DisplayDeviceConfig,requesting nits when no mapping exists.]
01-05 07:15:03.373 I/am_wtf ( 1516): [0,1516,system_server,-1,DisplayDeviceConfig,requesting nits when no mapping exists.]
01-05 07:15:03.374 I/am_wtf ( 1516): [0,1516,system_server,-1,DisplayDeviceConfig,requesting nits when no mapping exists.]
01-05 07:15:03.389 I/am_wtf ( 1516): [0,1516,system_server,-1,DisplayDeviceConfig,requesting nits when no mapping exists.]
01-05 07:15:03.390 I/am_wtf ( 1516): [0,1516,system_server,-1,DisplayDeviceConfig,requesting nits when no mapping exists.]
01-05 07:15:03.406 I/am_wtf ( 1516): [0,1516,system_server,-1,DisplayDeviceConfig,requesting nits when no mapping exists.]
01-05 07:15:03.407 I/am_wtf ( 1516): [0,1516,system_server,-1,DisplayDeviceConfig,requesting nits when no mapping exists.]
01-05 07:15:03.422 I/am_wtf ( 1516): [0,1516,system_server,-1,DisplayDeviceConfig,requesting nits when no mapping exists.]
01-05 07:15:03.423 I/am_wtf ( 1516): [0,1516,system_server,-1,DisplayDeviceConfig,requesting nits when no mapping exists.]
01-05 07:15:03.439 I/am_wtf ( 1516): [0,1516,system_server,-1,DisplayDeviceConfig,requesting nits when no mapping exists.]
01-05 07:15:03.440 I/am_wtf ( 1516): [0,1516,system_server,-1,DisplayDeviceConfig,requesting nits when no mapping exists.]
01-05 07:15:03.456 I/am_wtf ( 1516): [0,1516,system_server,-1,DisplayDeviceConfig,requesting nits when no mapping exists.]
01-05 07:15:03.457 I/am_wtf ( 1516): [0,1516,system_server,-1,DisplayDeviceConfig,requesting nits when no mapping exists.]
01-05 07:15:03.473 I/am_wtf ( 1516): [0,1516,system_server,-1,DisplayDeviceConfig,requesting nits when no mapping exists.]
01-05 07:15:03.473 I/am_wtf ( 1516): [0,1516,system_server,-1,DisplayDeviceConfig,requesting nits when no mapping exists.]
01-05 07:15:03.489 I/am_wtf ( 1516): [0,1516,system_server,-1,DisplayDeviceConfig,requesting nits when no mapping exists.]
01-05 07:15:03.490 I/am_wtf ( 1516): [0,1516,system_server,-1,DisplayDeviceConfig,requesting nits when no mapping exists.]
01-05 07:15:09.541 I/sysui_multi_action( 1516): [757,222,758,1]
01-05 07:15:09.544 I/am_uid_active( 1516): 10052
01-05 07:15:09.553 I/wm_task_created( 1516): [43,-1]
01-05 07:15:09.554 I/am_pss ( 1516): [8708,10085,com.android.music,35110912,29097984,0,154034176,0,2,9]
01-05 07:15:09.558 I/wm_task_moved( 1516): [43,1,8]
01-05 07:15:09.558 I/wm_task_to_front( 1516): [0,43]
01-05 07:15:09.558 I/wm_create_task( 1516): [0,43]
01-05 07:15:09.558 I/wm_create_activity( 1516): [0,260663360,43,com.thundercomm.screensaver/android.service.dreams.DreamActivity,NULL,NULL,NULL,276824064]
01-05 07:15:09.558 I/wm_task_moved( 1516): [43,1,8]
01-05 07:15:09.558 I/wm_on_top_resumed_lost_called( 8708): [257738464,com.android.music.MusicBrowserActivity,topStateChangedWhenResumed]
01-05 07:15:09.559 I/wm_pause_activity( 1516): [0,39192225,com.android.launcher3/.uioverrides.QuickstepLauncher,userLeaving=true,pauseBackTasks]
01-05 07:15:09.559 I/wm_on_paused_called( 2835): [39192225,com.android.launcher3.uioverrides.QuickstepLauncher,performPause]
01-05 07:15:09.563 I/wm_add_to_stopping( 1516): [0,39192225,com.android.launcher3/.uioverrides.QuickstepLauncher,makeInvisible]
01-05 07:15:09.563 I/wm_restart_activity( 1516): [0,260663360,43,com.thundercomm.screensaver/android.service.dreams.DreamActivity]
01-05 07:15:09.564 I/wm_set_resumed_activity( 1516): [0,com.thundercomm.screensaver/android.service.dreams.DreamActivity,minimalResumeActivityLocked]
01-05 07:15:09.569 I/wm_on_create_called( 5252): [260663360,android.service.dreams.DreamActivity,performCreate]
01-05 07:15:09.569 I/wm_on_start_called( 5252): [260663360,android.service.dreams.DreamActivity,handleStartActivity]
01-05 07:15:09.569 I/wm_on_resume_called( 5252): [260663360,android.service.dreams.DreamActivity,RESUME_ACTIVITY]
01-05 07:15:09.571 I/sysui_multi_action( 1516): [757,803,799,window_time_0,802,156]
01-05 07:15:09.571 I/wm_on_top_resumed_gained_called( 5252): [260663360,android.service.dreams.DreamActivity,topStateChangedWhenResumed]
01-05 07:15:09.575 I/am_uid_active( 1516): 10066
01-05 07:15:09.595 I/input_focus( 1516): [Focus request 6fa6e35 com.thundercomm.screensaver/android.service.dreams.DreamActivity,reason=UpdateInputWindows]
01-05 07:15:09.602 I/sysui_multi_action( 1516): [319,49,322,49,325,9873,757,761,758,8,759,2,806,com.thundercomm.screensaver,871,android.service.dreams.DreamActivity,904,com.thundercomm.screensaver,905,0,1320,4,1321,2]
01-05 07:15:09.602 I/wm_activity_launch_time( 1516): [0,260663360,com.thundercomm.screensaver/android.service.dreams.DreamActivity,49]
01-05 07:15:09.603 I/sysui_multi_action( 1516): [757,1696,758,6,759,3]
01-05 07:15:09.605 I/am_wtf ( 1516): [0,1516,system_server,-1,DisplayDeviceConfig,requesting nits when no mapping exists.]
01-05 07:15:09.605 I/am_wtf ( 1516): [0,1516,system_server,-1,DisplayDeviceConfig,requesting nits when no mapping exists.]
01-05 07:15:09.607 I/input_focus( 1516): [Focus leaving 81768c3 com.android.music/com.android.music.MusicBrowserActivity (server),reason=Waiting for window because NOT_VISIBLE]
01-05 07:15:09.622 I/am_wtf ( 1516): [0,1516,system_server,-1,DisplayDeviceConfig,requesting nits when no mapping exists.]
01-05 07:15:09.622 I/am_wtf ( 1516): [0,1516,system_server,-1,DisplayDeviceConfig,requesting nits when no mapping exists.]
01-05 07:15:09.622 I/input_focus( 1516): [Focus entering 6fa6e35 com.thundercomm.screensaver/android.service.dreams.DreamActivity (server),reason=Window became focusable. Previous reason: NOT_VISIBLE]
01-05 07:15:09.639 I/am_wtf ( 1516): [0,1516,system_server,-1,DisplayDeviceConfig,requesting nits when no mapping exists.]
01-05 07:15:09.639 I/am_wtf ( 1516): [0,1516,system_server,-1,DisplayDeviceConfig,requesting nits when no mapping exists.]
01-05 07:15:09.656 I/am_wtf ( 1516): [0,1516,system_server,-1,DisplayDeviceConfig,requesting nits when no mapping exists.]
01-05 07:15:09.656 I/am_wtf ( 1516): [0,1516,system_server,-1,DisplayDeviceConfig,requesting nits when no mapping exists.]
01-05 07:15:09.673 I/am_wtf ( 1516): [0,1516,system_server,-1,DisplayDeviceConfig,requesting nits when no mapping exists.]
01-05 07:15:09.673 I/am_wtf ( 1516): [0,1516,system_server,-1,DisplayDeviceConfig,requesting nits when no mapping exists.]
01-05 07:15:09.689 I/am_wtf ( 1516): [0,1516,system_server,-1,DisplayDeviceConfig,requesting nits when no mapping exists.]
01-05 07:15:09.690 I/am_wtf ( 1516): [0,1516,system_server,-1,DisplayDeviceConfig,requesting nits when no mapping exists.]
01-05 07:15:09.706 I/am_wtf ( 1516): [0,1516,system_server,-1,DisplayDeviceConfig,requesting nits when no mapping exists.]
01-05 07:15:09.706 I/am_wtf ( 1516): [0,1516,system_server,-1,DisplayDeviceConfig,requesting nits when no mapping exists.]
01-05 07:15:09.722 I/am_wtf ( 1516): [0,1516,system_server,-1,DisplayDeviceConfig,requesting nits when no mapping exists.]
01-05 07:15:09.723 I/am_wtf ( 1516): [0,1516,system_server,-1,DisplayDeviceConfig,requesting nits when no mapping exists.]
01-05 07:15:09.739 I/am_wtf ( 1516): [0,1516,system_server,-1,DisplayDeviceConfig,requesting nits when no mapping exists.]
01-05 07:15:09.739 I/am_wtf ( 1516): [0,1516,system_server,-1,DisplayDeviceConfig,requesting nits when no mapping exists.]
01-05 07:15:09.756 I/am_wtf ( 1516): [0,1516,system_server,-1,DisplayDeviceConfig,requesting nits when no mapping exists.]
01-05 07:15:09.756 I/am_wtf ( 1516): [0,1516,system_server,-1,DisplayDeviceConfig,requesting nits when no mapping exists.]
01-05 07:15:09.773 I/am_wtf ( 1516): [0,1516,system_server,-1,DisplayDeviceConfig,requesting nits when no mapping exists.]
01-05 07:15:09.773 I/am_wtf ( 1516): [0,1516,system_server,-1,DisplayDeviceConfig,requesting nits when no mapping exists.]
01-05 07:15:09.790 I/am_wtf ( 1516): [0,1516,system_server,-1,DisplayDeviceConfig,requesting nits when no mapping exists.]
01-05 07:15:09.790 I/am_wtf ( 1516): [0,1516,system_server,-1,DisplayDeviceConfig,requesting nits when no mapping exists.]
01-05 07:15:09.806 I/am_wtf ( 1516): [0,1516,system_server,-1,DisplayDeviceConfig,requesting nits when no mapping exists.]
01-05 07:15:09.806 I/am_wtf ( 1516): [0,1516,system_server,-1,DisplayDeviceConfig,requesting nits when no mapping exists.]
01-05 07:15:09.823 I/am_wtf ( 1516): [0,1516,system_server,-1,DisplayDeviceConfig,requesting nits when no mapping exists.]
01-05 07:15:09.823 I/am_wtf ( 1516): [0,1516,system_server,-1,DisplayDeviceConfig,requesting nits when no mapping exists.]
01-05 07:15:09.840 I/am_wtf ( 1516): [0,1516,system_server,-1,DisplayDeviceConfig,requesting nits when no mapping exists.]
01-05 07:15:09.840 I/am_wtf ( 1516): [0,1516,system_server,-1,DisplayDeviceConfig,requesting nits when no mapping exists.]
01-05 07:15:09.856 I/am_wtf ( 1516): [0,1516,system_server,-1,DisplayDeviceConfig,requesting nits when no mapping exists.]
01-05 07:15:09.856 I/am_wtf ( 1516): [0,1516,system_server,-1,DisplayDeviceConfig,requesting nits when no mapping exists.]
01-05 07:15:09.873 I/am_wtf ( 1516): [0,1516,system_server,-1,DisplayDeviceConfig,requesting nits when no mapping exists.]
01-05 07:15:09.873 I/am_wtf ( 1516): [0,1516,system_server,-1,DisplayDeviceConfig,requesting nits when no mapping exists.]
01-05 07:15:09.890 I/am_wtf ( 1516): [0,1516,system_server,-1,DisplayDeviceConfig,requesting nits when no mapping exists.]
01-05 07:15:09.891 I/am_wtf ( 1516): [0,1516,system_server,-1,DisplayDeviceConfig,requesting nits when no mapping exists.]
01-05 07:15:09.891 I/wm_stop_activity( 1516): [0,39192225,com.android.launcher3/.uioverrides.QuickstepLauncher]
01-05 07:15:09.906 I/am_wtf ( 1516): [0,1516,system_server,-1,DisplayDeviceConfig,requesting nits when no mapping exists.]
01-05 07:15:09.907 I/am_wtf ( 1516): [0,1516,system_server,-1,DisplayDeviceConfig,requesting nits when no mapping exists.]
01-05 07:15:09.909 I/wm_on_stop_called( 2835): [39192225,com.android.launcher3.uioverrides.QuickstepLauncher,STOP_ACTIVITY_ITEM]
01-05 07:15:09.923 I/am_wtf ( 1516): [0,1516,system_server,-1,DisplayDeviceConfig,requesting nits when no mapping exists.]
01-05 07:15:09.923 I/am_wtf ( 1516): [0,1516,system_server,-1,DisplayDeviceConfig,requesting nits when no mapping exists.]
01-05 07:15:09.939 I/am_wtf ( 1516): [0,1516,system_server,-1,DisplayDeviceConfig,requesting nits when no mapping exists.]
01-05 07:15:09.940 I/am_wtf ( 1516): [0,1516,system_server,-1,DisplayDeviceConfig,requesting nits when no mapping exists.]
01-05 07:15:09.956 I/am_wtf ( 1516): [0,1516,system_server,-1,DisplayDeviceConfig,requesting nits when no mapping exists.]
01-05 07:15:09.956 I/am_wtf ( 1516): [0,1516,system_server,-1,DisplayDeviceConfig,requesting nits when no mapping exists.]
01-05 07:15:09.973 I/am_wtf ( 1516): [0,1516,system_server,-1,DisplayDeviceConfig,requesting nits when no mapping exists.]
01-05 07:15:09.973 I/am_wtf ( 1516): [0,1516,system_server,-1,DisplayDeviceConfig,requesting nits when no mapping exists.]
01-05 07:15:09.990 I/am_wtf ( 1516): [0,1516,system_server,-1,DisplayDeviceConfig,requesting nits when no mapping exists.]
01-05 07:15:09.990 I/am_wtf ( 1516): [0,1516,system_server,-1,DisplayDeviceConfig,requesting nits when no mapping exists.]
01-05 07:15:10.006 I/am_wtf ( 1516): [0,1516,system_server,-1,DisplayDeviceConfig,requesting nits when no mapping exists.]
01-05 07:15:10.007 I/am_wtf ( 1516): [0,1516,system_server,-1,DisplayDeviceConfig,requesting nits when no mapping exists.]
01-05 07:15:10.023 I/am_wtf ( 1516): [0,1516,system_server,-1,DisplayDeviceConfig,requesting nits when no mapping exists.]
01-05 07:15:10.023 I/service_manager_stats( 1516): [100,35,6934]
01-05 07:15:10.023 I/am_wtf ( 1516): [0,1516,system_server,-1,DisplayDeviceConfig,requesting nits when no mapping exists.]
01-05 07:15:10.040 I/am_wtf ( 1516): [0,1516,system_server,-1,DisplayDeviceConfig,requesting nits when no mapping exists.]
01-05 07:15:10.040 I/am_wtf ( 1516): [0,1516,system_server,-1,DisplayDeviceConfig,requesting nits when no mapping exists.]
01-05 07:15:10.057 I/am_wtf ( 1516): [0,1516,system_server,-1,DisplayDeviceConfig,requesting nits when no mapping exists.]
01-05 07:15:10.057 I/am_wtf ( 1516): [0,1516,system_server,-1,DisplayDeviceConfig,requesting nits when no mapping exists.]
01-05 07:15:10.073 I/am_wtf ( 1516): [0,1516,system_server,-1,DisplayDeviceConfig,requesting nits when no mapping exists.]
01-05 07:15:10.073 I/am_wtf ( 1516): [0,1516,system_server,-1,DisplayDeviceConfig,requesting nits when no mapping exists.]
01-05 07:15:10.090 I/am_wtf ( 1516): [0,1516,system_server,-1,DisplayDeviceConfig,requesting nits when no mapping exists.]
01-05 07:15:10.090 I/am_wtf ( 1516): [0,1516,system_server,-1,DisplayDeviceConfig,requesting nits when no mapping exists.]
01-05 07:15:10.107 I/am_wtf ( 1516): [0,1516,system_server,-1,DisplayDeviceConfig,requesting nits when no mapping exists.]
01-05 07:15:10.107 I/am_wtf ( 1516): [0,1516,system_server,-1,DisplayDeviceConfig,requesting nits when no mapping exists.]
01-05 07:15:10.123 I/am_wtf ( 1516): [0,1516,system_server,-1,DisplayDeviceConfig,requesting nits when no mapping exists.]
01-05 07:15:10.124 I/am_wtf ( 1516): [0,1516,system_server,-1,DisplayDeviceConfig,requesting nits when no mapping exists.]
01-05 07:15:10.140 I/am_wtf ( 1516): [0,1516,system_server,-1,DisplayDeviceConfig,requesting nits when no mapping exists.]
01-05 07:15:10.140 I/am_wtf ( 1516): [0,1516,system_server,-1,DisplayDeviceConfig,requesting nits when no mapping exists.]
01-05 07:15:10.157 I/am_wtf ( 1516): [0,1516,system_server,-1,DisplayDeviceConfig,requesting nits when no mapping exists.]
01-05 07:15:10.160 I/am_wtf ( 1516): [0,1516,system_server,-1,DisplayDeviceConfig,requesting nits when no mapping exists.]
01-05 07:15:10.173 I/am_wtf ( 1516): [0,1516,system_server,-1,DisplayDeviceConfig,requesting nits when no mapping exists.]
01-05 07:15:10.174 I/am_wtf ( 1516): [0,1516,system_server,-1,DisplayDeviceConfig,requesting nits when no mapping exists.]
01-05 07:15:10.190 I/am_wtf ( 1516): [0,1516,system_server,-1,DisplayDeviceConfig,requesting nits when no mapping exists.]
01-05 07:15:10.190 I/am_wtf ( 1516): [0,1516,system_server,-1,DisplayDeviceConfig,requesting nits when no mapping exists.]
01-05 07:15:10.207 I/am_wtf ( 1516): [0,1516,system_server,-1,DisplayDeviceConfig,requesting nits when no mapping exists.]
01-05 07:15:10.207 I/am_wtf ( 1516): [0,1516,system_server,-1,DisplayDeviceConfig,requesting nits when no mapping exists.]
01-05 07:15:10.224 I/am_wtf ( 1516): [0,1516,system_server,-1,DisplayDeviceConfig,requesting nits when no mapping exists.]
01-05 07:15:10.224 I/am_wtf ( 1516): [0,1516,system_server,-1,DisplayDeviceConfig,requesting nits when no mapping exists.]
01-05 07:15:10.240 I/am_wtf ( 1516): [0,1516,system_server,-1,DisplayDeviceConfig,requesting nits when no mapping exists.]
01-05 07:15:10.241 I/am_wtf ( 1516): [0,1516,system_server,-1,DisplayDeviceConfig,requesting nits when no mapping exists.]
01-05 07:15:10.257 I/am_wtf ( 1516): [0,1516,system_server,-1,DisplayDeviceConfig,requesting nits when no mapping exists.]
01-05 07:15:10.257 I/am_wtf ( 1516): [0,1516,system_server,-1,DisplayDeviceConfig,requesting nits when no mapping exists.]
01-05 07:15:10.274 I/am_wtf ( 1516): [0,1516,system_server,-1,DisplayDeviceConfig,requesting nits when no mapping exists.]
01-05 07:15:10.274 I/am_wtf ( 1516): [0,1516,system_server,-1,DisplayDeviceConfig,requesting nits when no mapping exists.]
01-05 07:15:10.290 I/am_wtf ( 1516): [0,1516,system_server,-1,DisplayDeviceConfig,requesting nits when no mapping exists.]
01-05 07:15:10.291 I/am_wtf ( 1516): [0,1516,system_server,-1,DisplayDeviceConfig,requesting nits when no mapping exists.]
01-05 07:15:10.307 I/am_wtf ( 1516): [0,1516,system_server,-1,DisplayDeviceConfig,requesting nits when no mapping exists.]
01-05 07:15:10.307 I/am_wtf ( 1516): [0,1516,system_server,-1,DisplayDeviceConfig,requesting nits when no mapping exists.]
01-05 07:15:10.324 I/am_wtf ( 1516): [0,1516,system_server,-1,DisplayDeviceConfig,requesting nits when no mapping exists.]
01-05 07:15:10.324 I/am_wtf ( 1516): [0,1516,system_server,-1,DisplayDeviceConfig,requesting nits when no mapping exists.]
01-05 07:15:10.341 I/am_wtf ( 1516): [0,1516,system_server,-1,DisplayDeviceConfig,requesting nits when no mapping exists.]
01-05 07:15:10.341 I/am_wtf ( 1516): [0,1516,system_server,-1,DisplayDeviceConfig,requesting nits when no mapping exists.]
01-05 07:15:10.357 I/am_wtf ( 1516): [0,1516,system_server,-1,DisplayDeviceConfig,requesting nits when no mapping exists.]
01-05 07:15:10.357 I/am_wtf ( 1516): [0,1516,system_server,-1,DisplayDeviceConfig,requesting nits when no mapping exists.]
01-05 07:15:10.374 I/am_wtf ( 1516): [0,1516,system_server,-1,DisplayDeviceConfig,requesting nits when no mapping exists.]
01-05 07:15:10.374 I/am_wtf ( 1516): [0,1516,system_server,-1,DisplayDeviceConfig,requesting nits when no mapping exists.]
01-05 07:15:10.391 I/am_wtf ( 1516): [0,1516,system_server,-1,DisplayDeviceConfig,requesting nits when no mapping exists.]
01-05 07:15:10.391 I/am_wtf ( 1516): [0,1516,system_server,-1,DisplayDeviceConfig,requesting nits when no mapping exists.]
01-05 07:15:10.407 I/am_wtf ( 1516): [0,1516,system_server,-1,DisplayDeviceConfig,requesting nits when no mapping exists.]
01-05 07:15:10.408 I/am_wtf ( 1516): [0,1516,system_server,-1,DisplayDeviceConfig,requesting nits when no mapping exists.]
01-05 07:15:10.424 I/am_wtf ( 1516): [0,1516,system_server,-1,DisplayDeviceConfig,requesting nits when no mapping exists.]
01-05 07:15:10.424 I/am_wtf ( 1516): [0,1516,system_server,-1,DisplayDeviceConfig,requesting nits when no mapping exists.]
01-05 07:15:10.441 I/am_wtf ( 1516): [0,1516,system_server,-1,DisplayDeviceConfig,requesting nits when no mapping exists.]
01-05 07:15:10.441 I/am_wtf ( 1516): [0,1516,system_server,-1,DisplayDeviceConfig,requesting nits when no mapping exists.]
01-05 07:15:10.458 I/am_wtf ( 1516): [0,1516,system_server,-1,DisplayDeviceConfig,requesting nits when no mapping exists.]
01-05 07:15:10.458 I/am_wtf ( 1516): [0,1516,system_server,-1,DisplayDeviceConfig,requesting nits when no mapping exists.]
01-05 07:15:10.474 I/am_wtf ( 1516): [0,1516,system_server,-1,DisplayDeviceConfig,requesting nits when no mapping exists.]
01-05 07:15:10.474 I/am_wtf ( 1516): [0,1516,system_server,-1,DisplayDeviceConfig,requesting nits when no mapping exists.]
01-05 07:15:10.491 I/am_wtf ( 1516): [0,1516,system_server,-1,DisplayDeviceConfig,requesting nits when no mapping exists.]
01-05 07:15:10.491 I/am_wtf ( 1516): [0,1516,system_server,-1,DisplayDeviceConfig,requesting nits when no mapping exists.]
01-05 07:15:10.508 I/am_wtf ( 1516): [0,1516,system_server,-1,DisplayDeviceConfig,requesting nits when no mapping exists.]
01-05 07:15:10.508 I/am_wtf ( 1516): [0,1516,system_server,-1,DisplayDeviceConfig,requesting nits when no mapping exists.]
01-05 07:15:10.524 I/am_wtf ( 1516): [0,1516,system_server,-1,DisplayDeviceConfig,requesting nits when no mapping exists.]
01-05 07:15:10.525 I/am_wtf ( 1516): [0,1516,system_server,-1,DisplayDeviceConfig,requesting nits when no mapping exists.]
01-05 07:15:10.541 I/am_wtf ( 1516): [0,1516,system_server,-1,DisplayDeviceConfig,requesting nits when no mapping exists.]
01-05 07:15:10.541 I/am_wtf ( 1516): [0,1516,system_server,-1,DisplayDeviceConfig,requesting nits when no mapping exists.]
01-05 07:15:10.558 I/am_wtf ( 1516): [0,1516,system_server,-1,DisplayDeviceConfig,requesting nits when no mapping exists.]
01-05 07:15:10.558 I/am_wtf ( 1516): [0,1516,system_server,-1,DisplayDeviceConfig,requesting nits when no mapping exists.]
01-05 07:15:12.963 I/input_interaction( 1516): Interaction with: 6fa6e35 com.thundercomm.screensaver/android.service.dreams.DreamActivity (server), edge-swipe (server), swipe-up (server), PointerEventDispatcher0 (server),
01-05 07:15:12.965 I/wm_finish_activity( 1516): [0,260663360,43,com.thundercomm.screensaver/android.service.dreams.DreamActivity,finish-activity]
01-05 07:15:12.966 I/wm_task_moved( 1516): [42,1,7]
01-05 07:15:12.966 I/wm_task_to_front( 1516): [0,42]
01-05 07:15:12.967 I/wm_set_resumed_activity( 1516): [0,com.android.music/.MusicBrowserActivity,positionChildAt]
01-05 07:15:12.967 I/wm_focused_root_task( 1516): [0,0,42,43,finish-top adjustFocusToNextFocusableTask]
01-05 07:15:12.967 I/wm_set_resumed_activity( 1516): [0,com.android.music/.MusicBrowserActivity,finish-top]
01-05 07:15:12.968 I/wm_pause_activity( 1516): [0,260663360,com.thundercomm.screensaver/android.service.dreams.DreamActivity,userLeaving=false,finish]
01-05 07:15:12.975 I/wm_on_top_resumed_lost_called( 5252): [260663360,android.service.dreams.DreamActivity,topStateChangedWhenResumed]
01-05 07:15:12.976 I/sysui_multi_action( 1516): [757,803,799,window_time_0,802,3]
01-05 07:15:12.976 I/wm_on_paused_called( 5252): [260663360,android.service.dreams.DreamActivity,performPause]
01-05 07:15:12.976 I/wm_on_top_resumed_gained_called( 8708): [257738464,com.android.music.MusicBrowserActivity,topStateChangedWhenResumed]
01-05 07:15:12.979 I/wm_resume_activity( 1516): [0,39192225,10,com.android.launcher3/.uioverrides.QuickstepLauncher]
01-05 07:15:12.992 I/wm_on_restart_called( 2835): [39192225,com.android.launcher3.uioverrides.QuickstepLauncher,performRestartActivity]
01-05 07:15:12.993 I/wm_on_start_called( 2835): [39192225,com.android.launcher3.uioverrides.QuickstepLauncher,handleStartActivity]
01-05 07:15:12.993 I/wm_on_resume_called( 2835): [39192225,com.android.launcher3.uioverrides.QuickstepLauncher,RESUME_ACTIVITY]
01-05 07:15:12.994 I/sysui_multi_action( 1516): [757,803,799,window_time_2,802,0]
01-05 07:15:12.999 I/view_enqueue_input_event( 5252): [Motion - Cancel,com.thundercomm.screensaver/android.service.dreams.DreamActivity]
01-05 07:15:12.999 I/input_focus( 1516): [Focus leaving 6fa6e35 com.thundercomm.screensaver/android.service.dreams.DreamActivity (server),reason=NO_WINDOW]
01-05 07:15:13.004 I/input_interaction( 1516): Interaction with: edge-swipe (server), swipe-up (server), PointerEventDispatcher0 (server),
01-05 07:15:13.009 I/input_focus( 1516): [Focus request 81768c3 com.android.music/com.android.music.MusicBrowserActivity,reason=UpdateInputWindows]
01-05 07:15:13.032 I/input_focus( 1516): [Focus entering 81768c3 com.android.music/com.android.music.MusicBrowserActivity (server),reason=setFocusedWindow]
01-05 07:15:13.074 I/wm_destroy_activity( 1516): [0,260663360,43,com.thundercomm.screensaver/android.service.dreams.DreamActivity,finish-idle]
01-05 07:15:13.075 I/wm_on_stop_called( 5252): [260663360,android.service.dreams.DreamActivity,LIFECYCLER_STOP_ACTIVITY]
01-05 07:15:13.076 I/wm_on_destroy_called( 5252): [260663360,android.service.dreams.DreamActivity,performDestroy]
01-05 07:15:13.081 I/sysui_multi_action( 1516): [757,222,758,2]
01-05 07:15:13.081 I/sysui_multi_action( 1516): [757,804,799,dreaming_minutes,801,0,802,1]
01-05 07:15:13.281 I/wm_task_removed( 1516): [43,removeChild:removeChild last r=ActivityRecord{f896840 u0 com.thundercomm.screensaver/android.service.dreams.DreamActivity t-1 f}} in t=Task{5f99a2b #43 type=dream A=10052:android:com.thundercomm.screensaver/dream U=0 visible=false mode=fullscreen translucent=true sz=0}]
01-05 07:15:13.281 I/wm_task_removed( 1516): [43,removeChild]
01-05 07:15:13.895 I/input_interaction( 1516): Interaction with: 7c0e82f StatusBar (server), edge-swipe (server), swipe-up (server), PointerEventDispatcher0 (server),
01-05 07:15:13.899 I/sysui_multi_action( 2367): [757,803,799,panel_open,802,1]
01-05 07:15:13.900 I/sysui_multi_action( 2367): [757,1328,758,4,1326,50,1327,7,1329,0]
01-05 07:15:13.921 I/sysui_multi_action( 1516): [757,127,758,1]
01-05 07:15:13.921 I/sysui_multi_action( 1516): [757,804,799,note_load,801,2,802,1]
01-05 07:15:13.921 I/notification_panel_revealed( 1516): 2
01-05 07:15:13.935 I/input_focus( 1516): [Focus request 94a0fc2 NotificationShade,reason=UpdateInputWindows]
01-05 07:15:13.945 I/sysui_multi_action( 1516): [757,128,758,1,793,9784452,794,0,795,9784452,796,26,798,0,806,android,857,DEVELOPER_IMPORTANT,858,4,947,0,1395,2,1500,9784247,1688,1]
01-05 07:15:13.945 I/sysui_multi_action( 1516): [757,804,799,note_freshness,801,9784452,802,1]
01-05 07:15:13.946 I/notification_visibility( 1516): [-1|android|26|null|1000,1,9784452,9784452,0,0]
01-05 07:15:13.946 I/sysui_multi_action( 1516): [757,128,758,1,793,9852912,794,0,795,9852912,796,32,798,1,806,android,857,USB,858,1,947,0,1395,2,1500,9852760,1688,1]
01-05 07:15:13.947 I/sysui_multi_action( 1516): [757,804,799,note_freshness,801,9852912,802,1]
01-05 07:15:13.947 I/notification_visibility( 1516): [-1|android|32|null|1000,1,9852912,9852912,0,1]
01-05 07:15:13.953 I/input_focus( 1516): [Focus leaving 81768c3 com.android.music/com.android.music.MusicBrowserActivity (server),reason=setFocusedWindow]
01-05 07:15:13.954 I/input_focus( 1516): [Focus entering 94a0fc2 NotificationShade (server),reason=setFocusedWindow]
01-05 07:15:13.964 I/sysui_multi_action( 2367): [757,111,758,1]
01-05 07:15:13.964 I/sysui_multi_action( 2367): [757,126,758,1,759,126,927,0,928,0,1593,0]
01-05 07:15:13.964 I/sysui_multi_action( 2367): [757,113,758,1,759,113,927,1,928,1,1593,0]
01-05 07:15:13.964 I/sysui_multi_action( 2367): [757,0,758,1,759,0,927,2,928,0,1593,0]
01-05 07:15:13.964 I/sysui_multi_action( 2367): [757,0,758,1,759,0,927,3,928,0,1593,0]
01-05 07:15:13.965 I/sysui_multi_action( 2367): [757,491,758,1,759,491,927,4,928,0,1311,-1,1593,0]
01-05 07:15:13.965 I/sysui_multi_action( 2367): [757,0,758,1,759,0,927,5,928,0,1593,0]
01-05 07:15:13.965 I/sysui_multi_action( 2367): [757,111,758,1]
01-05 07:15:13.965 I/sysui_multi_action( 2367): [757,126,758,1,759,126,927,0,928,0,1593,0]
01-05 07:15:13.965 I/sysui_multi_action( 2367): [757,113,758,1,759,113,927,1,928,1,1593,0]
01-05 07:15:13.965 I/sysui_multi_action( 2367): [757,0,758,1,759,0,927,2,928,0,1593,0]
01-05 07:15:13.965 I/sysui_multi_action( 2367): [757,0,758,1,759,0,927,3,928,0,1593,0]
01-05 07:15:15.321 I/input_interaction( 1516): Interaction with: 94a0fc2 NotificationShade (server), edge-swipe (server), swipe-up (server), PointerEventDispatcher0 (server),
01-05 07:15:15.723 I/notification_enqueue( 1516): [10081,2367,com.android.systemui,2048,NULL,0,Notification(channel=updateNotification shortcut=null contentView=null vibrate=null sound=null defaults=0x0 flags=0x0 color=0x00000000 vis=PRIVATE),1]
01-05 07:15:15.724 I/sysui_multi_action( 2367): [757,111,758,2]
01-05 07:15:15.725 I/sysui_multi_action( 2367): [757,111,758,2]
01-05 07:15:15.942 I/input_focus( 1516): [Focus request 81768c3 com.android.music/com.android.music.MusicBrowserActivity,reason=UpdateInputWindows]
01-05 07:15:15.955 I/sysui_multi_action( 1516): [757,128,758,2,793,9786462,794,2010,795,9786462,796,26,798,0,806,android,857,DEVELOPER_IMPORTANT,858,4,947,0,1395,2,1500,9786257,1688,1]
01-05 07:15:15.956 I/notification_visibility( 1516): [-1|android|26|null|1000,0,9786462,9786462,0,0]
01-05 07:15:15.956 I/sysui_multi_action( 1516): [757,128,758,2,793,9854922,794,2010,795,9854922,796,32,798,1,806,android,857,USB,858,1,947,0,1395,2,1500,9854770,1688,1]
01-05 07:15:15.957 I/notification_visibility( 1516): [-1|android|32|null|1000,0,9854922,9854922,0,1]
01-05 07:15:15.957 I/sysui_multi_action( 1516): [757,127,758,2]
01-05 07:15:15.957 I/notification_panel_hidden( 1516):
01-05 07:15:15.958 I/input_focus( 1516): [Focus leaving 94a0fc2 NotificationShade (server),reason=NOT_FOCUSABLE]
01-05 07:15:15.958 I/input_focus( 1516): [Focus entering 81768c3 com.android.music/com.android.music.MusicBrowserActivity (server),reason=setFocusedWindow]
01-05 07:15:16.708 I/input_interaction( 1516): Interaction with: 81768c3 com.android.music/com.android.music.MusicBrowserActivity (server), edge-swipe (server), swipe-up (server), PointerEventDispatcher0 (server),
01-05 07:15:17.495 I/wm_relaunch_resume_activity( 1516): [0,257738464,42,com.android.music/.MusicBrowserActivity]
01-05 07:15:17.496 I/wm_add_to_stopping( 1516): [0,39192225,com.android.launcher3/.uioverrides.QuickstepLauncher,makeInvisible]
01-05 07:15:17.510 I/am_pss ( 1516): [8960,10069,com.android.gallery3d,7868416,5197824,0,93102080,0,19,7]
01-05 07:15:17.517 I/am_pss ( 1516): [8959,10067,com.android.deskclock,8797184,6029312,0,95182848,0,19,6]
01-05 07:15:17.519 I/wm_on_top_resumed_lost_called( 8708): [257738464,com.android.music.MusicBrowserActivity,pausing]
01-05 07:15:17.520 I/wm_on_paused_called( 8708): [257738464,com.android.music.MusicBrowserActivity,performPause]
01-05 07:15:17.523 I/wm_on_stop_called( 8708): [257738464,com.android.music.MusicBrowserActivity,handleRelaunchActivity]
01-05 07:15:17.527 I/wm_on_destroy_called( 8708): [257738464,com.android.music.MusicBrowserActivity,performDestroy]
01-05 07:15:17.558 I/wm_on_create_called( 8708): [257738464,com.android.music.MusicBrowserActivity,performCreate]
01-05 07:15:17.570 I/wm_on_start_called( 8708): [257738464,com.android.music.MusicBrowserActivity,handleStartActivity]
01-05 07:15:17.570 I/wm_on_resume_called( 8708): [257738464,com.android.music.MusicBrowserActivity,RESUME_ACTIVITY]
01-05 07:15:17.571 I/wm_on_top_resumed_gained_called( 8708): [257738464,com.android.music.MusicBrowserActivity,topWhenResuming]
01-05 07:15:17.586 I/notification_enqueue( 1516): [10085,8708,com.android.music,1,NULL,0,Notification(channel=Channel-music shortcut=null contentView=null vibrate=null sound=null defaults=0x0 flags=0x40 color=0x00000000 category=transport actions=4 vis=PRIVATE),0]
01-05 07:15:17.588 I/notification_enqueue( 1516): [10085,8708,com.android.music,1,NULL,0,Notification(channel=Channel-music shortcut=null contentView=null vibrate=null sound=null defaults=0x0 flags=0x40 color=0x00000000 category=transport actions=4 vis=PRIVATE),0]
01-05 07:15:17.596 I/notification_enqueue( 1516): [10085,8708,com.android.music,1,NULL,0,Notification(channel=Channel-music shortcut=null contentView=null vibrate=null sound=null defaults=0x0 flags=0x40 color=0x00000000 category=transport actions=4 vis=PRIVATE),0]
01-05 07:15:17.597 I/notification_enqueue( 1516): [10085,8708,com.android.music,1,NULL,0,Notification(channel=Channel-music shortcut=null contentView=null vibrate=null sound=null defaults=0x0 flags=0x40 color=0x00000000 category=transport actions=4 vis=PRIVATE),0]
01-05 07:15:17.600 I/notification_enqueue( 1516): [10085,8708,com.android.music,1,NULL,0,Notification(channel=Channel-music shortcut=null contentView=null vibrate=null sound=null defaults=0x0 flags=0x40 color=0x00000000 category=transport actions=4 vis=PRIVATE),0]
01-05 07:15:17.600 I/notification_enqueue( 1516): [10085,8708,com.android.music,1,NULL,0,Notification(channel=Channel-music shortcut=null contentView=null vibrate=null sound=null defaults=0x0 flags=0x40 color=0x00000000 category=transport actions=4 vis=PRIVATE),0]
01-05 07:15:17.788 I/sysui_multi_action( 1516): [757,1501,758,1,793,202,794,0,795,202,796,1,806,com.android.music,857,Channel-music,858,2,947,0,1500,0,1641,transport,1688,1,1745,1043716538]
01-05 07:15:17.789 I/sysui_multi_action( 1516): [757,804,799,note_interruptive,801,0,802,1]
01-05 07:15:17.852 I/sysui_multi_action( 1516): [757,128,758,5,759,8,793,9504568,794,0,795,9504568,796,1,797,empty_media,806,com.android.systemui,857,empty_media_style_id,858,4,947,0,1500,9504364,1641,transport,1688,1,1745,1043716538]
01-05 07:15:17.852 I/notification_canceled( 1516): [0|com.android.systemui|1|empty_media|10081,8,9504568,9504568,0,-1,-1,NULL]
01-05 07:15:17.927 I/wm_stop_activity( 1516): [0,39192225,com.android.launcher3/.uioverrides.QuickstepLauncher]
01-05 07:15:17.933 I/wm_on_paused_called( 2835): [39192225,com.android.launcher3.uioverrides.QuickstepLauncher,performPause]
01-05 07:15:17.936 I/wm_on_stop_called( 2835): [39192225,com.android.launcher3.uioverrides.QuickstepLauncher,STOP_ACTIVITY_ITEM]
01-05 07:15:18.619 I/input_interaction( 1516): Interaction with: 7c0e82f StatusBar (server), edge-swipe (server), swipe-up (server), PointerEventDispatcher0 (server),
01-05 07:15:18.627 I/sysui_multi_action( 2367): [757,803,799,panel_open,802,1]
01-05 07:15:18.628 I/sysui_multi_action( 2367): [757,1328,758,4,1326,38,1327,4,1329,0]
