01-05 07:01:08.899 I/auditd ( 497): type=1401 audit(0.0:1061): op=security_compute_sid invalid_context=u:r:np_thundercomm_tlog_pstore:s0 scontext=u:r:init:s0 tcontext=u:object_r:np_thundercomm_tlog_pstore_exec:s0 tclass=process
01-05 07:04:55.939 I/am_freeze( 1516): [8563,com.android.deskclock]
01-05 07:04:55.942 I/am_freeze( 1516): [8562,com.android.music]
01-05 07:04:55.945 I/am_freeze( 1516): [8564,com.android.gallery3d]
01-05 07:04:55.947 I/am_kill ( 1516): [0,8563,com.android.deskclock,925,Unable to freeze binder interface]
01-05 07:04:55.950 I/am_kill ( 1516): [0,8562,com.android.music,915,Unable to freeze binder interface]
01-05 07:04:55.950 I/am_kill ( 1516): [0,8564,com.android.gallery3d,905,Unable to freeze binder interface]
01-05 07:04:55.972 I/am_proc_died( 1516): [0,8563,com.android.deskclock,925,19]
01-05 07:04:55.973 I/am_uid_stopped( 1516): 10067
01-05 07:04:55.975 I/am_proc_died( 1516): [0,8562,com.android.music,915,19]
01-05 07:04:55.975 I/am_uid_stopped( 1516): 10085
01-05 07:04:55.977 I/am_proc_died( 1516): [0,8564,com.android.gallery3d,905,19]
01-05 07:04:55.977 I/am_uid_stopped( 1516): 10069
01-05 07:04:55.981 I/am_uid_running( 1516): 10085
01-05 07:04:55.981 I/am_pss ( 1516): [8634,1000,com.android.settings,34233344,31911936,0,118886400,0,19,6]
01-05 07:04:55.982 I/am_uid_running( 1516): 10067
01-05 07:04:55.983 I/am_uid_running( 1516): 10069
01-05 07:04:55.996 I/am_proc_start( 1516): [0,8708,10085,com.android.music,NULL,]
01-05 07:04:56.010 I/am_proc_start( 1516): [0,8709,10067,com.android.deskclock,NULL,]
01-05 07:04:56.018 I/am_proc_start( 1516): [0,8716,10069,com.android.gallery3d,NULL,]
01-05 07:04:56.027 I/am_proc_bound( 1516): [0,8708,com.android.music]
01-05 07:04:56.041 I/am_proc_bound( 1516): [0,8709,com.android.deskclock]
01-05 07:04:56.047 I/am_proc_bound( 1516): [0,8716,com.android.gallery3d]
01-05 07:06:46.594 I/input_interaction( 1516): Interaction with: 8fcaef7 com.thundercomm.screensaver/android.service.dreams.DreamActivity (server), edge-swipe (server), swipe-up (server), PointerEventDispatcher0 (server),
01-05 07:06:46.600 I/wm_finish_activity( 1516): [0,121205176,38,com.thundercomm.screensaver/android.service.dreams.DreamActivity,finish-activity]
01-05 07:06:46.600 I/wm_task_moved( 1516): [1,1,6]
01-05 07:06:46.601 I/wm_task_moved( 1516): [10,1,2147483647]
01-05 07:06:46.601 I/wm_task_to_front( 1516): [0,10]
01-05 07:06:46.601 I/wm_focused_root_task( 1516): [0,0,1,38,finish-top adjustFocusToNextFocusableTask]
01-05 07:06:46.601 I/wm_set_resumed_activity( 1516): [0,com.android.launcher3/.uioverrides.QuickstepLauncher,finish-top adjustFocusToNextFocusableTask]
01-05 07:06:46.602 I/wm_pause_activity( 1516): [0,121205176,com.thundercomm.screensaver/android.service.dreams.DreamActivity,userLeaving=false,finish]
01-05 07:06:46.609 I/wm_on_top_resumed_lost_called( 5252): [121205176,android.service.dreams.DreamActivity,topStateChangedWhenResumed]
01-05 07:06:46.612 I/wm_on_paused_called( 5252): [121205176,android.service.dreams.DreamActivity,performPause]
01-05 07:06:46.612 I/sysui_multi_action( 1516): [757,803,799,window_time_0,802,1832]
01-05 07:06:46.613 I/wm_add_to_stopping( 1516): [0,121205176,com.thundercomm.screensaver/android.service.dreams.DreamActivity,completeFinishing]
01-05 07:06:46.616 I/wm_set_resumed_activity( 1516): [0,com.android.launcher3/.uioverrides.QuickstepLauncher,resumeTopActivityInnerLocked]
01-05 07:06:46.617 I/wm_resume_activity( 1516): [0,39192225,10,com.android.launcher3/.uioverrides.QuickstepLauncher]
01-05 07:06:46.621 I/sysui_multi_action( 1516): [757,803,799,window_time_0,802,0]
01-05 07:06:46.628 I/wm_on_restart_called( 2835): [39192225,com.android.launcher3.uioverrides.QuickstepLauncher,performRestartActivity]
01-05 07:06:46.628 I/wm_on_start_called( 2835): [39192225,com.android.launcher3.uioverrides.QuickstepLauncher,handleStartActivity]
01-05 07:06:46.629 I/wm_on_resume_called( 2835): [39192225,com.android.launcher3.uioverrides.QuickstepLauncher,RESUME_ACTIVITY]
01-05 07:06:46.629 I/wm_on_top_resumed_gained_called( 2835): [39192225,com.android.launcher3.uioverrides.QuickstepLauncher,topWhenResuming]
01-05 07:06:46.630 I/input_focus( 1516): [Focus leaving 8fcaef7 com.thundercomm.screensaver/android.service.dreams.DreamActivity (server),reason=NO_WINDOW]
01-05 07:06:46.631 I/input_interaction( 1516): Interaction with: edge-swipe (server), swipe-up (server), PointerEventDispatcher0 (server),
01-05 07:06:46.631 I/view_enqueue_input_event( 5252): [Motion - Cancel,com.thundercomm.screensaver/android.service.dreams.DreamActivity]
01-05 07:06:46.632 I/commit_sys_config_file( 1516): [procstats,11]
01-05 07:06:46.638 I/input_focus( 1516): [Focus request fdc0eb0 com.android.launcher3/com.android.launcher3.uioverrides.QuickstepLauncher,reason=UpdateInputWindows]
01-05 07:06:46.639 I/am_uid_running( 1516): 10066
01-05 07:06:46.642 I/am_pss ( 1516): [8266,10065,com.android.calendar,24923136,18624512,0,140345344,0,15,7]
01-05 07:06:46.647 I/am_proc_start( 1516): [0,8767,10066,com.thundercomm.gamemode.provider,content provider,{com.thundercomm.gamemode.provider/com.thundercomm.gamemode.provider.SettingsProvider}]
01-05 07:06:46.651 I/am_pss ( 1516): [8716,10069,com.android.gallery3d,7700480,5185536,0,93134848,0,19,5]
01-05 07:06:46.657 I/am_pss ( 1516): [8709,10067,com.android.deskclock,8786944,6000640,0,95268864,0,19,5]
01-05 07:06:46.662 I/am_pss ( 1516): [8708,10085,com.android.music,6929408,4763648,0,90316800,0,19,5]
01-05 07:06:46.665 I/input_focus( 1516): [Focus entering fdc0eb0 com.android.launcher3/com.android.launcher3.uioverrides.QuickstepLauncher (server),reason=setFocusedWindow]
01-05 07:06:46.668 I/am_proc_bound( 1516): [0,8767,com.thundercomm.gamemode.provider]
01-05 07:06:46.668 I/am_pss ( 1516): [8634,1000,com.android.settings,34037760,31911936,0,118886400,0,19,5]
01-05 07:06:46.674 I/am_pss ( 1516): [8530,1000,com.qti.diagservices,6195200,3780608,0,93200384,0,10,5]
01-05 07:06:46.711 I/am_uid_active( 1516): 10066
01-05 07:06:46.901 I/wm_destroy_activity( 1516): [0,121205176,38,com.thundercomm.screensaver/android.service.dreams.DreamActivity,finish-imm:idle]
01-05 07:06:46.920 I/wm_on_stop_called( 5252): [121205176,android.service.dreams.DreamActivity,LIFECYCLER_STOP_ACTIVITY]
01-05 07:06:46.921 I/wm_on_destroy_called( 5252): [121205176,android.service.dreams.DreamActivity,performDestroy]
01-05 07:06:46.924 I/sysui_multi_action( 1516): [757,222,758,2]
01-05 07:06:46.924 I/sysui_multi_action( 1516): [757,804,799,dreaming_minutes,801,30,802,1]
01-05 07:06:46.929 I/wm_task_removed( 1516): [38,removeChild:removeChild last r=ActivityRecord{73971b8 u0 com.thundercomm.screensaver/android.service.dreams.DreamActivity t-1 f}} in t=Task{467e63d #38 type=dream A=10052:android:com.thundercomm.screensaver/dream U=0 visible=false mode=fullscreen translucent=true sz=0}]
01-05 07:06:46.929 I/wm_task_removed( 1516): [38,removeChild]
01-05 07:06:47.656 I/input_interaction( 1516): Interaction with: 7c0e82f StatusBar (server), edge-swipe (server), swipe-up (server), PointerEventDispatcher0 (server),
01-05 07:06:47.661 I/sysui_multi_action( 2367): [757,803,799,panel_open,802,1]
01-05 07:06:47.662 I/sysui_multi_action( 2367): [757,1328,758,4,1326,49,1327,4,1329,0]
01-05 07:06:47.705 I/sysui_multi_action( 1516): [757,127,758,1]
01-05 07:06:47.706 I/sysui_multi_action( 1516): [757,804,799,note_load,801,2,802,1]
01-05 07:06:47.706 I/notification_panel_revealed( 1516): 2
01-05 07:06:47.718 I/input_focus( 1516): [Focus request 94a0fc2 NotificationShade,reason=UpdateInputWindows]
01-05 07:06:47.729 I/sysui_multi_action( 1516): [757,128,758,1,793,9278236,794,0,795,9278236,796,26,798,0,806,android,857,DEVELOPER_IMPORTANT,858,4,947,0,1395,2,1500,9278031,1688,1]
01-05 07:06:47.729 I/sysui_multi_action( 1516): [757,804,799,note_freshness,801,9278236,802,1]
01-05 07:06:47.729 I/notification_visibility( 1516): [-1|android|26|null|1000,1,9278236,9278236,0,0]
01-05 07:06:47.729 I/sysui_multi_action( 1516): [757,128,758,1,793,9346695,794,0,795,9346695,796,32,798,1,806,android,857,USB,858,1,947,0,1395,2,1500,9346543,1688,1]
01-05 07:06:47.729 I/sysui_multi_action( 1516): [757,804,799,note_freshness,801,9346695,802,1]
01-05 07:06:47.730 I/notification_visibility( 1516): [-1|android|32|null|1000,1,9346695,9346695,0,1]
01-05 07:06:47.735 I/input_focus( 1516): [Focus leaving fdc0eb0 com.android.launcher3/com.android.launcher3.uioverrides.QuickstepLauncher (server),reason=setFocusedWindow]
01-05 07:06:47.735 I/input_focus( 1516): [Focus entering 94a0fc2 NotificationShade (server),reason=setFocusedWindow]
01-05 07:06:47.754 I/sysui_multi_action( 2367): [757,111,758,1]
01-05 07:06:47.754 I/sysui_multi_action( 2367): [757,126,758,1,759,126,927,0,928,0,1593,0]
01-05 07:06:47.754 I/sysui_multi_action( 2367): [757,113,758,1,759,113,927,1,928,1,1593,0]
01-05 07:06:47.754 I/sysui_multi_action( 2367): [757,0,758,1,759,0,927,2,928,0,1593,0]
01-05 07:06:47.754 I/sysui_multi_action( 2367): [757,0,758,1,759,0,927,3,928,0,1593,0]
01-05 07:06:47.755 I/sysui_multi_action( 2367): [757,491,758,1,759,491,927,4,928,0,1311,-1,1593,0]
01-05 07:06:47.755 I/sysui_multi_action( 2367): [757,0,758,1,759,0,927,5,928,0,1593,0]
01-05 07:06:47.755 I/sysui_multi_action( 2367): [757,111,758,1]
01-05 07:06:47.755 I/sysui_multi_action( 2367): [757,126,758,1,759,126,927,0,928,0,1593,0]
01-05 07:06:47.755 I/sysui_multi_action( 2367): [757,113,758,1,759,113,927,1,928,1,1593,0]
01-05 07:06:47.755 I/sysui_multi_action( 2367): [757,0,758,1,759,0,927,2,928,0,1593,0]
01-05 07:06:47.755 I/sysui_multi_action( 2367): [757,0,758,1,759,0,927,3,928,0,1593,0]
01-05 07:06:49.107 I/input_interaction( 1516): Interaction with: 94a0fc2 NotificationShade (server), edge-swipe (server), swipe-up (server), PointerEventDispatcher0 (server),
01-05 07:06:49.863 I/notification_enqueue( 1516): [10081,2367,com.android.systemui,2048,NULL,0,Notification(channel=updateNotification shortcut=null contentView=null vibrate=null sound=null defaults=0x0 flags=0x0 color=0x00000000 vis=PRIVATE),1]
01-05 07:06:49.863 I/sysui_multi_action( 2367): [757,111,758,2]
01-05 07:06:49.864 I/sysui_multi_action( 2367): [757,111,758,2]
01-05 07:06:49.987 I/input_interaction( 1516): Interaction with: 94a0fc2 NotificationShade (server), 9702ba6 com.android.systemui.ImageWallpaper (server), edge-swipe (server), swipe-up (server), PointerEventDispatcher0 (server),
01-05 07:06:50.091 I/sysui_multi_action( 2367): [757,111,758,1]
01-05 07:06:50.092 I/sysui_multi_action( 2367): [757,126,758,1,759,126,927,0,928,0,1593,1]
01-05 07:06:50.092 I/sysui_multi_action( 2367): [757,113,758,1,759,113,927,1,928,1,1593,1]
01-05 07:06:50.092 I/sysui_multi_action( 2367): [757,0,758,1,759,0,927,2,928,0,1593,1]
01-05 07:06:50.092 I/sysui_multi_action( 2367): [757,0,758,1,759,0,927,3,928,0,1593,1]
01-05 07:06:50.093 I/sysui_multi_action( 2367): [757,491,758,1,759,491,927,4,928,0,1311,-1,1593,0]
01-05 07:06:50.093 I/sysui_multi_action( 2367): [757,0,758,1,759,0,927,5,928,0,1593,0]
01-05 07:06:50.093 I/sysui_multi_action( 2367): [757,111,758,1]
01-05 07:06:50.094 I/sysui_multi_action( 2367): [757,126,758,1,759,126,927,0,928,0,1593,1]
01-05 07:06:50.094 I/sysui_multi_action( 2367): [757,113,758,1,759,113,927,1,928,1,1593,1]
01-05 07:06:50.094 I/sysui_multi_action( 2367): [757,0,758,1,759,0,927,2,928,0,1593,1]
01-05 07:06:50.094 I/sysui_multi_action( 2367): [757,0,758,1,759,0,927,3,928,0,1593,1]
01-05 07:06:50.410 I/notification_enqueue( 1516): [10081,2367,com.android.systemui,2048,NULL,0,Notification(channel=updateNotification shortcut=null contentView=null vibrate=null sound=null defaults=0x0 flags=0x0 color=0x00000000 vis=PRIVATE),1]
01-05 07:06:50.411 I/sysui_multi_action( 2367): [757,111,758,2]
01-05 07:06:50.411 I/sysui_multi_action( 2367): [757,111,758,2]
01-05 07:06:50.621 I/input_focus( 1516): [Focus request fdc0eb0 com.android.launcher3/com.android.launcher3.uioverrides.QuickstepLauncher,reason=UpdateInputWindows]
01-05 07:06:50.629 I/sysui_multi_action( 1516): [757,128,758,2,793,9281136,794,2900,795,9281136,796,26,798,0,806,android,857,DEVELOPER_IMPORTANT,858,4,947,0,1395,2,1500,9280931,1688,1]
01-05 07:06:50.629 I/notification_visibility( 1516): [-1|android|26|null|1000,0,9281136,9281136,0,0]
01-05 07:06:50.630 I/sysui_multi_action( 1516): [757,128,758,2,793,9349596,794,2901,795,9349596,796,32,798,1,806,android,857,USB,858,1,947,0,1395,2,1500,9349444,1688,1]
01-05 07:06:50.630 I/notification_visibility( 1516): [-1|android|32|null|1000,0,9349596,9349596,0,1]
01-05 07:06:50.631 I/sysui_multi_action( 1516): [757,127,758,2]
01-05 07:06:50.631 I/notification_panel_hidden( 1516):
01-05 07:06:50.641 I/input_focus( 1516): [Focus leaving 94a0fc2 NotificationShade (server),reason=NO_WINDOW]
01-05 07:06:50.642 I/input_focus( 1516): [Focus entering fdc0eb0 com.android.launcher3/com.android.launcher3.uioverrides.QuickstepLauncher (server),reason=setFocusedWindow]
01-05 07:07:43.032 I/sysui_multi_action( 1516): [757,1696,758,6,759,2]
01-05 07:07:43.050 I/am_wtf ( 1516): [0,1516,system_server,-1,DisplayDeviceConfig,requesting nits when no mapping exists.]
01-05 07:07:43.054 I/am_wtf ( 1516): [0,1516,system_server,-1,DisplayDeviceConfig,requesting nits when no mapping exists.]
01-05 07:07:43.065 I/am_wtf ( 1516): [0,1516,system_server,-1,DisplayDeviceConfig,requesting nits when no mapping exists.]
01-05 07:07:43.067 I/am_wtf ( 1516): [0,1516,system_server,-1,DisplayDeviceConfig,requesting nits when no mapping exists.]
01-05 07:07:43.081 I/am_wtf ( 1516): [0,1516,system_server,-1,DisplayDeviceConfig,requesting nits when no mapping exists.]
01-05 07:07:43.083 I/am_wtf ( 1516): [0,1516,system_server,-1,DisplayDeviceConfig,requesting nits when no mapping exists.]
01-05 07:07:43.100 I/am_wtf ( 1516): [0,1516,system_server,-1,DisplayDeviceConfig,requesting nits when no mapping exists.]
01-05 07:07:43.101 I/am_wtf ( 1516): [0,1516,system_server,-1,DisplayDeviceConfig,requesting nits when no mapping exists.]
01-05 07:07:43.117 I/am_wtf ( 1516): [0,1516,system_server,-1,DisplayDeviceConfig,requesting nits when no mapping exists.]
01-05 07:07:43.118 I/am_wtf ( 1516): [0,1516,system_server,-1,DisplayDeviceConfig,requesting nits when no mapping exists.]
01-05 07:07:43.133 I/am_wtf ( 1516): [0,1516,system_server,-1,DisplayDeviceConfig,requesting nits when no mapping exists.]
01-05 07:07:43.133 I/am_wtf ( 1516): [0,1516,system_server,-1,DisplayDeviceConfig,requesting nits when no mapping exists.]
01-05 07:07:43.150 I/am_wtf ( 1516): [0,1516,system_server,-1,DisplayDeviceConfig,requesting nits when no mapping exists.]
01-05 07:07:43.150 I/am_wtf ( 1516): [0,1516,system_server,-1,DisplayDeviceConfig,requesting nits when no mapping exists.]
01-05 07:07:43.166 I/am_wtf ( 1516): [0,1516,system_server,-1,DisplayDeviceConfig,requesting nits when no mapping exists.]
01-05 07:07:43.167 I/am_wtf ( 1516): [0,1516,system_server,-1,DisplayDeviceConfig,requesting nits when no mapping exists.]
01-05 07:07:43.184 I/am_wtf ( 1516): [0,1516,system_server,-1,DisplayDeviceConfig,requesting nits when no mapping exists.]
01-05 07:07:43.185 I/am_wtf ( 1516): [0,1516,system_server,-1,DisplayDeviceConfig,requesting nits when no mapping exists.]
01-05 07:07:43.202 I/am_wtf ( 1516): [0,1516,system_server,-1,DisplayDeviceConfig,requesting nits when no mapping exists.]
01-05 07:07:43.204 I/am_wtf ( 1516): [0,1516,system_server,-1,DisplayDeviceConfig,requesting nits when no mapping exists.]
01-05 07:07:43.217 I/am_wtf ( 1516): [0,1516,system_server,-1,DisplayDeviceConfig,requesting nits when no mapping exists.]
01-05 07:07:43.218 I/am_wtf ( 1516): [0,1516,system_server,-1,DisplayDeviceConfig,requesting nits when no mapping exists.]
01-05 07:07:43.234 I/am_wtf ( 1516): [0,1516,system_server,-1,DisplayDeviceConfig,requesting nits when no mapping exists.]
01-05 07:07:43.234 I/am_wtf ( 1516): [0,1516,system_server,-1,DisplayDeviceConfig,requesting nits when no mapping exists.]
01-05 07:07:43.250 I/am_wtf ( 1516): [0,1516,system_server,-1,DisplayDeviceConfig,requesting nits when no mapping exists.]
01-05 07:07:43.251 I/am_wtf ( 1516): [0,1516,system_server,-1,DisplayDeviceConfig,requesting nits when no mapping exists.]
01-05 07:07:43.267 I/am_wtf ( 1516): [0,1516,system_server,-1,DisplayDeviceConfig,requesting nits when no mapping exists.]
01-05 07:07:43.268 I/am_wtf ( 1516): [0,1516,system_server,-1,DisplayDeviceConfig,requesting nits when no mapping exists.]
01-05 07:07:43.284 I/am_wtf ( 1516): [0,1516,system_server,-1,DisplayDeviceConfig,requesting nits when no mapping exists.]
01-05 07:07:43.285 I/am_wtf ( 1516): [0,1516,system_server,-1,DisplayDeviceConfig,requesting nits when no mapping exists.]
01-05 07:07:43.300 I/am_wtf ( 1516): [0,1516,system_server,-1,DisplayDeviceConfig,requesting nits when no mapping exists.]
01-05 07:07:43.301 I/am_wtf ( 1516): [0,1516,system_server,-1,DisplayDeviceConfig,requesting nits when no mapping exists.]
01-05 07:07:43.318 I/am_wtf ( 1516): [0,1516,system_server,-1,DisplayDeviceConfig,requesting nits when no mapping exists.]
01-05 07:07:43.318 I/am_wtf ( 1516): [0,1516,system_server,-1,DisplayDeviceConfig,requesting nits when no mapping exists.]
01-05 07:07:43.334 I/am_wtf ( 1516): [0,1516,system_server,-1,DisplayDeviceConfig,requesting nits when no mapping exists.]
01-05 07:07:43.335 I/am_wtf ( 1516): [0,1516,system_server,-1,DisplayDeviceConfig,requesting nits when no mapping exists.]
01-05 07:07:43.350 I/am_wtf ( 1516): [0,1516,system_server,-1,DisplayDeviceConfig,requesting nits when no mapping exists.]
01-05 07:07:43.351 I/am_wtf ( 1516): [0,1516,system_server,-1,DisplayDeviceConfig,requesting nits when no mapping exists.]
01-05 07:07:43.367 I/am_wtf ( 1516): [0,1516,system_server,-1,DisplayDeviceConfig,requesting nits when no mapping exists.]
01-05 07:07:43.368 I/am_wtf ( 1516): [0,1516,system_server,-1,DisplayDeviceConfig,requesting nits when no mapping exists.]
01-05 07:07:43.384 I/am_wtf ( 1516): [0,1516,system_server,-1,DisplayDeviceConfig,requesting nits when no mapping exists.]
01-05 07:07:43.385 I/am_wtf ( 1516): [0,1516,system_server,-1,DisplayDeviceConfig,requesting nits when no mapping exists.]
01-05 07:07:43.386 I/service_manager_stats( 1516): [100,47,1601770]
01-05 07:07:43.401 I/am_wtf ( 1516): [0,1516,system_server,-1,DisplayDeviceConfig,requesting nits when no mapping exists.]
01-05 07:07:43.402 I/am_wtf ( 1516): [0,1516,system_server,-1,DisplayDeviceConfig,requesting nits when no mapping exists.]
01-05 07:07:43.418 I/am_wtf ( 1516): [0,1516,system_server,-1,DisplayDeviceConfig,requesting nits when no mapping exists.]
01-05 07:07:43.418 I/am_wtf ( 1516): [0,1516,system_server,-1,DisplayDeviceConfig,requesting nits when no mapping exists.]
01-05 07:07:43.434 I/am_wtf ( 1516): [0,1516,system_server,-1,DisplayDeviceConfig,requesting nits when no mapping exists.]
01-05 07:07:43.435 I/am_wtf ( 1516): [0,1516,system_server,-1,DisplayDeviceConfig,requesting nits when no mapping exists.]
01-05 07:07:43.451 I/am_wtf ( 1516): [0,1516,system_server,-1,DisplayDeviceConfig,requesting nits when no mapping exists.]
01-05 07:07:43.452 I/am_wtf ( 1516): [0,1516,system_server,-1,DisplayDeviceConfig,requesting nits when no mapping exists.]
01-05 07:07:43.468 I/am_wtf ( 1516): [0,1516,system_server,-1,DisplayDeviceConfig,requesting nits when no mapping exists.]
01-05 07:07:43.468 I/am_wtf ( 1516): [0,1516,system_server,-1,DisplayDeviceConfig,requesting nits when no mapping exists.]
01-05 07:07:43.484 I/am_wtf ( 1516): [0,1516,system_server,-1,DisplayDeviceConfig,requesting nits when no mapping exists.]
01-05 07:07:43.485 I/am_wtf ( 1516): [0,1516,system_server,-1,DisplayDeviceConfig,requesting nits when no mapping exists.]
01-05 07:07:43.501 I/am_wtf ( 1516): [0,1516,system_server,-1,DisplayDeviceConfig,requesting nits when no mapping exists.]
01-05 07:07:43.501 I/am_wtf ( 1516): [0,1516,system_server,-1,DisplayDeviceConfig,requesting nits when no mapping exists.]
01-05 07:07:43.518 I/am_wtf ( 1516): [0,1516,system_server,-1,DisplayDeviceConfig,requesting nits when no mapping exists.]
01-05 07:07:43.518 I/am_wtf ( 1516): [0,1516,system_server,-1,DisplayDeviceConfig,requesting nits when no mapping exists.]
01-05 07:07:43.534 I/am_wtf ( 1516): [0,1516,system_server,-1,DisplayDeviceConfig,requesting nits when no mapping exists.]
01-05 07:07:43.535 I/am_wtf ( 1516): [0,1516,system_server,-1,DisplayDeviceConfig,requesting nits when no mapping exists.]
01-05 07:07:43.551 I/am_wtf ( 1516): [0,1516,system_server,-1,DisplayDeviceConfig,requesting nits when no mapping exists.]
01-05 07:07:43.552 I/am_wtf ( 1516): [0,1516,system_server,-1,DisplayDeviceConfig,requesting nits when no mapping exists.]
01-05 07:07:43.568 I/am_wtf ( 1516): [0,1516,system_server,-1,DisplayDeviceConfig,requesting nits when no mapping exists.]
01-05 07:07:43.569 I/am_wtf ( 1516): [0,1516,system_server,-1,DisplayDeviceConfig,requesting nits when no mapping exists.]
01-05 07:07:43.585 I/am_wtf ( 1516): [0,1516,system_server,-1,DisplayDeviceConfig,requesting nits when no mapping exists.]
01-05 07:07:43.586 I/am_wtf ( 1516): [0,1516,system_server,-1,DisplayDeviceConfig,requesting nits when no mapping exists.]
01-05 07:07:43.601 I/am_wtf ( 1516): [0,1516,system_server,-1,DisplayDeviceConfig,requesting nits when no mapping exists.]
01-05 07:07:43.602 I/am_wtf ( 1516): [0,1516,system_server,-1,DisplayDeviceConfig,requesting nits when no mapping exists.]
01-05 07:07:43.618 I/am_wtf ( 1516): [0,1516,system_server,-1,DisplayDeviceConfig,requesting nits when no mapping exists.]
01-05 07:07:43.619 I/am_wtf ( 1516): [0,1516,system_server,-1,DisplayDeviceConfig,requesting nits when no mapping exists.]
01-05 07:07:43.634 I/am_wtf ( 1516): [0,1516,system_server,-1,DisplayDeviceConfig,requesting nits when no mapping exists.]
01-05 07:07:43.635 I/am_wtf ( 1516): [0,1516,system_server,-1,DisplayDeviceConfig,requesting nits when no mapping exists.]
01-05 07:07:43.651 I/am_wtf ( 1516): [0,1516,system_server,-1,DisplayDeviceConfig,requesting nits when no mapping exists.]
01-05 07:07:43.652 I/am_wtf ( 1516): [0,1516,system_server,-1,DisplayDeviceConfig,requesting nits when no mapping exists.]
01-05 07:07:43.668 I/am_wtf ( 1516): [0,1516,system_server,-1,DisplayDeviceConfig,requesting nits when no mapping exists.]
01-05 07:07:43.669 I/am_wtf ( 1516): [0,1516,system_server,-1,DisplayDeviceConfig,requesting nits when no mapping exists.]
01-05 07:07:43.684 I/am_wtf ( 1516): [0,1516,system_server,-1,DisplayDeviceConfig,requesting nits when no mapping exists.]
01-05 07:07:43.685 I/am_wtf ( 1516): [0,1516,system_server,-1,DisplayDeviceConfig,requesting nits when no mapping exists.]
01-05 07:07:43.701 I/am_wtf ( 1516): [0,1516,system_server,-1,DisplayDeviceConfig,requesting nits when no mapping exists.]
01-05 07:07:43.702 I/am_wtf ( 1516): [0,1516,system_server,-1,DisplayDeviceConfig,requesting nits when no mapping exists.]
01-05 07:07:43.718 I/am_wtf ( 1516): [0,1516,system_server,-1,DisplayDeviceConfig,requesting nits when no mapping exists.]
01-05 07:07:43.719 I/am_wtf ( 1516): [0,1516,system_server,-1,DisplayDeviceConfig,requesting nits when no mapping exists.]
01-05 07:07:43.735 I/am_wtf ( 1516): [0,1516,system_server,-1,DisplayDeviceConfig,requesting nits when no mapping exists.]
01-05 07:07:43.736 I/am_wtf ( 1516): [0,1516,system_server,-1,DisplayDeviceConfig,requesting nits when no mapping exists.]
01-05 07:07:43.752 I/am_wtf ( 1516): [0,1516,system_server,-1,DisplayDeviceConfig,requesting nits when no mapping exists.]
01-05 07:07:43.753 I/am_wtf ( 1516): [0,1516,system_server,-1,DisplayDeviceConfig,requesting nits when no mapping exists.]
01-05 07:07:43.768 I/am_wtf ( 1516): [0,1516,system_server,-1,DisplayDeviceConfig,requesting nits when no mapping exists.]
01-05 07:07:43.769 I/am_wtf ( 1516): [0,1516,system_server,-1,DisplayDeviceConfig,requesting nits when no mapping exists.]
01-05 07:07:43.785 I/am_wtf ( 1516): [0,1516,system_server,-1,DisplayDeviceConfig,requesting nits when no mapping exists.]
01-05 07:07:43.786 I/am_wtf ( 1516): [0,1516,system_server,-1,DisplayDeviceConfig,requesting nits when no mapping exists.]
01-05 07:07:43.802 I/am_wtf ( 1516): [0,1516,system_server,-1,DisplayDeviceConfig,requesting nits when no mapping exists.]
01-05 07:07:43.803 I/am_wtf ( 1516): [0,1516,system_server,-1,DisplayDeviceConfig,requesting nits when no mapping exists.]
01-05 07:07:43.818 I/am_wtf ( 1516): [0,1516,system_server,-1,DisplayDeviceConfig,requesting nits when no mapping exists.]
01-05 07:07:43.819 I/am_wtf ( 1516): [0,1516,system_server,-1,DisplayDeviceConfig,requesting nits when no mapping exists.]
01-05 07:07:43.835 I/am_wtf ( 1516): [0,1516,system_server,-1,DisplayDeviceConfig,requesting nits when no mapping exists.]
01-05 07:07:43.836 I/am_wtf ( 1516): [0,1516,system_server,-1,DisplayDeviceConfig,requesting nits when no mapping exists.]
01-05 07:07:43.852 I/am_wtf ( 1516): [0,1516,system_server,-1,DisplayDeviceConfig,requesting nits when no mapping exists.]
01-05 07:07:43.852 I/am_wtf ( 1516): [0,1516,system_server,-1,DisplayDeviceConfig,requesting nits when no mapping exists.]
01-05 07:07:43.868 I/am_wtf ( 1516): [0,1516,system_server,-1,DisplayDeviceConfig,requesting nits when no mapping exists.]
01-05 07:07:43.869 I/am_wtf ( 1516): [0,1516,system_server,-1,DisplayDeviceConfig,requesting nits when no mapping exists.]
01-05 07:07:43.885 I/am_wtf ( 1516): [0,1516,system_server,-1,DisplayDeviceConfig,requesting nits when no mapping exists.]
01-05 07:07:43.885 I/am_wtf ( 1516): [0,1516,system_server,-1,DisplayDeviceConfig,requesting nits when no mapping exists.]
01-05 07:07:43.901 I/am_wtf ( 1516): [0,1516,system_server,-1,DisplayDeviceConfig,requesting nits when no mapping exists.]
01-05 07:07:43.902 I/am_wtf ( 1516): [0,1516,system_server,-1,DisplayDeviceConfig,requesting nits when no mapping exists.]
01-05 07:07:43.918 I/am_wtf ( 1516): [0,1516,system_server,-1,DisplayDeviceConfig,requesting nits when no mapping exists.]
01-05 07:07:43.919 I/am_wtf ( 1516): [0,1516,system_server,-1,DisplayDeviceConfig,requesting nits when no mapping exists.]
01-05 07:07:43.935 I/am_wtf ( 1516): [0,1516,system_server,-1,DisplayDeviceConfig,requesting nits when no mapping exists.]
01-05 07:07:43.936 I/am_wtf ( 1516): [0,1516,system_server,-1,DisplayDeviceConfig,requesting nits when no mapping exists.]
01-05 07:07:43.952 I/am_wtf ( 1516): [0,1516,system_server,-1,DisplayDeviceConfig,requesting nits when no mapping exists.]
01-05 07:07:43.953 I/am_wtf ( 1516): [0,1516,system_server,-1,DisplayDeviceConfig,requesting nits when no mapping exists.]
01-05 07:07:43.969 I/am_wtf ( 1516): [0,1516,system_server,-1,DisplayDeviceConfig,requesting nits when no mapping exists.]
01-05 07:07:43.970 I/am_wtf ( 1516): [0,1516,system_server,-1,DisplayDeviceConfig,requesting nits when no mapping exists.]
01-05 07:07:43.985 I/am_wtf ( 1516): [0,1516,system_server,-1,DisplayDeviceConfig,requesting nits when no mapping exists.]
01-05 07:07:43.986 I/am_wtf ( 1516): [0,1516,system_server,-1,DisplayDeviceConfig,requesting nits when no mapping exists.]
01-05 07:07:46.929 I/am_uid_idle( 1516): 10052
01-05 07:07:50.006 I/sysui_multi_action( 1516): [757,222,758,1]
01-05 07:07:50.009 I/am_uid_active( 1516): 10052
01-05 07:07:50.021 I/am_pss ( 1516): [2835,10075,com.android.launcher3,127776768,112186368,0,269366272,0,2,16]
01-05 07:07:50.022 I/wm_task_created( 1516): [39,-1]
01-05 07:07:50.026 I/wm_task_moved( 1516): [39,1,7]
01-05 07:07:50.026 I/wm_task_to_front( 1516): [0,39]
01-05 07:07:50.026 I/wm_create_task( 1516): [0,39]
01-05 07:07:50.026 I/wm_create_activity( 1516): [0,119901404,39,com.thundercomm.screensaver/android.service.dreams.DreamActivity,NULL,NULL,NULL,276824064]
01-05 07:07:50.026 I/wm_task_moved( 1516): [39,1,7]
01-05 07:07:50.026 I/wm_on_top_resumed_lost_called( 2835): [39192225,com.android.launcher3.uioverrides.QuickstepLauncher,topStateChangedWhenResumed]
01-05 07:07:50.027 I/wm_pause_activity( 1516): [0,39192225,com.android.launcher3/.uioverrides.QuickstepLauncher,userLeaving=true,pauseBackTasks]
01-05 07:07:50.028 I/am_pss ( 1516): [8767,10066,com.thundercomm.gamemode.provider,8114176,5820416,0,95117312,0,19,6]
01-05 07:07:50.028 I/wm_on_paused_called( 2835): [39192225,com.android.launcher3.uioverrides.QuickstepLauncher,performPause]
01-05 07:07:50.030 I/wm_add_to_stopping( 1516): [0,39192225,com.android.launcher3/.uioverrides.QuickstepLauncher,makeInvisible]
01-05 07:07:50.030 I/wm_restart_activity( 1516): [0,119901404,39,com.thundercomm.screensaver/android.service.dreams.DreamActivity]
01-05 07:07:50.031 I/wm_set_resumed_activity( 1516): [0,com.thundercomm.screensaver/android.service.dreams.DreamActivity,minimalResumeActivityLocked]
01-05 07:07:50.035 I/am_pss ( 1516): [8716,10069,com.android.gallery3d,7680000,5185536,0,93134848,0,19,6]
01-05 07:07:50.037 I/wm_on_create_called( 5252): [119901404,android.service.dreams.DreamActivity,performCreate]
01-05 07:07:50.037 I/sysui_multi_action( 1516): [757,803,799,window_time_0,802,63]
01-05 07:07:50.037 I/wm_on_start_called( 5252): [119901404,android.service.dreams.DreamActivity,handleStartActivity]
01-05 07:07:50.037 I/wm_on_resume_called( 5252): [119901404,android.service.dreams.DreamActivity,RESUME_ACTIVITY]
01-05 07:07:50.039 I/wm_on_top_resumed_gained_called( 5252): [119901404,android.service.dreams.DreamActivity,topStateChangedWhenResumed]
01-05 07:07:50.041 I/am_pss ( 1516): [8709,10067,com.android.deskclock,8770560,6000640,0,95268864,0,19,5]
01-05 07:07:50.046 I/am_pss ( 1516): [8708,10085,com.android.music,6916096,4763648,0,90316800,0,19,5]
01-05 07:07:50.050 I/input_focus( 1516): [Focus leaving fdc0eb0 com.android.launcher3/com.android.launcher3.uioverrides.QuickstepLauncher (server),reason=NO_WINDOW]
01-05 07:07:50.052 I/am_pss ( 1516): [3880,10063,com.qualcomm.qti.devicestatisticsservice,5641216,3657728,0,88563712,0,0,5]
01-05 07:07:50.058 I/input_focus( 1516): [Focus request f6e4f6b com.thundercomm.screensaver/android.service.dreams.DreamActivity,reason=UpdateInputWindows]
01-05 07:07:50.066 I/sysui_multi_action( 1516): [319,44,322,44,325,9433,757,761,758,8,759,2,806,com.thundercomm.screensaver,871,android.service.dreams.DreamActivity,904,com.thundercomm.screensaver,905,0,1320,4,1321,2]
01-05 07:07:50.066 I/wm_activity_launch_time( 1516): [0,119901404,com.thundercomm.screensaver/android.service.dreams.DreamActivity,44]
01-05 07:07:50.068 I/sysui_multi_action( 1516): [757,1696,758,6,759,3]
01-05 07:07:50.082 I/am_wtf ( 1516): [0,1516,system_server,-1,DisplayDeviceConfig,requesting nits when no mapping exists.]
01-05 07:07:50.082 I/am_wtf ( 1516): [0,1516,system_server,-1,DisplayDeviceConfig,requesting nits when no mapping exists.]
01-05 07:07:50.083 I/input_focus( 1516): [Focus entering f6e4f6b com.thundercomm.screensaver/android.service.dreams.DreamActivity (server),reason=Window became focusable. Previous reason: NOT_VISIBLE]
01-05 07:07:50.099 I/am_wtf ( 1516): [0,1516,system_server,-1,DisplayDeviceConfig,requesting nits when no mapping exists.]
01-05 07:07:50.099 I/am_wtf ( 1516): [0,1516,system_server,-1,DisplayDeviceConfig,requesting nits when no mapping exists.]
01-05 07:07:50.116 I/am_wtf ( 1516): [0,1516,system_server,-1,DisplayDeviceConfig,requesting nits when no mapping exists.]
01-05 07:07:50.116 I/am_wtf ( 1516): [0,1516,system_server,-1,DisplayDeviceConfig,requesting nits when no mapping exists.]
01-05 07:07:50.133 I/am_wtf ( 1516): [0,1516,system_server,-1,DisplayDeviceConfig,requesting nits when no mapping exists.]
01-05 07:07:50.135 I/am_wtf ( 1516): [0,1516,system_server,-1,DisplayDeviceConfig,requesting nits when no mapping exists.]
01-05 07:07:50.149 I/am_wtf ( 1516): [0,1516,system_server,-1,DisplayDeviceConfig,requesting nits when no mapping exists.]
01-05 07:07:50.149 I/am_wtf ( 1516): [0,1516,system_server,-1,DisplayDeviceConfig,requesting nits when no mapping exists.]
01-05 07:07:50.166 I/am_wtf ( 1516): [0,1516,system_server,-1,DisplayDeviceConfig,requesting nits when no mapping exists.]
01-05 07:07:50.166 I/am_wtf ( 1516): [0,1516,system_server,-1,DisplayDeviceConfig,requesting nits when no mapping exists.]
01-05 07:07:50.182 I/am_wtf ( 1516): [0,1516,system_server,-1,DisplayDeviceConfig,requesting nits when no mapping exists.]
01-05 07:07:50.183 I/am_wtf ( 1516): [0,1516,system_server,-1,DisplayDeviceConfig,requesting nits when no mapping exists.]
01-05 07:07:50.199 I/am_wtf ( 1516): [0,1516,system_server,-1,DisplayDeviceConfig,requesting nits when no mapping exists.]
01-05 07:07:50.199 I/am_wtf ( 1516): [0,1516,system_server,-1,DisplayDeviceConfig,requesting nits when no mapping exists.]
01-05 07:07:50.216 I/am_wtf ( 1516): [0,1516,system_server,-1,DisplayDeviceConfig,requesting nits when no mapping exists.]
01-05 07:07:50.217 I/am_wtf ( 1516): [0,1516,system_server,-1,DisplayDeviceConfig,requesting nits when no mapping exists.]
01-05 07:07:50.233 I/am_wtf ( 1516): [0,1516,system_server,-1,DisplayDeviceConfig,requesting nits when no mapping exists.]
01-05 07:07:50.233 I/am_wtf ( 1516): [0,1516,system_server,-1,DisplayDeviceConfig,requesting nits when no mapping exists.]
01-05 07:07:50.250 I/am_wtf ( 1516): [0,1516,system_server,-1,DisplayDeviceConfig,requesting nits when no mapping exists.]
01-05 07:07:50.250 I/am_wtf ( 1516): [0,1516,system_server,-1,DisplayDeviceConfig,requesting nits when no mapping exists.]
01-05 07:07:50.266 I/am_wtf ( 1516): [0,1516,system_server,-1,DisplayDeviceConfig,requesting nits when no mapping exists.]
01-05 07:07:50.267 I/am_wtf ( 1516): [0,1516,system_server,-1,DisplayDeviceConfig,requesting nits when no mapping exists.]
01-05 07:07:50.283 I/am_wtf ( 1516): [0,1516,system_server,-1,DisplayDeviceConfig,requesting nits when no mapping exists.]
01-05 07:07:50.283 I/am_wtf ( 1516): [0,1516,system_server,-1,DisplayDeviceConfig,requesting nits when no mapping exists.]
01-05 07:07:50.299 I/am_wtf ( 1516): [0,1516,system_server,-1,DisplayDeviceConfig,requesting nits when no mapping exists.]
01-05 07:07:50.299 I/am_wtf ( 1516): [0,1516,system_server,-1,DisplayDeviceConfig,requesting nits when no mapping exists.]
01-05 07:07:50.300 I/service_manager_stats( 1516): [100,41,6914]
01-05 07:07:50.317 I/am_wtf ( 1516): [0,1516,system_server,-1,DisplayDeviceConfig,requesting nits when no mapping exists.]
01-05 07:07:50.317 I/am_wtf ( 1516): [0,1516,system_server,-1,DisplayDeviceConfig,requesting nits when no mapping exists.]
01-05 07:07:50.333 I/am_wtf ( 1516): [0,1516,system_server,-1,DisplayDeviceConfig,requesting nits when no mapping exists.]
01-05 07:07:50.333 I/am_wtf ( 1516): [0,1516,system_server,-1,DisplayDeviceConfig,requesting nits when no mapping exists.]
01-05 07:07:50.350 I/am_wtf ( 1516): [0,1516,system_server,-1,DisplayDeviceConfig,requesting nits when no mapping exists.]
01-05 07:07:50.351 I/am_wtf ( 1516): [0,1516,system_server,-1,DisplayDeviceConfig,requesting nits when no mapping exists.]
01-05 07:07:50.351 I/wm_stop_activity( 1516): [0,39192225,com.android.launcher3/.uioverrides.QuickstepLauncher]
01-05 07:07:50.367 I/am_wtf ( 1516): [0,1516,system_server,-1,DisplayDeviceConfig,requesting nits when no mapping exists.]
01-05 07:07:50.367 I/am_wtf ( 1516): [0,1516,system_server,-1,DisplayDeviceConfig,requesting nits when no mapping exists.]
01-05 07:07:50.369 I/wm_on_stop_called( 2835): [39192225,com.android.launcher3.uioverrides.QuickstepLauncher,STOP_ACTIVITY_ITEM]
01-05 07:07:50.383 I/am_wtf ( 1516): [0,1516,system_server,-1,DisplayDeviceConfig,requesting nits when no mapping exists.]
01-05 07:07:50.383 I/am_wtf ( 1516): [0,1516,system_server,-1,DisplayDeviceConfig,requesting nits when no mapping exists.]
01-05 07:07:50.400 I/am_wtf ( 1516): [0,1516,system_server,-1,DisplayDeviceConfig,requesting nits when no mapping exists.]
01-05 07:07:50.400 I/am_wtf ( 1516): [0,1516,system_server,-1,DisplayDeviceConfig,requesting nits when no mapping exists.]
01-05 07:07:50.416 I/am_wtf ( 1516): [0,1516,system_server,-1,DisplayDeviceConfig,requesting nits when no mapping exists.]
01-05 07:07:50.416 I/am_wtf ( 1516): [0,1516,system_server,-1,DisplayDeviceConfig,requesting nits when no mapping exists.]
01-05 07:07:50.434 I/am_wtf ( 1516): [0,1516,system_server,-1,DisplayDeviceConfig,requesting nits when no mapping exists.]
01-05 07:07:50.434 I/am_wtf ( 1516): [0,1516,system_server,-1,DisplayDeviceConfig,requesting nits when no mapping exists.]
01-05 07:07:50.450 I/am_wtf ( 1516): [0,1516,system_server,-1,DisplayDeviceConfig,requesting nits when no mapping exists.]
01-05 07:07:50.451 I/am_wtf ( 1516): [0,1516,system_server,-1,DisplayDeviceConfig,requesting nits when no mapping exists.]
01-05 07:07:50.467 I/am_wtf ( 1516): [0,1516,system_server,-1,DisplayDeviceConfig,requesting nits when no mapping exists.]
01-05 07:07:50.467 I/am_wtf ( 1516): [0,1516,system_server,-1,DisplayDeviceConfig,requesting nits when no mapping exists.]
01-05 07:07:50.484 I/am_wtf ( 1516): [0,1516,system_server,-1,DisplayDeviceConfig,requesting nits when no mapping exists.]
01-05 07:07:50.484 I/am_wtf ( 1516): [0,1516,system_server,-1,DisplayDeviceConfig,requesting nits when no mapping exists.]
01-05 07:07:50.501 I/am_wtf ( 1516): [0,1516,system_server,-1,DisplayDeviceConfig,requesting nits when no mapping exists.]
01-05 07:07:50.501 I/am_wtf ( 1516): [0,1516,system_server,-1,DisplayDeviceConfig,requesting nits when no mapping exists.]
01-05 07:07:50.517 I/am_wtf ( 1516): [0,1516,system_server,-1,DisplayDeviceConfig,requesting nits when no mapping exists.]
01-05 07:07:50.517 I/am_wtf ( 1516): [0,1516,system_server,-1,DisplayDeviceConfig,requesting nits when no mapping exists.]
01-05 07:07:50.534 I/am_wtf ( 1516): [0,1516,system_server,-1,DisplayDeviceConfig,requesting nits when no mapping exists.]
01-05 07:07:50.534 I/am_wtf ( 1516): [0,1516,system_server,-1,DisplayDeviceConfig,requesting nits when no mapping exists.]
01-05 07:07:50.550 I/am_wtf ( 1516): [0,1516,system_server,-1,DisplayDeviceConfig,requesting nits when no mapping exists.]
01-05 07:07:50.550 I/am_wtf ( 1516): [0,1516,system_server,-1,DisplayDeviceConfig,requesting nits when no mapping exists.]
01-05 07:07:50.567 I/am_wtf ( 1516): [0,1516,system_server,-1,DisplayDeviceConfig,requesting nits when no mapping exists.]
01-05 07:07:50.567 I/am_wtf ( 1516): [0,1516,system_server,-1,DisplayDeviceConfig,requesting nits when no mapping exists.]
01-05 07:07:50.584 I/am_wtf ( 1516): [0,1516,system_server,-1,DisplayDeviceConfig,requesting nits when no mapping exists.]
01-05 07:07:50.584 I/am_wtf ( 1516): [0,1516,system_server,-1,DisplayDeviceConfig,requesting nits when no mapping exists.]
01-05 07:07:50.601 I/am_wtf ( 1516): [0,1516,system_server,-1,DisplayDeviceConfig,requesting nits when no mapping exists.]
01-05 07:07:50.601 I/am_wtf ( 1516): [0,1516,system_server,-1,DisplayDeviceConfig,requesting nits when no mapping exists.]
01-05 07:07:50.617 I/am_wtf ( 1516): [0,1516,system_server,-1,DisplayDeviceConfig,requesting nits when no mapping exists.]
01-05 07:07:50.617 I/am_wtf ( 1516): [0,1516,system_server,-1,DisplayDeviceConfig,requesting nits when no mapping exists.]
01-05 07:07:50.634 I/am_wtf ( 1516): [0,1516,system_server,-1,DisplayDeviceConfig,requesting nits when no mapping exists.]
01-05 07:07:50.634 I/am_wtf ( 1516): [0,1516,system_server,-1,DisplayDeviceConfig,requesting nits when no mapping exists.]
01-05 07:07:50.650 I/am_wtf ( 1516): [0,1516,system_server,-1,DisplayDeviceConfig,requesting nits when no mapping exists.]
01-05 07:07:50.651 I/am_wtf ( 1516): [0,1516,system_server,-1,DisplayDeviceConfig,requesting nits when no mapping exists.]
01-05 07:07:50.667 I/am_wtf ( 1516): [0,1516,system_server,-1,DisplayDeviceConfig,requesting nits when no mapping exists.]
01-05 07:07:50.667 I/am_wtf ( 1516): [0,1516,system_server,-1,DisplayDeviceConfig,requesting nits when no mapping exists.]
01-05 07:07:50.684 I/am_wtf ( 1516): [0,1516,system_server,-1,DisplayDeviceConfig,requesting nits when no mapping exists.]
01-05 07:07:50.684 I/am_wtf ( 1516): [0,1516,system_server,-1,DisplayDeviceConfig,requesting nits when no mapping exists.]
01-05 07:07:50.701 I/am_wtf ( 1516): [0,1516,system_server,-1,DisplayDeviceConfig,requesting nits when no mapping exists.]
01-05 07:07:50.702 I/am_wtf ( 1516): [0,1516,system_server,-1,DisplayDeviceConfig,requesting nits when no mapping exists.]
01-05 07:07:50.717 I/am_wtf ( 1516): [0,1516,system_server,-1,DisplayDeviceConfig,requesting nits when no mapping exists.]
01-05 07:07:50.718 I/am_wtf ( 1516): [0,1516,system_server,-1,DisplayDeviceConfig,requesting nits when no mapping exists.]
01-05 07:07:50.734 I/am_wtf ( 1516): [0,1516,system_server,-1,DisplayDeviceConfig,requesting nits when no mapping exists.]
01-05 07:07:50.734 I/am_wtf ( 1516): [0,1516,system_server,-1,DisplayDeviceConfig,requesting nits when no mapping exists.]
01-05 07:07:50.751 I/am_wtf ( 1516): [0,1516,system_server,-1,DisplayDeviceConfig,requesting nits when no mapping exists.]
01-05 07:07:50.752 I/am_wtf ( 1516): [0,1516,system_server,-1,DisplayDeviceConfig,requesting nits when no mapping exists.]
01-05 07:07:50.768 I/am_wtf ( 1516): [0,1516,system_server,-1,DisplayDeviceConfig,requesting nits when no mapping exists.]
01-05 07:07:50.768 I/am_wtf ( 1516): [0,1516,system_server,-1,DisplayDeviceConfig,requesting nits when no mapping exists.]
01-05 07:07:50.784 I/am_wtf ( 1516): [0,1516,system_server,-1,DisplayDeviceConfig,requesting nits when no mapping exists.]
01-05 07:07:50.784 I/am_wtf ( 1516): [0,1516,system_server,-1,DisplayDeviceConfig,requesting nits when no mapping exists.]
01-05 07:07:50.801 I/am_wtf ( 1516): [0,1516,system_server,-1,DisplayDeviceConfig,requesting nits when no mapping exists.]
01-05 07:07:50.801 I/am_wtf ( 1516): [0,1516,system_server,-1,DisplayDeviceConfig,requesting nits when no mapping exists.]
01-05 07:07:50.818 I/am_wtf ( 1516): [0,1516,system_server,-1,DisplayDeviceConfig,requesting nits when no mapping exists.]
01-05 07:07:50.818 I/am_wtf ( 1516): [0,1516,system_server,-1,DisplayDeviceConfig,requesting nits when no mapping exists.]
01-05 07:07:50.834 I/am_wtf ( 1516): [0,1516,system_server,-1,DisplayDeviceConfig,requesting nits when no mapping exists.]
01-05 07:07:50.834 I/am_wtf ( 1516): [0,1516,system_server,-1,DisplayDeviceConfig,requesting nits when no mapping exists.]
01-05 07:07:50.851 I/am_wtf ( 1516): [0,1516,system_server,-1,DisplayDeviceConfig,requesting nits when no mapping exists.]
01-05 07:07:50.851 I/am_wtf ( 1516): [0,1516,system_server,-1,DisplayDeviceConfig,requesting nits when no mapping exists.]
01-05 07:07:50.867 I/am_wtf ( 1516): [0,1516,system_server,-1,DisplayDeviceConfig,requesting nits when no mapping exists.]
01-05 07:07:50.868 I/am_wtf ( 1516): [0,1516,system_server,-1,DisplayDeviceConfig,requesting nits when no mapping exists.]
01-05 07:07:50.884 I/am_wtf ( 1516): [0,1516,system_server,-1,DisplayDeviceConfig,requesting nits when no mapping exists.]
01-05 07:07:50.884 I/am_wtf ( 1516): [0,1516,system_server,-1,DisplayDeviceConfig,requesting nits when no mapping exists.]
01-05 07:07:50.901 I/am_wtf ( 1516): [0,1516,system_server,-1,DisplayDeviceConfig,requesting nits when no mapping exists.]
01-05 07:07:50.901 I/am_wtf ( 1516): [0,1516,system_server,-1,DisplayDeviceConfig,requesting nits when no mapping exists.]
01-05 07:07:50.918 I/am_wtf ( 1516): [0,1516,system_server,-1,DisplayDeviceConfig,requesting nits when no mapping exists.]
01-05 07:07:50.918 I/am_wtf ( 1516): [0,1516,system_server,-1,DisplayDeviceConfig,requesting nits when no mapping exists.]
01-05 07:07:50.934 I/am_wtf ( 1516): [0,1516,system_server,-1,DisplayDeviceConfig,requesting nits when no mapping exists.]
01-05 07:07:50.935 I/am_wtf ( 1516): [0,1516,system_server,-1,DisplayDeviceConfig,requesting nits when no mapping exists.]
01-05 07:07:50.951 I/am_wtf ( 1516): [0,1516,system_server,-1,DisplayDeviceConfig,requesting nits when no mapping exists.]
01-05 07:07:50.951 I/am_wtf ( 1516): [0,1516,system_server,-1,DisplayDeviceConfig,requesting nits when no mapping exists.]
01-05 07:07:50.968 I/am_wtf ( 1516): [0,1516,system_server,-1,DisplayDeviceConfig,requesting nits when no mapping exists.]
01-05 07:07:50.968 I/am_wtf ( 1516): [0,1516,system_server,-1,DisplayDeviceConfig,requesting nits when no mapping exists.]
01-05 07:07:50.984 I/am_wtf ( 1516): [0,1516,system_server,-1,DisplayDeviceConfig,requesting nits when no mapping exists.]
01-05 07:07:50.985 I/am_wtf ( 1516): [0,1516,system_server,-1,DisplayDeviceConfig,requesting nits when no mapping exists.]
01-05 07:07:51.001 I/am_wtf ( 1516): [0,1516,system_server,-1,DisplayDeviceConfig,requesting nits when no mapping exists.]
01-05 07:07:51.001 I/am_wtf ( 1516): [0,1516,system_server,-1,DisplayDeviceConfig,requesting nits when no mapping exists.]
01-05 07:07:51.018 I/am_wtf ( 1516): [0,1516,system_server,-1,DisplayDeviceConfig,requesting nits when no mapping exists.]
01-05 07:07:51.018 I/am_wtf ( 1516): [0,1516,system_server,-1,DisplayDeviceConfig,requesting nits when no mapping exists.]
01-05 07:07:57.327 I/input_interaction( 1516): Interaction with: f6e4f6b com.thundercomm.screensaver/android.service.dreams.DreamActivity (server), edge-swipe (server), swipe-up (server), PointerEventDispatcher0 (server),
01-05 07:07:57.330 I/wm_finish_activity( 1516): [0,119901404,39,com.thundercomm.screensaver/android.service.dreams.DreamActivity,finish-activity]
01-05 07:07:57.330 I/wm_task_moved( 1516): [1,1,6]
01-05 07:07:57.331 I/wm_task_moved( 1516): [10,1,2147483647]
01-05 07:07:57.331 I/wm_task_to_front( 1516): [0,10]
01-05 07:07:57.331 I/wm_focused_root_task( 1516): [0,0,1,39,finish-top adjustFocusToNextFocusableTask]
01-05 07:07:57.331 I/wm_set_resumed_activity( 1516): [0,com.android.launcher3/.uioverrides.QuickstepLauncher,finish-top adjustFocusToNextFocusableTask]
01-05 07:07:57.332 I/wm_pause_activity( 1516): [0,119901404,com.thundercomm.screensaver/android.service.dreams.DreamActivity,userLeaving=false,finish]
01-05 07:07:57.339 I/wm_on_top_resumed_lost_called( 5252): [119901404,android.service.dreams.DreamActivity,topStateChangedWhenResumed]
01-05 07:07:57.340 I/wm_on_paused_called( 5252): [119901404,android.service.dreams.DreamActivity,performPause]
01-05 07:07:57.341 I/wm_add_to_stopping( 1516): [0,119901404,com.thundercomm.screensaver/android.service.dreams.DreamActivity,completeFinishing]
01-05 07:07:57.343 I/wm_set_resumed_activity( 1516): [0,com.android.launcher3/.uioverrides.QuickstepLauncher,resumeTopActivityInnerLocked]
01-05 07:07:57.345 I/wm_resume_activity( 1516): [0,39192225,10,com.android.launcher3/.uioverrides.QuickstepLauncher]
01-05 07:07:57.348 I/sysui_multi_action( 1516): [757,803,799,window_time_0,802,8]
01-05 07:07:57.351 I/sysui_multi_action( 1516): [757,803,799,window_time_0,802,0]
01-05 07:07:57.355 I/input_focus( 1516): [Focus leaving f6e4f6b com.thundercomm.screensaver/android.service.dreams.DreamActivity (server),reason=NO_WINDOW]
01-05 07:07:57.356 I/view_enqueue_input_event( 5252): [Motion - Cancel,com.thundercomm.screensaver/android.service.dreams.DreamActivity]
01-05 07:07:57.357 I/wm_on_restart_called( 2835): [39192225,com.android.launcher3.uioverrides.QuickstepLauncher,performRestartActivity]
01-05 07:07:57.357 I/wm_on_start_called( 2835): [39192225,com.android.launcher3.uioverrides.QuickstepLauncher,handleStartActivity]
01-05 07:07:57.357 I/wm_on_resume_called( 2835): [39192225,com.android.launcher3.uioverrides.QuickstepLauncher,RESUME_ACTIVITY]
01-05 07:07:57.357 I/wm_on_top_resumed_gained_called( 2835): [39192225,com.android.launcher3.uioverrides.QuickstepLauncher,topWhenResuming]
01-05 07:07:57.358 I/input_interaction( 1516): Interaction with: edge-swipe (server), swipe-up (server), PointerEventDispatcher0 (server),
01-05 07:07:57.372 I/input_focus( 1516): [Focus request fdc0eb0 com.android.launcher3/com.android.launcher3.uioverrides.QuickstepLauncher,reason=UpdateInputWindows]
01-05 07:07:57.385 I/input_focus( 1516): [Focus entering fdc0eb0 com.android.launcher3/com.android.launcher3.uioverrides.QuickstepLauncher (server),reason=setFocusedWindow]
01-05 07:07:57.621 I/wm_destroy_activity( 1516): [0,119901404,39,com.thundercomm.screensaver/android.service.dreams.DreamActivity,finish-imm:idle]
01-05 07:07:57.639 I/wm_on_stop_called( 5252): [119901404,android.service.dreams.DreamActivity,LIFECYCLER_STOP_ACTIVITY]
01-05 07:07:57.640 I/wm_on_destroy_called( 5252): [119901404,android.service.dreams.DreamActivity,performDestroy]
01-05 07:07:57.643 I/sysui_multi_action( 1516): [757,222,758,2]
01-05 07:07:57.643 I/sysui_multi_action( 1516): [757,804,799,dreaming_minutes,801,0,802,1]
01-05 07:07:57.650 I/wm_task_removed( 1516): [39,removeChild:removeChild last r=ActivityRecord{7258cdc u0 com.thundercomm.screensaver/android.service.dreams.DreamActivity t-1 f}} in t=Task{f1f8ad1 #39 type=dream A=10052:android:com.thundercomm.screensaver/dream U=0 visible=false mode=fullscreen translucent=true sz=0}]
01-05 07:07:57.650 I/wm_task_removed( 1516): [39,removeChild]
01-05 07:08:17.508 I/input_interaction( 1516): Interaction with: fdc0eb0 com.android.launcher3/com.android.launcher3.uioverrides.QuickstepLauncher (server), 9702ba6 com.android.systemui.ImageWallpaper (server), edge-swipe (server), swipe-up (server), PointerEventDispatcher0 (server),
01-05 07:08:19.060 I/input_interaction( 1516): Interaction with: 7c0e82f StatusBar (server), edge-swipe (server), swipe-up (server), PointerEventDispatcher0 (server),
01-05 07:08:19.064 I/sysui_multi_action( 2367): [757,803,799,panel_open,802,1]
01-05 07:08:19.065 I/sysui_multi_action( 2367): [757,1328,758,4,1326,47,1327,1,1329,0]
01-05 07:08:19.108 I/sysui_multi_action( 1516): [757,127,758,1]
01-05 07:08:19.108 I/sysui_multi_action( 1516): [757,804,799,note_load,801,2,802,1]
01-05 07:08:19.109 I/notification_panel_revealed( 1516): 2
01-05 07:08:19.125 I/input_focus( 1516): [Focus request 94a0fc2 NotificationShade,reason=UpdateInputWindows]
