01-05 07:31:13.762 I/sysui_multi_action( 9384): [757,1143,758,1,833,0,1089,60]
01-05 07:31:14.926 I/sysui_multi_action( 9384): [757,830,758,4,833,0,854,1,1089,0]
01-05 07:31:15.131 I/commit_sys_config_file( 1516): [settings-1-0,6]
01-05 07:31:18.743 I/sysui_multi_action( 9384): [757,1143,758,2,1089,4981]
01-05 07:31:18.764 I/sysui_multi_action( 9384): [757,46,758,1,833,0,1089,0]
01-05 07:31:20.110 I/wm_task_moved( 1516): [1,0,0]
01-05 07:31:20.110 I/wm_task_moved( 1516): [1,0,5]
01-05 07:31:20.120 I/wm_on_restart_called( 2835): [39192225,com.android.launcher3.uioverrides.QuickstepLauncher,performRestartActivity]
01-05 07:31:20.145 I/wm_on_start_called( 2835): [39192225,com.android.launcher3.uioverrides.QuickstepLauncher,handleStartActivity]
01-05 07:31:20.173 I/view_enqueue_input_event( 9384): [Motion - Cancel,com.android.settings/com.android.settings.Settings]
01-05 07:31:20.174 I/sysui_latency( 2835): [1,76]
01-05 07:31:20.183 I/input_interaction( 1516): Interaction with: edge-swipe (server), swipe-up (server), PointerEventDispatcher0 (server),
01-05 07:31:20.184 I/input_focus( 1516): [Focus request recents_animation_input_consumer,reason=UpdateInputWindows]
01-05 07:31:20.186 I/sysui_multi_action( 1516): [319,9,322,69,325,10843,757,761,758,9,759,5,806,com.android.launcher3,871,com.android.launcher3.uioverrides.QuickstepLauncher,905,0,1320,8,1321,5]
01-05 07:31:20.206 I/input_focus( 1516): [Focus leaving 8ace45d com.android.settings/com.android.settings.Settings (server),reason=NOT_FOCUSABLE]
01-05 07:31:20.206 I/input_focus( 1516): [Focus entering recents_animation_input_consumer (server),reason=setFocusedWindow]
01-05 07:31:20.342 I/commit_sys_config_file( 1516): [settings-1-0,4]
01-05 07:31:20.480 I/sysui_latency( 1516): [8,84]
01-05 07:31:20.567 I/commit_sys_config_file( 1516): [settings-1-0,5]
01-05 07:31:21.011 I/wm_task_moved( 1516): [1,1,6]
01-05 07:31:21.013 I/wm_task_moved( 1516): [10,1,2147483647]
01-05 07:31:21.013 I/wm_task_to_front( 1516): [0,10]
01-05 07:31:21.014 I/wm_focused_root_task( 1516): [0,0,1,55,RecentsAnimation.onAnimationFinished()]
01-05 07:31:21.014 I/wm_on_top_resumed_lost_called( 9384): [130853646,com.android.settings.Settings,topStateChangedWhenResumed]
01-05 07:31:21.014 I/wm_set_resumed_activity( 1516): [0,com.android.launcher3/.uioverrides.QuickstepLauncher,RecentsAnimation.onAnimationFinished()]
01-05 07:31:21.015 I/wm_pause_activity( 1516): [0,130853646,com.android.settings/.Settings,userLeaving=true,pauseBackTasks]
01-05 07:31:21.017 I/wm_add_to_stopping( 1516): [0,130853646,com.android.settings/.Settings,makeInvisible]
01-05 07:31:21.017 I/wm_set_resumed_activity( 1516): [0,com.android.launcher3/.uioverrides.QuickstepLauncher,resumeTopActivityInnerLocked]
01-05 07:31:21.019 I/wm_resume_activity( 1516): [0,39192225,10,com.android.launcher3/.uioverrides.QuickstepLauncher]
01-05 07:31:21.020 I/wm_on_resume_called( 2835): [39192225,com.android.launcher3.uioverrides.QuickstepLauncher,RESUME_ACTIVITY]
01-05 07:31:21.023 I/input_focus( 1516): [Focus request fdc0eb0 com.android.launcher3/com.android.launcher3.uioverrides.QuickstepLauncher,reason=UpdateInputWindows]
01-05 07:31:21.024 I/wm_on_top_resumed_gained_called( 2835): [39192225,com.android.launcher3.uioverrides.QuickstepLauncher,topStateChangedWhenResumed]
01-05 07:31:21.025 I/sysui_multi_action( 9384): [757,35,758,2,1089,14202]
01-05 07:31:21.025 I/sysui_multi_action( 9384): [757,46,758,2,1089,2262]
01-05 07:31:21.026 I/wm_on_paused_called( 9384): [130853646,com.android.settings.Settings,performPause]
01-05 07:31:21.030 I/wm_stop_activity( 1516): [0,130853646,com.android.settings/.Settings]
01-05 07:31:21.030 I/input_focus( 1516): [Focus leaving recents_animation_input_consumer (server),reason=NOT_VISIBLE]
01-05 07:31:21.030 I/sysui_multi_action( 1516): [757,803,799,window_time_0,802,14]
01-05 07:31:21.034 I/sysui_multi_action( 1516): [757,803,799,window_time_0,802,0]
01-05 07:31:21.041 I/input_focus( 1516): [Focus entering fdc0eb0 com.android.launcher3/com.android.launcher3.uioverrides.QuickstepLauncher (server),reason=setFocusedWindow]
01-05 07:31:21.053 I/am_pss ( 1516): [9730,10087,com.qualcomm.qti.qccauthmgr,6585344,4325376,0,94236672,0,19,6]
01-05 07:31:21.058 I/am_pss ( 1516): [9678,10085,com.android.music,7034880,4763648,0,90423296,0,19,5]
01-05 07:31:21.071 I/wm_on_stop_called( 9384): [130853646,com.android.settings.Settings,STOP_ACTIVITY_ITEM]
01-05 07:31:21.316 I/input_interaction( 1516): Interaction with: 7c0e82f StatusBar (server), edge-swipe (server), swipe-up (server), PointerEventDispatcher0 (server),
01-05 07:31:21.320 I/sysui_multi_action( 2367): [757,803,799,panel_open,802,1]
01-05 07:31:21.321 I/sysui_multi_action( 2367): [757,1328,758,4,1326,31,1327,1,1329,0]
01-05 07:31:21.379 I/sysui_multi_action( 1516): [757,127,758,1]
01-05 07:31:21.379 I/sysui_multi_action( 1516): [757,804,799,note_load,801,3,802,1]
01-05 07:31:21.379 I/notification_panel_revealed( 1516): 3
01-05 07:31:21.389 I/input_focus( 1516): [Focus request 94a0fc2 NotificationShade,reason=UpdateInputWindows]
01-05 07:31:21.400 I/sysui_multi_action( 1516): [757,128,758,1,793,10751907,794,0,795,10751907,796,26,798,0,806,android,857,DEVELOPER_IMPORTANT,858,4,947,0,1395,3,1500,10751702,1688,1]
01-05 07:31:21.400 I/sysui_multi_action( 1516): [757,804,799,note_freshness,801,10751907,802,1]
01-05 07:31:21.400 I/notification_visibility( 1516): [-1|android|26|null|1000,1,10751907,10751907,0,0]
01-05 07:31:21.400 I/sysui_multi_action( 1516): [757,128,758,1,793,806707,794,0,795,120896,796,4273,798,1,806,com.android.systemui,857,screen_record,858,3,946,ranker_group,947,0,1395,3,1500,47075,1688,1,1745,680407814]
01-05 07:31:21.400 I/sysui_multi_action( 1516): [757,1501,758,1,793,806707,794,0,795,120896,796,4273,806,com.android.systemui,857,screen_record,858,3,946,ranker_group,947,0,1500,0,1688,1,1745,680407814]
01-05 07:31:21.400 I/sysui_multi_action( 1516): [757,804,799,note_interruptive,801,0,802,1]
01-05 07:31:21.401 I/sysui_multi_action( 1516): [757,804,799,note_freshness,801,120896,802,1]
01-05 07:31:21.401 I/notification_visibility( 1516): [0|com.android.systemui|4273|null|10081,1,806707,120896,0,1]
01-05 07:31:21.401 I/sysui_multi_action( 1516): [757,128,758,1,793,10820367,794,0,795,10820367,796,32,798,2,806,android,857,USB,858,1,947,0,1395,3,1500,10820215,1688,1]
01-05 07:31:21.401 I/sysui_multi_action( 1516): [757,804,799,note_freshness,801,10820367,802,1]
01-05 07:31:21.401 I/notification_visibility( 1516): [-1|android|32|null|1000,1,10820367,10820367,0,2]
01-05 07:31:21.410 I/input_focus( 1516): [Focus leaving fdc0eb0 com.android.launcher3/com.android.launcher3.uioverrides.QuickstepLauncher (server),reason=setFocusedWindow]
01-05 07:31:21.411 I/input_focus( 1516): [Focus entering 94a0fc2 NotificationShade (server),reason=setFocusedWindow]
01-05 07:31:21.477 I/sysui_multi_action( 2367): [757,111,758,1]
01-05 07:31:21.477 I/sysui_multi_action( 2367): [757,126,758,1,759,126,927,0,928,0,1593,0]
01-05 07:31:21.477 I/sysui_multi_action( 2367): [757,113,758,1,759,113,927,1,928,1,1593,0]
01-05 07:31:21.477 I/sysui_multi_action( 2367): [757,0,758,1,759,0,927,2,928,0,1593,0]
01-05 07:31:21.477 I/sysui_multi_action( 2367): [757,0,758,1,759,0,927,3,928,0,1593,0]
01-05 07:31:21.478 I/sysui_multi_action( 2367): [757,0,758,1,759,0,927,4,928,0,1593,0]
01-05 07:31:21.479 I/sysui_multi_action( 2367): [757,491,758,1,759,491,927,5,928,0,1311,-1,1593,0]
01-05 07:31:21.479 I/sysui_multi_action( 2367): [757,111,758,1]
01-05 07:31:21.479 I/sysui_multi_action( 2367): [757,126,758,1,759,126,927,0,928,0,1593,0]
01-05 07:31:21.479 I/sysui_multi_action( 2367): [757,113,758,1,759,113,927,1,928,1,1593,0]
01-05 07:31:21.479 I/sysui_multi_action( 2367): [757,0,758,1,759,0,927,2,928,0,1593,0]
01-05 07:31:21.479 I/sysui_multi_action( 2367): [757,0,758,1,759,0,927,3,928,0,1593,0]
01-05 07:31:23.257 I/input_interaction( 1516): Interaction with: 94a0fc2 NotificationShade (server), edge-swipe (server), swipe-up (server), PointerEventDispatcher0 (server),
01-05 07:31:23.739 I/sysui_multi_action( 2367): [757,111,758,2]
01-05 07:31:23.740 I/sysui_multi_action( 2367): [757,111,758,2]
01-05 07:31:23.741 I/notification_enqueue( 1516): [10081,2367,com.android.systemui,2048,NULL,0,Notification(channel=updateNotification shortcut=null contentView=null vibrate=null sound=null defaults=0x0 flags=0x0 color=0x00000000 vis=PRIVATE),1]
01-05 07:31:23.957 I/input_focus( 1516): [Focus request fdc0eb0 com.android.launcher3/com.android.launcher3.uioverrides.QuickstepLauncher,reason=UpdateInputWindows]
01-05 07:31:23.966 I/sysui_multi_action( 1516): [757,128,758,2,793,10754472,794,2565,795,10754472,796,26,798,0,806,android,857,DEVELOPER_IMPORTANT,858,4,947,0,1395,3,1500,10754267,1688,1]
01-05 07:31:23.966 I/notification_visibility( 1516): [-1|android|26|null|1000,0,10754472,10754472,0,0]
01-05 07:31:23.967 I/sysui_multi_action( 1516): [757,128,758,2,793,809273,794,2566,795,123462,796,4273,798,1,806,com.android.systemui,857,screen_record,858,3,946,ranker_group,947,0,1395,3,1500,2566,1688,1,1745,680407814]
01-05 07:31:23.967 I/notification_visibility( 1516): [0|com.android.systemui|4273|null|10081,0,809273,123462,0,1]
01-05 07:31:23.967 I/sysui_multi_action( 1516): [757,128,758,2,793,10822933,794,2566,795,10822933,796,32,798,2,806,android,857,USB,858,1,947,0,1395,3,1500,10822781,1688,1]
01-05 07:31:23.968 I/notification_visibility( 1516): [-1|android|32|null|1000,0,10822933,10822933,0,2]
01-05 07:31:23.969 I/sysui_multi_action( 1516): [757,127,758,2]
01-05 07:31:23.969 I/notification_panel_hidden( 1516):
01-05 07:31:23.982 I/input_focus( 1516): [Focus leaving 94a0fc2 NotificationShade (server),reason=NOT_FOCUSABLE]
01-05 07:31:23.983 I/input_focus( 1516): [Focus entering fdc0eb0 com.android.launcher3/com.android.launcher3.uioverrides.QuickstepLauncher (server),reason=setFocusedWindow]
01-05 07:31:24.010 I/am_uid_idle( 1516): 10052
01-05 07:31:26.615 I/input_interaction( 1516): Interaction with: fdc0eb0 com.android.launcher3/com.android.launcher3.uioverrides.QuickstepLauncher (server), 9702ba6 com.android.systemui.ImageWallpaper (server), edge-swipe (server), swipe-up (server), PointerEventDispatcher0 (server),
01-05 07:31:26.719 I/wm_task_moved( 1516): [55,1,6]
01-05 07:31:26.719 I/wm_task_to_front( 1516): [0,55]
01-05 07:31:26.719 I/wm_focused_root_task( 1516): [0,0,55,1,bringingFoundTaskToFront]
01-05 07:31:26.720 I/wm_set_resumed_activity( 1516): [0,com.android.settings/.Settings,bringingFoundTaskToFront]
01-05 07:31:26.721 I/wm_new_intent( 1516): [0,130853646,55,com.android.settings/.Settings,android.intent.action.MAIN,NULL,NULL,270532608]
01-05 07:31:26.722 I/wm_pause_activity( 1516): [0,39192225,com.android.launcher3/.uioverrides.QuickstepLauncher,userLeaving=true,pauseBackTasks]
01-05 07:31:26.729 I/wm_on_top_resumed_lost_called( 2835): [39192225,com.android.launcher3.uioverrides.QuickstepLauncher,topStateChangedWhenResumed]
01-05 07:31:26.732 I/wm_on_paused_called( 2835): [39192225,com.android.launcher3.uioverrides.QuickstepLauncher,performPause]
01-05 07:31:26.735 I/wm_set_resumed_activity( 1516): [0,com.android.settings/.Settings,resumeTopActivityInnerLocked]
01-05 07:31:26.736 I/wm_add_to_stopping( 1516): [0,39192225,com.android.launcher3/.uioverrides.QuickstepLauncher,makeInvisible]
01-05 07:31:26.736 I/wm_resume_activity( 1516): [0,130853646,55,com.android.settings/.Settings]
01-05 07:31:26.741 I/sysui_multi_action( 1516): [757,803,799,window_time_0,802,6]
01-05 07:31:26.744 I/wm_on_restart_called( 9384): [130853646,com.android.settings.Settings,performRestartActivity]
01-05 07:31:26.747 I/wm_on_start_called( 9384): [130853646,com.android.settings.Settings,handleStartActivity]
01-05 07:31:26.747 I/snet_event_log( 9384): [120484087,-1,]
01-05 07:31:26.748 I/wm_on_resume_called( 9384): [130853646,com.android.settings.Settings,RESUME_ACTIVITY]
01-05 07:31:26.748 I/sysui_multi_action( 9384): [757,35,758,1,833,0,1089,0]
01-05 07:31:26.752 I/sysui_multi_action( 9384): [757,46,758,1,833,0,1089,0]
01-05 07:31:26.756 I/wm_on_top_resumed_gained_called( 9384): [130853646,com.android.settings.Settings,topWhenResuming]
01-05 07:31:26.756 I/input_focus( 1516): [Focus leaving fdc0eb0 com.android.launcher3/com.android.launcher3.uioverrides.QuickstepLauncher (server),reason=NO_WINDOW]
01-05 07:31:26.764 I/input_focus( 1516): [Focus request 8ace45d com.android.settings/com.android.settings.Settings,reason=UpdateInputWindows]
01-05 07:31:26.776 I/sysui_multi_action( 1516): [319,29,321,27,322,53,325,10850,757,761,758,9,759,4,806,com.android.settings,871,com.android.settings.Settings,904,com.android.launcher3,905,0,1320,8,1321,5]
01-05 07:31:26.788 I/input_focus( 1516): [Focus entering 8ace45d com.android.settings/com.android.settings.Settings (server),reason=Window became focusable. Previous reason: NOT_VISIBLE]
01-05 07:31:27.277 I/wm_stop_activity( 1516): [0,39192225,com.android.launcher3/.uioverrides.QuickstepLauncher]
01-05 07:31:27.296 I/am_pss ( 1516): [9695,10069,com.android.gallery3d,8357888,6275072,0,93122560,0,19,8]
01-05 07:31:27.300 I/wm_on_stop_called( 2835): [39192225,com.android.launcher3.uioverrides.QuickstepLauncher,STOP_ACTIVITY_ITEM]
01-05 07:31:28.248 I/input_interaction( 1516): Interaction with: 8ace45d com.android.settings/com.android.settings.Settings (server), edge-swipe (server), swipe-up (server), PointerEventDispatcher0 (server),
01-05 07:31:28.271 I/view_enqueue_input_event( 9384): [Motion - Cancel,com.android.settings/com.android.settings.Settings]
01-05 07:31:29.007 I/view_enqueue_input_event( 9384): [Motion - Cancel,com.android.settings/com.android.settings.Settings]
01-05 07:31:29.020 I/input_interaction( 1516): Interaction with: edge-swipe (server), swipe-up (server), PointerEventDispatcher0 (server),
01-05 07:31:29.106 I/sysui_multi_action( 1516): [757,803,799,key_back_press,802,1]
01-05 07:31:29.109 I/input_interaction( 1516): Interaction with: 8ace45d com.android.settings/com.android.settings.Settings (server), PointerEventDispatcher0 (server),
01-05 07:31:29.113 I/wm_task_moved( 1516): [55,0,0]
01-05 07:31:29.117 I/wm_focused_root_task( 1516): [0,0,1,55,moveTaskToBackLocked]
01-05 07:31:29.117 I/wm_add_to_stopping( 1516): [0,130853646,com.android.settings/.Settings,makeInvisible]
01-05 07:31:29.118 I/wm_pause_activity( 1516): [0,130853646,com.android.settings/.Settings,userLeaving=false,pauseBackTasks]
01-05 07:31:29.120 I/wm_set_resumed_activity( 1516): [0,com.android.launcher3/.uioverrides.QuickstepLauncher,resumeTopActivityInnerLocked]
01-05 07:31:29.121 I/wm_resume_activity( 1516): [0,39192225,10,com.android.launcher3/.uioverrides.QuickstepLauncher]
01-05 07:31:29.122 I/wm_on_top_resumed_lost_called( 9384): [130853646,com.android.settings.Settings,topStateChangedWhenResumed]
01-05 07:31:29.126 I/sysui_multi_action( 9384): [757,35,758,2,1089,2378]
01-05 07:31:29.126 I/sysui_multi_action( 9384): [757,46,758,2,1089,2374]
01-05 07:31:29.127 I/wm_on_paused_called( 9384): [130853646,com.android.settings.Settings,performPause]
01-05 07:31:29.131 I/sysui_multi_action( 1516): [757,803,799,window_time_0,802,3]
01-05 07:31:29.134 I/wm_on_restart_called( 2835): [39192225,com.android.launcher3.uioverrides.QuickstepLauncher,performRestartActivity]
01-05 07:31:29.134 I/wm_on_start_called( 2835): [39192225,com.android.launcher3.uioverrides.QuickstepLauncher,handleStartActivity]
01-05 07:31:29.135 I/wm_on_resume_called( 2835): [39192225,com.android.launcher3.uioverrides.QuickstepLauncher,RESUME_ACTIVITY]
01-05 07:31:29.135 I/wm_on_top_resumed_gained_called( 2835): [39192225,com.android.launcher3.uioverrides.QuickstepLauncher,topStateChangedWhenResumed]
01-05 07:31:29.145 I/input_focus( 1516): [Focus leaving 8ace45d com.android.settings/com.android.settings.Settings (server),reason=NO_WINDOW]
01-05 07:31:29.149 I/input_focus( 1516): [Focus request fdc0eb0 com.android.launcher3/com.android.launcher3.uioverrides.QuickstepLauncher,reason=UpdateInputWindows]
01-05 07:31:29.180 I/input_focus( 1516): [Focus entering fdc0eb0 com.android.launcher3/com.android.launcher3.uioverrides.QuickstepLauncher (server),reason=setFocusedWindow]
01-05 07:31:29.532 I/wm_stop_activity( 1516): [0,130853646,com.android.settings/.Settings]
01-05 07:31:29.558 I/wm_on_stop_called( 9384): [130853646,com.android.settings.Settings,STOP_ACTIVITY_ITEM]
01-05 07:31:29.982 I/input_interaction( 1516): Interaction with: fdc0eb0 com.android.launcher3/com.android.launcher3.uioverrides.QuickstepLauncher (server), 9702ba6 com.android.systemui.ImageWallpaper (server), edge-swipe (server), swipe-up (server), PointerEventDispatcher0 (server),
01-05 07:31:30.088 I/wm_task_created( 1516): [57,-1]
01-05 07:31:30.091 I/wm_task_moved( 1516): [57,1,7]
01-05 07:31:30.091 I/wm_task_to_front( 1516): [0,57]
01-05 07:31:30.091 I/wm_create_task( 1516): [0,57]
01-05 07:31:30.091 I/wm_create_activity( 1516): [0,66756342,57,com.android.gallery3d/.app.GalleryActivity,android.intent.action.MAIN,NULL,NULL,270532608]
01-05 07:31:30.091 I/wm_task_moved( 1516): [57,1,7]
01-05 07:31:30.092 I/wm_pause_activity( 1516): [0,39192225,com.android.launcher3/.uioverrides.QuickstepLauncher,userLeaving=true,pauseBackTasks]
01-05 07:31:30.095 I/wm_on_top_resumed_lost_called( 2835): [39192225,com.android.launcher3.uioverrides.QuickstepLauncher,topStateChangedWhenResumed]
01-05 07:31:30.095 I/wm_on_paused_called( 2835): [39192225,com.android.launcher3.uioverrides.QuickstepLauncher,performPause]
01-05 07:31:30.096 I/wm_add_to_stopping( 1516): [0,39192225,com.android.launcher3/.uioverrides.QuickstepLauncher,makeInvisible]
01-05 07:31:30.096 I/wm_restart_activity( 1516): [0,66756342,57,com.android.gallery3d/.app.GalleryActivity]
01-05 07:31:30.097 I/wm_set_resumed_activity( 1516): [0,com.android.gallery3d/.app.GalleryActivity,minimalResumeActivityLocked]
01-05 07:31:30.098 I/am_uid_active( 1516): 10069
01-05 07:31:30.104 I/sysui_multi_action( 1516): [757,803,799,window_time_0,802,0]
01-05 07:31:30.113 I/input_focus( 1516): [Focus leaving fdc0eb0 com.android.launcher3/com.android.launcher3.uioverrides.QuickstepLauncher (server),reason=NO_WINDOW]
01-05 07:31:30.120 I/wm_on_create_called( 9695): [66756342,com.android.gallery3d.app.GalleryActivity,performCreate]
01-05 07:31:30.121 I/wm_on_start_called( 9695): [66756342,com.android.gallery3d.app.GalleryActivity,handleStartActivity]
01-05 07:31:30.124 I/wm_on_resume_called( 9695): [66756342,com.android.gallery3d.app.GalleryActivity,RESUME_ACTIVITY]
01-05 07:31:30.128 I/wm_on_top_resumed_gained_called( 9695): [66756342,com.android.gallery3d.app.GalleryActivity,topStateChangedWhenResumed]
01-05 07:31:30.133 I/input_focus( 1516): [Focus request eb27d2c com.android.gallery3d/com.android.gallery3d.app.GalleryActivity,reason=UpdateInputWindows]
01-05 07:31:30.165 I/sysui_multi_action( 1516): [319,37,321,35,322,83,325,10853,757,761,758,8,759,1,806,com.android.gallery3d,871,com.android.gallery3d.app.GalleryActivity,904,com.android.launcher3,905,0,1320,4,1321,1]
01-05 07:31:30.165 I/wm_activity_launch_time( 1516): [0,66756342,com.android.gallery3d/.app.GalleryActivity,83]
01-05 07:31:30.180 I/input_focus( 1516): [Focus entering eb27d2c com.android.gallery3d/com.android.gallery3d.app.GalleryActivity (server),reason=Window became focusable. Previous reason: NOT_VISIBLE]
01-05 07:31:30.648 I/wm_stop_activity( 1516): [0,39192225,com.android.launcher3/.uioverrides.QuickstepLauncher]
01-05 07:31:30.667 I/wm_on_stop_called( 2835): [39192225,com.android.launcher3.uioverrides.QuickstepLauncher,STOP_ACTIVITY_ITEM]
01-05 07:31:31.042 I/input_interaction( 1516): Interaction with: eb27d2c com.android.gallery3d/com.android.gallery3d.app.GalleryActivity (server), edge-swipe (server), swipe-up (server), PointerEventDispatcher0 (server),
01-05 07:31:31.081 I/view_enqueue_input_event( 9695): [Motion - Cancel,com.android.gallery3d/com.android.gallery3d.app.GalleryActivity]
01-05 07:31:31.095 I/input_interaction( 1516): Interaction with: edge-swipe (server), swipe-up (server), PointerEventDispatcher0 (server),
01-05 07:31:31.302 I/sysui_multi_action( 1516): [757,803,799,key_back_press,802,1]
01-05 07:31:31.303 I/input_interaction( 1516): Interaction with: eb27d2c com.android.gallery3d/com.android.gallery3d.app.GalleryActivity (server), PointerEventDispatcher0 (server),
01-05 07:31:31.304 I/wm_finish_activity( 1516): [0,66756342,57,com.android.gallery3d/.app.GalleryActivity,app-request]
01-05 07:31:31.304 I/wm_task_moved( 1516): [1,1,7]
01-05 07:31:31.304 I/wm_task_moved( 1516): [10,1,2147483647]
01-05 07:31:31.304 I/wm_task_to_front( 1516): [0,10]
01-05 07:31:31.304 I/wm_focused_root_task( 1516): [0,0,1,57,finish-top adjustFocusToNextFocusableTask]
01-05 07:31:31.304 I/wm_set_resumed_activity( 1516): [0,com.android.launcher3/.uioverrides.QuickstepLauncher,finish-top adjustFocusToNextFocusableTask]
01-05 07:31:31.309 I/wm_pause_activity( 1516): [0,66756342,com.android.gallery3d/.app.GalleryActivity,userLeaving=false,finish]
01-05 07:31:31.310 I/wm_on_top_resumed_lost_called( 9695): [66756342,com.android.gallery3d.app.GalleryActivity,topStateChangedWhenResumed]
01-05 07:31:31.313 I/wm_on_paused_called( 9695): [66756342,com.android.gallery3d.app.GalleryActivity,performPause]
01-05 07:31:31.313 I/wm_add_to_stopping( 1516): [0,66756342,com.android.gallery3d/.app.GalleryActivity,completeFinishing]
01-05 07:31:31.319 I/wm_set_resumed_activity( 1516): [0,com.android.launcher3/.uioverrides.QuickstepLauncher,resumeTopActivityInnerLocked]
01-05 07:31:31.319 I/wm_resume_activity( 1516): [0,39192225,10,com.android.launcher3/.uioverrides.QuickstepLauncher]
01-05 07:31:31.322 I/sysui_multi_action( 1516): [757,803,799,window_time_0,802,2]
01-05 07:31:31.334 I/input_focus( 1516): [Focus leaving eb27d2c com.android.gallery3d/com.android.gallery3d.app.GalleryActivity (server),reason=NO_WINDOW]
01-05 07:31:31.334 I/wm_on_restart_called( 2835): [39192225,com.android.launcher3.uioverrides.QuickstepLauncher,performRestartActivity]
01-05 07:31:31.334 I/wm_on_start_called( 2835): [39192225,com.android.launcher3.uioverrides.QuickstepLauncher,handleStartActivity]
01-05 07:31:31.335 I/wm_on_resume_called( 2835): [39192225,com.android.launcher3.uioverrides.QuickstepLauncher,RESUME_ACTIVITY]
01-05 07:31:31.335 I/wm_on_top_resumed_gained_called( 2835): [39192225,com.android.launcher3.uioverrides.QuickstepLauncher,topWhenResuming]
01-05 07:31:31.353 I/input_focus( 1516): [Focus request fdc0eb0 com.android.launcher3/com.android.launcher3.uioverrides.QuickstepLauncher,reason=UpdateInputWindows]
01-05 07:31:31.367 I/input_focus( 1516): [Focus entering fdc0eb0 com.android.launcher3/com.android.launcher3.uioverrides.QuickstepLauncher (server),reason=setFocusedWindow]
01-05 07:31:31.700 I/wm_destroy_activity( 1516): [0,66756342,57,com.android.gallery3d/.app.GalleryActivity,finish-imm:idle]
01-05 07:31:31.720 I/wm_on_stop_called( 9695): [66756342,com.android.gallery3d.app.GalleryActivity,LIFECYCLER_STOP_ACTIVITY]
01-05 07:31:31.722 I/wm_on_destroy_called( 9695): [66756342,com.android.gallery3d.app.GalleryActivity,performDestroy]
01-05 07:31:31.725 I/wm_task_removed( 1516): [57,removeChild:removeChild last r=ActivityRecord{3fa9ef6 u0 com.android.gallery3d/.app.GalleryActivity t-1 f}} in t=Task{86e0f85 #57 type=standard A=10069:com.android.gallery3d U=0 visible=false mode=fullscreen translucent=true sz=0}]
01-05 07:31:31.725 I/wm_task_removed( 1516): [57,removeChild]
01-05 07:31:32.655 I/input_interaction( 1516): Interaction with: fdc0eb0 com.android.launcher3/com.android.launcher3.uioverrides.QuickstepLauncher (server), 9702ba6 com.android.systemui.ImageWallpaper (server), edge-swipe (server), swipe-up (server), PointerEventDispatcher0 (server),
01-05 07:31:32.746 I/view_enqueue_input_event( 2835): [Motion - Cancel,com.android.launcher3/com.android.launcher3.uioverrides.QuickstepLauncher]
01-05 07:31:32.749 I/input_interaction( 1516): Interaction with: edge-swipe (server), swipe-up (server), PointerEventDispatcher0 (server),
01-05 07:31:32.927 I/commit_sys_config_file( 1516): [settings-1-0,4]
01-05 07:31:33.383 I/commit_sys_config_file( 1516): [settings-1-0,5]
01-05 07:31:39.603 I/input_interaction( 1516): Interaction with: fdc0eb0 com.android.launcher3/com.android.launcher3.uioverrides.QuickstepLauncher (server), 9702ba6 com.android.systemui.ImageWallpaper (server), edge-swipe (server), swipe-up (server), PointerEventDispatcher0 (server),
01-05 07:31:40.140 I/wm_finish_activity( 1516): [0,130853646,55,com.android.settings/.Settings,recent-task-trimmed]
01-05 07:31:40.142 I/wm_destroy_activity( 1516): [0,130853646,55,com.android.settings/.Settings,finish-imm:finishIfPossible]
01-05 07:31:40.146 I/am_kill ( 1516): [0,9384,com.android.settings,900,remove task]
01-05 07:31:40.150 I/sysui_multi_action( 1516): [757,803,799,window_time_0,802,9]
01-05 07:31:40.213 I/am_proc_died( 1516): [0,9384,com.android.settings,900,18]
01-05 07:31:40.217 I/wm_task_removed( 1516): [55,removeChild:removeChild last r=ActivityRecord{7ccab0e u0 com.android.settings/.Settings t-1 f}} in t=Task{5084441 #55 type=standard A=1000:com.android.settings.root U=0 visible=false mode=fullscreen translucent=true sz=0}]
01-05 07:31:40.217 I/wm_task_removed( 1516): [55,removeChild]
01-05 07:31:40.244 I/am_proc_start( 1516): [0,9938,1000,com.android.settings,NULL,]
01-05 07:31:40.272 I/am_proc_bound( 1516): [0,9938,com.android.settings]
01-05 07:31:40.322 I/am_wtf ( 1516): [0,9938,com.android.settings,952647173,RoleParser,com.android.permissioncontroller.role.model.AssistantRoleBehavior]
01-05 07:31:40.324 I/am_wtf ( 1516): [0,9938,com.android.settings,952647173,RoleParser,com.android.permissioncontroller.role.model.BrowserRoleBehavior]
01-05 07:31:40.326 I/am_wtf ( 1516): [0,9938,com.android.settings,952647173,RoleParser,com.android.permissioncontroller.role.model.DialerRoleBehavior]
01-05 07:31:40.328 I/am_wtf ( 1516): [0,9938,com.android.settings,952647173,RoleParser,com.android.permissioncontroller.role.model.SmsRoleBehavior]
01-05 07:31:40.330 I/am_wtf ( 1516): [0,9938,com.android.settings,952647173,RoleParser,com.android.permissioncontroller.role.model.EmergencyRoleBehavior]
01-05 07:31:40.331 I/am_wtf ( 1516): [0,9938,com.android.settings,952647173,RoleParser,com.android.permissioncontroller.role.model.HomeRoleBehavior]
01-05 07:31:40.333 I/am_wtf ( 1516): [0,9938,com.android.settings,952647173,RoleParser,com.android.permissioncontroller.role.model.SystemAutomotiveClusterRoleBehavior]
01-05 07:31:40.335 I/am_wtf ( 1516): [0,9938,com.android.settings,952647173,RoleParser,com.android.permissioncontroller.role.model.CompanionDeviceWatchRoleBehavior]
01-05 07:31:40.336 I/am_wtf ( 1516): [0,9938,com.android.settings,952647173,RoleParser,com.android.permissioncontroller.role.model.SystemShellRoleBehavior]
01-05 07:31:40.338 I/am_wtf ( 1516): [0,9938,com.android.settings,952647173,RoleParser,com.android.permissioncontroller.role.model.TelevisionRoleBehavior]
01-05 07:31:40.340 I/am_wtf ( 1516): [0,9938,com.android.settings,952647173,RoleParser,com.android.permissioncontroller.role.model.TelevisionRoleBehavior]
01-05 07:31:43.915 I/wm_task_created( 1516): [58,-1]
01-05 07:31:43.917 I/wm_task_moved( 1516): [58,1,6]
01-05 07:31:43.917 I/wm_task_to_front( 1516): [0,58]
01-05 07:31:43.917 I/wm_create_task( 1516): [0,58]
01-05 07:31:43.917 I/wm_create_activity( 1516): [0,220106552,58,com.android.gallery3d/.app.GalleryActivity,NULL,NULL,NULL,268468224]
01-05 07:31:43.917 I/wm_task_moved( 1516): [58,1,6]
01-05 07:31:43.918 I/wm_restart_activity( 1516): [0,220106552,58,com.android.gallery3d/.app.GalleryActivity]
01-05 07:31:43.919 I/wm_set_resumed_activity( 1516): [0,com.android.gallery3d/.app.GalleryActivity,minimalResumeActivityLocked]
01-05 07:31:43.921 I/wm_on_top_resumed_lost_called( 2835): [39192225,com.android.launcher3.uioverrides.QuickstepLauncher,topStateChangedWhenResumed]
01-05 07:31:43.935 I/wm_on_create_called( 9695): [220106552,com.android.gallery3d.app.GalleryActivity,performCreate]
01-05 07:31:43.936 I/wm_on_start_called( 9695): [220106552,com.android.gallery3d.app.GalleryActivity,handleStartActivity]
01-05 07:31:43.937 I/wm_on_resume_called( 9695): [220106552,com.android.gallery3d.app.GalleryActivity,RESUME_ACTIVITY]
01-05 07:31:43.939 I/wm_on_top_resumed_gained_called( 9695): [220106552,com.android.gallery3d.app.GalleryActivity,topStateChangedWhenResumed]
01-05 07:31:43.949 I/input_focus( 1516): [Focus request 3a47202 com.android.gallery3d/com.android.gallery3d.app.GalleryActivity,reason=UpdateInputWindows]
01-05 07:31:43.980 I/input_focus( 1516): [Focus leaving fdc0eb0 com.android.launcher3/com.android.launcher3.uioverrides.QuickstepLauncher (server),reason=Waiting for window because NOT_VISIBLE]
01-05 07:31:43.982 I/sysui_multi_action( 1516): [319,72,322,72,325,10867,757,761,758,8,759,2,806,com.android.gallery3d,871,com.android.gallery3d.app.GalleryActivity,904,com.android.launcher3,905,0,1320,4,1321,1]
01-05 07:31:43.983 I/wm_activity_launch_time( 1516): [0,220106552,com.android.gallery3d/.app.GalleryActivity,72]
01-05 07:31:43.997 I/input_focus( 1516): [Focus entering 3a47202 com.android.gallery3d/com.android.gallery3d.app.GalleryActivity (server),reason=Window became focusable. Previous reason: NOT_VISIBLE]
01-05 07:31:44.019 I/am_pss ( 1516): [9730,10087,com.qualcomm.qti.qccauthmgr,6588416,4325376,0,94236672,0,19,5]
01-05 07:31:48.297 I/input_interaction( 1516): Interaction with: 3a47202 com.android.gallery3d/com.android.gallery3d.app.GalleryActivity (server), edge-swipe (server), swipe-up (server), PointerEventDispatcher0 (server),
01-05 07:31:48.418 I/wm_finish_activity( 1516): [0,220106552,58,com.android.gallery3d/.app.GalleryActivity,finish-activity]
01-05 07:31:48.419 I/wm_task_moved( 1516): [1,1,6]
01-05 07:31:48.422 I/wm_set_resumed_activity( 1516): [0,com.android.launcher3/.uioverrides.QuickstepLauncher,positionChildAt]
01-05 07:31:48.422 I/wm_task_moved( 1516): [10,1,2147483647]
01-05 07:31:48.422 I/wm_task_to_front( 1516): [0,10]
01-05 07:31:48.422 I/wm_focused_root_task( 1516): [0,0,1,-1,finish-top adjustFocusToNextFocusableTask]
01-05 07:31:48.422 I/wm_set_resumed_activity( 1516): [0,com.android.launcher3/.uioverrides.QuickstepLauncher,finish-top]
01-05 07:31:48.428 I/wm_pause_activity( 1516): [0,220106552,com.android.gallery3d/.app.GalleryActivity,userLeaving=false,finish]
01-05 07:31:48.435 I/input_focus( 1516): [Focus request fdc0eb0 com.android.launcher3/com.android.launcher3.uioverrides.QuickstepLauncher,reason=UpdateInputWindows]
01-05 07:31:48.435 I/wm_on_top_resumed_lost_called( 9695): [220106552,com.android.gallery3d.app.GalleryActivity,topStateChangedWhenResumed]
01-05 07:31:48.443 I/wm_on_top_resumed_gained_called( 2835): [39192225,com.android.launcher3.uioverrides.QuickstepLauncher,topStateChangedWhenResumed]
01-05 07:31:48.447 I/sysui_multi_action( 1516): [757,803,799,window_time_0,802,8]
01-05 07:31:48.453 I/wm_on_paused_called( 9695): [220106552,com.android.gallery3d.app.GalleryActivity,performPause]
01-05 07:31:48.455 I/wm_destroy_activity( 1516): [0,220106552,58,com.android.gallery3d/.app.GalleryActivity,finish-imm:completePausedLocked]
01-05 07:31:48.460 I/input_focus( 1516): [Focus leaving 3a47202 com.android.gallery3d/com.android.gallery3d.app.GalleryActivity (server),reason=NO_WINDOW]
01-05 07:31:48.460 I/input_focus( 1516): [Focus entering fdc0eb0 com.android.launcher3/com.android.launcher3.uioverrides.QuickstepLauncher (server),reason=setFocusedWindow]
01-05 07:31:48.476 I/sysui_multi_action( 1516): [757,803,799,window_time_0,802,0]
01-05 07:31:48.487 I/wm_on_stop_called( 9695): [220106552,com.android.gallery3d.app.GalleryActivity,LIFECYCLER_STOP_ACTIVITY]
01-05 07:31:48.491 I/wm_on_destroy_called( 9695): [220106552,com.android.gallery3d.app.GalleryActivity,performDestroy]
01-05 07:31:48.774 I/wm_task_removed( 1516): [58,removeChild:removeChild last r=ActivityRecord{d1e8f38 u0 com.android.gallery3d/.app.GalleryActivity t-1 f}} in t=Task{6768f9b #58 type=standard A=10069:com.android.gallery3d U=0 visible=false mode=freeform translucent=true sz=0}]
01-05 07:31:48.774 I/wm_task_removed( 1516): [58,removeChild]
01-05 07:31:48.813 I/am_uid_idle( 1516): 10087
01-05 07:31:49.862 I/input_interaction( 1516): Interaction with: fdc0eb0 com.android.launcher3/com.android.launcher3.uioverrides.QuickstepLauncher (server), 9702ba6 com.android.systemui.ImageWallpaper (server), edge-swipe (server), swipe-up (server), PointerEventDispatcher0 (server),
01-05 07:31:49.959 I/view_enqueue_input_event( 2835): [Motion - Cancel,com.android.launcher3/com.android.launcher3.uioverrides.QuickstepLauncher]
01-05 07:31:49.967 I/input_interaction( 1516): Interaction with: edge-swipe (server), swipe-up (server), PointerEventDispatcher0 (server),
01-05 07:31:50.150 I/commit_sys_config_file( 1516): [settings-1-0,4]
01-05 07:31:50.602 I/commit_sys_config_file( 1516): [settings-1-0,5]
01-05 07:31:58.361 I/input_interaction( 1516): Interaction with: fdc0eb0 com.android.launcher3/com.android.launcher3.uioverrides.QuickstepLauncher (server), 9702ba6 com.android.systemui.ImageWallpaper (server), edge-swipe (server), swipe-up (server), PointerEventDispatcher0 (server),
01-05 07:32:39.206 I/am_freeze( 1516): [8530,com.qti.diagservices]
01-05 07:32:39.208 I/am_kill ( 1516): [0,8530,com.qti.diagservices,965,Unable to freeze binder interface]
01-05 07:32:39.239 I/am_proc_died( 1516): [0,8530,com.qti.diagservices,965,10]
01-05 07:32:39.239 I/am_schedule_service_restart( 1516): [0,com.qti.diagservices/.QTIDiagServices,1000]
01-05 07:32:39.247 I/am_pss ( 1516): [9938,1000,com.android.settings,24421376,12541952,0,119255040,0,19,6]
01-05 07:32:40.270 I/am_proc_start( 1516): [0,9987,1000,com.qti.diagservices,service,{com.qti.diagservices/com.qti.diagservices.QTIDiagServices}]
01-05 07:32:40.308 I/am_proc_bound( 1516): [0,9987,com.qti.diagservices]
01-05 07:32:40.339 I/auditd ( 9987): type=1400 audit(0.0:1113): avc: denied { read write } for comm="ti.diagservices" name="diag" dev="tmpfs" ino=12385 scontext=u:r:system_app:s0 tcontext=u:object_r:vendor_diag_device:s0 tclass=chr_file permissive=0
01-05 07:32:48.465 I/am_uid_idle( 1516): 10069
01-05 07:32:51.603 I/sysui_multi_action( 1516): [757,1696,758,6,759,2]
01-05 07:32:51.620 I/am_wtf ( 1516): [0,1516,system_server,-1,DisplayDeviceConfig,requesting nits when no mapping exists.]
01-05 07:32:51.624 I/am_wtf ( 1516): [0,1516,system_server,-1,DisplayDeviceConfig,requesting nits when no mapping exists.]
01-05 07:32:51.625 I/service_manager_stats( 1516): [100,54,104933]
01-05 07:32:51.636 I/am_wtf ( 1516): [0,1516,system_server,-1,DisplayDeviceConfig,requesting nits when no mapping exists.]
01-05 07:32:51.638 I/am_wtf ( 1516): [0,1516,system_server,-1,DisplayDeviceConfig,requesting nits when no mapping exists.]
01-05 07:32:51.642 I/am_wtf ( 1516): [0,1516,system_server,-1,DisplayDeviceConfig,requesting nits when no mapping exists.]
01-05 07:32:51.644 I/am_wtf ( 1516): [0,1516,system_server,-1,DisplayDeviceConfig,requesting nits when no mapping exists.]
01-05 07:32:51.659 I/am_wtf ( 1516): [0,1516,system_server,-1,DisplayDeviceConfig,requesting nits when no mapping exists.]
01-05 07:32:51.660 I/am_wtf ( 1516): [0,1516,system_server,-1,DisplayDeviceConfig,requesting nits when no mapping exists.]
01-05 07:32:51.676 I/am_wtf ( 1516): [0,1516,system_server,-1,DisplayDeviceConfig,requesting nits when no mapping exists.]
01-05 07:32:51.677 I/am_wtf ( 1516): [0,1516,system_server,-1,DisplayDeviceConfig,requesting nits when no mapping exists.]
01-05 07:32:51.693 I/am_wtf ( 1516): [0,1516,system_server,-1,DisplayDeviceConfig,requesting nits when no mapping exists.]
01-05 07:32:51.693 I/am_wtf ( 1516): [0,1516,system_server,-1,DisplayDeviceConfig,requesting nits when no mapping exists.]
01-05 07:32:51.709 I/am_wtf ( 1516): [0,1516,system_server,-1,DisplayDeviceConfig,requesting nits when no mapping exists.]
01-05 07:32:51.710 I/am_wtf ( 1516): [0,1516,system_server,-1,DisplayDeviceConfig,requesting nits when no mapping exists.]
01-05 07:32:51.726 I/am_wtf ( 1516): [0,1516,system_server,-1,DisplayDeviceConfig,requesting nits when no mapping exists.]
01-05 07:32:51.728 I/am_wtf ( 1516): [0,1516,system_server,-1,DisplayDeviceConfig,requesting nits when no mapping exists.]
01-05 07:32:51.743 I/am_wtf ( 1516): [0,1516,system_server,-1,DisplayDeviceConfig,requesting nits when no mapping exists.]
01-05 07:32:51.744 I/am_wtf ( 1516): [0,1516,system_server,-1,DisplayDeviceConfig,requesting nits when no mapping exists.]
01-05 07:32:51.760 I/am_wtf ( 1516): [0,1516,system_server,-1,DisplayDeviceConfig,requesting nits when no mapping exists.]
01-05 07:32:51.761 I/am_wtf ( 1516): [0,1516,system_server,-1,DisplayDeviceConfig,requesting nits when no mapping exists.]
01-05 07:32:51.777 I/am_wtf ( 1516): [0,1516,system_server,-1,DisplayDeviceConfig,requesting nits when no mapping exists.]
01-05 07:32:51.777 I/am_wtf ( 1516): [0,1516,system_server,-1,DisplayDeviceConfig,requesting nits when no mapping exists.]
01-05 07:32:51.794 I/am_wtf ( 1516): [0,1516,system_server,-1,DisplayDeviceConfig,requesting nits when no mapping exists.]
01-05 07:32:51.794 I/am_wtf ( 1516): [0,1516,system_server,-1,DisplayDeviceConfig,requesting nits when no mapping exists.]
01-05 07:32:51.810 I/am_wtf ( 1516): [0,1516,system_server,-1,DisplayDeviceConfig,requesting nits when no mapping exists.]
01-05 07:32:51.811 I/am_wtf ( 1516): [0,1516,system_server,-1,DisplayDeviceConfig,requesting nits when no mapping exists.]
01-05 07:32:51.827 I/am_wtf ( 1516): [0,1516,system_server,-1,DisplayDeviceConfig,requesting nits when no mapping exists.]
01-05 07:32:51.828 I/am_wtf ( 1516): [0,1516,system_server,-1,DisplayDeviceConfig,requesting nits when no mapping exists.]
01-05 07:32:51.843 I/am_wtf ( 1516): [0,1516,system_server,-1,DisplayDeviceConfig,requesting nits when no mapping exists.]
01-05 07:32:51.844 I/am_wtf ( 1516): [0,1516,system_server,-1,DisplayDeviceConfig,requesting nits when no mapping exists.]
01-05 07:32:51.860 I/am_wtf ( 1516): [0,1516,system_server,-1,DisplayDeviceConfig,requesting nits when no mapping exists.]
01-05 07:32:51.861 I/am_wtf ( 1516): [0,1516,system_server,-1,DisplayDeviceConfig,requesting nits when no mapping exists.]
01-05 07:32:51.877 I/am_wtf ( 1516): [0,1516,system_server,-1,DisplayDeviceConfig,requesting nits when no mapping exists.]
01-05 07:32:51.878 I/am_wtf ( 1516): [0,1516,system_server,-1,DisplayDeviceConfig,requesting nits when no mapping exists.]
01-05 07:32:51.894 I/am_wtf ( 1516): [0,1516,system_server,-1,DisplayDeviceConfig,requesting nits when no mapping exists.]
01-05 07:32:51.895 I/am_wtf ( 1516): [0,1516,system_server,-1,DisplayDeviceConfig,requesting nits when no mapping exists.]
01-05 07:32:51.910 I/am_wtf ( 1516): [0,1516,system_server,-1,DisplayDeviceConfig,requesting nits when no mapping exists.]
01-05 07:32:51.911 I/am_wtf ( 1516): [0,1516,system_server,-1,DisplayDeviceConfig,requesting nits when no mapping exists.]
01-05 07:32:51.927 I/am_wtf ( 1516): [0,1516,system_server,-1,DisplayDeviceConfig,requesting nits when no mapping exists.]
01-05 07:32:51.929 I/am_wtf ( 1516): [0,1516,system_server,-1,DisplayDeviceConfig,requesting nits when no mapping exists.]
01-05 07:32:51.944 I/am_wtf ( 1516): [0,1516,system_server,-1,DisplayDeviceConfig,requesting nits when no mapping exists.]
01-05 07:32:51.945 I/am_wtf ( 1516): [0,1516,system_server,-1,DisplayDeviceConfig,requesting nits when no mapping exists.]
01-05 07:32:51.960 I/am_wtf ( 1516): [0,1516,system_server,-1,DisplayDeviceConfig,requesting nits when no mapping exists.]
01-05 07:32:51.961 I/am_wtf ( 1516): [0,1516,system_server,-1,DisplayDeviceConfig,requesting nits when no mapping exists.]
01-05 07:32:51.977 I/am_wtf ( 1516): [0,1516,system_server,-1,DisplayDeviceConfig,requesting nits when no mapping exists.]
01-05 07:32:51.978 I/am_wtf ( 1516): [0,1516,system_server,-1,DisplayDeviceConfig,requesting nits when no mapping exists.]
01-05 07:32:51.994 I/am_wtf ( 1516): [0,1516,system_server,-1,DisplayDeviceConfig,requesting nits when no mapping exists.]
01-05 07:32:51.995 I/am_wtf ( 1516): [0,1516,system_server,-1,DisplayDeviceConfig,requesting nits when no mapping exists.]
01-05 07:32:52.010 I/am_wtf ( 1516): [0,1516,system_server,-1,DisplayDeviceConfig,requesting nits when no mapping exists.]
01-05 07:32:52.011 I/am_wtf ( 1516): [0,1516,system_server,-1,DisplayDeviceConfig,requesting nits when no mapping exists.]
01-05 07:32:52.027 I/am_wtf ( 1516): [0,1516,system_server,-1,DisplayDeviceConfig,requesting nits when no mapping exists.]
01-05 07:32:52.028 I/am_wtf ( 1516): [0,1516,system_server,-1,DisplayDeviceConfig,requesting nits when no mapping exists.]
01-05 07:32:52.044 I/am_wtf ( 1516): [0,1516,system_server,-1,DisplayDeviceConfig,requesting nits when no mapping exists.]
01-05 07:32:52.044 I/am_wtf ( 1516): [0,1516,system_server,-1,DisplayDeviceConfig,requesting nits when no mapping exists.]
01-05 07:32:52.060 I/am_wtf ( 1516): [0,1516,system_server,-1,DisplayDeviceConfig,requesting nits when no mapping exists.]
01-05 07:32:52.061 I/am_wtf ( 1516): [0,1516,system_server,-1,DisplayDeviceConfig,requesting nits when no mapping exists.]
01-05 07:32:52.077 I/am_wtf ( 1516): [0,1516,system_server,-1,DisplayDeviceConfig,requesting nits when no mapping exists.]
01-05 07:32:52.078 I/am_wtf ( 1516): [0,1516,system_server,-1,DisplayDeviceConfig,requesting nits when no mapping exists.]
01-05 07:32:52.094 I/am_wtf ( 1516): [0,1516,system_server,-1,DisplayDeviceConfig,requesting nits when no mapping exists.]
01-05 07:32:52.095 I/am_wtf ( 1516): [0,1516,system_server,-1,DisplayDeviceConfig,requesting nits when no mapping exists.]
01-05 07:32:52.111 I/am_wtf ( 1516): [0,1516,system_server,-1,DisplayDeviceConfig,requesting nits when no mapping exists.]
01-05 07:32:52.112 I/am_wtf ( 1516): [0,1516,system_server,-1,DisplayDeviceConfig,requesting nits when no mapping exists.]
01-05 07:32:52.127 I/am_wtf ( 1516): [0,1516,system_server,-1,DisplayDeviceConfig,requesting nits when no mapping exists.]
01-05 07:32:52.128 I/am_wtf ( 1516): [0,1516,system_server,-1,DisplayDeviceConfig,requesting nits when no mapping exists.]
01-05 07:32:52.144 I/am_wtf ( 1516): [0,1516,system_server,-1,DisplayDeviceConfig,requesting nits when no mapping exists.]
01-05 07:32:52.145 I/am_wtf ( 1516): [0,1516,system_server,-1,DisplayDeviceConfig,requesting nits when no mapping exists.]
01-05 07:32:52.161 I/am_wtf ( 1516): [0,1516,system_server,-1,DisplayDeviceConfig,requesting nits when no mapping exists.]
01-05 07:32:52.161 I/am_wtf ( 1516): [0,1516,system_server,-1,DisplayDeviceConfig,requesting nits when no mapping exists.]
01-05 07:32:52.177 I/am_wtf ( 1516): [0,1516,system_server,-1,DisplayDeviceConfig,requesting nits when no mapping exists.]
01-05 07:32:52.178 I/am_wtf ( 1516): [0,1516,system_server,-1,DisplayDeviceConfig,requesting nits when no mapping exists.]
01-05 07:32:52.194 I/am_wtf ( 1516): [0,1516,system_server,-1,DisplayDeviceConfig,requesting nits when no mapping exists.]
01-05 07:32:52.195 I/am_wtf ( 1516): [0,1516,system_server,-1,DisplayDeviceConfig,requesting nits when no mapping exists.]
01-05 07:32:52.211 I/am_wtf ( 1516): [0,1516,system_server,-1,DisplayDeviceConfig,requesting nits when no mapping exists.]
01-05 07:32:52.211 I/am_wtf ( 1516): [0,1516,system_server,-1,DisplayDeviceConfig,requesting nits when no mapping exists.]
01-05 07:32:52.227 I/am_wtf ( 1516): [0,1516,system_server,-1,DisplayDeviceConfig,requesting nits when no mapping exists.]
01-05 07:32:52.228 I/am_wtf ( 1516): [0,1516,system_server,-1,DisplayDeviceConfig,requesting nits when no mapping exists.]
01-05 07:32:52.244 I/am_wtf ( 1516): [0,1516,system_server,-1,DisplayDeviceConfig,requesting nits when no mapping exists.]
01-05 07:32:52.245 I/am_wtf ( 1516): [0,1516,system_server,-1,DisplayDeviceConfig,requesting nits when no mapping exists.]
01-05 07:32:52.261 I/am_wtf ( 1516): [0,1516,system_server,-1,DisplayDeviceConfig,requesting nits when no mapping exists.]
01-05 07:32:52.261 I/am_wtf ( 1516): [0,1516,system_server,-1,DisplayDeviceConfig,requesting nits when no mapping exists.]
01-05 07:32:52.277 I/am_wtf ( 1516): [0,1516,system_server,-1,DisplayDeviceConfig,requesting nits when no mapping exists.]
01-05 07:32:52.278 I/am_wtf ( 1516): [0,1516,system_server,-1,DisplayDeviceConfig,requesting nits when no mapping exists.]
01-05 07:32:52.294 I/am_wtf ( 1516): [0,1516,system_server,-1,DisplayDeviceConfig,requesting nits when no mapping exists.]
01-05 07:32:52.295 I/am_wtf ( 1516): [0,1516,system_server,-1,DisplayDeviceConfig,requesting nits when no mapping exists.]
01-05 07:32:52.311 I/am_wtf ( 1516): [0,1516,system_server,-1,DisplayDeviceConfig,requesting nits when no mapping exists.]
01-05 07:32:52.312 I/am_wtf ( 1516): [0,1516,system_server,-1,DisplayDeviceConfig,requesting nits when no mapping exists.]
01-05 07:32:52.328 I/am_wtf ( 1516): [0,1516,system_server,-1,DisplayDeviceConfig,requesting nits when no mapping exists.]
01-05 07:32:52.329 I/am_wtf ( 1516): [0,1516,system_server,-1,DisplayDeviceConfig,requesting nits when no mapping exists.]
01-05 07:32:52.344 I/am_wtf ( 1516): [0,1516,system_server,-1,DisplayDeviceConfig,requesting nits when no mapping exists.]
01-05 07:32:52.345 I/am_wtf ( 1516): [0,1516,system_server,-1,DisplayDeviceConfig,requesting nits when no mapping exists.]
01-05 07:32:52.361 I/am_wtf ( 1516): [0,1516,system_server,-1,DisplayDeviceConfig,requesting nits when no mapping exists.]
01-05 07:32:52.362 I/am_wtf ( 1516): [0,1516,system_server,-1,DisplayDeviceConfig,requesting nits when no mapping exists.]
01-05 07:32:52.378 I/am_wtf ( 1516): [0,1516,system_server,-1,DisplayDeviceConfig,requesting nits when no mapping exists.]
01-05 07:32:52.379 I/am_wtf ( 1516): [0,1516,system_server,-1,DisplayDeviceConfig,requesting nits when no mapping exists.]
01-05 07:32:52.394 I/am_wtf ( 1516): [0,1516,system_server,-1,DisplayDeviceConfig,requesting nits when no mapping exists.]
01-05 07:32:52.395 I/am_wtf ( 1516): [0,1516,system_server,-1,DisplayDeviceConfig,requesting nits when no mapping exists.]
01-05 07:32:52.412 I/am_wtf ( 1516): [0,1516,system_server,-1,DisplayDeviceConfig,requesting nits when no mapping exists.]
01-05 07:32:52.412 I/am_wtf ( 1516): [0,1516,system_server,-1,DisplayDeviceConfig,requesting nits when no mapping exists.]
01-05 07:32:52.428 I/am_wtf ( 1516): [0,1516,system_server,-1,DisplayDeviceConfig,requesting nits when no mapping exists.]
01-05 07:32:52.428 I/am_wtf ( 1516): [0,1516,system_server,-1,DisplayDeviceConfig,requesting nits when no mapping exists.]
01-05 07:32:52.445 I/am_wtf ( 1516): [0,1516,system_server,-1,DisplayDeviceConfig,requesting nits when no mapping exists.]
01-05 07:32:52.446 I/am_wtf ( 1516): [0,1516,system_server,-1,DisplayDeviceConfig,requesting nits when no mapping exists.]
01-05 07:32:52.461 I/am_wtf ( 1516): [0,1516,system_server,-1,DisplayDeviceConfig,requesting nits when no mapping exists.]
01-05 07:32:52.462 I/am_wtf ( 1516): [0,1516,system_server,-1,DisplayDeviceConfig,requesting nits when no mapping exists.]
01-05 07:32:52.478 I/am_wtf ( 1516): [0,1516,system_server,-1,DisplayDeviceConfig,requesting nits when no mapping exists.]
01-05 07:32:52.479 I/am_wtf ( 1516): [0,1516,system_server,-1,DisplayDeviceConfig,requesting nits when no mapping exists.]
01-05 07:32:52.495 I/am_wtf ( 1516): [0,1516,system_server,-1,DisplayDeviceConfig,requesting nits when no mapping exists.]
01-05 07:32:52.496 I/am_wtf ( 1516): [0,1516,system_server,-1,DisplayDeviceConfig,requesting nits when no mapping exists.]
01-05 07:32:52.511 I/am_wtf ( 1516): [0,1516,system_server,-1,DisplayDeviceConfig,requesting nits when no mapping exists.]
01-05 07:32:52.512 I/am_wtf ( 1516): [0,1516,system_server,-1,DisplayDeviceConfig,requesting nits when no mapping exists.]
01-05 07:32:52.528 I/am_wtf ( 1516): [0,1516,system_server,-1,DisplayDeviceConfig,requesting nits when no mapping exists.]
01-05 07:32:52.529 I/am_wtf ( 1516): [0,1516,system_server,-1,DisplayDeviceConfig,requesting nits when no mapping exists.]
01-05 07:32:52.545 I/am_wtf ( 1516): [0,1516,system_server,-1,DisplayDeviceConfig,requesting nits when no mapping exists.]
01-05 07:32:52.545 I/am_wtf ( 1516): [0,1516,system_server,-1,DisplayDeviceConfig,requesting nits when no mapping exists.]
01-05 07:32:52.561 I/am_wtf ( 1516): [0,1516,system_server,-1,DisplayDeviceConfig,requesting nits when no mapping exists.]
01-05 07:32:52.562 I/am_wtf ( 1516): [0,1516,system_server,-1,DisplayDeviceConfig,requesting nits when no mapping exists.]
01-05 07:32:54.579 I/am_uid_idle( 1516): 10066
01-05 07:32:58.607 I/sysui_multi_action( 1516): [757,222,758,1]
01-05 07:32:58.610 I/am_uid_active( 1516): 10052
01-05 07:32:58.615 I/service_manager_stats( 1516): [115,61,6990]
01-05 07:32:58.629 I/wm_task_created( 1516): [59,-1]
01-05 07:32:58.633 I/wm_task_moved( 1516): [59,1,6]
01-05 07:32:58.633 I/wm_task_to_front( 1516): [0,59]
01-05 07:32:58.633 I/wm_create_task( 1516): [0,59]
01-05 07:32:58.633 I/wm_on_top_resumed_lost_called( 2835): [39192225,com.android.launcher3.uioverrides.QuickstepLauncher,topStateChangedWhenResumed]
01-05 07:32:58.633 I/wm_create_activity( 1516): [0,19743642,59,com.thundercomm.screensaver/android.service.dreams.DreamActivity,NULL,NULL,NULL,276824064]
01-05 07:32:58.633 I/wm_task_moved( 1516): [59,1,6]
01-05 07:32:58.634 I/wm_pause_activity( 1516): [0,39192225,com.android.launcher3/.uioverrides.QuickstepLauncher,userLeaving=true,pauseBackTasks]
01-05 07:32:58.636 I/wm_on_paused_called( 2835): [39192225,com.android.launcher3.uioverrides.QuickstepLauncher,performPause]
01-05 07:32:58.637 I/wm_add_to_stopping( 1516): [0,39192225,com.android.launcher3/.uioverrides.QuickstepLauncher,makeInvisible]
01-05 07:32:58.638 I/wm_restart_activity( 1516): [0,19743642,59,com.thundercomm.screensaver/android.service.dreams.DreamActivity]
