01-05 07:30:13.462 I/am_wtf ( 1516): [0,1516,system_server,-1,DisplayDeviceConfig,requesting nits when no mapping exists.]
01-05 07:30:13.463 I/am_wtf ( 1516): [0,1516,system_server,-1,DisplayDeviceConfig,requesting nits when no mapping exists.]
01-05 07:30:13.479 I/am_wtf ( 1516): [0,1516,system_server,-1,DisplayDeviceConfig,requesting nits when no mapping exists.]
01-05 07:30:13.480 I/am_wtf ( 1516): [0,1516,system_server,-1,DisplayDeviceConfig,requesting nits when no mapping exists.]
01-05 07:30:13.496 I/am_wtf ( 1516): [0,1516,system_server,-1,DisplayDeviceConfig,requesting nits when no mapping exists.]
01-05 07:30:13.496 I/am_wtf ( 1516): [0,1516,system_server,-1,DisplayDeviceConfig,requesting nits when no mapping exists.]
01-05 07:30:13.513 I/am_wtf ( 1516): [0,1516,system_server,-1,DisplayDeviceConfig,requesting nits when no mapping exists.]
01-05 07:30:13.513 I/am_wtf ( 1516): [0,1516,system_server,-1,DisplayDeviceConfig,requesting nits when no mapping exists.]
01-05 07:30:13.529 I/am_wtf ( 1516): [0,1516,system_server,-1,DisplayDeviceConfig,requesting nits when no mapping exists.]
01-05 07:30:13.530 I/am_wtf ( 1516): [0,1516,system_server,-1,DisplayDeviceConfig,requesting nits when no mapping exists.]
01-05 07:30:13.546 I/am_wtf ( 1516): [0,1516,system_server,-1,DisplayDeviceConfig,requesting nits when no mapping exists.]
01-05 07:30:13.546 I/am_wtf ( 1516): [0,1516,system_server,-1,DisplayDeviceConfig,requesting nits when no mapping exists.]
01-05 07:30:22.646 I/am_freeze( 1516): [8708,com.android.music]
01-05 07:30:22.650 I/am_freeze( 1516): [9045,com.android.musicfx]
01-05 07:30:22.652 I/am_kill ( 1516): [0,8708,com.android.music,955,Unable to freeze binder interface]
01-05 07:30:22.655 I/am_kill ( 1516): [0,9045,com.android.musicfx,945,Unable to freeze binder interface]
01-05 07:30:22.681 I/am_proc_died( 1516): [0,9045,com.android.musicfx,945,19]
01-05 07:30:22.682 I/am_uid_stopped( 1516): 10033
01-05 07:30:22.689 I/am_proc_died( 1516): [0,8708,com.android.music,955,19]
01-05 07:30:22.690 I/am_uid_stopped( 1516): 10085
01-05 07:30:22.908 I/sysui_multi_action( 1516): [757,222,758,1]
01-05 07:30:22.910 I/am_uid_active( 1516): 10052
01-05 07:30:22.919 I/wm_task_created( 1516): [54,-1]
01-05 07:30:22.924 I/wm_task_moved( 1516): [54,1,6]
01-05 07:30:22.924 I/wm_task_to_front( 1516): [0,54]
01-05 07:30:22.924 I/wm_create_task( 1516): [0,54]
01-05 07:30:22.924 I/wm_create_activity( 1516): [0,109185949,54,com.thundercomm.screensaver/android.service.dreams.DreamActivity,NULL,NULL,NULL,276824064]
01-05 07:30:22.924 I/wm_task_moved( 1516): [54,1,6]
01-05 07:30:22.924 I/wm_on_top_resumed_lost_called( 2835): [39192225,com.android.launcher3.uioverrides.QuickstepLauncher,topStateChangedWhenResumed]
01-05 07:30:22.925 I/wm_pause_activity( 1516): [0,39192225,com.android.launcher3/.uioverrides.QuickstepLauncher,userLeaving=true,pauseBackTasks]
01-05 07:30:22.927 I/input_focus( 1516): [Focus request fdc0eb0 com.android.launcher3/com.android.launcher3.uioverrides.QuickstepLauncher,reason=UpdateInputWindows]
01-05 07:30:22.927 I/wm_on_paused_called( 2835): [39192225,com.android.launcher3.uioverrides.QuickstepLauncher,performPause]
01-05 07:30:22.930 I/wm_add_to_stopping( 1516): [0,39192225,com.android.launcher3/.uioverrides.QuickstepLauncher,makeInvisible]
01-05 07:30:22.930 I/wm_restart_activity( 1516): [0,109185949,54,com.thundercomm.screensaver/android.service.dreams.DreamActivity]
01-05 07:30:22.931 I/wm_set_resumed_activity( 1516): [0,com.thundercomm.screensaver/android.service.dreams.DreamActivity,minimalResumeActivityLocked]
01-05 07:30:22.936 I/sysui_multi_action( 1516): [757,803,799,window_time_0,802,102]
01-05 07:30:22.937 I/wm_on_create_called( 5252): [109185949,android.service.dreams.DreamActivity,performCreate]
01-05 07:30:22.937 I/wm_on_start_called( 5252): [109185949,android.service.dreams.DreamActivity,handleStartActivity]
01-05 07:30:22.938 I/input_focus( 1516): [Focus leaving 94a0fc2 NotificationShade (server),reason=NOT_FOCUSABLE]
01-05 07:30:22.938 I/input_focus( 1516): [Focus entering fdc0eb0 com.android.launcher3/com.android.launcher3.uioverrides.QuickstepLauncher (server),reason=setFocusedWindow]
01-05 07:30:22.938 I/wm_on_resume_called( 5252): [109185949,android.service.dreams.DreamActivity,RESUME_ACTIVITY]
01-05 07:30:22.940 I/wm_on_top_resumed_gained_called( 5252): [109185949,android.service.dreams.DreamActivity,topStateChangedWhenResumed]
01-05 07:30:22.945 I/am_uid_active( 1516): 10066
01-05 07:30:22.952 I/input_focus( 1516): [Focus leaving fdc0eb0 com.android.launcher3/com.android.launcher3.uioverrides.QuickstepLauncher (server),reason=NO_WINDOW]
01-05 07:30:22.960 I/input_focus( 1516): [Focus request 5881155 com.thundercomm.screensaver/android.service.dreams.DreamActivity,reason=UpdateInputWindows]
01-05 07:30:22.967 I/sysui_multi_action( 1516): [319,49,322,48,325,10786,757,761,758,8,759,2,806,com.thundercomm.screensaver,871,android.service.dreams.DreamActivity,904,com.thundercomm.screensaver,905,0,1320,4,1321,2]
01-05 07:30:22.967 I/wm_activity_launch_time( 1516): [0,109185949,com.thundercomm.screensaver/android.service.dreams.DreamActivity,48]
01-05 07:30:22.968 I/sysui_multi_action( 1516): [757,1696,758,6,759,3]
01-05 07:30:22.971 I/notification_enqueue( 1516): [10081,2367,com.android.systemui,2048,NULL,0,Notification(channel=updateNotification shortcut=null contentView=null vibrate=null sound=null defaults=0x0 flags=0x0 color=0x00000000 vis=PRIVATE),1]
01-05 07:30:22.971 I/sysui_multi_action( 2367): [757,111,758,2]
01-05 07:30:22.971 I/sysui_multi_action( 2367): [757,111,758,2]
01-05 07:30:22.984 I/am_wtf ( 1516): [0,1516,system_server,-1,DisplayDeviceConfig,requesting nits when no mapping exists.]
01-05 07:30:22.985 I/sysui_multi_action( 2367): [757,111,758,1]
01-05 07:30:22.985 I/sysui_multi_action( 2367): [757,126,758,1,759,126,927,0,928,0,1593,0]
01-05 07:30:22.985 I/sysui_multi_action( 2367): [757,113,758,1,759,113,927,1,928,1,1593,0]
01-05 07:30:22.985 I/sysui_multi_action( 2367): [757,0,758,1,759,0,927,2,928,0,1593,0]
01-05 07:30:22.985 I/sysui_multi_action( 2367): [757,0,758,1,759,0,927,3,928,0,1593,0]
01-05 07:30:22.985 I/am_wtf ( 1516): [0,1516,system_server,-1,DisplayDeviceConfig,requesting nits when no mapping exists.]
01-05 07:30:22.985 I/sysui_multi_action( 2367): [757,0,758,1,759,0,927,4,928,0,1593,0]
01-05 07:30:22.985 I/input_focus( 1516): [Focus entering 5881155 com.thundercomm.screensaver/android.service.dreams.DreamActivity (server),reason=Window became focusable. Previous reason: NOT_VISIBLE]
01-05 07:30:22.985 I/sysui_multi_action( 2367): [757,491,758,1,759,491,927,5,928,0,1311,-1,1593,0]
01-05 07:30:22.985 I/sysui_multi_action( 2367): [757,111,758,1]
01-05 07:30:22.985 I/sysui_multi_action( 2367): [757,126,758,1,759,126,927,0,928,0,1593,1]
01-05 07:30:22.985 I/sysui_multi_action( 2367): [757,113,758,1,759,113,927,1,928,1,1593,1]
01-05 07:30:22.985 I/sysui_multi_action( 2367): [757,0,758,1,759,0,927,2,928,0,1593,1]
01-05 07:30:22.986 I/sysui_multi_action( 2367): [757,0,758,1,759,0,927,3,928,0,1593,1]
01-05 07:30:23.001 I/am_wtf ( 1516): [0,1516,system_server,-1,DisplayDeviceConfig,requesting nits when no mapping exists.]
01-05 07:30:23.002 I/am_wtf ( 1516): [0,1516,system_server,-1,DisplayDeviceConfig,requesting nits when no mapping exists.]
01-05 07:30:23.018 I/am_wtf ( 1516): [0,1516,system_server,-1,DisplayDeviceConfig,requesting nits when no mapping exists.]
01-05 07:30:23.019 I/am_wtf ( 1516): [0,1516,system_server,-1,DisplayDeviceConfig,requesting nits when no mapping exists.]
01-05 07:30:23.035 I/am_wtf ( 1516): [0,1516,system_server,-1,DisplayDeviceConfig,requesting nits when no mapping exists.]
01-05 07:30:23.036 I/am_wtf ( 1516): [0,1516,system_server,-1,DisplayDeviceConfig,requesting nits when no mapping exists.]
01-05 07:30:23.051 I/am_wtf ( 1516): [0,1516,system_server,-1,DisplayDeviceConfig,requesting nits when no mapping exists.]
01-05 07:30:23.051 I/am_wtf ( 1516): [0,1516,system_server,-1,DisplayDeviceConfig,requesting nits when no mapping exists.]
01-05 07:30:23.068 I/am_wtf ( 1516): [0,1516,system_server,-1,DisplayDeviceConfig,requesting nits when no mapping exists.]
01-05 07:30:23.068 I/am_wtf ( 1516): [0,1516,system_server,-1,DisplayDeviceConfig,requesting nits when no mapping exists.]
01-05 07:30:23.085 I/am_wtf ( 1516): [0,1516,system_server,-1,DisplayDeviceConfig,requesting nits when no mapping exists.]
01-05 07:30:23.085 I/am_wtf ( 1516): [0,1516,system_server,-1,DisplayDeviceConfig,requesting nits when no mapping exists.]
01-05 07:30:23.102 I/am_wtf ( 1516): [0,1516,system_server,-1,DisplayDeviceConfig,requesting nits when no mapping exists.]
01-05 07:30:23.102 I/am_wtf ( 1516): [0,1516,system_server,-1,DisplayDeviceConfig,requesting nits when no mapping exists.]
01-05 07:30:23.118 I/am_wtf ( 1516): [0,1516,system_server,-1,DisplayDeviceConfig,requesting nits when no mapping exists.]
01-05 07:30:23.119 I/am_wtf ( 1516): [0,1516,system_server,-1,DisplayDeviceConfig,requesting nits when no mapping exists.]
01-05 07:30:23.135 I/am_wtf ( 1516): [0,1516,system_server,-1,DisplayDeviceConfig,requesting nits when no mapping exists.]
01-05 07:30:23.136 I/am_wtf ( 1516): [0,1516,system_server,-1,DisplayDeviceConfig,requesting nits when no mapping exists.]
01-05 07:30:23.152 I/am_wtf ( 1516): [0,1516,system_server,-1,DisplayDeviceConfig,requesting nits when no mapping exists.]
01-05 07:30:23.152 I/am_wtf ( 1516): [0,1516,system_server,-1,DisplayDeviceConfig,requesting nits when no mapping exists.]
01-05 07:30:23.168 I/am_wtf ( 1516): [0,1516,system_server,-1,DisplayDeviceConfig,requesting nits when no mapping exists.]
01-05 07:30:23.169 I/am_wtf ( 1516): [0,1516,system_server,-1,DisplayDeviceConfig,requesting nits when no mapping exists.]
01-05 07:30:23.185 I/am_wtf ( 1516): [0,1516,system_server,-1,DisplayDeviceConfig,requesting nits when no mapping exists.]
01-05 07:30:23.185 I/am_wtf ( 1516): [0,1516,system_server,-1,DisplayDeviceConfig,requesting nits when no mapping exists.]
01-05 07:30:23.202 I/am_wtf ( 1516): [0,1516,system_server,-1,DisplayDeviceConfig,requesting nits when no mapping exists.]
01-05 07:30:23.203 I/am_wtf ( 1516): [0,1516,system_server,-1,DisplayDeviceConfig,requesting nits when no mapping exists.]
01-05 07:30:23.219 I/notification_enqueue( 1516): [10081,2367,com.android.systemui,2048,NULL,0,Notification(channel=updateNotification shortcut=null contentView=null vibrate=null sound=null defaults=0x0 flags=0x0 color=0x00000000 vis=PRIVATE),1]
01-05 07:30:23.219 I/sysui_multi_action( 2367): [757,111,758,2]
01-05 07:30:23.219 I/sysui_multi_action( 2367): [757,111,758,2]
01-05 07:30:23.220 I/am_wtf ( 1516): [0,1516,system_server,-1,DisplayDeviceConfig,requesting nits when no mapping exists.]
01-05 07:30:23.220 I/am_wtf ( 1516): [0,1516,system_server,-1,DisplayDeviceConfig,requesting nits when no mapping exists.]
01-05 07:30:23.235 I/am_wtf ( 1516): [0,1516,system_server,-1,DisplayDeviceConfig,requesting nits when no mapping exists.]
01-05 07:30:23.236 I/am_wtf ( 1516): [0,1516,system_server,-1,DisplayDeviceConfig,requesting nits when no mapping exists.]
01-05 07:30:23.253 I/am_wtf ( 1516): [0,1516,system_server,-1,DisplayDeviceConfig,requesting nits when no mapping exists.]
01-05 07:30:23.253 I/am_wtf ( 1516): [0,1516,system_server,-1,DisplayDeviceConfig,requesting nits when no mapping exists.]
01-05 07:30:23.254 I/wm_stop_activity( 1516): [0,39192225,com.android.launcher3/.uioverrides.QuickstepLauncher]
01-05 07:30:23.270 I/am_wtf ( 1516): [0,1516,system_server,-1,DisplayDeviceConfig,requesting nits when no mapping exists.]
01-05 07:30:23.270 I/am_wtf ( 1516): [0,1516,system_server,-1,DisplayDeviceConfig,requesting nits when no mapping exists.]
01-05 07:30:23.272 I/wm_on_stop_called( 2835): [39192225,com.android.launcher3.uioverrides.QuickstepLauncher,STOP_ACTIVITY_ITEM]
01-05 07:30:23.286 I/am_wtf ( 1516): [0,1516,system_server,-1,DisplayDeviceConfig,requesting nits when no mapping exists.]
01-05 07:30:23.286 I/am_wtf ( 1516): [0,1516,system_server,-1,DisplayDeviceConfig,requesting nits when no mapping exists.]
01-05 07:30:23.302 I/am_wtf ( 1516): [0,1516,system_server,-1,DisplayDeviceConfig,requesting nits when no mapping exists.]
01-05 07:30:23.302 I/am_wtf ( 1516): [0,1516,system_server,-1,DisplayDeviceConfig,requesting nits when no mapping exists.]
01-05 07:30:23.319 I/am_wtf ( 1516): [0,1516,system_server,-1,DisplayDeviceConfig,requesting nits when no mapping exists.]
01-05 07:30:23.319 I/am_wtf ( 1516): [0,1516,system_server,-1,DisplayDeviceConfig,requesting nits when no mapping exists.]
01-05 07:30:23.335 I/am_wtf ( 1516): [0,1516,system_server,-1,DisplayDeviceConfig,requesting nits when no mapping exists.]
01-05 07:30:23.335 I/am_wtf ( 1516): [0,1516,system_server,-1,DisplayDeviceConfig,requesting nits when no mapping exists.]
01-05 07:30:23.353 I/am_wtf ( 1516): [0,1516,system_server,-1,DisplayDeviceConfig,requesting nits when no mapping exists.]
01-05 07:30:23.353 I/am_wtf ( 1516): [0,1516,system_server,-1,DisplayDeviceConfig,requesting nits when no mapping exists.]
01-05 07:30:23.370 I/am_wtf ( 1516): [0,1516,system_server,-1,DisplayDeviceConfig,requesting nits when no mapping exists.]
01-05 07:30:23.370 I/am_wtf ( 1516): [0,1516,system_server,-1,DisplayDeviceConfig,requesting nits when no mapping exists.]
01-05 07:30:23.386 I/am_wtf ( 1516): [0,1516,system_server,-1,DisplayDeviceConfig,requesting nits when no mapping exists.]
01-05 07:30:23.386 I/am_wtf ( 1516): [0,1516,system_server,-1,DisplayDeviceConfig,requesting nits when no mapping exists.]
01-05 07:30:23.403 I/am_wtf ( 1516): [0,1516,system_server,-1,DisplayDeviceConfig,requesting nits when no mapping exists.]
01-05 07:30:23.403 I/am_wtf ( 1516): [0,1516,system_server,-1,DisplayDeviceConfig,requesting nits when no mapping exists.]
01-05 07:30:23.419 I/am_wtf ( 1516): [0,1516,system_server,-1,DisplayDeviceConfig,requesting nits when no mapping exists.]
01-05 07:30:23.420 I/am_wtf ( 1516): [0,1516,system_server,-1,DisplayDeviceConfig,requesting nits when no mapping exists.]
01-05 07:30:23.430 I/sysui_multi_action( 1516): [757,128,758,2,793,10693937,794,66513,795,10693937,796,26,798,0,806,android,857,DEVELOPER_IMPORTANT,858,4,947,0,1395,3,1500,10693732,1688,1]
01-05 07:30:23.430 I/notification_visibility( 1516): [-1|android|26|null|1000,0,10693937,10693937,0,0]
01-05 07:30:23.430 I/sysui_multi_action( 1516): [757,128,758,2,793,748737,794,66513,795,62926,796,4273,798,1,806,com.android.systemui,857,screen_record,858,3,946,ranker_group,947,0,1395,3,1500,62723,1688,1,1745,680407814]
01-05 07:30:23.431 I/notification_visibility( 1516): [0|com.android.systemui|4273|null|10081,0,748737,62926,0,1]
01-05 07:30:23.431 I/sysui_multi_action( 1516): [757,128,758,2,793,10762397,794,66513,795,10762397,796,32,798,2,806,android,857,USB,858,1,947,0,1395,3,1500,10762245,1688,1]
01-05 07:30:23.431 I/notification_visibility( 1516): [-1|android|32|null|1000,0,10762397,10762397,0,2]
01-05 07:30:23.431 I/sysui_multi_action( 1516): [757,127,758,2]
01-05 07:30:23.431 I/notification_panel_hidden( 1516):
01-05 07:30:23.436 I/am_wtf ( 1516): [0,1516,system_server,-1,DisplayDeviceConfig,requesting nits when no mapping exists.]
01-05 07:30:23.437 I/am_wtf ( 1516): [0,1516,system_server,-1,DisplayDeviceConfig,requesting nits when no mapping exists.]
01-05 07:30:23.453 I/am_wtf ( 1516): [0,1516,system_server,-1,DisplayDeviceConfig,requesting nits when no mapping exists.]
01-05 07:30:23.453 I/am_wtf ( 1516): [0,1516,system_server,-1,DisplayDeviceConfig,requesting nits when no mapping exists.]
01-05 07:30:23.469 I/am_wtf ( 1516): [0,1516,system_server,-1,DisplayDeviceConfig,requesting nits when no mapping exists.]
01-05 07:30:23.470 I/am_wtf ( 1516): [0,1516,system_server,-1,DisplayDeviceConfig,requesting nits when no mapping exists.]
01-05 07:30:23.486 I/am_wtf ( 1516): [0,1516,system_server,-1,DisplayDeviceConfig,requesting nits when no mapping exists.]
01-05 07:30:23.487 I/am_wtf ( 1516): [0,1516,system_server,-1,DisplayDeviceConfig,requesting nits when no mapping exists.]
01-05 07:30:23.503 I/am_wtf ( 1516): [0,1516,system_server,-1,DisplayDeviceConfig,requesting nits when no mapping exists.]
01-05 07:30:23.503 I/am_wtf ( 1516): [0,1516,system_server,-1,DisplayDeviceConfig,requesting nits when no mapping exists.]
01-05 07:30:23.519 I/am_wtf ( 1516): [0,1516,system_server,-1,DisplayDeviceConfig,requesting nits when no mapping exists.]
01-05 07:30:23.520 I/am_wtf ( 1516): [0,1516,system_server,-1,DisplayDeviceConfig,requesting nits when no mapping exists.]
01-05 07:30:23.537 I/am_wtf ( 1516): [0,1516,system_server,-1,DisplayDeviceConfig,requesting nits when no mapping exists.]
01-05 07:30:23.537 I/am_wtf ( 1516): [0,1516,system_server,-1,DisplayDeviceConfig,requesting nits when no mapping exists.]
01-05 07:30:23.553 I/am_wtf ( 1516): [0,1516,system_server,-1,DisplayDeviceConfig,requesting nits when no mapping exists.]
01-05 07:30:23.554 I/am_wtf ( 1516): [0,1516,system_server,-1,DisplayDeviceConfig,requesting nits when no mapping exists.]
01-05 07:30:23.570 I/am_wtf ( 1516): [0,1516,system_server,-1,DisplayDeviceConfig,requesting nits when no mapping exists.]
01-05 07:30:23.570 I/am_wtf ( 1516): [0,1516,system_server,-1,DisplayDeviceConfig,requesting nits when no mapping exists.]
01-05 07:30:23.587 I/am_wtf ( 1516): [0,1516,system_server,-1,DisplayDeviceConfig,requesting nits when no mapping exists.]
01-05 07:30:23.587 I/am_wtf ( 1516): [0,1516,system_server,-1,DisplayDeviceConfig,requesting nits when no mapping exists.]
01-05 07:30:23.603 I/am_wtf ( 1516): [0,1516,system_server,-1,DisplayDeviceConfig,requesting nits when no mapping exists.]
01-05 07:30:23.604 I/am_wtf ( 1516): [0,1516,system_server,-1,DisplayDeviceConfig,requesting nits when no mapping exists.]
01-05 07:30:23.620 I/am_wtf ( 1516): [0,1516,system_server,-1,DisplayDeviceConfig,requesting nits when no mapping exists.]
01-05 07:30:23.621 I/am_wtf ( 1516): [0,1516,system_server,-1,DisplayDeviceConfig,requesting nits when no mapping exists.]
01-05 07:30:23.637 I/am_wtf ( 1516): [0,1516,system_server,-1,DisplayDeviceConfig,requesting nits when no mapping exists.]
01-05 07:30:23.637 I/service_manager_stats( 1516): [100,25,10257]
01-05 07:30:23.637 I/am_wtf ( 1516): [0,1516,system_server,-1,DisplayDeviceConfig,requesting nits when no mapping exists.]
01-05 07:30:23.654 I/am_wtf ( 1516): [0,1516,system_server,-1,DisplayDeviceConfig,requesting nits when no mapping exists.]
01-05 07:30:23.654 I/am_wtf ( 1516): [0,1516,system_server,-1,DisplayDeviceConfig,requesting nits when no mapping exists.]
01-05 07:30:23.670 I/am_wtf ( 1516): [0,1516,system_server,-1,DisplayDeviceConfig,requesting nits when no mapping exists.]
01-05 07:30:23.670 I/am_wtf ( 1516): [0,1516,system_server,-1,DisplayDeviceConfig,requesting nits when no mapping exists.]
01-05 07:30:23.687 I/am_wtf ( 1516): [0,1516,system_server,-1,DisplayDeviceConfig,requesting nits when no mapping exists.]
01-05 07:30:23.687 I/am_wtf ( 1516): [0,1516,system_server,-1,DisplayDeviceConfig,requesting nits when no mapping exists.]
01-05 07:30:23.703 I/am_wtf ( 1516): [0,1516,system_server,-1,DisplayDeviceConfig,requesting nits when no mapping exists.]
01-05 07:30:23.704 I/am_wtf ( 1516): [0,1516,system_server,-1,DisplayDeviceConfig,requesting nits when no mapping exists.]
01-05 07:30:23.720 I/am_wtf ( 1516): [0,1516,system_server,-1,DisplayDeviceConfig,requesting nits when no mapping exists.]
01-05 07:30:23.720 I/am_wtf ( 1516): [0,1516,system_server,-1,DisplayDeviceConfig,requesting nits when no mapping exists.]
01-05 07:30:23.729 I/input_interaction( 1516): Interaction with: 5881155 com.thundercomm.screensaver/android.service.dreams.DreamActivity (server), edge-swipe (server), swipe-up (server), PointerEventDispatcher0 (server),
01-05 07:30:23.730 I/wm_finish_activity( 1516): [0,109185949,54,com.thundercomm.screensaver/android.service.dreams.DreamActivity,finish-activity]
01-05 07:30:23.730 I/wm_task_moved( 1516): [1,1,5]
01-05 07:30:23.730 I/wm_task_moved( 1516): [10,1,2147483647]
01-05 07:30:23.730 I/wm_task_to_front( 1516): [0,10]
01-05 07:30:23.730 I/wm_focused_root_task( 1516): [0,0,1,54,finish-top adjustFocusToNextFocusableTask]
01-05 07:30:23.730 I/wm_set_resumed_activity( 1516): [0,com.android.launcher3/.uioverrides.QuickstepLauncher,finish-top adjustFocusToNextFocusableTask]
01-05 07:30:23.730 I/wm_pause_activity( 1516): [0,109185949,com.thundercomm.screensaver/android.service.dreams.DreamActivity,userLeaving=false,finish]
01-05 07:30:23.732 I/wm_on_top_resumed_lost_called( 5252): [109185949,android.service.dreams.DreamActivity,topStateChangedWhenResumed]
01-05 07:30:23.732 I/wm_on_paused_called( 5252): [109185949,android.service.dreams.DreamActivity,performPause]
01-05 07:30:23.732 I/wm_add_to_stopping( 1516): [0,109185949,com.thundercomm.screensaver/android.service.dreams.DreamActivity,completeFinishing]
01-05 07:30:23.733 I/wm_set_resumed_activity( 1516): [0,com.android.launcher3/.uioverrides.QuickstepLauncher,resumeTopActivityInnerLocked]
01-05 07:30:23.733 I/wm_resume_activity( 1516): [0,39192225,10,com.android.launcher3/.uioverrides.QuickstepLauncher]
01-05 07:30:23.736 I/sysui_multi_action( 1516): [757,803,799,window_time_0,802,1]
01-05 07:30:23.736 I/wm_on_restart_called( 2835): [39192225,com.android.launcher3.uioverrides.QuickstepLauncher,performRestartActivity]
01-05 07:30:23.736 I/wm_on_start_called( 2835): [39192225,com.android.launcher3.uioverrides.QuickstepLauncher,handleStartActivity]
01-05 07:30:23.736 I/wm_on_resume_called( 2835): [39192225,com.android.launcher3.uioverrides.QuickstepLauncher,RESUME_ACTIVITY]
01-05 07:30:23.736 I/wm_on_top_resumed_gained_called( 2835): [39192225,com.android.launcher3.uioverrides.QuickstepLauncher,topWhenResuming]
01-05 07:30:23.737 I/view_enqueue_input_event( 5252): [Motion - Cancel,com.thundercomm.screensaver/android.service.dreams.DreamActivity]
01-05 07:30:23.738 I/input_focus( 1516): [Focus leaving 5881155 com.thundercomm.screensaver/android.service.dreams.DreamActivity (server),reason=NO_WINDOW]
01-05 07:30:23.739 I/input_focus( 1516): [Focus request fdc0eb0 com.android.launcher3/com.android.launcher3.uioverrides.QuickstepLauncher,reason=UpdateInputWindows]
01-05 07:30:23.739 I/sysui_multi_action( 1516): [757,803,799,window_time_0,802,0]
01-05 07:30:23.739 I/am_wtf ( 1516): [0,1516,system_server,-1,DisplayDeviceConfig,requesting nits when no mapping exists.]
01-05 07:30:23.740 I/am_uid_running( 1516): 10085
01-05 07:30:23.743 I/am_wtf ( 1516): [0,1516,system_server,-1,DisplayDeviceConfig,requesting nits when no mapping exists.]
01-05 07:30:23.747 I/am_proc_start( 1516): [0,9678,10085,com.android.music,NULL,]
01-05 07:30:23.753 I/am_wtf ( 1516): [0,1516,system_server,-1,DisplayDeviceConfig,requesting nits when no mapping exists.]
01-05 07:30:23.754 I/am_wtf ( 1516): [0,1516,system_server,-1,DisplayDeviceConfig,requesting nits when no mapping exists.]
01-05 07:30:23.754 I/input_interaction( 1516): Interaction with: edge-swipe (server), swipe-up (server), PointerEventDispatcher0 (server),
01-05 07:30:23.755 I/input_focus( 1516): [Focus entering fdc0eb0 com.android.launcher3/com.android.launcher3.uioverrides.QuickstepLauncher (server),reason=setFocusedWindow]
01-05 07:30:23.761 I/am_proc_bound( 1516): [0,9678,com.android.music]
01-05 07:30:23.769 I/am_wtf ( 1516): [0,1516,system_server,-1,DisplayDeviceConfig,requesting nits when no mapping exists.]
01-05 07:30:23.770 I/am_wtf ( 1516): [0,1516,system_server,-1,DisplayDeviceConfig,requesting nits when no mapping exists.]
01-05 07:30:23.786 I/am_wtf ( 1516): [0,1516,system_server,-1,DisplayDeviceConfig,requesting nits when no mapping exists.]
01-05 07:30:23.786 I/am_wtf ( 1516): [0,1516,system_server,-1,DisplayDeviceConfig,requesting nits when no mapping exists.]
01-05 07:30:23.803 I/am_wtf ( 1516): [0,1516,system_server,-1,DisplayDeviceConfig,requesting nits when no mapping exists.]
01-05 07:30:23.804 I/am_wtf ( 1516): [0,1516,system_server,-1,DisplayDeviceConfig,requesting nits when no mapping exists.]
01-05 07:30:23.819 I/am_wtf ( 1516): [0,1516,system_server,-1,DisplayDeviceConfig,requesting nits when no mapping exists.]
01-05 07:30:23.820 I/am_wtf ( 1516): [0,1516,system_server,-1,DisplayDeviceConfig,requesting nits when no mapping exists.]
01-05 07:30:23.837 I/am_wtf ( 1516): [0,1516,system_server,-1,DisplayDeviceConfig,requesting nits when no mapping exists.]
01-05 07:30:23.837 I/am_wtf ( 1516): [0,1516,system_server,-1,DisplayDeviceConfig,requesting nits when no mapping exists.]
01-05 07:30:23.854 I/am_wtf ( 1516): [0,1516,system_server,-1,DisplayDeviceConfig,requesting nits when no mapping exists.]
01-05 07:30:23.854 I/am_wtf ( 1516): [0,1516,system_server,-1,DisplayDeviceConfig,requesting nits when no mapping exists.]
01-05 07:30:23.870 I/am_wtf ( 1516): [0,1516,system_server,-1,DisplayDeviceConfig,requesting nits when no mapping exists.]
01-05 07:30:23.870 I/am_wtf ( 1516): [0,1516,system_server,-1,DisplayDeviceConfig,requesting nits when no mapping exists.]
01-05 07:30:23.887 I/am_wtf ( 1516): [0,1516,system_server,-1,DisplayDeviceConfig,requesting nits when no mapping exists.]
01-05 07:30:23.887 I/am_wtf ( 1516): [0,1516,system_server,-1,DisplayDeviceConfig,requesting nits when no mapping exists.]
01-05 07:30:23.904 I/am_wtf ( 1516): [0,1516,system_server,-1,DisplayDeviceConfig,requesting nits when no mapping exists.]
01-05 07:30:23.904 I/am_wtf ( 1516): [0,1516,system_server,-1,DisplayDeviceConfig,requesting nits when no mapping exists.]
01-05 07:30:23.920 I/am_wtf ( 1516): [0,1516,system_server,-1,DisplayDeviceConfig,requesting nits when no mapping exists.]
01-05 07:30:23.921 I/am_wtf ( 1516): [0,1516,system_server,-1,DisplayDeviceConfig,requesting nits when no mapping exists.]
01-05 07:30:23.988 I/wm_destroy_activity( 1516): [0,109185949,54,com.thundercomm.screensaver/android.service.dreams.DreamActivity,finish-imm:idle]
01-05 07:30:24.005 I/wm_on_stop_called( 5252): [109185949,android.service.dreams.DreamActivity,LIFECYCLER_STOP_ACTIVITY]
01-05 07:30:24.005 I/wm_on_destroy_called( 5252): [109185949,android.service.dreams.DreamActivity,performDestroy]
01-05 07:30:24.006 I/sysui_multi_action( 1516): [757,222,758,2]
01-05 07:30:24.006 I/sysui_multi_action( 1516): [757,804,799,dreaming_minutes,801,0,802,1]
01-05 07:30:24.009 I/wm_task_removed( 1516): [54,removeChild:removeChild last r=ActivityRecord{6820b9d u0 com.thundercomm.screensaver/android.service.dreams.DreamActivity t-1 f}} in t=Task{82f083c #54 type=dream A=10052:android:com.thundercomm.screensaver/dream U=0 visible=false mode=fullscreen translucent=true sz=0}]
01-05 07:30:24.009 I/wm_task_removed( 1516): [54,removeChild]
01-05 07:30:33.477 I/input_interaction( 1516): Interaction with: fdc0eb0 com.android.launcher3/com.android.launcher3.uioverrides.QuickstepLauncher (server), 9702ba6 com.android.systemui.ImageWallpaper (server), edge-swipe (server), swipe-up (server), PointerEventDispatcher0 (server),
01-05 07:30:33.784 I/am_freeze( 1516): [8960,com.android.gallery3d]
01-05 07:30:33.786 I/am_kill ( 1516): [0,8960,com.android.gallery3d,900,Unable to freeze binder interface]
01-05 07:30:33.824 I/am_proc_died( 1516): [0,8960,com.android.gallery3d,900,18]
01-05 07:30:33.825 I/am_uid_stopped( 1516): 10069
01-05 07:30:33.829 I/am_uid_running( 1516): 10069
01-05 07:30:33.837 I/am_proc_start( 1516): [0,9695,10069,com.android.gallery3d,NULL,]
01-05 07:30:33.868 I/am_proc_bound( 1516): [0,9695,com.android.gallery3d]
01-05 07:30:34.246 I/input_interaction( 1516): Interaction with: 7c0e82f StatusBar (server), edge-swipe (server), swipe-up (server), PointerEventDispatcher0 (server),
01-05 07:30:34.250 I/sysui_multi_action( 2367): [757,803,799,panel_open,802,1]
01-05 07:30:34.251 I/sysui_multi_action( 2367): [757,1328,758,4,1326,60,1327,5,1329,0]
01-05 07:30:34.304 I/sysui_multi_action( 1516): [757,127,758,1]
01-05 07:30:34.304 I/sysui_multi_action( 1516): [757,804,799,note_load,801,3,802,1]
01-05 07:30:34.304 I/notification_panel_revealed( 1516): 3
01-05 07:30:34.317 I/input_focus( 1516): [Focus request 94a0fc2 NotificationShade,reason=UpdateInputWindows]
01-05 07:30:34.325 I/sysui_multi_action( 1516): [757,128,758,1,793,10704831,794,0,795,10704831,796,26,798,0,806,android,857,DEVELOPER_IMPORTANT,858,4,947,0,1395,3,1500,10704626,1688,1]
01-05 07:30:34.325 I/sysui_multi_action( 1516): [757,804,799,note_freshness,801,10704831,802,1]
01-05 07:30:34.325 I/notification_visibility( 1516): [-1|android|26|null|1000,1,10704831,10704831,0,0]
01-05 07:30:34.325 I/sysui_multi_action( 1516): [757,128,758,1,793,759632,794,0,795,73821,796,4273,798,1,806,com.android.systemui,857,screen_record,858,3,946,ranker_group,947,0,1395,3,1500,73618,1688,1,1745,680407814]
01-05 07:30:34.325 I/sysui_multi_action( 1516): [757,1501,758,1,793,759632,794,0,795,73821,796,4273,806,com.android.systemui,857,screen_record,858,3,946,ranker_group,947,0,1500,0,1688,1,1745,680407814]
01-05 07:30:34.325 I/sysui_multi_action( 1516): [757,804,799,note_interruptive,801,0,802,1]
01-05 07:30:34.325 I/sysui_multi_action( 1516): [757,804,799,note_freshness,801,73821,802,1]
01-05 07:30:34.325 I/notification_visibility( 1516): [0|com.android.systemui|4273|null|10081,1,759632,73821,0,1]
01-05 07:30:34.325 I/sysui_multi_action( 1516): [757,128,758,1,793,10773291,794,0,795,10773291,796,32,798,2,806,android,857,USB,858,1,947,0,1395,3,1500,10773139,1688,1]
01-05 07:30:34.325 I/sysui_multi_action( 1516): [757,804,799,note_freshness,801,10773291,802,1]
01-05 07:30:34.326 I/notification_visibility( 1516): [-1|android|32|null|1000,1,10773291,10773291,0,2]
01-05 07:30:34.331 I/input_focus( 1516): [Focus leaving fdc0eb0 com.android.launcher3/com.android.launcher3.uioverrides.QuickstepLauncher (server),reason=setFocusedWindow]
01-05 07:30:34.331 I/input_focus( 1516): [Focus entering 94a0fc2 NotificationShade (server),reason=setFocusedWindow]
01-05 07:30:34.363 I/sysui_multi_action( 2367): [757,111,758,1]
01-05 07:30:34.364 I/sysui_multi_action( 2367): [757,126,758,1,759,126,927,0,928,0,1593,0]
01-05 07:30:34.364 I/sysui_multi_action( 2367): [757,113,758,1,759,113,927,1,928,1,1593,0]
01-05 07:30:34.364 I/sysui_multi_action( 2367): [757,0,758,1,759,0,927,2,928,0,1593,0]
01-05 07:30:34.365 I/sysui_multi_action( 2367): [757,0,758,1,759,0,927,3,928,0,1593,0]
01-05 07:30:34.365 I/sysui_multi_action( 2367): [757,0,758,1,759,0,927,4,928,0,1593,0]
01-05 07:30:34.365 I/sysui_multi_action( 2367): [757,491,758,1,759,491,927,5,928,0,1311,-1,1593,0]
01-05 07:30:34.365 I/sysui_multi_action( 2367): [757,111,758,1]
01-05 07:30:34.366 I/sysui_multi_action( 2367): [757,126,758,1,759,126,927,0,928,0,1593,0]
01-05 07:30:34.366 I/sysui_multi_action( 2367): [757,113,758,1,759,113,927,1,928,1,1593,0]
01-05 07:30:34.366 I/sysui_multi_action( 2367): [757,0,758,1,759,0,927,2,928,0,1593,0]
01-05 07:30:34.366 I/sysui_multi_action( 2367): [757,0,758,1,759,0,927,3,928,0,1593,0]
01-05 07:30:36.343 I/auditd ( 563): type=1400 audit(0.0:1062): avc: denied { read } for comm="Binder:563_2" name="wakeup58" dev="sysfs" ino=71670 scontext=u:r:system_suspend:s0 tcontext=u:object_r:sysfs:s0 tclass=dir permissive=0
01-05 07:30:36.343 I/auditd ( 563): type=1400 audit(0.0:1063): avc: denied { read } for comm="Binder:563_2" name="wakeup48" dev="sysfs" ino=67403 scontext=u:r:system_suspend:s0 tcontext=u:object_r:sysfs:s0 tclass=dir permissive=0
01-05 07:30:36.343 I/auditd ( 563): type=1400 audit(0.0:1064): avc: denied { read } for comm="Binder:563_2" name="wakeup4" dev="sysfs" ino=47049 scontext=u:r:system_suspend:s0 tcontext=u:object_r:sysfs:s0 tclass=dir permissive=0
01-05 07:30:36.343 I/auditd ( 563): type=1400 audit(0.0:1065): avc: denied { read } for comm="Binder:563_2" name="wakeup76" dev="sysfs" ino=76605 scontext=u:r:system_suspend:s0 tcontext=u:object_r:sysfs:s0 tclass=dir permissive=0
01-05 07:30:36.343 I/auditd ( 563): type=1400 audit(0.0:1066): avc: denied { read } for comm="Binder:563_2" name="wakeup28" dev="sysfs" ino=53254 scontext=u:r:system_suspend:s0 tcontext=u:object_r:sysfs:s0 tclass=dir permissive=0
01-05 07:30:36.343 I/auditd ( 563): type=1400 audit(0.0:1067): avc: denied { read } for comm="Binder:563_2" name="wakeup56" dev="sysfs" ino=71598 scontext=u:r:system_suspend:s0 tcontext=u:object_r:sysfs:s0 tclass=dir permissive=0
01-05 07:30:36.343 I/auditd ( 563): type=1400 audit(0.0:1068): avc: denied { read } for comm="Binder:563_2" name="wakeup2" dev="sysfs" ino=46573 scontext=u:r:system_suspend:s0 tcontext=u:object_r:sysfs:s0 tclass=dir permissive=0
01-05 07:30:36.343 I/auditd ( 563): type=1400 audit(0.0:1069): avc: denied { read } for comm="Binder:563_2" name="wakeup36" dev="sysfs" ino=62479 scontext=u:r:system_suspend:s0 tcontext=u:object_r:sysfs:s0 tclass=dir permissive=0
01-05 07:30:36.347 I/auditd ( 563): type=1400 audit(0.0:1070): avc: denied { read } for comm="Binder:563_2" name="wakeup54" dev="sysfs" ino=71526 scontext=u:r:system_suspend:s0 tcontext=u:object_r:sysfs:s0 tclass=dir permissive=0
01-05 07:30:36.370 I/commit_sys_config_file( 1516): [batterystats,4]
01-05 07:30:36.371 I/commit_sys_config_file( 1516): [batterystats,1]
01-05 07:30:38.520 I/input_interaction( 1516): Interaction with: 94a0fc2 NotificationShade (server), edge-swipe (server), swipe-up (server), PointerEventDispatcher0 (server),
01-05 07:30:38.962 I/notification_enqueue( 1516): [10081,2367,com.android.systemui,2048,NULL,0,Notification(channel=updateNotification shortcut=null contentView=null vibrate=null sound=null defaults=0x0 flags=0x0 color=0x00000000 vis=PRIVATE),1]
01-05 07:30:38.964 I/sysui_multi_action( 2367): [757,111,758,2]
01-05 07:30:38.965 I/sysui_multi_action( 2367): [757,111,758,2]
01-05 07:30:39.185 I/input_focus( 1516): [Focus request fdc0eb0 com.android.launcher3/com.android.launcher3.uioverrides.QuickstepLauncher,reason=UpdateInputWindows]
01-05 07:30:39.191 I/sysui_multi_action( 1516): [757,128,758,2,793,10709698,794,4867,795,10709698,796,26,798,0,806,android,857,DEVELOPER_IMPORTANT,858,4,947,0,1395,3,1500,10709493,1688,1]
01-05 07:30:39.192 I/notification_visibility( 1516): [-1|android|26|null|1000,0,10709698,10709698,0,0]
01-05 07:30:39.192 I/sysui_multi_action( 1516): [757,128,758,2,793,764499,794,4867,795,78688,796,4273,798,1,806,com.android.systemui,857,screen_record,858,3,946,ranker_group,947,0,1395,3,1500,4867,1688,1,1745,680407814]
01-05 07:30:39.192 I/notification_visibility( 1516): [0|com.android.systemui|4273|null|10081,0,764499,78688,0,1]
01-05 07:30:39.192 I/sysui_multi_action( 1516): [757,128,758,2,793,10778158,794,4867,795,10778158,796,32,798,2,806,android,857,USB,858,1,947,0,1395,3,1500,10778006,1688,1]
01-05 07:30:39.193 I/notification_visibility( 1516): [-1|android|32|null|1000,0,10778158,10778158,0,2]
01-05 07:30:39.196 I/sysui_multi_action( 1516): [757,127,758,2]
01-05 07:30:39.196 I/notification_panel_hidden( 1516):
01-05 07:30:39.209 I/input_focus( 1516): [Focus leaving 94a0fc2 NotificationShade (server),reason=NO_WINDOW]
01-05 07:30:39.209 I/input_focus( 1516): [Focus entering fdc0eb0 com.android.launcher3/com.android.launcher3.uioverrides.QuickstepLauncher (server),reason=setFocusedWindow]
01-05 07:30:40.936 I/input_interaction( 1516): Interaction with: fdc0eb0 com.android.launcher3/com.android.launcher3.uioverrides.QuickstepLauncher (server), 9702ba6 com.android.systemui.ImageWallpaper (server), edge-swipe (server), swipe-up (server), PointerEventDispatcher0 (server),
01-05 07:30:42.626 I/wm_task_created( 1516): [55,-1]
01-05 07:30:42.628 I/wm_task_moved( 1516): [55,1,6]
01-05 07:30:42.628 I/wm_task_to_front( 1516): [0,55]
01-05 07:30:42.628 I/wm_create_task( 1516): [0,55]
01-05 07:30:42.628 I/wm_create_activity( 1516): [0,130853646,55,com.android.settings/.Settings,android.intent.action.MAIN,NULL,NULL,270532608]
01-05 07:30:42.628 I/wm_task_moved( 1516): [55,1,6]
01-05 07:30:42.631 I/wm_pause_activity( 1516): [0,39192225,com.android.launcher3/.uioverrides.QuickstepLauncher,userLeaving=true,pauseBackTasks]
01-05 07:30:42.634 I/wm_on_top_resumed_lost_called( 2835): [39192225,com.android.launcher3.uioverrides.QuickstepLauncher,topStateChangedWhenResumed]
01-05 07:30:42.635 I/wm_on_paused_called( 2835): [39192225,com.android.launcher3.uioverrides.QuickstepLauncher,performPause]
01-05 07:30:42.637 I/wm_add_to_stopping( 1516): [0,39192225,com.android.launcher3/.uioverrides.QuickstepLauncher,makeInvisible]
01-05 07:30:42.637 I/wm_restart_activity( 1516): [0,130853646,55,com.android.settings/.Settings]
01-05 07:30:42.638 I/wm_set_resumed_activity( 1516): [0,com.android.settings/.Settings,minimalResumeActivityLocked]
01-05 07:30:42.640 I/sysui_multi_action( 1516): [757,803,799,window_time_0,802,19]
01-05 07:30:42.666 I/input_focus( 1516): [Focus leaving fdc0eb0 com.android.launcher3/com.android.launcher3.uioverrides.QuickstepLauncher (server),reason=NO_WINDOW]
01-05 07:30:42.743 I/am_uid_running( 1516): 10087
01-05 07:30:42.744 I/wm_on_create_called( 9384): [130853646,com.android.settings.Settings,performCreate]
01-05 07:30:42.749 I/am_proc_start( 1516): [0,9730,10087,com.qualcomm.qti.qccauthmgr,content provider,{com.qualcomm.qti.qccauthmgr/com.qualcomm.qti.qccauthmgr.providers.SMQContentProvider}]
01-05 07:30:42.758 I/am_proc_bound( 1516): [0,9730,com.qualcomm.qti.qccauthmgr]
01-05 07:30:42.760 I/am_uid_active( 1516): 10087
01-05 07:30:42.768 I/wm_on_start_called( 9384): [130853646,com.android.settings.Settings,handleStartActivity]
01-05 07:30:42.769 I/snet_event_log( 9384): [120484087,-1,]
01-05 07:30:42.769 I/wm_on_resume_called( 9384): [130853646,com.android.settings.Settings,RESUME_ACTIVITY]
01-05 07:30:42.770 I/sysui_multi_action( 9384): [757,35,758,1,833,0,1089,24]
01-05 07:30:42.777 I/sysui_multi_action( 9384): [757,1729,758,4,854,isParalleledControllers:false,1089,31]
01-05 07:30:42.783 I/wm_on_top_resumed_gained_called( 9384): [130853646,com.android.settings.Settings,topStateChangedWhenResumed]
01-05 07:30:42.803 I/input_focus( 1516): [Focus request 8ace45d com.android.settings/com.android.settings.Settings,reason=UpdateInputWindows]
01-05 07:30:42.834 I/sysui_multi_action( 1516): [324,1,757,1090,758,12,806,com.android.settings,871,com.android.settings.Settings,1091,226]
01-05 07:30:42.841 I/sysui_multi_action( 1516): [319,48,321,46,322,226,325,10806,757,761,758,8,759,1,806,com.android.settings,871,com.android.settings.Settings,904,com.android.launcher3,905,0,1320,8,1321,5]
01-05 07:30:42.841 I/wm_activity_launch_time( 1516): [0,130853646,com.android.settings/.Settings,226]
01-05 07:30:42.849 I/input_focus( 1516): [Focus entering 8ace45d com.android.settings/com.android.settings.Settings (server),reason=Window became focusable. Previous reason: NOT_VISIBLE]
01-05 07:30:42.890 W/CarrierConfigManager( 9384): Error getting config for subId -1 ICarrierConfigLoader is null
01-05 07:30:42.907 I/sysui_multi_action( 9384): [757,746,758,1,833,0,1089,25]
01-05 07:30:42.908 D/TelephonyRegistry( 1516): listen oscl: mHasNotifySubscriptionInfoChangedOccurred==false no callback
01-05 07:30:42.910 D/TelephonyRegistry( 1516): listen oscl: mHasNotifySubscriptionInfoChangedOccurred==false no callback
01-05 07:30:42.913 I/sysui_multi_action( 9384): [757,1729,758,4,854,isParalleledControllers:false,1089,31]
01-05 07:30:43.184 I/wm_stop_activity( 1516): [0,39192225,com.android.launcher3/.uioverrides.QuickstepLauncher]
01-05 07:30:43.202 I/wm_on_stop_called( 2835): [39192225,com.android.launcher3.uioverrides.QuickstepLauncher,STOP_ACTIVITY_ITEM]
01-05 07:30:44.071 I/input_interaction( 1516): Interaction with: 8ace45d com.android.settings/com.android.settings.Settings (server), edge-swipe (server), swipe-up (server), PointerEventDispatcher0 (server),
01-05 07:30:44.207 I/sysui_multi_action( 9384): [757,830,758,4,833,0,854,top_level_connected_devices,1089,0]
01-05 07:30:44.309 I/sysui_multi_action( 9384): [757,746,758,2,1089,1402]
01-05 07:30:44.336 I/sysui_multi_action( 9384): [757,747,758,1,833,0,1089,23]
01-05 07:30:44.337 I/sysui_multi_action( 9384): [757,1729,758,4,854,isParalleledControllers:false,1089,24]
01-05 07:30:44.868 I/sysui_multi_action( 9384): [757,830,758,4,833,0,854,top_level_apps,1089,0]
01-05 07:30:44.971 I/sysui_multi_action( 9384): [757,747,758,2,1089,634]
01-05 07:30:45.049 I/sysui_multi_action( 9384): [757,65,758,1,833,0,1089,67]
01-05 07:30:45.077 I/sysui_multi_action( 9384): [757,1729,758,4,854,isParalleledControllers:false,1089,95]
01-05 07:30:45.937 I/sysui_multi_action( 9384): [757,830,758,4,833,0,854,top_level_notification,1089,0]
01-05 07:30:46.040 I/sysui_multi_action( 9384): [757,65,758,2,1089,990]
01-05 07:30:46.075 I/sysui_multi_action( 9384): [757,337,758,1,833,0,1089,28]
01-05 07:30:46.079 I/sysui_multi_action( 9384): [757,1729,758,4,854,isParalleledControllers:false,1089,32]
01-05 07:30:46.661 I/sysui_multi_action( 9384): [757,830,758,4,833,0,854,top_level_storage,1089,0]
01-05 07:30:46.778 I/sysui_multi_action( 9384): [757,337,758,2,1089,702]
01-05 07:30:46.821 I/sysui_multi_action( 9384): [757,745,758,1,833,0,1089,30]
01-05 07:30:46.822 I/sysui_multi_action( 9384): [757,1729,758,4,854,isParalleledControllers:false,1089,31]
01-05 07:30:47.264 I/sysui_multi_action( 9384): [757,830,758,4,833,0,854,top_level_apps,1089,0]
01-05 07:30:47.378 I/sysui_multi_action( 9384): [757,745,758,2,1089,557]
01-05 07:30:47.419 I/sysui_multi_action( 9384): [757,65,758,1,833,0,1089,34]
01-05 07:30:47.422 I/sysui_multi_action( 9384): [757,1729,758,4,854,isParalleledControllers:false,1089,38]
01-05 07:30:48.750 I/sysui_multi_action( 9384): [757,830,758,4,833,0,854,top_level_sound,1089,0]
01-05 07:30:48.855 I/sysui_multi_action( 9384): [757,65,758,2,1089,1436]
01-05 07:30:48.920 I/sysui_multi_action( 9384): [757,336,758,1,833,0,1089,56]
01-05 07:30:48.924 I/sysui_multi_action( 9384): [757,1729,758,4,854,isParalleledControllers:false,1089,60]
01-05 07:30:50.204 I/sysui_multi_action( 9384): [757,830,758,4,833,0,854,top_level_display,1089,0]
01-05 07:30:50.312 I/sysui_multi_action( 9384): [757,336,758,2,1089,1392]
01-05 07:30:50.360 I/sysui_multi_action( 9384): [757,46,758,1,833,0,1089,40]
01-05 07:30:50.369 I/sysui_multi_action( 9384): [757,1729,758,4,854,isParalleledControllers:false,1089,49]
01-05 07:30:51.405 I/wm_task_created( 1516): [56,-1]
01-05 07:30:51.411 I/wm_task_moved( 1516): [56,1,7]
01-05 07:30:51.411 I/wm_task_to_front( 1516): [0,56]
01-05 07:30:51.411 I/wm_create_task( 1516): [0,56]
01-05 07:30:51.411 I/wm_create_activity( 1516): [0,234932011,56,com.android.systemui/.settings.brightness.BrightnessDialog,com.android.intent.action.SHOW_BRIGHTNESS_DIALOG,NULL,NULL,276824064]
01-05 07:30:51.411 I/wm_task_moved( 1516): [56,1,7]
01-05 07:30:51.412 I/wm_pause_activity( 1516): [0,130853646,com.android.settings/.Settings,userLeaving=true,pauseBackTasks]
01-05 07:30:51.414 I/sysui_multi_action( 9384): [757,830,758,4,833,0,854,brightness,1089,0]
01-05 07:30:51.416 I/wm_on_top_resumed_lost_called( 9384): [130853646,com.android.settings.Settings,topStateChangedWhenResumed]
01-05 07:30:51.416 I/sysui_multi_action( 9384): [757,35,758,2,1089,8646]
01-05 07:30:51.416 I/sysui_multi_action( 9384): [757,46,758,2,1089,1056]
01-05 07:30:51.417 I/wm_on_paused_called( 9384): [130853646,com.android.settings.Settings,performPause]
01-05 07:30:51.418 I/wm_restart_activity( 1516): [0,234932011,56,com.android.systemui/.settings.brightness.BrightnessDialog]
01-05 07:30:51.419 I/wm_set_resumed_activity( 1516): [0,com.android.systemui/.settings.brightness.BrightnessDialog,minimalResumeActivityLocked]
01-05 07:30:51.421 I/sysui_multi_action( 1516): [757,803,799,window_time_0,802,9]
01-05 07:30:51.427 I/wm_on_create_called( 2367): [234932011,com.android.systemui.settings.brightness.BrightnessDialog,performCreate]
01-05 07:30:51.427 I/sysui_multi_action( 2367): [757,220,758,1]
01-05 07:30:51.427 I/wm_on_start_called( 2367): [234932011,com.android.systemui.settings.brightness.BrightnessDialog,handleStartActivity]
01-05 07:30:51.428 I/wm_on_resume_called( 2367): [234932011,com.android.systemui.settings.brightness.BrightnessDialog,RESUME_ACTIVITY]
01-05 07:30:51.429 I/wm_on_top_resumed_gained_called( 2367): [234932011,com.android.systemui.settings.brightness.BrightnessDialog,topStateChangedWhenResumed]
01-05 07:30:51.439 I/input_focus( 1516): [Focus request e84725d com.android.systemui/com.android.systemui.settings.brightness.BrightnessDialog,reason=UpdateInputWindows]
01-05 07:30:51.445 I/sysui_multi_action( 1516): [319,41,322,41,325,10815,757,761,758,8,759,2,806,com.android.systemui,871,com.android.systemui.settings.brightness.BrightnessDialog,904,com.android.settings,905,0,1320,8,1321,5]
01-05 07:30:51.446 I/wm_activity_launch_time( 1516): [0,234932011,com.android.systemui/.settings.brightness.BrightnessDialog,41]
01-05 07:30:51.454 I/input_focus( 1516): [Focus leaving 8ace45d com.android.settings/com.android.settings.Settings (server),reason=Waiting for window because NOT_VISIBLE]
01-05 07:30:51.461 I/am_pss ( 1516): [9678,10085,com.android.music,7033856,4763648,0,90423296,0,19,4]
01-05 07:30:51.470 I/input_focus( 1516): [Focus entering e84725d com.android.systemui/com.android.systemui.settings.brightness.BrightnessDialog (server),reason=Window became focusable. Previous reason: NOT_VISIBLE]
01-05 07:30:57.560 I/am_pss ( 1516): [9384,1000,com.android.settings,188015616,172036096,0,333967360,0,2,19]
01-05 07:30:59.696 I/input_interaction( 1516): Interaction with: e84725d com.android.systemui/com.android.systemui.settings.brightness.BrightnessDialog (server), edge-swipe (server), swipe-up (server), PointerEventDispatcher0 (server),
01-05 07:31:06.692 I/service_manager_stats( 1516): [100,44,43055]
01-05 07:31:06.789 I/wm_finish_activity( 1516): [0,234932011,56,com.android.systemui/.settings.brightness.BrightnessDialog,app-request]
01-05 07:31:06.790 I/wm_task_moved( 1516): [55,1,7]
01-05 07:31:06.790 I/wm_task_to_front( 1516): [0,55]
01-05 07:31:06.794 I/wm_focused_root_task( 1516): [0,0,55,56,finish-top adjustFocusToNextFocusableTask]
01-05 07:31:06.808 I/wm_pause_activity( 1516): [0,234932011,com.android.systemui/.settings.brightness.BrightnessDialog,userLeaving=false,finish]
01-05 07:31:06.813 I/wm_on_top_resumed_lost_called( 2367): [234932011,com.android.systemui.settings.brightness.BrightnessDialog,topStateChangedWhenResumed]
01-05 07:31:06.813 I/input_focus( 1516): [Focus request 8ace45d com.android.settings/com.android.settings.Settings,reason=UpdateInputWindows]
01-05 07:31:06.814 I/wm_on_paused_called( 2367): [234932011,com.android.systemui.settings.brightness.BrightnessDialog,performPause]
01-05 07:31:06.818 I/wm_set_resumed_activity( 1516): [0,com.android.settings/.Settings,resumeTopActivityInnerLocked]
01-05 07:31:06.820 I/wm_resume_activity( 1516): [0,130853646,55,com.android.settings/.Settings]
01-05 07:31:06.823 I/wm_on_resume_called( 9384): [130853646,com.android.settings.Settings,RESUME_ACTIVITY]
01-05 07:31:06.828 I/sysui_multi_action( 9384): [757,35,758,1,833,0,1089,0]
01-05 07:31:06.832 I/sysui_multi_action( 9384): [757,46,758,1,833,0,1089,0]
01-05 07:31:06.838 I/sysui_multi_action( 1516): [757,803,799,window_time_0,802,15]
01-05 07:31:06.841 I/wm_on_top_resumed_gained_called( 9384): [130853646,com.android.settings.Settings,topWhenResuming]
01-05 07:31:06.847 I/input_focus( 1516): [Focus leaving e84725d com.android.systemui/com.android.systemui.settings.brightness.BrightnessDialog (server),reason=NO_WINDOW]
01-05 07:31:06.847 I/input_focus( 1516): [Focus entering 8ace45d com.android.settings/com.android.settings.Settings (server),reason=setFocusedWindow]
01-05 07:31:06.892 I/wm_destroy_activity( 1516): [0,234932011,56,com.android.systemui/.settings.brightness.BrightnessDialog,finish-idle]
01-05 07:31:06.896 I/sysui_multi_action( 2367): [757,220,758,2]
01-05 07:31:06.896 I/wm_on_stop_called( 2367): [234932011,com.android.systemui.settings.brightness.BrightnessDialog,LIFECYCLER_STOP_ACTIVITY]
01-05 07:31:06.897 I/wm_on_destroy_called( 2367): [234932011,com.android.systemui.settings.brightness.BrightnessDialog,performDestroy]
01-05 07:31:06.903 I/am_pss ( 1516): [9695,10069,com.android.gallery3d,7809024,5177344,0,93122560,0,19,5]
01-05 07:31:07.091 I/wm_task_removed( 1516): [56,removeChild:removeChild last r=ActivityRecord{e00c72b u0 com.android.systemui/.settings.brightness.BrightnessDialog t-1 f}} in t=Task{2bbf3ff #56 type=standard A=10081:com.android.systemui U=0 visible=false mode=fullscreen translucent=true sz=0}]
01-05 07:31:07.091 I/wm_task_removed( 1516): [56,removeChild]
01-05 07:31:07.760 I/input_interaction( 1516): Interaction with: 8ace45d com.android.settings/com.android.settings.Settings (server), edge-swipe (server), swipe-up (server), PointerEventDispatcher0 (server),
01-05 07:31:08.863 I/auditd ( 497): type=1401 audit(0.0:1112): op=security_compute_sid invalid_context=u:r:np_thundercomm_tlog_pstore:s0 scontext=u:r:init:s0 tcontext=u:object_r:np_thundercomm_tlog_pstore_exec:s0 tclass=process
01-05 07:31:10.887 I/sysui_multi_action( 9384): [757,830,758,4,833,0,854,top_level_security,1089,0]
01-05 07:31:10.991 I/sysui_multi_action( 9384): [757,46,758,2,1089,4158]
01-05 07:31:11.048 I/sysui_multi_action( 9384): [757,87,758,1,833,0,1089,42]
01-05 07:31:11.054 I/sysui_multi_action( 9384): [757,1729,758,4,854,isParalleledControllers:false,1089,49]
01-05 07:31:11.637 I/sysui_multi_action( 9384): [757,830,758,4,833,0,854,top_level_display,1089,0]
01-05 07:31:11.754 I/sysui_multi_action( 9384): [757,87,758,2,1089,707]
01-05 07:31:11.796 I/sysui_multi_action( 9384): [757,46,758,1,833,0,1089,33]
01-05 07:31:11.801 I/sysui_multi_action( 9384): [757,1729,758,4,854,isParalleledControllers:false,1089,39]
01-05 07:31:12.995 I/am_pss ( 1516): [9384,1000,com.android.settings,193098752,175755264,0,337260544,0,2,19]
01-05 07:31:13.677 I/sysui_multi_action( 9384): [757,830,758,4,833,0,854,hot_seat_dir,1089,0]
01-05 07:31:13.694 I/sysui_multi_action( 9384): [757,46,758,2,1089,1898]
