01-05 04:45:57.855 I/am_wtf ( 1516): [0,1516,system_server,-1,DisplayDeviceConfig,requesting nits when no mapping exists.]
01-05 04:45:57.856 I/am_wtf ( 1516): [0,1516,system_server,-1,DisplayDeviceConfig,requesting nits when no mapping exists.]
01-05 04:45:57.872 I/am_wtf ( 1516): [0,1516,system_server,-1,DisplayDeviceConfig,requesting nits when no mapping exists.]
01-05 04:45:57.872 I/am_wtf ( 1516): [0,1516,system_server,-1,DisplayDeviceConfig,requesting nits when no mapping exists.]
01-05 04:45:57.888 I/am_wtf ( 1516): [0,1516,system_server,-1,DisplayDeviceConfig,requesting nits when no mapping exists.]
01-05 04:45:57.889 I/am_wtf ( 1516): [0,1516,system_server,-1,DisplayDeviceConfig,requesting nits when no mapping exists.]
01-05 04:45:57.905 I/am_wtf ( 1516): [0,1516,system_server,-1,DisplayDeviceConfig,requesting nits when no mapping exists.]
01-05 04:45:57.906 I/am_wtf ( 1516): [0,1516,system_server,-1,DisplayDeviceConfig,requesting nits when no mapping exists.]
01-05 04:45:57.922 I/am_wtf ( 1516): [0,1516,system_server,-1,DisplayDeviceConfig,requesting nits when no mapping exists.]
01-05 04:45:57.923 I/am_wtf ( 1516): [0,1516,system_server,-1,DisplayDeviceConfig,requesting nits when no mapping exists.]
01-05 04:45:57.940 I/am_wtf ( 1516): [0,1516,system_server,-1,DisplayDeviceConfig,requesting nits when no mapping exists.]
01-05 04:45:57.941 I/am_wtf ( 1516): [0,1516,system_server,-1,DisplayDeviceConfig,requesting nits when no mapping exists.]
01-05 04:45:57.956 I/am_wtf ( 1516): [0,1516,system_server,-1,DisplayDeviceConfig,requesting nits when no mapping exists.]
01-05 04:45:57.957 I/am_wtf ( 1516): [0,1516,system_server,-1,DisplayDeviceConfig,requesting nits when no mapping exists.]
01-05 04:45:57.958 I/service_manager_stats( 1516): [100,63,112990]
01-05 04:45:57.972 I/am_wtf ( 1516): [0,1516,system_server,-1,DisplayDeviceConfig,requesting nits when no mapping exists.]
01-05 04:45:57.973 I/am_wtf ( 1516): [0,1516,system_server,-1,DisplayDeviceConfig,requesting nits when no mapping exists.]
01-05 04:45:57.989 I/am_wtf ( 1516): [0,1516,system_server,-1,DisplayDeviceConfig,requesting nits when no mapping exists.]
01-05 04:45:57.990 I/am_wtf ( 1516): [0,1516,system_server,-1,DisplayDeviceConfig,requesting nits when no mapping exists.]
01-05 04:45:58.005 I/am_wtf ( 1516): [0,1516,system_server,-1,DisplayDeviceConfig,requesting nits when no mapping exists.]
01-05 04:45:58.006 I/am_wtf ( 1516): [0,1516,system_server,-1,DisplayDeviceConfig,requesting nits when no mapping exists.]
01-05 04:45:58.022 I/am_wtf ( 1516): [0,1516,system_server,-1,DisplayDeviceConfig,requesting nits when no mapping exists.]
01-05 04:45:58.023 I/am_wtf ( 1516): [0,1516,system_server,-1,DisplayDeviceConfig,requesting nits when no mapping exists.]
01-05 04:45:58.039 I/am_wtf ( 1516): [0,1516,system_server,-1,DisplayDeviceConfig,requesting nits when no mapping exists.]
01-05 04:45:58.040 I/am_wtf ( 1516): [0,1516,system_server,-1,DisplayDeviceConfig,requesting nits when no mapping exists.]
01-05 04:45:58.056 I/am_wtf ( 1516): [0,1516,system_server,-1,DisplayDeviceConfig,requesting nits when no mapping exists.]
01-05 04:45:58.056 I/am_wtf ( 1516): [0,1516,system_server,-1,DisplayDeviceConfig,requesting nits when no mapping exists.]
01-05 04:45:58.073 I/am_wtf ( 1516): [0,1516,system_server,-1,DisplayDeviceConfig,requesting nits when no mapping exists.]
01-05 04:45:58.073 I/am_wtf ( 1516): [0,1516,system_server,-1,DisplayDeviceConfig,requesting nits when no mapping exists.]
01-05 04:45:58.089 I/am_wtf ( 1516): [0,1516,system_server,-1,DisplayDeviceConfig,requesting nits when no mapping exists.]
01-05 04:45:58.090 I/am_wtf ( 1516): [0,1516,system_server,-1,DisplayDeviceConfig,requesting nits when no mapping exists.]
01-05 04:45:58.105 I/am_wtf ( 1516): [0,1516,system_server,-1,DisplayDeviceConfig,requesting nits when no mapping exists.]
01-05 04:45:58.106 I/am_wtf ( 1516): [0,1516,system_server,-1,DisplayDeviceConfig,requesting nits when no mapping exists.]
01-05 04:45:58.123 I/am_wtf ( 1516): [0,1516,system_server,-1,DisplayDeviceConfig,requesting nits when no mapping exists.]
01-05 04:45:58.124 I/am_wtf ( 1516): [0,1516,system_server,-1,DisplayDeviceConfig,requesting nits when no mapping exists.]
01-05 04:45:58.139 I/am_wtf ( 1516): [0,1516,system_server,-1,DisplayDeviceConfig,requesting nits when no mapping exists.]
01-05 04:45:58.140 I/am_wtf ( 1516): [0,1516,system_server,-1,DisplayDeviceConfig,requesting nits when no mapping exists.]
01-05 04:45:58.156 I/am_wtf ( 1516): [0,1516,system_server,-1,DisplayDeviceConfig,requesting nits when no mapping exists.]
01-05 04:45:58.157 I/am_wtf ( 1516): [0,1516,system_server,-1,DisplayDeviceConfig,requesting nits when no mapping exists.]
01-05 04:45:58.173 I/am_wtf ( 1516): [0,1516,system_server,-1,DisplayDeviceConfig,requesting nits when no mapping exists.]
01-05 04:45:58.174 I/am_wtf ( 1516): [0,1516,system_server,-1,DisplayDeviceConfig,requesting nits when no mapping exists.]
01-05 04:45:58.189 I/am_wtf ( 1516): [0,1516,system_server,-1,DisplayDeviceConfig,requesting nits when no mapping exists.]
01-05 04:45:58.190 I/am_wtf ( 1516): [0,1516,system_server,-1,DisplayDeviceConfig,requesting nits when no mapping exists.]
01-05 04:45:58.206 I/am_wtf ( 1516): [0,1516,system_server,-1,DisplayDeviceConfig,requesting nits when no mapping exists.]
01-05 04:45:58.207 I/am_wtf ( 1516): [0,1516,system_server,-1,DisplayDeviceConfig,requesting nits when no mapping exists.]
01-05 04:45:58.223 I/am_wtf ( 1516): [0,1516,system_server,-1,DisplayDeviceConfig,requesting nits when no mapping exists.]
01-05 04:45:58.223 I/am_wtf ( 1516): [0,1516,system_server,-1,DisplayDeviceConfig,requesting nits when no mapping exists.]
01-05 04:45:58.240 I/am_wtf ( 1516): [0,1516,system_server,-1,DisplayDeviceConfig,requesting nits when no mapping exists.]
01-05 04:45:58.241 I/am_wtf ( 1516): [0,1516,system_server,-1,DisplayDeviceConfig,requesting nits when no mapping exists.]
01-05 04:45:58.256 I/am_wtf ( 1516): [0,1516,system_server,-1,DisplayDeviceConfig,requesting nits when no mapping exists.]
01-05 04:45:58.257 I/am_wtf ( 1516): [0,1516,system_server,-1,DisplayDeviceConfig,requesting nits when no mapping exists.]
01-05 04:45:58.273 I/am_wtf ( 1516): [0,1516,system_server,-1,DisplayDeviceConfig,requesting nits when no mapping exists.]
01-05 04:45:58.273 I/am_wtf ( 1516): [0,1516,system_server,-1,DisplayDeviceConfig,requesting nits when no mapping exists.]
01-05 04:45:58.289 I/am_wtf ( 1516): [0,1516,system_server,-1,DisplayDeviceConfig,requesting nits when no mapping exists.]
01-05 04:45:58.290 I/am_wtf ( 1516): [0,1516,system_server,-1,DisplayDeviceConfig,requesting nits when no mapping exists.]
01-05 04:45:58.307 I/am_wtf ( 1516): [0,1516,system_server,-1,DisplayDeviceConfig,requesting nits when no mapping exists.]
01-05 04:45:58.308 I/am_wtf ( 1516): [0,1516,system_server,-1,DisplayDeviceConfig,requesting nits when no mapping exists.]
01-05 04:45:58.323 I/am_wtf ( 1516): [0,1516,system_server,-1,DisplayDeviceConfig,requesting nits when no mapping exists.]
01-05 04:45:58.324 I/am_wtf ( 1516): [0,1516,system_server,-1,DisplayDeviceConfig,requesting nits when no mapping exists.]
01-05 04:45:58.340 I/am_wtf ( 1516): [0,1516,system_server,-1,DisplayDeviceConfig,requesting nits when no mapping exists.]
01-05 04:45:58.341 I/am_wtf ( 1516): [0,1516,system_server,-1,DisplayDeviceConfig,requesting nits when no mapping exists.]
01-05 04:45:58.356 I/am_wtf ( 1516): [0,1516,system_server,-1,DisplayDeviceConfig,requesting nits when no mapping exists.]
01-05 04:45:58.357 I/am_wtf ( 1516): [0,1516,system_server,-1,DisplayDeviceConfig,requesting nits when no mapping exists.]
01-05 04:45:58.373 I/am_wtf ( 1516): [0,1516,system_server,-1,DisplayDeviceConfig,requesting nits when no mapping exists.]
01-05 04:45:58.374 I/am_wtf ( 1516): [0,1516,system_server,-1,DisplayDeviceConfig,requesting nits when no mapping exists.]
01-05 04:45:58.390 I/am_wtf ( 1516): [0,1516,system_server,-1,DisplayDeviceConfig,requesting nits when no mapping exists.]
01-05 04:45:58.391 I/am_wtf ( 1516): [0,1516,system_server,-1,DisplayDeviceConfig,requesting nits when no mapping exists.]
01-05 04:45:58.406 I/am_wtf ( 1516): [0,1516,system_server,-1,DisplayDeviceConfig,requesting nits when no mapping exists.]
01-05 04:45:58.407 I/am_wtf ( 1516): [0,1516,system_server,-1,DisplayDeviceConfig,requesting nits when no mapping exists.]
01-05 04:45:58.423 I/am_wtf ( 1516): [0,1516,system_server,-1,DisplayDeviceConfig,requesting nits when no mapping exists.]
01-05 04:45:58.424 I/am_wtf ( 1516): [0,1516,system_server,-1,DisplayDeviceConfig,requesting nits when no mapping exists.]
01-05 04:45:58.440 I/am_wtf ( 1516): [0,1516,system_server,-1,DisplayDeviceConfig,requesting nits when no mapping exists.]
01-05 04:45:58.440 I/am_wtf ( 1516): [0,1516,system_server,-1,DisplayDeviceConfig,requesting nits when no mapping exists.]
01-05 04:45:58.456 I/am_wtf ( 1516): [0,1516,system_server,-1,DisplayDeviceConfig,requesting nits when no mapping exists.]
01-05 04:45:58.457 I/am_wtf ( 1516): [0,1516,system_server,-1,DisplayDeviceConfig,requesting nits when no mapping exists.]
01-05 04:45:58.473 I/am_wtf ( 1516): [0,1516,system_server,-1,DisplayDeviceConfig,requesting nits when no mapping exists.]
01-05 04:45:58.474 I/am_wtf ( 1516): [0,1516,system_server,-1,DisplayDeviceConfig,requesting nits when no mapping exists.]
01-05 04:45:58.490 I/am_wtf ( 1516): [0,1516,system_server,-1,DisplayDeviceConfig,requesting nits when no mapping exists.]
01-05 04:45:58.491 I/am_wtf ( 1516): [0,1516,system_server,-1,DisplayDeviceConfig,requesting nits when no mapping exists.]
01-05 04:45:58.507 I/am_wtf ( 1516): [0,1516,system_server,-1,DisplayDeviceConfig,requesting nits when no mapping exists.]
01-05 04:45:58.508 I/am_wtf ( 1516): [0,1516,system_server,-1,DisplayDeviceConfig,requesting nits when no mapping exists.]
01-05 04:45:58.524 I/am_wtf ( 1516): [0,1516,system_server,-1,DisplayDeviceConfig,requesting nits when no mapping exists.]
01-05 04:45:58.525 I/am_wtf ( 1516): [0,1516,system_server,-1,DisplayDeviceConfig,requesting nits when no mapping exists.]
01-05 04:45:58.540 I/am_wtf ( 1516): [0,1516,system_server,-1,DisplayDeviceConfig,requesting nits when no mapping exists.]
01-05 04:45:58.541 I/am_wtf ( 1516): [0,1516,system_server,-1,DisplayDeviceConfig,requesting nits when no mapping exists.]
01-05 04:45:58.557 I/am_wtf ( 1516): [0,1516,system_server,-1,DisplayDeviceConfig,requesting nits when no mapping exists.]
01-05 04:45:58.558 I/am_wtf ( 1516): [0,1516,system_server,-1,DisplayDeviceConfig,requesting nits when no mapping exists.]
01-05 04:45:58.573 I/am_wtf ( 1516): [0,1516,system_server,-1,DisplayDeviceConfig,requesting nits when no mapping exists.]
01-05 04:45:58.574 I/am_wtf ( 1516): [0,1516,system_server,-1,DisplayDeviceConfig,requesting nits when no mapping exists.]
01-05 04:45:58.590 I/am_wtf ( 1516): [0,1516,system_server,-1,DisplayDeviceConfig,requesting nits when no mapping exists.]
01-05 04:45:58.591 I/am_wtf ( 1516): [0,1516,system_server,-1,DisplayDeviceConfig,requesting nits when no mapping exists.]
01-05 04:45:58.607 I/am_wtf ( 1516): [0,1516,system_server,-1,DisplayDeviceConfig,requesting nits when no mapping exists.]
01-05 04:45:58.608 I/am_wtf ( 1516): [0,1516,system_server,-1,DisplayDeviceConfig,requesting nits when no mapping exists.]
01-05 04:45:58.623 I/am_wtf ( 1516): [0,1516,system_server,-1,DisplayDeviceConfig,requesting nits when no mapping exists.]
01-05 04:45:58.624 I/am_wtf ( 1516): [0,1516,system_server,-1,DisplayDeviceConfig,requesting nits when no mapping exists.]
01-05 04:45:58.640 I/am_wtf ( 1516): [0,1516,system_server,-1,DisplayDeviceConfig,requesting nits when no mapping exists.]
01-05 04:45:58.641 I/am_wtf ( 1516): [0,1516,system_server,-1,DisplayDeviceConfig,requesting nits when no mapping exists.]
01-05 04:45:58.657 I/am_wtf ( 1516): [0,1516,system_server,-1,DisplayDeviceConfig,requesting nits when no mapping exists.]
01-05 04:45:58.657 I/am_wtf ( 1516): [0,1516,system_server,-1,DisplayDeviceConfig,requesting nits when no mapping exists.]
01-05 04:45:58.674 I/am_wtf ( 1516): [0,1516,system_server,-1,DisplayDeviceConfig,requesting nits when no mapping exists.]
01-05 04:45:58.675 I/am_wtf ( 1516): [0,1516,system_server,-1,DisplayDeviceConfig,requesting nits when no mapping exists.]
01-05 04:45:58.690 I/am_wtf ( 1516): [0,1516,system_server,-1,DisplayDeviceConfig,requesting nits when no mapping exists.]
01-05 04:45:58.691 I/am_wtf ( 1516): [0,1516,system_server,-1,DisplayDeviceConfig,requesting nits when no mapping exists.]
01-05 04:45:58.707 I/am_wtf ( 1516): [0,1516,system_server,-1,DisplayDeviceConfig,requesting nits when no mapping exists.]
01-05 04:45:58.708 I/am_wtf ( 1516): [0,1516,system_server,-1,DisplayDeviceConfig,requesting nits when no mapping exists.]
01-05 04:45:58.724 I/am_wtf ( 1516): [0,1516,system_server,-1,DisplayDeviceConfig,requesting nits when no mapping exists.]
01-05 04:45:58.725 I/am_wtf ( 1516): [0,1516,system_server,-1,DisplayDeviceConfig,requesting nits when no mapping exists.]
01-05 04:45:58.741 I/am_wtf ( 1516): [0,1516,system_server,-1,DisplayDeviceConfig,requesting nits when no mapping exists.]
01-05 04:45:58.742 I/am_wtf ( 1516): [0,1516,system_server,-1,DisplayDeviceConfig,requesting nits when no mapping exists.]
01-05 04:45:58.757 I/am_wtf ( 1516): [0,1516,system_server,-1,DisplayDeviceConfig,requesting nits when no mapping exists.]
01-05 04:45:58.758 I/am_wtf ( 1516): [0,1516,system_server,-1,DisplayDeviceConfig,requesting nits when no mapping exists.]
01-05 04:46:04.758 I/sysui_multi_action( 1516): [757,222,758,1]
01-05 04:46:04.760 I/am_uid_active( 1516): 10052
01-05 04:46:04.770 I/wm_task_created( 1516): [21,-1]
01-05 04:46:04.774 I/wm_task_moved( 1516): [21,1,7]
01-05 04:46:04.774 I/wm_task_to_front( 1516): [0,21]
01-05 04:46:04.774 I/wm_create_task( 1516): [0,21]
01-05 04:46:04.774 I/wm_create_activity( 1516): [0,167076697,21,com.thundercomm.screensaver/android.service.dreams.DreamActivity,NULL,NULL,NULL,276824064]
01-05 04:46:04.774 I/wm_task_moved( 1516): [21,1,7]
01-05 04:46:04.774 I/wm_on_top_resumed_lost_called( 2835): [39192225,com.android.launcher3.uioverrides.QuickstepLauncher,topStateChangedWhenResumed]
01-05 04:46:04.775 I/wm_pause_activity( 1516): [0,39192225,com.android.launcher3/.uioverrides.QuickstepLauncher,userLeaving=true,pauseBackTasks]
01-05 04:46:04.777 I/wm_on_paused_called( 2835): [39192225,com.android.launcher3.uioverrides.QuickstepLauncher,performPause]
01-05 04:46:04.778 I/wm_add_to_stopping( 1516): [0,39192225,com.android.launcher3/.uioverrides.QuickstepLauncher,makeInvisible]
01-05 04:46:04.778 I/wm_restart_activity( 1516): [0,167076697,21,com.thundercomm.screensaver/android.service.dreams.DreamActivity]
01-05 04:46:04.779 I/wm_set_resumed_activity( 1516): [0,com.thundercomm.screensaver/android.service.dreams.DreamActivity,minimalResumeActivityLocked]
01-05 04:46:04.782 I/sysui_multi_action( 1516): [757,803,799,window_time_0,802,84]
01-05 04:46:04.783 I/wm_on_create_called( 5252): [167076697,android.service.dreams.DreamActivity,performCreate]
01-05 04:46:04.783 I/wm_on_start_called( 5252): [167076697,android.service.dreams.DreamActivity,handleStartActivity]
01-05 04:46:04.784 I/wm_on_resume_called( 5252): [167076697,android.service.dreams.DreamActivity,RESUME_ACTIVITY]
01-05 04:46:04.786 I/wm_on_top_resumed_gained_called( 5252): [167076697,android.service.dreams.DreamActivity,topStateChangedWhenResumed]
01-05 04:46:04.791 I/am_uid_active( 1516): 10066
01-05 04:46:04.802 I/input_focus( 1516): [Focus request e0fdc15 com.thundercomm.screensaver/android.service.dreams.DreamActivity,reason=UpdateInputWindows]
01-05 04:46:04.806 I/input_focus( 1516): [Focus leaving fdc0eb0 com.android.launcher3/com.android.launcher3.uioverrides.QuickstepLauncher (server),reason=NO_WINDOW]
01-05 04:46:04.810 I/sysui_multi_action( 1516): [319,41,322,40,325,928,757,761,758,8,759,2,806,com.thundercomm.screensaver,871,android.service.dreams.DreamActivity,904,com.thundercomm.screensaver,905,0,1320,4,1321,2]
01-05 04:46:04.811 I/wm_activity_launch_time( 1516): [0,167076697,com.thundercomm.screensaver/android.service.dreams.DreamActivity,40]
01-05 04:46:04.812 I/sysui_multi_action( 1516): [757,1696,758,6,759,3]
01-05 04:46:04.821 I/am_wtf ( 1516): [0,1516,system_server,-1,DisplayDeviceConfig,requesting nits when no mapping exists.]
01-05 04:46:04.821 I/am_wtf ( 1516): [0,1516,system_server,-1,DisplayDeviceConfig,requesting nits when no mapping exists.]
01-05 04:46:04.822 I/input_focus( 1516): [Focus entering e0fdc15 com.thundercomm.screensaver/android.service.dreams.DreamActivity (server),reason=setFocusedWindow]
01-05 04:46:04.838 I/am_wtf ( 1516): [0,1516,system_server,-1,DisplayDeviceConfig,requesting nits when no mapping exists.]
01-05 04:46:04.838 I/am_wtf ( 1516): [0,1516,system_server,-1,DisplayDeviceConfig,requesting nits when no mapping exists.]
01-05 04:46:04.838 I/service_manager_stats( 1516): [100,44,6880]
01-05 04:46:04.854 I/am_wtf ( 1516): [0,1516,system_server,-1,DisplayDeviceConfig,requesting nits when no mapping exists.]
01-05 04:46:04.854 I/am_wtf ( 1516): [0,1516,system_server,-1,DisplayDeviceConfig,requesting nits when no mapping exists.]
01-05 04:46:04.871 I/am_wtf ( 1516): [0,1516,system_server,-1,DisplayDeviceConfig,requesting nits when no mapping exists.]
01-05 04:46:04.871 I/am_wtf ( 1516): [0,1516,system_server,-1,DisplayDeviceConfig,requesting nits when no mapping exists.]
01-05 04:46:04.888 I/am_wtf ( 1516): [0,1516,system_server,-1,DisplayDeviceConfig,requesting nits when no mapping exists.]
01-05 04:46:04.888 I/am_wtf ( 1516): [0,1516,system_server,-1,DisplayDeviceConfig,requesting nits when no mapping exists.]
01-05 04:46:04.905 I/am_wtf ( 1516): [0,1516,system_server,-1,DisplayDeviceConfig,requesting nits when no mapping exists.]
01-05 04:46:04.905 I/am_wtf ( 1516): [0,1516,system_server,-1,DisplayDeviceConfig,requesting nits when no mapping exists.]
01-05 04:46:04.921 I/am_wtf ( 1516): [0,1516,system_server,-1,DisplayDeviceConfig,requesting nits when no mapping exists.]
01-05 04:46:04.921 I/am_wtf ( 1516): [0,1516,system_server,-1,DisplayDeviceConfig,requesting nits when no mapping exists.]
01-05 04:46:04.938 I/am_wtf ( 1516): [0,1516,system_server,-1,DisplayDeviceConfig,requesting nits when no mapping exists.]
01-05 04:46:04.938 I/am_wtf ( 1516): [0,1516,system_server,-1,DisplayDeviceConfig,requesting nits when no mapping exists.]
01-05 04:46:04.954 I/am_wtf ( 1516): [0,1516,system_server,-1,DisplayDeviceConfig,requesting nits when no mapping exists.]
01-05 04:46:04.954 I/am_wtf ( 1516): [0,1516,system_server,-1,DisplayDeviceConfig,requesting nits when no mapping exists.]
01-05 04:46:04.971 I/am_wtf ( 1516): [0,1516,system_server,-1,DisplayDeviceConfig,requesting nits when no mapping exists.]
01-05 04:46:04.972 I/am_wtf ( 1516): [0,1516,system_server,-1,DisplayDeviceConfig,requesting nits when no mapping exists.]
01-05 04:46:04.988 I/am_wtf ( 1516): [0,1516,system_server,-1,DisplayDeviceConfig,requesting nits when no mapping exists.]
01-05 04:46:04.988 I/am_wtf ( 1516): [0,1516,system_server,-1,DisplayDeviceConfig,requesting nits when no mapping exists.]
01-05 04:46:05.005 I/am_wtf ( 1516): [0,1516,system_server,-1,DisplayDeviceConfig,requesting nits when no mapping exists.]
01-05 04:46:05.005 I/am_wtf ( 1516): [0,1516,system_server,-1,DisplayDeviceConfig,requesting nits when no mapping exists.]
01-05 04:46:05.022 I/am_wtf ( 1516): [0,1516,system_server,-1,DisplayDeviceConfig,requesting nits when no mapping exists.]
01-05 04:46:05.022 I/am_wtf ( 1516): [0,1516,system_server,-1,DisplayDeviceConfig,requesting nits when no mapping exists.]
01-05 04:46:05.039 I/am_wtf ( 1516): [0,1516,system_server,-1,DisplayDeviceConfig,requesting nits when no mapping exists.]
01-05 04:46:05.039 I/am_wtf ( 1516): [0,1516,system_server,-1,DisplayDeviceConfig,requesting nits when no mapping exists.]
01-05 04:46:05.055 I/am_wtf ( 1516): [0,1516,system_server,-1,DisplayDeviceConfig,requesting nits when no mapping exists.]
01-05 04:46:05.055 I/am_wtf ( 1516): [0,1516,system_server,-1,DisplayDeviceConfig,requesting nits when no mapping exists.]
01-05 04:46:05.072 I/am_wtf ( 1516): [0,1516,system_server,-1,DisplayDeviceConfig,requesting nits when no mapping exists.]
01-05 04:46:05.072 I/am_wtf ( 1516): [0,1516,system_server,-1,DisplayDeviceConfig,requesting nits when no mapping exists.]
01-05 04:46:05.088 I/am_wtf ( 1516): [0,1516,system_server,-1,DisplayDeviceConfig,requesting nits when no mapping exists.]
01-05 04:46:05.089 I/am_wtf ( 1516): [0,1516,system_server,-1,DisplayDeviceConfig,requesting nits when no mapping exists.]
01-05 04:46:05.106 I/am_wtf ( 1516): [0,1516,system_server,-1,DisplayDeviceConfig,requesting nits when no mapping exists.]
01-05 04:46:05.106 I/am_wtf ( 1516): [0,1516,system_server,-1,DisplayDeviceConfig,requesting nits when no mapping exists.]
01-05 04:46:05.106 I/wm_stop_activity( 1516): [0,39192225,com.android.launcher3/.uioverrides.QuickstepLauncher]
01-05 04:46:05.121 I/am_wtf ( 1516): [0,1516,system_server,-1,DisplayDeviceConfig,requesting nits when no mapping exists.]
01-05 04:46:05.122 I/am_wtf ( 1516): [0,1516,system_server,-1,DisplayDeviceConfig,requesting nits when no mapping exists.]
01-05 04:46:05.129 I/wm_on_stop_called( 2835): [39192225,com.android.launcher3.uioverrides.QuickstepLauncher,STOP_ACTIVITY_ITEM]
01-05 04:46:05.139 I/am_wtf ( 1516): [0,1516,system_server,-1,DisplayDeviceConfig,requesting nits when no mapping exists.]
01-05 04:46:05.139 I/am_wtf ( 1516): [0,1516,system_server,-1,DisplayDeviceConfig,requesting nits when no mapping exists.]
01-05 04:46:05.155 I/am_wtf ( 1516): [0,1516,system_server,-1,DisplayDeviceConfig,requesting nits when no mapping exists.]
01-05 04:46:05.155 I/am_wtf ( 1516): [0,1516,system_server,-1,DisplayDeviceConfig,requesting nits when no mapping exists.]
01-05 04:46:05.172 I/am_wtf ( 1516): [0,1516,system_server,-1,DisplayDeviceConfig,requesting nits when no mapping exists.]
01-05 04:46:05.173 I/am_wtf ( 1516): [0,1516,system_server,-1,DisplayDeviceConfig,requesting nits when no mapping exists.]
01-05 04:46:05.188 I/am_wtf ( 1516): [0,1516,system_server,-1,DisplayDeviceConfig,requesting nits when no mapping exists.]
01-05 04:46:05.188 I/am_wtf ( 1516): [0,1516,system_server,-1,DisplayDeviceConfig,requesting nits when no mapping exists.]
01-05 04:46:05.206 I/am_wtf ( 1516): [0,1516,system_server,-1,DisplayDeviceConfig,requesting nits when no mapping exists.]
01-05 04:46:05.206 I/am_wtf ( 1516): [0,1516,system_server,-1,DisplayDeviceConfig,requesting nits when no mapping exists.]
01-05 04:46:05.222 I/am_wtf ( 1516): [0,1516,system_server,-1,DisplayDeviceConfig,requesting nits when no mapping exists.]
01-05 04:46:05.222 I/am_wtf ( 1516): [0,1516,system_server,-1,DisplayDeviceConfig,requesting nits when no mapping exists.]
01-05 04:46:05.239 I/am_wtf ( 1516): [0,1516,system_server,-1,DisplayDeviceConfig,requesting nits when no mapping exists.]
01-05 04:46:05.239 I/am_wtf ( 1516): [0,1516,system_server,-1,DisplayDeviceConfig,requesting nits when no mapping exists.]
01-05 04:46:05.255 I/am_wtf ( 1516): [0,1516,system_server,-1,DisplayDeviceConfig,requesting nits when no mapping exists.]
01-05 04:46:05.255 I/am_wtf ( 1516): [0,1516,system_server,-1,DisplayDeviceConfig,requesting nits when no mapping exists.]
01-05 04:46:05.272 I/am_wtf ( 1516): [0,1516,system_server,-1,DisplayDeviceConfig,requesting nits when no mapping exists.]
01-05 04:46:05.272 I/am_wtf ( 1516): [0,1516,system_server,-1,DisplayDeviceConfig,requesting nits when no mapping exists.]
01-05 04:46:05.289 I/am_wtf ( 1516): [0,1516,system_server,-1,DisplayDeviceConfig,requesting nits when no mapping exists.]
01-05 04:46:05.289 I/am_wtf ( 1516): [0,1516,system_server,-1,DisplayDeviceConfig,requesting nits when no mapping exists.]
01-05 04:46:05.306 I/am_wtf ( 1516): [0,1516,system_server,-1,DisplayDeviceConfig,requesting nits when no mapping exists.]
01-05 04:46:05.306 I/am_wtf ( 1516): [0,1516,system_server,-1,DisplayDeviceConfig,requesting nits when no mapping exists.]
01-05 04:46:05.322 I/am_wtf ( 1516): [0,1516,system_server,-1,DisplayDeviceConfig,requesting nits when no mapping exists.]
01-05 04:46:05.322 I/am_wtf ( 1516): [0,1516,system_server,-1,DisplayDeviceConfig,requesting nits when no mapping exists.]
01-05 04:46:05.339 I/am_wtf ( 1516): [0,1516,system_server,-1,DisplayDeviceConfig,requesting nits when no mapping exists.]
01-05 04:46:05.339 I/am_wtf ( 1516): [0,1516,system_server,-1,DisplayDeviceConfig,requesting nits when no mapping exists.]
01-05 04:46:05.356 I/am_wtf ( 1516): [0,1516,system_server,-1,DisplayDeviceConfig,requesting nits when no mapping exists.]
01-05 04:46:05.356 I/am_wtf ( 1516): [0,1516,system_server,-1,DisplayDeviceConfig,requesting nits when no mapping exists.]
01-05 04:46:05.373 I/am_wtf ( 1516): [0,1516,system_server,-1,DisplayDeviceConfig,requesting nits when no mapping exists.]
01-05 04:46:05.373 I/am_wtf ( 1516): [0,1516,system_server,-1,DisplayDeviceConfig,requesting nits when no mapping exists.]
01-05 04:46:05.390 I/am_wtf ( 1516): [0,1516,system_server,-1,DisplayDeviceConfig,requesting nits when no mapping exists.]
01-05 04:46:05.390 I/am_wtf ( 1516): [0,1516,system_server,-1,DisplayDeviceConfig,requesting nits when no mapping exists.]
01-05 04:46:05.406 I/am_wtf ( 1516): [0,1516,system_server,-1,DisplayDeviceConfig,requesting nits when no mapping exists.]
01-05 04:46:05.406 I/am_wtf ( 1516): [0,1516,system_server,-1,DisplayDeviceConfig,requesting nits when no mapping exists.]
01-05 04:46:05.423 I/am_wtf ( 1516): [0,1516,system_server,-1,DisplayDeviceConfig,requesting nits when no mapping exists.]
01-05 04:46:05.423 I/am_wtf ( 1516): [0,1516,system_server,-1,DisplayDeviceConfig,requesting nits when no mapping exists.]
01-05 04:46:05.440 I/am_wtf ( 1516): [0,1516,system_server,-1,DisplayDeviceConfig,requesting nits when no mapping exists.]
01-05 04:46:05.440 I/am_wtf ( 1516): [0,1516,system_server,-1,DisplayDeviceConfig,requesting nits when no mapping exists.]
01-05 04:46:05.456 I/am_wtf ( 1516): [0,1516,system_server,-1,DisplayDeviceConfig,requesting nits when no mapping exists.]
01-05 04:46:05.457 I/am_wtf ( 1516): [0,1516,system_server,-1,DisplayDeviceConfig,requesting nits when no mapping exists.]
01-05 04:46:05.473 I/am_wtf ( 1516): [0,1516,system_server,-1,DisplayDeviceConfig,requesting nits when no mapping exists.]
01-05 04:46:05.473 I/am_wtf ( 1516): [0,1516,system_server,-1,DisplayDeviceConfig,requesting nits when no mapping exists.]
01-05 04:46:05.489 I/am_wtf ( 1516): [0,1516,system_server,-1,DisplayDeviceConfig,requesting nits when no mapping exists.]
01-05 04:46:05.489 I/am_wtf ( 1516): [0,1516,system_server,-1,DisplayDeviceConfig,requesting nits when no mapping exists.]
01-05 04:46:05.506 I/am_wtf ( 1516): [0,1516,system_server,-1,DisplayDeviceConfig,requesting nits when no mapping exists.]
01-05 04:46:05.506 I/am_wtf ( 1516): [0,1516,system_server,-1,DisplayDeviceConfig,requesting nits when no mapping exists.]
01-05 04:46:05.523 I/am_wtf ( 1516): [0,1516,system_server,-1,DisplayDeviceConfig,requesting nits when no mapping exists.]
01-05 04:46:05.523 I/am_wtf ( 1516): [0,1516,system_server,-1,DisplayDeviceConfig,requesting nits when no mapping exists.]
01-05 04:46:05.540 I/am_wtf ( 1516): [0,1516,system_server,-1,DisplayDeviceConfig,requesting nits when no mapping exists.]
01-05 04:46:05.540 I/am_wtf ( 1516): [0,1516,system_server,-1,DisplayDeviceConfig,requesting nits when no mapping exists.]
01-05 04:46:05.556 I/am_wtf ( 1516): [0,1516,system_server,-1,DisplayDeviceConfig,requesting nits when no mapping exists.]
01-05 04:46:05.556 I/am_wtf ( 1516): [0,1516,system_server,-1,DisplayDeviceConfig,requesting nits when no mapping exists.]
01-05 04:46:05.573 I/am_wtf ( 1516): [0,1516,system_server,-1,DisplayDeviceConfig,requesting nits when no mapping exists.]
01-05 04:46:05.573 I/am_wtf ( 1516): [0,1516,system_server,-1,DisplayDeviceConfig,requesting nits when no mapping exists.]
01-05 04:46:05.589 I/am_wtf ( 1516): [0,1516,system_server,-1,DisplayDeviceConfig,requesting nits when no mapping exists.]
01-05 04:46:05.590 I/am_wtf ( 1516): [0,1516,system_server,-1,DisplayDeviceConfig,requesting nits when no mapping exists.]
01-05 04:46:05.606 I/am_wtf ( 1516): [0,1516,system_server,-1,DisplayDeviceConfig,requesting nits when no mapping exists.]
01-05 04:46:05.606 I/am_wtf ( 1516): [0,1516,system_server,-1,DisplayDeviceConfig,requesting nits when no mapping exists.]
01-05 04:46:05.623 I/am_wtf ( 1516): [0,1516,system_server,-1,DisplayDeviceConfig,requesting nits when no mapping exists.]
01-05 04:46:05.623 I/am_wtf ( 1516): [0,1516,system_server,-1,DisplayDeviceConfig,requesting nits when no mapping exists.]
01-05 04:46:05.640 I/am_wtf ( 1516): [0,1516,system_server,-1,DisplayDeviceConfig,requesting nits when no mapping exists.]
01-05 04:46:05.640 I/am_wtf ( 1516): [0,1516,system_server,-1,DisplayDeviceConfig,requesting nits when no mapping exists.]
01-05 04:46:05.656 I/am_wtf ( 1516): [0,1516,system_server,-1,DisplayDeviceConfig,requesting nits when no mapping exists.]
01-05 04:46:05.656 I/am_wtf ( 1516): [0,1516,system_server,-1,DisplayDeviceConfig,requesting nits when no mapping exists.]
01-05 04:46:05.673 I/am_wtf ( 1516): [0,1516,system_server,-1,DisplayDeviceConfig,requesting nits when no mapping exists.]
01-05 04:46:05.673 I/am_wtf ( 1516): [0,1516,system_server,-1,DisplayDeviceConfig,requesting nits when no mapping exists.]
01-05 04:46:05.690 I/am_wtf ( 1516): [0,1516,system_server,-1,DisplayDeviceConfig,requesting nits when no mapping exists.]
01-05 04:46:05.690 I/am_wtf ( 1516): [0,1516,system_server,-1,DisplayDeviceConfig,requesting nits when no mapping exists.]
01-05 04:46:05.706 I/am_wtf ( 1516): [0,1516,system_server,-1,DisplayDeviceConfig,requesting nits when no mapping exists.]
01-05 04:46:05.706 I/am_wtf ( 1516): [0,1516,system_server,-1,DisplayDeviceConfig,requesting nits when no mapping exists.]
01-05 04:46:05.723 I/am_wtf ( 1516): [0,1516,system_server,-1,DisplayDeviceConfig,requesting nits when no mapping exists.]
01-05 04:46:05.723 I/am_wtf ( 1516): [0,1516,system_server,-1,DisplayDeviceConfig,requesting nits when no mapping exists.]
01-05 04:46:05.740 I/am_wtf ( 1516): [0,1516,system_server,-1,DisplayDeviceConfig,requesting nits when no mapping exists.]
01-05 04:46:05.740 I/am_wtf ( 1516): [0,1516,system_server,-1,DisplayDeviceConfig,requesting nits when no mapping exists.]
01-05 04:46:05.756 I/am_wtf ( 1516): [0,1516,system_server,-1,DisplayDeviceConfig,requesting nits when no mapping exists.]
01-05 04:46:05.757 I/am_wtf ( 1516): [0,1516,system_server,-1,DisplayDeviceConfig,requesting nits when no mapping exists.]
01-05 04:46:05.773 I/am_wtf ( 1516): [0,1516,system_server,-1,DisplayDeviceConfig,requesting nits when no mapping exists.]
01-05 04:46:05.773 I/am_wtf ( 1516): [0,1516,system_server,-1,DisplayDeviceConfig,requesting nits when no mapping exists.]
01-05 04:46:07.239 I/input_interaction( 1516): Interaction with: e0fdc15 com.thundercomm.screensaver/android.service.dreams.DreamActivity (server), edge-swipe (server), swipe-up (server), PointerEventDispatcher0 (server),
01-05 04:46:07.241 I/wm_finish_activity( 1516): [0,167076697,21,com.thundercomm.screensaver/android.service.dreams.DreamActivity,finish-activity]
01-05 04:46:07.242 I/wm_task_moved( 1516): [1,1,6]
01-05 04:46:07.242 I/wm_task_moved( 1516): [10,1,2147483647]
01-05 04:46:07.242 I/wm_task_to_front( 1516): [0,10]
01-05 04:46:07.243 I/wm_focused_root_task( 1516): [0,0,1,21,finish-top adjustFocusToNextFocusableTask]
01-05 04:46:07.243 I/wm_set_resumed_activity( 1516): [0,com.android.launcher3/.uioverrides.QuickstepLauncher,finish-top adjustFocusToNextFocusableTask]
01-05 04:46:07.244 I/wm_pause_activity( 1516): [0,167076697,com.thundercomm.screensaver/android.service.dreams.DreamActivity,userLeaving=false,finish]
01-05 04:46:07.252 I/sysui_multi_action( 1516): [757,803,799,window_time_0,802,3]
01-05 04:46:07.253 I/wm_on_top_resumed_lost_called( 5252): [167076697,android.service.dreams.DreamActivity,topStateChangedWhenResumed]
01-05 04:46:07.254 I/wm_on_paused_called( 5252): [167076697,android.service.dreams.DreamActivity,performPause]
01-05 04:46:07.254 I/wm_add_to_stopping( 1516): [0,167076697,com.thundercomm.screensaver/android.service.dreams.DreamActivity,completeFinishing]
01-05 04:46:07.257 I/wm_set_resumed_activity( 1516): [0,com.android.launcher3/.uioverrides.QuickstepLauncher,resumeTopActivityInnerLocked]
01-05 04:46:07.258 I/wm_resume_activity( 1516): [0,39192225,10,com.android.launcher3/.uioverrides.QuickstepLauncher]
01-05 04:46:07.268 I/wm_on_restart_called( 2835): [39192225,com.android.launcher3.uioverrides.QuickstepLauncher,performRestartActivity]
01-05 04:46:07.268 I/wm_on_start_called( 2835): [39192225,com.android.launcher3.uioverrides.QuickstepLauncher,handleStartActivity]
01-05 04:46:07.269 I/wm_on_resume_called( 2835): [39192225,com.android.launcher3.uioverrides.QuickstepLauncher,RESUME_ACTIVITY]
01-05 04:46:07.269 I/wm_on_top_resumed_gained_called( 2835): [39192225,com.android.launcher3.uioverrides.QuickstepLauncher,topWhenResuming]
01-05 04:46:07.269 I/sysui_multi_action( 1516): [757,803,799,window_time_0,802,0]
01-05 04:46:07.283 I/input_focus( 1516): [Focus leaving e0fdc15 com.thundercomm.screensaver/android.service.dreams.DreamActivity (server),reason=NO_WINDOW]
01-05 04:46:07.283 I/input_focus( 1516): [Focus request fdc0eb0 com.android.launcher3/com.android.launcher3.uioverrides.QuickstepLauncher,reason=UpdateInputWindows]
01-05 04:46:07.283 I/view_enqueue_input_event( 5252): [Motion - Cancel,com.thundercomm.screensaver/android.service.dreams.DreamActivity]
01-05 04:46:07.296 I/input_focus( 1516): [Focus entering fdc0eb0 com.android.launcher3/com.android.launcher3.uioverrides.QuickstepLauncher (server),reason=setFocusedWindow]
01-05 04:46:07.533 I/wm_destroy_activity( 1516): [0,167076697,21,com.thundercomm.screensaver/android.service.dreams.DreamActivity,finish-imm:idle]
01-05 04:46:07.552 I/wm_on_stop_called( 5252): [167076697,android.service.dreams.DreamActivity,LIFECYCLER_STOP_ACTIVITY]
01-05 04:46:07.553 I/wm_on_destroy_called( 5252): [167076697,android.service.dreams.DreamActivity,performDestroy]
01-05 04:46:07.555 I/sysui_multi_action( 1516): [757,222,758,2]
01-05 04:46:07.556 I/sysui_multi_action( 1516): [757,804,799,dreaming_minutes,801,0,802,1]
01-05 04:46:07.562 I/wm_task_removed( 1516): [21,removeChild:removeChild last r=ActivityRecord{9f56359 u0 com.thundercomm.screensaver/android.service.dreams.DreamActivity t-1 f}} in t=Task{ca6d2da #21 type=dream A=10052:android:com.thundercomm.screensaver/dream U=0 visible=false mode=fullscreen translucent=true sz=0}]
01-05 04:46:07.562 I/wm_task_removed( 1516): [21,removeChild]
01-05 04:46:07.885 I/input_interaction( 1516): Interaction with: 7c0e82f StatusBar (server), edge-swipe (server), swipe-up (server), PointerEventDispatcher0 (server),
01-05 04:46:07.890 I/sysui_multi_action( 2367): [757,803,799,panel_open,802,1]
01-05 04:46:07.892 I/sysui_multi_action( 2367): [757,1328,758,4,1326,45,1327,0,1329,0]
01-05 04:46:07.952 I/sysui_multi_action( 1516): [757,127,758,1]
01-05 04:46:07.952 I/sysui_multi_action( 1516): [757,804,799,note_load,801,2,802,1]
01-05 04:46:07.952 I/notification_panel_revealed( 1516): 2
01-05 04:46:07.967 I/input_focus( 1516): [Focus request 94a0fc2 NotificationShade,reason=UpdateInputWindows]
01-05 04:46:07.976 I/sysui_multi_action( 1516): [757,128,758,1,793,838483,794,0,795,838483,796,26,798,0,806,android,857,DEVELOPER_IMPORTANT,858,4,947,0,1395,2,1500,838278,1688,1]
01-05 04:46:07.976 I/sysui_multi_action( 1516): [757,804,799,note_freshness,801,838483,802,1]
01-05 04:46:07.976 I/notification_visibility( 1516): [-1|android|26|null|1000,1,838483,838483,0,0]
01-05 04:46:07.977 I/sysui_multi_action( 1516): [757,128,758,1,793,906943,794,0,795,906943,796,32,798,1,806,android,857,USB,858,1,947,0,1395,2,1500,906791,1688,1]
01-05 04:46:07.977 I/sysui_multi_action( 1516): [757,804,799,note_freshness,801,906943,802,1]
01-05 04:46:07.977 I/notification_visibility( 1516): [-1|android|32|null|1000,1,906943,906943,0,1]
01-05 04:46:07.983 I/input_focus( 1516): [Focus leaving fdc0eb0 com.android.launcher3/com.android.launcher3.uioverrides.QuickstepLauncher (server),reason=setFocusedWindow]
01-05 04:46:07.983 I/input_focus( 1516): [Focus entering 94a0fc2 NotificationShade (server),reason=setFocusedWindow]
01-05 04:46:07.996 I/sysui_multi_action( 2367): [757,111,758,1]
01-05 04:46:07.996 I/sysui_multi_action( 2367): [757,126,758,1,759,126,927,0,928,0,1593,0]
01-05 04:46:07.996 I/sysui_multi_action( 2367): [757,113,758,1,759,113,927,1,928,1,1593,0]
01-05 04:46:07.996 I/sysui_multi_action( 2367): [757,0,758,1,759,0,927,2,928,0,1593,0]
01-05 04:46:07.996 I/sysui_multi_action( 2367): [757,0,758,1,759,0,927,3,928,0,1593,0]
01-05 04:46:07.997 I/sysui_multi_action( 2367): [757,491,758,1,759,491,927,4,928,0,1311,-1,1593,0]
01-05 04:46:07.997 I/sysui_multi_action( 2367): [757,0,758,1,759,0,927,5,928,0,1593,0]
01-05 04:46:07.997 I/sysui_multi_action( 2367): [757,111,758,1]
01-05 04:46:07.997 I/sysui_multi_action( 2367): [757,126,758,1,759,126,927,0,928,0,1593,0]
01-05 04:46:07.997 I/sysui_multi_action( 2367): [757,113,758,1,759,113,927,1,928,1,1593,0]
01-05 04:46:07.997 I/sysui_multi_action( 2367): [757,0,758,1,759,0,927,2,928,0,1593,0]
01-05 04:46:07.997 I/sysui_multi_action( 2367): [757,0,758,1,759,0,927,3,928,0,1593,0]
01-05 04:46:18.554 I/am_freeze( 1516): [5629,com.android.gallery3d]
01-05 04:46:18.556 I/am_kill ( 1516): [0,5629,com.android.gallery3d,945,Unable to freeze binder interface]
01-05 04:46:18.588 I/am_proc_died( 1516): [0,5629,com.android.gallery3d,945,19]
01-05 04:46:18.588 I/am_uid_stopped( 1516): 10069
01-05 04:46:18.593 I/am_uid_running( 1516): 10069
01-05 04:46:18.608 I/am_proc_start( 1516): [0,6324,10069,com.android.gallery3d,NULL,]
01-05 04:46:18.641 I/am_proc_bound( 1516): [0,6324,com.android.gallery3d]
01-05 04:46:18.642 I/service_manager_stats( 1516): [119,22,13804]
01-05 04:46:21.003 I/input_interaction( 1516): Interaction with: 94a0fc2 NotificationShade (server), edge-swipe (server), swipe-up (server), PointerEventDispatcher0 (server),
01-05 04:46:21.420 I/notification_enqueue( 1516): [10081,2367,com.android.systemui,2048,NULL,0,Notification(channel=updateNotification shortcut=null contentView=null vibrate=null sound=null defaults=0x0 flags=0x0 color=0x00000000 vis=PRIVATE),1]
01-05 04:46:21.423 I/sysui_multi_action( 2367): [757,111,758,2]
01-05 04:46:21.424 I/sysui_multi_action( 2367): [757,111,758,2]
01-05 04:46:21.637 I/input_focus( 1516): [Focus request fdc0eb0 com.android.launcher3/com.android.launcher3.uioverrides.QuickstepLauncher,reason=UpdateInputWindows]
01-05 04:46:21.644 I/sysui_multi_action( 1516): [757,128,758,2,793,852151,794,13668,795,852151,796,26,798,0,806,android,857,DEVELOPER_IMPORTANT,858,4,947,0,1395,2,1500,851946,1688,1]
01-05 04:46:21.644 I/notification_visibility( 1516): [-1|android|26|null|1000,0,852151,852151,0,0]
01-05 04:46:21.645 I/sysui_multi_action( 1516): [757,128,758,2,793,920610,794,13667,795,920610,796,32,798,1,806,android,857,USB,858,1,947,0,1395,2,1500,920458,1688,1]
01-05 04:46:21.645 I/notification_visibility( 1516): [-1|android|32|null|1000,0,920610,920610,0,1]
01-05 04:46:21.646 I/sysui_multi_action( 1516): [757,127,758,2]
01-05 04:46:21.646 I/notification_panel_hidden( 1516):
01-05 04:46:21.663 I/input_focus( 1516): [Focus leaving 94a0fc2 NotificationShade (server),reason=NO_WINDOW]
01-05 04:46:21.663 I/input_focus( 1516): [Focus entering fdc0eb0 com.android.launcher3/com.android.launcher3.uioverrides.QuickstepLauncher (server),reason=setFocusedWindow]
01-05 04:46:23.004 I/input_interaction( 1516): Interaction with: 7c0e82f StatusBar (server), edge-swipe (server), swipe-up (server), PointerEventDispatcher0 (server),
01-05 04:46:23.008 I/sysui_multi_action( 2367): [757,803,799,panel_open,802,1]
01-05 04:46:23.009 I/sysui_multi_action( 2367): [757,1328,758,4,1326,47,1327,1,1329,0]
01-05 04:46:23.053 I/sysui_multi_action( 1516): [757,127,758,1]
01-05 04:46:23.053 I/sysui_multi_action( 1516): [757,804,799,note_load,801,2,802,1]
01-05 04:46:23.053 I/notification_panel_revealed( 1516): 2
01-05 04:46:23.064 I/input_focus( 1516): [Focus request 94a0fc2 NotificationShade,reason=UpdateInputWindows]
01-05 04:46:23.075 I/sysui_multi_action( 1516): [757,128,758,1,793,853582,794,0,795,853582,796,26,798,0,806,android,857,DEVELOPER_IMPORTANT,858,4,947,0,1395,2,1500,853377,1688,1]
01-05 04:46:23.075 I/sysui_multi_action( 1516): [757,804,799,note_freshness,801,853582,802,1]
01-05 04:46:23.076 I/notification_visibility( 1516): [-1|android|26|null|1000,1,853582,853582,0,0]
01-05 04:46:23.076 I/sysui_multi_action( 1516): [757,128,758,1,793,922042,794,0,795,922042,796,32,798,1,806,android,857,USB,858,1,947,0,1395,2,1500,921890,1688,1]
01-05 04:46:23.076 I/sysui_multi_action( 1516): [757,804,799,note_freshness,801,922042,802,1]
01-05 04:46:23.076 I/notification_visibility( 1516): [-1|android|32|null|1000,1,922042,922042,0,1]
01-05 04:46:23.085 I/input_focus( 1516): [Focus leaving fdc0eb0 com.android.launcher3/com.android.launcher3.uioverrides.QuickstepLauncher (server),reason=setFocusedWindow]
01-05 04:46:23.085 I/input_focus( 1516): [Focus entering 94a0fc2 NotificationShade (server),reason=setFocusedWindow]
01-05 04:46:23.101 I/sysui_multi_action( 2367): [757,111,758,1]
01-05 04:46:23.101 I/sysui_multi_action( 2367): [757,126,758,1,759,126,927,0,928,0,1593,0]
01-05 04:46:23.101 I/sysui_multi_action( 2367): [757,113,758,1,759,113,927,1,928,1,1593,0]
01-05 04:46:23.101 I/sysui_multi_action( 2367): [757,0,758,1,759,0,927,2,928,0,1593,0]
01-05 04:46:23.101 I/sysui_multi_action( 2367): [757,0,758,1,759,0,927,3,928,0,1593,0]
01-05 04:46:23.102 I/sysui_multi_action( 2367): [757,491,758,1,759,491,927,4,928,0,1311,-1,1593,0]
01-05 04:46:23.102 I/sysui_multi_action( 2367): [757,0,758,1,759,0,927,5,928,0,1593,0]
01-05 04:46:23.102 I/sysui_multi_action( 2367): [757,111,758,1]
01-05 04:46:23.102 I/sysui_multi_action( 2367): [757,126,758,1,759,126,927,0,928,0,1593,0]
01-05 04:46:23.102 I/sysui_multi_action( 2367): [757,113,758,1,759,113,927,1,928,1,1593,0]
01-05 04:46:23.102 I/sysui_multi_action( 2367): [757,0,758,1,759,0,927,2,928,0,1593,0]
01-05 04:46:23.103 I/sysui_multi_action( 2367): [757,0,758,1,759,0,927,3,928,0,1593,0]
01-05 04:46:23.964 I/input_interaction( 1516): Interaction with: 94a0fc2 NotificationShade (server), edge-swipe (server), swipe-up (server), PointerEventDispatcher0 (server),
01-05 04:46:24.394 I/sysui_multi_action( 2367): [757,111,758,2]
01-05 04:46:24.395 I/sysui_multi_action( 2367): [757,111,758,2]
01-05 04:46:24.397 I/notification_enqueue( 1516): [10081,2367,com.android.systemui,2048,NULL,0,Notification(channel=updateNotification shortcut=null contentView=null vibrate=null sound=null defaults=0x0 flags=0x0 color=0x00000000 vis=PRIVATE),1]
01-05 04:46:24.611 I/input_focus( 1516): [Focus request fdc0eb0 com.android.launcher3/com.android.launcher3.uioverrides.QuickstepLauncher,reason=UpdateInputWindows]
01-05 04:46:24.621 I/sysui_multi_action( 1516): [757,128,758,2,793,855128,794,1546,795,855128,796,26,798,0,806,android,857,DEVELOPER_IMPORTANT,858,4,947,0,1395,2,1500,854923,1688,1]
01-05 04:46:24.621 I/notification_visibility( 1516): [-1|android|26|null|1000,0,855128,855128,0,0]
01-05 04:46:24.622 I/sysui_multi_action( 1516): [757,128,758,2,793,923588,794,1546,795,923588,796,32,798,1,806,android,857,USB,858,1,947,0,1395,2,1500,923436,1688,1]
01-05 04:46:24.622 I/notification_visibility( 1516): [-1|android|32|null|1000,0,923588,923588,0,1]
01-05 04:46:24.623 I/sysui_multi_action( 1516): [757,127,758,2]
01-05 04:46:24.623 I/notification_panel_hidden( 1516):
01-05 04:46:24.638 I/input_focus( 1516): [Focus leaving 94a0fc2 NotificationShade (server),reason=NOT_FOCUSABLE]
01-05 04:46:24.638 I/input_focus( 1516): [Focus entering fdc0eb0 com.android.launcher3/com.android.launcher3.uioverrides.QuickstepLauncher (server),reason=setFocusedWindow]
01-05 04:46:25.036 I/input_interaction( 1516): Interaction with: 7c0e82f StatusBar (server), edge-swipe (server), swipe-up (server), PointerEventDispatcher0 (server),
01-05 04:46:25.039 I/sysui_multi_action( 2367): [757,803,799,panel_open,802,1]
01-05 04:46:25.040 I/sysui_multi_action( 2367): [757,1328,758,4,1326,61,1327,3,1329,0]
01-05 04:46:25.076 I/sysui_multi_action( 1516): [757,127,758,1]
01-05 04:46:25.076 I/sysui_multi_action( 1516): [757,804,799,note_load,801,2,802,1]
01-05 04:46:25.076 I/notification_panel_revealed( 1516): 2
01-05 04:46:25.093 I/input_focus( 1516): [Focus request 94a0fc2 NotificationShade,reason=UpdateInputWindows]
01-05 04:46:25.118 I/sysui_multi_action( 1516): [757,128,758,1,793,855625,794,0,795,855625,796,26,798,0,806,android,857,DEVELOPER_IMPORTANT,858,4,947,0,1395,2,1500,855420,1688,1]
01-05 04:46:25.118 I/sysui_multi_action( 1516): [757,804,799,note_freshness,801,855625,802,1]
01-05 04:46:25.118 I/notification_visibility( 1516): [-1|android|26|null|1000,1,855625,855625,0,0]
01-05 04:46:25.119 I/sysui_multi_action( 1516): [757,128,758,1,793,924085,794,0,795,924085,796,32,798,1,806,android,857,USB,858,1,947,0,1395,2,1500,923933,1688,1]
01-05 04:46:25.119 I/sysui_multi_action( 1516): [757,804,799,note_freshness,801,924085,802,1]
01-05 04:46:25.119 I/notification_visibility( 1516): [-1|android|32|null|1000,1,924085,924085,0,1]
01-05 04:46:25.120 I/sysui_multi_action( 2367): [757,111,758,1]
01-05 04:46:25.120 I/sysui_multi_action( 2367): [757,126,758,1,759,126,927,0,928,0,1593,0]
01-05 04:46:25.120 I/sysui_multi_action( 2367): [757,113,758,1,759,113,927,1,928,1,1593,0]
01-05 04:46:25.121 I/sysui_multi_action( 2367): [757,0,758,1,759,0,927,2,928,0,1593,0]
01-05 04:46:25.121 I/sysui_multi_action( 2367): [757,0,758,1,759,0,927,3,928,0,1593,0]
01-05 04:46:25.121 I/sysui_multi_action( 2367): [757,491,758,1,759,491,927,4,928,0,1311,-1,1593,0]
01-05 04:46:25.121 I/sysui_multi_action( 2367): [757,0,758,1,759,0,927,5,928,0,1593,0]
01-05 04:46:25.121 I/sysui_multi_action( 2367): [757,111,758,1]
01-05 04:46:25.121 I/sysui_multi_action( 2367): [757,126,758,1,759,126,927,0,928,0,1593,0]
01-05 04:46:25.122 I/sysui_multi_action( 2367): [757,113,758,1,759,113,927,1,928,1,1593,0]
01-05 04:46:25.122 I/sysui_multi_action( 2367): [757,0,758,1,759,0,927,2,928,0,1593,0]
01-05 04:46:25.122 I/sysui_multi_action( 2367): [757,0,758,1,759,0,927,3,928,0,1593,0]
01-05 04:46:25.122 I/input_focus( 1516): [Focus leaving fdc0eb0 com.android.launcher3/com.android.launcher3.uioverrides.QuickstepLauncher (server),reason=setFocusedWindow]
01-05 04:46:25.122 I/input_focus( 1516): [Focus entering 94a0fc2 NotificationShade (server),reason=setFocusedWindow]
01-05 04:46:25.934 I/input_interaction( 1516): Interaction with: 94a0fc2 NotificationShade (server), edge-swipe (server), swipe-up (server), PointerEventDispatcher0 (server),
01-05 04:46:26.363 I/notification_enqueue( 1516): [10081,2367,com.android.systemui,2048,NULL,0,Notification(channel=updateNotification shortcut=null contentView=null vibrate=null sound=null defaults=0x0 flags=0x0 color=0x00000000 vis=PRIVATE),1]
01-05 04:46:26.364 I/sysui_multi_action( 2367): [757,111,758,2]
01-05 04:46:26.365 I/sysui_multi_action( 2367): [757,111,758,2]
01-05 04:46:26.586 I/input_focus( 1516): [Focus request fdc0eb0 com.android.launcher3/com.android.launcher3.uioverrides.QuickstepLauncher,reason=UpdateInputWindows]
01-05 04:46:26.596 I/sysui_multi_action( 1516): [757,128,758,2,793,857103,794,1478,795,857103,796,26,798,0,806,android,857,DEVELOPER_IMPORTANT,858,4,947,0,1395,2,1500,856898,1688,1]
01-05 04:46:26.596 I/notification_visibility( 1516): [-1|android|26|null|1000,0,857103,857103,0,0]
01-05 04:46:26.597 I/sysui_multi_action( 1516): [757,128,758,2,793,925563,794,1478,795,925563,796,32,798,1,806,android,857,USB,858,1,947,0,1395,2,1500,925411,1688,1]
01-05 04:46:26.597 I/notification_visibility( 1516): [-1|android|32|null|1000,0,925563,925563,0,1]
01-05 04:46:26.598 I/sysui_multi_action( 1516): [757,127,758,2]
01-05 04:46:26.598 I/notification_panel_hidden( 1516):
01-05 04:46:26.608 I/input_focus( 1516): [Focus leaving 94a0fc2 NotificationShade (server),reason=NOT_FOCUSABLE]
01-05 04:46:26.609 I/input_focus( 1516): [Focus entering fdc0eb0 com.android.launcher3/com.android.launcher3.uioverrides.QuickstepLauncher (server),reason=setFocusedWindow]
01-05 04:46:27.055 I/input_interaction( 1516): Interaction with: 7c0e82f StatusBar (server), edge-swipe (server), swipe-up (server), PointerEventDispatcher0 (server),
01-05 04:46:27.059 I/sysui_multi_action( 2367): [757,803,799,panel_open,802,1]
01-05 04:46:27.060 I/sysui_multi_action( 2367): [757,1328,758,4,1326,59,1327,3,1329,0]
01-05 04:46:27.098 I/sysui_multi_action( 1516): [757,127,758,1]
01-05 04:46:27.098 I/sysui_multi_action( 1516): [757,804,799,note_load,801,2,802,1]
01-05 04:46:27.099 I/notification_panel_revealed( 1516): 2
01-05 04:46:27.112 I/input_focus( 1516): [Focus request 94a0fc2 NotificationShade,reason=UpdateInputWindows]
01-05 04:46:27.119 I/sysui_multi_action( 1516): [757,128,758,1,793,857626,794,0,795,857626,796,26,798,0,806,android,857,DEVELOPER_IMPORTANT,858,4,947,0,1395,2,1500,857421,1688,1]
01-05 04:46:27.119 I/sysui_multi_action( 1516): [757,804,799,note_freshness,801,857626,802,1]
01-05 04:46:27.119 I/notification_visibility( 1516): [-1|android|26|null|1000,1,857626,857626,0,0]
01-05 04:46:27.119 I/sysui_multi_action( 1516): [757,128,758,1,793,926085,794,0,795,926085,796,32,798,1,806,android,857,USB,858,1,947,0,1395,2,1500,925933,1688,1]
01-05 04:46:27.119 I/sysui_multi_action( 1516): [757,804,799,note_freshness,801,926085,802,1]
01-05 04:46:27.119 I/notification_visibility( 1516): [-1|android|32|null|1000,1,926085,926085,0,1]
