01-11 07:08:41.144 1504 1616 I am_pss : [17483,10089,com.android.music,21916672,17342464,0,138465280,0,4,9]
01-11 07:08:41.145 1504 2558 I wm_task_created: [150,-1]
01-11 07:08:41.151 1504 2558 I wm_task_moved: [150,1,9]
01-11 07:08:41.151 1504 2558 I wm_task_to_front: [0,150]
01-11 07:08:41.151 1504 2558 I wm_create_task: [0,150]
01-11 07:08:41.151 1504 2558 I wm_create_activity: [0,76806873,150,com.thundercomm.screensaver/android.service.dreams.DreamActivity,NULL,NULL,NULL,276824064]
01-11 07:08:41.151 1504 2558 I wm_task_moved: [150,1,9]
01-11 07:08:41.151 17169 17169 I wm_on_top_resumed_lost_called: [243829620,com.android.gallery3d.filtershow.FilterShowActivity,topStateChangedWhenResumed]
01-11 07:08:41.152 1504 2558 I wm_pause_activity: [0,243829620,com.android.gallery3d/.filtershow.FilterShowActivity,userLeaving=true,pauseBackTasks]
01-11 07:08:41.153 1504 1616 I am_pss : [17701,1000,android:ui,14197760,6221824,0,134221824,0,19,7]
01-11 07:08:41.154 17169 17169 I wm_on_paused_called: [243829620,com.android.gallery3d.filtershow.FilterShowActivity,performPause]
01-11 07:08:41.155 1504 2558 I wm_add_to_stopping: [0,243829620,com.android.gallery3d/.filtershow.FilterShowActivity,makeInvisible]
01-11 07:08:41.155 1504 2558 I wm_restart_activity: [0,76806873,150,com.thundercomm.screensaver/android.service.dreams.DreamActivity]
01-11 07:08:41.157 1504 2558 I wm_set_resumed_activity: [0,com.thundercomm.screensaver/android.service.dreams.DreamActivity,minimalResumeActivityLocked]
01-11 07:08:41.160 1504 1609 I sysui_multi_action: [757,803,799,window_time_0,802,67]
01-11 07:08:41.162 15063 15063 I wm_on_create_called: [76806873,android.service.dreams.DreamActivity,performCreate]
01-11 07:08:41.162 15063 15063 I wm_on_start_called: [76806873,android.service.dreams.DreamActivity,handleStartActivity]
01-11 07:08:41.163 15063 15063 I wm_on_resume_called: [76806873,android.service.dreams.DreamActivity,RESUME_ACTIVITY]
01-11 07:08:41.165 15063 15063 I wm_on_top_resumed_gained_called: [76806873,android.service.dreams.DreamActivity,topStateChangedWhenResumed]
01-11 07:08:41.170 1504 1504 I am_uid_active: 10063
01-11 07:08:41.175 1504 1610 I input_focus: [Focus request 92c11 com.thundercomm.screensaver/android.service.dreams.DreamActivity,reason=UpdateInputWindows]
01-11 07:08:41.189 1504 1606 I sysui_multi_action: [319,47,322,42,325,11332,757,761,758,8,759,2,806,com.thundercomm.screensaver,871,android.service.dreams.DreamActivity,904,com.thundercomm.screensaver,905,0,1320,8,1321,5]
01-11 07:08:41.190 1504 1606 I wm_activity_launch_time: [0,76806873,com.thundercomm.screensaver/android.service.dreams.DreamActivity,42]
01-11 07:08:41.190 1504 1633 I sysui_multi_action: [757,1696,758,6,759,3]
01-11 07:08:41.191 1504 1699 I input_focus: [Focus leaving dc4f5b1 PopupWindow:3e0752e (server),reason=NO_WINDOW]
01-11 07:08:41.204 1504 1617 I am_wtf : [0,1504,system_server,-1,DisplayDeviceConfig,requesting nits when no mapping exists.]
01-11 07:08:41.205 1504 1617 I am_wtf : [0,1504,system_server,-1,DisplayDeviceConfig,requesting nits when no mapping exists.]
01-11 07:08:41.222 1504 1617 I am_wtf : [0,1504,system_server,-1,DisplayDeviceConfig,requesting nits when no mapping exists.]
01-11 07:08:41.222 1504 1699 I input_focus: [Focus entering 92c11 com.thundercomm.screensaver/android.service.dreams.DreamActivity (server),reason=Window became focusable. Previous reason: NOT_VISIBLE]
01-11 07:08:41.222 1504 1617 I am_wtf : [0,1504,system_server,-1,DisplayDeviceConfig,requesting nits when no mapping exists.]
01-11 07:08:41.238 1504 1617 I am_wtf : [0,1504,system_server,-1,DisplayDeviceConfig,requesting nits when no mapping exists.]
01-11 07:08:41.238 1504 1617 I am_wtf : [0,1504,system_server,-1,DisplayDeviceConfig,requesting nits when no mapping exists.]
01-11 07:08:41.255 1504 1617 I am_wtf : [0,1504,system_server,-1,DisplayDeviceConfig,requesting nits when no mapping exists.]
01-11 07:08:41.255 1504 1617 I am_wtf : [0,1504,system_server,-1,DisplayDeviceConfig,requesting nits when no mapping exists.]
01-11 07:08:41.271 1504 1617 I am_wtf : [0,1504,system_server,-1,DisplayDeviceConfig,requesting nits when no mapping exists.]
01-11 07:08:41.272 1504 1617 I am_wtf : [0,1504,system_server,-1,DisplayDeviceConfig,requesting nits when no mapping exists.]
01-11 07:08:41.288 1504 1617 I am_wtf : [0,1504,system_server,-1,DisplayDeviceConfig,requesting nits when no mapping exists.]
01-11 07:08:41.288 1504 1617 I am_wtf : [0,1504,system_server,-1,DisplayDeviceConfig,requesting nits when no mapping exists.]
01-11 07:08:41.305 1504 1617 I am_wtf : [0,1504,system_server,-1,DisplayDeviceConfig,requesting nits when no mapping exists.]
01-11 07:08:41.306 1504 1617 I am_wtf : [0,1504,system_server,-1,DisplayDeviceConfig,requesting nits when no mapping exists.]
01-11 07:08:41.322 1504 1617 I am_wtf : [0,1504,system_server,-1,DisplayDeviceConfig,requesting nits when no mapping exists.]
01-11 07:08:41.322 1504 1617 I am_wtf : [0,1504,system_server,-1,DisplayDeviceConfig,requesting nits when no mapping exists.]
01-11 07:08:41.338 1504 1617 I am_wtf : [0,1504,system_server,-1,DisplayDeviceConfig,requesting nits when no mapping exists.]
01-11 07:08:41.339 1504 1617 I am_wtf : [0,1504,system_server,-1,DisplayDeviceConfig,requesting nits when no mapping exists.]
01-11 07:08:41.356 1504 1617 I am_wtf : [0,1504,system_server,-1,DisplayDeviceConfig,requesting nits when no mapping exists.]
01-11 07:08:41.356 1504 1617 I am_wtf : [0,1504,system_server,-1,DisplayDeviceConfig,requesting nits when no mapping exists.]
01-11 07:08:41.372 1504 1617 I am_wtf : [0,1504,system_server,-1,DisplayDeviceConfig,requesting nits when no mapping exists.]
01-11 07:08:41.372 1504 1617 I am_wtf : [0,1504,system_server,-1,DisplayDeviceConfig,requesting nits when no mapping exists.]
01-11 07:08:41.388 1504 1617 I am_wtf : [0,1504,system_server,-1,DisplayDeviceConfig,requesting nits when no mapping exists.]
01-11 07:08:41.389 1504 1617 I am_wtf : [0,1504,system_server,-1,DisplayDeviceConfig,requesting nits when no mapping exists.]
01-11 07:08:41.405 1504 1617 I am_wtf : [0,1504,system_server,-1,DisplayDeviceConfig,requesting nits when no mapping exists.]
01-11 07:08:41.406 1504 1617 I am_wtf : [0,1504,system_server,-1,DisplayDeviceConfig,requesting nits when no mapping exists.]
01-11 07:08:41.422 1504 1617 I am_wtf : [0,1504,system_server,-1,DisplayDeviceConfig,requesting nits when no mapping exists.]
01-11 07:08:41.423 1504 1617 I am_wtf : [0,1504,system_server,-1,DisplayDeviceConfig,requesting nits when no mapping exists.]
01-11 07:08:41.439 1504 1617 I am_wtf : [0,1504,system_server,-1,DisplayDeviceConfig,requesting nits when no mapping exists.]
01-11 07:08:41.439 1504 1617 I am_wtf : [0,1504,system_server,-1,DisplayDeviceConfig,requesting nits when no mapping exists.]
01-11 07:08:41.456 1504 1617 I am_wtf : [0,1504,system_server,-1,DisplayDeviceConfig,requesting nits when no mapping exists.]
01-11 07:08:41.456 1504 1617 I am_wtf : [0,1504,system_server,-1,DisplayDeviceConfig,requesting nits when no mapping exists.]
01-11 07:08:41.472 1504 1617 I am_wtf : [0,1504,system_server,-1,DisplayDeviceConfig,requesting nits when no mapping exists.]
01-11 07:08:41.472 1504 1617 I am_wtf : [0,1504,system_server,-1,DisplayDeviceConfig,requesting nits when no mapping exists.]
01-11 07:08:41.489 1504 1617 I am_wtf : [0,1504,system_server,-1,DisplayDeviceConfig,requesting nits when no mapping exists.]
01-11 07:08:41.489 1504 1617 I am_wtf : [0,1504,system_server,-1,DisplayDeviceConfig,requesting nits when no mapping exists.]
01-11 07:08:41.506 1504 1617 I am_wtf : [0,1504,system_server,-1,DisplayDeviceConfig,requesting nits when no mapping exists.]
01-11 07:08:41.507 1504 1617 I am_wtf : [0,1504,system_server,-1,DisplayDeviceConfig,requesting nits when no mapping exists.]
01-11 07:08:41.522 1504 1617 I am_wtf : [0,1504,system_server,-1,DisplayDeviceConfig,requesting nits when no mapping exists.]
01-11 07:08:41.523 1504 1617 I am_wtf : [0,1504,system_server,-1,DisplayDeviceConfig,requesting nits when no mapping exists.]
01-11 07:08:41.539 1504 1617 I am_wtf : [0,1504,system_server,-1,DisplayDeviceConfig,requesting nits when no mapping exists.]
01-11 07:08:41.539 1504 1617 I am_wtf : [0,1504,system_server,-1,DisplayDeviceConfig,requesting nits when no mapping exists.]
01-11 07:08:41.555 1504 1617 I am_wtf : [0,1504,system_server,-1,DisplayDeviceConfig,requesting nits when no mapping exists.]
01-11 07:08:41.556 1504 1617 I am_wtf : [0,1504,system_server,-1,DisplayDeviceConfig,requesting nits when no mapping exists.]
01-11 07:08:41.572 1504 1617 I am_wtf : [0,1504,system_server,-1,DisplayDeviceConfig,requesting nits when no mapping exists.]
01-11 07:08:41.573 1504 1617 I am_wtf : [0,1504,system_server,-1,DisplayDeviceConfig,requesting nits when no mapping exists.]
01-11 07:08:41.575 0 0 I auditd : type=1400 audit(0.0:14006): avc: denied { kill } for comm="swapper/1" capability=5 scontext=u:r:kernel:s0 tcontext=u:r:kernel:s0 tclass=capability permissive=0
01-11 07:08:41.589 1504 1617 I am_wtf : [0,1504,system_server,-1,DisplayDeviceConfig,requesting nits when no mapping exists.]
01-11 07:08:41.589 1504 1617 I am_wtf : [0,1504,system_server,-1,DisplayDeviceConfig,requesting nits when no mapping exists.]
01-11 07:08:41.606 1504 1617 I am_wtf : [0,1504,system_server,-1,DisplayDeviceConfig,requesting nits when no mapping exists.]
01-11 07:08:41.606 1504 1617 I am_wtf : [0,1504,system_server,-1,DisplayDeviceConfig,requesting nits when no mapping exists.]
01-11 07:08:41.623 1504 1617 I am_wtf : [0,1504,system_server,-1,DisplayDeviceConfig,requesting nits when no mapping exists.]
01-11 07:08:41.623 1504 1617 I am_wtf : [0,1504,system_server,-1,DisplayDeviceConfig,requesting nits when no mapping exists.]
01-11 07:08:41.639 1504 1617 I am_wtf : [0,1504,system_server,-1,DisplayDeviceConfig,requesting nits when no mapping exists.]
01-11 07:08:41.639 1504 1617 I am_wtf : [0,1504,system_server,-1,DisplayDeviceConfig,requesting nits when no mapping exists.]
01-11 07:08:41.656 1504 1617 I am_wtf : [0,1504,system_server,-1,DisplayDeviceConfig,requesting nits when no mapping exists.]
01-11 07:08:41.657 1504 1617 I am_wtf : [0,1504,system_server,-1,DisplayDeviceConfig,requesting nits when no mapping exists.]
01-11 07:08:41.672 1504 1617 I am_wtf : [0,1504,system_server,-1,DisplayDeviceConfig,requesting nits when no mapping exists.]
01-11 07:08:41.673 1504 1617 I am_wtf : [0,1504,system_server,-1,DisplayDeviceConfig,requesting nits when no mapping exists.]
01-11 07:08:41.690 1504 1617 I am_wtf : [0,1504,system_server,-1,DisplayDeviceConfig,requesting nits when no mapping exists.]
01-11 07:08:41.690 1504 1617 I am_wtf : [0,1504,system_server,-1,DisplayDeviceConfig,requesting nits when no mapping exists.]
01-11 07:08:41.691 1504 1609 I wm_stop_activity: [0,243829620,com.android.gallery3d/.filtershow.FilterShowActivity]
01-11 07:08:41.706 1504 1617 I am_wtf : [0,1504,system_server,-1,DisplayDeviceConfig,requesting nits when no mapping exists.]
01-11 07:08:41.706 1504 1617 I am_wtf : [0,1504,system_server,-1,DisplayDeviceConfig,requesting nits when no mapping exists.]
01-11 07:08:41.724 1504 1617 I am_wtf : [0,1504,system_server,-1,DisplayDeviceConfig,requesting nits when no mapping exists.]
01-11 07:08:41.724 1504 1617 I am_wtf : [0,1504,system_server,-1,DisplayDeviceConfig,requesting nits when no mapping exists.]
01-11 07:08:41.727 17169 17169 I wm_on_stop_called: [243829620,com.android.gallery3d.filtershow.FilterShowActivity,STOP_ACTIVITY_ITEM]
01-11 07:08:41.740 1504 1617 I am_wtf : [0,1504,system_server,-1,DisplayDeviceConfig,requesting nits when no mapping exists.]
01-11 07:08:41.741 1504 1617 I am_wtf : [0,1504,system_server,-1,DisplayDeviceConfig,requesting nits when no mapping exists.]
01-11 07:08:41.757 1504 1617 I am_wtf : [0,1504,system_server,-1,DisplayDeviceConfig,requesting nits when no mapping exists.]
01-11 07:08:41.758 1504 1617 I am_wtf : [0,1504,system_server,-1,DisplayDeviceConfig,requesting nits when no mapping exists.]
01-11 07:08:41.773 1504 1617 I am_wtf : [0,1504,system_server,-1,DisplayDeviceConfig,requesting nits when no mapping exists.]
01-11 07:08:41.773 1504 1617 I service_manager_stats: [100,41,6902]
01-11 07:08:41.773 1504 1617 I am_wtf : [0,1504,system_server,-1,DisplayDeviceConfig,requesting nits when no mapping exists.]
01-11 07:08:41.788 1504 1617 I am_wtf : [0,1504,system_server,-1,DisplayDeviceConfig,requesting nits when no mapping exists.]
01-11 07:08:41.788 1504 1617 I am_wtf : [0,1504,system_server,-1,DisplayDeviceConfig,requesting nits when no mapping exists.]
01-11 07:08:41.804 1504 1617 I am_wtf : [0,1504,system_server,-1,DisplayDeviceConfig,requesting nits when no mapping exists.]
01-11 07:08:41.805 1504 1617 I am_wtf : [0,1504,system_server,-1,DisplayDeviceConfig,requesting nits when no mapping exists.]
01-11 07:08:41.821 1504 1617 I am_wtf : [0,1504,system_server,-1,DisplayDeviceConfig,requesting nits when no mapping exists.]
01-11 07:08:41.821 1504 1617 I am_wtf : [0,1504,system_server,-1,DisplayDeviceConfig,requesting nits when no mapping exists.]
01-11 07:08:41.837 1504 1617 I am_wtf : [0,1504,system_server,-1,DisplayDeviceConfig,requesting nits when no mapping exists.]
01-11 07:08:41.838 1504 1617 I am_wtf : [0,1504,system_server,-1,DisplayDeviceConfig,requesting nits when no mapping exists.]
01-11 07:08:41.855 1504 1617 I am_wtf : [0,1504,system_server,-1,DisplayDeviceConfig,requesting nits when no mapping exists.]
01-11 07:08:41.855 1504 1617 I am_wtf : [0,1504,system_server,-1,DisplayDeviceConfig,requesting nits when no mapping exists.]
01-11 07:08:41.871 1504 1617 I am_wtf : [0,1504,system_server,-1,DisplayDeviceConfig,requesting nits when no mapping exists.]
01-11 07:08:41.871 1504 1617 I am_wtf : [0,1504,system_server,-1,DisplayDeviceConfig,requesting nits when no mapping exists.]
01-11 07:08:41.887 1504 1617 I am_wtf : [0,1504,system_server,-1,DisplayDeviceConfig,requesting nits when no mapping exists.]
01-11 07:08:41.888 1504 1617 I am_wtf : [0,1504,system_server,-1,DisplayDeviceConfig,requesting nits when no mapping exists.]
01-11 07:08:41.904 1504 1617 I am_wtf : [0,1504,system_server,-1,DisplayDeviceConfig,requesting nits when no mapping exists.]
01-11 07:08:41.904 1504 1617 I am_wtf : [0,1504,system_server,-1,DisplayDeviceConfig,requesting nits when no mapping exists.]
01-11 07:08:41.921 1504 1617 I am_wtf : [0,1504,system_server,-1,DisplayDeviceConfig,requesting nits when no mapping exists.]
01-11 07:08:41.921 1504 1617 I am_wtf : [0,1504,system_server,-1,DisplayDeviceConfig,requesting nits when no mapping exists.]
01-11 07:08:41.937 1504 1617 I am_wtf : [0,1504,system_server,-1,DisplayDeviceConfig,requesting nits when no mapping exists.]
01-11 07:08:41.938 1504 1617 I am_wtf : [0,1504,system_server,-1,DisplayDeviceConfig,requesting nits when no mapping exists.]
01-11 07:08:41.954 1504 1617 I am_wtf : [0,1504,system_server,-1,DisplayDeviceConfig,requesting nits when no mapping exists.]
01-11 07:08:41.955 1504 1617 I am_wtf : [0,1504,system_server,-1,DisplayDeviceConfig,requesting nits when no mapping exists.]
01-11 07:08:41.971 1504 1617 I am_wtf : [0,1504,system_server,-1,DisplayDeviceConfig,requesting nits when no mapping exists.]
01-11 07:08:41.971 1504 1617 I am_wtf : [0,1504,system_server,-1,DisplayDeviceConfig,requesting nits when no mapping exists.]
01-11 07:08:41.988 1504 1617 I am_wtf : [0,1504,system_server,-1,DisplayDeviceConfig,requesting nits when no mapping exists.]
01-11 07:08:41.988 1504 1617 I am_wtf : [0,1504,system_server,-1,DisplayDeviceConfig,requesting nits when no mapping exists.]
01-11 07:08:42.005 1504 1617 I am_wtf : [0,1504,system_server,-1,DisplayDeviceConfig,requesting nits when no mapping exists.]
01-11 07:08:42.005 1504 1617 I am_wtf : [0,1504,system_server,-1,DisplayDeviceConfig,requesting nits when no mapping exists.]
01-11 07:08:42.021 1504 1617 I am_wtf : [0,1504,system_server,-1,DisplayDeviceConfig,requesting nits when no mapping exists.]
01-11 07:08:42.022 1504 1617 I am_wtf : [0,1504,system_server,-1,DisplayDeviceConfig,requesting nits when no mapping exists.]
01-11 07:08:42.038 1504 1617 I am_wtf : [0,1504,system_server,-1,DisplayDeviceConfig,requesting nits when no mapping exists.]
01-11 07:08:42.038 1504 1617 I am_wtf : [0,1504,system_server,-1,DisplayDeviceConfig,requesting nits when no mapping exists.]
01-11 07:08:42.055 1504 1617 I am_wtf : [0,1504,system_server,-1,DisplayDeviceConfig,requesting nits when no mapping exists.]
01-11 07:08:42.055 1504 1617 I am_wtf : [0,1504,system_server,-1,DisplayDeviceConfig,requesting nits when no mapping exists.]
01-11 07:08:42.071 1504 1617 I am_wtf : [0,1504,system_server,-1,DisplayDeviceConfig,requesting nits when no mapping exists.]
01-11 07:08:42.072 1504 1617 I am_wtf : [0,1504,system_server,-1,DisplayDeviceConfig,requesting nits when no mapping exists.]
01-11 07:08:42.088 1504 1617 I am_wtf : [0,1504,system_server,-1,DisplayDeviceConfig,requesting nits when no mapping exists.]
01-11 07:08:42.088 1504 1617 I am_wtf : [0,1504,system_server,-1,DisplayDeviceConfig,requesting nits when no mapping exists.]
01-11 07:08:42.104 1504 1617 I am_wtf : [0,1504,system_server,-1,DisplayDeviceConfig,requesting nits when no mapping exists.]
01-11 07:08:42.105 1504 1617 I am_wtf : [0,1504,system_server,-1,DisplayDeviceConfig,requesting nits when no mapping exists.]
01-11 07:08:42.121 1504 1617 I am_wtf : [0,1504,system_server,-1,DisplayDeviceConfig,requesting nits when no mapping exists.]
01-11 07:08:42.122 1504 1617 I am_wtf : [0,1504,system_server,-1,DisplayDeviceConfig,requesting nits when no mapping exists.]
01-11 07:08:42.138 1504 1617 I am_wtf : [0,1504,system_server,-1,DisplayDeviceConfig,requesting nits when no mapping exists.]
01-11 07:08:42.138 1504 1617 I am_wtf : [0,1504,system_server,-1,DisplayDeviceConfig,requesting nits when no mapping exists.]
01-11 07:08:42.154 1504 1617 I am_wtf : [0,1504,system_server,-1,DisplayDeviceConfig,requesting nits when no mapping exists.]
01-11 07:08:42.155 1504 1617 I am_wtf : [0,1504,system_server,-1,DisplayDeviceConfig,requesting nits when no mapping exists.]
01-11 07:08:42.575 0 0 I auditd : type=1400 audit(0.0:14007): avc: denied { kill } for comm="swapper/1" capability=5 scontext=u:r:kernel:s0 tcontext=u:r:kernel:s0 tclass=capability permissive=0
01-11 07:08:44.575 0 0 I auditd : type=1400 audit(0.0:14008): avc: denied { kill } for comm="swapper/7" capability=5 scontext=u:r:kernel:s0 tcontext=u:r:kernel:s0 tclass=capability permissive=0
01-11 07:08:45.575 0 0 I auditd : type=1400 audit(0.0:14009): avc: denied { kill } for comm="swapper/7" capability=5 scontext=u:r:kernel:s0 tcontext=u:r:kernel:s0 tclass=capability permissive=0
01-11 07:08:46.575 0 0 I auditd : type=1400 audit(0.0:14010): avc: denied { kill } for comm="swapper/7" capability=5 scontext=u:r:kernel:s0 tcontext=u:r:kernel:s0 tclass=capability permissive=0
01-11 07:08:47.575 0 0 I auditd : type=1400 audit(0.0:14011): avc: denied { kill } for comm="swapper/2" capability=5 scontext=u:r:kernel:s0 tcontext=u:r:kernel:s0 tclass=capability permissive=0
01-11 07:08:47.803 1504 1616 I commit_sys_config_file: [procstats,29]
01-11 07:08:48.074 1504 1616 I am_meminfo: [2667667456,1395425280,3301376,418189312,673613824]
01-11 07:08:48.092 1504 1616 I am_pss : [15063,10052,com.thundercomm.screensaver,164341760,155746304,3039232,271020032,2,2,15]
01-11 07:08:48.104 1504 1616 I am_pss : [17169,10068,com.android.gallery3d,59851776,52133888,0,197120000,2,15,11]
01-11 07:08:48.117 1504 1616 I am_pss : [2545,10071,com.android.launcher3,95157248,87048192,0,230780928,2,6,12]
01-11 07:08:48.132 1504 1616 I am_pss : [17287,1000,com.android.settings,133220352,118255616,0,264896512,2,16,13]
01-11 07:08:48.142 1504 1616 I am_pss : [17483,10089,com.android.music,21916672,17342464,0,138465280,2,4,8]
01-11 07:08:48.152 1504 1616 I am_pss : [15103,10067,com.android.deskclock,36124672,26509312,4563968,137342976,2,19,9]
01-11 07:08:48.169 1504 1616 I am_pss : [13728,10096,com.tencent.android.qqdownloader:daemon,137342976,112246784,0,248627200,2,4,15]
01-11 07:08:48.192 1504 1616 I am_pss : [12543,10033,com.baidu.input,282354688,264667136,0,438198272,2,7,21]
01-11 07:08:48.202 1504 1616 I am_pss : [13388,10097,com.iflytek.inputmethod.assist,44125184,39899136,1003520,143872000,2,19,9]
01-11 07:08:48.209 1504 1616 I am_pss : [12661,99001,com.android.webview:sandboxed_process0:org.chromium.content.app.SandboxedProcessService0:0,14224384,3051520,0,80527360,2,7,5]
01-11 07:08:48.218 1504 1616 I am_pss : [17701,1000,android:ui,14197760,6221824,0,134221824,2,19,7]
01-11 07:08:48.228 1504 1616 I am_pss : [2871,10094,com.android.providers.media.module,31810560,28495872,0,136622080,2,0,8]
01-11 07:08:48.237 1504 1616 I am_pss : [1958,1002,com.android.bluetooth,29220864,22814720,0,139513856,2,0,7]
01-11 07:08:48.243 1504 1616 I am_pss : [17557,10088,com.qualcomm.qti.qccauthmgr,6222848,4235264,0,93941760,2,19,6]
01-11 07:08:48.264 1504 1616 I am_pss : [13792,10096,com.tencent.android.qqdownloader,158198784,129253376,0,279035904,2,4,17]
01-11 07:08:48.275 1504 1616 I am_pss : [17308,10031,com.microsoft.emmx,41568256,36560896,0,141824000,2,19,9]
01-11 07:08:48.282 1504 1616 I am_pss : [17184,10019,com.hryt.hiphishowfsecontrol,17665024,14987264,0,105025536,2,19,6]
01-11 07:08:48.288 1504 1616 I am_pss : [17185,10065,com.android.calendar,6577152,4808704,0,90562560,2,19,5]
01-11 07:08:48.295 1504 1616 I am_pss : [17168,10024,com.android.documentsui,11840512,9625600,0,104734720,2,19,6]
01-11 07:08:48.304 1504 1616 I am_pss : [9460,10023,com.android.packageinstaller,27289600,21684224,86016,153878528,2,19,9]
01-11 07:08:48.312 1504 1616 I am_pss : [13829,10096,com.tencent.android.qqdownloader:cloud,27951104,14958592,0,105136128,2,4,7]
01-11 07:08:48.320 1504 1616 I am_pss : [9443,10093,com.android.permissioncontroller,13579264,11411456,0,102879232,2,19,7]
01-11 07:08:48.326 1504 1616 I am_pss : [12493,1000,com.android.keychain,17685504,6049792,10266624,69746688,2,19,6]
01-11 07:08:48.333 1504 1616 I am_pss : [8052,1000,com.qti.diagservices,14929920,3076096,10382336,65216512,2,10,6]
01-11 07:08:48.343 1504 1616 I am_pss : [6577,1000,com.thundercomm.gamemode,23154688,17842176,0,146206720,2,10,7]
01-11 07:08:48.349 1504 1616 I am_pss : [2407,10095,android.ext.services,16571392,11358208,0,112476160,2,5,6]
01-11 07:08:48.355 1504 1616 I am_pss : [2990,10080,com.qualcomm.location.XT,6489088,4644864,0,92602368,2,6,5]
01-11 07:08:48.362 1504 1616 I am_pss : [2831,10074,com.qualcomm.location,10718208,8118272,0,104390656,2,0,6]
01-11 07:08:48.368 1504 1616 I am_pss : [2822,10082,com.qualcomm.qti.workloadclassifier,12787712,10592256,0,103378944,2,0,6]
01-11 07:08:48.373 1504 1616 I am_pss : [2806,10086,com.qualcomm.qti.qccnetstat,6155264,4349952,0,90652672,2,0,5]
01-11 07:08:48.379 1504 1616 I am_pss : [2787,10078,com.qualcomm.qti.services.systemhelper:systemhelper_service,6374400,4521984,0,92389376,2,0,5]
01-11 07:08:48.384 1504 1616 I am_pss : [2764,10055,.pasr,5439488,3706880,0,88182784,2,0,5]
01-11 07:08:48.389 1504 1616 I am_pss : [2750,10059,ts.car.uart,6245376,4509696,0,89268224,2,0,4]
01-11 07:08:48.397 1504 1616 I am_pss : [2747,10087,com.hht.lebocast,81200128,68435968,0,167694336,2,0,7]
01-11 07:08:48.403 1504 1616 I am_pss : [2370,1000,com.qualcomm.qti.qdma,9022464,6483968,0,104333312,2,0,6]
01-11 07:08:48.409 1504 1616 I am_pss : [3152,10062,com.qualcomm.qti.devicestatisticsservice,5392384,3657728,0,88014848,2,0,4]
01-11 07:08:48.414 1504 1616 I am_pss : [2354,1000,com.thundercomm.remotecontrolservice,9522176,7278592,0,100438016,2,0,4]
01-11 07:08:48.419 1504 1616 I am_pss : [2359,1000,com.thundercomm.tcservice,8836096,6975488,0,95485952,2,0,4]
01-11 07:08:48.424 1504 1616 I am_pss : [2294,1068,com.android.se,5853184,4055040,0,90689536,2,0,5]
01-11 07:08:48.429 1504 1616 I am_pss : [2260,1000,vendor.qti.qesdk.sysservice,5603328,3813376,0,90267648,2,0,5]
01-11 07:08:48.434 1504 1616 I am_pss : [2263,10083,com.qti.qualcomm.mstatssystemservice,5517312,3776512,0,88940544,2,0,4]
01-11 07:08:48.438 1504 1616 I am_pss : [2233,1000,com.thundercomm.tcsetupwizard,6801408,5062656,0,90144768,2,0,4]
01-11 07:08:48.445 1504 1616 I am_pss : [2189,1000,com.thundercomm.tchttpserver,8095744,6238208,0,93917184,2,0,5]
01-11 07:08:48.451 1504 1616 I am_pss : [2194,1000,com.tc.logclient,7782400,5746688,0,97857536,2,0,6]
01-11 07:08:48.458 1504 1616 I am_pss : [2129,1001,.dataservices,9346048,7286784,0,97718272,2,0,5]
01-11 07:08:48.464 1504 1616 I am_pss : [2152,10054,.qtidataservices,5980160,4198400,0,90169344,2,0,5]
01-11 07:08:48.470 1504 1616 I am_pss : [2109,1000,com.thundercomm.microsettings,28461056,19705856,0,128978944,2,0,5]
01-11 07:08:48.476 1504 1616 I am_pss : [2092,1000,com.thundercomm.microservice,8859648,7041024,0,94433280,2,0,5]
01-11 07:08:48.483 1504 1616 I am_pss : [2081,1073,com.android.networkstack.process,14264320,11087872,0,112381952,2,0,6]
01-11 07:08:48.502 1504 1616 I am_pss : [1974,10081,com.android.systemui,229899264,210513920,0,404361216,2,0,15]
01-11 07:08:48.525 1504 1616 I am_pss : [1504,1000,system,264269824,169238528,0,605622272,2,0,21]
01-11 07:08:48.575 0 0 I auditd : type=1400 audit(0.0:14012): avc: denied { kill } for comm="swapper/2" capability=5 scontext=u:r:kernel:s0 tcontext=u:r:kernel:s0 tclass=capability permissive=0
01-11 07:08:49.575 0 0 I auditd : type=1400 audit(0.0:14013): avc: denied { kill } for comm="swapper/2" capability=5 scontext=u:r:kernel:s0 tcontext=u:r:kernel:s0 tclass=capability permissive=0
01-11 07:08:50.575 0 0 I auditd : type=1400 audit(0.0:14014): avc: denied { kill } for comm="swapper/2" capability=5 scontext=u:r:kernel:s0 tcontext=u:r:kernel:s0 tclass=capability permissive=0
01-11 07:08:51.575 0 0 I auditd : type=1400 audit(0.0:14015): avc: denied { kill } for comm="swapper/2" capability=5 scontext=u:r:kernel:s0 tcontext=u:r:kernel:s0 tclass=capability permissive=0
01-11 07:08:52.575 0 0 I auditd : type=1400 audit(0.0:14016): avc: denied { kill } for comm="swapper/2" capability=5 scontext=u:r:kernel:s0 tcontext=u:r:kernel:s0 tclass=capability permissive=0
01-11 07:08:53.575 0 0 I auditd : type=1400 audit(0.0:14017): avc: denied { kill } for comm="swapper/2" capability=5 scontext=u:r:kernel:s0 tcontext=u:r:kernel:s0 tclass=capability permissive=0
01-11 07:08:54.575 0 0 I auditd : type=1400 audit(0.0:14018): avc: denied { kill } for comm="swapper/2" capability=5 scontext=u:r:kernel:s0 tcontext=u:r:kernel:s0 tclass=capability permissive=0
01-11 07:08:55.575 0 0 I auditd : type=1400 audit(0.0:14019): avc: denied { kill } for comm="swapper/2" capability=5 scontext=u:r:kernel:s0 tcontext=u:r:kernel:s0 tclass=capability permissive=0
01-11 07:08:56.575 0 0 I auditd : type=1400 audit(0.0:14020): avc: denied { kill } for comm="swapper/2" capability=5 scontext=u:r:kernel:s0 tcontext=u:r:kernel:s0 tclass=capability permissive=0
01-11 07:08:57.575 0 0 I auditd : type=1400 audit(0.0:14021): avc: denied { kill } for comm="swapper/2" capability=5 scontext=u:r:kernel:s0 tcontext=u:r:kernel:s0 tclass=capability permissive=0
01-11 07:08:58.575 0 0 I auditd : type=1400 audit(0.0:14022): avc: denied { kill } for comm="swapper/2" capability=5 scontext=u:r:kernel:s0 tcontext=u:r:kernel:s0 tclass=capability permissive=0
01-11 07:09:01.575 0 0 I auditd : type=1400 audit(0.0:14023): avc: denied { kill } for comm="swapper/2" capability=5 scontext=u:r:kernel:s0 tcontext=u:r:kernel:s0 tclass=capability permissive=0
01-11 07:09:02.575 0 0 I auditd : type=1400 audit(0.0:14024): avc: denied { kill } for comm="swapper/2" capability=5 scontext=u:r:kernel:s0 tcontext=u:r:kernel:s0 tclass=capability permissive=0
01-11 07:09:03.575 0 0 I auditd : type=1400 audit(0.0:14025): avc: denied { kill } for comm="swapper/2" capability=5 scontext=u:r:kernel:s0 tcontext=u:r:kernel:s0 tclass=capability permissive=0
01-11 07:09:04.575 0 0 I auditd : type=1400 audit(0.0:14026): avc: denied { kill } for comm="swapper/2" capability=5 scontext=u:r:kernel:s0 tcontext=u:r:kernel:s0 tclass=capability permissive=0
01-11 07:09:05.403 1504 1699 I input_interaction: Interaction with: 92c11 com.thundercomm.screensaver/android.service.dreams.DreamActivity (server), edge-swipe (server), swipe-up (server), PointerEventDispatcher0 (server),
01-11 07:09:05.407 1504 13722 I wm_finish_activity: [0,76806873,150,com.thundercomm.screensaver/android.service.dreams.DreamActivity,finish-activity]
01-11 07:09:05.408 1504 13722 I wm_task_moved: [149,1,8]
01-11 07:09:05.408 1504 13722 I wm_task_to_front: [0,149]
01-11 07:09:05.411 1504 13722 I wm_focused_root_task: [0,0,149,150,finish-top adjustFocusToNextFocusableTask]
01-11 07:09:05.413 1504 13722 I wm_pause_activity: [0,76806873,com.thundercomm.screensaver/android.service.dreams.DreamActivity,userLeaving=false,finish]
01-11 07:09:05.424 15063 15063 I wm_on_top_resumed_lost_called: [76806873,android.service.dreams.DreamActivity,topStateChangedWhenResumed]
01-11 07:09:05.425 15063 15063 I wm_on_paused_called: [76806873,android.service.dreams.DreamActivity,performPause]
01-11 07:09:05.425 1504 1609 I sysui_multi_action: [757,803,799,window_time_0,802,24]
01-11 07:09:05.426 1504 2558 I wm_add_to_stopping: [0,76806873,com.thundercomm.screensaver/android.service.dreams.DreamActivity,completeFinishing]
01-11 07:09:05.430 1504 2558 I wm_set_resumed_activity: [0,com.android.gallery3d/.filtershow.FilterShowActivity,resumeTopActivityInnerLocked]
01-11 07:09:05.432 1504 2558 I wm_resume_activity: [0,243829620,149,com.android.gallery3d/.filtershow.FilterShowActivity]
01-11 07:09:05.443 1504 1609 I sysui_multi_action: [757,803,799,window_time_0,802,0]
01-11 07:09:05.448 15063 15063 I view_enqueue_input_event: [Motion - Cancel,com.thundercomm.screensaver/android.service.dreams.DreamActivity]
01-11 07:09:05.448 17169 17169 I wm_on_restart_called: [243829620,com.android.gallery3d.filtershow.FilterShowActivity,performRestartActivity]
01-11 07:09:05.448 17169 17169 I wm_on_start_called: [243829620,com.android.gallery3d.filtershow.FilterShowActivity,handleStartActivity]
01-11 07:09:05.448 1504 1699 I input_focus: [Focus leaving 92c11 com.thundercomm.screensaver/android.service.dreams.DreamActivity (server),reason=NO_WINDOW]
01-11 07:09:05.448 17169 17169 I wm_on_resume_called: [243829620,com.android.gallery3d.filtershow.FilterShowActivity,RESUME_ACTIVITY]
01-11 07:09:05.448 17169 17169 I wm_on_top_resumed_gained_called: [243829620,com.android.gallery3d.filtershow.FilterShowActivity,topWhenResuming]
01-11 07:09:05.469 1504 1610 I input_focus: [Focus request 7bd8e55 com.android.gallery3d/com.android.gallery3d.filtershow.FilterShowActivity,reason=UpdateInputWindows]
01-11 07:09:05.482 1504 1699 I input_focus: [Focus entering 7bd8e55 com.android.gallery3d/com.android.gallery3d.filtershow.FilterShowActivity (server),reason=setFocusedWindow]
01-11 07:09:05.987 1504 1609 I wm_destroy_activity: [0,76806873,150,com.thundercomm.screensaver/android.service.dreams.DreamActivity,finish-imm:idle]
01-11 07:09:06.019 15063 15063 I wm_on_stop_called: [76806873,android.service.dreams.DreamActivity,LIFECYCLER_STOP_ACTIVITY]
01-11 07:09:06.020 15063 15063 I wm_on_destroy_called: [76806873,android.service.dreams.DreamActivity,performDestroy]
01-11 07:09:06.024 1504 1606 I sysui_multi_action: [757,222,758,2]
01-11 07:09:06.024 1504 1606 I sysui_multi_action: [757,804,799,dreaming_minutes,801,0,802,1]
01-11 07:09:06.035 1504 13722 I wm_task_removed: [150,removeChild:removeChild last r=ActivityRecord{493fad9 u0 com.thundercomm.screensaver/android.service.dreams.DreamActivity t-1 f}} in t=Task{3ccd426 #150 type=dream A=10052:android:com.thundercomm.screensaver/dream U=0 visible=false mode=fullscreen translucent=true sz=0}]
01-11 07:09:06.035 1504 13722 I wm_task_removed: [150,removeChild]
01-11 07:09:06.575 0 0 I auditd : type=1400 audit(0.0:14027): avc: denied { kill } for comm="swapper/2" capability=5 scontext=u:r:kernel:s0 tcontext=u:r:kernel:s0 tclass=capability permissive=0
01-11 07:09:06.734 1504 1699 I input_interaction: Interaction with: 7bd8e55 com.android.gallery3d/com.android.gallery3d.filtershow.FilterShowActivity (server), edge-swipe (server), swipe-up (server), PointerEventDispatcher0 (server),
01-11 07:09:06.755 1504 2558 I wm_task_moved: [62,0,0]
01-11 07:09:06.756 1504 2558 I wm_task_moved: [62,0,7]
01-11 07:09:06.799 2545 2545 I wm_on_restart_called: [11415547,com.android.launcher3.uioverrides.QuickstepLauncher,performRestartActivity]
01-11 07:09:06.830 2545 2545 I wm_on_start_called: [11415547,com.android.launcher3.uioverrides.QuickstepLauncher,handleStartActivity]
01-11 07:09:06.830 17169 17169 I view_enqueue_input_event: [Motion - Cancel,com.android.gallery3d/com.android.gallery3d.filtershow.FilterShowActivity]
01-11 07:09:06.833 1504 1610 I input_focus: [Focus request recents_animation_input_consumer,reason=UpdateInputWindows]
01-11 07:09:06.838 2545 2545 I sysui_latency: [1,105]
01-11 07:09:06.844 1504 1699 I input_interaction: Interaction with: edge-swipe (server), swipe-up (server), PointerEventDispatcher0 (server),
01-11 07:09:06.853 1504 1699 I input_focus: [Focus leaving 7bd8e55 com.android.gallery3d/com.android.gallery3d.filtershow.FilterShowActivity (server),reason=NOT_FOCUSABLE]
01-11 07:09:06.853 1504 1699 I input_focus: [Focus entering recents_animation_input_consumer (server),reason=setFocusedWindow]
01-11 07:09:06.857 1504 1606 I sysui_multi_action: [319,15,322,90,325,11357,757,761,758,9,759,5,806,com.android.launcher3,871,com.android.launcher3.uioverrides.QuickstepLauncher,904,com.android.launcher3,905,0,1320,8,1321,5]
01-11 07:09:07.038 1504 1683 I commit_sys_config_file: [settings-1-0,8]
01-11 07:09:07.148 1504 1616 I sysui_latency: [8,104]
01-11 07:09:07.556 1504 13722 I wm_task_moved: [62,1,8]
01-11 07:09:07.556 1504 13722 I wm_task_moved: [63,1,2147483647]
01-11 07:09:07.556 1504 13722 I wm_task_to_front: [0,63]
01-11 07:09:07.556 1504 13722 I wm_focused_root_task: [0,0,62,149,RecentsAnimation.onAnimationFinished()]
01-11 07:09:07.556 1504 13722 I wm_set_resumed_activity: [0,com.android.launcher3/.uioverrides.QuickstepLauncher,RecentsAnimation.onAnimationFinished()]
01-11 07:09:07.557 17169 17169 I wm_on_top_resumed_lost_called: [243829620,com.android.gallery3d.filtershow.FilterShowActivity,topStateChangedWhenResumed]
01-11 07:09:07.558 1504 13722 I wm_pause_activity: [0,243829620,com.android.gallery3d/.filtershow.FilterShowActivity,userLeaving=true,pauseBackTasks]
01-11 07:09:07.559 1504 13722 I wm_add_to_stopping: [0,243829620,com.android.gallery3d/.filtershow.FilterShowActivity,makeInvisible]
01-11 07:09:07.559 1504 13722 I wm_set_resumed_activity: [0,com.android.launcher3/.uioverrides.QuickstepLauncher,resumeTopActivityInnerLocked]
01-11 07:09:07.562 1504 13722 I wm_resume_activity: [0,11415547,63,com.android.launcher3/.uioverrides.QuickstepLauncher]
01-11 07:09:07.563 2545 2545 I wm_on_resume_called: [11415547,com.android.launcher3.uioverrides.QuickstepLauncher,RESUME_ACTIVITY]
01-11 07:09:07.570 1504 1610 I input_focus: [Focus request c8c2ef0 com.android.launcher3/com.android.launcher3.uioverrides.QuickstepLauncher,reason=UpdateInputWindows]
01-11 07:09:07.571 2545 2545 I wm_on_top_resumed_gained_called: [11415547,com.android.launcher3.uioverrides.QuickstepLauncher,topStateChangedWhenResumed]
01-11 07:09:07.572 17169 17169 I wm_on_paused_called: [243829620,com.android.gallery3d.filtershow.FilterShowActivity,performPause]
01-11 07:09:07.580 1504 2558 I wm_stop_activity: [0,243829620,com.android.gallery3d/.filtershow.FilterShowActivity]
01-11 07:09:07.586 1504 1699 I input_focus: [Focus leaving recents_animation_input_consumer (server),reason=NOT_VISIBLE]
01-11 07:09:07.586 1504 1699 I input_focus: [Focus entering c8c2ef0 com.android.launcher3/com.android.launcher3.uioverrides.QuickstepLauncher (server),reason=setFocusedWindow]
01-11 07:09:07.591 1504 1609 I sysui_multi_action: [757,803,799,window_time_0,802,2]
01-11 07:09:07.596 17169 17169 I wm_on_stop_called: [243829620,com.android.gallery3d.filtershow.FilterShowActivity,STOP_ACTIVITY_ITEM]
01-11 07:09:07.596 1504 1609 I sysui_multi_action: [757,803,799,window_time_0,802,0]
01-11 07:09:07.838 1504 1699 I input_interaction: Interaction with: c8c2ef0 com.android.launcher3/com.android.launcher3.uioverrides.QuickstepLauncher (server), dbb0197 com.android.systemui.ImageWallpaper (server), edge-swipe (server), swipe-up (server), PointerEventDispatcher0 (server),
01-11 07:09:07.949 1504 2863 I wm_task_moved: [148,1,8]
01-11 07:09:07.949 1504 2863 I wm_task_to_front: [0,148]
01-11 07:09:07.950 1504 2863 I wm_focused_root_task: [0,0,148,62,bringingFoundTaskToFront]
01-11 07:09:07.950 1504 2863 I wm_set_resumed_activity: [0,com.android.settings/.Settings,bringingFoundTaskToFront]
01-11 07:09:07.951 1504 2863 I wm_new_intent: [0,254344633,148,com.android.settings/.Settings,android.intent.action.MAIN,NULL,NULL,270532608]
01-11 07:09:07.953 1504 2863 I wm_pause_activity: [0,11415547,com.android.launcher3/.uioverrides.QuickstepLauncher,userLeaving=true,pauseBackTasks]
01-11 07:09:07.960 2545 2545 I wm_on_top_resumed_lost_called: [11415547,com.android.launcher3.uioverrides.QuickstepLauncher,topStateChangedWhenResumed]
01-11 07:09:07.964 2545 2545 I wm_on_paused_called: [11415547,com.android.launcher3.uioverrides.QuickstepLauncher,performPause]
01-11 07:09:07.967 1504 4663 I wm_set_resumed_activity: [0,com.android.settings/.Settings,resumeTopActivityInnerLocked]
01-11 07:09:07.967 1504 4663 I wm_add_to_stopping: [0,11415547,com.android.launcher3/.uioverrides.QuickstepLauncher,makeInvisible]
01-11 07:09:07.970 1504 4663 I wm_resume_activity: [0,254344633,148,com.android.settings/.Settings]
01-11 07:09:07.976 1504 1609 I sysui_multi_action: [757,803,799,window_time_0,802,1]
01-11 07:09:07.988 1504 1699 I input_focus: [Focus leaving c8c2ef0 com.android.launcher3/com.android.launcher3.uioverrides.QuickstepLauncher (server),reason=NO_WINDOW]
01-11 07:09:07.990 17287 17287 I wm_on_restart_called: [254344633,com.android.settings.Settings,performRestartActivity]
01-11 07:09:07.993 17287 17287 I wm_on_start_called: [254344633,com.android.settings.Settings,handleStartActivity]
01-11 07:09:07.993 17287 17287 I snet_event_log: [120484087,-1,]
01-11 07:09:07.994 17287 17287 I wm_on_resume_called: [254344633,com.android.settings.Settings,RESUME_ACTIVITY]
01-11 07:09:07.994 17287 17287 I sysui_multi_action: [757,35,758,1,833,0,1089,0]
01-11 07:09:07.996 17287 17287 I sysui_multi_action: [757,46,758,1,833,0,1089,0]
01-11 07:09:08.000 17287 17287 I wm_on_top_resumed_gained_called: [254344633,com.android.settings.Settings,topWhenResuming]
01-11 07:09:08.007 1504 1610 I input_focus: [Focus request 49f2337 com.android.settings/com.android.settings.Settings,reason=UpdateInputWindows]
01-11 07:09:08.030 1504 1606 I sysui_multi_action: [319,34,321,33,322,75,325,11359,757,761,758,9,759,4,806,com.android.settings,871,com.android.settings.Settings,904,com.android.launcher3,905,0,1320,8,1321,5]
01-11 07:09:08.037 1504 1699 I input_focus: [Focus entering 49f2337 com.android.settings/com.android.settings.Settings (server),reason=setFocusedWindow]
01-11 07:09:08.531 1504 1609 I wm_stop_activity: [0,11415547,com.android.launcher3/.uioverrides.QuickstepLauncher]
01-11 07:09:08.572 2545 2545 I wm_on_stop_called: [11415547,com.android.launcher3.uioverrides.QuickstepLauncher,STOP_ACTIVITY_ITEM]
01-11 07:09:09.454 1504 1699 I input_interaction: Interaction with: 49f2337 com.android.settings/com.android.settings.Settings (server), edge-swipe (server), swipe-up (server), PointerEventDispatcher0 (server),
01-11 07:09:09.577 17287 17287 I sysui_multi_action: [757,830,758,4,833,0,854,top_level_security,1089,0]
01-11 07:09:09.691 17287 17287 I sysui_multi_action: [757,46,758,2,1089,1694]
01-11 07:09:09.743 17287 17287 I sysui_multi_action: [757,87,758,1,833,0,1089,39]
01-11 07:09:09.750 17287 17287 I sysui_multi_action: [757,1729,758,4,854,isParalleledControllers:false,1089,46]
01-11 07:09:10.575 0 0 I auditd : type=1400 audit(0.0:14028): avc: denied { kill } for comm="swapper/1" capability=5 scontext=u:r:kernel:s0 tcontext=u:r:kernel:s0 tclass=capability permissive=0
01-11 07:09:11.048 17287 17287 I sysui_multi_action: [757,830,758,4,833,0,854,top_level_display,1089,0]
01-11 07:09:11.150 17287 17287 I sysui_multi_action: [757,87,758,2,1089,1407]
01-11 07:09:11.184 17287 17287 I sysui_multi_action: [757,46,758,1,833,0,1089,30]
01-11 07:09:11.191 17287 17287 I sysui_multi_action: [757,1729,758,4,854,isParalleledControllers:false,1089,38]
01-11 07:09:11.575 0 0 I auditd : type=1400 audit(0.0:14029): avc: denied { kill } for comm="swapper/1" capability=5 scontext=u:r:kernel:s0 tcontext=u:r:kernel:s0 tclass=capability permissive=0
01-11 07:09:12.089 1504 1699 I input_interaction: Interaction with: 49f2337 com.android.settings/com.android.settings.Settings (server), PointerEventDispatcher0 (server),
01-11 07:09:13.450 1504 1699 I input_interaction: Interaction with: 49f2337 com.android.settings/com.android.settings.Settings (server), edge-swipe (server), swipe-up (server), PointerEventDispatcher0 (server),
01-11 07:09:13.558 17287 17287 I sysui_multi_action: [757,830,758,4,833,0,854,screensaver,1089,0]
01-11 07:09:13.565 17287 17287 I sysui_multi_action: [757,46,758,2,1089,2382]
01-11 07:09:13.575 0 0 I auditd : type=1400 audit(0.0:14030): avc: denied { kill } for comm="swapper/1" capability=5 scontext=u:r:kernel:s0 tcontext=u:r:kernel:s0 tclass=capability permissive=0
01-11 07:09:13.621 17287 17287 I sysui_multi_action: [757,47,758,1,833,0,1089,35]
01-11 07:09:13.628 17287 17287 I sysui_multi_action: [757,1729,758,4,854,isParalleledControllers:false,1089,43]
01-11 07:09:14.747 1504 2558 I wm_task_moved: [148,1,8]
01-11 07:09:14.747 1504 2558 I wm_set_resumed_activity: [0,com.android.settings/.Settings,positionChildAt]
01-11 07:09:14.747 1504 2558 I wm_create_activity: [0,80341201,148,com.thundercomm.screensaver/.ui.page.MainActivity,NULL,NULL,NULL,0]
01-11 07:09:14.748 1504 2558 I wm_pause_activity: [0,254344633,com.android.settings/.Settings,userLeaving=true,resumeTopActivityInnerLocked]
01-11 07:09:14.750 17287 17287 I sysui_multi_action: [757,830,758,4,833,0,854,current_screensaver,1089,0]
01-11 07:09:14.750 17287 17287 I wm_on_top_resumed_lost_called: [254344633,com.android.settings.Settings,topStateChangedWhenResumed]
01-11 07:09:14.751 17287 17287 I sysui_multi_action: [757,35,758,2,1089,6756]
01-11 07:09:14.751 17287 17287 I sysui_multi_action: [757,47,758,2,1089,1130]
01-11 07:09:14.751 17287 17287 I wm_on_paused_called: [254344633,com.android.settings.Settings,performPause]
01-11 07:09:14.752 1504 13722 I wm_add_to_stopping: [0,254344633,com.android.settings/.Settings,makeInvisible]
01-11 07:09:14.753 1504 13722 I wm_restart_activity: [0,80341201,148,com.thundercomm.screensaver/.ui.page.MainActivity]
01-11 07:09:14.754 1504 13722 I wm_set_resumed_activity: [0,com.thundercomm.screensaver/.ui.page.MainActivity,minimalResumeActivityLocked]
01-11 07:09:14.757 1504 1609 I sysui_multi_action: [757,803,799,window_time_0,802,6]
01-11 07:09:14.786 1504 1699 I input_focus: [Focus leaving 49f2337 com.android.settings/com.android.settings.Settings (server),reason=NO_WINDOW]
01-11 07:09:14.818 15063 15063 I wm_on_create_called: [80341201,com.thundercomm.screensaver.ui.page.MainActivity,performCreate]
01-11 07:09:14.825 15063 15063 I wm_on_start_called: [80341201,com.thundercomm.screensaver.ui.page.MainActivity,handleStartActivity]
01-11 07:09:14.825 15063 15063 I wm_on_resume_called: [80341201,com.thundercomm.screensaver.ui.page.MainActivity,RESUME_ACTIVITY]
01-11 07:09:14.827 15063 15063 I wm_on_top_resumed_gained_called: [80341201,com.thundercomm.screensaver.ui.page.MainActivity,topStateChangedWhenResumed]
01-11 07:09:14.846 1504 1610 I input_focus: [Focus request b5fb210 com.thundercomm.screensaver/com.thundercomm.screensaver.ui.page.MainActivity,reason=UpdateInputWindows]
01-11 07:09:14.891 1504 1606 I sysui_multi_action: [319,148,322,147,325,11365,757,761,758,8,759,2,806,com.thundercomm.screensaver,871,com.thundercomm.screensaver.ui.page.MainActivity,904,com.android.settings,905,0,1320,21,1321,5]
01-11 07:09:14.891 1504 1606 I wm_activity_launch_time: [0,80341201,com.thundercomm.screensaver/.ui.page.MainActivity,147]
01-11 07:09:14.905 1504 1699 I input_focus: [Focus entering b5fb210 com.thundercomm.screensaver/com.thundercomm.screensaver.ui.page.MainActivity (server),reason=Window became focusable. Previous reason: NOT_VISIBLE]
01-11 07:09:15.293 1504 1609 I wm_stop_activity: [0,254344633,com.android.settings/.Settings]
01-11 07:09:15.318 17287 17287 I wm_on_stop_called: [254344633,com.android.settings.Settings,STOP_ACTIVITY_ITEM]
01-11 07:09:15.575 0 0 I auditd : type=1400 audit(0.0:14031): avc: denied { kill } for comm="swapper/1" capability=5 scontext=u:r:kernel:s0 tcontext=u:r:kernel:s0 tclass=capability permissive=0
01-11 07:09:16.127 1504 1699 I input_interaction: Interaction with: b5fb210 com.thundercomm.screensaver/com.thundercomm.screensaver.ui.page.MainActivity (server), edge-swipe (server), swipe-up (server), PointerEventDispatcher0 (server),
01-11 07:09:16.575 0 0 I auditd : type=1400 audit(0.0:14032): avc: denied { kill } for comm="swapper/1" capability=5 scontext=u:r:kernel:s0 tcontext=u:r:kernel:s0 tclass=capability permissive=0
01-11 07:09:17.575 0 0 I auditd : type=1400 audit(0.0:14033): avc: denied { kill } for comm="swapper/1" capability=5 scontext=u:r:kernel:s0 tcontext=u:r:kernel:s0 tclass=capability permissive=0
01-11 07:09:18.575 0 0 I auditd : type=1400 audit(0.0:14034): avc: denied { kill } for comm="swapper/1" capability=5 scontext=u:r:kernel:s0 tcontext=u:r:kernel:s0 tclass=capability permissive=0
01-11 07:09:18.902 1504 1610 I input_focus: [Focus request 9886004 com.thundercomm.screensaver/com.thundercomm.screensaver.ui.page.MainActivity,reason=UpdateInputWindows]
01-11 07:09:18.916 1504 1699 I input_focus: [Focus leaving b5fb210 com.thundercomm.screensaver/com.thundercomm.screensaver.ui.page.MainActivity (server),reason=Waiting for window because NOT_VISIBLE]
01-11 07:09:18.933 1504 1699 I input_focus: [Focus entering 9886004 com.thundercomm.screensaver/com.thundercomm.screensaver.ui.page.MainActivity (server),reason=Window became focusable. Previous reason: NOT_VISIBLE]
01-11 07:09:19.575 0 0 I auditd : type=1400 audit(0.0:14035): avc: denied { kill } for comm="swapper/1" capability=5 scontext=u:r:kernel:s0 tcontext=u:r:kernel:s0 tclass=capability permissive=0
01-11 07:09:20.575 0 0 I auditd : type=1400 audit(0.0:14036): avc: denied { kill } for comm="swapper/1" capability=5 scontext=u:r:kernel:s0 tcontext=u:r:kernel:s0 tclass=capability permissive=0
01-11 07:09:21.575 0 0 I auditd : type=1400 audit(0.0:14037): avc: denied { kill } for comm="swapper/1" capability=5 scontext=u:r:kernel:s0 tcontext=u:r:kernel:s0 tclass=capability permissive=0
01-11 07:09:22.575 0 0 I auditd : type=1400 audit(0.0:14038): avc: denied { kill } for comm="swapper/1" capability=5 scontext=u:r:kernel:s0 tcontext=u:r:kernel:s0 tclass=capability permissive=0
01-11 07:09:23.575 0 0 I auditd : type=1400 audit(0.0:14039): avc: denied { kill } for comm="swapper/1" capability=5 scontext=u:r:kernel:s0 tcontext=u:r:kernel:s0 tclass=capability permissive=0
01-11 07:09:24.575 0 0 I auditd : type=1400 audit(0.0:14040): avc: denied { kill } for comm="swapper/1" capability=5 scontext=u:r:kernel:s0 tcontext=u:r:kernel:s0 tclass=capability permissive=0
01-11 07:09:25.575 0 0 I auditd : type=1400 audit(0.0:14041): avc: denied { kill } for comm="swapper/1" capability=5 scontext=u:r:kernel:s0 tcontext=u:r:kernel:s0 tclass=capability permissive=0
01-11 07:09:26.575 0 0 I auditd : type=1400 audit(0.0:14042): avc: denied { kill } for comm="swapper/1" capability=5 scontext=u:r:kernel:s0 tcontext=u:r:kernel:s0 tclass=capability permissive=0
01-11 07:09:27.575 0 0 I auditd : type=1400 audit(0.0:14043): avc: denied { kill } for comm="swapper/1" capability=5 scontext=u:r:kernel:s0 tcontext=u:r:kernel:s0 tclass=capability permissive=0
01-11 07:09:28.575 0 0 I auditd : type=1400 audit(0.0:14044): avc: denied { kill } for comm="swapper/1" capability=5 scontext=u:r:kernel:s0 tcontext=u:r:kernel:s0 tclass=capability permissive=0
01-11 07:09:29.575 0 0 I auditd : type=1400 audit(0.0:14045): avc: denied { kill } for comm="swapper/1" capability=5 scontext=u:r:kernel:s0 tcontext=u:r:kernel:s0 tclass=capability permissive=0
01-11 07:09:30.575 0 0 I auditd : type=1400 audit(0.0:14046): avc: denied { kill } for comm="swapper/1" capability=5 scontext=u:r:kernel:s0 tcontext=u:r:kernel:s0 tclass=capability permissive=0
01-11 07:09:31.575 0 0 I auditd : type=1400 audit(0.0:14047): avc: denied { kill } for comm="swapper/1" capability=5 scontext=u:r:kernel:s0 tcontext=u:r:kernel:s0 tclass=capability permissive=0
01-11 07:09:32.575 0 0 I auditd : type=1400 audit(0.0:14048): avc: denied { kill } for comm="swapper/1" capability=5 scontext=u:r:kernel:s0 tcontext=u:r:kernel:s0 tclass=capability permissive=0
01-11 07:09:33.575 0 0 I auditd : type=1400 audit(0.0:14049): avc: denied { kill } for comm="swapper/1" capability=5 scontext=u:r:kernel:s0 tcontext=u:r:kernel:s0 tclass=capability permissive=0
01-11 07:09:34.575 0 0 I auditd : type=1400 audit(0.0:14050): avc: denied { kill } for comm="swapper/1" capability=5 scontext=u:r:kernel:s0 tcontext=u:r:kernel:s0 tclass=capability permissive=0
01-11 07:09:35.575 0 0 I auditd : type=1400 audit(0.0:14051): avc: denied { kill } for comm="swapper/1" capability=5 scontext=u:r:kernel:s0 tcontext=u:r:kernel:s0 tclass=capability permissive=0
01-11 07:09:36.575 0 0 I auditd : type=1400 audit(0.0:14052): avc: denied { kill } for comm="swapper/1" capability=5 scontext=u:r:kernel:s0 tcontext=u:r:kernel:s0 tclass=capability permissive=0
