01-11 07:28:39.499 1504 12485 I wm_pause_activity: [0,1738589,com.thundercomm.screensaver/android.service.dreams.DreamActivity,userLeaving=false,finish]
01-11 07:28:39.508 1504 1609 I sysui_multi_action: [757,803,799,window_time_0,802,752]
01-11 07:28:39.509 15063 15063 I wm_on_top_resumed_lost_called: [1738589,android.service.dreams.DreamActivity,topStateChangedWhenResumed]
01-11 07:28:39.510 15063 15063 I wm_on_paused_called: [1738589,android.service.dreams.DreamActivity,performPause]
01-11 07:28:39.511 1504 2062 I wm_add_to_stopping: [0,1738589,com.thundercomm.screensaver/android.service.dreams.DreamActivity,completeFinishing]
01-11 07:28:39.515 1504 2062 I wm_set_resumed_activity: [0,com.android.launcher3/.uioverrides.QuickstepLauncher,resumeTopActivityInnerLocked]
01-11 07:28:39.524 1504 2062 I wm_resume_activity: [0,11415547,63,com.android.launcher3/.uioverrides.QuickstepLauncher]
01-11 07:28:39.539 1504 1609 I sysui_multi_action: [757,803,799,window_time_0,802,0]
01-11 07:28:39.539 2545 2545 I wm_on_restart_called: [11415547,com.android.launcher3.uioverrides.QuickstepLauncher,performRestartActivity]
01-11 07:28:39.539 2545 2545 I wm_on_start_called: [11415547,com.android.launcher3.uioverrides.QuickstepLauncher,handleStartActivity]
01-11 07:28:39.539 2545 2545 I wm_on_resume_called: [11415547,com.android.launcher3.uioverrides.QuickstepLauncher,RESUME_ACTIVITY]
01-11 07:28:39.539 2545 2545 I wm_on_top_resumed_gained_called: [11415547,com.android.launcher3.uioverrides.QuickstepLauncher,topWhenResuming]
01-11 07:28:39.541 1504 1609 I am_uid_running: 10067
01-11 07:28:39.547 15063 15063 I view_enqueue_input_event: [Motion - Cancel,com.thundercomm.screensaver/android.service.dreams.DreamActivity]
01-11 07:28:39.547 1504 1699 I input_focus: [Focus leaving 37d3c59 com.thundercomm.screensaver/android.service.dreams.DreamActivity (server),reason=NO_WINDOW]
01-11 07:28:39.548 1504 1618 I am_proc_start: [0,19549,10067,com.android.deskclock,NULL,]
01-11 07:28:39.552 1504 1610 I input_focus: [Focus request c8c2ef0 com.android.launcher3/com.android.launcher3.uioverrides.QuickstepLauncher,reason=UpdateInputWindows]
01-11 07:28:39.556 1504 1616 I am_pss : [17483,10089,com.android.music,22403072,17346560,0,138465280,0,4,6]
01-11 07:28:39.562 1504 1504 I am_uid_active: 10063
01-11 07:28:39.563 1504 1616 I am_pss : [19257,10065,com.android.calendar,6689792,4829184,0,90652672,0,19,6]
01-11 07:28:39.567 1504 12485 I am_proc_bound: [0,19549,com.android.deskclock]
01-11 07:28:39.568 1504 1699 I input_focus: [Focus entering c8c2ef0 com.android.launcher3/com.android.launcher3.uioverrides.QuickstepLauncher (server),reason=setFocusedWindow]
01-11 07:28:39.571 1504 1616 I am_pss : [19254,10019,com.hryt.hiphishowfsecontrol,17984512,15171584,0,105136128,0,19,6]
01-11 07:28:39.580 1504 1616 I am_pss : [19247,10031,com.microsoft.emmx,41099264,36253696,0,141025280,0,19,7]
01-11 07:28:39.592 1504 1616 I am_pss : [19248,10068,com.android.gallery3d,7575552,5107712,0,92737536,0,19,5]
01-11 07:28:39.599 1504 1616 I am_pss : [18957,1000,com.qti.diagservices,6009856,3833856,0,92430336,0,10,6]
01-11 07:28:39.802 1504 1609 I wm_destroy_activity: [0,1738589,155,com.thundercomm.screensaver/android.service.dreams.DreamActivity,finish-imm:idle]
01-11 07:28:39.827 15063 15063 I wm_on_stop_called: [1738589,android.service.dreams.DreamActivity,LIFECYCLER_STOP_ACTIVITY]
01-11 07:28:39.828 15063 15063 I wm_on_destroy_called: [1738589,android.service.dreams.DreamActivity,performDestroy]
01-11 07:28:39.832 1504 1606 I sysui_multi_action: [757,222,758,2]
01-11 07:28:39.833 1504 1606 I sysui_multi_action: [757,804,799,dreaming_minutes,801,12,802,1]
01-11 07:28:39.842 1504 13714 I wm_task_removed: [155,removeChild:removeChild last r=ActivityRecord{1a875d u0 com.thundercomm.screensaver/android.service.dreams.DreamActivity t-1 f}} in t=Task{a46acce #155 type=dream A=10052:android:com.thundercomm.screensaver/dream U=0 visible=false mode=fullscreen translucent=true sz=0}]
01-11 07:28:39.842 1504 13714 I wm_task_removed: [155,removeChild]
01-11 07:28:40.575 0 0 I auditd : type=1400 audit(0.0:15224): avc: denied { kill } for comm="swapper/1" capability=5 scontext=u:r:kernel:s0 tcontext=u:r:kernel:s0 tclass=capability permissive=0
01-11 07:28:40.842 1504 1699 I input_interaction: Interaction with: c8c2ef0 com.android.launcher3/com.android.launcher3.uioverrides.QuickstepLauncher (server), dbb0197 com.android.systemui.ImageWallpaper (server), edge-swipe (server), swipe-up (server), PointerEventDispatcher0 (server),
01-11 07:28:42.345 1504 1610 I input_focus: [Focus request 399fb3f com.android.launcher3/com.android.launcher3.uioverrides.QuickstepLauncher,reason=UpdateInputWindows]
01-11 07:28:42.377 1504 1699 I input_focus: [Focus leaving c8c2ef0 com.android.launcher3/com.android.launcher3.uioverrides.QuickstepLauncher (server),reason=Waiting for window because NOT_VISIBLE]
01-11 07:28:42.394 1504 1699 I input_focus: [Focus entering 399fb3f com.android.launcher3/com.android.launcher3.uioverrides.QuickstepLauncher (server),reason=Window became focusable. Previous reason: NOT_VISIBLE]
01-11 07:28:43.341 1504 1699 I input_interaction: Interaction with: 399fb3f com.android.launcher3/com.android.launcher3.uioverrides.QuickstepLauncher (server), edge-swipe (server), swipe-up (server), PointerEventDispatcher0 (server),
01-11 07:28:43.473 1504 1617 I am_kill : [0,13388,com.iflytek.inputmethod.assist,955,stop com.iflytek.inputmethod due to deletePackageX]
01-11 07:28:43.500 1504 1617 I am_uid_stopped: 10097
01-11 07:28:43.504 1504 1610 I input_focus: [Focus request c8c2ef0 com.android.launcher3/com.android.launcher3.uioverrides.QuickstepLauncher,reason=UpdateInputWindows]
01-11 07:28:43.507 1504 1617 I am_kill : [0,19159,com.iflytek.inputmethod,965,stop com.iflytek.inputmethod due to deletePackageX]
01-11 07:28:43.513 1504 1699 I input_focus: [Focus entering c8c2ef0 com.android.launcher3/com.android.launcher3.uioverrides.QuickstepLauncher (server),reason=setFocusedWindow]
01-11 07:28:43.530 1504 1641 I commit_sys_config_file: [package-user-0,2]
01-11 07:28:43.530 1504 1641 I commit_sys_config_file: [package,29]
01-11 07:28:43.650 2822 2822 I force_gc: bg
01-11 07:28:43.650 1958 1958 I force_gc: bg
01-11 07:28:43.651 2407 2407 I force_gc: bg
01-11 07:28:43.652 1974 1974 I force_gc: bg
01-11 07:28:43.697 2545 2545 I force_gc: bg
01-11 07:28:43.709 1504 1734 I commit_sys_config_file: [net-policy,12526027]
01-11 07:28:43.710 1504 1823 I commit_sys_config_file: [session_index,5]
01-11 07:28:43.712 1504 1823 I commit_sys_config_file: [blobs_index,2]
01-11 07:28:43.726 1504 1733 I netstats_mobile_sample: [0,0,0,0,0,0,0,0,0,0,0,0,1673393323726]
01-11 07:28:43.726 1504 1733 I netstats_wifi_sample: [601779126,713291,154840507,395058,601779126,713291,154840507,395058,691564770,926443,81031094,239354,1673393323726]
01-11 07:28:43.730 1504 1688 I am_uid_running: 10093
01-11 07:28:43.739 1504 1618 I am_proc_start: [0,19590,10093,com.android.permissioncontroller,service,{com.android.permissioncontroller/com.android.permissioncontroller.role.service.RoleControllerServiceImpl}]
01-11 07:28:43.742 1504 1734 I service_manager_stats: [100,69,736673]
01-11 07:28:43.748 1504 1504 I notification_cancel_all: [1000,1504,com.iflytek.inputmethod,0,0,0,5,NULL]
01-11 07:28:43.748 1504 1504 I sysui_multi_action: [757,128,758,5,759,5,793,1878806,794,1637216,795,1878806,796,2,806,com.iflytek.inputmethod,857,iFlytekIme,858,3,947,0,1500,1878603,1688,1]
01-11 07:28:43.748 1504 1504 I notification_canceled: [0|com.iflytek.inputmethod|2|null|10097,5,1878806,1878806,1637216,-1,-1,NULL]
01-11 07:28:43.748 1504 1618 I am_proc_start: [0,19595,1000,com.android.keychain,service,{com.android.keychain/com.android.keychain.KeyChainService}]
01-11 07:28:43.762 1504 13718 I am_proc_bound: [0,19590,com.android.permissioncontroller]
01-11 07:28:43.770 1504 13718 I am_uid_active: 10093
01-11 07:28:43.784 19595 19595 I service_manager_slow: [13,activity]
01-11 07:28:43.785 1504 2062 I am_proc_bound: [0,19595,com.android.keychain]
01-11 07:28:43.816 1504 1616 I commit_sys_config_file: [input-subtypes,2]
01-11 07:28:43.863 1504 12485 I am_uid_running: 10018
01-11 07:28:43.871 1504 1618 I am_proc_start: [0,19656,10018,android.process.media,broadcast,{com.android.providers.downloads/com.android.providers.downloads.DownloadReceiver}]
01-11 07:28:43.886 1504 12485 I am_proc_bound: [0,19656,android.process.media]
01-11 07:28:43.961 1504 1683 I commit_sys_config_file: [settings-0-0,3]
01-11 07:28:44.012 1504 1608 I commit_sys_config_file: [notification-policy,12526502]
01-11 07:28:44.575 0 0 I auditd : type=1400 audit(0.0:15225): avc: denied { kill } for comm="swapper/2" capability=5 scontext=u:r:kernel:s0 tcontext=u:r:kernel:s0 tclass=capability permissive=0
01-11 07:28:45.575 0 0 I auditd : type=1400 audit(0.0:15226): avc: denied { kill } for comm="swapper/2" capability=5 scontext=u:r:kernel:s0 tcontext=u:r:kernel:s0 tclass=capability permissive=0
01-11 07:28:45.837 1504 1608 I commit_sys_config_file: [jobs,5]
01-11 07:28:46.728 1504 1616 I sysui_multi_action: [757,1717,758,1,759,0]
01-11 07:28:46.729 1504 1616 I sysui_multi_action: [757,1717,758,2,759,0]
01-11 07:28:46.729 1504 1616 I sysui_multi_action: [757,1717,758,3,759,0]
01-11 07:28:47.575 0 0 I auditd : type=1400 audit(0.0:15227): avc: denied { kill } for comm="swapper/0" capability=5 scontext=u:r:kernel:s0 tcontext=u:r:kernel:s0 tclass=capability permissive=0
01-11 07:28:48.575 0 0 I auditd : type=1400 audit(0.0:15228): avc: denied { kill } for comm="swapper/0" capability=5 scontext=u:r:kernel:s0 tcontext=u:r:kernel:s0 tclass=capability permissive=0
01-11 07:28:49.575 0 0 I auditd : type=1400 audit(0.0:15229): avc: denied { kill } for comm="swapper/0" capability=5 scontext=u:r:kernel:s0 tcontext=u:r:kernel:s0 tclass=capability permissive=0
01-11 07:28:50.575 0 0 I auditd : type=1400 audit(0.0:15230): avc: denied { kill } for comm="swapper/0" capability=5 scontext=u:r:kernel:s0 tcontext=u:r:kernel:s0 tclass=capability permissive=0
01-11 07:28:51.575 0 0 I auditd : type=1400 audit(0.0:15231): avc: denied { kill } for comm="swapper/0" capability=5 scontext=u:r:kernel:s0 tcontext=u:r:kernel:s0 tclass=capability permissive=0
01-11 07:28:52.575 0 0 I auditd : type=1400 audit(0.0:15232): avc: denied { kill } for comm="swapper/0" capability=5 scontext=u:r:kernel:s0 tcontext=u:r:kernel:s0 tclass=capability permissive=0
01-11 07:28:53.571 1504 1641 I commit_sys_config_file: [package-user-0,2]
01-11 07:28:53.571 1504 1641 I commit_sys_config_file: [package,37]
01-11 07:28:53.665 1504 2008 I commit_sys_config_file: [appops,12526086]
01-11 07:28:53.703 1504 1609 I commit_sys_config_file: [warnings-config,5]
01-11 07:28:53.736 1504 1699 I input_interaction: Interaction with: c8c2ef0 com.android.launcher3/com.android.launcher3.uioverrides.QuickstepLauncher (server), dbb0197 com.android.systemui.ImageWallpaper (server), edge-swipe (server), swipe-up (server), PointerEventDispatcher0 (server),
01-11 07:28:53.837 1504 12485 I sysui_multi_action: [757,127,758,1]
01-11 07:28:53.838 1504 12485 I sysui_multi_action: [757,804,799,note_load,801,2,802,1]
01-11 07:28:53.838 1504 12485 I notification_panel_revealed: 2
01-11 07:28:53.841 1504 12485 I sysui_multi_action: [757,128,758,1,793,12534720,794,0,795,12534720,796,26,798,0,806,android,857,DEVELOPER_IMPORTANT,858,4,947,0,1395,2,1500,12534281,1688,1]
01-11 07:28:53.841 1504 12485 I sysui_multi_action: [757,804,799,note_freshness,801,12534720,802,1]
01-11 07:28:53.841 1504 12485 I notification_visibility: [-1|android|26|null|1000,1,12534720,12534720,0,0]
01-11 07:28:53.842 1504 12485 I sysui_multi_action: [757,128,758,1,793,12535562,794,0,795,12535562,796,32,798,1,806,android,857,USB,858,1,947,0,1395,2,1500,12535492,1688,1]
01-11 07:28:53.842 1504 12485 I sysui_multi_action: [757,804,799,note_freshness,801,12535562,802,1]
01-11 07:28:53.842 1504 12485 I notification_visibility: [-1|android|32|null|1000,1,12535562,12535562,0,1]
01-11 07:28:53.861 1504 1610 I input_focus: [Focus request 453c472 NotificationShade,reason=UpdateInputWindows]
01-11 07:28:53.891 1504 1699 I input_focus: [Focus leaving c8c2ef0 com.android.launcher3/com.android.launcher3.uioverrides.QuickstepLauncher (server),reason=setFocusedWindow]
01-11 07:28:53.891 1504 1699 I input_focus: [Focus entering 453c472 NotificationShade (server),reason=setFocusedWindow]
01-11 07:28:53.931 1974 1974 I sysui_multi_action: [757,111,758,1]
01-11 07:28:53.931 1974 1974 I sysui_multi_action: [757,126,758,1,759,126,927,0,928,1,1593,0]
01-11 07:28:53.931 1974 1974 I sysui_multi_action: [757,113,758,1,759,113,927,1,928,1,1593,0]
01-11 07:28:53.931 1974 1974 I sysui_multi_action: [757,0,758,1,759,0,927,2,928,0,1593,0]
01-11 07:28:53.931 1974 1974 I sysui_multi_action: [757,0,758,1,759,0,927,3,928,0,1593,0]
01-11 07:28:53.932 1974 1974 I sysui_multi_action: [757,491,758,1,759,491,927,4,928,1,1311,-1,1593,0]
01-11 07:28:53.932 1974 1974 I sysui_multi_action: [757,0,758,1,759,0,927,5,928,0,1593,0]
01-11 07:28:53.932 1974 1974 I sysui_multi_action: [757,111,758,1]
01-11 07:28:53.932 1974 1974 I sysui_multi_action: [757,126,758,1,759,126,927,0,928,1,1593,0]
01-11 07:28:53.932 1974 1974 I sysui_multi_action: [757,113,758,1,759,113,927,1,928,1,1593,0]
01-11 07:28:53.932 1974 1974 I sysui_multi_action: [757,0,758,1,759,0,927,2,928,0,1593,0]
01-11 07:28:53.932 1974 1974 I sysui_multi_action: [757,0,758,1,759,0,927,3,928,0,1593,0]
01-11 07:28:54.575 1601 1601 I auditd : type=1400 audit(0.0:15233): avc: denied { kill } for comm="irq/394-atmel_m" capability=5 scontext=u:r:kernel:s0 tcontext=u:r:kernel:s0 tclass=capability permissive=0
01-11 07:28:55.085 1504 1699 I input_interaction: Interaction with: 453c472 NotificationShade (server), edge-swipe (server), swipe-up (server), PointerEventDispatcher0 (server),
01-11 07:28:55.575 0 0 I auditd : type=1400 audit(0.0:15234): avc: denied { kill } for comm="swapper/0" capability=5 scontext=u:r:kernel:s0 tcontext=u:r:kernel:s0 tclass=capability permissive=0
01-11 07:28:56.408 1504 1504 I notification_enqueue: [10081,1974,com.android.systemui,2048,NULL,0,Notification(channel=updateNotification shortcut=null contentView=null vibrate=null sound=null defaults=0x0 flags=0x0 color=0x00000000 vis=PRIVATE),1]
01-11 07:28:56.408 1974 1974 I sysui_multi_action: [757,111,758,2]
01-11 07:28:56.409 1974 1974 I sysui_multi_action: [757,111,758,2]
01-11 07:28:56.514 1504 1610 I input_focus: [Focus request c8c2ef0 com.android.launcher3/com.android.launcher3.uioverrides.QuickstepLauncher,reason=UpdateInputWindows]
01-11 07:28:56.517 1504 13718 I sysui_multi_action: [757,128,758,2,793,12537397,794,2677,795,12537397,796,26,798,0,806,android,857,DEVELOPER_IMPORTANT,858,4,947,0,1395,2,1500,12536958,1688,1]
01-11 07:28:56.518 1504 13718 I notification_visibility: [-1|android|26|null|1000,0,12537397,12537397,0,0]
01-11 07:28:56.518 1504 13718 I sysui_multi_action: [757,128,758,2,793,12538238,794,2676,795,12538238,796,32,798,1,806,android,857,USB,858,1,947,0,1395,2,1500,12538168,1688,1]
01-11 07:28:56.519 1504 13718 I notification_visibility: [-1|android|32|null|1000,0,12538238,12538238,0,1]
01-11 07:28:56.520 1504 2062 I sysui_multi_action: [757,127,758,2]
01-11 07:28:56.520 1504 2062 I notification_panel_hidden:
01-11 07:28:56.546 1504 1699 I input_focus: [Focus leaving 453c472 NotificationShade (server),reason=NO_WINDOW]
01-11 07:28:56.546 1504 1699 I input_focus: [Focus entering c8c2ef0 com.android.launcher3/com.android.launcher3.uioverrides.QuickstepLauncher (server),reason=setFocusedWindow]
01-11 07:28:56.575 1601 1601 I auditd : type=1400 audit(0.0:15235): avc: denied { kill } for comm="irq/394-atmel_m" capability=5 scontext=u:r:kernel:s0 tcontext=u:r:kernel:s0 tclass=capability permissive=0
01-11 07:28:57.575 0 0 I auditd : type=1400 audit(0.0:15236): avc: denied { kill } for comm="swapper/0" capability=5 scontext=u:r:kernel:s0 tcontext=u:r:kernel:s0 tclass=capability permissive=0
01-11 07:28:57.586 1504 1699 I input_interaction: Interaction with: c8c2ef0 com.android.launcher3/com.android.launcher3.uioverrides.QuickstepLauncher (server), dbb0197 com.android.systemui.ImageWallpaper (server), edge-swipe (server), swipe-up (server), PointerEventDispatcher0 (server),
01-11 07:28:57.709 2545 2545 I view_enqueue_input_event: [Motion - Cancel,com.android.launcher3/com.android.launcher3.uioverrides.QuickstepLauncher]
01-11 07:28:57.718 1504 1699 I input_interaction: Interaction with: edge-swipe (server), swipe-up (server), PointerEventDispatcher0 (server),
01-11 07:28:57.885 1504 1683 I commit_sys_config_file: [settings-1-0,4]
01-11 07:28:58.228 1504 1683 I commit_sys_config_file: [settings-1-0,5]
01-11 07:28:58.526 1504 1733 I netstats_mobile_sample: [0,0,0,0,0,0,0,0,0,0,0,0,1673393338525]
01-11 07:28:58.526 1504 1733 I netstats_wifi_sample: [602167163,714162,155020609,395471,602167163,714162,155020609,395471,692162718,927746,81143941,239669,1673393338525]
01-11 07:28:58.575 0 0 I auditd : type=1400 audit(0.0:15237): avc: denied { kill } for comm="swapper/0" capability=5 scontext=u:r:kernel:s0 tcontext=u:r:kernel:s0 tclass=capability permissive=0
01-11 07:28:59.132 1504 1699 I input_interaction: Interaction with: c8c2ef0 com.android.launcher3/com.android.launcher3.uioverrides.QuickstepLauncher (server), dbb0197 com.android.systemui.ImageWallpaper (server), edge-swipe (server), swipe-up (server), PointerEventDispatcher0 (server),
01-11 07:28:59.575 0 0 I auditd : type=1400 audit(0.0:15238): avc: denied { kill } for comm="swapper/0" capability=5 scontext=u:r:kernel:s0 tcontext=u:r:kernel:s0 tclass=capability permissive=0
01-11 07:28:59.648 1504 17307 I wm_finish_activity: [0,8964422,147,com.android.music/.MusicBrowserActivity,recent-task-trimmed]
01-11 07:28:59.650 1504 17307 I wm_destroy_activity: [0,8964422,147,com.android.music/.MusicBrowserActivity,finish-imm:finishIfPossible]
01-11 07:28:59.653 1504 17307 I wm_finish_activity: [0,116461560,149,com.android.gallery3d/.app.GalleryActivity,recent-task-trimmed]
01-11 07:28:59.654 1504 17307 I wm_destroy_activity: [0,116461560,149,com.android.gallery3d/.app.GalleryActivity,finish-imm:finishIfPossible]
01-11 07:28:59.655 1504 17307 I wm_task_removed: [149,removeChild:removeChild last r=ActivityRecord{6f10ff8 u0 com.android.gallery3d/.app.GalleryActivity t-1 f}} in t=Task{252e8c5 #149 type=standard A=10068:com.android.gallery3d U=0 visible=false mode=fullscreen translucent=true sz=0}]
01-11 07:28:59.655 1504 17307 I wm_task_removed: [149,removeChild]
01-11 07:28:59.661 1504 17307 I wm_finish_activity: [0,254344633,148,com.android.settings/.Settings,recent-task-trimmed]
01-11 07:28:59.662 1504 17307 I wm_destroy_activity: [0,254344633,148,com.android.settings/.Settings,finish-imm:finishIfPossible]
01-11 07:28:59.663 1504 17307 I wm_task_removed: [148,removeChild:removeChild last r=ActivityRecord{f28fdb9 u0 com.android.settings/.Settings t-1 f}} in t=Task{f0a5298 #148 type=standard A=1000:com.android.settings.root U=0 visible=false mode=fullscreen translucent=true sz=0}]
01-11 07:28:59.663 1504 17307 I wm_task_removed: [148,removeChild]
01-11 07:28:59.666 1504 17307 I wm_finish_activity: [0,87995833,152,com.android.documentsui/.files.FilesActivity,recent-task-trimmed]
01-11 07:28:59.667 1504 17307 I wm_destroy_activity: [0,87995833,152,com.android.documentsui/.files.FilesActivity,finish-imm:finishIfPossible]
01-11 07:28:59.670 1504 1609 I sysui_multi_action: [757,803,799,window_time_0,802,20]
01-11 07:28:59.683 1504 1609 I am_kill : [0,19248,com.android.gallery3d,955,remove task]
01-11 07:28:59.688 17168 17168 I wm_on_destroy_called: [87995833,com.android.documentsui.files.FilesActivity,performDestroy]
01-11 07:28:59.689 17483 17483 I wm_on_destroy_called: [8964422,com.android.music.MusicBrowserActivity,performDestroy]
01-11 07:28:59.692 1504 1609 I sysui_multi_action: [757,803,799,window_time_0,802,0]
01-11 07:28:59.693 1504 1609 I am_kill : [0,19103,com.android.settings,905,remove task]
01-11 07:28:59.705 1504 1609 I sysui_multi_action: [757,803,799,window_time_0,802,0]
01-11 07:28:59.707 1504 1617 I am_uid_running: 10029
01-11 07:28:59.709 1504 13718 I wm_task_removed: [147,removeChild:removeChild last r=ActivityRecord{88c946 u0 com.android.music/.MusicBrowserActivity t-1 f}} in t=Task{7ad4eb8 #147 type=standard A=10089:android.task.music U=0 visible=false mode=fullscreen translucent=true sz=0}]
01-11 07:28:59.709 1504 13718 I wm_task_removed: [147,removeChild]
01-11 07:28:59.713 1504 13718 I wm_task_removed: [152,removeChild:removeChild last r=ActivityRecord{53eb5b9 u0 com.android.documentsui/.files.FilesActivity t-1 f}} in t=Task{1dbbc7b #152 type=standard A=10024:com.android.documentsui U=0 visible=false mode=fullscreen translucent=true sz=0}]
01-11 07:28:59.713 1504 13718 I wm_task_removed: [152,removeChild]
01-11 07:28:59.726 1504 1609 I am_kill : [0,17168,com.android.documentsui,905,remove task]
01-11 07:28:59.727 1504 1609 I sysui_multi_action: [757,803,799,window_time_0,802,0]
01-11 07:28:59.730 1504 17307 I sysui_multi_action: [757,856,758,2,806,com.android.music,857,Channel-music,858,2]
01-11 07:28:59.730 1504 1504 I notification_cancel_all: [1000,1504,com.android.music,0,0,0,20,NULL]
01-11 07:28:59.736 1504 1618 I am_proc_start: [0,19703,10029,com.android.musicfx,broadcast,{com.android.musicfx/com.android.musicfx.ControlPanelReceiver}]
01-11 07:28:59.742 1504 17307 I am_proc_died: [0,19248,com.android.gallery3d,955,19]
01-11 07:28:59.744 1504 17307 I am_uid_stopped: 10068
01-11 07:28:59.762 1504 13718 I am_proc_bound: [0,19703,com.android.musicfx]
01-11 07:28:59.763 1504 1616 I am_pss : [19549,10067,com.android.deskclock,8955904,6017024,0,95199232,0,19,6]
01-11 07:28:59.768 1504 17307 I am_proc_died: [0,19103,com.android.settings,905,19]
01-11 07:28:59.771 1504 1609 I am_uid_stopped: 10024
01-11 07:28:59.771 1504 1609 I am_uid_running: 10024
01-11 07:28:59.775 1504 1609 I am_uid_running: 10068
01-11 07:28:59.793 1504 2062 I am_proc_died: [0,17168,com.android.documentsui,905,19]
01-11 07:28:59.804 1504 1618 I am_proc_start: [0,19719,10024,com.android.documentsui,NULL,]
01-11 07:28:59.813 1504 1618 I am_proc_start: [0,19720,1000,com.android.settings,NULL,]
01-11 07:28:59.822 1504 1618 I am_proc_start: [0,19732,10068,com.android.gallery3d,NULL,]
01-11 07:28:59.831 1504 2062 I am_proc_bound: [0,19719,com.android.documentsui]
01-11 07:28:59.836 1504 2062 I am_proc_bound: [0,19720,com.android.settings]
01-11 07:28:59.847 1504 2062 I am_proc_bound: [0,19732,com.android.gallery3d]
01-11 07:28:59.891 1504 2244 I am_wtf : [0,19720,com.android.settings,952647173,RoleParser,com.android.permissioncontroller.role.model.AssistantRoleBehavior]
01-11 07:28:59.893 1504 2244 I am_wtf : [0,19720,com.android.settings,952647173,RoleParser,com.android.permissioncontroller.role.model.BrowserRoleBehavior]
01-11 07:28:59.895 1504 2244 I am_wtf : [0,19720,com.android.settings,952647173,RoleParser,com.android.permissioncontroller.role.model.DialerRoleBehavior]
01-11 07:28:59.900 1504 2062 I am_wtf : [0,19720,com.android.settings,952647173,RoleParser,com.android.permissioncontroller.role.model.SmsRoleBehavior]
01-11 07:28:59.904 1504 2114 I am_wtf : [0,19720,com.android.settings,952647173,RoleParser,com.android.permissioncontroller.role.model.EmergencyRoleBehavior]
01-11 07:28:59.906 1504 12485 I am_wtf : [0,19720,com.android.settings,952647173,RoleParser,com.android.permissioncontroller.role.model.HomeRoleBehavior]
01-11 07:28:59.908 1504 12485 I am_wtf : [0,19720,com.android.settings,952647173,RoleParser,com.android.permissioncontroller.role.model.SystemAutomotiveClusterRoleBehavior]
01-11 07:28:59.911 1504 12485 I am_wtf : [0,19720,com.android.settings,952647173,RoleParser,com.android.permissioncontroller.role.model.CompanionDeviceWatchRoleBehavior]
01-11 07:28:59.912 1504 12485 I am_wtf : [0,19720,com.android.settings,952647173,RoleParser,com.android.permissioncontroller.role.model.SystemShellRoleBehavior]
01-11 07:28:59.914 1504 2244 I am_wtf : [0,19720,com.android.settings,952647173,RoleParser,com.android.permissioncontroller.role.model.TelevisionRoleBehavior]
01-11 07:28:59.916 1504 12485 I am_wtf : [0,19720,com.android.settings,952647173,RoleParser,com.android.permissioncontroller.role.model.TelevisionRoleBehavior]
01-11 07:28:59.987 1504 1608 I commit_sys_config_file: [notification-policy,12542477]
01-11 07:29:00.575 1601 1601 I auditd : type=1400 audit(0.0:15239): avc: denied { kill } for comm="irq/394-atmel_m" capability=5 scontext=u:r:kernel:s0 tcontext=u:r:kernel:s0 tclass=capability permissive=0
01-11 07:29:01.575 0 0 I auditd : type=1400 audit(0.0:15240): avc: denied { kill } for comm="swapper/0" capability=5 scontext=u:r:kernel:s0 tcontext=u:r:kernel:s0 tclass=capability permissive=0
01-11 07:29:02.575 0 0 I auditd : type=1400 audit(0.0:15241): avc: denied { kill } for comm="swapper/0" capability=5 scontext=u:r:kernel:s0 tcontext=u:r:kernel:s0 tclass=capability permissive=0
01-11 07:29:03.575 0 0 I auditd : type=1400 audit(0.0:15242): avc: denied { kill } for comm="swapper/0" capability=5 scontext=u:r:kernel:s0 tcontext=u:r:kernel:s0 tclass=capability permissive=0
01-11 07:29:05.575 0 0 I auditd : type=1400 audit(0.0:15243): avc: denied { kill } for comm="swapper/2" capability=5 scontext=u:r:kernel:s0 tcontext=u:r:kernel:s0 tclass=capability permissive=0
01-11 07:29:06.575 0 0 I auditd : type=1400 audit(0.0:15244): avc: denied { kill } for comm="swapper/2" capability=5 scontext=u:r:kernel:s0 tcontext=u:r:kernel:s0 tclass=capability permissive=0
01-11 07:29:07.575 0 0 I auditd : type=1400 audit(0.0:15245): avc: denied { kill } for comm="swapper/2" capability=5 scontext=u:r:kernel:s0 tcontext=u:r:kernel:s0 tclass=capability permissive=0
01-11 07:29:08.575 0 0 I auditd : type=1400 audit(0.0:15246): avc: denied { kill } for comm="swapper/2" capability=5 scontext=u:r:kernel:s0 tcontext=u:r:kernel:s0 tclass=capability permissive=0
01-11 07:29:09.575 0 0 I auditd : type=1400 audit(0.0:15247): avc: denied { kill } for comm="swapper/2" capability=5 scontext=u:r:kernel:s0 tcontext=u:r:kernel:s0 tclass=capability permissive=0
01-11 07:29:10.575 0 0 I auditd : type=1400 audit(0.0:15248): avc: denied { kill } for comm="swapper/2" capability=5 scontext=u:r:kernel:s0 tcontext=u:r:kernel:s0 tclass=capability permissive=0
01-11 07:29:11.575 0 0 I auditd : type=1400 audit(0.0:15249): avc: denied { kill } for comm="swapper/2" capability=5 scontext=u:r:kernel:s0 tcontext=u:r:kernel:s0 tclass=capability permissive=0
01-11 07:29:12.183 1504 1773 I storage_state: [41217664-9172-527a-b3d5-edabb50a7d69,0,0,114883850240,118610538496]
01-11 07:29:12.575 0 0 I auditd : type=1400 audit(0.0:15250): avc: denied { kill } for comm="swapper/2" capability=5 scontext=u:r:kernel:s0 tcontext=u:r:kernel:s0 tclass=capability permissive=0
01-11 07:29:13.575 0 0 I auditd : type=1400 audit(0.0:15251): avc: denied { kill } for comm="swapper/2" capability=5 scontext=u:r:kernel:s0 tcontext=u:r:kernel:s0 tclass=capability permissive=0
01-11 07:29:13.787 1504 1616 I am_pss : [19656,10018,android.process.media,11370496,9326592,0,99647488,0,19,12]
01-11 07:29:13.798 1504 1616 I am_pss : [19595,1000,com.android.keychain,8844288,6868992,0,96366592,0,19,7]
01-11 07:29:14.575 0 0 I auditd : type=1400 audit(0.0:15252): avc: denied { kill } for comm="swapper/2" capability=5 scontext=u:r:kernel:s0 tcontext=u:r:kernel:s0 tclass=capability permissive=0
01-11 07:29:15.575 0 0 I auditd : type=1400 audit(0.0:15253): avc: denied { kill } for comm="swapper/2" capability=5 scontext=u:r:kernel:s0 tcontext=u:r:kernel:s0 tclass=capability permissive=0
01-11 07:29:16.575 0 0 I auditd : type=1400 audit(0.0:15254): avc: denied { kill } for comm="swapper/2" capability=5 scontext=u:r:kernel:s0 tcontext=u:r:kernel:s0 tclass=capability permissive=0
01-11 07:29:17.575 0 0 I auditd : type=1400 audit(0.0:15255): avc: denied { kill } for comm="swapper/2" capability=5 scontext=u:r:kernel:s0 tcontext=u:r:kernel:s0 tclass=capability permissive=0
01-11 07:29:18.575 0 0 I auditd : type=1400 audit(0.0:15256): avc: denied { kill } for comm="swapper/2" capability=5 scontext=u:r:kernel:s0 tcontext=u:r:kernel:s0 tclass=capability permissive=0
01-11 07:29:19.575 0 0 I auditd : type=1400 audit(0.0:15257): avc: denied { kill } for comm="swapper/2" capability=5 scontext=u:r:kernel:s0 tcontext=u:r:kernel:s0 tclass=capability permissive=0
01-11 07:29:20.575 0 0 I auditd : type=1400 audit(0.0:15258): avc: denied { kill } for comm="swapper/2" capability=5 scontext=u:r:kernel:s0 tcontext=u:r:kernel:s0 tclass=capability permissive=0
01-11 07:29:21.575 0 0 I auditd : type=1400 audit(0.0:15259): avc: denied { kill } for comm="swapper/2" capability=5 scontext=u:r:kernel:s0 tcontext=u:r:kernel:s0 tclass=capability permissive=0
01-11 07:29:22.575 0 0 I auditd : type=1400 audit(0.0:15260): avc: denied { kill } for comm="swapper/2" capability=5 scontext=u:r:kernel:s0 tcontext=u:r:kernel:s0 tclass=capability permissive=0
01-11 07:29:23.575 0 0 I auditd : type=1400 audit(0.0:15261): avc: denied { kill } for comm="swapper/2" capability=5 scontext=u:r:kernel:s0 tcontext=u:r:kernel:s0 tclass=capability permissive=0
01-11 07:29:24.575 0 0 I auditd : type=1400 audit(0.0:15262): avc: denied { kill } for comm="swapper/2" capability=5 scontext=u:r:kernel:s0 tcontext=u:r:kernel:s0 tclass=capability permissive=0
01-11 07:29:25.575 0 0 I auditd : type=1400 audit(0.0:15263): avc: denied { kill } for comm="swapper/2" capability=5 scontext=u:r:kernel:s0 tcontext=u:r:kernel:s0 tclass=capability permissive=0
01-11 07:29:26.575 0 0 I auditd : type=1400 audit(0.0:15264): avc: denied { kill } for comm="swapper/2" capability=5 scontext=u:r:kernel:s0 tcontext=u:r:kernel:s0 tclass=capability permissive=0
01-11 07:29:27.575 0 0 I auditd : type=1400 audit(0.0:15265): avc: denied { kill } for comm="swapper/2" capability=5 scontext=u:r:kernel:s0 tcontext=u:r:kernel:s0 tclass=capability permissive=0
01-11 07:29:28.575 0 0 I auditd : type=1400 audit(0.0:15266): avc: denied { kill } for comm="swapper/2" capability=5 scontext=u:r:kernel:s0 tcontext=u:r:kernel:s0 tclass=capability permissive=0 --------- beginning of main
01-11 07:29:29.428 640 651 I mpu_uart: [MSG-P:RECV]:No message received in 1000 ms
01-11 07:29:29.575 0 0 I auditd : type=1400 audit(0.0:15267): avc: denied { kill } for comm="swapper/2" capability=5 scontext=u:r:kernel:s0 tcontext=u:r:kernel:s0 tclass=capability permissive=0
01-11 07:29:29.575 0 0 W swapper/2: type=1400 audit(0.0:15267): avc: denied { kill } for capability=5 scontext=u:r:kernel:s0 tcontext=u:r:kernel:s0 tclass=capability permissive=0
01-11 07:29:29.967 799 799 D vendor.qti.bluetooth@1.0-ibs_handler: SerialClockVote: vote for UART CLK ON
01-11 07:29:29.968 799 799 D vendor.qti.bluetooth@1.0-wake_lock: Acquire wakelock is acquired
01-11 07:29:29.968 799 799 I vendor.qti.bluetooth@1.0-ibs_handler: DeviceWakeUp: Writing IBS_WAKE_IND
01-11 07:29:29.974 799 2953 I vendor.qti.bluetooth@1.0-ibs_handler: ProcessIbsCmd: Received IBS_WAKE_ACK: 0xFC
01-11 07:29:29.974 799 2953 I vendor.qti.bluetooth@1.0-ibs_handler: ProcessIbsCmd: Signal wack_cond_
01-11 07:29:29.974 799 799 D vendor.qti.bluetooth@1.0-ibs_handler: DeviceWakeUp: Unblocked from waiting for FC, pthread_cond_timedwait ret = 0
01-11 07:29:29.975 799 2953 I vendor.qti.bluetooth@1.0-ibs_handler: ProcessIbsCmd: Received IBS_WAKE_IND: 0xFD
01-11 07:29:29.975 799 2953 I vendor.qti.bluetooth@1.0-ibs_handler: ProcessIbsCmd: Writing IBS_WAKE_ACK
01-11 07:29:29.976 1958 2955 I bt_stack: [INFO:btm_ble_bgconn.cc(429)] Already connection initiated (or) No Pending connections(or) Resources of lcb are exhausted
01-11 07:29:30.057 799 2953 I vendor.qti.bluetooth@1.0-ibs_handler: ProcessIbsCmd: Received IBS_SLEEP_IND: 0xFE
01-11 07:29:30.428 640 651 I mpu_uart: [MSG-P:RECV]:No message received in 1000 ms
01-11 07:29:30.578 640 650 I mpu_uart: [MSG-P:R]:recv sync frame timeout
01-11 07:29:30.575 0 0 I auditd : type=1400 audit(0.0:15268): avc: denied { kill } for comm="swapper/2" capability=5 scontext=u:r:kernel:s0 tcontext=u:r:kernel:s0 tclass=capability permissive=0
01-11 07:29:30.575 0 0 W swapper/2: type=1400 audit(0.0:15268): avc: denied { kill } for capability=5 scontext=u:r:kernel:s0 tcontext=u:r:kernel:s0 tclass=capability permissive=0
01-11 07:29:30.977 799 2958 I vendor.qti.bluetooth@1.0-ibs_handler: DeviceSleep: TX Awake, Sending SLEEP_IND
01-11 07:29:30.977 799 2958 D vendor.qti.bluetooth@1.0-ibs_handler: SerialClockVote: vote for UART CLK OFF
01-11 07:29:31.127 799 2529 D vendor.qti.bluetooth@1.0-wake_lock: Release wakelock is released
01-11 07:29:31.175 2081 18390 D NetworkMonitor/102: isDataStall: result=1, tcp packets received=0, latest tcp fail rate=0, consecutive dns timeout count=144
01-11 07:29:31.176 2081 18390 D NetworkMonitor/102: Suspecting data stall, reevaluate
01-11 07:29:31.177 2081 19815 D NetworkMonitor/102: Validation disabled.
01-11 07:29:31.178 1504 12485 D ConnectivityService: Data stall detected with methods: 1
01-11 07:29:31.182 1504 1763 D ConnectivityService: [102 WIFI] validation passed --------- beginning of kernel
01-01 12:30:01.524 0 0 I logd : logdr: UID=2000 GID=2000 PID=19822 b tail=0 logMask=bf pid=0 start=0ns deadline=0ns
01-11 07:29:31.429 640 651 I mpu_uart: [MSG-P:RECV]:No message received in 1000 ms
01-11 07:29:31.575 0 0 I auditd : type=1400 audit(0.0:15269): avc: denied { kill } for comm="swapper/2" capability=5 scontext=u:r:kernel:s0 tcontext=u:r:kernel:s0 tclass=capability permissive=0
01-11 07:29:31.575 0 0 W swapper/2: type=1400 audit(0.0:15269): avc: denied { kill } for capability=5 scontext=u:r:kernel:s0 tcontext=u:r:kernel:s0 tclass=capability permissive=0
01-11 07:29:32.429 640 651 I mpu_uart: [MSG-P:RECV]:No message received in 1000 ms
01-11 07:29:32.575 0 0 I auditd : type=1400 audit(0.0:15270): avc: denied { kill } for comm="swapper/2" capability=5 scontext=u:r:kernel:s0 tcontext=u:r:kernel:s0 tclass=capability permissive=0
01-11 07:29:32.575 0 0 W swapper/2: type=1400 audit(0.0:15270): avc: denied { kill } for capability=5 scontext=u:r:kernel:s0 tcontext=u:r:kernel:s0 tclass=capability permissive=0
01-11 07:29:33.429 640 651 I mpu_uart: [MSG-P:RECV]:No message received in 1000 ms
01-11 07:29:33.581 640 650 I mpu_uart: [MSG-P:R]:recv sync frame timeout
01-11 07:29:33.575 0 0 I auditd : type=1400 audit(0.0:15271): avc: denied { kill } for comm="swapper/2" capability=5 scontext=u:r:kernel:s0 tcontext=u:r:kernel:s0 tclass=capability permissive=0
01-11 07:29:33.575 0 0 W swapper/2: type=1400 audit(0.0:15271): avc: denied { kill } for capability=5 scontext=u:r:kernel:s0 tcontext=u:r:kernel:s0 tclass=capability permissive=0
01-11 07:29:34.430 640 651 I mpu_uart: [MSG-P:RECV]:No message received in 1000 ms
01-11 07:29:34.575 0 0 I auditd : type=1400 audit(0.0:15272): avc: denied { kill } for comm="swapper/2" capability=5 scontext=u:r:kernel:s0 tcontext=u:r:kernel:s0 tclass=capability permissive=0
01-11 07:29:34.575 0 0 W swapper/2: type=1400 audit(0.0:15272): avc: denied { kill } for capability=5 scontext=u:r:kernel:s0 tcontext=u:r:kernel:s0 tclass=capability permissive=0
01-11 07:29:35.430 640 651 I mpu_uart: [MSG-P:RECV]:No message received in 1000 ms
01-11 07:29:35.510 2081 3375 D DhcpClient: Received packet: 34:f7:16:b2:40:47 ACK: your new IP /192.168.0.4, netmask /255.255.255.0, gateways [/192.168.0.1] DNS servers: /192.168.0.1 , lease time 30
01-01 12:30:05.743 0 0 I [dp_rx_][0x3846e74b58][07:29:35.508241] wlan: [3359:I:QDF] DHCP-A RX: SA:58:d9:d5:44:ba:d8 DA:ff:ff:ff:ff:ff:ff
01-11 07:29:35.852 1197 1366 I selfinstaller: create socket failed: No route to host 113
01-11 07:29:35.917 2545 2545 D EditModeHelper: setHotseatVisibility: 8 --------- beginning of system
01-11 07:29:35.921 1504 2062 W FreeFormWindowHelper: Current Display FreeFormTask is null
01-11 07:29:35.922 2545 2545 D FreeWindowContainer: reloadTask: null
01-11 07:29:35.931 1504 12485 I InputDispatcher: Monitor swipe-up (server) is stealing touch from [c8c2ef0 com.android.launcher3/com.android.launcher3.uioverrides.QuickstepLauncher (server), dbb0197 com.android.systemui.ImageWallpaper (server), ]
01-11 07:29:35.932 1504 12485 W FreeFormWindowHelper: Current Display FreeFormTask is null
01-11 07:29:35.935 2545 2545 I view_enqueue_input_event: [Motion - Cancel,com.android.launcher3/com.android.launcher3.uioverrides.QuickstepLauncher]
01-11 07:29:35.935 1504 2114 W FreeFormWindowHelper: Current Display FreeFormTask is null
01-11 07:29:35.935 1504 2114 W FreeFormWindowHelper: Current Display FreeFormTask is null
01-11 07:29:35.936 1504 2114 W FreeFormWindowHelper: Current Display FreeFormTask is null
01-11 07:29:35.936 1974 1974 V ShadeControllerImpl: NotificationShadeWindow: com.android.systemui.statusbar.phone.NotificationShadeWindowView{ed31ddc I.E...... ......ID 0,0-2560,1080} canPanelBeCollapsed(): false
01-11 07:29:35.941 1504 1699 I input_interaction: Interaction with: edge-swipe (server), swipe-up (server), PointerEventDispatcher0 (server),
01-11 07:29:35.983 1209 7539 I OMX-VENC: venc_dev: stats: avg. fps 0.04, bitrate 978
01-11 07:29:36.125 1504 1683 I commit_sys_config_file: [settings-1-0,6]
01-11 07:29:36.234 2545 2545 D NoButtonQuickSwitchTouchController: onMotionPauseDetected:
01-11 07:29:36.237 920 920 D vendor.qti.vibrator: Vibrator perform effect 0
01-11 07:29:36.238 920 920 D vendor.qti.vibrator: Vibrator on for timeoutMs: 10
01-11 07:29:36.238 920 19827 D vendor.qti.vibrator: Starting on on another thread
01-11 07:29:36.247 920 920 D vendor.qti.vibrator: QTI Vibrator off
01-11 07:29:36.248 2545 2545 D NoButtonQuickSwitchTouchController: onDragEnd: noFling=true,isPaused=true,velocity=PointF(-0.04552154, 0.31869856)
01-11 07:29:36.250 2545 2545 D EditModeHelper: setHotseatVisibility: 0
01-11 07:29:36.251 920 19827 D vendor.qti.vibrator: Notifying on complete
01-11 07:29:36.255 1504 2244 W FreeFormWindowHelper: Current Display FreeFormTask is null
01-11 07:29:36.255 1504 2114 W FreeFormWindowHelper: Current Display FreeFormTask is null
01-11 07:29:36.267 1504 2062 W FreeFormWindowHelper: Current Display FreeFormTask is null
01-11 07:29:36.268 2545 2545 W View : requestLayout() improperly called by com.android.launcher3.views.NoInsetView{686b4dc V.ED..... ......ID 2218,0-2560,1080 #7f09007c app:id/bg_hotseat} during layout: running second layout pass
01-11 07:29:36.269 920 920 D vendor.qti.vibrator: Vibrator on for timeoutMs: 30
01-11 07:29:36.269 920 19830 D vendor.qti.vibrator: Starting on on another thread
01-11 07:29:36.284 1504 2062 W FreeFormWindowHelper: Current Display FreeFormTask is null
01-11 07:29:36.299 920 19830 D vendor.qti.vibrator: Notifying on complete
01-11 07:29:36.301 1504 2062 W FreeFormWindowHelper: Current Display FreeFormTask is null
01-11 07:29:36.301 920 920 D vendor.qti.vibrator: QTI Vibrator off
01-11 07:29:36.317 1504 2062 W FreeFormWindowHelper: Current Display FreeFormTask is null
01-11 07:29:36.334 1504 12485 W FreeFormWindowHelper: Current Display FreeFormTask is null
01-11 07:29:36.350 1504 2062 W FreeFormWindowHelper: Current Display FreeFormTask is null
01-11 07:29:36.369 1504 2062 W FreeFormWindowHelper: Current Display FreeFormTask is null
01-11 07:29:36.385 1504 2062 W FreeFormWindowHelper: Current Display FreeFormTask is null
01-11 07:29:36.401 1504 2062 W FreeFormWindowHelper: Current Display FreeFormTask is null
01-11 07:29:36.418 1504 12485 W FreeFormWindowHelper: Current Display FreeFormTask is null
01-11 07:29:36.431 640 651 I mpu_uart: [MSG-P:RECV]:No message received in 1000 ms
01-11 07:29:36.434 1504 12485 W FreeFormWindowHelper: Current Display FreeFormTask is null
01-11 07:29:36.453 1504 12485 W FreeFormWindowHelper: Current Display FreeFormTask is null
01-11 07:29:36.461 1504 1683 I commit_sys_config_file: [settings-1-0,8]
01-11 07:29:36.468 1504 12485 W FreeFormWindowHelper: Current Display FreeFormTask is null
01-11 07:29:36.485 1504 12485 W FreeFormWindowHelper: Current Display FreeFormTask is null
01-11 07:29:36.501 1504 12485 W FreeFormWindowHelper: Current Display FreeFormTask is null
01-11 07:29:36.518 1504 12485 W FreeFormWindowHelper: Current Display FreeFormTask is null
01-11 07:29:36.535 1504 12485 W FreeFormWindowHelper: Current Display FreeFormTask is null
01-11 07:29:36.552 1504 12485 W FreeFormWindowHelper: Current Display FreeFormTask is null
01-11 07:29:36.569 1504 12485 W FreeFormWindowHelper: Current Display FreeFormTask is null
01-11 07:29:36.569 2545 2545 D StateManager: goToState: Overview
01-11 07:29:36.570 2545 2545 D FreeWindowHelper: enterOrExitRecentTasks: isEnterRecentTasks=true,mExitFlag=0
01-11 07:29:36.571 1504 12485 W FreeFormWindowHelper: Current Display FreeFormTask is null
01-11 07:29:36.571 2545 2545 D FreeWindowContainer: reloadTask: null
01-11 07:29:36.584 640 650 I mpu_uart: [MSG-P:R]:recv sync frame timeout
01-11 07:29:36.590 2545 2545 D EditModeHelper: setHotseatVisibility: 0
01-11 07:29:36.593 1504 12485 W FreeFormWindowHelper: Current Display FreeFormTask is null
01-11 07:29:36.596 1504 2062 W FreeFormWindowHelper: Current Display FreeFormTask is null
01-11 07:29:36.956 1504 1699 I input_interaction: Interaction with: c8c2ef0 com.android.launcher3/com.android.launcher3.uioverrides.QuickstepLauncher (server), dbb0197 com.android.systemui.ImageWallpaper (server), edge-swipe (server), swipe-up (server), PointerEventDispatcher0 (server),
01-11 07:29:37.047 1209 7539 I OMX-VENC: venc_dev: stats: avg. fps 28.20, bitrate 1871541
01-11 07:29:37.080 2545 2545 D StateManager: goToState: Normal
01-11 07:29:37.082 2545 2545 D EditModeHelper: setHotseatVisibility: 0
01-11 07:29:37.086 1504 12485 W FreeFormWindowHelper: Current Display FreeFormTask is null
01-11 07:29:37.090 2545 2545 D FreeWindowHelper: enterOrExitRecentTasks: isEnterRecentTasks=false,mExitFlag=0
01-11 07:29:37.090 1504 12485 W FreeFormWindowHelper: exitRecentTasks type=0
01-01 12:30:07.481 0 0 I [dp_rx_][0x3848e476cd][07:29:37.246208] wlan: [3359:I:QDF] DHCP-D RX: SA:cc:15:31:ce:d4:a7 DA:ff:ff:ff:ff:ff:ff
01-11 07:29:37.432 640 651 I mpu_uart: [MSG-P:RECV]:No message received in 1000 ms
01-11 07:29:37.575 0 0 I auditd : type=1400 audit(0.0:15273): avc: denied { kill } for comm="swapper/3" capability=5 scontext=u:r:kernel:s0 tcontext=u:r:kernel:s0 tclass=capability permissive=0
01-11 07:29:37.575 0 0 W swapper/3: type=1400 audit(0.0:15273): avc: denied { kill } for capability=5 scontext=u:r:kernel:s0 tcontext=u:r:kernel:s0 tclass=capability permissive=0
01-11 07:29:38.136 1209 7539 I OMX-VENC: venc_dev: stats: avg. fps 28.45, bitrate 1806056
01-01 12:30:08.597 0 0 I [dp_rx_][0x384a2b7891][07:29:38.362391] wlan: [3359:I:QDF] DHCP-O RX: SA:58:d9:d5:44:ba:d8 DA:ff:ff:ff:ff:ff:ff
01-11 07:29:38.366 2081 3375 D DhcpClient: Received packet: cc:15:31:ce:d4:a7 OFFER, ip /192.168.0.15, mask /255.255.255.0, DNS servers: /192.168.0.1 , gateways [/192.168.0.1], lease time 30, domain www.tendawifi.com
01-11 07:29:38.432 640 651 I mpu_uart: [MSG-P:RECV]:No message received in 1000 ms
01-11 07:29:38.575 0 0 I auditd : type=1400 audit(0.0:15274): avc: denied { kill } for comm="swapper/3" capability=5 scontext=u:r:kernel:s0 tcontext=u:r:kernel:s0 tclass=capability permissive=0
01-11 07:29:38.575 0 0 W swapper/3: type=1400 audit(0.0:15274): avc: denied { kill } for capability=5 scontext=u:r:kernel:s0 tcontext=u:r:kernel:s0 tclass=capability permissive=0
01-11 07:29:39.432 640 651 I mpu_uart: [MSG-P:RECV]:No message received in 1000 ms
01-11 07:29:39.587 640 650 I mpu_uart: [MSG-P:R]:recv sync frame timeout
01-11 07:29:39.644 2081 3375 D DhcpClient: Unicasting DHCPREQUEST ciaddr=192.168.0.9 request=0.0.0.0 serverid=null to /192.168.0.1:67
01-01 12:30:10.001 0 0 I [soft_i][0x384bc6971c][07:29:39.765679] wlan: [0:I:QDF] DHCP-R TX: SA:5e:92:31:d1:c0:13 DA:58:d9:d5:44:ba:d8 msdu_id:5 status: succ
01-11 07:29:39.837 1504 1617 I am_uid_idle: 10052
01-01 12:30:10.135 0 0 I [dp_rx_][0x384beddf2f][07:29:39.899759] wlan: [3359:I:QDF] DHCP-A RX: SA:58:d9:d5:44:ba:d8 DA:ff:ff:ff:ff:ff:ff
01-11 07:29:39.902 2081 3375 D DhcpClient: Received packet: 5e:92:31:d1:c0:13 ACK: your new IP /192.168.0.9, netmask /255.255.255.0, gateways [/192.168.0.1] DNS servers: /192.168.0.1 , lease time 30
01-11 07:29:39.905 2081 3375 D DhcpClient: Renewed lease: android.net.networkstack.DhcpResults@5c03908 DHCP server /192.168.0.1 Vendor info null lease 30 seconds Servername
01-11 07:29:39.914 2081 3375 D DhcpClient: Scheduling renewal in 29s
01-11 07:29:39.914 2081 3375 D DhcpClient: Scheduling rebind in 52s
01-11 07:29:39.914 2081 3375 D DhcpClient: Scheduling expiry in 59s
01-11 07:29:39.925 2109 2109 D MicroSettings: SettingMicroservices: WifiReceiver:
01-11 07:29:39.925 2109 2109 D MicroSettings: SettingMicroservices: WifiReceiver NetworkInfo.State.CONNECTED
01-11 07:29:39.925 2109 2109 D MicroSettings: SettingMicroservices: doNetworkSync: mIDCMNetworkState: -1 mIsFSEMNetworkWiFi: true
01-11 07:29:39.925 2109 2109 D MicroSettings: SettingMicroservices: Change Network Preference to TYPE_ETHERNET.
01-11 07:29:39.925 1958 1958 D BluetoothAdapterService: android.net.wifi.STATE_CHANGE
01-11 07:29:39.928 1958 1958 W BluetoothAdapterService: fetchWifiState - isWifiConnected =true
01-11 07:29:39.928 1958 1958 D BluetoothVendorService: setWifiState to: true
01-11 07:29:39.928 1958 1958 I BluetoothVendorJni: setWifiStateNative
01-11 07:29:39.928 1958 1958 I bt_btif_vendor: setWifiState :1
01-01 12:30:10.277 0 0 I msm_vidc: err : ffffffff: .....: DBLP Set: status 0
01-11 07:29:40.432 640 651 I mpu_uart: [MSG-P:RECV]:No message received in 1000 ms
01-11 07:29:40.575 0 0 I auditd : type=1400 audit(0.0:15275): avc: denied { kill } for comm="swapper/3" capability=5 scontext=u:r:kernel:s0 tcontext=u:r:kernel:s0 tclass=capability permissive=0
01-11 07:29:40.575 0 0 W swapper/3: type=1400 audit(0.0:15275): avc: denied { kill } for capability=5 scontext=u:r:kernel:s0 tcontext=u:r:kernel:s0 tclass=capability permissive=0
01-11 07:29:41.186 1504 2114 D ConnectivityService: Data stall detected with methods: 1
01-11 07:29:41.186 2081 18390 D NetworkMonitor/102: isDataStall: result=1, tcp packets received=0, latest tcp fail rate=0, consecutive dns timeout count=145
01-11 07:29:41.186 2081 18390 D NetworkMonitor/102: Suspecting data stall, reevaluate
01-11 07:29:41.188 2081 19831 D NetworkMonitor/102: Validation disabled.
01-11 07:29:41.193 1504 1763 D ConnectivityService: [102 WIFI] validation passed
01-11 07:29:41.238 2081 18390 D NetworkMonitor/102: isDataStall: result=1, tcp packets received=0, latest tcp fail rate=0, consecutive dns timeout count=146
01-11 07:29:41.238 2081 18390 D NetworkMonitor/102: Suspecting data stall, reevaluate
01-11 07:29:41.240 1504 2244 D ConnectivityService: Data stall detected with methods: 1
01-11 07:29:41.240 2081 19835 D NetworkMonitor/102: Validation disabled.
01-11 07:29:41.246 1504 1763 D ConnectivityService: [102 WIFI] validation passed
01-11 07:29:41.433 640 651 I mpu_uart: [MSG-P:RECV]:No message received in 1000 ms
01-01 12:30:12.080 0 0 I [dp_rx_][0x384e27c346][07:29:41.844987] wlan: [3359:I:QDF] DHCP-A RX: SA:58:d9:d5:44:ba:d8 DA:ff:ff:ff:ff:ff:ff
01-11 07:29:41.849 2081 3375 D DhcpClient: Received packet: b6:11:e2:b6:3c:7e ACK: your new IP /192.168.0.21, netmask /255.255.255.0, gateways [/192.168.0.1] DNS servers: /192.168.0.1 , lease time 30
01-11 07:29:42.433 640 651 I mpu_uart: [MSG-P:RECV]:No message received in 1000 ms
01-11 07:29:42.590 640 650 I mpu_uart: [MSG-P:R]:recv sync frame timeout
01-11 07:29:43.433 640 651 I mpu_uart: [MSG-P:RECV]:No message received in 1000 ms
01-11 07:29:43.575 0 0 I auditd : type=1400 audit(0.0:15276): avc: denied { kill } for comm="swapper/3" capability=5 scontext=u:r:kernel:s0 tcontext=u:r:kernel:s0 tclass=capability permissive=0
01-11 07:29:43.575 0 0 W swapper/3: type=1400 audit(0.0:15276): avc: denied { kill } for capability=5 scontext=u:r:kernel:s0 tcontext=u:r:kernel:s0 tclass=capability permissive=0
01-01 12:30:13.818 0 0 I [dp_rx_][0x385024f721][07:29:43.583065] wlan: [3359:I:QDF] DHCP-A RX: SA:58:d9:d5:44:ba:d8 DA:ff:ff:ff:ff:ff:ff
01-11 07:29:43.587 2081 3375 D DhcpClient: Received packet: fa:29:de:3e:fa:30 ACK: your new IP /192.168.0.6, netmask /255.255.255.0, gateways [/192.168.0.1] DNS servers: /192.168.0.1 , lease time 30
01-11 07:29:44.070 1504 2244 I thunderperf: Maybe need boostperf for current app!
01-11 07:29:44.071 6577 13020 D FgBoostPerfService: [FgBoostPerfService.perfBoostAcq]start: stat=true pkgName=com.baidu.input
01-11 07:29:44.071 6577 13020 V GameMode_GameTypeUtils: judge isGame:com.baidu.input
01-11 07:29:44.073 6577 13020 I FgBoostPerfService: [FgBoostPerfService.perfBoostAcq] not game-mode or game app!
01-11 07:29:44.074 1504 2244 I ThunderPerfManager: PerfAcq error : state=true pkgName=com.baidu.input
01-11 07:29:44.074 6577 13020 V GameMode_GameTypeUtils: judge isGame:com.baidu.input
01-11 07:29:44.074 6577 13020 I FgBoostPerfService: [GetGpuMode] isMode=1 isGame=false mGpuMode=0
01-11 07:29:44.076 6577 13020 V GameMode_GameTypeUtils: judge isGame:com.baidu.input
01-11 07:29:44.076 6577 13020 I FgBoostPerfService: [GetGpuDpiType] isMode=1 isGame=false mGpuDpiType=0
01-11 07:29:44.076 1504 2244 I thunderperf: Current app pkgName=com.baidu.input bm:com.thundercomm.perf.BoostPerfManager@8527b3f gpuMode=-1 gpuType=-1
01-11 07:29:44.077 1504 2244 I ThunderBoostPerfService: Resolution: Uid=10071 Pid=2545 gMode=-1 dType=-1
01-11 07:29:44.077 1504 2244 I thunderperf: PlatormCompat.setOverrides: Uid1=10071 Pid1=2545 Uid2=10071 Pid2=2545
01-11 07:29:44.077 1504 2244 I thunderperf: PlatormCompat.setOverrides: needCheck:false
01-11 07:29:44.078 1504 2244 I thunderperf: CompatConfig.addOverrideUnsafe: bef-state=1
01-11 07:29:44.078 1504 2244 I thunderperf: CompatConfig.addOverrideUnsafe: aft-state=0
01-11 07:29:44.080 1504 2244 I thunderperf: CompatConfig.addOverrideUnsafe: bef-state=1
