01-11 07:29:51.761 6577 6592 V GameMode_GpuUtils: fps:60
01-11 07:29:51.762 6577 6592 D GameMode_GameModeActionUtils: Show GameMode entry by service!
01-11 07:29:51.762 6577 6592 W ContextImpl: Calling a method in the system process without a qualified user: android.app.ContextImpl.startService:1816 android.content.ContextWrapper.startService:774 com.thundercomm.gamemode.ingame.services.GameModeActionUtils.startGameModeService:111 com.thundercomm.gamemode.ingame.services.GameModeActionUtils.startGameModeEntry:22 com.thundercomm.gamemode.ingame.services.ActivityMonitoringService$1.onActivityLaunch:129
01-11 07:29:51.763 6577 6577 D GameMode_GameModeService: type=hide_entry
01-11 07:29:51.763 6577 6592 D GameModeIF_GameModeSettings: getUriFor setting_content_uri_root = content://com.thundercomm.gamemode.api/gamemode_settings , name = gamemode_isgaming
01-11 07:29:51.764 1504 1504 I GameModeConfig: Current uri is uri = content://com.thundercomm.gamemode.api/gamemode_settings/gamemode_isgaming
01-11 07:29:51.764 1504 1504 D GameModeIF_GameModeSettings: getUriFor setting_content_uri_root = content://com.thundercomm.gamemode.api/gamemode_settings , name = gamemode_isgaming
01-11 07:29:51.764 6577 6577 D GameMode_GameSettingsObserver: Game Data change!!!! uri = content://com.thundercomm.gamemode.api/gamemode_settings/gamemode_isgaming
01-11 07:29:51.764 6577 6577 D GameModeIF_GameModeSettings: getUriFor setting_content_uri_root = content://com.thundercomm.gamemode.api/gamemode_settings , name = gamemode_isgaming
01-11 07:29:51.764 6577 6592 D GameModeIF_GameModeSettings: gamemode_isgaming set to 0
01-11 07:29:51.765 1504 1504 I GameModeConfig: isGameModeOn = true
01-11 07:29:51.765 1504 1504 I GameModeConfig: isGaming = false
01-11 07:29:51.765 1504 1504 I GameModeConfig: isGameModeOn = true
01-11 07:29:51.765 1504 1504 I GameModeConfig: isGaming = false
01-11 07:29:51.765 1504 1504 I GameModeConfig: isDisableVoice = true
01-11 07:29:51.765 999 1776 D AF::TrackHandle: OpPlayAudio: track:57 usage:13 not muted
01-11 07:29:51.765 999 1776 D AF::TrackHandle: OpPlayAudio: track:57 usage:13 not muted
01-11 07:29:51.765 999 1776 D AF::TrackHandle: OpPlayAudio: track:57 usage:13 not muted
01-11 07:29:51.765 999 1776 D AF::TrackHandle: OpPlayAudio: track:57 usage:13 not muted
01-11 07:29:51.765 999 1776 D AF::TrackHandle: OpPlayAudio: track:57 usage:13 not muted
01-11 07:29:51.766 999 1777 D AF::TrackHandle: OpPlayAudio: track:57 usage:13 not muted
01-11 07:29:51.766 6577 6577 D GameMode_GameModeService: updateGlobalSettings = gamemode_isgaming
01-11 07:29:51.766 999 1777 D AF::TrackHandle: OpPlayAudio: track:57 usage:13 not muted
01-11 07:29:51.766 999 1777 D AF::TrackHandle: OpPlayAudio: track:57 usage:13 not muted
01-11 07:29:51.766 999 1777 D AF::TrackHandle: OpPlayAudio: track:57 usage:13 not muted
01-11 07:29:51.766 999 1777 D AF::TrackHandle: OpPlayAudio: track:57 usage:13 not muted
01-11 07:29:51.766 999 1777 D AF::TrackHandle: OpPlayAudio: track:57 usage:13 not muted
01-11 07:29:51.766 999 1777 D AF::TrackHandle: OpPlayAudio: track:57 usage:13 not muted
01-11 07:29:51.766 999 1777 D AF::TrackHandle: OpPlayAudio: track:57 usage:13 not muted
01-11 07:29:51.766 999 1777 D AF::TrackHandle: OpPlayAudio: track:57 usage:13 not muted
01-11 07:29:51.767 999 1776 D AF::TrackHandle: OpPlayAudio: track:57 usage:13 not muted
01-11 07:29:51.767 999 1776 D AF::TrackHandle: OpPlayAudio: track:57 usage:13 not muted
01-11 07:29:51.773 1974 1974 W View : requestLayout() improperly called by android.widget.FrameLayout{c40a8ea I.E...... ......ID 0,0-780,179 #2bc} during layout: running second layout pass
01-11 07:29:51.773 1974 1974 W View : requestLayout() improperly called by com.android.systemui.statusbar.AlphaOptimizedImageView{a2318d5 VFED..C.. ......ID 0,0-140,179} during layout: running second layout pass
01-11 07:29:51.773 1974 1974 W View : requestLayout() improperly called by android.widget.FrameLayout{511b245 I.E...... ......ID 0,0-780,179 #2bc} during layout: running second layout pass
01-11 07:29:51.773 1974 1974 W View : requestLayout() improperly called by com.android.systemui.statusbar.AlphaOptimizedImageView{4f552bc VFED..C.. ......ID 0,0-140,84} during layout: running second layout pass
01-11 07:29:51.774 1974 1974 W View : requestLayout() improperly called by android.widget.FrameLayout{c40a8ea I.E...... ......ID 0,0-780,179 #2bc} during second layout pass: posting in next frame
01-11 07:29:51.774 1974 1974 W View : requestLayout() improperly called by com.android.systemui.statusbar.AlphaOptimizedImageView{a2318d5 VFED..C.. ......ID 0,0-140,179} during second layout pass: posting in next frame
01-11 07:29:51.774 1974 1974 W View : requestLayout() improperly called by android.widget.FrameLayout{511b245 I.E...... ......ID 0,0-780,179 #2bc} during second layout pass: posting in next frame
01-11 07:29:51.774 1974 1974 W View : requestLayout() improperly called by com.android.systemui.statusbar.AlphaOptimizedImageView{4f552bc VFED..C.. ......ID 0,0-140,84} during second layout pass: posting in next frame
01-11 07:29:51.788 1974 1974 W View : requestLayout() improperly called by android.widget.FrameLayout{c40a8ea I.E...... ......ID 0,0-780,179 #2bc} during layout: running second layout pass
01-11 07:29:51.788 1974 1974 W View : requestLayout() improperly called by com.android.systemui.statusbar.AlphaOptimizedImageView{a2318d5 VFED..C.. ......ID 0,0-140,179} during layout: running second layout pass
01-11 07:29:51.788 1974 1974 W View : requestLayout() improperly called by android.widget.FrameLayout{511b245 I.E...... ......ID 0,0-780,179 #2bc} during layout: running second layout pass
01-11 07:29:51.788 1974 1974 W View : requestLayout() improperly called by com.android.systemui.statusbar.AlphaOptimizedImageView{4f552bc VFED..C.. ......ID 0,0-140,84} during layout: running second layout pass
01-11 07:29:51.788 1974 1974 W View : requestLayout() improperly called by android.widget.FrameLayout{c40a8ea I.E...... ......ID 0,0-780,179 #2bc} during second layout pass: posting in next frame
01-11 07:29:51.789 1974 1974 W View : requestLayout() improperly called by com.android.systemui.statusbar.AlphaOptimizedImageView{a2318d5 VFED..C.. ......ID 0,0-140,179} during second layout pass: posting in next frame
01-11 07:29:51.789 1974 1974 W View : requestLayout() improperly called by android.widget.FrameLayout{511b245 I.E...... ......ID 0,0-780,179 #2bc} during second layout pass: posting in next frame
01-11 07:29:51.789 1974 1974 W View : requestLayout() improperly called by com.android.systemui.statusbar.AlphaOptimizedImageView{4f552bc VFED..C.. ......ID 0,0-140,84} during second layout pass: posting in next frame
01-11 07:29:51.804 1974 1974 W View : requestLayout() improperly called by android.widget.FrameLayout{c40a8ea I.E...... ......ID 0,0-780,179 #2bc} during layout: running second layout pass
01-11 07:29:51.804 1974 1974 W View : requestLayout() improperly called by com.android.systemui.statusbar.AlphaOptimizedImageView{a2318d5 VFED..C.. ......ID 0,0-140,179} during layout: running second layout pass
01-11 07:29:51.804 1974 1974 W View : requestLayout() improperly called by android.widget.FrameLayout{511b245 I.E...... ......ID 0,0-780,179 #2bc} during layout: running second layout pass
01-11 07:29:51.804 1974 1974 W View : requestLayout() improperly called by com.android.systemui.statusbar.AlphaOptimizedImageView{4f552bc VFED..C.. ......ID 0,0-140,84} during layout: running second layout pass
01-11 07:29:51.805 1974 1974 W View : requestLayout() improperly called by android.widget.FrameLayout{c40a8ea I.E...... ......ID 0,0-780,179 #2bc} during second layout pass: posting in next frame
01-11 07:29:51.805 1974 1974 W View : requestLayout() improperly called by com.android.systemui.statusbar.AlphaOptimizedImageView{a2318d5 VFED..C.. ......ID 0,0-140,179} during second layout pass: posting in next frame
01-11 07:29:51.805 1974 1974 W View : requestLayout() improperly called by android.widget.FrameLayout{511b245 I.E...... ......ID 0,0-780,179 #2bc} during second layout pass: posting in next frame
01-11 07:29:51.805 1974 1974 W View : requestLayout() improperly called by com.android.systemui.statusbar.AlphaOptimizedImageView{4f552bc VFED..C.. ......ID 0,0-140,84} during second layout pass: posting in next frame
01-11 07:29:51.821 1974 1974 W View : requestLayout() improperly called by android.widget.FrameLayout{c40a8ea I.E...... ......ID 0,0-780,179 #2bc} during layout: running second layout pass
01-11 07:29:51.821 1974 1974 W View : requestLayout() improperly called by com.android.systemui.statusbar.AlphaOptimizedImageView{a2318d5 VFED..C.. ......ID 0,0-140,179} during layout: running second layout pass
01-11 07:29:51.821 1974 1974 W View : requestLayout() improperly called by android.widget.FrameLayout{511b245 I.E...... ......ID 0,0-780,179 #2bc} during layout: running second layout pass
01-11 07:29:51.821 1974 1974 W View : requestLayout() improperly called by com.android.systemui.statusbar.AlphaOptimizedImageView{4f552bc VFED..C.. ......ID 0,0-140,84} during layout: running second layout pass
01-11 07:29:51.822 1974 1974 W View : requestLayout() improperly called by android.widget.FrameLayout{c40a8ea I.E...... ......ID 0,0-780,179 #2bc} during second layout pass: posting in next frame
01-11 07:29:51.822 1974 1974 W View : requestLayout() improperly called by com.android.systemui.statusbar.AlphaOptimizedImageView{a2318d5 VFED..C.. ......ID 0,0-140,179} during second layout pass: posting in next frame
01-11 07:29:51.822 1974 1974 W View : requestLayout() improperly called by android.widget.FrameLayout{511b245 I.E...... ......ID 0,0-780,179 #2bc} during second layout pass: posting in next frame
01-11 07:29:51.822 1974 1974 W View : requestLayout() improperly called by com.android.systemui.statusbar.AlphaOptimizedImageView{4f552bc VFED..C.. ......ID 0,0-140,84} during second layout pass: posting in next frame
01-11 07:29:51.838 1974 1974 W View : requestLayout() improperly called by android.widget.FrameLayout{c40a8ea I.E...... ......ID 0,0-780,179 #2bc} during layout: running second layout pass
01-11 07:29:51.838 1974 1974 W View : requestLayout() improperly called by com.android.systemui.statusbar.AlphaOptimizedImageView{a2318d5 VFED..C.. ......ID 0,0-140,179} during layout: running second layout pass
01-11 07:29:51.838 1974 1974 W View : requestLayout() improperly called by android.widget.FrameLayout{511b245 I.E...... ......ID 0,0-780,179 #2bc} during layout: running second layout pass
01-11 07:29:51.838 1974 1974 W View : requestLayout() improperly called by com.android.systemui.statusbar.AlphaOptimizedImageView{4f552bc VFED..C.. ......ID 0,0-140,84} during layout: running second layout pass
01-11 07:29:51.854 1974 1974 W View : requestLayout() improperly called by android.widget.FrameLayout{c40a8ea I.E...... ......ID 0,0-780,179 #2bc} during second layout pass: posting in next frame
01-11 07:29:51.854 1974 1974 W View : requestLayout() improperly called by com.android.systemui.statusbar.AlphaOptimizedImageView{a2318d5 VFED..C.. ......ID 0,0-140,179} during second layout pass: posting in next frame
01-11 07:29:51.854 1974 1974 W View : requestLayout() improperly called by android.widget.FrameLayout{511b245 I.E...... ......ID 0,0-780,179 #2bc} during second layout pass: posting in next frame
01-11 07:29:51.854 1974 1974 W View : requestLayout() improperly called by com.android.systemui.statusbar.AlphaOptimizedImageView{4f552bc VFED..C.. ......ID 0,0-140,84} during second layout pass: posting in next frame
01-11 07:29:51.871 1974 1974 W View : requestLayout() improperly called by android.widget.FrameLayout{c40a8ea I.E...... ......ID 0,0-780,179 #2bc} during layout: running second layout pass
01-11 07:29:51.871 1974 1974 W View : requestLayout() improperly called by com.android.systemui.statusbar.AlphaOptimizedImageView{a2318d5 VFED..C.. ......ID 0,0-140,179} during layout: running second layout pass
01-11 07:29:51.871 1974 1974 W View : requestLayout() improperly called by android.widget.FrameLayout{511b245 I.E...... ......ID 0,0-780,179 #2bc} during layout: running second layout pass
01-11 07:29:51.871 1974 1974 W View : requestLayout() improperly called by com.android.systemui.statusbar.AlphaOptimizedImageView{4f552bc VFED..C.. ......ID 0,0-140,84} during layout: running second layout pass
01-11 07:29:51.872 1974 1974 W View : requestLayout() improperly called by android.widget.FrameLayout{c40a8ea I.E...... ......ID 0,0-780,179 #2bc} during second layout pass: posting in next frame
01-11 07:29:51.872 1974 1974 W View : requestLayout() improperly called by com.android.systemui.statusbar.AlphaOptimizedImageView{a2318d5 VFED..C.. ......ID 0,0-140,179} during second layout pass: posting in next frame
01-11 07:29:51.872 1974 1974 W View : requestLayout() improperly called by android.widget.FrameLayout{511b245 I.E...... ......ID 0,0-780,179 #2bc} during second layout pass: posting in next frame
01-11 07:29:51.872 1974 1974 W View : requestLayout() improperly called by com.android.systemui.statusbar.AlphaOptimizedImageView{4f552bc VFED..C.. ......ID 0,0-140,84} during second layout pass: posting in next frame
01-11 07:29:51.888 1974 1974 W View : requestLayout() improperly called by android.widget.FrameLayout{c40a8ea I.E...... ......ID 0,0-780,179 #2bc} during layout: running second layout pass
01-11 07:29:51.888 1974 1974 W View : requestLayout() improperly called by com.android.systemui.statusbar.AlphaOptimizedImageView{a2318d5 VFED..C.. ......ID 0,0-140,179} during layout: running second layout pass
01-11 07:29:51.888 1974 1974 W View : requestLayout() improperly called by android.widget.FrameLayout{511b245 I.E...... ......ID 0,0-780,179 #2bc} during layout: running second layout pass
01-11 07:29:51.888 1974 1974 W View : requestLayout() improperly called by com.android.systemui.statusbar.AlphaOptimizedImageView{4f552bc VFED..C.. ......ID 0,0-140,84} during layout: running second layout pass
01-11 07:29:51.889 1974 1974 W View : requestLayout() improperly called by android.widget.FrameLayout{c40a8ea I.E...... ......ID 0,0-780,179 #2bc} during second layout pass: posting in next frame
01-11 07:29:51.889 1974 1974 W View : requestLayout() improperly called by com.android.systemui.statusbar.AlphaOptimizedImageView{a2318d5 VFED..C.. ......ID 0,0-140,179} during second layout pass: posting in next frame
01-11 07:29:51.889 1974 1974 W View : requestLayout() improperly called by android.widget.FrameLayout{511b245 I.E...... ......ID 0,0-780,179 #2bc} during second layout pass: posting in next frame
01-11 07:29:51.889 1974 1974 W View : requestLayout() improperly called by com.android.systemui.statusbar.AlphaOptimizedImageView{4f552bc VFED..C.. ......ID 0,0-140,84} during second layout pass: posting in next frame
01-11 07:29:51.905 1974 1974 W View : requestLayout() improperly called by android.widget.FrameLayout{c40a8ea I.E...... ......ID 0,0-780,179 #2bc} during layout: running second layout pass
01-11 07:29:51.905 1974 1974 W View : requestLayout() improperly called by com.android.systemui.statusbar.AlphaOptimizedImageView{a2318d5 VFED..C.. ......ID 0,0-140,179} during layout: running second layout pass
01-11 07:29:51.905 1974 1974 W View : requestLayout() improperly called by android.widget.FrameLayout{511b245 I.E...... ......ID 0,0-780,179 #2bc} during layout: running second layout pass
01-11 07:29:51.905 1974 1974 W View : requestLayout() improperly called by com.android.systemui.statusbar.AlphaOptimizedImageView{4f552bc VFED..C.. ......ID 0,0-140,84} during layout: running second layout pass
01-11 07:29:51.905 1974 1974 W View : requestLayout() improperly called by android.widget.FrameLayout{c40a8ea I.E...... ......ID 0,0-780,179 #2bc} during second layout pass: posting in next frame
01-11 07:29:51.905 1974 1974 W View : requestLayout() improperly called by com.android.systemui.statusbar.AlphaOptimizedImageView{a2318d5 VFED..C.. ......ID 0,0-140,179} during second layout pass: posting in next frame
01-11 07:29:51.905 1974 1974 W View : requestLayout() improperly called by android.widget.FrameLayout{511b245 I.E...... ......ID 0,0-780,179 #2bc} during second layout pass: posting in next frame
01-11 07:29:51.905 1974 1974 W View : requestLayout() improperly called by com.android.systemui.statusbar.AlphaOptimizedImageView{4f552bc VFED..C.. ......ID 0,0-140,84} during second layout pass: posting in next frame
01-11 07:29:51.921 1974 1974 W View : requestLayout() improperly called by android.widget.FrameLayout{c40a8ea I.E...... ......ID 0,0-780,179 #2bc} during layout: running second layout pass
01-11 07:29:51.921 1974 1974 W View : requestLayout() improperly called by com.android.systemui.statusbar.AlphaOptimizedImageView{a2318d5 VFED..C.. ......ID 0,0-140,179} during layout: running second layout pass
01-11 07:29:51.921 1974 1974 W View : requestLayout() improperly called by android.widget.FrameLayout{511b245 I.E...... ......ID 0,0-780,179 #2bc} during layout: running second layout pass
01-11 07:29:51.921 1974 1974 W View : requestLayout() improperly called by com.android.systemui.statusbar.AlphaOptimizedImageView{4f552bc VFED..C.. ......ID 0,0-140,84} during layout: running second layout pass
01-11 07:29:51.938 1974 1974 W View : requestLayout() improperly called by android.widget.FrameLayout{c40a8ea I.E...... ......ID 0,0-780,179 #2bc} during second layout pass: posting in next frame
01-11 07:29:51.938 1974 1974 W View : requestLayout() improperly called by com.android.systemui.statusbar.AlphaOptimizedImageView{a2318d5 VFED..C.. ......ID 0,0-140,179} during second layout pass: posting in next frame
01-11 07:29:51.938 1974 1974 W View : requestLayout() improperly called by android.widget.FrameLayout{511b245 I.E...... ......ID 0,0-780,179 #2bc} during second layout pass: posting in next frame
01-11 07:29:51.938 1974 1974 W View : requestLayout() improperly called by com.android.systemui.statusbar.AlphaOptimizedImageView{4f552bc VFED..C.. ......ID 0,0-140,84} during second layout pass: posting in next frame
01-11 07:29:51.955 1974 1974 W View : requestLayout() improperly called by android.widget.FrameLayout{c40a8ea I.E...... ......ID 0,0-780,179 #2bc} during layout: running second layout pass
01-11 07:29:51.955 1974 1974 W View : requestLayout() improperly called by com.android.systemui.statusbar.AlphaOptimizedImageView{a2318d5 VFED..C.. ......ID 0,0-140,179} during layout: running second layout pass
01-11 07:29:51.955 1974 1974 W View : requestLayout() improperly called by android.widget.FrameLayout{511b245 I.E...... ......ID 0,0-780,179 #2bc} during layout: running second layout pass
01-11 07:29:51.955 1974 1974 W View : requestLayout() improperly called by com.android.systemui.statusbar.AlphaOptimizedImageView{4f552bc VFED..C.. ......ID 0,0-140,84} during layout: running second layout pass
01-11 07:29:51.956 1974 1974 W View : requestLayout() improperly called by android.widget.FrameLayout{c40a8ea I.E...... ......ID 0,0-780,179 #2bc} during second layout pass: posting in next frame
01-11 07:29:51.956 1974 1974 W View : requestLayout() improperly called by com.android.systemui.statusbar.AlphaOptimizedImageView{a2318d5 VFED..C.. ......ID 0,0-140,179} during second layout pass: posting in next frame
01-11 07:29:51.956 1974 1974 W View : requestLayout() improperly called by android.widget.FrameLayout{511b245 I.E...... ......ID 0,0-780,179 #2bc} during second layout pass: posting in next frame
01-11 07:29:51.956 1974 1974 W View : requestLayout() improperly called by com.android.systemui.statusbar.AlphaOptimizedImageView{4f552bc VFED..C.. ......ID 0,0-140,84} during second layout pass: posting in next frame
01-11 07:29:51.971 1974 1974 W View : requestLayout() improperly called by android.widget.FrameLayout{c40a8ea I.E...... ......ID 0,0-780,179 #2bc} during layout: running second layout pass
01-11 07:29:51.971 1974 1974 W View : requestLayout() improperly called by com.android.systemui.statusbar.AlphaOptimizedImageView{a2318d5 VFED..C.. ......ID 0,0-140,179} during layout: running second layout pass
01-11 07:29:51.971 1974 1974 W View : requestLayout() improperly called by android.widget.FrameLayout{511b245 I.E...... ......ID 0,0-780,179 #2bc} during layout: running second layout pass
01-11 07:29:51.971 1974 1974 W View : requestLayout() improperly called by com.android.systemui.statusbar.AlphaOptimizedImageView{4f552bc VFED..C.. ......ID 0,0-140,84} during layout: running second layout pass
01-11 07:29:51.973 1974 1974 W View : requestLayout() improperly called by android.widget.FrameLayout{c40a8ea I.E...... ......ID 0,0-780,179 #2bc} during second layout pass: posting in next frame
01-11 07:29:51.973 1974 1974 W View : requestLayout() improperly called by com.android.systemui.statusbar.AlphaOptimizedImageView{a2318d5 VFED..C.. ......ID 0,0-140,179} during second layout pass: posting in next frame
01-11 07:29:51.973 1974 1974 W View : requestLayout() improperly called by android.widget.FrameLayout{511b245 I.E...... ......ID 0,0-780,179 #2bc} during second layout pass: posting in next frame
01-11 07:29:51.973 1974 1974 W View : requestLayout() improperly called by com.android.systemui.statusbar.AlphaOptimizedImageView{4f552bc VFED..C.. ......ID 0,0-140,84} during second layout pass: posting in next frame
01-11 07:29:51.988 1974 1974 W View : requestLayout() improperly called by android.widget.FrameLayout{c40a8ea I.E...... ......ID 0,0-780,179 #2bc} during layout: running second layout pass
01-11 07:29:51.988 1974 1974 W View : requestLayout() improperly called by com.android.systemui.statusbar.AlphaOptimizedImageView{a2318d5 VFED..C.. ......ID 0,0-140,179} during layout: running second layout pass
01-11 07:29:51.988 1974 1974 W View : requestLayout() improperly called by android.widget.FrameLayout{511b245 I.E...... ......ID 0,0-780,179 #2bc} during layout: running second layout pass
01-11 07:29:51.988 1974 1974 W View : requestLayout() improperly called by com.android.systemui.statusbar.AlphaOptimizedImageView{4f552bc VFED..C.. ......ID 0,0-140,84} during layout: running second layout pass
01-11 07:29:51.990 1974 1974 W View : requestLayout() improperly called by android.widget.FrameLayout{c40a8ea I.E...... ......ID 0,0-780,179 #2bc} during second layout pass: posting in next frame
01-11 07:29:51.990 1974 1974 W View : requestLayout() improperly called by com.android.systemui.statusbar.AlphaOptimizedImageView{a2318d5 VFED..C.. ......ID 0,0-140,179} during second layout pass: posting in next frame
01-11 07:29:51.990 1974 1974 W View : requestLayout() improperly called by android.widget.FrameLayout{511b245 I.E...... ......ID 0,0-780,179 #2bc} during second layout pass: posting in next frame
01-11 07:29:51.990 1974 1974 W View : requestLayout() improperly called by com.android.systemui.statusbar.AlphaOptimizedImageView{4f552bc VFED..C.. ......ID 0,0-140,84} during second layout pass: posting in next frame
01-11 07:29:52.005 1974 1974 W View : requestLayout() improperly called by android.widget.FrameLayout{c40a8ea I.E...... ......ID 0,0-780,179 #2bc} during layout: running second layout pass
01-11 07:29:52.005 1974 1974 W View : requestLayout() improperly called by com.android.systemui.statusbar.AlphaOptimizedImageView{a2318d5 VFED..C.. ......ID 0,0-140,179} during layout: running second layout pass
01-11 07:29:52.005 1974 1974 W View : requestLayout() improperly called by android.widget.FrameLayout{511b245 I.E...... ......ID 0,0-780,179 #2bc} during layout: running second layout pass
01-11 07:29:52.005 1974 1974 W View : requestLayout() improperly called by com.android.systemui.statusbar.AlphaOptimizedImageView{4f552bc VFED..C.. ......ID 0,0-140,84} during layout: running second layout pass
01-11 07:29:52.006 1974 1974 W View : requestLayout() improperly called by android.widget.FrameLayout{c40a8ea I.E...... ......ID 0,0-780,179 #2bc} during second layout pass: posting in next frame
01-11 07:29:52.006 1974 1974 W View : requestLayout() improperly called by com.android.systemui.statusbar.AlphaOptimizedImageView{a2318d5 VFED..C.. ......ID 0,0-140,179} during second layout pass: posting in next frame
01-11 07:29:52.006 1974 1974 W View : requestLayout() improperly called by android.widget.FrameLayout{511b245 I.E...... ......ID 0,0-780,179 #2bc} during second layout pass: posting in next frame
01-11 07:29:52.007 1974 1974 W View : requestLayout() improperly called by com.android.systemui.statusbar.AlphaOptimizedImageView{4f552bc VFED..C.. ......ID 0,0-140,84} during second layout pass: posting in next frame
01-11 07:29:52.022 1974 1974 W View : requestLayout() improperly called by android.widget.FrameLayout{c40a8ea I.E...... ......ID 0,0-780,179 #2bc} during layout: running second layout pass
01-11 07:29:52.022 1974 1974 W View : requestLayout() improperly called by com.android.systemui.statusbar.AlphaOptimizedImageView{a2318d5 VFED..C.. ......ID 0,0-140,179} during layout: running second layout pass
01-11 07:29:52.022 1974 1974 W View : requestLayout() improperly called by android.widget.FrameLayout{511b245 I.E...... ......ID 0,0-780,179 #2bc} during layout: running second layout pass
01-11 07:29:52.022 1974 1974 W View : requestLayout() improperly called by com.android.systemui.statusbar.AlphaOptimizedImageView{4f552bc VFED..C.. ......ID 0,0-140,84} during layout: running second layout pass
01-11 07:29:52.023 1974 1974 W View : requestLayout() improperly called by android.widget.FrameLayout{c40a8ea I.E...... ......ID 0,0-780,179 #2bc} during second layout pass: posting in next frame
01-11 07:29:52.023 1974 1974 W View : requestLayout() improperly called by com.android.systemui.statusbar.AlphaOptimizedImageView{a2318d5 VFED..C.. ......ID 0,0-140,179} during second layout pass: posting in next frame
01-11 07:29:52.023 1974 1974 W View : requestLayout() improperly called by android.widget.FrameLayout{511b245 I.E...... ......ID 0,0-780,179 #2bc} during second layout pass: posting in next frame
01-11 07:29:52.023 1974 1974 W View : requestLayout() improperly called by com.android.systemui.statusbar.AlphaOptimizedImageView{4f552bc VFED..C.. ......ID 0,0-140,84} during second layout pass: posting in next frame
01-11 07:29:52.038 1974 1974 W View : requestLayout() improperly called by android.widget.FrameLayout{c40a8ea I.E...... ......ID 0,0-780,179 #2bc} during layout: running second layout pass
01-11 07:29:52.038 1974 1974 W View : requestLayout() improperly called by com.android.systemui.statusbar.AlphaOptimizedImageView{a2318d5 VFED..C.. ......ID 0,0-140,179} during layout: running second layout pass
01-11 07:29:52.038 1974 1974 W View : requestLayout() improperly called by android.widget.FrameLayout{511b245 I.E...... ......ID 0,0-780,179 #2bc} during layout: running second layout pass
01-11 07:29:52.038 1974 1974 W View : requestLayout() improperly called by com.android.systemui.statusbar.AlphaOptimizedImageView{4f552bc VFED..C.. ......ID 0,0-140,84} during layout: running second layout pass
01-11 07:29:52.040 1974 1974 W View : requestLayout() improperly called by android.widget.FrameLayout{c40a8ea I.E...... ......ID 0,0-780,179 #2bc} during second layout pass: posting in next frame
01-11 07:29:52.040 1974 1974 W View : requestLayout() improperly called by com.android.systemui.statusbar.AlphaOptimizedImageView{a2318d5 VFED..C.. ......ID 0,0-140,179} during second layout pass: posting in next frame
01-11 07:29:52.040 1974 1974 W View : requestLayout() improperly called by android.widget.FrameLayout{511b245 I.E...... ......ID 0,0-780,179 #2bc} during second layout pass: posting in next frame
01-11 07:29:52.040 1974 1974 W View : requestLayout() improperly called by com.android.systemui.statusbar.AlphaOptimizedImageView{4f552bc VFED..C.. ......ID 0,0-140,84} during second layout pass: posting in next frame
01-11 07:29:52.055 1974 1974 W View : requestLayout() improperly called by android.widget.FrameLayout{c40a8ea I.E...... ......ID 0,0-780,179 #2bc} during layout: running second layout pass
01-11 07:29:52.055 1974 1974 W View : requestLayout() improperly called by com.android.systemui.statusbar.AlphaOptimizedImageView{a2318d5 VFED..C.. ......ID 0,0-140,179} during layout: running second layout pass
01-11 07:29:52.055 1974 1974 W View : requestLayout() improperly called by android.widget.FrameLayout{511b245 I.E...... ......ID 0,0-780,179 #2bc} during layout: running second layout pass
01-11 07:29:52.055 1974 1974 W View : requestLayout() improperly called by com.android.systemui.statusbar.AlphaOptimizedImageView{4f552bc VFED..C.. ......ID 0,0-140,84} during layout: running second layout pass
01-11 07:29:52.057 1974 1974 W View : requestLayout() improperly called by android.widget.FrameLayout{c40a8ea I.E...... ......ID 0,0-780,179 #2bc} during second layout pass: posting in next frame
01-11 07:29:52.057 1974 1974 W View : requestLayout() improperly called by com.android.systemui.statusbar.AlphaOptimizedImageView{a2318d5 VFED..C.. ......ID 0,0-140,179} during second layout pass: posting in next frame
01-11 07:29:52.057 1974 1974 W View : requestLayout() improperly called by android.widget.FrameLayout{511b245 I.E...... ......ID 0,0-780,179 #2bc} during second layout pass: posting in next frame
01-11 07:29:52.057 1974 1974 W View : requestLayout() improperly called by com.android.systemui.statusbar.AlphaOptimizedImageView{4f552bc VFED..C.. ......ID 0,0-140,84} during second layout pass: posting in next frame
01-11 07:29:52.072 1974 1974 W View : requestLayout() improperly called by android.widget.FrameLayout{c40a8ea I.E...... ......ID 0,0-780,179 #2bc} during layout: running second layout pass
01-11 07:29:52.072 1974 1974 W View : requestLayout() improperly called by com.android.systemui.statusbar.AlphaOptimizedImageView{a2318d5 VFED..C.. ......ID 0,0-140,179} during layout: running second layout pass
01-11 07:29:52.072 1974 1974 W View : requestLayout() improperly called by android.widget.FrameLayout{511b245 I.E...... ......ID 0,0-780,179 #2bc} during layout: running second layout pass
01-11 07:29:52.072 1974 1974 W View : requestLayout() improperly called by com.android.systemui.statusbar.AlphaOptimizedImageView{4f552bc VFED..C.. ......ID 0,0-140,84} during layout: running second layout pass
01-11 07:29:52.073 1974 1974 W View : requestLayout() improperly called by android.widget.FrameLayout{c40a8ea I.E...... ......ID 0,0-780,179 #2bc} during second layout pass: posting in next frame
01-11 07:29:52.073 1974 1974 W View : requestLayout() improperly called by com.android.systemui.statusbar.AlphaOptimizedImageView{a2318d5 VFED..C.. ......ID 0,0-140,179} during second layout pass: posting in next frame
01-11 07:29:52.073 1974 1974 W View : requestLayout() improperly called by android.widget.FrameLayout{511b245 I.E...... ......ID 0,0-780,179 #2bc} during second layout pass: posting in next frame
01-11 07:29:52.073 1974 1974 W View : requestLayout() improperly called by com.android.systemui.statusbar.AlphaOptimizedImageView{4f552bc VFED..C.. ......ID 0,0-140,84} during second layout pass: posting in next frame
01-11 07:29:52.087 1209 7539 I OMX-VENC: venc_dev: stats: avg. fps 56.56, bitrate 3028094
01-11 07:29:52.088 1974 1974 W View : requestLayout() improperly called by android.widget.FrameLayout{c40a8ea I.E...... ......ID 0,0-780,179 #2bc} during layout: running second layout pass
01-11 07:29:52.088 1974 1974 W View : requestLayout() improperly called by com.android.systemui.statusbar.AlphaOptimizedImageView{a2318d5 VFED..C.. ......ID 0,0-140,179} during layout: running second layout pass
01-11 07:29:52.088 1974 1974 W View : requestLayout() improperly called by android.widget.FrameLayout{511b245 I.E...... ......ID 0,0-780,179 #2bc} during layout: running second layout pass
01-11 07:29:52.088 1974 1974 W View : requestLayout() improperly called by com.android.systemui.statusbar.AlphaOptimizedImageView{4f552bc VFED..C.. ......ID 0,0-140,84} during layout: running second layout pass
01-11 07:29:52.089 1974 1974 W View : requestLayout() improperly called by android.widget.FrameLayout{c40a8ea I.E...... ......ID 0,0-780,179 #2bc} during second layout pass: posting in next frame
01-11 07:29:52.089 1974 1974 W View : requestLayout() improperly called by com.android.systemui.statusbar.AlphaOptimizedImageView{a2318d5 VFED..C.. ......ID 0,0-140,179} during second layout pass: posting in next frame
01-11 07:29:52.089 1974 1974 W View : requestLayout() improperly called by android.widget.FrameLayout{511b245 I.E...... ......ID 0,0-780,179 #2bc} during second layout pass: posting in next frame
01-11 07:29:52.089 1974 1974 W View : requestLayout() improperly called by com.android.systemui.statusbar.AlphaOptimizedImageView{4f552bc VFED..C.. ......ID 0,0-140,84} during second layout pass: posting in next frame
01-11 07:29:52.105 1974 1974 W View : requestLayout() improperly called by android.widget.FrameLayout{c40a8ea I.E...... ......ID 0,0-780,179 #2bc} during layout: running second layout pass
01-11 07:29:52.105 1974 1974 W View : requestLayout() improperly called by com.android.systemui.statusbar.AlphaOptimizedImageView{a2318d5 VFED..C.. ......ID 0,0-140,179} during layout: running second layout pass
01-11 07:29:52.105 1974 1974 W View : requestLayout() improperly called by android.widget.FrameLayout{511b245 I.E...... ......ID 0,0-780,179 #2bc} during layout: running second layout pass
01-11 07:29:52.105 1974 1974 W View : requestLayout() improperly called by com.android.systemui.statusbar.AlphaOptimizedImageView{4f552bc VFED..C.. ......ID 0,0-140,84} during layout: running second layout pass
01-11 07:29:52.121 1974 1974 W View : requestLayout() improperly called by android.widget.FrameLayout{c40a8ea I.E...... ......ID 0,0-780,179 #2bc} during second layout pass: posting in next frame
01-11 07:29:52.121 1974 1974 W View : requestLayout() improperly called by com.android.systemui.statusbar.AlphaOptimizedImageView{a2318d5 VFED..C.. ......ID 0,0-140,179} during second layout pass: posting in next frame
01-11 07:29:52.121 1974 1974 W View : requestLayout() improperly called by android.widget.FrameLayout{511b245 I.E...... ......ID 0,0-780,179 #2bc} during second layout pass: posting in next frame
01-11 07:29:52.121 1974 1974 W View : requestLayout() improperly called by com.android.systemui.statusbar.AlphaOptimizedImageView{4f552bc VFED..C.. ......ID 0,0-140,84} during second layout pass: posting in next frame
01-11 07:29:52.138 1974 1974 W View : requestLayout() improperly called by android.widget.FrameLayout{c40a8ea I.E...... ......ID 0,0-780,179 #2bc} during layout: running second layout pass
01-11 07:29:52.138 1974 1974 W View : requestLayout() improperly called by com.android.systemui.statusbar.AlphaOptimizedImageView{a2318d5 VFED..C.. ......ID 0,0-140,179} during layout: running second layout pass
01-11 07:29:52.138 1974 1974 W View : requestLayout() improperly called by android.widget.FrameLayout{511b245 I.E...... ......ID 0,0-780,179 #2bc} during layout: running second layout pass
01-11 07:29:52.138 1974 1974 W View : requestLayout() improperly called by com.android.systemui.statusbar.AlphaOptimizedImageView{4f552bc VFED..C.. ......ID 0,0-140,84} during layout: running second layout pass
01-11 07:29:52.139 1974 1974 W View : requestLayout() improperly called by android.widget.FrameLayout{c40a8ea I.E...... ......ID 0,0-780,179 #2bc} during second layout pass: posting in next frame
01-11 07:29:52.139 1974 1974 W View : requestLayout() improperly called by com.android.systemui.statusbar.AlphaOptimizedImageView{a2318d5 VFED..C.. ......ID 0,0-140,179} during second layout pass: posting in next frame
01-11 07:29:52.139 1974 1974 W View : requestLayout() improperly called by android.widget.FrameLayout{511b245 I.E...... ......ID 0,0-780,179 #2bc} during second layout pass: posting in next frame
01-11 07:29:52.139 1974 1974 W View : requestLayout() improperly called by com.android.systemui.statusbar.AlphaOptimizedImageView{4f552bc VFED..C.. ......ID 0,0-140,84} during second layout pass: posting in next frame
01-11 07:29:52.155 1974 1974 W View : requestLayout() improperly called by android.widget.FrameLayout{c40a8ea I.E...... ......ID 0,0-780,179 #2bc} during layout: running second layout pass
01-11 07:29:52.155 1974 1974 W View : requestLayout() improperly called by com.android.systemui.statusbar.AlphaOptimizedImageView{a2318d5 VFED..C.. ......ID 0,0-140,179} during layout: running second layout pass
01-11 07:29:52.155 1974 1974 W View : requestLayout() improperly called by android.widget.FrameLayout{511b245 I.E...... ......ID 0,0-780,179 #2bc} during layout: running second layout pass
01-11 07:29:52.155 1974 1974 W View : requestLayout() improperly called by com.android.systemui.statusbar.AlphaOptimizedImageView{4f552bc VFED..C.. ......ID 0,0-140,84} during layout: running second layout pass
01-11 07:29:52.171 1974 1974 W View : requestLayout() improperly called by android.widget.FrameLayout{c40a8ea I.E...... ......ID 0,0-780,179 #2bc} during second layout pass: posting in next frame
01-11 07:29:52.171 1974 1974 W View : requestLayout() improperly called by com.android.systemui.statusbar.AlphaOptimizedImageView{a2318d5 VFED..C.. ......ID 0,0-140,179} during second layout pass: posting in next frame
01-11 07:29:52.171 1974 1974 W View : requestLayout() improperly called by android.widget.FrameLayout{511b245 I.E...... ......ID 0,0-780,179 #2bc} during second layout pass: posting in next frame
01-11 07:29:52.171 1974 1974 W View : requestLayout() improperly called by com.android.systemui.statusbar.AlphaOptimizedImageView{4f552bc VFED..C.. ......ID 0,0-140,84} during second layout pass: posting in next frame
01-11 07:29:52.189 1974 1974 W View : requestLayout() improperly called by android.widget.FrameLayout{c40a8ea I.E...... ......ID 0,0-780,179 #2bc} during layout: running second layout pass
01-11 07:29:52.189 1974 1974 W View : requestLayout() improperly called by com.android.systemui.statusbar.AlphaOptimizedImageView{a2318d5 VFED..C.. ......ID 0,0-140,179} during layout: running second layout pass
01-11 07:29:52.189 1974 1974 W View : requestLayout() improperly called by android.widget.FrameLayout{511b245 I.E...... ......ID 0,0-780,179 #2bc} during layout: running second layout pass
01-11 07:29:52.189 1974 1974 W View : requestLayout() improperly called by com.android.systemui.statusbar.AlphaOptimizedImageView{4f552bc VFED..C.. ......ID 0,0-140,84} during layout: running second layout pass
01-11 07:29:52.189 1974 1974 W View : requestLayout() improperly called by android.widget.FrameLayout{c40a8ea I.E...... ......ID 0,0-780,179 #2bc} during second layout pass: posting in next frame
01-11 07:29:52.189 1974 1974 W View : requestLayout() improperly called by com.android.systemui.statusbar.AlphaOptimizedImageView{a2318d5 VFED..C.. ......ID 0,0-140,179} during second layout pass: posting in next frame
01-11 07:29:52.189 1974 1974 W View : requestLayout() improperly called by android.widget.FrameLayout{511b245 I.E...... ......ID 0,0-780,179 #2bc} during second layout pass: posting in next frame
01-11 07:29:52.189 1974 1974 W View : requestLayout() improperly called by com.android.systemui.statusbar.AlphaOptimizedImageView{4f552bc VFED..C.. ......ID 0,0-140,84} during second layout pass: posting in next frame
01-11 07:29:52.205 1974 1974 W View : requestLayout() improperly called by android.widget.FrameLayout{c40a8ea I.E...... ......ID 0,0-780,179 #2bc} during layout: running second layout pass
01-11 07:29:52.205 1974 1974 W View : requestLayout() improperly called by com.android.systemui.statusbar.AlphaOptimizedImageView{a2318d5 VFED..C.. ......ID 0,0-140,179} during layout: running second layout pass
01-11 07:29:52.205 1974 1974 W View : requestLayout() improperly called by android.widget.FrameLayout{511b245 I.E...... ......ID 0,0-780,179 #2bc} during layout: running second layout pass
01-11 07:29:52.205 1974 1974 W View : requestLayout() improperly called by com.android.systemui.statusbar.AlphaOptimizedImageView{4f552bc VFED..C.. ......ID 0,0-140,84} during layout: running second layout pass
01-11 07:29:52.235 1504 1699 I input_interaction: Interaction with: 1c06037 com.android.settings/com.android.settings.Settings (server), edge-swipe (server), swipe-up (server), PointerEventDispatcher0 (server),
01-11 07:29:52.238 1974 1974 W View : requestLayout() improperly called by android.widget.FrameLayout{c40a8ea I.E...... ......ID 0,0-780,179 #2bc} during second layout pass: posting in next frame
01-11 07:29:52.238 1974 1974 W View : requestLayout() improperly called by com.android.systemui.statusbar.AlphaOptimizedImageView{a2318d5 VFED..C.. ......ID 0,0-140,179} during second layout pass: posting in next frame
01-11 07:29:52.238 1974 1974 W View : requestLayout() improperly called by android.widget.FrameLayout{511b245 I.E...... ......ID 0,0-780,179 #2bc} during second layout pass: posting in next frame
01-11 07:29:52.238 1974 1974 W View : requestLayout() improperly called by com.android.systemui.statusbar.AlphaOptimizedImageView{4f552bc VFED..C.. ......ID 0,0-140,84} during second layout pass: posting in next frame
01-11 07:29:52.255 1974 1974 W View : requestLayout() improperly called by android.widget.FrameLayout{c40a8ea I.E...... ......ID 0,0-780,179 #2bc} during layout: running second layout pass
01-11 07:29:52.255 1974 1974 W View : requestLayout() improperly called by com.android.systemui.statusbar.AlphaOptimizedImageView{a2318d5 VFED..C.. ......ID 0,0-140,179} during layout: running second layout pass
01-11 07:29:52.255 1974 1974 W View : requestLayout() improperly called by android.widget.FrameLayout{511b245 I.E...... ......ID 0,0-780,179 #2bc} during layout: running second layout pass
01-11 07:29:52.255 1974 1974 W View : requestLayout() improperly called by com.android.systemui.statusbar.AlphaOptimizedImageView{4f552bc VFED..C.. ......ID 0,0-140,84} during layout: running second layout pass
01-11 07:29:52.272 1974 1974 W View : requestLayout() improperly called by android.widget.FrameLayout{c40a8ea I.E...... ......ID 0,0-780,179 #2bc} during second layout pass: posting in next frame
01-11 07:29:52.272 1974 1974 W View : requestLayout() improperly called by com.android.systemui.statusbar.AlphaOptimizedImageView{a2318d5 VFED..C.. ......ID 0,0-140,179} during second layout pass: posting in next frame
01-11 07:29:52.272 1974 1974 W View : requestLayout() improperly called by android.widget.FrameLayout{511b245 I.E...... ......ID 0,0-780,179 #2bc} during second layout pass: posting in next frame
01-11 07:29:52.272 1974 1974 W View : requestLayout() improperly called by com.android.systemui.statusbar.AlphaOptimizedImageView{4f552bc VFED..C.. ......ID 0,0-140,84} during second layout pass: posting in next frame
01-11 07:29:52.289 1974 1974 W View : requestLayout() improperly called by android.widget.FrameLayout{c40a8ea I.E...... ......ID 0,0-780,179 #2bc} during layout: running second layout pass
01-11 07:29:52.289 1974 1974 W View : requestLayout() improperly called by com.android.systemui.statusbar.AlphaOptimizedImageView{a2318d5 VFED..C.. ......ID 0,0-140,179} during layout: running second layout pass
01-11 07:29:52.289 1974 1974 W View : requestLayout() improperly called by android.widget.FrameLayout{511b245 I.E...... ......ID 0,0-780,179 #2bc} during layout: running second layout pass
01-11 07:29:52.289 1974 1974 W View : requestLayout() improperly called by com.android.systemui.statusbar.AlphaOptimizedImageView{4f552bc VFED..C.. ......ID 0,0-140,84} during layout: running second layout pass
01-11 07:29:52.289 1974 1974 W View : requestLayout() improperly called by android.widget.FrameLayout{c40a8ea I.E...... ......ID 0,0-780,179 #2bc} during second layout pass: posting in next frame
01-11 07:29:52.289 1974 1974 W View : requestLayout() improperly called by com.android.systemui.statusbar.AlphaOptimizedImageView{a2318d5 VFED..C.. ......ID 0,0-140,179} during second layout pass: posting in next frame
01-11 07:29:52.289 1974 1974 W View : requestLayout() improperly called by android.widget.FrameLayout{511b245 I.E...... ......ID 0,0-780,179 #2bc} during second layout pass: posting in next frame
01-11 07:29:52.289 1974 1974 W View : requestLayout() improperly called by com.android.systemui.statusbar.AlphaOptimizedImageView{4f552bc VFED..C.. ......ID 0,0-140,84} during second layout pass: posting in next frame
01-11 07:29:52.305 1974 1974 W View : requestLayout() improperly called by android.widget.FrameLayout{c40a8ea I.E...... ......ID 0,0-780,179 #2bc} during layout: running second layout pass
01-11 07:29:52.305 1974 1974 W View : requestLayout() improperly called by com.android.systemui.statusbar.AlphaOptimizedImageView{a2318d5 VFED..C.. ......ID 0,0-140,179} during layout: running second layout pass
01-11 07:29:52.305 1974 1974 W View : requestLayout() improperly called by android.widget.FrameLayout{511b245 I.E...... ......ID 0,0-780,179 #2bc} during layout: running second layout pass
01-11 07:29:52.305 1974 1974 W View : requestLayout() improperly called by com.android.systemui.statusbar.AlphaOptimizedImageView{4f552bc VFED..C.. ......ID 0,0-140,84} during layout: running second layout pass
01-11 07:29:52.324 19720 19720 I sysui_multi_action: [757,830,758,4,833,0,854,homepage_search_bar,1089,0]
01-11 07:29:52.324 19720 19928 D SlicesIndexer: Slices already indexed - returning.
01-11 07:29:52.325 1504 13722 I thunderperf: Maybe need boostperf for current app!
01-11 07:29:52.325 1504 13722 I ActivityTaskManager: START u0 {act=android.settings.APP_SEARCH_SETTINGS pkg=com.android.settings.intelligence cmp=com.android.settings.intelligence/.search.SearchActivity (has extras)} from uid 1000
01-11 07:29:52.325 1504 1609 I EventSequenceValidator: inc AccIntentStartedEvents to 2
01-11 07:29:52.328 1504 13722 D CompatibilityChangeReporter: Compat change id reported: 174042980; UID 10061; state: DISABLED
01-11 07:29:52.328 1504 13722 D CompatibilityChangeReporter: Compat change id reported: 184838306; UID 10061; state: DISABLED
01-11 07:29:52.328 1504 13722 D CompatibilityChangeReporter: Compat change id reported: 185004937; UID 10061; state: DISABLED
01-11 07:29:52.329 1504 13722 D CompatibilityChangeReporter: Compat change id reported: 181136395; UID 10061; state: DISABLED
01-11 07:29:52.329 1504 13722 D CompatibilityChangeReporter: Compat change id reported: 174042936; UID 10061; state: DISABLED
01-11 07:29:52.329 1504 13722 I wm_task_moved: [157,1,6]
01-11 07:29:52.329 1504 13722 I wm_set_resumed_activity: [0,com.android.settings/.Settings,positionChildAt]
01-11 07:29:52.329 1504 13722 I wm_create_activity: [0,234585214,157,com.android.settings.intelligence/.search.SearchActivity,android.settings.APP_SEARCH_SETTINGS,NULL,NULL,0]
01-11 07:29:52.330 1504 13722 D ActivityTrigger: ActivityTrigger activityPauseTrigger
01-11 07:29:52.330 1504 13722 I wm_pause_activity: [0,52102910,com.android.settings/.Settings,userLeaving=true,resumeTopActivityInnerLocked]
01-11 07:29:52.332 1504 1609 I am_uid_running: 10061
01-11 07:29:52.332 1504 1609 D CompatibilityChangeReporter: Compat change id reported: 135634846; UID 10061; state: DISABLED
01-11 07:29:52.332 1504 1609 D CompatibilityChangeReporter: Compat change id reported: 177438394; UID 10061; state: DISABLED
01-11 07:29:52.332 1504 1609 D CompatibilityChangeReporter: Compat change id reported: 135772972; UID 10061; state: DISABLED
01-11 07:29:52.332 1504 1609 D CompatibilityChangeReporter: Compat change id reported: 135754954; UID 10061; state: DISABLED
01-11 07:29:52.332 1504 1618 D CompatibilityChangeReporter: Compat change id reported: 143937733; UID 10061; state: DISABLED
01-11 07:29:52.335 1161 1161 I perfetto: ing_service_impl.cc:912 Configured tracing session 9, #sources:1, duration:5000 ms, #buffers:1, total buffer size:4096 KB, total sessions:1, uid:1071 session name: ""
01-11 07:29:52.336 1160 1160 I perfetto: probes_producer.cc:241 Ftrace setup (target_buf=9)
01-11 07:29:52.337 660 660 D Zygote : Forked child process 19962
01-11 07:29:52.338 1504 1618 I am_proc_start: [0,19962,10061,com.android.settings.intelligence,pre-top-activity,{com.android.settings.intelligence/com.android.settings.intelligence.search.SearchActivity}]
01-11 07:29:52.338 1504 1618 I ActivityManager: Start proc 19962:com.android.settings.intelligence/u0a61 for pre-top-activity {com.android.settings.intelligence/com.android.settings.intelligence.search.SearchActivity}
01-11 07:29:52.338 1504 19963 W ContextImpl: Calling a method in the system process without a qualified user: android.app.ContextImpl.sendBroadcast:1173 com.qualcomm.qti.Performance$SendGameLaunchBroadcast.run:217 java.lang.Thread.run:920
01-11 07:29:52.339 19720 19720 I wm_on_top_resumed_lost_called: [52102910,com.android.settings.Settings,topStateChangedWhenResumed]
01-11 07:29:52.340 19720 19720 I sysui_multi_action: [757,35,758,2,1089,1025]
01-11 07:29:52.341 2822 3716 W SQLiteLog: (28) double-quoted string literal: "com.android.settings.intelligence"
01-11 07:29:52.342 19720 19720 I sysui_multi_action: [757,746,758,2,1089,886]
01-11 07:29:52.342 1160 1160 I perfetto: ftrace_procfs.cc:206 enabled ftrace in /sys/kernel/tracing/
01-01 12:30:22.578 0 0 W perfetto: enabled ftrace
01-11 07:29:52.343 19720 19720 D BluetoothPan: Unbinding service...
01-11 07:29:52.344 19962 19962 I libc : SetHeapTaggingLevel: tag level set to 0
01-11 07:29:52.344 19720 19720 I wm_on_paused_called: [52102910,com.android.settings.Settings,performPause]
01-11 07:29:52.344 1504 13565 I ActivityTaskManager: FOREGROUND_APPLICATION_CHANGED to com.android.settings.intelligence.search.SearchActivity
01-11 07:29:52.344 1504 13565 I wm_add_to_stopping: [0,52102910,com.android.settings/.Settings,makeInvisible]
01-11 07:29:52.346 1504 1609 I sysui_multi_action: [757,803,799,window_time_0,802,1]
