01-11 07:29:51.325 19720 19926 D BatteryTipLoader: BatteryInfoLoader post query: 3ms
01-11 07:29:51.325 19720 19926 D BatteryInfo: time for getBatteryInfo: 0ms
01-11 07:29:51.325 19720 19926 D BatteryTipLoader: BatteryInfoLoader.loadInBackground: 3ms
01-11 07:29:51.328 19720 19720 I wm_on_top_resumed_gained_called: [52102910,com.android.settings.Settings,topStateChangedWhenResumed]
01-11 07:29:51.328 19720 19720 W BatteryBroadcastRcvr: Problem reading the battery meter.
01-11 07:29:51.328 19720 19720 D BatteryInfo: time for callback: 0ms
01-11 07:29:51.333 19720 19906 D BatteryInfo: time for getStats: 0ms
01-11 07:29:51.334 19720 19925 D UsageGraph: No enabled state changed, skipping updateCategory call
01-11 07:29:51.334 19720 19906 D BatteryInfo: time for regular BatteryInfo: 1ms
01-11 07:29:51.335 19720 19906 D BatteryInfo: time for getBatteryInfo: 1ms
01-11 07:29:51.336 19720 19932 D BatteryTipLoader: BatteryInfoLoader post query: 0ms
01-11 07:29:51.336 19720 19932 D BatteryInfo: time for getBatteryInfo: 0ms
01-11 07:29:51.336 19720 19932 D BatteryTipLoader: BatteryInfoLoader.loadInBackground: 1ms
01-11 07:29:51.357 1504 1610 I input_focus: [Focus request 1c06037 com.android.settings/com.android.settings.Settings,reason=UpdateInputWindows]
01-11 07:29:51.357 19720 19900 I AdrenoGLES-0: QUALCOMM build : 47421dbee6, I139f36ad46
01-11 07:29:51.357 19720 19900 I AdrenoGLES-0: Build Date : 02/18/22
01-11 07:29:51.357 19720 19900 I AdrenoGLES-0: OpenGL ES Shader Compiler Version: EV031.32.02.17
01-11 07:29:51.357 19720 19900 I AdrenoGLES-0: Local Branch :
01-11 07:29:51.357 19720 19900 I AdrenoGLES-0: Remote Branch :
01-11 07:29:51.357 19720 19900 I AdrenoGLES-0: Remote Branch :
01-11 07:29:51.357 19720 19900 I AdrenoGLES-0: Reconstruct Branch :
01-11 07:29:51.357 19720 19900 I AdrenoGLES-0: Build Config : S P 10.0.7 AArch64
01-11 07:29:51.357 19720 19900 I AdrenoGLES-0: Driver Path : /vendor/lib64/egl/libGLESv2_adreno.so
01-11 07:29:51.358 499 499 I hwservicemanager: getTransport: Cannot find entry android.hardware.graphics.mapper@4.0::IMapper/default in either framework or device VINTF manifest.
01-11 07:29:51.361 19720 19900 I AdrenoGLES-0: PFP: 0x016dd093, ME: 0x00000000
01-11 07:29:51.366 19720 19900 D libEGL : MSAA-->msaa:4 gamemode:0 4x_msaa:0
01-11 07:29:51.366 19720 19900 D libEGL : MSAA-->msaa:4 gamemode:0 4x_msaa:0
01-11 07:29:51.366 19720 19900 D libEGL : MSAA-->msaa:4 gamemode:0 4x_msaa:0
01-11 07:29:51.370 882 1051 I SDM : HWCDisplay::GetColorModeCount: Supported color mode count = 1
01-11 07:29:51.370 882 1051 I SDM : HWCDisplay::GetColorModes: Color mode = 0 is supported
01-11 07:29:51.370 1002 1058 E HWComposer: getSupportedContentTypes: getSupportedContentTypes failed for display 4630946816427681409: Unsupported (8)
01-11 07:29:51.371 19720 19900 D hw-ProcessState: Binder ioctl to enable oneway spam detection failed: Invalid argument
01-01 12:30:21.606 0 0 I binder : 19720:19900 ioctl 40046210 7a22f871f4 returned -22
01-11 07:29:51.372 499 499 I hwservicemanager: getTransport: Cannot find entry android.hardware.graphics.mapper@4.0::IMapper/default in either framework or device VINTF manifest.
01-11 07:29:51.372 19720 19939 I Gralloc4: mapper 4.x is not supported
01-11 07:29:51.375 499 499 I hwservicemanager: getTransport: Cannot find entry android.hardware.graphics.allocator@4.0::IAllocator/default in either framework or device VINTF manifest.
01-11 07:29:51.375 19720 19939 W Gralloc4: allocator 4.x is not supported
01-11 07:29:51.393 19720 19720 D BatteryInfo: time for callback: 0ms
01-11 07:29:51.394 1504 1610 I sysui_multi_action: [324,1,757,1090,758,12,806,com.android.settings,871,com.android.settings.Settings,1091,241]
01-11 07:29:51.397 1504 1606 I sysui_multi_action: [319,42,321,40,322,241,325,12602,757,761,758,8,759,1,806,com.android.settings,871,com.android.settings.Settings,904,com.android.launcher3,905,0,1320,8,1321,5]
01-11 07:29:51.397 1504 1606 I wm_activity_launch_time: [0,52102910,com.android.settings/.Settings,241]
01-11 07:29:51.398 1504 1606 I ActivityTaskManager: Displayed com.android.settings/.Settings: +241ms
01-11 07:29:51.398 1504 1609 I EventSequenceValidator: dec AccIntentStartedEvents to 1
01-11 07:29:51.398 1504 1606 I ActivityTaskManager: Fully drawn com.android.settings/.Settings: +241ms
01-11 07:29:51.400 1504 2244 W ActivityTaskManager: Request to remove task ignored for non-existent task 156
01-11 07:29:51.407 1504 1699 I input_focus: [Focus entering 1c06037 com.android.settings/com.android.settings.Settings (server),reason=Window became focusable. Previous reason: NOT_VISIBLE]
01-11 07:29:51.422 12661 12680 W ocessService0:: Reducing the number of considered missed Gc histogram windows from 183 to 100
01-11 07:29:51.426 12543 12543 E unknown:sug_noti: osi
01-11 07:29:51.427 12543 12543 E unknown:sug_noti: !r_!G_c_!i: true_true_true_true
01-11 07:29:51.427 12543 12543 E unknown:sug_noti: !KM: true
01-11 07:29:51.427 12543 12543 E unknown:sug_noti: t: 1673393391427_1673393319587_false
01-11 07:29:51.428 19720 19720 I TetheringManager: registerTetheringEventCallback:com.android.settings
01-11 07:29:51.429 19720 19720 D PrefCtrlListHelper: Could not find Context-only controller for pref: com.android.settings.network.MultiNetworkHeaderController
01-11 07:29:51.429 19720 19720 D PrefCtrlListHelper: Could not find Context-only controller for pref: com.android.settings.network.AirplaneModePreferenceController
01-11 07:29:51.429 19720 19720 D PrefCtrlListHelper: Could not find Context-only controller for pref: com.android.settings.network.AllInOneTetherPreferenceController
01-11 07:29:51.429 19720 19720 D PrefCtrlListHelper: Could not find Context-only controller for pref: com.android.settings.network.AdaptiveConnectivityPreferenceController
01-11 07:29:51.430 12543 12543 E unknown:sug_info: loadPref sugFlag : true
01-11 07:29:51.431 19720 19720 W CarrierConfigManager: Error getting config for subId -1 ICarrierConfigLoader is null
01-11 07:29:51.432 19720 19720 D MobilePlanPrefContr: onCreate: mMobilePlanDialogMessage=null
01-11 07:29:51.432 12543 12543 E unknown:sug_info: SS : false
01-11 07:29:51.432 12543 12543 E unknown:sug_info: SR : true
01-11 07:29:51.432 12543 12543 E unknown:sug_info: TS : false
01-11 07:29:51.432 12543 12543 E unknown:sug_info: FLAG_SUG_SWITCH: true_xG: 4_FLAG_SUG_MIN_NET_LEVEL: 0
01-11 07:29:51.432 19720 19720 D BluetoothPan: Binding service...
01-11 07:29:51.432 12543 12543 E unknown:sug_info: true_true_true_true_false_true
01-11 07:29:51.432 12543 12543 E unknown:sug_info: sug core setting: false
01-11 07:29:51.433 1504 2244 E UserRestrictionsUtils: Unknown restriction queried by uid 1000 (com.android.wallpaperbackup et al): null
01-11 07:29:51.436 640 651 I mpu_uart: [MSG-P:RECV]:No message received in 1000 ms
01-11 07:29:51.439 19720 19720 D NetworkDashboardFrag: NO dashboard tiles for NetworkDashboardFrag
01-11 07:29:51.439 19720 19720 D NetworkDashboardFrag: All preferences added, reporting fully drawn
01-11 07:29:51.446 1504 13722 D ConnectivityService: requestNetwork for uid/pid:1000/19720 activeRequest: null callbackRequest: 202 [NetworkRequest [ REQUEST id=203, [ Capabilities: INTERNET&NOT_RESTRICTED&TRUSTED&NOT_VCN_MANAGED Uid: 1000 RequestorUid: 1000 RequestorPkg: com.android.settings] ]] callback flags: 0 priority: 2147483647
01-11 07:29:51.446 1504 1763 D ConnectivityService: NetReassign [203 : null → 102]
01-11 07:29:51.446 1504 1878 D Ethernet: got request NetworkRequest [ REQUEST id=203, [ Capabilities: INTERNET&NOT_RESTRICTED&TRUSTED&NOT_VCN_MANAGED Uid: 1000 RequestorUid: 1000 RequestorPkg: com.android.settings] ]
01-11 07:29:51.446 1504 1736 D WifiNetworkFactory: got request NetworkRequest [ REQUEST id=203, [ Capabilities: INTERNET&NOT_RESTRICTED&TRUSTED&NOT_VCN_MANAGED Uid: 1000 RequestorUid: 1000 RequestorPkg: com.android.settings] ]
01-11 07:29:51.446 1504 1878 D EthernetNetworkFactory: acceptRequest, request: NetworkRequest [ REQUEST id=203, [ Capabilities: INTERNET&NOT_RESTRICTED&TRUSTED&NOT_VCN_MANAGED Uid: 1000 RequestorUid: 1000 RequestorPkg: com.android.settings] ]
01-11 07:29:51.446 1504 1878 I EthernetNetworkFactory: networkForRequest, request: NetworkRequest [ REQUEST id=203, [ Capabilities: INTERNET&NOT_RESTRICTED&TRUSTED&NOT_VCN_MANAGED Uid: 1000 RequestorUid: 1000 RequestorPkg: com.android.settings] ], network: null
01-11 07:29:51.447 1504 13722 D ConnectivityService: requestNetwork for uid/pid:1000/19720 activeRequest: null callbackRequest: 205 [NetworkRequest [ REQUEST id=206, [ Capabilities: INTERNET&NOT_RESTRICTED&TRUSTED&NOT_VCN_MANAGED Uid: 1000 RequestorUid: 1000 RequestorPkg: com.android.settings] ]] callback flags: 0 priority: 2147483647
01-11 07:29:51.447 1504 1763 D ConnectivityService: NetReassign [no changes]
01-11 07:29:51.447 1504 1736 D UntrustedWifiNetworkFactory: got request NetworkRequest [ REQUEST id=203, [ Capabilities: INTERNET&NOT_RESTRICTED&TRUSTED&NOT_VCN_MANAGED Uid: 1000 RequestorUid: 1000 RequestorPkg: com.android.settings] ]
01-11 07:29:51.447 1504 1736 D OemPaidWifiNetworkFactory: got request NetworkRequest [ REQUEST id=203, [ Capabilities: INTERNET&NOT_RESTRICTED&TRUSTED&NOT_VCN_MANAGED Uid: 1000 RequestorUid: 1000 RequestorPkg: com.android.settings] ]
01-11 07:29:51.447 1504 1763 D ConnectivityService: NetReassign [206 : null → 102]
01-11 07:29:51.448 1504 1878 D Ethernet: got request NetworkRequest [ REQUEST id=206, [ Capabilities: INTERNET&NOT_RESTRICTED&TRUSTED&NOT_VCN_MANAGED Uid: 1000 RequestorUid: 1000 RequestorPkg: com.android.settings] ]
01-11 07:29:51.448 1504 1878 D EthernetNetworkFactory: acceptRequest, request: NetworkRequest [ REQUEST id=206, [ Capabilities: INTERNET&NOT_RESTRICTED&TRUSTED&NOT_VCN_MANAGED Uid: 1000 RequestorUid: 1000 RequestorPkg: com.android.settings] ]
01-11 07:29:51.448 1504 1878 I EthernetNetworkFactory: networkForRequest, request: NetworkRequest [ REQUEST id=206, [ Capabilities: INTERNET&NOT_RESTRICTED&TRUSTED&NOT_VCN_MANAGED Uid: 1000 RequestorUid: 1000 RequestorPkg: com.android.settings] ], network: null
01-11 07:29:51.448 1504 1736 D WifiNetworkFactory: got request NetworkRequest [ REQUEST id=206, [ Capabilities: INTERNET&NOT_RESTRICTED&TRUSTED&NOT_VCN_MANAGED Uid: 1000 RequestorUid: 1000 RequestorPkg: com.android.settings] ]
01-11 07:29:51.448 19720 19720 I TetheringManager: registerTetheringEventCallback caller:com.android.settings
01-11 07:29:51.448 1504 1736 D UntrustedWifiNetworkFactory: got request NetworkRequest [ REQUEST id=206, [ Capabilities: INTERNET&NOT_RESTRICTED&TRUSTED&NOT_VCN_MANAGED Uid: 1000 RequestorUid: 1000 RequestorPkg: com.android.settings] ]
01-11 07:29:51.448 1504 1736 D OemPaidWifiNetworkFactory: got request NetworkRequest [ REQUEST id=206, [ Capabilities: INTERNET&NOT_RESTRICTED&TRUSTED&NOT_VCN_MANAGED Uid: 1000 RequestorUid: 1000 RequestorPkg: com.android.settings] ]
01-11 07:29:51.452 1504 1763 D ConnectivityService: NetReassign [no changes]
01-11 07:29:51.452 1504 1537 D ConnectivityService: requestNetwork for uid/pid:1000/19720 activeRequest: null callbackRequest: 208 [NetworkRequest [ REQUEST id=209, [ Capabilities: INTERNET&NOT_RESTRICTED&TRUSTED&NOT_VCN_MANAGED Uid: 1000 RequestorUid: 1000 RequestorPkg: com.android.settings] ]] callback flags: 1 priority: 2147483647
01-11 07:29:51.453 19720 19720 D BluetoothPan: Binding service...
01-11 07:29:51.454 1504 1763 D ConnectivityService: NetReassign [209 : null → 102]
01-11 07:29:51.455 19720 19720 I sysui_multi_action: [757,746,758,1,833,0,1089,32]
01-11 07:29:51.455 19720 19720 D SubscriptionsChangeListener: Start
01-11 07:29:51.456 1504 2065 D TelephonyRegistry: listen oscl: mHasNotifySubscriptionInfoChangedOccurred==false no callback
01-11 07:29:51.457 1504 1878 D Ethernet: got request NetworkRequest [ REQUEST id=209, [ Capabilities: INTERNET&NOT_RESTRICTED&TRUSTED&NOT_VCN_MANAGED Uid: 1000 RequestorUid: 1000 RequestorPkg: com.android.settings] ]
01-11 07:29:51.457 19720 19720 D MobileNetworkSummaryStatus: network summary query
01-11 07:29:51.457 1504 1878 D EthernetNetworkFactory: acceptRequest, request: NetworkRequest [ REQUEST id=209, [ Capabilities: INTERNET&NOT_RESTRICTED&TRUSTED&NOT_VCN_MANAGED Uid: 1000 RequestorUid: 1000 RequestorPkg: com.android.settings] ]
01-11 07:29:51.457 1504 1878 I EthernetNetworkFactory: networkForRequest, request: NetworkRequest [ REQUEST id=209, [ Capabilities: INTERNET&NOT_RESTRICTED&TRUSTED&NOT_VCN_MANAGED Uid: 1000 RequestorUid: 1000 RequestorPkg: com.android.settings] ], network: null
01-11 07:29:51.457 1504 1763 D ConnectivityService: NetReassign [no changes]
01-11 07:29:51.458 1504 1736 D WifiNetworkFactory: got request NetworkRequest [ REQUEST id=209, [ Capabilities: INTERNET&NOT_RESTRICTED&TRUSTED&NOT_VCN_MANAGED Uid: 1000 RequestorUid: 1000 RequestorPkg: com.android.settings] ]
01-11 07:29:51.458 1504 1736 D UntrustedWifiNetworkFactory: got request NetworkRequest [ REQUEST id=209, [ Capabilities: INTERNET&NOT_RESTRICTED&TRUSTED&NOT_VCN_MANAGED Uid: 1000 RequestorUid: 1000 RequestorPkg: com.android.settings] ]
01-11 07:29:51.458 1504 1736 D OemPaidWifiNetworkFactory: got request NetworkRequest [ REQUEST id=209, [ Capabilities: INTERNET&NOT_RESTRICTED&TRUSTED&NOT_VCN_MANAGED Uid: 1000 RequestorUid: 1000 RequestorPkg: com.android.settings] ]
01-11 07:29:51.459 19720 19953 E TelephonyManager: Error in getUiccCardsInfo: unable to connect to Telephony service.
01-11 07:29:51.459 19720 19720 W SelectableSubscriptions: Fail to request subIdList
01-11 07:29:51.459 19720 19720 W SelectableSubscriptions: java.lang.NullPointerException: Attempt to invoke interface method 'int java.util.List.size()' on a null object reference
01-11 07:29:51.459 19720 19720 W SelectableSubscriptions: at com.android.settings.network.helper.SelectableSubscriptions.call(SelectableSubscriptions.java:128)
01-11 07:29:51.459 19720 19720 W SelectableSubscriptions: at com.android.settings.network.MobileNetworkSummaryStatus.getSubscriptions(MobileNetworkSummaryStatus.java:158)
01-11 07:29:51.459 19720 19720 W SelectableSubscriptions: at com.android.settings.network.MobileNetworkSummaryStatus.update(MobileNetworkSummaryStatus.java:88)
01-11 07:29:51.459 19720 19720 W SelectableSubscriptions: at com.android.settings.network.MobileNetworkSummaryController.update(MobileNetworkSummaryController.java:170)
01-11 07:29:51.459 19720 19720 W SelectableSubscriptions: at com.android.settings.network.MobileNetworkSummaryController.onResume(MobileNetworkSummaryController.java:95)
01-11 07:29:51.459 19720 19720 W SelectableSubscriptions: at java.lang.reflect.Method.invoke(Native Method)
01-11 07:29:51.459 19720 19720 W SelectableSubscriptions: at androidx.lifecycle.ClassesInfoCache$MethodReference.invokeCallback(ClassesInfoCache.java:216)
01-11 07:29:51.459 19720 19720 W SelectableSubscriptions: at androidx.lifecycle.ClassesInfoCache$CallbackInfo.invokeMethodsForEvent(ClassesInfoCache.java:194)
01-11 07:29:51.459 19720 19720 W SelectableSubscriptions: at androidx.lifecycle.ClassesInfoCache$CallbackInfo.invokeCallbacks(ClassesInfoCache.java:185)
01-11 07:29:51.459 19720 19720 W SelectableSubscriptions: at androidx.lifecycle.ReflectiveGenericLifecycleObserver.onStateChanged(ReflectiveGenericLifecycleObserver.java:37)
01-11 07:29:51.459 19720 19720 W SelectableSubscriptions: at androidx.lifecycle.LifecycleRegistry$ObserverWithState.dispatchEvent(LifecycleRegistry.java:354)
01-11 07:29:51.459 19720 19720 W SelectableSubscriptions: at androidx.lifecycle.LifecycleRegistry.forwardPass(LifecycleRegistry.java:265)
01-11 07:29:51.459 19720 19720 W SelectableSubscriptions: at androidx.lifecycle.LifecycleRegistry.sync(LifecycleRegistry.java:307)
01-11 07:29:51.459 19720 19720 W SelectableSubscriptions: at androidx.lifecycle.LifecycleRegistry.moveToState(LifecycleRegistry.java:148)
01-11 07:29:51.459 19720 19720 W SelectableSubscriptions: at androidx.lifecycle.LifecycleRegistry.handleLifecycleEvent(LifecycleRegistry.java:134)
01-11 07:29:51.459 19720 19720 W SelectableSubscriptions: at com.android.settingslib.core.lifecycle.ObservablePreferenceFragment.onResume(ObservablePreferenceFragment.java:87)
01-11 07:29:51.459 19720 19720 W SelectableSubscriptions: at com.android.settings.core.InstrumentedPreferenceFragment.onResume(InstrumentedPreferenceFragment.java:77)
01-11 07:29:51.459 19720 19720 W SelectableSubscriptions: at com.android.settings.SettingsPreferenceFragment.onResume(SettingsPreferenceFragment.java:198)
01-11 07:29:51.459 19720 19720 W SelectableSubscriptions: at com.android.settings.dashboard.DashboardFragment.onResume(DashboardFragment.java:219)
01-11 07:29:51.459 19720 19720 W SelectableSubscriptions: at androidx.fragment.app.Fragment.performResume(Fragment.java:3029)
01-11 07:29:51.459 19720 19720 W SelectableSubscriptions: at androidx.fragment.app.FragmentStateManager.resume(FragmentStateManager.java:583)
01-11 07:29:51.459 19720 19720 W SelectableSubscriptions: at androidx.fragment.app.FragmentStateManager.moveToExpectedState(FragmentStateManager.java:282)
01-11 07:29:51.459 19720 19720 W SelectableSubscriptions: at androidx.fragment.app.SpecialEffectsController$FragmentStateManagerOperation.complete(SpecialEffectsController.java:742)
01-11 07:29:51.459 19720 19720 W SelectableSubscriptions: at androidx.fragment.app.SpecialEffectsController$Operation.completeSpecialEffect(SpecialEffectsController.java:669)
01-11 07:29:51.459 19720 19720 W SelectableSubscriptions: at androidx.fragment.app.DefaultSpecialEffectsController$SpecialEffectsInfo.completeSpecialEffect(DefaultSpecialEffectsController.java:755)
01-11 07:29:51.459 19720 19720 W SelectableSubscriptions: at androidx.fragment.app.DefaultSpecialEffectsController.startAnimations(DefaultSpecialEffectsController.java:147)
01-11 07:29:51.459 19720 19720 W SelectableSubscriptions: at androidx.fragment.app.DefaultSpecialEffectsController.executeOperations(DefaultSpecialEffectsController.java:120)
01-11 07:29:51.459 19720 19720 W SelectableSubscriptions: at androidx.fragment.app.SpecialEffectsController.executePendingOperations(SpecialEffectsController.java:294)
01-11 07:29:51.459 19720 19720 W SelectableSubscriptions: at androidx.fragment.app.FragmentManager.executeOpsTogether(FragmentManager.java:2222)
01-11 07:29:51.459 19720 19720 W SelectableSubscriptions: at androidx.fragment.app.FragmentManager.removeRedundantOperationsAndExecute(FragmentManager.java:2120)
01-11 07:29:51.459 19720 19720 W SelectableSubscriptions: at androidx.fragment.app.FragmentManager.execPendingActions(FragmentManager.java:2022)
01-11 07:29:51.459 19720 19720 W SelectableSubscriptions: at androidx.fragment.app.FragmentManager.executePendingTransactions(FragmentManager.java:603)
01-11 07:29:51.459 19720 19720 W SelectableSubscriptions: at com.android.settings.homepage.SettingsHomepageActivity.addFragment(SettingsHomepageActivity.java:418)
01-11 07:29:51.459 19720 19720 W SelectableSubscriptions: at com.android.settings.homepage.SettingsHomepageActivity.lambda$changeSettingsDetailsFragment$4(SettingsHomepageActivity.java:389)
01-11 07:29:51.459 19720 19720 W SelectableSubscriptions: at com.android.settings.homepage.SettingsHomepageActivity.$r8$lambda$CqOfnAceDxvOR2buhHdxOyMQieE(Unknown Source:0)
01-11 07:29:51.459 19720 19720 W SelectableSubscriptions: at com.android.settings.homepage.SettingsHomepageActivity$$ExternalSyntheticLambda3.run(Unknown Source:10)
01-11 07:29:51.459 19720 19720 W SelectableSubscriptions: at android.os.Handler.handleCallback(Handler.java:938)
01-11 07:29:51.459 19720 19720 W SelectableSubscriptions: at android.os.Handler.dispatchMessage(Handler.java:99)
01-11 07:29:51.459 19720 19720 W SelectableSubscriptions: at android.os.Looper.loopOnce(Looper.java:201)
01-11 07:29:51.459 19720 19720 W SelectableSubscriptions: at android.os.Looper.loop(Looper.java:288)
01-11 07:29:51.459 19720 19720 W SelectableSubscriptions: at android.app.ActivityThread.main(ActivityThread.java:7880)
01-11 07:29:51.459 19720 19720 W SelectableSubscriptions: at java.lang.reflect.Method.invoke(Native Method)
01-11 07:29:51.459 19720 19720 W SelectableSubscriptions: at com.android.internal.os.RuntimeInit$MethodAndArgsCaller.run(RuntimeInit.java:548)
01-11 07:29:51.459 19720 19720 W SelectableSubscriptions: at com.android.internal.os.ZygoteInit.main(ZygoteInit.java:1009)
01-11 07:29:51.459 19720 19720 D MobileNetworkSummaryStatus: network summary query ignored
01-11 07:29:51.461 19720 19950 W MobileNetworkUtils: EuiccManager is not enabled.
01-11 07:29:51.461 19720 19720 D SubscriptionsChangeListener: Start
01-11 07:29:51.462 1504 2065 D TelephonyRegistry: listen oscl: mHasNotifySubscriptionInfoChangedOccurred==false no callback
01-11 07:29:51.463 1504 1763 D ConnectivityService: NetReassign [no changes]
01-11 07:29:51.466 19720 19720 I sysui_multi_action: [757,1729,758,4,854,isParalleledControllers:false,1089,42]
01-11 07:29:51.466 1504 13722 W ScanResultUtil: Empty or null ScanResult list
01-11 07:29:51.466 1504 13722 W WifiService: Attempt to retrieve WifiConfiguration with invalid scanResult List
01-11 07:29:51.466 1504 13722 W ScanResultUtil: Empty or null ScanResult list
01-11 07:29:51.466 1504 13722 E WifiService: Attempt to retrieve passpoint with invalid scanResult List
01-11 07:29:51.467 1504 13722 W ScanResultUtil: Empty or null ScanResult list
01-11 07:29:51.467 1504 13722 W WifiService: Attempt to retrieve OsuProviders with invalid scanResult List
01-11 07:29:51.474 1504 2065 I WifiService: startScan uid=1000
01-11 07:29:51.480 1504 13722 W ScanResultUtil: Empty or null ScanResult list
01-11 07:29:51.480 1504 13722 W WifiService: Attempt to retrieve WifiConfiguration with invalid scanResult List
01-11 07:29:51.480 1355 18388 D LOWI-9.0.0.87.a: [LOWI-Scan] wait_event:Wait done with Cmd 33
01-11 07:29:51.480 1355 18388 D LOWI-9.0.0.87.a: [LOWI-Scan] do_listen_events: Rcvd valid Netlink Cmd 0 Err 0
01-11 07:29:51.481 1504 13722 W ScanResultUtil: Empty or null ScanResult list
01-11 07:29:51.481 1504 13722 E WifiService: Attempt to retrieve passpoint with invalid scanResult List
01-11 07:29:51.481 1504 13722 W ScanResultUtil: Empty or null ScanResult list
01-11 07:29:51.481 1504 13722 W WifiService: Attempt to retrieve OsuProviders with invalid scanResult List
01-11 07:29:51.484 19720 19720 D BluetoothPan: Proxy object connected
01-11 07:29:51.491 1974 1974 W View : requestLayout() improperly called by android.widget.FrameLayout{c40a8ea I.E...... ......ID 0,0-780,179 #2bc} during second layout pass: posting in next frame
01-11 07:29:51.491 1974 1974 W View : requestLayout() improperly called by com.android.systemui.statusbar.AlphaOptimizedImageView{a2318d5 VFED..C.. ......ID 0,0-140,179} during second layout pass: posting in next frame
01-11 07:29:51.491 1974 1974 W View : requestLayout() improperly called by android.widget.FrameLayout{511b245 I.E...... ......ID 0,0-780,179 #2bc} during second layout pass: posting in next frame
01-11 07:29:51.491 1974 1974 W View : requestLayout() improperly called by com.android.systemui.statusbar.AlphaOptimizedImageView{4f552bc VFED..C.. ......ID 0,0-140,84} during second layout pass: posting in next frame
01-11 07:29:51.492 19720 19720 D BluetoothPan: Proxy object connected
01-11 07:29:51.505 19720 19949 I OpenGLRenderer: Davey! duration=9223359434191ms; Flags=0, FrameTimelineVsyncId=311176, IntendedVsync=12602663118457, Vsync=12602679785123, InputEventId=0, HandleInputStart=12602691151596, AnimationStart=12602691152586, PerformTraversalsStart=12602691313055, DrawStart=12602707848211, FrameDeadline=12602696451789, FrameInterval=12602691148888, FrameStartTime=16666666, SyncQueued=12602709296701, SyncStart=12602709331440, IssueDrawCommandsStart=12602709490971, SwapBuffers=12602712740711, FrameCompleted=9223372036854775807, DequeueBufferDuration=13541, QueueBufferDuration=998177, GpuCompleted=9223372036854775807, SwapBuffersCompleted=12602714124930, DisplayPresentTime=64,
01-11 07:29:51.508 1974 1974 W View : requestLayout() improperly called by android.widget.FrameLayout{c40a8ea I.E...... ......ID 0,0-780,179 #2bc} during layout: running second layout pass
01-11 07:29:51.508 1974 1974 W View : requestLayout() improperly called by com.android.systemui.statusbar.AlphaOptimizedImageView{a2318d5 VFED..C.. ......ID 0,0-140,179} during layout: running second layout pass
01-11 07:29:51.508 1974 1974 W View : requestLayout() improperly called by android.widget.FrameLayout{511b245 I.E...... ......ID 0,0-780,179 #2bc} during layout: running second layout pass
01-11 07:29:51.508 1974 1974 W View : requestLayout() improperly called by com.android.systemui.statusbar.AlphaOptimizedImageView{4f552bc VFED..C.. ......ID 0,0-140,84} during layout: running second layout pass
01-11 07:29:51.509 1974 1974 W View : requestLayout() improperly called by android.widget.FrameLayout{c40a8ea I.E...... ......ID 0,0-780,179 #2bc} during second layout pass: posting in next frame
01-11 07:29:51.509 1974 1974 W View : requestLayout() improperly called by com.android.systemui.statusbar.AlphaOptimizedImageView{a2318d5 VFED..C.. ......ID 0,0-140,179} during second layout pass: posting in next frame
01-11 07:29:51.509 1974 1974 W View : requestLayout() improperly called by android.widget.FrameLayout{511b245 I.E...... ......ID 0,0-780,179 #2bc} during second layout pass: posting in next frame
01-11 07:29:51.509 1974 1974 W View : requestLayout() improperly called by com.android.systemui.statusbar.AlphaOptimizedImageView{4f552bc VFED..C.. ......ID 0,0-140,84} during second layout pass: posting in next frame
01-01 12:30:21.751 0 0 I [schedu][0x385939040d][07:29:51.515823] wlan: [3357:I:OSIF] scan start scan id 40982
01-11 07:29:51.524 1974 1974 W View : requestLayout() improperly called by android.widget.FrameLayout{c40a8ea I.E...... ......ID 0,0-780,179 #2bc} during layout: running second layout pass
01-11 07:29:51.524 1974 1974 W View : requestLayout() improperly called by com.android.systemui.statusbar.AlphaOptimizedImageView{a2318d5 VFED..C.. ......ID 0,0-140,179} during layout: running second layout pass
01-11 07:29:51.524 1974 1974 W View : requestLayout() improperly called by android.widget.FrameLayout{511b245 I.E...... ......ID 0,0-780,179 #2bc} during layout: running second layout pass
01-11 07:29:51.524 1974 1974 W View : requestLayout() improperly called by com.android.systemui.statusbar.AlphaOptimizedImageView{4f552bc VFED..C.. ......ID 0,0-140,84} during layout: running second layout pass
01-11 07:29:51.524 1974 1974 W View : requestLayout() improperly called by android.widget.FrameLayout{c40a8ea I.E...... ......ID 0,0-780,179 #2bc} during second layout pass: posting in next frame
01-11 07:29:51.525 1974 1974 W View : requestLayout() improperly called by com.android.systemui.statusbar.AlphaOptimizedImageView{a2318d5 VFED..C.. ......ID 0,0-140,179} during second layout pass: posting in next frame
01-11 07:29:51.525 1974 1974 W View : requestLayout() improperly called by android.widget.FrameLayout{511b245 I.E...... ......ID 0,0-780,179 #2bc} during second layout pass: posting in next frame
01-11 07:29:51.525 1974 1974 W View : requestLayout() improperly called by com.android.systemui.statusbar.AlphaOptimizedImageView{4f552bc VFED..C.. ......ID 0,0-140,84} during second layout pass: posting in next frame
01-11 07:29:51.541 1974 1974 W View : requestLayout() improperly called by android.widget.FrameLayout{c40a8ea I.E...... ......ID 0,0-780,179 #2bc} during layout: running second layout pass
01-11 07:29:51.541 1974 1974 W View : requestLayout() improperly called by com.android.systemui.statusbar.AlphaOptimizedImageView{a2318d5 VFED..C.. ......ID 0,0-140,179} during layout: running second layout pass
01-11 07:29:51.541 1974 1974 W View : requestLayout() improperly called by android.widget.FrameLayout{511b245 I.E...... ......ID 0,0-780,179 #2bc} during layout: running second layout pass
01-11 07:29:51.541 1974 1974 W View : requestLayout() improperly called by com.android.systemui.statusbar.AlphaOptimizedImageView{4f552bc VFED..C.. ......ID 0,0-140,84} during layout: running second layout pass
01-11 07:29:51.542 1974 1974 W View : requestLayout() improperly called by android.widget.FrameLayout{c40a8ea I.E...... ......ID 0,0-780,179 #2bc} during second layout pass: posting in next frame
01-11 07:29:51.542 1974 1974 W View : requestLayout() improperly called by com.android.systemui.statusbar.AlphaOptimizedImageView{a2318d5 VFED..C.. ......ID 0,0-140,179} during second layout pass: posting in next frame
01-11 07:29:51.542 1974 1974 W View : requestLayout() improperly called by android.widget.FrameLayout{511b245 I.E...... ......ID 0,0-780,179 #2bc} during second layout pass: posting in next frame
01-11 07:29:51.542 1974 1974 W View : requestLayout() improperly called by com.android.systemui.statusbar.AlphaOptimizedImageView{4f552bc VFED..C.. ......ID 0,0-140,84} during second layout pass: posting in next frame
01-11 07:29:51.557 1974 1974 W View : requestLayout() improperly called by android.widget.FrameLayout{c40a8ea I.E...... ......ID 0,0-780,179 #2bc} during layout: running second layout pass
01-11 07:29:51.557 1974 1974 W View : requestLayout() improperly called by com.android.systemui.statusbar.AlphaOptimizedImageView{a2318d5 VFED..C.. ......ID 0,0-140,179} during layout: running second layout pass
01-11 07:29:51.557 1974 1974 W View : requestLayout() improperly called by android.widget.FrameLayout{511b245 I.E...... ......ID 0,0-780,179 #2bc} during layout: running second layout pass
01-11 07:29:51.557 1974 1974 W View : requestLayout() improperly called by com.android.systemui.statusbar.AlphaOptimizedImageView{4f552bc VFED..C.. ......ID 0,0-140,84} during layout: running second layout pass
01-11 07:29:51.558 1974 1974 W View : requestLayout() improperly called by android.widget.FrameLayout{c40a8ea I.E...... ......ID 0,0-780,179 #2bc} during second layout pass: posting in next frame
01-11 07:29:51.558 1974 1974 W View : requestLayout() improperly called by com.android.systemui.statusbar.AlphaOptimizedImageView{a2318d5 VFED..C.. ......ID 0,0-140,179} during second layout pass: posting in next frame
01-11 07:29:51.558 1974 1974 W View : requestLayout() improperly called by android.widget.FrameLayout{511b245 I.E...... ......ID 0,0-780,179 #2bc} during second layout pass: posting in next frame
01-11 07:29:51.558 1974 1974 W View : requestLayout() improperly called by com.android.systemui.statusbar.AlphaOptimizedImageView{4f552bc VFED..C.. ......ID 0,0-140,84} during second layout pass: posting in next frame
01-11 07:29:51.573 1974 1974 W View : requestLayout() improperly called by android.widget.FrameLayout{c40a8ea I.E...... ......ID 0,0-780,179 #2bc} during layout: running second layout pass
01-11 07:29:51.573 1974 1974 W View : requestLayout() improperly called by com.android.systemui.statusbar.AlphaOptimizedImageView{a2318d5 VFED..C.. ......ID 0,0-140,179} during layout: running second layout pass
01-11 07:29:51.573 1974 1974 W View : requestLayout() improperly called by android.widget.FrameLayout{511b245 I.E...... ......ID 0,0-780,179 #2bc} during layout: running second layout pass
01-11 07:29:51.573 1974 1974 W View : requestLayout() improperly called by com.android.systemui.statusbar.AlphaOptimizedImageView{4f552bc VFED..C.. ......ID 0,0-140,84} during layout: running second layout pass
01-11 07:29:51.575 1974 1974 W View : requestLayout() improperly called by android.widget.FrameLayout{c40a8ea I.E...... ......ID 0,0-780,179 #2bc} during second layout pass: posting in next frame
01-11 07:29:51.575 1974 1974 W View : requestLayout() improperly called by com.android.systemui.statusbar.AlphaOptimizedImageView{a2318d5 VFED..C.. ......ID 0,0-140,179} during second layout pass: posting in next frame
01-11 07:29:51.575 1974 1974 W View : requestLayout() improperly called by android.widget.FrameLayout{511b245 I.E...... ......ID 0,0-780,179 #2bc} during second layout pass: posting in next frame
01-11 07:29:51.575 1974 1974 W View : requestLayout() improperly called by com.android.systemui.statusbar.AlphaOptimizedImageView{4f552bc VFED..C.. ......ID 0,0-140,84} during second layout pass: posting in next frame
01-11 07:29:51.590 1974 1974 W View : requestLayout() improperly called by android.widget.FrameLayout{c40a8ea I.E...... ......ID 0,0-780,179 #2bc} during layout: running second layout pass
01-11 07:29:51.590 1974 1974 W View : requestLayout() improperly called by com.android.systemui.statusbar.AlphaOptimizedImageView{a2318d5 VFED..C.. ......ID 0,0-140,179} during layout: running second layout pass
01-11 07:29:51.590 1974 1974 W View : requestLayout() improperly called by android.widget.FrameLayout{511b245 I.E...... ......ID 0,0-780,179 #2bc} during layout: running second layout pass
01-11 07:29:51.590 1974 1974 W View : requestLayout() improperly called by com.android.systemui.statusbar.AlphaOptimizedImageView{4f552bc VFED..C.. ......ID 0,0-140,84} during layout: running second layout pass
01-11 07:29:51.591 1974 1974 W View : requestLayout() improperly called by android.widget.FrameLayout{c40a8ea I.E...... ......ID 0,0-780,179 #2bc} during second layout pass: posting in next frame
01-11 07:29:51.591 1974 1974 W View : requestLayout() improperly called by com.android.systemui.statusbar.AlphaOptimizedImageView{a2318d5 VFED..C.. ......ID 0,0-140,179} during second layout pass: posting in next frame
01-11 07:29:51.591 1974 1974 W View : requestLayout() improperly called by android.widget.FrameLayout{511b245 I.E...... ......ID 0,0-780,179 #2bc} during second layout pass: posting in next frame
01-11 07:29:51.591 1974 1974 W View : requestLayout() improperly called by com.android.systemui.statusbar.AlphaOptimizedImageView{4f552bc VFED..C.. ......ID 0,0-140,84} during second layout pass: posting in next frame
01-11 07:29:51.598 640 650 I mpu_uart: [MSG-P:R]:recv sync frame timeout
01-11 07:29:51.606 1974 1974 W View : requestLayout() improperly called by android.widget.FrameLayout{c40a8ea I.E...... ......ID 0,0-780,179 #2bc} during layout: running second layout pass
01-11 07:29:51.606 1974 1974 W View : requestLayout() improperly called by com.android.systemui.statusbar.AlphaOptimizedImageView{a2318d5 VFED..C.. ......ID 0,0-140,179} during layout: running second layout pass
01-11 07:29:51.606 1974 1974 W View : requestLayout() improperly called by android.widget.FrameLayout{511b245 I.E...... ......ID 0,0-780,179 #2bc} during layout: running second layout pass
01-11 07:29:51.606 1974 1974 W View : requestLayout() improperly called by com.android.systemui.statusbar.AlphaOptimizedImageView{4f552bc VFED..C.. ......ID 0,0-140,84} during layout: running second layout pass
01-11 07:29:51.608 1974 1974 W View : requestLayout() improperly called by android.widget.FrameLayout{c40a8ea I.E...... ......ID 0,0-780,179 #2bc} during second layout pass: posting in next frame
01-11 07:29:51.608 1974 1974 W View : requestLayout() improperly called by com.android.systemui.statusbar.AlphaOptimizedImageView{a2318d5 VFED..C.. ......ID 0,0-140,179} during second layout pass: posting in next frame
01-11 07:29:51.608 1974 1974 W View : requestLayout() improperly called by android.widget.FrameLayout{511b245 I.E...... ......ID 0,0-780,179 #2bc} during second layout pass: posting in next frame
01-11 07:29:51.608 1974 1974 W View : requestLayout() improperly called by com.android.systemui.statusbar.AlphaOptimizedImageView{4f552bc VFED..C.. ......ID 0,0-140,84} during second layout pass: posting in next frame
01-11 07:29:51.623 1974 1974 W View : requestLayout() improperly called by android.widget.FrameLayout{c40a8ea I.E...... ......ID 0,0-780,179 #2bc} during layout: running second layout pass
01-11 07:29:51.623 1974 1974 W View : requestLayout() improperly called by com.android.systemui.statusbar.AlphaOptimizedImageView{a2318d5 VFED..C.. ......ID 0,0-140,179} during layout: running second layout pass
01-11 07:29:51.623 1974 1974 W View : requestLayout() improperly called by android.widget.FrameLayout{511b245 I.E...... ......ID 0,0-780,179 #2bc} during layout: running second layout pass
01-11 07:29:51.623 1974 1974 W View : requestLayout() improperly called by com.android.systemui.statusbar.AlphaOptimizedImageView{4f552bc VFED..C.. ......ID 0,0-140,84} during layout: running second layout pass
01-11 07:29:51.625 1974 1974 W View : requestLayout() improperly called by android.widget.FrameLayout{c40a8ea I.E...... ......ID 0,0-780,179 #2bc} during second layout pass: posting in next frame
01-11 07:29:51.625 1974 1974 W View : requestLayout() improperly called by com.android.systemui.statusbar.AlphaOptimizedImageView{a2318d5 VFED..C.. ......ID 0,0-140,179} during second layout pass: posting in next frame
01-11 07:29:51.625 1974 1974 W View : requestLayout() improperly called by android.widget.FrameLayout{511b245 I.E...... ......ID 0,0-780,179 #2bc} during second layout pass: posting in next frame
01-11 07:29:51.625 1974 1974 W View : requestLayout() improperly called by com.android.systemui.statusbar.AlphaOptimizedImageView{4f552bc VFED..C.. ......ID 0,0-140,84} during second layout pass: posting in next frame
01-11 07:29:51.640 1974 1974 W View : requestLayout() improperly called by android.widget.FrameLayout{c40a8ea I.E...... ......ID 0,0-780,179 #2bc} during layout: running second layout pass
01-11 07:29:51.640 1974 1974 W View : requestLayout() improperly called by com.android.systemui.statusbar.AlphaOptimizedImageView{a2318d5 VFED..C.. ......ID 0,0-140,179} during layout: running second layout pass
01-11 07:29:51.640 1974 1974 W View : requestLayout() improperly called by android.widget.FrameLayout{511b245 I.E...... ......ID 0,0-780,179 #2bc} during layout: running second layout pass
01-11 07:29:51.640 1974 1974 W View : requestLayout() improperly called by com.android.systemui.statusbar.AlphaOptimizedImageView{4f552bc VFED..C.. ......ID 0,0-140,84} during layout: running second layout pass
01-11 07:29:51.641 1974 1974 W View : requestLayout() improperly called by android.widget.FrameLayout{c40a8ea I.E...... ......ID 0,0-780,179 #2bc} during second layout pass: posting in next frame
01-11 07:29:51.641 1974 1974 W View : requestLayout() improperly called by com.android.systemui.statusbar.AlphaOptimizedImageView{a2318d5 VFED..C.. ......ID 0,0-140,179} during second layout pass: posting in next frame
01-11 07:29:51.641 1974 1974 W View : requestLayout() improperly called by android.widget.FrameLayout{511b245 I.E...... ......ID 0,0-780,179 #2bc} during second layout pass: posting in next frame
01-11 07:29:51.641 1974 1974 W View : requestLayout() improperly called by com.android.systemui.statusbar.AlphaOptimizedImageView{4f552bc VFED..C.. ......ID 0,0-140,84} during second layout pass: posting in next frame
01-11 07:29:51.657 1974 1974 W View : requestLayout() improperly called by android.widget.FrameLayout{c40a8ea I.E...... ......ID 0,0-780,179 #2bc} during layout: running second layout pass
01-11 07:29:51.657 1974 1974 W View : requestLayout() improperly called by com.android.systemui.statusbar.AlphaOptimizedImageView{a2318d5 VFED..C.. ......ID 0,0-140,179} during layout: running second layout pass
01-11 07:29:51.657 1974 1974 W View : requestLayout() improperly called by android.widget.FrameLayout{511b245 I.E...... ......ID 0,0-780,179 #2bc} during layout: running second layout pass
01-11 07:29:51.657 1974 1974 W View : requestLayout() improperly called by com.android.systemui.statusbar.AlphaOptimizedImageView{4f552bc VFED..C.. ......ID 0,0-140,84} during layout: running second layout pass
01-11 07:29:51.658 1974 1974 W View : requestLayout() improperly called by android.widget.FrameLayout{c40a8ea I.E...... ......ID 0,0-780,179 #2bc} during second layout pass: posting in next frame
01-11 07:29:51.658 1974 1974 W View : requestLayout() improperly called by com.android.systemui.statusbar.AlphaOptimizedImageView{a2318d5 VFED..C.. ......ID 0,0-140,179} during second layout pass: posting in next frame
01-11 07:29:51.658 1974 1974 W View : requestLayout() improperly called by android.widget.FrameLayout{511b245 I.E...... ......ID 0,0-780,179 #2bc} during second layout pass: posting in next frame
01-11 07:29:51.658 1974 1974 W View : requestLayout() improperly called by com.android.systemui.statusbar.AlphaOptimizedImageView{4f552bc VFED..C.. ......ID 0,0-140,84} during second layout pass: posting in next frame
01-11 07:29:51.673 1974 1974 W View : requestLayout() improperly called by android.widget.FrameLayout{c40a8ea I.E...... ......ID 0,0-780,179 #2bc} during layout: running second layout pass
01-11 07:29:51.673 1974 1974 W View : requestLayout() improperly called by com.android.systemui.statusbar.AlphaOptimizedImageView{a2318d5 VFED..C.. ......ID 0,0-140,179} during layout: running second layout pass
01-11 07:29:51.673 1974 1974 W View : requestLayout() improperly called by android.widget.FrameLayout{511b245 I.E...... ......ID 0,0-780,179 #2bc} during layout: running second layout pass
01-11 07:29:51.673 1974 1974 W View : requestLayout() improperly called by com.android.systemui.statusbar.AlphaOptimizedImageView{4f552bc VFED..C.. ......ID 0,0-140,84} during layout: running second layout pass
01-11 07:29:51.674 1974 1974 W View : requestLayout() improperly called by android.widget.FrameLayout{c40a8ea I.E...... ......ID 0,0-780,179 #2bc} during second layout pass: posting in next frame
01-11 07:29:51.674 1974 1974 W View : requestLayout() improperly called by com.android.systemui.statusbar.AlphaOptimizedImageView{a2318d5 VFED..C.. ......ID 0,0-140,179} during second layout pass: posting in next frame
01-11 07:29:51.674 1974 1974 W View : requestLayout() improperly called by android.widget.FrameLayout{511b245 I.E...... ......ID 0,0-780,179 #2bc} during second layout pass: posting in next frame
01-11 07:29:51.674 1974 1974 W View : requestLayout() improperly called by com.android.systemui.statusbar.AlphaOptimizedImageView{4f552bc VFED..C.. ......ID 0,0-140,84} during second layout pass: posting in next frame
01-11 07:29:51.690 1974 1974 W View : requestLayout() improperly called by android.widget.FrameLayout{c40a8ea I.E...... ......ID 0,0-780,179 #2bc} during layout: running second layout pass
01-11 07:29:51.690 1974 1974 W View : requestLayout() improperly called by com.android.systemui.statusbar.AlphaOptimizedImageView{a2318d5 VFED..C.. ......ID 0,0-140,179} during layout: running second layout pass
01-11 07:29:51.690 1974 1974 W View : requestLayout() improperly called by android.widget.FrameLayout{511b245 I.E...... ......ID 0,0-780,179 #2bc} during layout: running second layout pass
01-11 07:29:51.690 1974 1974 W View : requestLayout() improperly called by com.android.systemui.statusbar.AlphaOptimizedImageView{4f552bc VFED..C.. ......ID 0,0-140,84} during layout: running second layout pass
01-11 07:29:51.691 1974 1974 W View : requestLayout() improperly called by android.widget.FrameLayout{c40a8ea I.E...... ......ID 0,0-780,179 #2bc} during second layout pass: posting in next frame
01-11 07:29:51.691 1974 1974 W View : requestLayout() improperly called by com.android.systemui.statusbar.AlphaOptimizedImageView{a2318d5 VFED..C.. ......ID 0,0-140,179} during second layout pass: posting in next frame
01-11 07:29:51.691 1974 1974 W View : requestLayout() improperly called by android.widget.FrameLayout{511b245 I.E...... ......ID 0,0-780,179 #2bc} during second layout pass: posting in next frame
01-11 07:29:51.691 1974 1974 W View : requestLayout() improperly called by com.android.systemui.statusbar.AlphaOptimizedImageView{4f552bc VFED..C.. ......ID 0,0-140,84} during second layout pass: posting in next frame
01-11 07:29:51.707 1974 1974 W View : requestLayout() improperly called by android.widget.FrameLayout{c40a8ea I.E...... ......ID 0,0-780,179 #2bc} during layout: running second layout pass
01-11 07:29:51.707 1974 1974 W View : requestLayout() improperly called by com.android.systemui.statusbar.AlphaOptimizedImageView{a2318d5 VFED..C.. ......ID 0,0-140,179} during layout: running second layout pass
01-11 07:29:51.707 1974 1974 W View : requestLayout() improperly called by android.widget.FrameLayout{511b245 I.E...... ......ID 0,0-780,179 #2bc} during layout: running second layout pass
01-11 07:29:51.707 1974 1974 W View : requestLayout() improperly called by com.android.systemui.statusbar.AlphaOptimizedImageView{4f552bc VFED..C.. ......ID 0,0-140,84} during layout: running second layout pass
01-11 07:29:51.708 1974 1974 W View : requestLayout() improperly called by android.widget.FrameLayout{c40a8ea I.E...... ......ID 0,0-780,179 #2bc} during second layout pass: posting in next frame
01-11 07:29:51.708 1974 1974 W View : requestLayout() improperly called by com.android.systemui.statusbar.AlphaOptimizedImageView{a2318d5 VFED..C.. ......ID 0,0-140,179} during second layout pass: posting in next frame
01-11 07:29:51.708 1974 1974 W View : requestLayout() improperly called by android.widget.FrameLayout{511b245 I.E...... ......ID 0,0-780,179 #2bc} during second layout pass: posting in next frame
01-11 07:29:51.708 1974 1974 W View : requestLayout() improperly called by com.android.systemui.statusbar.AlphaOptimizedImageView{4f552bc VFED..C.. ......ID 0,0-140,84} during second layout pass: posting in next frame
01-11 07:29:51.723 1974 1974 W View : requestLayout() improperly called by android.widget.FrameLayout{c40a8ea I.E...... ......ID 0,0-780,179 #2bc} during layout: running second layout pass
01-11 07:29:51.723 1974 1974 W View : requestLayout() improperly called by com.android.systemui.statusbar.AlphaOptimizedImageView{a2318d5 VFED..C.. ......ID 0,0-140,179} during layout: running second layout pass
01-11 07:29:51.723 1974 1974 W View : requestLayout() improperly called by android.widget.FrameLayout{511b245 I.E...... ......ID 0,0-780,179 #2bc} during layout: running second layout pass
01-11 07:29:51.723 1974 1974 W View : requestLayout() improperly called by com.android.systemui.statusbar.AlphaOptimizedImageView{4f552bc VFED..C.. ......ID 0,0-140,84} during layout: running second layout pass
01-11 07:29:51.724 1504 1609 I wm_stop_activity: [0,11415547,com.android.launcher3/.uioverrides.QuickstepLauncher]
01-11 07:29:51.740 1974 1974 W View : requestLayout() improperly called by android.widget.FrameLayout{c40a8ea I.E...... ......ID 0,0-780,179 #2bc} during second layout pass: posting in next frame
01-11 07:29:51.741 1974 1974 W View : requestLayout() improperly called by com.android.systemui.statusbar.AlphaOptimizedImageView{a2318d5 VFED..C.. ......ID 0,0-140,179} during second layout pass: posting in next frame
01-11 07:29:51.741 1974 1974 W View : requestLayout() improperly called by android.widget.FrameLayout{511b245 I.E...... ......ID 0,0-780,179 #2bc} during second layout pass: posting in next frame
01-11 07:29:51.741 1974 1974 W View : requestLayout() improperly called by com.android.systemui.statusbar.AlphaOptimizedImageView{4f552bc VFED..C.. ......ID 0,0-140,84} during second layout pass: posting in next frame
01-11 07:29:51.742 2545 2545 D StateManager: goToState: Normal
01-11 07:29:51.743 2545 2545 I wm_on_stop_called: [11415547,com.android.launcher3.uioverrides.QuickstepLauncher,STOP_ACTIVITY_ITEM]
01-11 07:29:51.757 1974 1974 W View : requestLayout() improperly called by android.widget.FrameLayout{c40a8ea I.E...... ......ID 0,0-780,179 #2bc} during layout: running second layout pass
01-11 07:29:51.757 1974 1974 W View : requestLayout() improperly called by com.android.systemui.statusbar.AlphaOptimizedImageView{a2318d5 VFED..C.. ......ID 0,0-140,179} during layout: running second layout pass
01-11 07:29:51.757 1974 1974 W View : requestLayout() improperly called by android.widget.FrameLayout{511b245 I.E...... ......ID 0,0-780,179 #2bc} during layout: running second layout pass
01-11 07:29:51.757 1974 1974 W View : requestLayout() improperly called by com.android.systemui.statusbar.AlphaOptimizedImageView{4f552bc VFED..C.. ......ID 0,0-140,84} during layout: running second layout pass
01-11 07:29:51.758 1974 1974 W View : requestLayout() improperly called by android.widget.FrameLayout{c40a8ea I.E...... ......ID 0,0-780,179 #2bc} during second layout pass: posting in next frame
01-11 07:29:51.758 6577 6590 I GameMode_ActivityMonitoringService: onForegroundActivitiesChanged uid 10071 pid 2545 fg false
01-11 07:29:51.758 1974 1974 W View : requestLayout() improperly called by com.android.systemui.statusbar.AlphaOptimizedImageView{a2318d5 VFED..C.. ......ID 0,0-140,179} during second layout pass: posting in next frame
01-11 07:29:51.758 1974 1974 W View : requestLayout() improperly called by android.widget.FrameLayout{511b245 I.E...... ......ID 0,0-780,179 #2bc} during second layout pass: posting in next frame
01-11 07:29:51.758 1974 1974 W View : requestLayout() improperly called by com.android.systemui.statusbar.AlphaOptimizedImageView{4f552bc VFED..C.. ......ID 0,0-140,84} during second layout pass: posting in next frame
01-11 07:29:51.759 1504 13722 W InputManager-JNI: Input channel object '4e2c0ac Splash Screen com.android.settings (client)' was disposed without first being removed with the input manager!
01-11 07:29:51.760 6577 6592 I GameMode_ActivityMonitoringService: Updating top task to: TaskInfoContainer [topActivity=ComponentInfo{com.android.settings/com.android.settings.Settings}, taskId=157, stackId=157, userId=0, displayId=0, position=6
01-11 07:29:51.761 6577 6592 I GameMode_ActivityMonitoringService: Notifying about top task: TaskInfoContainer [topActivity=ComponentInfo{com.android.settings/com.android.settings.Settings}, taskId=157, stackId=157, userId=0, displayId=0, position=6
01-11 07:29:51.761 6577 6592 I GameMode_ActivityMonitoringService: WindowMode: 1
01-11 07:29:51.761 6577 6592 E GameMode_ActivityMonitoringService: onActivityLaunch:com.android.settings
01-11 07:29:51.761 6577 6592 V GameMode_GameTypeUtils: judge isGame:com.android.settings
