01-11 07:00:02.683 2545 2545 I wm_on_top_resumed_gained_called: [11415547,com.android.launcher3.uioverrides.QuickstepLauncher,topStateChangedWhenResumed]
01-11 07:00:02.851 1504 1683 I commit_sys_config_file: [settings-1-0,4]
01-11 07:00:03.575 0 0 I auditd : type=1400 audit(0.0:13424): avc: denied { kill } for comm="swapper/7" capability=5 scontext=u:r:kernel:s0 tcontext=u:r:kernel:s0 tclass=capability permissive=0
01-11 07:00:03.994 1504 1699 I input_interaction: Interaction with: c8c2ef0 com.android.launcher3/com.android.launcher3.uioverrides.QuickstepLauncher (server), dbb0197 com.android.systemui.ImageWallpaper (server), edge-swipe (server), swipe-up (server), PointerEventDispatcher0 (server),
01-11 07:00:04.149 1504 13718 I wm_task_moved: [62,1,9]
01-11 07:00:04.150 1504 13718 I wm_set_resumed_activity: [0,com.android.launcher3/.uioverrides.QuickstepLauncher,positionChildAt]
01-11 07:00:04.151 1504 13718 I wm_task_moved: [139,1,9]
01-11 07:00:04.152 1504 13718 I wm_focused_root_task: [0,0,139,62,moveTaskToFront findTaskToMoveToFront]
01-11 07:00:04.152 1504 13718 I wm_set_resumed_activity: [0,com.tencent.android.qqdownloader/com.tencent.nucleus.search.SearchActivity,moveTaskToFront findTaskToMoveToFront]
01-11 07:00:04.154 1504 13718 I wm_pause_activity: [0,11415547,com.android.launcher3/.uioverrides.QuickstepLauncher,userLeaving=true,pauseBackTasks]
01-11 07:00:04.163 2545 2545 I wm_on_top_resumed_lost_called: [11415547,com.android.launcher3.uioverrides.QuickstepLauncher,topStateChangedWhenResumed]
01-11 07:00:04.166 2545 2545 I wm_on_paused_called: [11415547,com.android.launcher3.uioverrides.QuickstepLauncher,performPause]
01-11 07:00:04.172 1504 2018 I wm_set_resumed_activity: [0,com.tencent.android.qqdownloader/com.tencent.nucleus.search.SearchActivity,resumeTopActivityInnerLocked]
01-11 07:00:04.173 1504 2018 I wm_add_to_stopping: [0,11415547,com.android.launcher3/.uioverrides.QuickstepLauncher,makeInvisible]
01-11 07:00:04.175 1504 2018 I wm_resume_activity: [0,22894037,139,com.tencent.android.qqdownloader/com.tencent.nucleus.search.SearchActivity]
01-11 07:00:04.197 1504 1699 I input_focus: [Focus leaving c8c2ef0 com.android.launcher3/com.android.launcher3.uioverrides.QuickstepLauncher (server),reason=NO_WINDOW]
01-11 07:00:04.197 1504 1609 I sysui_multi_action: [757,803,799,window_time_0,802,2]
01-11 07:00:04.202 13792 13792 I wm_on_restart_called: [141535941,com.tencent.assistantv2.activity.MainActivity,performRestartActivity]
01-11 07:00:04.204 13792 13792 I wm_on_start_called: [141535941,com.tencent.assistantv2.activity.MainActivity,handleStartActivity]
01-11 07:00:04.204 13792 13792 I wm_on_restart_called: [22894037,com.tencent.nucleus.search.SearchActivity,performRestartActivity]
01-11 07:00:04.205 13792 13792 I wm_on_start_called: [22894037,com.tencent.nucleus.search.SearchActivity,handleStartActivity]
01-11 07:00:04.213 13792 13792 I wm_on_resume_called: [22894037,com.tencent.nucleus.search.SearchActivity,RESUME_ACTIVITY]
01-11 07:00:04.213 13792 13792 I wm_on_top_resumed_gained_called: [22894037,com.tencent.nucleus.search.SearchActivity,topWhenResuming]
01-11 07:00:04.241 1504 1610 I input_focus: [Focus request f9d9c53 com.tencent.android.qqdownloader/com.tencent.nucleus.search.SearchActivity,reason=UpdateInputWindows]
01-11 07:00:04.256 1504 1606 I sysui_multi_action: [319,103,321,33,322,99,325,10815,757,761,758,9,759,2,806,com.tencent.android.qqdownloader,871,com.tencent.nucleus.search.SearchActivity,904,com.tencent.android.qqdownloader,905,0,1320,4,1321,4]
01-11 07:00:04.267 1504 1699 I input_focus: [Focus entering f9d9c53 com.tencent.android.qqdownloader/com.tencent.nucleus.search.SearchActivity (server),reason=setFocusedWindow]
01-11 07:00:04.575 0 0 I auditd : type=1400 audit(0.0:13425): avc: denied { kill } for comm="swapper/7" capability=5 scontext=u:r:kernel:s0 tcontext=u:r:kernel:s0 tclass=capability permissive=0
01-11 07:00:04.606 1504 1609 I wm_stop_activity: [0,11415547,com.android.launcher3/.uioverrides.QuickstepLauncher]
01-11 07:00:04.677 2545 2545 I wm_on_stop_called: [11415547,com.android.launcher3.uioverrides.QuickstepLauncher,STOP_ACTIVITY_ITEM]
01-11 07:00:05.575 0 0 I auditd : type=1400 audit(0.0:13426): avc: denied { kill } for comm="swapper/7" capability=5 scontext=u:r:kernel:s0 tcontext=u:r:kernel:s0 tclass=capability permissive=0
01-11 07:00:05.868 1504 1733 I netstats_mobile_sample: [0,0,0,0,0,0,0,0,0,0,0,0,1673391605868]
01-11 07:00:05.869 1504 1733 I netstats_wifi_sample: [575317887,655093,133904936,350312,575317887,655093,133904936,350312,647456168,834996,70464743,216069,1673391605868]
01-11 07:00:06.579 1504 1699 I input_interaction: Interaction with: f9d9c53 com.tencent.android.qqdownloader/com.tencent.nucleus.search.SearchActivity (server), edge-swipe (server), swipe-up (server), PointerEventDispatcher0 (server),
01-11 07:00:06.575 0 0 I auditd : type=1400 audit(0.0:13427): avc: denied { kill } for comm="swapper/7" capability=5 scontext=u:r:kernel:s0 tcontext=u:r:kernel:s0 tclass=capability permissive=0
01-11 07:00:06.602 1504 2018 I wm_task_moved: [62,0,0]
01-11 07:00:06.603 1504 2018 I wm_task_moved: [62,0,8]
01-11 07:00:06.611 2545 2545 I wm_on_restart_called: [11415547,com.android.launcher3.uioverrides.QuickstepLauncher,performRestartActivity]
01-11 07:00:06.627 2545 2545 I wm_on_start_called: [11415547,com.android.launcher3.uioverrides.QuickstepLauncher,handleStartActivity]
01-11 07:00:06.648 1504 1606 I sysui_multi_action: [319,10,322,39,325,10817,757,761,758,9,759,5,806,com.android.launcher3,871,com.android.launcher3.uioverrides.QuickstepLauncher,904,com.android.launcher3,905,0,1320,8,1321,5]
01-11 07:00:06.653 13792 13792 I view_enqueue_input_event: [Motion - Cancel,com.tencent.android.qqdownloader/com.tencent.nucleus.search.SearchActivity]
01-11 07:00:06.663 2545 2545 I sysui_latency: [1,58]
01-11 07:00:06.671 1504 1610 I input_focus: [Focus request recents_animation_input_consumer,reason=UpdateInputWindows]
01-11 07:00:06.677 1504 1699 I input_interaction: Interaction with: edge-swipe (server), swipe-up (server), PointerEventDispatcher0 (server),
01-11 07:00:06.704 1504 1699 I input_focus: [Focus leaving f9d9c53 com.tencent.android.qqdownloader/com.tencent.nucleus.search.SearchActivity (server),reason=NOT_FOCUSABLE]
01-11 07:00:06.704 1504 1699 I input_focus: [Focus entering recents_animation_input_consumer (server),reason=setFocusedWindow]
01-11 07:00:06.827 1504 1683 I commit_sys_config_file: [settings-1-0,3]
01-11 07:00:06.942 1504 1616 I sysui_latency: [8,52]
01-11 07:00:07.370 1504 2018 I wm_task_moved: [62,1,9]
01-11 07:00:07.372 1504 2018 I wm_task_moved: [63,1,2147483647]
01-11 07:00:07.372 1504 2018 I wm_task_to_front: [0,63]
01-11 07:00:07.372 1504 2018 I wm_focused_root_task: [0,0,62,139,RecentsAnimation.onAnimationFinished()]
01-11 07:00:07.373 1504 2018 I wm_set_resumed_activity: [0,com.android.launcher3/.uioverrides.QuickstepLauncher,RecentsAnimation.onAnimationFinished()]
01-11 07:00:07.373 1504 2018 I wm_pause_activity: [0,22894037,com.tencent.android.qqdownloader/com.tencent.nucleus.search.SearchActivity,userLeaving=true,pauseBackTasks]
01-11 07:00:07.374 1504 2018 I wm_add_to_stopping: [0,22894037,com.tencent.android.qqdownloader/com.tencent.nucleus.search.SearchActivity,makeInvisible]
01-11 07:00:07.374 1504 2018 I wm_add_to_stopping: [0,141535941,com.tencent.android.qqdownloader/com.tencent.assistantv2.activity.MainActivity,makeInvisible]
01-11 07:00:07.375 1504 2018 I wm_set_resumed_activity: [0,com.android.launcher3/.uioverrides.QuickstepLauncher,resumeTopActivityInnerLocked]
01-11 07:00:07.376 1504 2018 I wm_resume_activity: [0,11415547,63,com.android.launcher3/.uioverrides.QuickstepLauncher]
01-11 07:00:07.377 2545 2545 I wm_on_resume_called: [11415547,com.android.launcher3.uioverrides.QuickstepLauncher,RESUME_ACTIVITY]
01-11 07:00:07.383 1504 1610 I input_focus: [Focus request c8c2ef0 com.android.launcher3/com.android.launcher3.uioverrides.QuickstepLauncher,reason=UpdateInputWindows]
01-11 07:00:07.387 13792 13792 I wm_on_top_resumed_lost_called: [22894037,com.tencent.nucleus.search.SearchActivity,topStateChangedWhenResumed]
01-11 07:00:07.390 1504 1699 I input_focus: [Focus leaving recents_animation_input_consumer (server),reason=NOT_VISIBLE]
01-11 07:00:07.392 1504 8716 I wm_stop_activity: [0,141535941,com.tencent.android.qqdownloader/com.tencent.assistantv2.activity.MainActivity]
01-11 07:00:07.392 1504 8716 I wm_stop_activity: [0,22894037,com.tencent.android.qqdownloader/com.tencent.nucleus.search.SearchActivity]
01-11 07:00:07.394 1504 1609 I sysui_multi_action: [757,803,799,window_time_0,802,3]
01-11 07:00:07.395 2545 2545 I wm_on_top_resumed_gained_called: [11415547,com.android.launcher3.uioverrides.QuickstepLauncher,topStateChangedWhenResumed]
01-11 07:00:07.396 13792 13792 I wm_on_paused_called: [22894037,com.tencent.nucleus.search.SearchActivity,performPause]
01-11 07:00:07.398 1504 1609 I sysui_multi_action: [757,803,799,window_time_0,802,0]
01-11 07:00:07.405 13792 13792 I wm_on_stop_called: [141535941,com.tencent.assistantv2.activity.MainActivity,STOP_ACTIVITY_ITEM]
01-11 07:00:07.406 1504 1699 I input_focus: [Focus entering c8c2ef0 com.android.launcher3/com.android.launcher3.uioverrides.QuickstepLauncher (server),reason=setFocusedWindow]
01-11 07:00:07.413 13792 13792 I wm_on_stop_called: [22894037,com.tencent.nucleus.search.SearchActivity,STOP_ACTIVITY_ITEM]
01-11 07:00:07.575 0 0 I auditd : type=1400 audit(0.0:13428): avc: denied { kill } for comm="swapper/3" capability=5 scontext=u:r:kernel:s0 tcontext=u:r:kernel:s0 tclass=capability permissive=0
01-11 07:00:08.575 0 0 I auditd : type=1400 audit(0.0:13429): avc: denied { kill } for comm="swapper/3" capability=5 scontext=u:r:kernel:s0 tcontext=u:r:kernel:s0 tclass=capability permissive=0
01-11 07:00:08.855 496 510 I auditd : type=1401 audit(0.0:13430): op=security_compute_sid invalid_context=u:r:np_thundercomm_tlog_pstore:s0 scontext=u:r:init:s0 tcontext=u:object_r:np_thundercomm_tlog_pstore_exec:s0 tclass=process
01-11 07:00:09.082 1504 1699 I input_interaction: Interaction with: c8c2ef0 com.android.launcher3/com.android.launcher3.uioverrides.QuickstepLauncher (server), dbb0197 com.android.systemui.ImageWallpaper (server), edge-swipe (server), swipe-up (server), PointerEventDispatcher0 (server),
01-11 07:00:09.236 1504 2062 I wm_task_created: [142,-1]
01-11 07:00:09.238 1504 2062 I wm_task_moved: [142,1,10]
01-11 07:00:09.239 1504 2062 I wm_task_to_front: [0,142]
01-11 07:00:09.239 1504 2062 I wm_create_task: [0,142]
01-11 07:00:09.239 1504 2062 I wm_create_activity: [0,184197426,142,com.tencent.android.qqdownloader/com.tencent.pangu.link.SplashActivity,android.intent.action.MAIN,NULL,NULL,270532608]
01-11 07:00:09.239 1504 2062 I wm_task_moved: [142,1,10]
01-11 07:00:09.240 1504 2062 I wm_pause_activity: [0,11415547,com.android.launcher3/.uioverrides.QuickstepLauncher,userLeaving=true,pauseBackTasks]
01-11 07:00:09.242 2545 2545 I wm_on_top_resumed_lost_called: [11415547,com.android.launcher3.uioverrides.QuickstepLauncher,topStateChangedWhenResumed]
01-11 07:00:09.242 2545 2545 I wm_on_paused_called: [11415547,com.android.launcher3.uioverrides.QuickstepLauncher,performPause]
01-11 07:00:09.244 1504 1713 I wm_restart_activity: [0,184197426,142,com.tencent.android.qqdownloader/com.tencent.pangu.link.SplashActivity]
01-11 07:00:09.244 1504 1713 I wm_set_resumed_activity: [0,com.tencent.android.qqdownloader/com.tencent.pangu.link.SplashActivity,minimalResumeActivityLocked]
01-11 07:00:09.248 1504 1609 I sysui_multi_action: [757,803,799,window_time_0,802,2]
01-11 07:00:09.252 1504 2018 I wm_task_moved: [139,1,10]
01-11 07:00:09.252 1504 2018 I wm_task_to_front: [0,139]
01-11 07:00:09.252 1504 2018 I wm_focused_root_task: [0,0,139,142,bringingFoundTaskToFront]
01-11 07:00:09.252 1504 2018 I wm_set_resumed_activity: [0,com.tencent.android.qqdownloader/com.tencent.nucleus.search.SearchActivity,bringingFoundTaskToFront]
01-11 07:00:09.253 1504 2018 I wm_pause_activity: [0,184197426,com.tencent.android.qqdownloader/com.tencent.pangu.link.SplashActivity,userLeaving=true,pauseBackTasks]
01-11 07:00:09.256 1504 2062 I wm_finish_activity: [0,184197426,142,com.tencent.android.qqdownloader/com.tencent.pangu.link.SplashActivity,finish-activity]
01-11 07:00:09.257 13728 13728 I wm_on_create_called: [184197426,com.tencent.pangu.link.SplashActivity,performCreate]
01-11 07:00:09.261 1504 13718 I wm_add_to_stopping: [0,184197426,com.tencent.android.qqdownloader/com.tencent.pangu.link.SplashActivity,completeFinishing]
01-11 07:00:09.263 1504 13718 I wm_set_resumed_activity: [0,com.tencent.android.qqdownloader/com.tencent.nucleus.search.SearchActivity,resumeTopActivityInnerLocked]
01-11 07:00:09.263 1504 13718 I wm_add_to_stopping: [0,11415547,com.android.launcher3/.uioverrides.QuickstepLauncher,makeInvisible]
01-11 07:00:09.264 1504 13718 I wm_resume_activity: [0,22894037,139,com.tencent.android.qqdownloader/com.tencent.nucleus.search.SearchActivity]
01-11 07:00:09.266 1504 1609 I sysui_multi_action: [757,803,799,window_time_0,802,0]
01-11 07:00:09.268 1504 1609 I wm_destroy_activity: [0,184197426,142,com.tencent.android.qqdownloader/com.tencent.pangu.link.SplashActivity,finish-imm:idle]
01-11 07:00:09.269 13728 13728 I wm_on_destroy_called: [184197426,com.tencent.pangu.link.SplashActivity,performDestroy]
01-11 07:00:09.270 1504 1609 I sysui_multi_action: [757,803,799,window_time_0,802,0]
01-11 07:00:09.270 1504 2018 I wm_task_removed: [142,removeChild:removeChild last r=ActivityRecord{afaa132 u0 com.tencent.android.qqdownloader/com.tencent.pangu.link.SplashActivity t-1 f}} in t=Task{d2fbef5 #142 type=standard A=10096:com.tencent.pangu.link.SplashActivity U=0 visible=false mode=fullscreen translucent=true sz=0}]
01-11 07:00:09.270 1504 2018 I wm_task_removed: [142,removeChild]
01-11 07:00:09.277 1504 1699 I input_focus: [Focus leaving c8c2ef0 com.android.launcher3/com.android.launcher3.uioverrides.QuickstepLauncher (server),reason=NO_WINDOW]
01-11 07:00:09.277 13792 13792 I wm_on_restart_called: [141535941,com.tencent.assistantv2.activity.MainActivity,performRestartActivity]
01-11 07:00:09.279 13792 13792 I wm_on_start_called: [141535941,com.tencent.assistantv2.activity.MainActivity,handleStartActivity]
01-11 07:00:09.279 13792 13792 I wm_on_restart_called: [22894037,com.tencent.nucleus.search.SearchActivity,performRestartActivity]
01-11 07:00:09.280 13792 13792 I wm_on_start_called: [22894037,com.tencent.nucleus.search.SearchActivity,handleStartActivity]
01-11 07:00:09.288 13792 13792 I wm_on_resume_called: [22894037,com.tencent.nucleus.search.SearchActivity,RESUME_ACTIVITY]
01-11 07:00:09.288 13792 13792 I wm_on_top_resumed_gained_called: [22894037,com.tencent.nucleus.search.SearchActivity,topWhenResuming]
01-11 07:00:09.303 1504 1610 I input_focus: [Focus request f9d9c53 com.tencent.android.qqdownloader/com.tencent.nucleus.search.SearchActivity,reason=UpdateInputWindows]
01-11 07:00:09.314 1504 1606 I sysui_multi_action: [319,81,321,35,322,78,325,10820,757,761,758,8,759,2,806,com.tencent.android.qqdownloader,871,com.tencent.nucleus.search.SearchActivity,904,com.tencent.android.qqdownloader,905,0,1320,4,1321,4]
01-11 07:00:09.315 1504 2018 I wm_finish_activity: [0,252476510,140,com.android.packageinstaller/.DeleteStagedFileOnResult,recent-task-trimmed]
01-11 07:00:09.315 1504 1606 I wm_activity_launch_time: [0,22894037,com.tencent.android.qqdownloader/com.tencent.nucleus.search.SearchActivity,78]
01-11 07:00:09.315 1504 2018 I wm_destroy_activity: [0,252476510,140,com.android.packageinstaller/.DeleteStagedFileOnResult,finish-imm:finishIfPossible]
01-11 07:00:09.316 1504 1609 I sysui_multi_action: [757,803,799,window_time_0,802,0]
01-11 07:00:09.316 9460 9460 I wm_on_destroy_called: [252476510,com.android.packageinstaller.DeleteStagedFileOnResult,performDestroy]
01-11 07:00:09.321 1504 2018 I wm_task_removed: [140,removeChild:removeChild last r=ActivityRecord{f0c7c5e u0 com.android.packageinstaller/.DeleteStagedFileOnResult t-1 f}} in t=Task{34ced4f #140 type=standard A=10023:com.android.packageinstaller U=0 visible=false mode=fullscreen translucent=true sz=0}]
01-11 07:00:09.321 1504 2018 I wm_task_removed: [140,removeChild]
01-11 07:00:09.327 1504 1699 I input_focus: [Focus entering f9d9c53 com.tencent.android.qqdownloader/com.tencent.nucleus.search.SearchActivity (server),reason=setFocusedWindow]
01-11 07:00:09.411 1504 1685 I am_freeze: [9027,com.sohu.inputmethod.sogou.car]
01-11 07:00:09.412 1504 1685 I am_kill : [0,9027,com.sohu.inputmethod.sogou.car,975,Unable to freeze binder interface]
01-11 07:00:09.435 1504 8716 I am_proc_died: [0,9027,com.sohu.inputmethod.sogou.car,975,19]
01-11 07:00:09.435 1504 8716 I am_uid_stopped: 10022
01-11 07:00:09.575 0 0 I auditd : type=1400 audit(0.0:13431): avc: denied { kill } for comm="swapper/3" capability=5 scontext=u:r:kernel:s0 tcontext=u:r:kernel:s0 tclass=capability permissive=0
01-11 07:00:09.838 1504 1773 I storage_state: [41217664-9172-527a-b3d5-edabb50a7d69,0,0,114772971520,118610538496]
01-11 07:00:09.844 1504 1609 I wm_stop_activity: [0,11415547,com.android.launcher3/.uioverrides.QuickstepLauncher]
01-11 07:00:09.863 2545 2545 I wm_on_stop_called: [11415547,com.android.launcher3.uioverrides.QuickstepLauncher,STOP_ACTIVITY_ITEM]
01-11 07:00:10.520 1504 1699 I input_interaction: Interaction with: f9d9c53 com.tencent.android.qqdownloader/com.tencent.nucleus.search.SearchActivity (server), edge-swipe (server), swipe-up (server), PointerEventDispatcher0 (server),
01-11 07:00:10.575 0 0 I auditd : type=1400 audit(0.0:13432): avc: denied { kill } for comm="swapper/3" capability=5 scontext=u:r:kernel:s0 tcontext=u:r:kernel:s0 tclass=capability permissive=0
01-11 07:00:12.575 0 0 I auditd : type=1400 audit(0.0:13433): avc: denied { kill } for comm="swapper/1" capability=5 scontext=u:r:kernel:s0 tcontext=u:r:kernel:s0 tclass=capability permissive=0
01-11 07:00:12.615 1504 2062 I wm_task_moved: [62,0,0]
01-11 07:00:12.616 1504 2062 I wm_task_moved: [62,0,7]
01-11 07:00:12.633 2545 2545 I wm_on_restart_called: [11415547,com.android.launcher3.uioverrides.QuickstepLauncher,performRestartActivity]
01-11 07:00:12.657 2545 2545 I wm_on_start_called: [11415547,com.android.launcher3.uioverrides.QuickstepLauncher,handleStartActivity]
01-11 07:00:12.658 13792 13792 I view_enqueue_input_event: [Motion - Cancel,com.tencent.android.qqdownloader/com.tencent.nucleus.search.SearchActivity]
01-11 07:00:12.660 1504 1610 I input_focus: [Focus request recents_animation_input_consumer,reason=UpdateInputWindows]
01-11 07:00:12.664 2545 2545 I sysui_latency: [1,84]
01-11 07:00:12.668 1504 1699 I input_focus: [Focus leaving f9d9c53 com.tencent.android.qqdownloader/com.tencent.nucleus.search.SearchActivity (server),reason=NOT_FOCUSABLE]
01-11 07:00:12.668 1504 1699 I input_focus: [Focus entering recents_animation_input_consumer (server),reason=setFocusedWindow]
01-11 07:00:12.672 1504 1699 I input_interaction: Interaction with: edge-swipe (server), swipe-up (server), PointerEventDispatcher0 (server),
01-11 07:00:12.674 1504 1606 I sysui_multi_action: [319,11,322,56,325,10823,757,761,758,9,759,5,806,com.android.launcher3,871,com.android.launcher3.uioverrides.QuickstepLauncher,904,com.android.launcher3,905,0,1320,8,1321,5]
01-11 07:00:12.863 1504 1683 I commit_sys_config_file: [settings-1-0,6]
01-11 07:00:12.973 1504 1616 I sysui_latency: [8,83]
01-11 07:00:13.233 1504 2062 I wm_task_moved: [62,1,8]
01-11 07:00:13.238 13792 13792 I wm_on_top_resumed_lost_called: [22894037,com.tencent.nucleus.search.SearchActivity,topStateChangedWhenResumed]
01-11 07:00:13.239 1504 2062 I wm_focused_root_task: [0,0,62,139,RecentsAnimation.onAnimationFinished()]
01-11 07:00:13.250 1504 2062 I wm_pause_activity: [0,22894037,com.tencent.android.qqdownloader/com.tencent.nucleus.search.SearchActivity,userLeaving=false,pauseBackTasks]
01-11 07:00:13.254 1504 2062 I wm_set_resumed_activity: [0,com.android.launcher3/.uioverrides.QuickstepLauncher,resumeTopActivityInnerLocked]
01-11 07:00:13.257 1504 2062 I wm_resume_activity: [0,11415547,63,com.android.launcher3/.uioverrides.QuickstepLauncher]
01-11 07:00:13.258 1504 2062 I wm_add_to_stopping: [0,22894037,com.tencent.android.qqdownloader/com.tencent.nucleus.search.SearchActivity,makeInvisible]
01-11 07:00:13.258 1504 2062 I wm_add_to_stopping: [0,141535941,com.tencent.android.qqdownloader/com.tencent.assistantv2.activity.MainActivity,makeInvisible]
01-11 07:00:13.258 2545 2545 I wm_on_resume_called: [11415547,com.android.launcher3.uioverrides.QuickstepLauncher,RESUME_ACTIVITY]
01-11 07:00:13.262 1504 1610 I input_focus: [Focus request c8c2ef0 com.android.launcher3/com.android.launcher3.uioverrides.QuickstepLauncher,reason=UpdateInputWindows]
01-11 07:00:13.266 1504 1609 I sysui_multi_action: [757,803,799,window_time_0,802,4]
01-11 07:00:13.267 13792 13792 I wm_on_paused_called: [22894037,com.tencent.nucleus.search.SearchActivity,performPause]
01-11 07:00:13.270 1504 1699 I input_focus: [Focus leaving recents_animation_input_consumer (server),reason=NOT_VISIBLE]
01-11 07:00:13.271 1504 1699 I input_focus: [Focus entering c8c2ef0 com.android.launcher3/com.android.launcher3.uioverrides.QuickstepLauncher (server),reason=setFocusedWindow]
01-11 07:00:13.277 1504 2558 I wm_stop_activity: [0,141535941,com.tencent.android.qqdownloader/com.tencent.assistantv2.activity.MainActivity]
01-11 07:00:13.277 1504 2558 I wm_stop_activity: [0,22894037,com.tencent.android.qqdownloader/com.tencent.nucleus.search.SearchActivity]
01-11 07:00:13.278 1504 1609 I sysui_multi_action: [757,803,799,window_time_0,802,0]
01-11 07:00:13.292 13792 13792 I wm_on_stop_called: [141535941,com.tencent.assistantv2.activity.MainActivity,STOP_ACTIVITY_ITEM]
01-11 07:00:13.306 13792 13792 I wm_on_stop_called: [22894037,com.tencent.nucleus.search.SearchActivity,STOP_ACTIVITY_ITEM]
01-11 07:00:13.333 2545 2545 I wm_on_top_resumed_gained_called: [11415547,com.android.launcher3.uioverrides.QuickstepLauncher,topStateChangedWhenResumed]
01-11 07:00:13.497 1504 1683 I commit_sys_config_file: [settings-1-0,11]
01-11 07:00:13.575 0 0 I auditd : type=1400 audit(0.0:13434): avc: denied { kill } for comm="swapper/1" capability=5 scontext=u:r:kernel:s0 tcontext=u:r:kernel:s0 tclass=capability permissive=0
01-11 07:00:14.575 0 0 I auditd : type=1400 audit(0.0:13435): avc: denied { kill } for comm="swapper/1" capability=5 scontext=u:r:kernel:s0 tcontext=u:r:kernel:s0 tclass=capability permissive=0
01-11 07:00:15.575 0 0 I auditd : type=1400 audit(0.0:13436): avc: denied { kill } for comm="swapper/1" capability=5 scontext=u:r:kernel:s0 tcontext=u:r:kernel:s0 tclass=capability permissive=0
01-11 07:00:16.411 1504 1699 I input_interaction: Interaction with: c8c2ef0 com.android.launcher3/com.android.launcher3.uioverrides.QuickstepLauncher (server), dbb0197 com.android.systemui.ImageWallpaper (server), edge-swipe (server), swipe-up (server), PointerEventDispatcher0 (server),
01-11 07:00:16.764 1504 1616 I am_pss : [16454,10031,com.microsoft.emmx,143531008,112979968,0,345714688,0,16,19]
01-11 07:00:16.775 1504 1616 I am_pss : [16594,90000,com.microsoft.emmx:sandboxed_process0:org.chromium.content.app.SandboxedProcessService0:0,35874816,8818688,189440,186654720,0,17,9]
01-11 07:00:16.786 1504 1616 I am_pss : [16726,90002,com.microsoft.emmx:sandboxed_process0:org.chromium.content.app.SandboxedProcessService0:2,57209856,28319744,117760,207822848,0,17,10]
01-11 07:00:16.798 1504 1616 I am_pss : [16610,10031,com.microsoft.emmx:privileged_process0,71445504,49217536,0,235720704,0,17,10]
01-11 07:00:16.806 1504 1616 I am_pss : [16676,90001,com.microsoft.emmx:sandboxed_process0:org.chromium.content.app.SandboxedProcessService0:1,17036288,4780032,188416,139702272,0,17,7]
01-11 07:00:17.575 0 0 I auditd : type=1400 audit(0.0:13437): avc: denied { kill } for comm="swapper/1" capability=5 scontext=u:r:kernel:s0 tcontext=u:r:kernel:s0 tclass=capability permissive=0
01-11 07:00:18.575 0 0 I auditd : type=1400 audit(0.0:13438): avc: denied { kill } for comm="swapper/1" capability=5 scontext=u:r:kernel:s0 tcontext=u:r:kernel:s0 tclass=capability permissive=0
01-11 07:00:19.575 0 0 I auditd : type=1400 audit(0.0:13439): avc: denied { kill } for comm="swapper/1" capability=5 scontext=u:r:kernel:s0 tcontext=u:r:kernel:s0 tclass=capability permissive=0
01-11 07:00:19.751 1504 16421 I am_kill : [0,16676,com.microsoft.emmx:sandboxed_process0:org.chromium.content.app.SandboxedProcessService0:1,0,isolated not needed]
01-11 07:00:19.798 1504 16421 I am_proc_died: [0,16676,com.microsoft.emmx:sandboxed_process0:org.chromium.content.app.SandboxedProcessService0:1,0,10]
01-11 07:00:19.799 1504 16421 I am_uid_stopped: 90001
01-11 07:00:21.575 0 0 I auditd : type=1400 audit(0.0:13440): avc: denied { kill } for comm="swapper/1" capability=5 scontext=u:r:kernel:s0 tcontext=u:r:kernel:s0 tclass=capability permissive=0
01-11 07:00:22.575 0 0 I auditd : type=1400 audit(0.0:13441): avc: denied { kill } for comm="swapper/1" capability=5 scontext=u:r:kernel:s0 tcontext=u:r:kernel:s0 tclass=capability permissive=0
01-11 07:00:23.575 0 0 I auditd : type=1400 audit(0.0:13442): avc: denied { kill } for comm="swapper/1" capability=5 scontext=u:r:kernel:s0 tcontext=u:r:kernel:s0 tclass=capability permissive=0
01-11 07:00:24.575 0 0 I auditd : type=1400 audit(0.0:13443): avc: denied { kill } for comm="swapper/1" capability=5 scontext=u:r:kernel:s0 tcontext=u:r:kernel:s0 tclass=capability permissive=0
01-11 07:00:25.575 0 0 I auditd : type=1400 audit(0.0:13444): avc: denied { kill } for comm="swapper/1" capability=5 scontext=u:r:kernel:s0 tcontext=u:r:kernel:s0 tclass=capability permissive=0
01-11 07:00:26.575 0 0 I auditd : type=1400 audit(0.0:13445): avc: denied { kill } for comm="swapper/1" capability=5 scontext=u:r:kernel:s0 tcontext=u:r:kernel:s0 tclass=capability permissive=0
01-11 07:00:27.575 0 0 I auditd : type=1400 audit(0.0:13446): avc: denied { kill } for comm="swapper/1" capability=5 scontext=u:r:kernel:s0 tcontext=u:r:kernel:s0 tclass=capability permissive=0
01-11 07:00:28.575 0 0 I auditd : type=1400 audit(0.0:13447): avc: denied { kill } for comm="swapper/1" capability=5 scontext=u:r:kernel:s0 tcontext=u:r:kernel:s0 tclass=capability permissive=0
01-11 07:00:29.575 0 0 I auditd : type=1400 audit(0.0:13448): avc: denied { kill } for comm="swapper/1" capability=5 scontext=u:r:kernel:s0 tcontext=u:r:kernel:s0 tclass=capability permissive=0
01-11 07:00:30.575 0 0 I auditd : type=1400 audit(0.0:13449): avc: denied { kill } for comm="swapper/1" capability=5 scontext=u:r:kernel:s0 tcontext=u:r:kernel:s0 tclass=capability permissive=0
01-11 07:00:31.575 0 0 I auditd : type=1400 audit(0.0:13450): avc: denied { kill } for comm="swapper/1" capability=5 scontext=u:r:kernel:s0 tcontext=u:r:kernel:s0 tclass=capability permissive=0
01-11 07:00:31.819 1504 2062 I wm_task_moved: [129,1,8]
01-11 07:00:31.819 1504 2062 I wm_task_to_front: [0,129]
01-11 07:00:31.820 1504 2062 I wm_focused_root_task: [0,0,129,62,bringingFoundTaskToFront]
01-11 07:00:31.820 1504 2062 I wm_set_resumed_activity: [0,com.android.settings/.homepage.SettingsHomepageActivity,bringingFoundTaskToFront]
01-11 07:00:31.820 1504 2062 I wm_new_intent: [0,156900554,129,com.android.settings/.homepage.SettingsHomepageActivity,android.settings.INPUT_METHOD_SETTINGS,NULL,NULL,335544320]
01-11 07:00:31.823 1504 2062 I wm_pause_activity: [0,11415547,com.android.launcher3/.uioverrides.QuickstepLauncher,userLeaving=true,pauseBackTasks]
01-11 07:00:31.829 2545 2545 I wm_on_top_resumed_lost_called: [11415547,com.android.launcher3.uioverrides.QuickstepLauncher,topStateChangedWhenResumed]
01-11 07:00:31.835 2545 2545 I wm_on_paused_called: [11415547,com.android.launcher3.uioverrides.QuickstepLauncher,performPause]
01-11 07:00:31.843 1504 16421 I wm_set_resumed_activity: [0,com.android.settings/.homepage.SettingsHomepageActivity,resumeTopActivityInnerLocked]
01-11 07:00:31.844 1504 16421 I wm_add_to_stopping: [0,11415547,com.android.launcher3/.uioverrides.QuickstepLauncher,makeInvisible]
01-11 07:00:31.846 1504 16421 I service_manager_stats: [100,77,42903]
01-11 07:00:31.847 1504 16421 I wm_resume_activity: [0,156900554,129,com.android.settings/.homepage.SettingsHomepageActivity]
01-11 07:00:31.852 1504 1609 I sysui_multi_action: [757,803,799,window_time_0,802,19]
01-11 07:00:31.865 13723 13723 I wm_on_restart_called: [156900554,com.android.settings.homepage.SettingsHomepageActivity,performRestartActivity]
01-11 07:00:31.867 1504 1699 I input_focus: [Focus leaving c8c2ef0 com.android.launcher3/com.android.launcher3.uioverrides.QuickstepLauncher (server),reason=NO_WINDOW]
01-11 07:00:31.871 13723 13723 I wm_on_start_called: [156900554,com.android.settings.homepage.SettingsHomepageActivity,handleStartActivity]
01-11 07:00:31.873 13723 13723 I snet_event_log: [120484087,-1,]
01-11 07:00:31.873 13723 13723 I wm_on_resume_called: [156900554,com.android.settings.homepage.SettingsHomepageActivity,RESUME_ACTIVITY]
01-11 07:00:31.873 13723 13723 I sysui_multi_action: [757,35,758,1,833,0,1089,0]
01-11 07:00:31.874 13723 13723 I sysui_multi_action: [757,65,758,1,833,0,1089,0]
01-11 07:00:31.897 13723 13723 I wm_on_top_resumed_gained_called: [156900554,com.android.settings.homepage.SettingsHomepageActivity,topWhenResuming]
01-11 07:00:31.906 1504 1610 I input_focus: [Focus request 6e3e9cd com.android.settings/com.android.settings.homepage.SettingsHomepageActivity,reason=UpdateInputWindows]
01-11 07:00:31.932 1504 1699 I input_focus: [Focus entering 6e3e9cd com.android.settings/com.android.settings.homepage.SettingsHomepageActivity (server),reason=setFocusedWindow]
01-11 07:00:31.937 1504 1606 I sysui_multi_action: [319,47,321,45,322,112,325,10843,757,761,758,9,759,4,806,com.android.settings,871,com.android.settings.homepage.SettingsHomepageActivity,904,com.android.settings,905,0,1320,8,1321,5]
01-11 07:00:32.386 1504 1609 I wm_stop_activity: [0,11415547,com.android.launcher3/.uioverrides.QuickstepLauncher]
01-11 07:00:32.416 2545 2545 I wm_on_stop_called: [11415547,com.android.launcher3.uioverrides.QuickstepLauncher,STOP_ACTIVITY_ITEM]
01-11 07:00:32.575 0 0 I auditd : type=1400 audit(0.0:13451): avc: denied { kill } for comm="swapper/1" capability=5 scontext=u:r:kernel:s0 tcontext=u:r:kernel:s0 tclass=capability permissive=0
01-11 07:00:33.575 0 0 I auditd : type=1400 audit(0.0:13452): avc: denied { kill } for comm="swapper/1" capability=5 scontext=u:r:kernel:s0 tcontext=u:r:kernel:s0 tclass=capability permissive=0
01-11 07:00:34.575 0 0 I auditd : type=1400 audit(0.0:13453): avc: denied { kill } for comm="swapper/1" capability=5 scontext=u:r:kernel:s0 tcontext=u:r:kernel:s0 tclass=capability permissive=0
01-11 07:00:35.575 0 0 I auditd : type=1400 audit(0.0:13454): avc: denied { kill } for comm="swapper/1" capability=5 scontext=u:r:kernel:s0 tcontext=u:r:kernel:s0 tclass=capability permissive=0
01-11 07:00:36.575 0 0 I auditd : type=1400 audit(0.0:13455): avc: denied { kill } for comm="swapper/1" capability=5 scontext=u:r:kernel:s0 tcontext=u:r:kernel:s0 tclass=capability permissive=0
01-11 07:00:37.575 0 0 I auditd : type=1400 audit(0.0:13456): avc: denied { kill } for comm="swapper/1" capability=5 scontext=u:r:kernel:s0 tcontext=u:r:kernel:s0 tclass=capability permissive=0
01-11 07:00:38.575 0 0 I auditd : type=1400 audit(0.0:13457): avc: denied { kill } for comm="swapper/1" capability=5 scontext=u:r:kernel:s0 tcontext=u:r:kernel:s0 tclass=capability permissive=0
01-11 07:00:39.575 0 0 I auditd : type=1400 audit(0.0:13458): avc: denied { kill } for comm="swapper/1" capability=5 scontext=u:r:kernel:s0 tcontext=u:r:kernel:s0 tclass=capability permissive=0
01-11 07:00:40.575 0 0 I auditd : type=1400 audit(0.0:13459): avc: denied { kill } for comm="swapper/1" capability=5 scontext=u:r:kernel:s0 tcontext=u:r:kernel:s0 tclass=capability permissive=0
01-11 07:00:41.575 0 0 I auditd : type=1400 audit(0.0:13460): avc: denied { kill } for comm="swapper/1" capability=5 scontext=u:r:kernel:s0 tcontext=u:r:kernel:s0 tclass=capability permissive=0
01-11 07:00:42.575 0 0 I auditd : type=1400 audit(0.0:13461): avc: denied { kill } for comm="swapper/1" capability=5 scontext=u:r:kernel:s0 tcontext=u:r:kernel:s0 tclass=capability permissive=0
01-11 07:00:42.833 1504 1699 I input_interaction: Interaction with: 6e3e9cd com.android.settings/com.android.settings.homepage.SettingsHomepageActivity (server), PointerEventDispatcher0 (server),
01-11 07:00:43.575 288 288 I auditd : type=1400 audit(0.0:13462): avc: denied { kill } for comm="kgsl_worker_thr" capability=5 scontext=u:r:kernel:s0 tcontext=u:r:kernel:s0 tclass=capability permissive=0
01-11 07:00:43.947 1504 1699 I input_interaction: Interaction with: 6e3e9cd com.android.settings/com.android.settings.homepage.SettingsHomepageActivity (server), edge-swipe (server), swipe-up (server), PointerEventDispatcher0 (server),
01-11 07:00:44.066 13723 13723 I sysui_multi_action: [757,830,758,4,833,0,854,top_level_sound,1089,0]
01-11 07:00:44.170 13723 13723 I sysui_multi_action: [757,65,758,2,1089,12295]
01-11 07:00:44.256 13723 13723 I sysui_multi_action: [757,336,758,1,833,0,1089,75]
01-11 07:00:44.258 13723 13723 I sysui_multi_action: [757,1729,758,4,854,isParalleledControllers:false,1089,78]
01-11 07:00:44.575 0 0 I auditd : type=1400 audit(0.0:13463): avc: denied { kill } for comm="swapper/1" capability=5 scontext=u:r:kernel:s0 tcontext=u:r:kernel:s0 tclass=capability permissive=0
01-11 07:00:45.575 0 0 I auditd : type=1400 audit(0.0:13464): avc: denied { kill } for comm="swapper/1" capability=5 scontext=u:r:kernel:s0 tcontext=u:r:kernel:s0 tclass=capability permissive=0
01-11 07:00:46.575 0 0 I auditd : type=1400 audit(0.0:13465): avc: denied { kill } for comm="swapper/1" capability=5 scontext=u:r:kernel:s0 tcontext=u:r:kernel:s0 tclass=capability permissive=0
01-11 07:00:47.575 0 0 I auditd : type=1400 audit(0.0:13466): avc: denied { kill } for comm="swapper/1" capability=5 scontext=u:r:kernel:s0 tcontext=u:r:kernel:s0 tclass=capability permissive=0
01-11 07:00:48.575 0 0 I auditd : type=1400 audit(0.0:13467): avc: denied { kill } for comm="swapper/1" capability=5 scontext=u:r:kernel:s0 tcontext=u:r:kernel:s0 tclass=capability permissive=0
01-11 07:00:49.575 0 0 I auditd : type=1400 audit(0.0:13468): avc: denied { kill } for comm="swapper/1" capability=5 scontext=u:r:kernel:s0 tcontext=u:r:kernel:s0 tclass=capability permissive=0
01-11 07:00:49.737 1504 1617 I am_uid_idle: 10023
01-11 07:00:50.237 1504 16421 I am_uid_running: 90003
01-11 07:00:50.253 1504 1618 I am_proc_start: [0,16973,90003,com.microsoft.emmx:sandboxed_process0:org.chromium.content.app.SandboxedProcessService0:3,,{com.microsoft.emmx/org.chromium.content.app.SandboxedProcessService0:3}]
01-11 07:00:50.289 1504 16421 I am_proc_bound: [0,16973,com.microsoft.emmx:sandboxed_process0:org.chromium.content.app.SandboxedProcessService0:3]
01-11 07:00:50.341 498 498 I auditd : avc: denied { find } for pid=16973 uid=90003 name=content_capture scontext=u:r:isolated_app:s0:c512,c768 tcontext=u:object_r:content_capture_service:s0 tclass=service_manager permissive=0
01-11 07:00:50.363 16973 16973 I auditd : type=1400 audit(0.0:13469): avc: denied { setattr } for comm="ThreadPoolForeg" name="edge_autofill_field_data.json" dev="dm-10" ino=17132 scontext=u:r:isolated_app:s0:c512,c768 tcontext=u:object_r:privapp_data_file:s0:c512,c768 tclass=file permissive=0
01-11 07:00:50.363 16973 16973 I auditd : type=1400 audit(0.0:13470): avc: denied { setattr } for comm="ThreadPoolForeg" name="edge_autofill_global_block_list.json" dev="dm-10" ino=17133 scontext=u:r:isolated_app:s0:c512,c768 tcontext=u:object_r:privapp_data_file:s0:c512,c768 tclass=file permissive=0
01-11 07:00:50.363 16973 16973 I auditd : type=1400 audit(0.0:13471): avc: denied { setattr } for comm="ThreadPoolForeg" name="manifest.json" dev="dm-10" ino=17134 scontext=u:r:isolated_app:s0:c512,c768 tcontext=u:object_r:privapp_data_file:s0:c512,c768 tclass=file permissive=0
01-11 07:00:50.363 16973 16973 I auditd : type=1400 audit(0.0:13472): avc: denied { setattr } for comm="ThreadPoolForeg" name="regex_patterns.json" dev="dm-10" ino=17135 scontext=u:r:isolated_app:s0:c512,c768 tcontext=u:object_r:privapp_data_file:s0:c512,c768 tclass=file permissive=0
01-11 07:00:50.376 1504 2062 I am_kill : [0,16973,com.microsoft.emmx:sandboxed_process0:org.chromium.content.app.SandboxedProcessService0:3,0,isolated not needed]
01-11 07:00:50.399 1504 1616 I am_pss : [16454,10031,com.microsoft.emmx,143983616,111861760,0,345038848,0,16,16]
01-11 07:00:50.401 1504 16421 I am_proc_died: [0,16973,com.microsoft.emmx:sandboxed_process0:org.chromium.content.app.SandboxedProcessService0:3,0,10]
01-11 07:00:50.402 1504 16421 I am_uid_stopped: 90003
01-11 07:00:50.421 1504 1616 I am_pss : [13723,1000,com.android.settings,181018624,165847040,94208,328527872,0,2,14]
01-11 07:00:50.431 1504 1616 I am_pss : [16594,90000,com.microsoft.emmx:sandboxed_process0:org.chromium.content.app.SandboxedProcessService0:0,38392832,8835072,207872,186654720,0,17,10]
01-11 07:00:50.442 1504 1616 I am_pss : [16726,90002,com.microsoft.emmx:sandboxed_process0:org.chromium.content.app.SandboxedProcessService0:2,59729920,28340224,125952,207831040,0,17,10]
01-11 07:00:50.453 1504 1616 I am_pss : [16610,10031,com.microsoft.emmx:privileged_process0,72862720,49209344,0,235786240,0,17,9]
01-11 07:00:50.575 0 0 I auditd : type=1400 audit(0.0:13473): avc: denied { kill } for comm="swapper/1" capability=5 scontext=u:r:kernel:s0 tcontext=u:r:kernel:s0 tclass=capability permissive=0
01-11 07:00:51.406 1504 16421 I am_uid_running: 90004
01-11 07:00:51.432 1504 1618 I am_proc_start: [0,16994,90004,com.microsoft.emmx:sandboxed_process0:org.chromium.content.app.SandboxedProcessService0:4,,{com.microsoft.emmx/org.chromium.content.app.SandboxedProcessService0:4}]
01-11 07:00:51.461 1504 16421 I am_proc_bound: [0,16994,com.microsoft.emmx:sandboxed_process0:org.chromium.content.app.SandboxedProcessService0:4]
01-11 07:00:51.505 498 498 I auditd : avc: denied { find } for pid=16994 uid=90004 name=content_capture scontext=u:r:isolated_app:s0:c512,c768 tcontext=u:object_r:content_capture_service:s0 tclass=service_manager permissive=0
01-11 07:00:51.523 16994 16994 I auditd : type=1400 audit(0.0:13474): avc: denied { setattr } for comm="ThreadPoolForeg" name="automation.js" dev="dm-10" ino=17140 scontext=u:r:isolated_app:s0:c512,c768 tcontext=u:object_r:privapp_data_file:s0:c512,c768 tclass=file permissive=0
01-11 07:00:51.523 16994 16994 I auditd : type=1400 audit(0.0:13475): avc: denied { setattr } for comm="ThreadPoolForeg" name="classification.js" dev="dm-10" ino=17141 scontext=u:r:isolated_app:s0:c512,c768 tcontext=u:object_r:privapp_data_file:s0:c512,c768 tclass=file permissive=0
01-11 07:00:51.523 16994 16994 I auditd : type=1400 audit(0.0:13476): avc: denied { setattr } for comm="ThreadPoolForeg" name="extraction.js" dev="dm-10" ino=17142 scontext=u:r:isolated_app:s0:c512,c768 tcontext=u:object_r:privapp_data_file:s0:c512,c768 tclass=file permissive=0
01-11 07:00:51.527 16994 16994 I auditd : type=1400 audit(0.0:13477): avc: denied { setattr } for comm="ThreadPoolForeg" name="manifest.json" dev="dm-10" ino=17143 scontext=u:r:isolated_app:s0:c512,c768 tcontext=u:object_r:privapp_data_file:s0:c512,c768 tclass=file permissive=0
01-11 07:00:51.527 16994 16994 I auditd : type=1400 audit(0.0:13478): avc: denied { setattr } for comm="ThreadPoolForeg" name="travel-facilitated-booking-bing.js" dev="dm-10" ino=17144 scontext=u:r:isolated_app:s0:c512,c768 tcontext=u:object_r:privapp_data_file:s0:c512,c768 tclass=file permissive=0
01-11 07:00:51.527 16994 16994 I auditd : type=1400 audit(0.0:13479): avc: denied { setattr } for comm="ThreadPoolForeg" name="travel-facilitated-booking-kayak.js" dev="dm-10" ino=17145 scontext=u:r:isolated_app:s0:c512,c768 tcontext=u:object_r:privapp_data_file:s0:c512,c768 tclass=file permissive=0
01-11 07:00:51.545 1504 8716 I am_kill : [0,16994,com.microsoft.emmx:sandboxed_process0:org.chromium.content.app.SandboxedProcessService0:4,0,isolated not needed]
01-11 07:00:51.565 1504 8716 I am_proc_died: [0,16994,com.microsoft.emmx:sandboxed_process0:org.chromium.content.app.SandboxedProcessService0:4,0,10]
01-11 07:00:51.566 1504 8716 I am_uid_stopped: 90004
01-11 07:00:51.575 0 0 I auditd : type=1400 audit(0.0:13480): avc: denied { kill } for comm="swapper/1" capability=5 scontext=u:r:kernel:s0 tcontext=u:r:kernel:s0 tclass=capability permissive=0
01-11 07:00:52.575 0 0 I auditd : type=1400 audit(0.0:13481): avc: denied { kill } for comm="swapper/1" capability=5 scontext=u:r:kernel:s0 tcontext=u:r:kernel:s0 tclass=capability permissive=0
01-11 07:00:52.834 1504 8716 I am_uid_running: 90005
01-11 07:00:52.864 1504 1618 I am_proc_start: [0,17015,90005,com.microsoft.emmx:sandboxed_process0:org.chromium.content.app.SandboxedProcessService0:5,,{com.microsoft.emmx/org.chromium.content.app.SandboxedProcessService0:5}]
01-11 07:00:52.888 1504 8716 I am_proc_bound: [0,17015,com.microsoft.emmx:sandboxed_process0:org.chromium.content.app.SandboxedProcessService0:5]
01-11 07:00:52.929 498 498 I auditd : avc: denied { find } for pid=17015 uid=90005 name=content_capture scontext=u:r:isolated_app:s0:c512,c768 tcontext=u:object_r:content_capture_service:s0 tclass=service_manager permissive=0
01-11 07:00:52.947 17015 17015 I auditd : type=1400 audit(0.0:13482): avc: denied { setattr } for comm="ThreadPoolForeg" name="deny_domains.list" dev="dm-10" ino=17150 scontext=u:r:isolated_app:s0:c512,c768 tcontext=u:object_r:privapp_data_file:s0:c512,c768 tclass=file permissive=0
01-11 07:00:52.947 17015 17015 I auditd : type=1400 audit(0.0:13483): avc: denied { setattr } for comm="ThreadPoolForeg" name="manifest.json" dev="dm-10" ino=17151 scontext=u:r:isolated_app:s0:c512,c768 tcontext=u:object_r:privapp_data_file:s0:c512,c768 tclass=file permissive=0
01-11 07:00:52.960 1504 16421 I am_kill : [0,17015,com.microsoft.emmx:sandboxed_process0:org.chromium.content.app.SandboxedProcessService0:5,0,isolated not needed]
01-11 07:00:52.984 1504 16421 I am_proc_died: [0,17015,com.microsoft.emmx:sandboxed_process0:org.chromium.content.app.SandboxedProcessService0:5,0,10]
01-11 07:00:52.985 1504 16421 I am_uid_stopped: 90005
01-11 07:00:53.575 0 0 I auditd : type=1400 audit(0.0:13484): avc: denied { kill } for comm="swapper/1" capability=5 scontext=u:r:kernel:s0 tcontext=u:r:kernel:s0 tclass=capability permissive=0
01-11 07:00:53.684 1504 8716 I am_uid_running: 90006
01-11 07:00:53.719 1504 1618 I am_proc_start: [0,17035,90006,com.microsoft.emmx:sandboxed_process0:org.chromium.content.app.SandboxedProcessService0:6,,{com.microsoft.emmx/org.chromium.content.app.SandboxedProcessService0:6}]
01-11 07:00:53.752 1504 8716 I am_proc_bound: [0,17035,com.microsoft.emmx:sandboxed_process0:org.chromium.content.app.SandboxedProcessService0:6]
01-11 07:00:53.801 498 498 I auditd : avc: denied { find } for pid=17035 uid=90006 name=content_capture scontext=u:r:isolated_app:s0:c512,c768 tcontext=u:object_r:content_capture_service:s0 tclass=service_manager permissive=0
01-11 07:00:53.819 17035 17035 I auditd : type=1400 audit(0.0:13485): avc: denied { setattr } for comm="ThreadPoolForeg" name="manifest.json" dev="dm-10" ino=17156 scontext=u:r:isolated_app:s0:c512,c768 tcontext=u:object_r:privapp_data_file:s0:c512,c768 tclass=file permissive=0
01-11 07:00:53.819 17035 17035 I auditd : type=1400 audit(0.0:13486): avc: denied { setattr } for comm="ThreadPoolForeg" name="protocols.json" dev="dm-10" ino=17157 scontext=u:r:isolated_app:s0:c512,c768 tcontext=u:object_r:privapp_data_file:s0:c512,c768 tclass=file permissive=0
01-11 07:00:53.835 1504 16421 I am_kill : [0,17035,com.microsoft.emmx:sandboxed_process0:org.chromium.content.app.SandboxedProcessService0:6,0,isolated not needed]
01-11 07:00:53.858 1504 8716 I am_proc_died: [0,17035,com.microsoft.emmx:sandboxed_process0:org.chromium.content.app.SandboxedProcessService0:6,0,10]
01-11 07:00:53.859 1504 8716 I am_uid_stopped: 90006
01-11 07:00:54.575 0 0 I auditd : type=1400 audit(0.0:13487): avc: denied { kill } for comm="swapper/1" capability=5 scontext=u:r:kernel:s0 tcontext=u:r:kernel:s0 tclass=capability permissive=0
01-11 07:00:54.755 1504 1617 I am_uid_idle: 90002
01-11 07:00:54.755 1504 1617 I am_uid_idle: 90000
01-11 07:00:55.575 0 0 I auditd : type=1400 audit(0.0:13488): avc: denied { kill } for comm="swapper/1" capability=5 scontext=u:r:kernel:s0 tcontext=u:r:kernel:s0 tclass=capability permissive=0
01-11 07:00:56.575 0 0 I auditd : type=1400 audit(0.0:13489): avc: denied { kill } for comm="swapper/1" capability=5 scontext=u:r:kernel:s0 tcontext=u:r:kernel:s0 tclass=capability permissive=0
01-11 07:00:57.575 0 0 I auditd : type=1400 audit(0.0:13490): avc: denied { kill } for comm="swapper/1" capability=5 scontext=u:r:kernel:s0 tcontext=u:r:kernel:s0 tclass=capability permissive=0
01-11 07:00:58.575 0 0 I auditd : type=1400 audit(0.0:13491): avc: denied { kill } for comm="swapper/1" capability=5 scontext=u:r:kernel:s0 tcontext=u:r:kernel:s0 tclass=capability permissive=0
01-11 07:00:59.575 0 0 I auditd : type=1400 audit(0.0:13492): avc: denied { kill } for comm="swapper/1" capability=5 scontext=u:r:kernel:s0 tcontext=u:r:kernel:s0 tclass=capability permissive=0
01-11 07:01:00.575 0 0 I auditd : type=1400 audit(0.0:13493): avc: denied { kill } for comm="swapper/1" capability=5 scontext=u:r:kernel:s0 tcontext=u:r:kernel:s0 tclass=capability permissive=0
01-11 07:01:01.575 0 0 I auditd : type=1400 audit(0.0:13494): avc: denied { kill } for comm="swapper/1" capability=5 scontext=u:r:kernel:s0 tcontext=u:r:kernel:s0 tclass=capability permissive=0
01-11 07:01:01.896 1504 1617 I am_uid_idle: 10093
01-11 07:01:02.575 0 0 I auditd : type=1400 audit(0.0:13495): avc: denied { kill } for comm="swapper/1" capability=5 scontext=u:r:kernel:s0 tcontext=u:r:kernel:s0 tclass=capability permissive=0
01-11 07:01:03.575 0 0 I auditd : type=1400 audit(0.0:13496): avc: denied { kill } for comm="swapper/1" capability=5 scontext=u:r:kernel:s0 tcontext=u:r:kernel:s0 tclass=capability permissive=0
01-11 07:01:04.575 0 0 I auditd : type=1400 audit(0.0:13497): avc: denied { kill } for comm="swapper/1" capability=5 scontext=u:r:kernel:s0 tcontext=u:r:kernel:s0 tclass=capability permissive=0
01-11 07:01:05.575 0 0 I auditd : type=1400 audit(0.0:13498): avc: denied { kill } for comm="swapper/1" capability=5 scontext=u:r:kernel:s0 tcontext=u:r:kernel:s0 tclass=capability permissive=0
01-11 07:01:06.575 0 0 I auditd : type=1400 audit(0.0:13499): avc: denied { kill } for comm="swapper/1" capability=5 scontext=u:r:kernel:s0 tcontext=u:r:kernel:s0 tclass=capability permissive=0
01-11 07:01:06.867 1504 1617 I am_uid_idle: 10031
01-11 07:01:07.575 0 0 I auditd : type=1400 audit(0.0:13500): avc: denied { kill } for comm="swapper/1" capability=5 scontext=u:r:kernel:s0 tcontext=u:r:kernel:s0 tclass=capability permissive=0
01-11 07:01:08.575 0 0 I auditd : type=1400 audit(0.0:13501): avc: denied { kill } for comm="swapper/1" capability=5 scontext=u:r:kernel:s0 tcontext=u:r:kernel:s0 tclass=capability permissive=0
01-11 07:01:09.575 0 0 I auditd : type=1400 audit(0.0:13502): avc: denied { kill } for comm="swapper/1" capability=5 scontext=u:r:kernel:s0 tcontext=u:r:kernel:s0 tclass=capability permissive=0
01-11 07:01:11.575 0 0 I auditd : type=1400 audit(0.0:13503): avc: denied { kill } for comm="swapper/1" capability=5 scontext=u:r:kernel:s0 tcontext=u:r:kernel:s0 tclass=capability permissive=0
01-11 07:01:12.575 0 0 I auditd : type=1400 audit(0.0:13504): avc: denied { kill } for comm="swapper/1" capability=5 scontext=u:r:kernel:s0 tcontext=u:r:kernel:s0 tclass=capability permissive=0
01-11 07:01:13.575 0 0 I auditd : type=1400 audit(0.0:13505): avc: denied { kill } for comm="swapper/1" capability=5 scontext=u:r:kernel:s0 tcontext=u:r:kernel:s0 tclass=capability permissive=0
01-11 07:01:14.575 0 0 I auditd : type=1400 audit(0.0:13506): avc: denied { kill } for comm="swapper/1" capability=5 scontext=u:r:kernel:s0 tcontext=u:r:kernel:s0 tclass=capability permissive=0
01-11 07:01:15.143 1504 1699 I input_interaction: Interaction with: 692761f StatusBar (server), edge-swipe (server), swipe-up (server), PointerEventDispatcher0 (server),
01-11 07:01:15.152 1974 1974 I sysui_multi_action: [757,803,799,panel_open,802,1]
01-11 07:01:15.154 1974 1974 I sysui_multi_action: [757,1328,758,4,1326,77,1327,5,1329,0]
01-11 07:01:15.201 1504 8716 I sysui_multi_action: [757,127,758,1]
01-11 07:01:15.202 1504 8716 I sysui_multi_action: [757,804,799,note_load,801,2,802,1]
01-11 07:01:15.202 1504 8716 I notification_panel_revealed: 2
01-11 07:01:15.218 1504 1610 I input_focus: [Focus request 453c472 NotificationShade,reason=UpdateInputWindows]
01-11 07:01:15.228 1504 8716 I sysui_multi_action: [757,128,758,1,793,10876108,794,0,795,10876108,796,26,798,0,806,android,857,DEVELOPER_IMPORTANT,858,4,947,0,1395,2,1500,10875669,1688,1]
01-11 07:01:15.228 1504 8716 I sysui_multi_action: [757,804,799,note_freshness,801,10876108,802,1]
01-11 07:01:15.228 1504 8716 I notification_visibility: [-1|android|26|null|1000,1,10876108,10876108,0,0]
01-11 07:01:15.229 1504 8716 I sysui_multi_action: [757,128,758,1,793,10876948,794,0,795,10876948,796,32,798,1,806,android,857,USB,858,1,947,0,1395,2,1500,10876878,1688,1]
01-11 07:01:15.229 1504 8716 I sysui_multi_action: [757,804,799,note_freshness,801,10876948,802,1]
01-11 07:01:15.229 1504 8716 I notification_visibility: [-1|android|32|null|1000,1,10876948,10876948,0,1]
01-11 07:01:15.236 1504 1699 I input_focus: [Focus leaving 6e3e9cd com.android.settings/com.android.settings.homepage.SettingsHomepageActivity (server),reason=setFocusedWindow]
01-11 07:01:15.236 1504 1699 I input_focus: [Focus entering 453c472 NotificationShade (server),reason=setFocusedWindow]
