01-11 07:29:52.620 19720 19720 V WifiManager: unregisterSoftApCallback: callback=com.android.settings.wifi.tether.WifiTetherSecurityPreferenceController@c431525
01-11 07:29:52.621 1504 13565 D WifiCountryCode: Reading country code from telephony
01-11 07:29:52.621 1504 13565 I service_manager_stats: [100,62,68879]
01-11 07:29:52.621 1504 13565 D WifiCountryCode: Set telephony country code to:
01-11 07:29:52.624 19720 19949 D PrefCtrlListHelper: Could not find Context-only controller for pref: com.android.settings.datetime.DateTimePreferenceController
01-11 07:29:52.624 1974 1974 W View : requestLayout() improperly called by android.widget.FrameLayout{c40a8ea I.E...... ......ID 0,0-780,179 #2bc} during layout: running second layout pass
01-11 07:29:52.624 1974 1974 W View : requestLayout() improperly called by com.android.systemui.statusbar.AlphaOptimizedImageView{a2318d5 VFED..C.. ......ID 0,0-140,179} during layout: running second layout pass
01-11 07:29:52.624 1974 1974 W View : requestLayout() improperly called by android.widget.FrameLayout{511b245 I.E...... ......ID 0,0-780,179 #2bc} during layout: running second layout pass
01-11 07:29:52.624 1974 1974 W View : requestLayout() improperly called by com.android.systemui.statusbar.AlphaOptimizedImageView{4f552bc VFED..C.. ......ID 0,0-140,84} during layout: running second layout pass
01-11 07:29:52.624 19720 19949 D PrefCtrlListHelper: Could not find Context-only controller for pref: com.android.settings.system.ResetPreferenceController
01-11 07:29:52.625 19720 19949 D AssistGesture: mAssistOnly:false, isSupported:false, isSensorAvailable:false
01-11 07:29:52.625 19720 19949 D AssistGesture: mAssistOnly:false, isSupported:false, isSensorAvailable:false
01-11 07:29:52.625 19720 19949 D AssistGesture: mAssistOnly:false, isSupported:false, isSensorAvailable:false
01-11 07:29:52.626 19720 19949 D PrefCtrlListHelper: Could not find Context-only controller for pref: com.android.settings.deviceinfo.firmwareversion.FirmwareVersionDetailPreferenceController
01-11 07:29:52.626 19720 19949 D PrefCtrlListHelper: Could not find Context-only controller for pref: com.android.settings.deviceinfo.firmwareversion.SecurityPatchLevelPreferenceController
01-11 07:29:52.626 19720 19949 D CompatibilityChangeReporter: Compat change id reported: 170233598; UID 1000; state: DISABLED
01-11 07:29:52.627 19720 19949 D PrefCtrlListHelper: Could not find Context-only controller for pref: com.android.settings.deviceinfo.firmwareversion.BasebandVersionPreferenceController
01-11 07:29:52.627 19720 19949 D PrefCtrlListHelper: Could not find Context-only controller for pref: com.android.settings.deviceinfo.firmwareversion.KernelVersionPreferenceController
01-11 07:29:52.627 19720 19949 D PrefCtrlListHelper: Could not find Context-only controller for pref: com.android.settings.deviceinfo.firmwareversion.SimpleBuildNumberPreferenceController
01-11 07:29:52.627 19720 19949 D PrefCtrlListHelper: Could not find Context-only controller for pref: com.android.settings.display.AutoBrightnessDetailPreferenceController
01-11 07:29:52.628 19720 19949 D PrefCtrlListHelper: Could not find Context-only controller for pref: com.android.settings.accessibility.AccessibilityButtonPreviewPreferenceController
01-11 07:29:52.628 19720 19949 D PrefCtrlListHelper: Could not find Context-only controller for pref: com.android.settings.accessibility.AccessibilityButtonLocationPreferenceController
01-11 07:29:52.628 19720 19949 D PrefCtrlListHelper: Could not find Context-only controller for pref: com.android.settings.accessibility.FloatingMenuSizePreferenceController
01-11 07:29:52.628 19720 19949 D PrefCtrlListHelper: Could not find Context-only controller for pref: com.android.settings.accessibility.FloatingMenuFadePreferenceController
01-11 07:29:52.628 19720 19949 D PrefCtrlListHelper: Could not find Context-only controller for pref: com.android.settings.accessibility.FloatingMenuTransparencyPreferenceController
01-11 07:29:52.628 19720 19949 D PrefCtrlListHelper: Could not find Context-only controller for pref: com.android.settings.accessibility.AccessibilityButtonFooterPreferenceController
01-11 07:29:52.629 19720 19949 D PrefCtrlListHelper: Could not find Context-only controller for pref: com.android.settings.backup.BackupDataPreferenceController
01-11 07:29:52.629 19720 19949 D PrefCtrlListHelper: Could not find Context-only controller for pref: com.android.settings.backup.ConfigureAccountPreferenceController
01-11 07:29:52.629 19720 19949 D PrefCtrlListHelper: Could not find Context-only controller for pref: com.android.settings.backup.DataManagementPreferenceController
01-11 07:29:52.630 19720 19949 D PrefCtrlListHelper: Could not find Context-only controller for pref: com.android.settings.backup.AutoRestorePreferenceController
01-11 07:29:52.630 19720 19949 D PrefCtrlListHelper: Could not find Context-only controller for pref: com.android.settings.backup.BackupInactivePreferenceController
01-11 07:29:52.630 1504 13565 D CompatibilityChangeReporter: Compat change id reported: 158482162; UID 1000; state: ENABLED
01-11 07:29:52.630 1504 13565 D CompatibilityChangeReporter: Compat change id reported: 158482162; UID 1000; state: DISABLED
01-11 07:29:52.633 19720 19949 D PrefCtrlListHelper: Could not find Context-only controller for pref: com.android.settings.network.NetworkMobileProviderController
01-11 07:29:52.635 19720 19949 D PrefCtrlListHelper: Could not find Context-only controller for pref: com.android.settings.inputmethod.UserDictionaryListPreferenceController
01-11 07:29:52.636 19720 19949 D PrefCtrlListHelper: Could not find Context-only controller for pref: com.android.settings.gestures.DoubleTapPowerPreferenceController
01-11 07:29:52.636 19720 19949 D PrefCtrlListHelper: Could not find Context-only controller for pref: com.android.settings.security.CredentialManagementAppHeaderController
01-11 07:29:52.636 19720 19949 D PrefCtrlListHelper: Could not find Context-only controller for pref: com.android.settings.security.CredentialManagementAppButtonsController
01-11 07:29:52.636 19720 19949 D PrefCtrlListHelper: Could not find Context-only controller for pref: com.android.settings.security.CredentialManagementAppPolicyController
01-11 07:29:52.637 19720 19949 D PrefCtrlListHelper: Could not find Context-only controller for pref: com.android.settings.applications.specialaccess.interactacrossprofiles.InteractAcrossProfilesController
01-11 07:29:52.637 19720 19949 W PrefCtrlListHelper: Controller requires key but it's not defined in xml: com.android.settings.applications.specialaccess.interactacrossprofiles.InteractAcrossProfilesController
01-11 07:29:52.637 19720 19949 D PrefCtrlListHelper: Could not find Context-only controller for pref: com.android.settings.applications.specialaccess.notificationaccess.NotificationAccessScreenPreferenceController
01-11 07:29:52.637 19720 19949 D PrefCtrlListHelper: Could not find Context-only controller for pref: com.android.settings.gestures.SystemNavigationPreferenceController
01-11 07:29:52.637 19720 19949 D PrefCtrlListHelper: Could not find Context-only controller for pref: com.android.settings.gestures.OneHandedEnablePreferenceController
01-11 07:29:52.637 19720 19949 D PrefCtrlListHelper: Could not find Context-only controller for pref: com.android.settings.accessibility.PowerButtonEndsCallPreferenceController
01-11 07:29:52.637 19720 19949 D PrefCtrlListHelper: Could not find Context-only controller for pref: com.android.settings.accessibility.LockScreenRotationPreferenceController
01-11 07:29:52.638 19720 19949 W SettingsPrefController: Skipping updateNonIndexableKeys, key already in list. com.android.settings.gestures.OneHandedEnablePreferenceController@ff16e9b
01-11 07:29:52.638 19720 19949 D AssistGesture: mAssistOnly:false, isSupported:false, isSensorAvailable:false
01-11 07:29:52.638 19720 19949 D AssistGesture: mAssistOnly:false, isSupported:false, isSensorAvailable:false
01-11 07:29:52.638 19720 19949 V SettingsSearchProvider: com.android.settings.gestures.AssistGestureSettings$1@e81b211 tried to add an empty non-indexable key
01-11 07:29:52.638 19720 19949 D PrefCtrlListHelper: Could not find Context-only controller for pref: com.android.settings.location.LocationInjectedServicesPreferenceController
01-11 07:29:52.638 19720 19949 D PrefCtrlListHelper: Could not find Context-only controller for pref: com.android.settings.location.LocationServicesWifiScanningPreferenceController
01-11 07:29:52.638 19720 19949 D PrefCtrlListHelper: Could not find Context-only controller for pref: com.android.settings.location.LocationServicesBluetoothScanningPreferenceController
01-11 07:29:52.639 19720 19949 D PrefCtrlListHelper: Could not find Context-only controller for pref: com.android.settings.gestures.PickupGesturePreferenceController
01-11 07:29:52.639 19720 19949 D PrefCtrlListHelper: Could not find Context-only controller for pref: com.android.settings.gestures.DoubleTwistPreferenceController
01-11 07:29:52.640 19720 19949 D PrefCtrlListHelper: Could not find Context-only controller for pref: com.android.settings.network.AdaptiveConnectivityTogglePreferenceController
01-11 07:29:52.640 19720 19949 V SettingsSearchProvider: com.android.settings.search.BaseSearchIndexProvider@b651613 tried to add an empty non-indexable key
01-11 07:29:52.640 19720 19949 D PrefCtrlListHelper: Could not find Context-only controller for pref: com.android.settings.applications.specialaccess.vrlistener.VrListenerScreenPreferenceController
01-11 07:29:52.640 19720 19949 V SettingsSearchProvider: com.android.settings.emergency.EmergencyGestureSettings$1@c81006f tried to add an empty non-indexable key
01-11 07:29:52.641 19720 19949 D PrefCtrlListHelper: Could not find Context-only controller for pref: com.android.settings.accessibility.SelectLongPressTimeoutPreferenceController
01-11 07:29:52.641 19720 19949 D PrefCtrlListHelper: Could not find Context-only controller for pref: com.android.settings.accessibility.AccessibilityTimeoutPreferenceController
01-11 07:29:52.641 19720 19949 D PrefCtrlListHelper: Could not find Context-only controller for pref: com.android.settings.accessibility.AutoclickPreferenceController
01-11 07:29:52.641 1974 1974 W View : requestLayout() improperly called by android.widget.FrameLayout{c40a8ea I.E...... ......ID 0,0-780,179 #2bc} during second layout pass: posting in next frame
01-11 07:29:52.641 1974 1974 W View : requestLayout() improperly called by com.android.systemui.statusbar.AlphaOptimizedImageView{a2318d5 VFED..C.. ......ID 0,0-140,179} during second layout pass: posting in next frame
01-11 07:29:52.641 1974 1974 W View : requestLayout() improperly called by android.widget.FrameLayout{511b245 I.E...... ......ID 0,0-780,179 #2bc} during second layout pass: posting in next frame
01-11 07:29:52.641 1974 1974 W View : requestLayout() improperly called by com.android.systemui.statusbar.AlphaOptimizedImageView{4f552bc VFED..C.. ......ID 0,0-140,84} during second layout pass: posting in next frame
01-11 07:29:52.643 19720 19949 D PrefCtrlListHelper: Could not find Context-only controller for pref: com.android.settings.dream.CurrentDreamPreferenceController
01-11 07:29:52.643 19720 19949 D PrefCtrlListHelper: Could not find Context-only controller for pref: com.android.settings.dream.ScreenTimeoutPreferenceController
01-11 07:29:52.651 19720 19949 D PrefCtrlListHelper: Could not find Context-only controller for pref: com.android.settings.privacy.WorkPolicyInfoPreferenceController
01-11 07:29:52.652 19720 19949 D PrefCtrlListHelper: Could not find Context-only controller for pref: com.android.settings.applications.specialaccess.interactacrossprofiles.InteractAcrossProfilesController
01-11 07:29:52.652 19720 19949 D PrefCtrlListHelper: Could not find Context-only controller for pref: com.android.settings.privacy.AccessibilityUsagePreferenceController
01-11 07:29:52.652 19720 19949 D PrefCtrlListHelper: Could not find Context-only controller for pref: com.android.settings.privacy.PrivacyHubPreferenceController
01-11 07:29:52.652 19720 19949 D PrefCtrlListHelper: Could not find Context-only controller for pref: com.android.settings.privacy.PrivacyManagePermsPreferenceController
01-11 07:29:52.652 19720 19949 D PrefCtrlListHelper: Could not find Context-only controller for pref: com.android.settings.privacy.CameraToggleController
01-11 07:29:52.652 19720 19949 D PrefCtrlListHelper: Could not find Context-only controller for pref: com.android.settings.privacy.MicToggleController
01-11 07:29:52.653 19720 19949 D PrefCtrlListHelper: Could not find Context-only controller for pref: com.android.settings.privacy.EnableContentCapturePreferenceController
01-11 07:29:52.653 19720 19949 D PrefCtrlListHelper: Could not find Context-only controller for pref: com.android.settings.privacy.EnableContentCaptureWithServiceSettingsPreferenceController
01-11 07:29:52.653 19720 19949 D PrefCtrlListHelper: Could not find Context-only controller for pref: com.android.settings.privacy.ShowClipAccessNotificationPreferenceController
01-11 07:29:52.653 19720 19949 W PrefCtrlListHelper: Cannot instantiate controller from reflection: com.android.settings.privacy.ShowClipAccessNotificationPreferenceController
01-11 07:29:52.653 19720 19949 W PrefControllerMixin: Skipping updateNonIndexableKeys due to empty key com.android.settings.notification.LockScreenNotificationPreferenceController@539ae0a
01-11 07:29:52.653 19720 19949 W SettingsPrefController: Skipping updateNonIndexableKeys, key already in list. com.android.settings.applications.specialaccess.interactacrossprofiles.InteractAcrossProfilesController@252567b
01-11 07:29:52.653 19720 19949 E SettingsSearchProvider: Error trying to get non-indexable keys from: com.android.settings.privacy.PrivacyDashboardFragment
01-11 07:29:52.653 19720 19949 E SettingsSearchProvider: java.lang.SecurityException: Permission denial: reading from settings requires:android.permission.READ_DEVICE_CONFIG
01-11 07:29:52.653 19720 19949 E SettingsSearchProvider: at android.provider.DeviceConfig.enforceReadPermission(DeviceConfig.java:1046)
01-11 07:29:52.653 19720 19949 E SettingsSearchProvider: at android.provider.Settings$NameValueCache.getStringsForPrefix(Settings.java:3095)
01-11 07:29:52.653 19720 19949 E SettingsSearchProvider: at android.provider.Settings$Config.getStrings(Settings.java:16319)
01-11 07:29:52.653 19720 19949 E SettingsSearchProvider: at android.provider.DeviceConfig.getProperties(DeviceConfig.java:661)
01-11 07:29:52.653 19720 19949 E SettingsSearchProvider: at android.provider.DeviceConfig.getProperty(DeviceConfig.java:633)
01-11 07:29:52.653 19720 19949 E SettingsSearchProvider: at android.provider.DeviceConfig.getBoolean(DeviceConfig.java:696)
01-11 07:29:52.653 19720 19949 E SettingsSearchProvider: at com.android.settings.privacy.PrivacyHubPreferenceController.getAvailabilityStatus(PrivacyHubPreferenceController.java:52)
01-11 07:29:52.653 19720 19949 E SettingsSearchProvider: at com.android.settings.core.BasePreferenceController.isAvailable(BasePreferenceController.java:257)
01-11 07:29:52.653 19720 19949 E SettingsSearchProvider: at com.android.settings.core.BasePreferenceController.updateNonIndexableKeys(BasePreferenceController.java:303)
01-11 07:29:52.653 19720 19949 E SettingsSearchProvider: at com.android.settings.search.BaseSearchIndexProvider.getNonIndexableKeys(BaseSearchIndexProvider.java:121)
01-11 07:29:52.653 19720 19949 E SettingsSearchProvider: at com.android.settings.search.SettingsSearchIndexablesProvider.getNonIndexableKeysFromProvider(SettingsSearchIndexablesProvider.java:284)
01-11 07:29:52.653 19720 19949 E SettingsSearchProvider: at com.android.settings.search.SettingsSearchIndexablesProvider.queryNonIndexableKeys(SettingsSearchIndexablesProvider.java:157)
01-11 07:29:52.653 19720 19949 E SettingsSearchProvider: at android.provider.SearchIndexablesProvider.query(SearchIndexablesProvider.java:127)
01-11 07:29:52.653 19720 19949 E SettingsSearchProvider: at android.content.ContentProvider.query(ContentProvider.java:1408)
01-11 07:29:52.653 19720 19949 E SettingsSearchProvider: at android.content.ContentProvider.query(ContentProvider.java:1504)
01-11 07:29:52.653 19720 19949 E SettingsSearchProvider: at android.content.ContentProvider$Transport.query(ContentProvider.java:272)
01-11 07:29:52.653 19720 19949 E SettingsSearchProvider: at android.content.ContentProviderNative.onTransact(ContentProviderNative.java:107)
01-11 07:29:52.653 19720 19949 E SettingsSearchProvider: at android.os.Binder.execTransactInternal(Binder.java:1179)
01-11 07:29:52.653 19720 19949 E SettingsSearchProvider: at android.os.Binder.execTransact(Binder.java:1143)
01-11 07:29:52.654 19720 19949 D PrefCtrlListHelper: Could not find Context-only controller for pref: com.android.settings.applications.specialaccess.interactacrossprofiles.InteractAcrossProfilesController
01-11 07:29:52.654 19720 19949 D PrefCtrlListHelper: Could not find Context-only controller for pref: com.android.settings.enterprise.ManageDeviceAdminPreferenceController
01-11 07:29:52.654 19720 19949 D PrefCtrlListHelper: Could not find Context-only controller for pref: com.android.settings.applications.specialaccess.SystemAlertWindowPreferenceController
01-11 07:29:52.654 19720 19949 D PrefCtrlListHelper: Could not find Context-only controller for pref: com.android.settings.applications.specialaccess.zenaccess.ZenAccessController
01-11 07:29:52.654 19720 19949 D PrefCtrlListHelper: Could not find Context-only controller for pref: com.android.settings.applications.specialaccess.notificationaccess.NotificationAccessController
01-11 07:29:52.654 19720 19949 D PrefCtrlListHelper: Could not find Context-only controller for pref: com.android.settings.applications.specialaccess.pictureinpicture.PictureInPictureController
01-11 07:29:52.654 19720 19949 D PrefCtrlListHelper: Could not find Context-only controller for pref: com.android.settings.applications.specialaccess.premiumsms.PremiumSmsController
01-11 07:29:52.654 19720 19949 D PrefCtrlListHelper: Could not find Context-only controller for pref: com.android.settings.applications.specialaccess.DataSaverController
01-11 07:29:52.655 19720 19949 D PrefCtrlListHelper: Could not find Context-only controller for pref: com.android.settings.applications.specialaccess.vrlistener.EnabledVrListenersController
01-11 07:29:52.655 19720 19949 D PrefCtrlListHelper: Could not find Context-only controller for pref: com.android.settings.applications.specialaccess.MoreSpecialAccessPreferenceController
01-11 07:29:52.657 19720 19949 D PrefCtrlListHelper: Could not find Context-only controller for pref: com.android.settings.gestures.GestureNavigationSettingsAssistController
01-11 07:29:52.658 1974 1974 W View : requestLayout() improperly called by android.widget.FrameLayout{c40a8ea I.E...... ......ID 0,0-780,179 #2bc} during layout: running second layout pass
01-11 07:29:52.658 1974 1974 W View : requestLayout() improperly called by com.android.systemui.statusbar.AlphaOptimizedImageView{a2318d5 VFED..C.. ......ID 0,0-140,179} during layout: running second layout pass
01-11 07:29:52.658 1974 1974 W View : requestLayout() improperly called by android.widget.FrameLayout{511b245 I.E...... ......ID 0,0-780,179 #2bc} during layout: running second layout pass
01-11 07:29:52.658 1974 1974 W View : requestLayout() improperly called by com.android.systemui.statusbar.AlphaOptimizedImageView{4f552bc VFED..C.. ......ID 0,0-140,84} during layout: running second layout pass
01-11 07:29:52.658 19720 19949 W SettingsPrefController: Skipping updateNonIndexableKeys, key already in list. com.android.settings.users.AddUserWhenLockedPreferenceController@3f19f3
01-11 07:29:52.659 1974 1974 W View : requestLayout() improperly called by android.widget.FrameLayout{c40a8ea I.E...... ......ID 0,0-780,179 #2bc} during second layout pass: posting in next frame
01-11 07:29:52.659 1974 1974 W View : requestLayout() improperly called by com.android.systemui.statusbar.AlphaOptimizedImageView{a2318d5 VFED..C.. ......ID 0,0-140,179} during second layout pass: posting in next frame
01-11 07:29:52.659 1974 1974 W View : requestLayout() improperly called by android.widget.FrameLayout{511b245 I.E...... ......ID 0,0-780,179 #2bc} during second layout pass: posting in next frame
01-11 07:29:52.659 1974 1974 W View : requestLayout() improperly called by com.android.systemui.statusbar.AlphaOptimizedImageView{4f552bc VFED..C.. ......ID 0,0-140,84} during second layout pass: posting in next frame
01-11 07:29:52.659 19720 19949 D PrefCtrlListHelper: Could not find Context-only controller for pref: com.android.settings.accessibility.MagnificationModePreferenceController
01-11 07:29:52.663 19720 19949 D ForcePeakRefreshRateCtr: DEFAULT_REFRESH_RATE : 60.0 mPeakRefreshRate : 60.0
01-11 07:29:52.668 19720 19949 D PrefCtrlListHelper: Could not find Context-only controller for pref: com.android.settings.development.Prefer5GNetworkSummaryController
01-11 07:29:52.668 19720 19949 W PrefCtrlListHelper: Cannot instantiate controller from reflection: com.android.settings.development.Prefer5GNetworkSummaryController
01-11 07:29:52.668 19720 19949 D PrefCtrlListHelper: Could not find Context-only controller for pref: com.android.settings.notification.ImportanceResetPreferenceController
01-11 07:29:52.668 19720 19949 D PrefCtrlListHelper: Could not find Context-only controller for pref: com.android.settings.location.LocationIndicatorsPreferenceController
01-11 07:29:52.669 19720 19949 E BaseSearchIndex: com.android.settings.development.PreferVonrController must implement com.android.settings.core.PreferenceControllerMixin treating the key non-indexable
01-11 07:29:52.670 19720 19949 E BaseSearchIndex: com.android.settings.development.AdbAuthorizationTimeoutPreferenceController must implement com.android.settings.core.PreferenceControllerMixin treating the key non-indexable
01-11 07:29:52.670 499 499 I hwservicemanager: getTransport: Cannot find entry android.hardware.dumpstate@1.1::IDumpstateDevice/default in either framework or device VINTF manifest.
01-11 07:29:52.670 499 499 I hwservicemanager: getTransport: Cannot find entry android.hardware.dumpstate@1.0::IDumpstateDevice/default in either framework or device VINTF manifest.
01-11 07:29:52.671 19720 19949 E BaseSearchIndex: com.android.settings.development.DefaultUsbConfigurationPreferenceController must implement com.android.settings.core.PreferenceControllerMixin treating the key non-indexable
01-11 07:29:52.671 19720 19949 E SettingsSearchProvider: Error trying to get non-indexable keys from: com.android.settings.development.DevelopmentSettingsDashboardFragment
01-11 07:29:52.671 19720 19949 E SettingsSearchProvider: java.lang.SecurityException: Permission denial: reading from settings requires:android.permission.READ_DEVICE_CONFIG
01-11 07:29:52.671 19720 19949 E SettingsSearchProvider: at android.provider.DeviceConfig.enforceReadPermission(DeviceConfig.java:1046)
01-11 07:29:52.671 19720 19949 E SettingsSearchProvider: at android.provider.Settings$NameValueCache.getStringsForPrefix(Settings.java:3095)
01-11 07:29:52.671 19720 19949 E SettingsSearchProvider: at android.provider.Settings$Config.getStrings(Settings.java:16319)
01-11 07:29:52.671 19720 19949 E SettingsSearchProvider: at android.provider.DeviceConfig.getProperties(DeviceConfig.java:661)
01-11 07:29:52.671 19720 19949 E SettingsSearchProvider: at android.provider.DeviceConfig.getProperty(DeviceConfig.java:633)
01-11 07:29:52.671 19720 19949 E SettingsSearchProvider: at android.provider.DeviceConfig.getBoolean(DeviceConfig.java:696)
01-11 07:29:52.671 19720 19949 E SettingsSearchProvider: at com.android.settings.location.LocationIndicatorsPreferenceController.getAvailabilityStatus(LocationIndicatorsPreferenceController.java:48)
01-11 07:29:52.671 19720 19949 E SettingsSearchProvider: at com.android.settings.core.BasePreferenceController.isAvailable(BasePreferenceController.java:257)
01-11 07:29:52.671 19720 19949 E SettingsSearchProvider: at com.android.settings.core.BasePreferenceController.updateNonIndexableKeys(BasePreferenceController.java:303)
01-11 07:29:52.671 19720 19949 E SettingsSearchProvider: at com.android.settings.search.BaseSearchIndexProvider.getNonIndexableKeys(BaseSearchIndexProvider.java:121)
01-11 07:29:52.671 19720 19949 E SettingsSearchProvider: at com.android.settings.search.SettingsSearchIndexablesProvider.getNonIndexableKeysFromProvider(SettingsSearchIndexablesProvider.java:284)
01-11 07:29:52.671 19720 19949 E SettingsSearchProvider: at com.android.settings.search.SettingsSearchIndexablesProvider.queryNonIndexableKeys(SettingsSearchIndexablesProvider.java:157)
01-11 07:29:52.671 19720 19949 E SettingsSearchProvider: at android.provider.SearchIndexablesProvider.query(SearchIndexablesProvider.java:127)
01-11 07:29:52.671 19720 19949 E SettingsSearchProvider: at android.content.ContentProvider.query(ContentProvider.java:1408)
01-11 07:29:52.671 19720 19949 E SettingsSearchProvider: at android.content.ContentProvider.query(ContentProvider.java:1504)
01-11 07:29:52.671 19720 19949 E SettingsSearchProvider: at android.content.ContentProvider$Transport.query(ContentProvider.java:272)
01-11 07:29:52.671 19720 19949 E SettingsSearchProvider: at android.content.ContentProviderNative.onTransact(ContentProviderNative.java:107)
01-11 07:29:52.671 19720 19949 E SettingsSearchProvider: at android.os.Binder.execTransactInternal(Binder.java:1179)
01-11 07:29:52.671 19720 19949 E SettingsSearchProvider: at android.os.Binder.execTransact(Binder.java:1143)
01-11 07:29:52.672 19720 19949 W PrintManager: Feature android.software.print not available
01-11 07:29:52.672 19720 19949 D PrefCtrlListHelper: Could not find Context-only controller for pref: com.android.settings.connecteddevice.NfcAndPaymentFragmentController
01-11 07:29:52.673 19720 19949 D PrefCtrlListHelper: Could not find Context-only controller for pref: com.android.settings.wfd.WifiDisplayPreferenceController
01-11 07:29:52.673 19720 19949 D PrefCtrlListHelper: Could not find Context-only controller for pref: com.android.settings.nfc.AndroidBeamPreferenceController
01-11 07:29:52.673 19720 19949 D PrefCtrlListHelper: Could not find Context-only controller for pref: com.android.settings.uwb.UwbPreferenceController
01-11 07:29:52.674 19720 19949 W SettingsPrefController: Skipping updateNonIndexableKeys, key already in list. com.android.settings.connecteddevice.NfcAndPaymentFragmentController@a1d46b
01-11 07:29:52.674 1974 1974 W View : requestLayout() improperly called by android.widget.FrameLayout{c40a8ea I.E...... ......ID 0,0-780,179 #2bc} during layout: running second layout pass
01-11 07:29:52.674 1974 1974 W View : requestLayout() improperly called by com.android.systemui.statusbar.AlphaOptimizedImageView{a2318d5 VFED..C.. ......ID 0,0-140,179} during layout: running second layout pass
01-11 07:29:52.674 1974 1974 W View : requestLayout() improperly called by android.widget.FrameLayout{511b245 I.E...... ......ID 0,0-780,179 #2bc} during layout: running second layout pass
01-11 07:29:52.674 1974 1974 W View : requestLayout() improperly called by com.android.systemui.statusbar.AlphaOptimizedImageView{4f552bc VFED..C.. ......ID 0,0-140,84} during layout: running second layout pass
01-11 07:29:52.676 1974 1974 W View : requestLayout() improperly called by android.widget.FrameLayout{c40a8ea I.E...... ......ID 0,0-780,179 #2bc} during second layout pass: posting in next frame
01-11 07:29:52.676 1974 1974 W View : requestLayout() improperly called by com.android.systemui.statusbar.AlphaOptimizedImageView{a2318d5 VFED..C.. ......ID 0,0-140,179} during second layout pass: posting in next frame
01-11 07:29:52.676 1974 1974 W View : requestLayout() improperly called by android.widget.FrameLayout{511b245 I.E...... ......ID 0,0-780,179 #2bc} during second layout pass: posting in next frame
01-11 07:29:52.676 1974 1974 W View : requestLayout() improperly called by com.android.systemui.statusbar.AlphaOptimizedImageView{4f552bc VFED..C.. ......ID 0,0-140,84} during second layout pass: posting in next frame
01-11 07:29:52.680 1504 13565 I am_uid_running: 10028
01-11 07:29:52.680 1504 13565 D CompatibilityChangeReporter: Compat change id reported: 135634846; UID 10028; state: DISABLED
01-11 07:29:52.680 1504 13565 D CompatibilityChangeReporter: Compat change id reported: 177438394; UID 10028; state: DISABLED
01-11 07:29:52.680 1504 13565 D CompatibilityChangeReporter: Compat change id reported: 135772972; UID 10028; state: DISABLED
01-11 07:29:52.680 1504 13565 D CompatibilityChangeReporter: Compat change id reported: 135754954; UID 10028; state: ENABLED
01-11 07:29:52.680 1504 1618 D CompatibilityChangeReporter: Compat change id reported: 143937733; UID 10028; state: ENABLED
01-11 07:29:52.685 660 660 D Zygote : Forked child process 20023
01-11 07:29:52.685 1504 1618 I am_proc_start: [0,20023,10028,com.android.traceur,content provider,{com.android.traceur/com.android.traceur.SearchProvider}]
01-11 07:29:52.685 1504 1618 I ActivityManager: Start proc 20023:com.android.traceur/u0a28 for content provider {com.android.traceur/com.android.traceur.SearchProvider}
01-11 07:29:52.691 20023 20023 E android.traceu: Not starting debugger since process cannot load the jdwp agent.
01-11 07:29:52.691 1974 1974 W View : requestLayout() improperly called by android.widget.FrameLayout{c40a8ea I.E...... ......ID 0,0-780,179 #2bc} during layout: running second layout pass
01-11 07:29:52.691 1974 1974 W View : requestLayout() improperly called by com.android.systemui.statusbar.AlphaOptimizedImageView{a2318d5 VFED..C.. ......ID 0,0-140,179} during layout: running second layout pass
01-11 07:29:52.691 1974 1974 W View : requestLayout() improperly called by android.widget.FrameLayout{511b245 I.E...... ......ID 0,0-780,179 #2bc} during layout: running second layout pass
01-11 07:29:52.691 1974 1974 W View : requestLayout() improperly called by com.android.systemui.statusbar.AlphaOptimizedImageView{4f552bc VFED..C.. ......ID 0,0-140,84} during layout: running second layout pass
01-11 07:29:52.692 20023 20023 D ProcessState: Binder ioctl to enable oneway spam detection failed: Invalid argument
01-01 12:30:22.927 0 0 I binder : 20023:20023 ioctl 40046210 7fdeb9aa04 returned -22
01-11 07:29:52.694 1504 13565 I am_proc_bound: [0,20023,com.android.traceur]
01-11 07:29:52.695 1504 13565 D CompatibilityChangeReporter: Compat change id reported: 168419799; UID 10028; state: DISABLED
01-11 07:29:52.695 1504 13565 D CompatibilityInfo: mCompatibilityFlags - 4
01-11 07:29:52.695 1504 13565 D CompatibilityInfo: applicationDensity - 240
01-11 07:29:52.695 1504 13565 D CompatibilityInfo: applicationScale - 1.0
01-11 07:29:52.696 1974 1974 W View : requestLayout() improperly called by android.widget.FrameLayout{c40a8ea I.E...... ......ID 0,0-780,179 #2bc} during second layout pass: posting in next frame
01-11 07:29:52.696 1974 1974 W View : requestLayout() improperly called by com.android.systemui.statusbar.AlphaOptimizedImageView{a2318d5 VFED..C.. ......ID 0,0-140,179} during second layout pass: posting in next frame
01-11 07:29:52.696 1974 1974 W View : requestLayout() improperly called by android.widget.FrameLayout{511b245 I.E...... ......ID 0,0-780,179 #2bc} during second layout pass: posting in next frame
01-11 07:29:52.696 1974 1974 W View : requestLayout() improperly called by com.android.systemui.statusbar.AlphaOptimizedImageView{4f552bc VFED..C.. ......ID 0,0-140,84} during second layout pass: posting in next frame
01-11 07:29:52.696 1504 13565 I am_uid_active: 10028
01-11 07:29:52.697 20023 20023 D CompatibilityChangeReporter: Compat change id reported: 171979766; UID 10028; state: ENABLED
01-11 07:29:52.703 20023 20023 I Perf : Connecting to perf service.
01-11 07:29:52.704 20023 20023 V GraphicsEnvironment: ANGLE Developer option for 'com.android.traceur' set to: 'default'
01-11 07:29:52.704 20023 20023 V GraphicsEnvironment: ANGLE GameManagerService for com.android.traceur: false
01-11 07:29:52.705 20023 20023 D NetworkSecurityConfig: No Network Security Config specified, using platform default
01-11 07:29:52.705 20023 20023 D NetworkSecurityConfig: No Network Security Config specified, using platform default
01-11 07:29:52.707 1974 1974 W View : requestLayout() improperly called by android.widget.FrameLayout{c40a8ea I.E...... ......ID 0,0-780,179 #2bc} during layout: running second layout pass
01-11 07:29:52.707 1974 1974 W View : requestLayout() improperly called by com.android.systemui.statusbar.AlphaOptimizedImageView{a2318d5 VFED..C.. ......ID 0,0-140,179} during layout: running second layout pass
01-11 07:29:52.707 1974 1974 W View : requestLayout() improperly called by android.widget.FrameLayout{511b245 I.E...... ......ID 0,0-780,179 #2bc} during layout: running second layout pass
01-11 07:29:52.707 1974 1974 W View : requestLayout() improperly called by com.android.systemui.statusbar.AlphaOptimizedImageView{4f552bc VFED..C.. ......ID 0,0-140,84} during layout: running second layout pass
01-11 07:29:52.710 1974 1974 W View : requestLayout() improperly called by android.widget.FrameLayout{c40a8ea I.E...... ......ID 0,0-780,179 #2bc} during second layout pass: posting in next frame
01-11 07:29:52.710 19962 19982 W IndexableDataCollector: Cannot add index data for Uri: content://com.android.traceur/settings/non_indexables_key
01-11 07:29:52.710 1974 1974 W View : requestLayout() improperly called by com.android.systemui.statusbar.AlphaOptimizedImageView{a2318d5 VFED..C.. ......ID 0,0-140,179} during second layout pass: posting in next frame
01-11 07:29:52.710 1974 1974 W View : requestLayout() improperly called by android.widget.FrameLayout{511b245 I.E...... ......ID 0,0-780,179 #2bc} during second layout pass: posting in next frame
01-11 07:29:52.710 1974 1974 W View : requestLayout() improperly called by com.android.systemui.statusbar.AlphaOptimizedImageView{4f552bc VFED..C.. ......ID 0,0-140,84} during second layout pass: posting in next frame
01-11 07:29:52.712 19962 19982 I IndexDatabaseHelper: Using schema version: 120
01-11 07:29:52.712 19962 19982 I IndexDatabaseHelper: Index is fine
01-11 07:29:52.712 19962 19982 D IndexDataConverter: Converting pre-index data to index data took: 0
01-11 07:29:52.724 1974 1974 W View : requestLayout() improperly called by android.widget.FrameLayout{c40a8ea I.E...... ......ID 0,0-780,179 #2bc} during layout: running second layout pass
01-11 07:29:52.724 1974 1974 W View : requestLayout() improperly called by com.android.systemui.statusbar.AlphaOptimizedImageView{a2318d5 VFED..C.. ......ID 0,0-140,179} during layout: running second layout pass
01-11 07:29:52.724 1974 1974 W View : requestLayout() improperly called by android.widget.FrameLayout{511b245 I.E...... ......ID 0,0-780,179 #2bc} during layout: running second layout pass
01-11 07:29:52.724 1974 1974 W View : requestLayout() improperly called by com.android.systemui.statusbar.AlphaOptimizedImageView{4f552bc VFED..C.. ......ID 0,0-140,84} during layout: running second layout pass
01-11 07:29:52.725 1974 1974 W View : requestLayout() improperly called by android.widget.FrameLayout{c40a8ea I.E...... ......ID 0,0-780,179 #2bc} during second layout pass: posting in next frame
01-11 07:29:52.725 1974 1974 W View : requestLayout() improperly called by com.android.systemui.statusbar.AlphaOptimizedImageView{a2318d5 VFED..C.. ......ID 0,0-140,179} during second layout pass: posting in next frame
01-11 07:29:52.725 1974 1974 W View : requestLayout() improperly called by android.widget.FrameLayout{511b245 I.E...... ......ID 0,0-780,179 #2bc} during second layout pass: posting in next frame
01-11 07:29:52.725 1974 1974 W View : requestLayout() improperly called by com.android.systemui.statusbar.AlphaOptimizedImageView{4f552bc VFED..C.. ......ID 0,0-140,84} during second layout pass: posting in next frame
01-11 07:29:52.740 1974 1974 W View : requestLayout() improperly called by android.widget.FrameLayout{c40a8ea I.E...... ......ID 0,0-780,179 #2bc} during layout: running second layout pass
01-11 07:29:52.740 1974 1974 W View : requestLayout() improperly called by com.android.systemui.statusbar.AlphaOptimizedImageView{a2318d5 VFED..C.. ......ID 0,0-140,179} during layout: running second layout pass
01-11 07:29:52.740 1974 1974 W View : requestLayout() improperly called by android.widget.FrameLayout{511b245 I.E...... ......ID 0,0-780,179 #2bc} during layout: running second layout pass
01-11 07:29:52.740 1974 1974 W View : requestLayout() improperly called by com.android.systemui.statusbar.AlphaOptimizedImageView{4f552bc VFED..C.. ......ID 0,0-140,84} during layout: running second layout pass
01-11 07:29:52.741 1974 1974 W View : requestLayout() improperly called by android.widget.FrameLayout{c40a8ea I.E...... ......ID 0,0-780,179 #2bc} during second layout pass: posting in next frame
01-11 07:29:52.741 1974 1974 W View : requestLayout() improperly called by com.android.systemui.statusbar.AlphaOptimizedImageView{a2318d5 VFED..C.. ......ID 0,0-140,179} during second layout pass: posting in next frame
01-11 07:29:52.741 1974 1974 W View : requestLayout() improperly called by android.widget.FrameLayout{511b245 I.E...... ......ID 0,0-780,179 #2bc} during second layout pass: posting in next frame
01-11 07:29:52.741 1974 1974 W View : requestLayout() improperly called by com.android.systemui.statusbar.AlphaOptimizedImageView{4f552bc VFED..C.. ......ID 0,0-140,84} during second layout pass: posting in next frame
01-11 07:29:52.757 1974 1974 W View : requestLayout() improperly called by android.widget.FrameLayout{c40a8ea I.E...... ......ID 0,0-780,179 #2bc} during layout: running second layout pass
01-11 07:29:52.757 1974 1974 W View : requestLayout() improperly called by com.android.systemui.statusbar.AlphaOptimizedImageView{a2318d5 VFED..C.. ......ID 0,0-140,179} during layout: running second layout pass
01-11 07:29:52.757 1974 1974 W View : requestLayout() improperly called by android.widget.FrameLayout{511b245 I.E...... ......ID 0,0-780,179 #2bc} during layout: running second layout pass
01-11 07:29:52.757 1974 1974 W View : requestLayout() improperly called by com.android.systemui.statusbar.AlphaOptimizedImageView{4f552bc VFED..C.. ......ID 0,0-140,84} during layout: running second layout pass
01-11 07:29:52.758 1504 13565 I wm_add_to_stopping: [0,52102910,com.android.settings/.Settings,makeInvisible]
01-11 07:29:52.758 1974 1974 W View : requestLayout() improperly called by android.widget.FrameLayout{c40a8ea I.E...... ......ID 0,0-780,179 #2bc} during second layout pass: posting in next frame
01-11 07:29:52.758 1974 1974 W View : requestLayout() improperly called by com.android.systemui.statusbar.AlphaOptimizedImageView{a2318d5 VFED..C.. ......ID 0,0-140,179} during second layout pass: posting in next frame
01-11 07:29:52.758 1974 1974 W View : requestLayout() improperly called by android.widget.FrameLayout{511b245 I.E...... ......ID 0,0-780,179 #2bc} during second layout pass: posting in next frame
01-11 07:29:52.758 1974 1974 W View : requestLayout() improperly called by com.android.systemui.statusbar.AlphaOptimizedImageView{4f552bc VFED..C.. ......ID 0,0-140,84} during second layout pass: posting in next frame
01-11 07:29:52.758 19962 19962 D ViewRootImpl[SearchActivity]: changeCanvasOpacity: opaque=true
01-11 07:29:52.760 1504 1609 I wm_stop_activity: [0,52102910,com.android.settings/.Settings]
01-11 07:29:52.774 19720 19900 D OpenGLRenderer: endAllActiveAnimators on 0xb400007b53098060 (RippleDrawable) with handle 0xb400007a630b4ec0
01-11 07:29:52.778 19720 19720 I TetheringManager: unregisterTetheringEventCallback caller:com.android.settings
01-11 07:29:52.779 19720 19720 I wm_on_stop_called: [52102910,com.android.settings.Settings,STOP_ACTIVITY_ITEM]
01-11 07:29:52.780 1974 1974 W View : requestLayout() improperly called by android.widget.FrameLayout{c40a8ea I.E...... ......ID 0,0-780,179 #2bc} during layout: running second layout pass
01-11 07:29:52.780 1974 1974 W View : requestLayout() improperly called by com.android.systemui.statusbar.AlphaOptimizedImageView{a2318d5 VFED..C.. ......ID 0,0-140,179} during layout: running second layout pass
01-11 07:29:52.780 1974 1974 W View : requestLayout() improperly called by android.widget.FrameLayout{511b245 I.E...... ......ID 0,0-780,179 #2bc} during layout: running second layout pass
01-11 07:29:52.780 1974 1974 W View : requestLayout() improperly called by com.android.systemui.statusbar.AlphaOptimizedImageView{4f552bc VFED..C.. ......ID 0,0-140,84} during layout: running second layout pass
01-11 07:29:52.781 1974 1974 W View : requestLayout() improperly called by android.widget.FrameLayout{c40a8ea I.E...... ......ID 0,0-780,179 #2bc} during second layout pass: posting in next frame
01-11 07:29:52.781 1974 1974 W View : requestLayout() improperly called by com.android.systemui.statusbar.AlphaOptimizedImageView{a2318d5 VFED..C.. ......ID 0,0-140,179} during second layout pass: posting in next frame
01-11 07:29:52.781 1974 1974 W View : requestLayout() improperly called by android.widget.FrameLayout{511b245 I.E...... ......ID 0,0-780,179 #2bc} during second layout pass: posting in next frame
01-11 07:29:52.781 1974 1974 W View : requestLayout() improperly called by com.android.systemui.statusbar.AlphaOptimizedImageView{4f552bc VFED..C.. ......ID 0,0-140,84} during second layout pass: posting in next frame
01-11 07:29:52.790 1974 1974 W View : requestLayout() improperly called by android.widget.FrameLayout{c40a8ea I.E...... ......ID 0,0-780,179 #2bc} during layout: running second layout pass
01-11 07:29:52.790 1974 1974 W View : requestLayout() improperly called by com.android.systemui.statusbar.AlphaOptimizedImageView{a2318d5 VFED..C.. ......ID 0,0-140,179} during layout: running second layout pass
01-11 07:29:52.790 1974 1974 W View : requestLayout() improperly called by android.widget.FrameLayout{511b245 I.E...... ......ID 0,0-780,179 #2bc} during layout: running second layout pass
01-11 07:29:52.790 1974 1974 W View : requestLayout() improperly called by com.android.systemui.statusbar.AlphaOptimizedImageView{4f552bc VFED..C.. ......ID 0,0-140,84} during layout: running second layout pass
01-11 07:29:52.791 1974 1974 W View : requestLayout() improperly called by android.widget.FrameLayout{c40a8ea I.E...... ......ID 0,0-780,179 #2bc} during second layout pass: posting in next frame
01-11 07:29:52.791 1974 1974 W View : requestLayout() improperly called by com.android.systemui.statusbar.AlphaOptimizedImageView{a2318d5 VFED..C.. ......ID 0,0-140,179} during second layout pass: posting in next frame
01-11 07:29:52.791 1974 1974 W View : requestLayout() improperly called by android.widget.FrameLayout{511b245 I.E...... ......ID 0,0-780,179 #2bc} during second layout pass: posting in next frame
01-11 07:29:52.791 1974 1974 W View : requestLayout() improperly called by com.android.systemui.statusbar.AlphaOptimizedImageView{4f552bc VFED..C.. ......ID 0,0-140,84} during second layout pass: posting in next frame
01-11 07:29:52.795 6577 6590 I GameMode_ActivityMonitoringService: onForegroundActivitiesChanged uid 1000 pid 19720 fg false
01-11 07:29:52.797 6577 6592 I GameMode_ActivityMonitoringService: Updating top task to: TaskInfoContainer [topActivity=ComponentInfo{com.android.settings.intelligence/com.android.settings.intelligence.search.SearchActivity}, taskId=157, stackId=157, userId=0, displayId=0, position=6
01-11 07:29:52.797 6577 6592 I GameMode_ActivityMonitoringService: Notifying about top task: TaskInfoContainer [topActivity=ComponentInfo{com.android.settings.intelligence/com.android.settings.intelligence.search.SearchActivity}, taskId=157, stackId=157, userId=0, displayId=0, position=6
01-11 07:29:52.797 6577 6592 I GameMode_ActivityMonitoringService: WindowMode: 1
01-11 07:29:52.797 6577 6592 E GameMode_ActivityMonitoringService: onActivityLaunch:com.android.settings.intelligence
01-11 07:29:52.797 6577 6592 V GameMode_GameTypeUtils: judge isGame:com.android.settings.intelligence
01-11 07:29:52.797 6577 6592 V GameMode_GpuUtils: fps:60
01-11 07:29:52.798 6577 6592 D GameMode_GameModeActionUtils: Show GameMode entry by service!
01-11 07:29:52.798 6577 6592 W ContextImpl: Calling a method in the system process without a qualified user: android.app.ContextImpl.startService:1816 android.content.ContextWrapper.startService:774 com.thundercomm.gamemode.ingame.services.GameModeActionUtils.startGameModeService:111 com.thundercomm.gamemode.ingame.services.GameModeActionUtils.startGameModeEntry:22 com.thundercomm.gamemode.ingame.services.ActivityMonitoringService$1.onActivityLaunch:129
01-11 07:29:52.799 6577 6592 D GameModeIF_GameModeSettings: getUriFor setting_content_uri_root = content://com.thundercomm.gamemode.api/gamemode_settings , name = gamemode_isgaming
01-11 07:29:52.799 6577 6577 D GameMode_GameModeService: type=hide_entry
01-11 07:29:52.800 1504 1504 I GameModeConfig: Current uri is uri = content://com.thundercomm.gamemode.api/gamemode_settings/gamemode_isgaming
01-11 07:29:52.800 1504 1504 D GameModeIF_GameModeSettings: getUriFor setting_content_uri_root = content://com.thundercomm.gamemode.api/gamemode_settings , name = gamemode_isgaming
01-11 07:29:52.800 6577 6577 D GameMode_GameSettingsObserver: Game Data change!!!! uri = content://com.thundercomm.gamemode.api/gamemode_settings/gamemode_isgaming
01-11 07:29:52.800 6577 6577 D GameModeIF_GameModeSettings: getUriFor setting_content_uri_root = content://com.thundercomm.gamemode.api/gamemode_settings , name = gamemode_isgaming
01-11 07:29:52.800 6577 6592 D GameModeIF_GameModeSettings: gamemode_isgaming set to 0
01-11 07:29:52.801 1504 1504 I GameModeConfig: isGameModeOn = true
01-11 07:29:52.801 1504 1504 I GameModeConfig: isGaming = false
01-11 07:29:52.801 1504 1504 I GameModeConfig: isGameModeOn = true
01-11 07:29:52.801 1504 1504 I GameModeConfig: isGaming = false
01-11 07:29:52.801 1504 1504 I GameModeConfig: isDisableVoice = true
01-11 07:29:52.801 999 1776 D AF::TrackHandle: OpPlayAudio: track:57 usage:13 not muted
01-11 07:29:52.801 999 1776 D AF::TrackHandle: OpPlayAudio: track:57 usage:13 not muted
01-11 07:29:52.801 6577 6577 D GameMode_GameModeService: updateGlobalSettings = gamemode_isgaming
01-11 07:29:52.801 999 1776 D AF::TrackHandle: OpPlayAudio: track:57 usage:13 not muted
01-11 07:29:52.801 999 1776 D AF::TrackHandle: OpPlayAudio: track:57 usage:13 not muted
01-11 07:29:52.801 999 1776 D AF::TrackHandle: OpPlayAudio: track:57 usage:13 not muted
01-11 07:29:52.802 999 1776 D AF::TrackHandle: OpPlayAudio: track:57 usage:13 not muted
01-11 07:29:52.802 999 1776 D AF::TrackHandle: OpPlayAudio: track:57 usage:13 not muted
01-11 07:29:52.802 999 1776 D AF::TrackHandle: OpPlayAudio: track:57 usage:13 not muted
01-11 07:29:52.802 999 1776 D AF::TrackHandle: OpPlayAudio: track:57 usage:13 not muted
01-11 07:29:52.802 999 1776 D AF::TrackHandle: OpPlayAudio: track:57 usage:13 not muted
01-11 07:29:52.802 999 1776 D AF::TrackHandle: OpPlayAudio: track:57 usage:13 not muted
01-11 07:29:52.802 999 1776 D AF::TrackHandle: OpPlayAudio: track:57 usage:13 not muted
01-11 07:29:52.802 999 1776 D AF::TrackHandle: OpPlayAudio: track:57 usage:13 not muted
01-11 07:29:52.802 999 1776 D AF::TrackHandle: OpPlayAudio: track:57 usage:13 not muted
01-11 07:29:52.802 999 1776 D AF::TrackHandle: OpPlayAudio: track:57 usage:13 not muted
01-11 07:29:52.802 999 1776 D AF::TrackHandle: OpPlayAudio: track:57 usage:13 not muted
01-11 07:29:52.807 1974 1974 W View : requestLayout() improperly called by android.widget.FrameLayout{c40a8ea I.E...... ......ID 0,0-780,179 #2bc} during layout: running second layout pass
01-11 07:29:52.807 1974 1974 W View : requestLayout() improperly called by com.android.systemui.statusbar.AlphaOptimizedImageView{a2318d5 VFED..C.. ......ID 0,0-140,179} during layout: running second layout pass
01-11 07:29:52.807 1974 1974 W View : requestLayout() improperly called by android.widget.FrameLayout{511b245 I.E...... ......ID 0,0-780,179 #2bc} during layout: running second layout pass
01-11 07:29:52.807 1974 1974 W View : requestLayout() improperly called by com.android.systemui.statusbar.AlphaOptimizedImageView{4f552bc VFED..C.. ......ID 0,0-140,84} during layout: running second layout pass
01-11 07:29:52.808 1974 1974 W View : requestLayout() improperly called by android.widget.FrameLayout{c40a8ea I.E...... ......ID 0,0-780,179 #2bc} during second layout pass: posting in next frame
01-11 07:29:52.808 1974 1974 W View : requestLayout() improperly called by com.android.systemui.statusbar.AlphaOptimizedImageView{a2318d5 VFED..C.. ......ID 0,0-140,179} during second layout pass: posting in next frame
01-11 07:29:52.808 1974 1974 W View : requestLayout() improperly called by android.widget.FrameLayout{511b245 I.E...... ......ID 0,0-780,179 #2bc} during second layout pass: posting in next frame
01-11 07:29:52.808 1974 1974 W View : requestLayout() improperly called by com.android.systemui.statusbar.AlphaOptimizedImageView{4f552bc VFED..C.. ......ID 0,0-140,84} during second layout pass: posting in next frame
01-11 07:29:52.824 1974 1974 W View : requestLayout() improperly called by android.widget.FrameLayout{c40a8ea I.E...... ......ID 0,0-780,179 #2bc} during layout: running second layout pass
01-11 07:29:52.824 1974 1974 W View : requestLayout() improperly called by com.android.systemui.statusbar.AlphaOptimizedImageView{a2318d5 VFED..C.. ......ID 0,0-140,179} during layout: running second layout pass
01-11 07:29:52.824 1974 1974 W View : requestLayout() improperly called by android.widget.FrameLayout{511b245 I.E...... ......ID 0,0-780,179 #2bc} during layout: running second layout pass
