01-11 07:12:40.369 1504 1606 I wm_activity_launch_time: [0,87995833,com.android.documentsui/.files.FilesActivity,86]
01-11 07:12:40.381 1504 1699 I input_focus: [Focus entering c29d2ae com.android.documentsui/com.android.documentsui.files.FilesActivity (server),reason=Window became focusable. Previous reason: NOT_VISIBLE]
01-11 07:12:40.898 1504 1609 I wm_stop_activity: [0,11415547,com.android.launcher3/.uioverrides.QuickstepLauncher]
01-11 07:12:40.917 2545 2545 I wm_on_stop_called: [11415547,com.android.launcher3.uioverrides.QuickstepLauncher,STOP_ACTIVITY_ITEM]
01-11 07:12:41.399 1504 1699 I input_interaction: Interaction with: c29d2ae com.android.documentsui/com.android.documentsui.files.FilesActivity (server), edge-swipe (server), swipe-up (server), PointerEventDispatcher0 (server),
01-11 07:12:41.468 1504 12485 I wm_task_moved: [152,1,9]
01-11 07:12:41.468 1504 12485 I wm_set_resumed_activity: [0,com.android.documentsui/.files.FilesActivity,positionChildAt]
01-11 07:12:41.468 1504 12485 I wm_create_activity: [0,175654987,152,com.android.gallery3d/.app.GalleryActivity,android.intent.action.VIEW,image/jpeg,content://com.android.externalstorage.documents/document/primary:t/tupian.jpg,536870915]
01-11 07:12:41.469 1504 12485 I wm_pause_activity: [0,87995833,com.android.documentsui/.files.FilesActivity,userLeaving=true,resumeTopActivityInnerLocked]
01-11 07:12:41.470 17168 17168 I wm_on_top_resumed_lost_called: [87995833,com.android.documentsui.files.FilesActivity,topStateChangedWhenResumed]
01-11 07:12:41.470 17168 17168 I wm_on_paused_called: [87995833,com.android.documentsui.files.FilesActivity,performPause]
01-11 07:12:41.471 1504 12470 I wm_add_to_stopping: [0,87995833,com.android.documentsui/.files.FilesActivity,makeInvisible]
01-11 07:12:41.471 1504 12470 I wm_restart_activity: [0,175654987,152,com.android.gallery3d/.app.GalleryActivity]
01-11 07:12:41.472 1504 12470 I wm_set_resumed_activity: [0,com.android.gallery3d/.app.GalleryActivity,minimalResumeActivityLocked]
01-11 07:12:41.475 1504 1609 I sysui_multi_action: [757,803,799,window_time_0,802,1]
01-11 07:12:41.484 17169 17169 I wm_on_create_called: [175654987,com.android.gallery3d.app.GalleryActivity,performCreate]
01-11 07:12:41.485 17169 17169 I wm_on_start_called: [175654987,com.android.gallery3d.app.GalleryActivity,handleStartActivity]
01-11 07:12:41.487 17169 17169 I wm_on_resume_called: [175654987,com.android.gallery3d.app.GalleryActivity,RESUME_ACTIVITY]
01-11 07:12:41.489 17169 17169 I wm_on_top_resumed_gained_called: [175654987,com.android.gallery3d.app.GalleryActivity,topStateChangedWhenResumed]
01-11 07:12:41.499 1504 1699 I input_focus: [Focus leaving c29d2ae com.android.documentsui/com.android.documentsui.files.FilesActivity (server),reason=NO_WINDOW]
01-11 07:12:41.502 1504 1610 I input_focus: [Focus request b5775c3 com.android.gallery3d/com.android.gallery3d.app.GalleryActivity,reason=UpdateInputWindows]
01-11 07:12:41.522 1504 1606 I sysui_multi_action: [319,55,322,55,325,11572,757,761,758,8,759,2,806,com.android.gallery3d,871,com.android.gallery3d.app.GalleryActivity,904,com.android.documentsui,905,0,1320,17,1321,1]
01-11 07:12:41.522 1504 1606 I wm_activity_launch_time: [0,175654987,com.android.gallery3d/.app.GalleryActivity,55]
01-11 07:12:41.534 1504 1699 I input_focus: [Focus entering b5775c3 com.android.gallery3d/com.android.gallery3d.app.GalleryActivity (server),reason=setFocusedWindow]
01-11 07:12:41.918 1504 1609 I wm_stop_activity: [0,87995833,com.android.documentsui/.files.FilesActivity]
01-11 07:12:41.941 17168 17168 I wm_on_stop_called: [87995833,com.android.documentsui.files.FilesActivity,STOP_ACTIVITY_ITEM]
01-11 07:12:42.575 0 0 I auditd : type=1400 audit(0.0:14301): avc: denied { kill } for comm="swapper/6" capability=5 scontext=u:r:kernel:s0 tcontext=u:r:kernel:s0 tclass=capability permissive=0
01-11 07:12:42.817 1504 1699 I input_interaction: Interaction with: b5775c3 com.android.gallery3d/com.android.gallery3d.app.GalleryActivity (server), edge-swipe (server), swipe-up (server), PointerEventDispatcher0 (server),
01-11 07:12:43.575 0 0 I auditd : type=1400 audit(0.0:14302): avc: denied { kill } for comm="swapper/6" capability=5 scontext=u:r:kernel:s0 tcontext=u:r:kernel:s0 tclass=capability permissive=0
01-11 07:12:44.575 0 0 I auditd : type=1400 audit(0.0:14303): avc: denied { kill } for comm="swapper/6" capability=5 scontext=u:r:kernel:s0 tcontext=u:r:kernel:s0 tclass=capability permissive=0
01-11 07:12:44.699 17169 17169 I view_enqueue_input_event: [Motion - Cancel,com.android.gallery3d/com.android.gallery3d.app.GalleryActivity]
01-11 07:12:44.704 1504 1699 I input_interaction: Interaction with: edge-swipe (server), swipe-up (server), PointerEventDispatcher0 (server),
01-11 07:12:44.782 1504 12485 I sysui_multi_action: [757,803,799,key_back_press,802,1]
01-11 07:12:44.785 1504 1699 I input_interaction: Interaction with: b5775c3 com.android.gallery3d/com.android.gallery3d.app.GalleryActivity (server), PointerEventDispatcher0 (server),
01-11 07:12:44.794 1504 12485 I wm_finish_activity: [0,175654987,152,com.android.gallery3d/.app.GalleryActivity,app-request]
01-11 07:12:44.808 1504 12485 I wm_pause_activity: [0,175654987,com.android.gallery3d/.app.GalleryActivity,userLeaving=false,finish]
01-11 07:12:44.814 17169 17169 I wm_on_top_resumed_lost_called: [175654987,com.android.gallery3d.app.GalleryActivity,topStateChangedWhenResumed]
01-11 07:12:44.825 17169 17169 I wm_on_paused_called: [175654987,com.android.gallery3d.app.GalleryActivity,performPause]
01-11 07:12:44.825 1504 12470 I wm_add_to_stopping: [0,175654987,com.android.gallery3d/.app.GalleryActivity,completeFinishing]
01-11 07:12:44.826 1504 12470 I wm_set_resumed_activity: [0,com.android.documentsui/.files.FilesActivity,resumeTopActivityInnerLocked]
01-11 07:12:44.828 1504 12470 I wm_resume_activity: [0,87995833,152,com.android.documentsui/.files.FilesActivity]
01-11 07:12:44.833 1504 1609 I sysui_multi_action: [757,803,799,window_time_0,802,4]
01-11 07:12:44.841 1504 1699 I input_focus: [Focus leaving b5775c3 com.android.gallery3d/com.android.gallery3d.app.GalleryActivity (server),reason=NO_WINDOW]
01-11 07:12:44.843 17168 17168 I wm_on_restart_called: [87995833,com.android.documentsui.files.FilesActivity,performRestartActivity]
01-11 07:12:44.845 17168 17168 I wm_on_start_called: [87995833,com.android.documentsui.files.FilesActivity,handleStartActivity]
01-11 07:12:44.848 17168 17168 I wm_on_resume_called: [87995833,com.android.documentsui.files.FilesActivity,RESUME_ACTIVITY]
01-11 07:12:44.849 17168 17168 I wm_on_top_resumed_gained_called: [87995833,com.android.documentsui.files.FilesActivity,topWhenResuming]
01-11 07:12:44.864 1504 1610 I input_focus: [Focus request c29d2ae com.android.documentsui/com.android.documentsui.files.FilesActivity,reason=UpdateInputWindows]
01-11 07:12:44.926 1504 1699 I input_focus: [Focus entering c29d2ae com.android.documentsui/com.android.documentsui.files.FilesActivity (server),reason=Window became focusable. Previous reason: NOT_VISIBLE]
01-11 07:12:45.310 1504 1609 I wm_destroy_activity: [0,175654987,152,com.android.gallery3d/.app.GalleryActivity,finish-imm:idle]
01-11 07:12:45.336 17169 17169 I wm_on_stop_called: [175654987,com.android.gallery3d.app.GalleryActivity,LIFECYCLER_STOP_ACTIVITY]
01-11 07:12:45.338 17169 17169 I wm_on_destroy_called: [175654987,com.android.gallery3d.app.GalleryActivity,performDestroy]
01-11 07:12:45.575 0 0 I auditd : type=1400 audit(0.0:14304): avc: denied { kill } for comm="swapper/6" capability=5 scontext=u:r:kernel:s0 tcontext=u:r:kernel:s0 tclass=capability permissive=0
01-11 07:12:46.575 0 0 I auditd : type=1400 audit(0.0:14305): avc: denied { kill } for comm="swapper/6" capability=5 scontext=u:r:kernel:s0 tcontext=u:r:kernel:s0 tclass=capability permissive=0
01-11 07:12:47.575 0 0 I auditd : type=1400 audit(0.0:14306): avc: denied { kill } for comm="swapper/6" capability=5 scontext=u:r:kernel:s0 tcontext=u:r:kernel:s0 tclass=capability permissive=0
01-11 07:12:48.575 0 0 I auditd : type=1400 audit(0.0:14307): avc: denied { kill } for comm="swapper/2" capability=5 scontext=u:r:kernel:s0 tcontext=u:r:kernel:s0 tclass=capability permissive=0
01-11 07:12:49.575 0 0 I auditd : type=1400 audit(0.0:14308): avc: denied { kill } for comm="swapper/2" capability=5 scontext=u:r:kernel:s0 tcontext=u:r:kernel:s0 tclass=capability permissive=0
01-11 07:12:50.575 0 0 I auditd : type=1400 audit(0.0:14309): avc: denied { kill } for comm="swapper/2" capability=5 scontext=u:r:kernel:s0 tcontext=u:r:kernel:s0 tclass=capability permissive=0
01-11 07:12:51.575 0 0 I auditd : type=1400 audit(0.0:14310): avc: denied { kill } for comm="swapper/2" capability=5 scontext=u:r:kernel:s0 tcontext=u:r:kernel:s0 tclass=capability permissive=0
01-11 07:12:52.575 0 0 I auditd : type=1400 audit(0.0:14311): avc: denied { kill } for comm="swapper/2" capability=5 scontext=u:r:kernel:s0 tcontext=u:r:kernel:s0 tclass=capability permissive=0
01-11 07:12:53.575 0 0 I auditd : type=1400 audit(0.0:14312): avc: denied { kill } for comm="swapper/2" capability=5 scontext=u:r:kernel:s0 tcontext=u:r:kernel:s0 tclass=capability permissive=0
01-11 07:12:54.575 0 0 I auditd : type=1400 audit(0.0:14313): avc: denied { kill } for comm="swapper/2" capability=5 scontext=u:r:kernel:s0 tcontext=u:r:kernel:s0 tclass=capability permissive=0
01-11 07:12:55.575 0 0 I auditd : type=1400 audit(0.0:14314): avc: denied { kill } for comm="swapper/2" capability=5 scontext=u:r:kernel:s0 tcontext=u:r:kernel:s0 tclass=capability permissive=0
01-11 07:12:57.575 0 0 I auditd : type=1400 audit(0.0:14315): avc: denied { kill } for comm="swapper/2" capability=5 scontext=u:r:kernel:s0 tcontext=u:r:kernel:s0 tclass=capability permissive=0
01-11 07:12:58.575 0 0 I auditd : type=1400 audit(0.0:14316): avc: denied { kill } for comm="swapper/2" capability=5 scontext=u:r:kernel:s0 tcontext=u:r:kernel:s0 tclass=capability permissive=0
01-11 07:12:59.575 0 0 I auditd : type=1400 audit(0.0:14317): avc: denied { kill } for comm="swapper/2" capability=5 scontext=u:r:kernel:s0 tcontext=u:r:kernel:s0 tclass=capability permissive=0
01-11 07:13:00.575 0 0 I auditd : type=1400 audit(0.0:14318): avc: denied { kill } for comm="swapper/2" capability=5 scontext=u:r:kernel:s0 tcontext=u:r:kernel:s0 tclass=capability permissive=0
01-11 07:13:01.575 0 0 I auditd : type=1400 audit(0.0:14319): avc: denied { kill } for comm="swapper/2" capability=5 scontext=u:r:kernel:s0 tcontext=u:r:kernel:s0 tclass=capability permissive=0
01-11 07:13:02.575 0 0 I auditd : type=1400 audit(0.0:14320): avc: denied { kill } for comm="swapper/2" capability=5 scontext=u:r:kernel:s0 tcontext=u:r:kernel:s0 tclass=capability permissive=0
01-11 07:13:03.575 0 0 I auditd : type=1400 audit(0.0:14321): avc: denied { kill } for comm="swapper/2" capability=5 scontext=u:r:kernel:s0 tcontext=u:r:kernel:s0 tclass=capability permissive=0
01-11 07:13:04.575 0 0 I auditd : type=1400 audit(0.0:14322): avc: denied { kill } for comm="swapper/2" capability=5 scontext=u:r:kernel:s0 tcontext=u:r:kernel:s0 tclass=capability permissive=0
01-11 07:13:05.575 0 0 I auditd : type=1400 audit(0.0:14323): avc: denied { kill } for comm="swapper/2" capability=5 scontext=u:r:kernel:s0 tcontext=u:r:kernel:s0 tclass=capability permissive=0
01-11 07:13:06.575 0 0 I auditd : type=1400 audit(0.0:14324): avc: denied { kill } for comm="swapper/2" capability=5 scontext=u:r:kernel:s0 tcontext=u:r:kernel:s0 tclass=capability permissive=0
01-11 07:13:07.575 0 0 I auditd : type=1400 audit(0.0:14325): avc: denied { kill } for comm="swapper/2" capability=5 scontext=u:r:kernel:s0 tcontext=u:r:kernel:s0 tclass=capability permissive=0
01-11 07:13:08.575 0 0 I auditd : type=1400 audit(0.0:14326): avc: denied { kill } for comm="swapper/2" capability=5 scontext=u:r:kernel:s0 tcontext=u:r:kernel:s0 tclass=capability permissive=0
01-11 07:13:09.575 0 0 I auditd : type=1400 audit(0.0:14327): avc: denied { kill } for comm="swapper/2" capability=5 scontext=u:r:kernel:s0 tcontext=u:r:kernel:s0 tclass=capability permissive=0
01-11 07:13:11.575 0 0 I auditd : type=1400 audit(0.0:14328): avc: denied { kill } for comm="swapper/2" capability=5 scontext=u:r:kernel:s0 tcontext=u:r:kernel:s0 tclass=capability permissive=0
01-11 07:13:12.575 0 0 I auditd : type=1400 audit(0.0:14329): avc: denied { kill } for comm="swapper/2" capability=5 scontext=u:r:kernel:s0 tcontext=u:r:kernel:s0 tclass=capability permissive=0
01-11 07:13:13.575 0 0 I auditd : type=1400 audit(0.0:14330): avc: denied { kill } for comm="swapper/2" capability=5 scontext=u:r:kernel:s0 tcontext=u:r:kernel:s0 tclass=capability permissive=0
01-11 07:13:14.575 0 0 I auditd : type=1400 audit(0.0:14331): avc: denied { kill } for comm="swapper/2" capability=5 scontext=u:r:kernel:s0 tcontext=u:r:kernel:s0 tclass=capability permissive=0
01-11 07:13:15.575 0 0 I auditd : type=1400 audit(0.0:14332): avc: denied { kill } for comm="swapper/2" capability=5 scontext=u:r:kernel:s0 tcontext=u:r:kernel:s0 tclass=capability permissive=0
01-11 07:13:16.575 0 0 I auditd : type=1400 audit(0.0:14333): avc: denied { kill } for comm="swapper/2" capability=5 scontext=u:r:kernel:s0 tcontext=u:r:kernel:s0 tclass=capability permissive=0
01-11 07:13:17.575 0 0 I auditd : type=1400 audit(0.0:14334): avc: denied { kill } for comm="swapper/2" capability=5 scontext=u:r:kernel:s0 tcontext=u:r:kernel:s0 tclass=capability permissive=0
01-11 07:13:18.575 0 0 I auditd : type=1400 audit(0.0:14335): avc: denied { kill } for comm="swapper/2" capability=5 scontext=u:r:kernel:s0 tcontext=u:r:kernel:s0 tclass=capability permissive=0
01-11 07:13:19.575 0 0 I auditd : type=1400 audit(0.0:14336): avc: denied { kill } for comm="swapper/2" capability=5 scontext=u:r:kernel:s0 tcontext=u:r:kernel:s0 tclass=capability permissive=0
01-11 07:13:20.575 0 0 I auditd : type=1400 audit(0.0:14337): avc: denied { kill } for comm="swapper/2" capability=5 scontext=u:r:kernel:s0 tcontext=u:r:kernel:s0 tclass=capability permissive=0
01-11 07:13:21.575 0 0 I auditd : type=1400 audit(0.0:14338): avc: denied { kill } for comm="swapper/2" capability=5 scontext=u:r:kernel:s0 tcontext=u:r:kernel:s0 tclass=capability permissive=0
01-11 07:13:22.575 0 0 I auditd : type=1400 audit(0.0:14339): avc: denied { kill } for comm="swapper/2" capability=5 scontext=u:r:kernel:s0 tcontext=u:r:kernel:s0 tclass=capability permissive=0
01-11 07:13:23.575 0 0 I auditd : type=1400 audit(0.0:14340): avc: denied { kill } for comm="swapper/2" capability=5 scontext=u:r:kernel:s0 tcontext=u:r:kernel:s0 tclass=capability permissive=0
01-11 07:13:24.575 0 0 I auditd : type=1400 audit(0.0:14341): avc: denied { kill } for comm="swapper/2" capability=5 scontext=u:r:kernel:s0 tcontext=u:r:kernel:s0 tclass=capability permissive=0
01-11 07:13:25.575 0 0 I auditd : type=1400 audit(0.0:14342): avc: denied { kill } for comm="swapper/2" capability=5 scontext=u:r:kernel:s0 tcontext=u:r:kernel:s0 tclass=capability permissive=0
01-11 07:13:27.575 0 0 I auditd : type=1400 audit(0.0:14343): avc: denied { kill } for comm="swapper/2" capability=5 scontext=u:r:kernel:s0 tcontext=u:r:kernel:s0 tclass=capability permissive=0
01-11 07:13:28.575 0 0 I auditd : type=1400 audit(0.0:14344): avc: denied { kill } for comm="swapper/2" capability=5 scontext=u:r:kernel:s0 tcontext=u:r:kernel:s0 tclass=capability permissive=0
01-11 07:13:29.522 1504 1617 I am_uid_idle: 10052
01-11 07:13:29.575 0 0 I auditd : type=1400 audit(0.0:14345): avc: denied { kill } for comm="swapper/2" capability=5 scontext=u:r:kernel:s0 tcontext=u:r:kernel:s0 tclass=capability permissive=0
01-11 07:13:30.575 0 0 I auditd : type=1400 audit(0.0:14346): avc: denied { kill } for comm="swapper/2" capability=5 scontext=u:r:kernel:s0 tcontext=u:r:kernel:s0 tclass=capability permissive=0
01-11 07:13:31.575 0 0 I auditd : type=1400 audit(0.0:14347): avc: denied { kill } for comm="swapper/2" capability=5 scontext=u:r:kernel:s0 tcontext=u:r:kernel:s0 tclass=capability permissive=0
01-11 07:13:32.575 0 0 I auditd : type=1400 audit(0.0:14348): avc: denied { kill } for comm="swapper/2" capability=5 scontext=u:r:kernel:s0 tcontext=u:r:kernel:s0 tclass=capability permissive=0
01-11 07:13:33.575 0 0 I auditd : type=1400 audit(0.0:14349): avc: denied { kill } for comm="swapper/2" capability=5 scontext=u:r:kernel:s0 tcontext=u:r:kernel:s0 tclass=capability permissive=0
01-11 07:13:35.575 0 0 I auditd : type=1400 audit(0.0:14350): avc: denied { kill } for comm="swapper/2" capability=5 scontext=u:r:kernel:s0 tcontext=u:r:kernel:s0 tclass=capability permissive=0
01-11 07:13:36.575 0 0 I auditd : type=1400 audit(0.0:14351): avc: denied { kill } for comm="swapper/2" capability=5 scontext=u:r:kernel:s0 tcontext=u:r:kernel:s0 tclass=capability permissive=0
01-11 07:13:37.575 0 0 I auditd : type=1400 audit(0.0:14352): avc: denied { kill } for comm="swapper/2" capability=5 scontext=u:r:kernel:s0 tcontext=u:r:kernel:s0 tclass=capability permissive=0
01-11 07:13:37.791 1504 1633 I sysui_multi_action: [757,1696,758,6,759,2]
01-11 07:13:37.807 1504 1617 I am_wtf : [0,1504,system_server,-1,DisplayDeviceConfig,requesting nits when no mapping exists.]
01-11 07:13:37.812 1504 1617 I am_wtf : [0,1504,system_server,-1,DisplayDeviceConfig,requesting nits when no mapping exists.]
01-11 07:13:37.823 1504 1617 I am_wtf : [0,1504,system_server,-1,DisplayDeviceConfig,requesting nits when no mapping exists.]
01-11 07:13:37.825 1504 1617 I am_wtf : [0,1504,system_server,-1,DisplayDeviceConfig,requesting nits when no mapping exists.]
01-11 07:13:37.839 1504 1617 I am_wtf : [0,1504,system_server,-1,DisplayDeviceConfig,requesting nits when no mapping exists.]
01-11 07:13:37.841 1504 1617 I am_wtf : [0,1504,system_server,-1,DisplayDeviceConfig,requesting nits when no mapping exists.]
01-11 07:13:37.856 1504 1617 I am_wtf : [0,1504,system_server,-1,DisplayDeviceConfig,requesting nits when no mapping exists.]
01-11 07:13:37.857 1504 1617 I am_wtf : [0,1504,system_server,-1,DisplayDeviceConfig,requesting nits when no mapping exists.]
01-11 07:13:37.874 1504 1617 I am_wtf : [0,1504,system_server,-1,DisplayDeviceConfig,requesting nits when no mapping exists.]
01-11 07:13:37.875 1504 1617 I am_wtf : [0,1504,system_server,-1,DisplayDeviceConfig,requesting nits when no mapping exists.]
01-11 07:13:37.889 1504 1617 I am_wtf : [0,1504,system_server,-1,DisplayDeviceConfig,requesting nits when no mapping exists.]
01-11 07:13:37.890 1504 1617 I am_wtf : [0,1504,system_server,-1,DisplayDeviceConfig,requesting nits when no mapping exists.]
01-11 07:13:37.906 1504 1617 I am_wtf : [0,1504,system_server,-1,DisplayDeviceConfig,requesting nits when no mapping exists.]
01-11 07:13:37.907 1504 1617 I am_wtf : [0,1504,system_server,-1,DisplayDeviceConfig,requesting nits when no mapping exists.]
01-11 07:13:37.924 1504 1617 I am_wtf : [0,1504,system_server,-1,DisplayDeviceConfig,requesting nits when no mapping exists.]
01-11 07:13:37.926 1504 1617 I am_wtf : [0,1504,system_server,-1,DisplayDeviceConfig,requesting nits when no mapping exists.]
01-11 07:13:37.940 1504 1617 I am_wtf : [0,1504,system_server,-1,DisplayDeviceConfig,requesting nits when no mapping exists.]
01-11 07:13:37.941 1504 1617 I am_wtf : [0,1504,system_server,-1,DisplayDeviceConfig,requesting nits when no mapping exists.]
01-11 07:13:37.957 1504 1617 I am_wtf : [0,1504,system_server,-1,DisplayDeviceConfig,requesting nits when no mapping exists.]
01-11 07:13:37.957 1504 1617 I am_wtf : [0,1504,system_server,-1,DisplayDeviceConfig,requesting nits when no mapping exists.]
01-11 07:13:37.974 1504 1617 I am_wtf : [0,1504,system_server,-1,DisplayDeviceConfig,requesting nits when no mapping exists.]
01-11 07:13:37.974 1504 1617 I am_wtf : [0,1504,system_server,-1,DisplayDeviceConfig,requesting nits when no mapping exists.]
01-11 07:13:37.990 1504 1617 I am_wtf : [0,1504,system_server,-1,DisplayDeviceConfig,requesting nits when no mapping exists.]
01-11 07:13:37.991 1504 1617 I am_wtf : [0,1504,system_server,-1,DisplayDeviceConfig,requesting nits when no mapping exists.]
01-11 07:13:38.007 1504 1617 I am_wtf : [0,1504,system_server,-1,DisplayDeviceConfig,requesting nits when no mapping exists.]
01-11 07:13:38.008 1504 1617 I am_wtf : [0,1504,system_server,-1,DisplayDeviceConfig,requesting nits when no mapping exists.]
01-11 07:13:38.024 1504 1617 I am_wtf : [0,1504,system_server,-1,DisplayDeviceConfig,requesting nits when no mapping exists.]
01-11 07:13:38.025 1504 1617 I am_wtf : [0,1504,system_server,-1,DisplayDeviceConfig,requesting nits when no mapping exists.]
01-11 07:13:38.040 1504 1617 I am_wtf : [0,1504,system_server,-1,DisplayDeviceConfig,requesting nits when no mapping exists.]
01-11 07:13:38.041 1504 1617 I am_wtf : [0,1504,system_server,-1,DisplayDeviceConfig,requesting nits when no mapping exists.]
01-11 07:13:38.058 1504 1617 I am_wtf : [0,1504,system_server,-1,DisplayDeviceConfig,requesting nits when no mapping exists.]
01-11 07:13:38.060 1504 1617 I am_wtf : [0,1504,system_server,-1,DisplayDeviceConfig,requesting nits when no mapping exists.]
01-11 07:13:38.074 1504 1617 I am_wtf : [0,1504,system_server,-1,DisplayDeviceConfig,requesting nits when no mapping exists.]
01-11 07:13:38.075 1504 1617 I am_wtf : [0,1504,system_server,-1,DisplayDeviceConfig,requesting nits when no mapping exists.]
01-11 07:13:38.090 1504 1617 I am_wtf : [0,1504,system_server,-1,DisplayDeviceConfig,requesting nits when no mapping exists.]
01-11 07:13:38.090 1504 1617 I am_wtf : [0,1504,system_server,-1,DisplayDeviceConfig,requesting nits when no mapping exists.]
01-11 07:13:38.107 1504 1617 I am_wtf : [0,1504,system_server,-1,DisplayDeviceConfig,requesting nits when no mapping exists.]
01-11 07:13:38.108 1504 1617 I am_wtf : [0,1504,system_server,-1,DisplayDeviceConfig,requesting nits when no mapping exists.]
01-11 07:13:38.124 1504 1617 I am_wtf : [0,1504,system_server,-1,DisplayDeviceConfig,requesting nits when no mapping exists.]
01-11 07:13:38.125 1504 1617 I am_wtf : [0,1504,system_server,-1,DisplayDeviceConfig,requesting nits when no mapping exists.]
01-11 07:13:38.141 1504 1617 I am_wtf : [0,1504,system_server,-1,DisplayDeviceConfig,requesting nits when no mapping exists.]
01-11 07:13:38.142 1504 1617 I am_wtf : [0,1504,system_server,-1,DisplayDeviceConfig,requesting nits when no mapping exists.]
01-11 07:13:38.158 1504 1617 I am_wtf : [0,1504,system_server,-1,DisplayDeviceConfig,requesting nits when no mapping exists.]
01-11 07:13:38.159 1504 1617 I am_wtf : [0,1504,system_server,-1,DisplayDeviceConfig,requesting nits when no mapping exists.]
01-11 07:13:38.173 1504 1617 I am_wtf : [0,1504,system_server,-1,DisplayDeviceConfig,requesting nits when no mapping exists.]
01-11 07:13:38.174 1504 1617 I am_wtf : [0,1504,system_server,-1,DisplayDeviceConfig,requesting nits when no mapping exists.]
01-11 07:13:38.190 1504 1617 I am_wtf : [0,1504,system_server,-1,DisplayDeviceConfig,requesting nits when no mapping exists.]
01-11 07:13:38.191 1504 1617 I am_wtf : [0,1504,system_server,-1,DisplayDeviceConfig,requesting nits when no mapping exists.]
01-11 07:13:38.207 1504 1617 I am_wtf : [0,1504,system_server,-1,DisplayDeviceConfig,requesting nits when no mapping exists.]
01-11 07:13:38.208 1504 1617 I am_wtf : [0,1504,system_server,-1,DisplayDeviceConfig,requesting nits when no mapping exists.]
01-11 07:13:38.224 1504 1617 I am_wtf : [0,1504,system_server,-1,DisplayDeviceConfig,requesting nits when no mapping exists.]
01-11 07:13:38.225 1504 1617 I am_wtf : [0,1504,system_server,-1,DisplayDeviceConfig,requesting nits when no mapping exists.]
01-11 07:13:38.241 1504 1617 I am_wtf : [0,1504,system_server,-1,DisplayDeviceConfig,requesting nits when no mapping exists.]
01-11 07:13:38.243 1504 1617 I am_wtf : [0,1504,system_server,-1,DisplayDeviceConfig,requesting nits when no mapping exists.]
01-11 07:13:38.245 1504 1617 I service_manager_stats: [100,50,71992]
01-11 07:13:38.257 1504 1617 I am_wtf : [0,1504,system_server,-1,DisplayDeviceConfig,requesting nits when no mapping exists.]
01-11 07:13:38.258 1504 1617 I am_wtf : [0,1504,system_server,-1,DisplayDeviceConfig,requesting nits when no mapping exists.]
01-11 07:13:38.273 1504 1617 I am_wtf : [0,1504,system_server,-1,DisplayDeviceConfig,requesting nits when no mapping exists.]
01-11 07:13:38.274 1504 1617 I am_wtf : [0,1504,system_server,-1,DisplayDeviceConfig,requesting nits when no mapping exists.]
01-11 07:13:38.291 1504 1617 I am_wtf : [0,1504,system_server,-1,DisplayDeviceConfig,requesting nits when no mapping exists.]
01-11 07:13:38.292 1504 1617 I am_wtf : [0,1504,system_server,-1,DisplayDeviceConfig,requesting nits when no mapping exists.]
01-11 07:13:38.307 1504 1617 I am_wtf : [0,1504,system_server,-1,DisplayDeviceConfig,requesting nits when no mapping exists.]
01-11 07:13:38.308 1504 1617 I am_wtf : [0,1504,system_server,-1,DisplayDeviceConfig,requesting nits when no mapping exists.]
01-11 07:13:38.325 1504 1617 I am_wtf : [0,1504,system_server,-1,DisplayDeviceConfig,requesting nits when no mapping exists.]
01-11 07:13:38.326 1504 1617 I am_wtf : [0,1504,system_server,-1,DisplayDeviceConfig,requesting nits when no mapping exists.]
01-11 07:13:38.341 1504 1617 I am_wtf : [0,1504,system_server,-1,DisplayDeviceConfig,requesting nits when no mapping exists.]
01-11 07:13:38.342 1504 1617 I am_wtf : [0,1504,system_server,-1,DisplayDeviceConfig,requesting nits when no mapping exists.]
01-11 07:13:38.358 1504 1617 I am_wtf : [0,1504,system_server,-1,DisplayDeviceConfig,requesting nits when no mapping exists.]
01-11 07:13:38.359 1504 1617 I am_wtf : [0,1504,system_server,-1,DisplayDeviceConfig,requesting nits when no mapping exists.]
01-11 07:13:38.374 1504 1617 I am_wtf : [0,1504,system_server,-1,DisplayDeviceConfig,requesting nits when no mapping exists.]
01-11 07:13:38.375 1504 1617 I am_wtf : [0,1504,system_server,-1,DisplayDeviceConfig,requesting nits when no mapping exists.]
01-11 07:13:38.390 1504 1617 I am_wtf : [0,1504,system_server,-1,DisplayDeviceConfig,requesting nits when no mapping exists.]
01-11 07:13:38.392 1504 1617 I am_wtf : [0,1504,system_server,-1,DisplayDeviceConfig,requesting nits when no mapping exists.]
01-11 07:13:38.408 1504 1617 I am_wtf : [0,1504,system_server,-1,DisplayDeviceConfig,requesting nits when no mapping exists.]
01-11 07:13:38.409 1504 1617 I am_wtf : [0,1504,system_server,-1,DisplayDeviceConfig,requesting nits when no mapping exists.]
01-11 07:13:38.425 1504 1617 I am_wtf : [0,1504,system_server,-1,DisplayDeviceConfig,requesting nits when no mapping exists.]
01-11 07:13:38.426 1504 1617 I am_wtf : [0,1504,system_server,-1,DisplayDeviceConfig,requesting nits when no mapping exists.]
01-11 07:13:38.441 1504 1617 I am_wtf : [0,1504,system_server,-1,DisplayDeviceConfig,requesting nits when no mapping exists.]
01-11 07:13:38.442 1504 1617 I am_wtf : [0,1504,system_server,-1,DisplayDeviceConfig,requesting nits when no mapping exists.]
01-11 07:13:38.458 1504 1617 I am_wtf : [0,1504,system_server,-1,DisplayDeviceConfig,requesting nits when no mapping exists.]
01-11 07:13:38.459 1504 1617 I am_wtf : [0,1504,system_server,-1,DisplayDeviceConfig,requesting nits when no mapping exists.]
01-11 07:13:38.474 1504 1617 I am_wtf : [0,1504,system_server,-1,DisplayDeviceConfig,requesting nits when no mapping exists.]
01-11 07:13:38.476 1504 1617 I am_wtf : [0,1504,system_server,-1,DisplayDeviceConfig,requesting nits when no mapping exists.]
01-11 07:13:38.491 1504 1617 I am_wtf : [0,1504,system_server,-1,DisplayDeviceConfig,requesting nits when no mapping exists.]
01-11 07:13:38.492 1504 1617 I am_wtf : [0,1504,system_server,-1,DisplayDeviceConfig,requesting nits when no mapping exists.]
01-11 07:13:38.508 1504 1617 I am_wtf : [0,1504,system_server,-1,DisplayDeviceConfig,requesting nits when no mapping exists.]
01-11 07:13:38.509 1504 1617 I am_wtf : [0,1504,system_server,-1,DisplayDeviceConfig,requesting nits when no mapping exists.]
01-11 07:13:38.524 1504 1617 I am_wtf : [0,1504,system_server,-1,DisplayDeviceConfig,requesting nits when no mapping exists.]
01-11 07:13:38.525 1504 1617 I am_wtf : [0,1504,system_server,-1,DisplayDeviceConfig,requesting nits when no mapping exists.]
01-11 07:13:38.541 1504 1617 I am_wtf : [0,1504,system_server,-1,DisplayDeviceConfig,requesting nits when no mapping exists.]
01-11 07:13:38.542 1504 1617 I am_wtf : [0,1504,system_server,-1,DisplayDeviceConfig,requesting nits when no mapping exists.]
01-11 07:13:38.558 1504 1617 I am_wtf : [0,1504,system_server,-1,DisplayDeviceConfig,requesting nits when no mapping exists.]
01-11 07:13:38.558 1504 1617 I am_wtf : [0,1504,system_server,-1,DisplayDeviceConfig,requesting nits when no mapping exists.]
01-11 07:13:38.575 1504 1617 I am_wtf : [0,1504,system_server,-1,DisplayDeviceConfig,requesting nits when no mapping exists.]
01-11 07:13:38.576 1504 1617 I am_wtf : [0,1504,system_server,-1,DisplayDeviceConfig,requesting nits when no mapping exists.]
01-11 07:13:38.575 0 0 I auditd : type=1400 audit(0.0:14353): avc: denied { kill } for comm="swapper/2" capability=5 scontext=u:r:kernel:s0 tcontext=u:r:kernel:s0 tclass=capability permissive=0
01-11 07:13:38.592 1504 1617 I am_wtf : [0,1504,system_server,-1,DisplayDeviceConfig,requesting nits when no mapping exists.]
01-11 07:13:38.593 1504 1617 I am_wtf : [0,1504,system_server,-1,DisplayDeviceConfig,requesting nits when no mapping exists.]
01-11 07:13:38.608 1504 1617 I am_wtf : [0,1504,system_server,-1,DisplayDeviceConfig,requesting nits when no mapping exists.]
01-11 07:13:38.610 1504 1617 I am_wtf : [0,1504,system_server,-1,DisplayDeviceConfig,requesting nits when no mapping exists.]
01-11 07:13:38.626 1504 1617 I am_wtf : [0,1504,system_server,-1,DisplayDeviceConfig,requesting nits when no mapping exists.]
01-11 07:13:38.627 1504 1617 I am_wtf : [0,1504,system_server,-1,DisplayDeviceConfig,requesting nits when no mapping exists.]
01-11 07:13:38.642 1504 1617 I am_wtf : [0,1504,system_server,-1,DisplayDeviceConfig,requesting nits when no mapping exists.]
01-11 07:13:38.643 1504 1617 I am_wtf : [0,1504,system_server,-1,DisplayDeviceConfig,requesting nits when no mapping exists.]
01-11 07:13:38.659 1504 1617 I am_wtf : [0,1504,system_server,-1,DisplayDeviceConfig,requesting nits when no mapping exists.]
01-11 07:13:38.661 1504 1617 I am_wtf : [0,1504,system_server,-1,DisplayDeviceConfig,requesting nits when no mapping exists.]
01-11 07:13:38.675 1504 1617 I am_wtf : [0,1504,system_server,-1,DisplayDeviceConfig,requesting nits when no mapping exists.]
01-11 07:13:38.676 1504 1617 I am_wtf : [0,1504,system_server,-1,DisplayDeviceConfig,requesting nits when no mapping exists.]
01-11 07:13:38.692 1504 1617 I am_wtf : [0,1504,system_server,-1,DisplayDeviceConfig,requesting nits when no mapping exists.]
01-11 07:13:38.693 1504 1617 I am_wtf : [0,1504,system_server,-1,DisplayDeviceConfig,requesting nits when no mapping exists.]
01-11 07:13:38.709 1504 1617 I am_wtf : [0,1504,system_server,-1,DisplayDeviceConfig,requesting nits when no mapping exists.]
01-11 07:13:38.711 1504 1617 I am_wtf : [0,1504,system_server,-1,DisplayDeviceConfig,requesting nits when no mapping exists.]
01-11 07:13:38.725 1504 1617 I am_wtf : [0,1504,system_server,-1,DisplayDeviceConfig,requesting nits when no mapping exists.]
01-11 07:13:38.726 1504 1617 I am_wtf : [0,1504,system_server,-1,DisplayDeviceConfig,requesting nits when no mapping exists.]
01-11 07:13:38.741 1504 1617 I am_wtf : [0,1504,system_server,-1,DisplayDeviceConfig,requesting nits when no mapping exists.]
01-11 07:13:38.743 1504 1617 I am_wtf : [0,1504,system_server,-1,DisplayDeviceConfig,requesting nits when no mapping exists.]
01-11 07:13:39.575 0 0 I auditd : type=1400 audit(0.0:14354): avc: denied { kill } for comm="swapper/2" capability=5 scontext=u:r:kernel:s0 tcontext=u:r:kernel:s0 tclass=capability permissive=0
01-11 07:13:40.575 0 0 I auditd : type=1400 audit(0.0:14355): avc: denied { kill } for comm="swapper/2" capability=5 scontext=u:r:kernel:s0 tcontext=u:r:kernel:s0 tclass=capability permissive=0
01-11 07:13:41.509 1504 1699 I input_interaction: Interaction with: c29d2ae com.android.documentsui/com.android.documentsui.files.FilesActivity (server), edge-swipe (server), swipe-up (server), PointerEventDispatcher0 (server),
01-11 07:13:41.513 1504 1633 I sysui_multi_action: [757,1696,758,6,759,3]
01-11 07:13:41.524 1504 1617 I am_wtf : [0,1504,system_server,-1,DisplayDeviceConfig,requesting nits when no mapping exists.]
01-11 07:13:41.525 1504 1617 I am_wtf : [0,1504,system_server,-1,DisplayDeviceConfig,requesting nits when no mapping exists.]
01-11 07:13:41.536 1504 2065 I wm_task_moved: [62,0,0]
01-11 07:13:41.537 1504 2065 I wm_task_moved: [62,0,8]
01-11 07:13:41.542 1504 1617 I am_wtf : [0,1504,system_server,-1,DisplayDeviceConfig,requesting nits when no mapping exists.]
01-11 07:13:41.544 1504 1617 I am_wtf : [0,1504,system_server,-1,DisplayDeviceConfig,requesting nits when no mapping exists.]
01-11 07:13:41.557 1504 1617 I am_wtf : [0,1504,system_server,-1,DisplayDeviceConfig,requesting nits when no mapping exists.]
01-11 07:13:41.559 1504 1617 I am_wtf : [0,1504,system_server,-1,DisplayDeviceConfig,requesting nits when no mapping exists.]
01-11 07:13:41.565 2545 2545 I wm_on_restart_called: [11415547,com.android.launcher3.uioverrides.QuickstepLauncher,performRestartActivity]
01-11 07:13:41.579 1504 1617 I am_wtf : [0,1504,system_server,-1,DisplayDeviceConfig,requesting nits when no mapping exists.]
01-11 07:13:41.579 1504 1617 I am_wtf : [0,1504,system_server,-1,DisplayDeviceConfig,requesting nits when no mapping exists.]
01-11 07:13:41.595 1504 1617 I am_wtf : [0,1504,system_server,-1,DisplayDeviceConfig,requesting nits when no mapping exists.]
01-11 07:13:41.596 1504 1617 I am_wtf : [0,1504,system_server,-1,DisplayDeviceConfig,requesting nits when no mapping exists.]
01-11 07:13:41.598 2545 2545 I wm_on_start_called: [11415547,com.android.launcher3.uioverrides.QuickstepLauncher,handleStartActivity]
01-11 07:13:41.599 17168 17168 I view_enqueue_input_event: [Motion - Cancel,com.android.documentsui/com.android.documentsui.files.FilesActivity]
01-11 07:13:41.600 1504 1610 I input_focus: [Focus request recents_animation_input_consumer,reason=UpdateInputWindows]
01-11 07:13:41.604 1504 1699 I input_interaction: Interaction with: edge-swipe (server), swipe-up (server), PointerEventDispatcher0 (server),
01-11 07:13:41.605 2545 2545 I sysui_latency: [1,97]
01-11 07:13:41.610 1504 1617 I am_wtf : [0,1504,system_server,-1,DisplayDeviceConfig,requesting nits when no mapping exists.]
01-11 07:13:41.611 1504 1617 I am_wtf : [0,1504,system_server,-1,DisplayDeviceConfig,requesting nits when no mapping exists.]
01-11 07:13:41.612 1504 1699 I input_focus: [Focus leaving c29d2ae com.android.documentsui/com.android.documentsui.files.FilesActivity (server),reason=NOT_FOCUSABLE]
01-11 07:13:41.612 1504 1699 I input_focus: [Focus entering recents_animation_input_consumer (server),reason=setFocusedWindow]
01-11 07:13:41.630 1504 1617 I am_wtf : [0,1504,system_server,-1,DisplayDeviceConfig,requesting nits when no mapping exists.]
01-11 07:13:41.631 1504 1617 I am_wtf : [0,1504,system_server,-1,DisplayDeviceConfig,requesting nits when no mapping exists.]
01-11 07:13:41.636 1504 1606 I sysui_multi_action: [319,11,322,87,325,11632,757,761,758,9,759,5,806,com.android.launcher3,871,com.android.launcher3.uioverrides.QuickstepLauncher,904,com.android.launcher3,905,0,1320,8,1321,5]
01-11 07:13:41.646 1504 1617 I am_wtf : [0,1504,system_server,-1,DisplayDeviceConfig,requesting nits when no mapping exists.]
01-11 07:13:41.650 1504 1617 I am_wtf : [0,1504,system_server,-1,DisplayDeviceConfig,requesting nits when no mapping exists.]
01-11 07:13:41.663 1504 1617 I am_wtf : [0,1504,system_server,-1,DisplayDeviceConfig,requesting nits when no mapping exists.]
01-11 07:13:41.664 1504 1617 I am_wtf : [0,1504,system_server,-1,DisplayDeviceConfig,requesting nits when no mapping exists.]
01-11 07:13:41.678 1504 1617 I am_wtf : [0,1504,system_server,-1,DisplayDeviceConfig,requesting nits when no mapping exists.]
01-11 07:13:41.678 1504 1617 I am_wtf : [0,1504,system_server,-1,DisplayDeviceConfig,requesting nits when no mapping exists.]
01-11 07:13:41.697 1504 1617 I am_wtf : [0,1504,system_server,-1,DisplayDeviceConfig,requesting nits when no mapping exists.]
01-11 07:13:41.698 1504 1617 I am_wtf : [0,1504,system_server,-1,DisplayDeviceConfig,requesting nits when no mapping exists.]
01-11 07:13:41.716 1504 1617 I am_wtf : [0,1504,system_server,-1,DisplayDeviceConfig,requesting nits when no mapping exists.]
01-11 07:13:41.716 1504 1617 I am_wtf : [0,1504,system_server,-1,DisplayDeviceConfig,requesting nits when no mapping exists.]
01-11 07:13:41.728 1504 1617 I am_wtf : [0,1504,system_server,-1,DisplayDeviceConfig,requesting nits when no mapping exists.]
01-11 07:13:41.729 1504 1617 I am_wtf : [0,1504,system_server,-1,DisplayDeviceConfig,requesting nits when no mapping exists.]
01-11 07:13:41.744 1504 1617 I am_wtf : [0,1504,system_server,-1,DisplayDeviceConfig,requesting nits when no mapping exists.]
01-11 07:13:41.745 1504 1617 I am_wtf : [0,1504,system_server,-1,DisplayDeviceConfig,requesting nits when no mapping exists.]
01-11 07:13:41.762 1504 1617 I am_wtf : [0,1504,system_server,-1,DisplayDeviceConfig,requesting nits when no mapping exists.]
01-11 07:13:41.763 1504 1617 I am_wtf : [0,1504,system_server,-1,DisplayDeviceConfig,requesting nits when no mapping exists.]
01-11 07:13:41.778 1504 1617 I am_wtf : [0,1504,system_server,-1,DisplayDeviceConfig,requesting nits when no mapping exists.]
01-11 07:13:41.779 1504 1617 I am_wtf : [0,1504,system_server,-1,DisplayDeviceConfig,requesting nits when no mapping exists.]
01-11 07:13:41.794 1504 1617 I am_wtf : [0,1504,system_server,-1,DisplayDeviceConfig,requesting nits when no mapping exists.]
01-11 07:13:41.796 1504 1617 I am_wtf : [0,1504,system_server,-1,DisplayDeviceConfig,requesting nits when no mapping exists.]
01-11 07:13:41.802 1504 1683 I commit_sys_config_file: [settings-1-0,5]
01-11 07:13:41.812 1504 1617 I am_wtf : [0,1504,system_server,-1,DisplayDeviceConfig,requesting nits when no mapping exists.]
01-11 07:13:41.813 1504 1617 I am_wtf : [0,1504,system_server,-1,DisplayDeviceConfig,requesting nits when no mapping exists.]
01-11 07:13:41.827 1504 1617 I am_wtf : [0,1504,system_server,-1,DisplayDeviceConfig,requesting nits when no mapping exists.]
01-11 07:13:41.829 1504 1617 I am_wtf : [0,1504,system_server,-1,DisplayDeviceConfig,requesting nits when no mapping exists.]
01-11 07:13:41.846 1504 1617 I am_wtf : [0,1504,system_server,-1,DisplayDeviceConfig,requesting nits when no mapping exists.]
01-11 07:13:41.848 1504 1617 I am_wtf : [0,1504,system_server,-1,DisplayDeviceConfig,requesting nits when no mapping exists.]
01-11 07:13:41.861 1504 1617 I am_wtf : [0,1504,system_server,-1,DisplayDeviceConfig,requesting nits when no mapping exists.]
01-11 07:13:41.864 1504 1617 I am_wtf : [0,1504,system_server,-1,DisplayDeviceConfig,requesting nits when no mapping exists.]
01-11 07:13:41.878 1504 1617 I am_wtf : [0,1504,system_server,-1,DisplayDeviceConfig,requesting nits when no mapping exists.]
01-11 07:13:41.884 1504 1617 I am_wtf : [0,1504,system_server,-1,DisplayDeviceConfig,requesting nits when no mapping exists.]
01-11 07:13:41.894 1504 1617 I am_wtf : [0,1504,system_server,-1,DisplayDeviceConfig,requesting nits when no mapping exists.]
01-11 07:13:41.895 1504 1617 I am_wtf : [0,1504,system_server,-1,DisplayDeviceConfig,requesting nits when no mapping exists.]
01-11 07:13:41.913 1504 1617 I am_wtf : [0,1504,system_server,-1,DisplayDeviceConfig,requesting nits when no mapping exists.]
01-11 07:13:41.913 1504 1617 I am_wtf : [0,1504,system_server,-1,DisplayDeviceConfig,requesting nits when no mapping exists.]
01-11 07:13:41.924 1504 1616 I sysui_latency: [8,104]
01-11 07:13:41.936 1504 1617 I am_wtf : [0,1504,system_server,-1,DisplayDeviceConfig,requesting nits when no mapping exists.]
01-11 07:13:41.936 1504 1617 I am_wtf : [0,1504,system_server,-1,DisplayDeviceConfig,requesting nits when no mapping exists.]
01-11 07:13:41.949 1504 1617 I am_wtf : [0,1504,system_server,-1,DisplayDeviceConfig,requesting nits when no mapping exists.]
01-11 07:13:41.951 1504 1617 I am_wtf : [0,1504,system_server,-1,DisplayDeviceConfig,requesting nits when no mapping exists.]
01-11 07:13:41.961 1504 1617 I am_wtf : [0,1504,system_server,-1,DisplayDeviceConfig,requesting nits when no mapping exists.]
01-11 07:13:41.962 1504 1617 I am_wtf : [0,1504,system_server,-1,DisplayDeviceConfig,requesting nits when no mapping exists.]
01-11 07:13:41.978 1504 1617 I am_wtf : [0,1504,system_server,-1,DisplayDeviceConfig,requesting nits when no mapping exists.]
01-11 07:13:41.979 1504 1617 I am_wtf : [0,1504,system_server,-1,DisplayDeviceConfig,requesting nits when no mapping exists.]
01-11 07:13:41.995 1504 1617 I am_wtf : [0,1504,system_server,-1,DisplayDeviceConfig,requesting nits when no mapping exists.]
01-11 07:13:41.996 1504 1617 I am_wtf : [0,1504,system_server,-1,DisplayDeviceConfig,requesting nits when no mapping exists.]
01-11 07:13:42.013 1504 1617 I am_wtf : [0,1504,system_server,-1,DisplayDeviceConfig,requesting nits when no mapping exists.]
01-11 07:13:42.013 1504 1617 I am_wtf : [0,1504,system_server,-1,DisplayDeviceConfig,requesting nits when no mapping exists.]
01-11 07:13:42.016 1504 1733 I netstats_mobile_sample: [0,0,0,0,0,0,0,0,0,0,0,0,1673392422016]
01-11 07:13:42.016 1504 1733 I netstats_wifi_sample: [580905411,666164,144182176,371564,580905411,666164,144182176,371564,659853840,851100,75664960,227109,1673392422016]
01-11 07:13:42.033 1504 1617 I am_wtf : [0,1504,system_server,-1,DisplayDeviceConfig,requesting nits when no mapping exists.]
01-11 07:13:42.034 1504 1617 I am_wtf : [0,1504,system_server,-1,DisplayDeviceConfig,requesting nits when no mapping exists.]
01-11 07:13:42.044 1504 1617 I am_wtf : [0,1504,system_server,-1,DisplayDeviceConfig,requesting nits when no mapping exists.]
01-11 07:13:42.045 1504 1617 I am_wtf : [0,1504,system_server,-1,DisplayDeviceConfig,requesting nits when no mapping exists.]
01-11 07:13:42.061 1504 1617 I am_wtf : [0,1504,system_server,-1,DisplayDeviceConfig,requesting nits when no mapping exists.]
01-11 07:13:42.063 1504 1617 I am_wtf : [0,1504,system_server,-1,DisplayDeviceConfig,requesting nits when no mapping exists.]
01-11 07:13:42.078 1504 1617 I am_wtf : [0,1504,system_server,-1,DisplayDeviceConfig,requesting nits when no mapping exists.]
01-11 07:13:42.080 1504 1617 I am_wtf : [0,1504,system_server,-1,DisplayDeviceConfig,requesting nits when no mapping exists.]
01-11 07:13:42.095 1504 1617 I am_wtf : [0,1504,system_server,-1,DisplayDeviceConfig,requesting nits when no mapping exists.]
01-11 07:13:42.097 1504 1617 I am_wtf : [0,1504,system_server,-1,DisplayDeviceConfig,requesting nits when no mapping exists.]
01-11 07:13:42.117 1504 1617 I am_wtf : [0,1504,system_server,-1,DisplayDeviceConfig,requesting nits when no mapping exists.]
01-11 07:13:42.118 1504 1617 I am_wtf : [0,1504,system_server,-1,DisplayDeviceConfig,requesting nits when no mapping exists.]
01-11 07:13:42.128 1504 1617 I am_wtf : [0,1504,system_server,-1,DisplayDeviceConfig,requesting nits when no mapping exists.]
01-11 07:13:42.129 1504 1617 I am_wtf : [0,1504,system_server,-1,DisplayDeviceConfig,requesting nits when no mapping exists.]
01-11 07:13:42.146 1504 1617 I am_wtf : [0,1504,system_server,-1,DisplayDeviceConfig,requesting nits when no mapping exists.]
01-11 07:13:42.147 1504 1617 I am_wtf : [0,1504,system_server,-1,DisplayDeviceConfig,requesting nits when no mapping exists.]
01-11 07:13:42.162 1504 1617 I am_wtf : [0,1504,system_server,-1,DisplayDeviceConfig,requesting nits when no mapping exists.]
01-11 07:13:42.163 1504 1617 I am_wtf : [0,1504,system_server,-1,DisplayDeviceConfig,requesting nits when no mapping exists.]
01-11 07:13:42.178 1504 1617 I am_wtf : [0,1504,system_server,-1,DisplayDeviceConfig,requesting nits when no mapping exists.]
01-11 07:13:42.180 1504 1617 I am_wtf : [0,1504,system_server,-1,DisplayDeviceConfig,requesting nits when no mapping exists.]
01-11 07:13:42.197 1504 1617 I am_wtf : [0,1504,system_server,-1,DisplayDeviceConfig,requesting nits when no mapping exists.]
01-11 07:13:42.200 1504 1617 I am_wtf : [0,1504,system_server,-1,DisplayDeviceConfig,requesting nits when no mapping exists.]
01-11 07:13:42.211 1504 1617 I am_wtf : [0,1504,system_server,-1,DisplayDeviceConfig,requesting nits when no mapping exists.]
01-11 07:13:42.213 1504 1617 I am_wtf : [0,1504,system_server,-1,DisplayDeviceConfig,requesting nits when no mapping exists.]
01-11 07:13:42.229 1504 1617 I am_wtf : [0,1504,system_server,-1,DisplayDeviceConfig,requesting nits when no mapping exists.]
01-11 07:13:42.234 1504 1617 I am_wtf : [0,1504,system_server,-1,DisplayDeviceConfig,requesting nits when no mapping exists.]
01-11 07:13:42.245 1504 1617 I am_wtf : [0,1504,system_server,-1,DisplayDeviceConfig,requesting nits when no mapping exists.]
01-11 07:13:42.246 1504 1617 I am_wtf : [0,1504,system_server,-1,DisplayDeviceConfig,requesting nits when no mapping exists.]
01-11 07:13:42.262 1504 1617 I am_wtf : [0,1504,system_server,-1,DisplayDeviceConfig,requesting nits when no mapping exists.]
01-11 07:13:42.264 1504 1617 I am_wtf : [0,1504,system_server,-1,DisplayDeviceConfig,requesting nits when no mapping exists.]
01-11 07:13:42.281 1504 1617 I am_wtf : [0,1504,system_server,-1,DisplayDeviceConfig,requesting nits when no mapping exists.]
01-11 07:13:42.283 1504 1617 I am_wtf : [0,1504,system_server,-1,DisplayDeviceConfig,requesting nits when no mapping exists.]
01-11 07:13:42.283 1504 2061 I wm_task_moved: [62,1,9]
01-11 07:13:42.284 1504 2061 I wm_task_moved: [63,1,2147483647]
01-11 07:13:42.284 1504 2061 I wm_task_to_front: [0,63]
01-11 07:13:42.284 1504 2061 I wm_focused_root_task: [0,0,62,152,RecentsAnimation.onAnimationFinished()]
01-11 07:13:42.284 1504 2061 I wm_set_resumed_activity: [0,com.android.launcher3/.uioverrides.QuickstepLauncher,RecentsAnimation.onAnimationFinished()]
01-11 07:13:42.285 1504 2061 I wm_pause_activity: [0,87995833,com.android.documentsui/.files.FilesActivity,userLeaving=true,pauseBackTasks]
01-11 07:13:42.285 17168 17168 I wm_on_top_resumed_lost_called: [87995833,com.android.documentsui.files.FilesActivity,topStateChangedWhenResumed]
01-11 07:13:42.286 1504 2061 I wm_add_to_stopping: [0,87995833,com.android.documentsui/.files.FilesActivity,makeInvisible]
01-11 07:13:42.287 1504 2061 I wm_set_resumed_activity: [0,com.android.launcher3/.uioverrides.QuickstepLauncher,resumeTopActivityInnerLocked]
01-11 07:13:42.291 1504 2061 I wm_resume_activity: [0,11415547,63,com.android.launcher3/.uioverrides.QuickstepLauncher]
01-11 07:13:42.292 2545 2545 I wm_on_resume_called: [11415547,com.android.launcher3.uioverrides.QuickstepLauncher,RESUME_ACTIVITY]
01-11 07:13:42.295 1504 1617 I am_wtf : [0,1504,system_server,-1,DisplayDeviceConfig,requesting nits when no mapping exists.]
01-11 07:13:42.295 1504 1617 I am_wtf : [0,1504,system_server,-1,DisplayDeviceConfig,requesting nits when no mapping exists.]
01-11 07:13:42.297 1504 1610 I input_focus: [Focus request c8c2ef0 com.android.launcher3/com.android.launcher3.uioverrides.QuickstepLauncher,reason=UpdateInputWindows]
01-11 07:13:42.298 2545 2545 I wm_on_top_resumed_gained_called: [11415547,com.android.launcher3.uioverrides.QuickstepLauncher,topStateChangedWhenResumed]
01-11 07:13:42.298 17168 17168 I wm_on_paused_called: [87995833,com.android.documentsui.files.FilesActivity,performPause]
01-11 07:13:42.301 1504 1609 I wm_stop_activity: [0,87995833,com.android.documentsui/.files.FilesActivity]
01-11 07:13:42.302 1504 1609 I sysui_multi_action: [757,803,799,window_time_0,802,57]
01-11 07:13:42.302 1504 1609 I sysui_multi_action: [757,803,799,window_time_0,802,0]
01-11 07:13:42.312 1504 1617 I am_wtf : [0,1504,system_server,-1,DisplayDeviceConfig,requesting nits when no mapping exists.]
01-11 07:13:42.313 1504 1617 I am_wtf : [0,1504,system_server,-1,DisplayDeviceConfig,requesting nits when no mapping exists.]
01-11 07:13:42.317 1504 1699 I input_focus: [Focus leaving recents_animation_input_consumer (server),reason=NOT_VISIBLE]
01-11 07:13:42.317 1504 1699 I input_focus: [Focus entering c8c2ef0 com.android.launcher3/com.android.launcher3.uioverrides.QuickstepLauncher (server),reason=setFocusedWindow]
01-11 07:13:42.329 1504 1617 I am_wtf : [0,1504,system_server,-1,DisplayDeviceConfig,requesting nits when no mapping exists.]
01-11 07:13:42.330 1504 1617 I am_wtf : [0,1504,system_server,-1,DisplayDeviceConfig,requesting nits when no mapping exists.]
01-11 07:13:42.341 17168 17168 I wm_on_stop_called: [87995833,com.android.documentsui.files.FilesActivity,STOP_ACTIVITY_ITEM]
01-11 07:13:42.343 1504 1617 I am_wtf : [0,1504,system_server,-1,DisplayDeviceConfig,requesting nits when no mapping exists.]
01-11 07:13:42.344 1504 1617 I am_wtf : [0,1504,system_server,-1,DisplayDeviceConfig,requesting nits when no mapping exists.]
01-11 07:13:42.360 1504 1617 I am_wtf : [0,1504,system_server,-1,DisplayDeviceConfig,requesting nits when no mapping exists.]
01-11 07:13:42.363 1504 1617 I am_wtf : [0,1504,system_server,-1,DisplayDeviceConfig,requesting nits when no mapping exists.]
01-11 07:13:42.376 1504 1617 I am_wtf : [0,1504,system_server,-1,DisplayDeviceConfig,requesting nits when no mapping exists.]
01-11 07:13:42.377 1504 1617 I am_wtf : [0,1504,system_server,-1,DisplayDeviceConfig,requesting nits when no mapping exists.]
01-11 07:13:42.394 1504 1617 I am_wtf : [0,1504,system_server,-1,DisplayDeviceConfig,requesting nits when no mapping exists.]
01-11 07:13:42.394 1504 1617 I am_wtf : [0,1504,system_server,-1,DisplayDeviceConfig,requesting nits when no mapping exists.]
