01-11 07:11:43.173 17168 17168 I wm_on_start_called: [87995833,com.android.documentsui.files.FilesActivity,handleStartActivity]
01-11 07:11:43.174 17168 17168 I wm_on_resume_called: [87995833,com.android.documentsui.files.FilesActivity,RESUME_ACTIVITY]
01-11 07:11:43.177 17168 17168 I wm_on_top_resumed_gained_called: [87995833,com.android.documentsui.files.FilesActivity,topWhenResuming]
01-11 07:11:43.216 1504 1610 I input_focus: [Focus request c29d2ae com.android.documentsui/com.android.documentsui.files.FilesActivity,reason=UpdateInputWindows]
01-11 07:11:43.260 1504 1699 I input_focus: [Focus entering c29d2ae com.android.documentsui/com.android.documentsui.files.FilesActivity (server),reason=Window became focusable. Previous reason: NOT_VISIBLE]
01-11 07:11:43.650 1504 1609 I wm_destroy_activity: [0,242461390,152,com.android.gallery3d/.app.GalleryActivity,finish-imm:idle]
01-11 07:11:43.673 17169 17169 I wm_on_stop_called: [242461390,com.android.gallery3d.app.GalleryActivity,LIFECYCLER_STOP_ACTIVITY]
01-11 07:11:43.675 17169 17169 I wm_on_destroy_called: [242461390,com.android.gallery3d.app.GalleryActivity,performDestroy]
01-11 07:11:44.582 1504 1699 I input_interaction: Interaction with: c29d2ae com.android.documentsui/com.android.documentsui.files.FilesActivity (server), edge-swipe (server), swipe-up (server), PointerEventDispatcher0 (server),
01-11 07:11:45.575 0 0 I auditd : type=1400 audit(0.0:14163): avc: denied { kill } for comm="swapper/3" capability=5 scontext=u:r:kernel:s0 tcontext=u:r:kernel:s0 tclass=capability permissive=0
01-11 07:11:46.463 1504 4663 I wm_task_moved: [152,1,9]
01-11 07:11:46.463 1504 4663 I wm_set_resumed_activity: [0,com.android.documentsui/.files.FilesActivity,positionChildAt]
01-11 07:11:46.463 1504 4663 I wm_create_activity: [0,213374350,152,com.android.gallery3d/.app.GalleryActivity,android.intent.action.VIEW,image/jpeg,content://com.android.externalstorage.documents/document/primary:t/DSC_0001.JPG,536870915]
01-11 07:11:46.464 1504 4663 I wm_pause_activity: [0,87995833,com.android.documentsui/.files.FilesActivity,userLeaving=true,resumeTopActivityInnerLocked]
01-11 07:11:46.467 17168 17168 I wm_on_top_resumed_lost_called: [87995833,com.android.documentsui.files.FilesActivity,topStateChangedWhenResumed]
01-11 07:11:46.468 17168 17168 I wm_on_paused_called: [87995833,com.android.documentsui.files.FilesActivity,performPause]
01-11 07:11:46.468 1504 4545 I wm_add_to_stopping: [0,87995833,com.android.documentsui/.files.FilesActivity,makeInvisible]
01-11 07:11:46.469 1504 4545 I wm_restart_activity: [0,213374350,152,com.android.gallery3d/.app.GalleryActivity]
01-11 07:11:46.470 1504 4545 I wm_set_resumed_activity: [0,com.android.gallery3d/.app.GalleryActivity,minimalResumeActivityLocked]
01-11 07:11:46.472 1504 1609 I sysui_multi_action: [757,803,799,window_time_0,802,3]
01-11 07:11:46.480 17169 17169 I wm_on_create_called: [213374350,com.android.gallery3d.app.GalleryActivity,performCreate]
01-11 07:11:46.480 17169 17169 I wm_on_start_called: [213374350,com.android.gallery3d.app.GalleryActivity,handleStartActivity]
01-11 07:11:46.482 17169 17169 I wm_on_resume_called: [213374350,com.android.gallery3d.app.GalleryActivity,RESUME_ACTIVITY]
01-11 07:11:46.484 17169 17169 I wm_on_top_resumed_gained_called: [213374350,com.android.gallery3d.app.GalleryActivity,topStateChangedWhenResumed]
01-11 07:11:46.501 1504 1699 I input_focus: [Focus leaving c29d2ae com.android.documentsui/com.android.documentsui.files.FilesActivity (server),reason=NO_WINDOW]
01-11 07:11:46.502 1504 1610 I input_focus: [Focus request 16d0866 com.android.gallery3d/com.android.gallery3d.app.GalleryActivity,reason=UpdateInputWindows]
01-11 07:11:46.523 1504 1606 I sysui_multi_action: [319,66,322,66,325,11517,757,761,758,8,759,2,806,com.android.gallery3d,871,com.android.gallery3d.app.GalleryActivity,904,com.android.documentsui,905,0,1320,17,1321,1]
01-11 07:11:46.523 1504 1606 I wm_activity_launch_time: [0,213374350,com.android.gallery3d/.app.GalleryActivity,66]
01-11 07:11:46.539 1504 1699 I input_focus: [Focus entering 16d0866 com.android.gallery3d/com.android.gallery3d.app.GalleryActivity (server),reason=setFocusedWindow]
01-11 07:11:46.920 1504 1609 I wm_stop_activity: [0,87995833,com.android.documentsui/.files.FilesActivity]
01-11 07:11:46.953 17168 17168 I wm_on_stop_called: [87995833,com.android.documentsui.files.FilesActivity,STOP_ACTIVITY_ITEM]
01-11 07:11:47.346 1504 1699 I input_interaction: Interaction with: 16d0866 com.android.gallery3d/com.android.gallery3d.app.GalleryActivity (server), edge-swipe (server), swipe-up (server), PointerEventDispatcher0 (server),
01-11 07:11:49.575 0 0 I auditd : type=1400 audit(0.0:14164): avc: denied { kill } for comm="swapper/3" capability=5 scontext=u:r:kernel:s0 tcontext=u:r:kernel:s0 tclass=capability permissive=0
01-11 07:11:50.575 0 0 I auditd : type=1400 audit(0.0:14165): avc: denied { kill } for comm="swapper/3" capability=5 scontext=u:r:kernel:s0 tcontext=u:r:kernel:s0 tclass=capability permissive=0
01-11 07:11:51.575 0 0 I auditd : type=1400 audit(0.0:14166): avc: denied { kill } for comm="swapper/3" capability=5 scontext=u:r:kernel:s0 tcontext=u:r:kernel:s0 tclass=capability permissive=0
01-11 07:11:52.575 0 0 I auditd : type=1400 audit(0.0:14167): avc: denied { kill } for comm="swapper/3" capability=5 scontext=u:r:kernel:s0 tcontext=u:r:kernel:s0 tclass=capability permissive=0
01-11 07:11:53.575 0 0 I auditd : type=1400 audit(0.0:14168): avc: denied { kill } for comm="swapper/3" capability=5 scontext=u:r:kernel:s0 tcontext=u:r:kernel:s0 tclass=capability permissive=0
01-11 07:11:54.064 17169 17169 I view_enqueue_input_event: [Motion - Cancel,com.android.gallery3d/com.android.gallery3d.app.GalleryActivity]
01-11 07:11:54.072 1504 1699 I input_interaction: Interaction with: edge-swipe (server), swipe-up (server), PointerEventDispatcher0 (server),
01-11 07:11:54.186 1504 2065 I sysui_multi_action: [757,803,799,key_back_press,802,1]
01-11 07:11:54.197 1504 1699 I input_interaction: Interaction with: 16d0866 com.android.gallery3d/com.android.gallery3d.app.GalleryActivity (server), PointerEventDispatcher0 (server),
01-11 07:11:54.202 1504 2065 I wm_finish_activity: [0,213374350,152,com.android.gallery3d/.app.GalleryActivity,app-request]
01-11 07:11:54.221 1504 2065 I wm_pause_activity: [0,213374350,com.android.gallery3d/.app.GalleryActivity,userLeaving=false,finish]
01-11 07:11:54.227 17169 17169 I wm_on_top_resumed_lost_called: [213374350,com.android.gallery3d.app.GalleryActivity,topStateChangedWhenResumed]
01-11 07:11:54.246 17169 17169 I wm_on_paused_called: [213374350,com.android.gallery3d.app.GalleryActivity,performPause]
01-11 07:11:54.247 1504 2065 I wm_add_to_stopping: [0,213374350,com.android.gallery3d/.app.GalleryActivity,completeFinishing]
01-11 07:11:54.248 1504 2065 I wm_set_resumed_activity: [0,com.android.documentsui/.files.FilesActivity,resumeTopActivityInnerLocked]
01-11 07:11:54.249 1504 2065 I wm_resume_activity: [0,87995833,152,com.android.documentsui/.files.FilesActivity]
01-11 07:11:54.252 1504 1609 I sysui_multi_action: [757,803,799,window_time_0,802,8]
01-11 07:11:54.253 1504 1699 I input_focus: [Focus leaving 16d0866 com.android.gallery3d/com.android.gallery3d.app.GalleryActivity (server),reason=NO_WINDOW]
01-11 07:11:54.262 17168 17168 I wm_on_restart_called: [87995833,com.android.documentsui.files.FilesActivity,performRestartActivity]
01-11 07:11:54.265 17168 17168 I wm_on_start_called: [87995833,com.android.documentsui.files.FilesActivity,handleStartActivity]
01-11 07:11:54.267 17168 17168 I wm_on_resume_called: [87995833,com.android.documentsui.files.FilesActivity,RESUME_ACTIVITY]
01-11 07:11:54.269 17168 17168 I wm_on_top_resumed_gained_called: [87995833,com.android.documentsui.files.FilesActivity,topWhenResuming]
01-11 07:11:54.274 1504 1610 I input_focus: [Focus request c29d2ae com.android.documentsui/com.android.documentsui.files.FilesActivity,reason=UpdateInputWindows]
01-11 07:11:54.338 1504 1699 I input_focus: [Focus entering c29d2ae com.android.documentsui/com.android.documentsui.files.FilesActivity (server),reason=Window became focusable. Previous reason: NOT_VISIBLE]
01-11 07:11:54.417 1504 1616 I am_pss : [18086,10018,android.process.media,11890688,9842688,0,101048320,0,19,5]
01-11 07:11:54.722 1504 1609 I wm_destroy_activity: [0,213374350,152,com.android.gallery3d/.app.GalleryActivity,finish-imm:idle]
01-11 07:11:54.750 17169 17169 I wm_on_stop_called: [213374350,com.android.gallery3d.app.GalleryActivity,LIFECYCLER_STOP_ACTIVITY]
01-11 07:11:54.756 17169 17169 I wm_on_destroy_called: [213374350,com.android.gallery3d.app.GalleryActivity,performDestroy]
01-11 07:11:55.581 1504 1699 I input_interaction: Interaction with: c29d2ae com.android.documentsui/com.android.documentsui.files.FilesActivity (server), edge-swipe (server), swipe-up (server), PointerEventDispatcher0 (server),
01-11 07:11:55.755 1504 1610 I input_focus: [Focus request da0aa68 PopupWindow:38a4d87,reason=UpdateInputWindows]
01-11 07:11:55.776 1504 1699 I input_focus: [Focus leaving c29d2ae com.android.documentsui/com.android.documentsui.files.FilesActivity (server),reason=Waiting for window because NOT_VISIBLE]
01-11 07:11:55.793 1504 1699 I input_focus: [Focus entering da0aa68 PopupWindow:38a4d87 (server),reason=Window became focusable. Previous reason: NOT_VISIBLE]
01-11 07:11:56.575 0 0 I auditd : type=1400 audit(0.0:14169): avc: denied { kill } for comm="swapper/3" capability=5 scontext=u:r:kernel:s0 tcontext=u:r:kernel:s0 tclass=capability permissive=0
01-11 07:11:57.575 0 0 I auditd : type=1400 audit(0.0:14170): avc: denied { kill } for comm="swapper/3" capability=5 scontext=u:r:kernel:s0 tcontext=u:r:kernel:s0 tclass=capability permissive=0
01-11 07:11:58.159 1504 1733 I netstats_mobile_sample: [0,0,0,0,0,0,0,0,0,0,0,0,1673392318159]
01-11 07:11:58.160 1504 1733 I netstats_wifi_sample: [580213216,664765,142879025,368880,580213216,664765,142879025,368880,658293693,849058,75005706,225719,1673392318159]
01-11 07:11:58.575 0 0 I auditd : type=1400 audit(0.0:14171): avc: denied { kill } for comm="swapper/3" capability=5 scontext=u:r:kernel:s0 tcontext=u:r:kernel:s0 tclass=capability permissive=0
01-11 07:11:59.575 0 0 I auditd : type=1400 audit(0.0:14172): avc: denied { kill } for comm="swapper/3" capability=5 scontext=u:r:kernel:s0 tcontext=u:r:kernel:s0 tclass=capability permissive=0
01-11 07:11:59.701 1504 1699 I input_interaction: Interaction with: da0aa68 PopupWindow:38a4d87 (server), edge-swipe (server), swipe-up (server), PointerEventDispatcher0 (server),
01-11 07:11:59.725 1504 1610 I input_focus: [Focus request c29d2ae com.android.documentsui/com.android.documentsui.files.FilesActivity,reason=UpdateInputWindows]
01-11 07:11:59.758 1504 1699 I input_focus: [Focus leaving da0aa68 PopupWindow:38a4d87 (server),reason=NOT_FOCUSABLE]
01-11 07:11:59.758 1504 1699 I input_focus: [Focus entering c29d2ae com.android.documentsui/com.android.documentsui.files.FilesActivity (server),reason=setFocusedWindow]
01-11 07:12:00.673 1504 1699 I input_interaction: Interaction with: edge-swipe (server), swipe-up (server), PointerEventDispatcher0 (server),
01-11 07:12:01.145 1504 1699 I input_interaction: Interaction with: c29d2ae com.android.documentsui/com.android.documentsui.files.FilesActivity (server), edge-swipe (server), swipe-up (server), PointerEventDispatcher0 (server),
01-11 07:12:01.575 0 0 I auditd : type=1400 audit(0.0:14173): avc: denied { kill } for comm="swapper/3" capability=5 scontext=u:r:kernel:s0 tcontext=u:r:kernel:s0 tclass=capability permissive=0
01-11 07:12:02.575 0 0 I auditd : type=1400 audit(0.0:14174): avc: denied { kill } for comm="swapper/3" capability=5 scontext=u:r:kernel:s0 tcontext=u:r:kernel:s0 tclass=capability permissive=0
01-11 07:12:03.575 0 0 I auditd : type=1400 audit(0.0:14175): avc: denied { kill } for comm="swapper/3" capability=5 scontext=u:r:kernel:s0 tcontext=u:r:kernel:s0 tclass=capability permissive=0
01-11 07:12:03.651 1504 1610 I input_focus: [Focus request 836ed62 PopupWindow:92cd7b1,reason=UpdateInputWindows]
01-11 07:12:03.678 1504 1699 I input_focus: [Focus leaving c29d2ae com.android.documentsui/com.android.documentsui.files.FilesActivity (server),reason=Waiting for window because NOT_VISIBLE]
01-11 07:12:03.695 1504 1699 I input_focus: [Focus entering 836ed62 PopupWindow:92cd7b1 (server),reason=Window became focusable. Previous reason: NOT_VISIBLE]
01-11 07:12:04.575 0 0 I auditd : type=1400 audit(0.0:14176): avc: denied { kill } for comm="swapper/3" capability=5 scontext=u:r:kernel:s0 tcontext=u:r:kernel:s0 tclass=capability permissive=0
01-11 07:12:05.575 0 0 I auditd : type=1400 audit(0.0:14177): avc: denied { kill } for comm="swapper/3" capability=5 scontext=u:r:kernel:s0 tcontext=u:r:kernel:s0 tclass=capability permissive=0
01-11 07:12:06.575 0 0 I auditd : type=1400 audit(0.0:14178): avc: denied { kill } for comm="swapper/3" capability=5 scontext=u:r:kernel:s0 tcontext=u:r:kernel:s0 tclass=capability permissive=0
01-11 07:12:07.510 1504 1699 I input_interaction: Interaction with: 836ed62 PopupWindow:92cd7b1 (server), edge-swipe (server), swipe-up (server), PointerEventDispatcher0 (server),
01-11 07:12:07.575 0 0 I auditd : type=1400 audit(0.0:14179): avc: denied { kill } for comm="swapper/3" capability=5 scontext=u:r:kernel:s0 tcontext=u:r:kernel:s0 tclass=capability permissive=0
01-11 07:12:07.711 1504 2065 I wm_task_moved: [152,1,9]
01-11 07:12:07.711 1504 2065 I wm_set_resumed_activity: [0,com.android.documentsui/.files.FilesActivity,positionChildAt]
01-11 07:12:07.711 1504 2065 I wm_create_activity: [0,9750202,152,com.android.documentsui/.inspector.InspectorActivity,NULL,NULL,content://com.android.externalstorage.documents/document/primary:t/DSC_0001.JPG,0]
01-11 07:12:07.712 1504 2065 I wm_pause_activity: [0,87995833,com.android.documentsui/.files.FilesActivity,userLeaving=true,resumeTopActivityInnerLocked]
01-11 07:12:07.716 1504 1610 I input_focus: [Focus request c29d2ae com.android.documentsui/com.android.documentsui.files.FilesActivity,reason=UpdateInputWindows]
01-11 07:12:07.736 17168 17168 I wm_on_top_resumed_lost_called: [87995833,com.android.documentsui.files.FilesActivity,topStateChangedWhenResumed]
01-11 07:12:07.736 17168 17168 I wm_on_paused_called: [87995833,com.android.documentsui.files.FilesActivity,performPause]
01-11 07:12:07.737 1504 4545 I wm_add_to_stopping: [0,87995833,com.android.documentsui/.files.FilesActivity,makeInvisible]
01-11 07:12:07.738 1504 4545 I wm_restart_activity: [0,9750202,152,com.android.documentsui/.inspector.InspectorActivity]
01-11 07:12:07.739 1504 4545 I wm_set_resumed_activity: [0,com.android.documentsui/.inspector.InspectorActivity,minimalResumeActivityLocked]
01-11 07:12:07.740 1504 1699 I input_focus: [Focus leaving 836ed62 PopupWindow:92cd7b1 (server),reason=NOT_FOCUSABLE]
01-11 07:12:07.740 1504 1699 I input_focus: [Focus entering c29d2ae com.android.documentsui/com.android.documentsui.files.FilesActivity (server),reason=setFocusedWindow]
01-11 07:12:07.740 1504 1609 I sysui_multi_action: [757,803,799,window_time_0,802,13]
01-11 07:12:07.756 17168 17168 I wm_on_create_called: [9750202,com.android.documentsui.inspector.InspectorActivity,performCreate]
01-11 07:12:07.756 17168 17168 I wm_on_start_called: [9750202,com.android.documentsui.inspector.InspectorActivity,handleStartActivity]
01-11 07:12:07.757 17168 17168 I wm_on_resume_called: [9750202,com.android.documentsui.inspector.InspectorActivity,RESUME_ACTIVITY]
01-11 07:12:07.759 17168 17168 I wm_on_top_resumed_gained_called: [9750202,com.android.documentsui.inspector.InspectorActivity,topStateChangedWhenResumed]
01-11 07:12:07.768 1504 1699 I input_focus: [Focus leaving c29d2ae com.android.documentsui/com.android.documentsui.files.FilesActivity (server),reason=NO_WINDOW]
01-11 07:12:07.772 1504 1610 I input_focus: [Focus request 85929d com.android.documentsui/com.android.documentsui.inspector.InspectorActivity,reason=UpdateInputWindows]
01-11 07:12:07.792 1504 1606 I wm_activity_launch_time: [0,9750202,com.android.documentsui/.inspector.InspectorActivity,86]
01-11 07:12:07.803 1504 1699 I input_focus: [Focus entering 85929d com.android.documentsui/com.android.documentsui.inspector.InspectorActivity (server),reason=setFocusedWindow]
01-11 07:12:08.194 1504 1609 I wm_stop_activity: [0,87995833,com.android.documentsui/.files.FilesActivity]
01-11 07:12:08.211 17168 17168 I wm_on_stop_called: [87995833,com.android.documentsui.files.FilesActivity,STOP_ACTIVITY_ITEM]
01-11 07:12:08.575 0 0 I auditd : type=1400 audit(0.0:14180): avc: denied { kill } for comm="swapper/3" capability=5 scontext=u:r:kernel:s0 tcontext=u:r:kernel:s0 tclass=capability permissive=0
01-11 07:12:08.938 1504 1699 I input_interaction: Interaction with: 85929d com.android.documentsui/com.android.documentsui.inspector.InspectorActivity (server), PointerEventDispatcher0 (server),
01-11 07:12:09.575 0 0 I auditd : type=1400 audit(0.0:14181): avc: denied { kill } for comm="swapper/3" capability=5 scontext=u:r:kernel:s0 tcontext=u:r:kernel:s0 tclass=capability permissive=0
01-11 07:12:10.575 0 0 I auditd : type=1400 audit(0.0:14182): avc: denied { kill } for comm="swapper/3" capability=5 scontext=u:r:kernel:s0 tcontext=u:r:kernel:s0 tclass=capability permissive=0
01-11 07:12:11.446 1504 1699 I input_interaction: Interaction with: 85929d com.android.documentsui/com.android.documentsui.inspector.InspectorActivity (server), edge-swipe (server), swipe-up (server), PointerEventDispatcher0 (server),
01-11 07:12:11.537 17168 17168 I view_enqueue_input_event: [Motion - Cancel,com.android.documentsui/com.android.documentsui.inspector.InspectorActivity]
01-11 07:12:11.543 1504 1699 I input_interaction: Interaction with: edge-swipe (server), swipe-up (server), PointerEventDispatcher0 (server),
01-11 07:12:11.575 16861 16861 I auditd : type=1400 audit(0.0:14183): avc: denied { kill } for comm="kworker/u16:11" capability=5 scontext=u:r:kernel:s0 tcontext=u:r:kernel:s0 tclass=capability permissive=0
01-11 07:12:11.625 1504 1713 I sysui_multi_action: [757,803,799,key_back_press,802,1]
01-11 07:12:11.628 1504 1699 I input_interaction: Interaction with: 85929d com.android.documentsui/com.android.documentsui.inspector.InspectorActivity (server), PointerEventDispatcher0 (server),
01-11 07:12:11.637 1504 1713 I wm_finish_activity: [0,9750202,152,com.android.documentsui/.inspector.InspectorActivity,app-request]
01-11 07:12:11.647 1504 1713 I wm_pause_activity: [0,9750202,com.android.documentsui/.inspector.InspectorActivity,userLeaving=false,finish]
01-11 07:12:11.649 17168 17168 I wm_on_top_resumed_lost_called: [9750202,com.android.documentsui.inspector.InspectorActivity,topStateChangedWhenResumed]
01-11 07:12:11.649 17168 17168 I wm_on_paused_called: [9750202,com.android.documentsui.inspector.InspectorActivity,performPause]
01-11 07:12:11.650 1504 4545 I wm_add_to_stopping: [0,9750202,com.android.documentsui/.inspector.InspectorActivity,completeFinishing]
01-11 07:12:11.652 1504 4545 I wm_set_resumed_activity: [0,com.android.documentsui/.files.FilesActivity,resumeTopActivityInnerLocked]
01-11 07:12:11.653 1504 4545 I wm_resume_activity: [0,87995833,152,com.android.documentsui/.files.FilesActivity]
01-11 07:12:11.656 1504 1609 I sysui_multi_action: [757,803,799,window_time_0,802,4]
01-11 07:12:11.656 17168 17168 I wm_on_restart_called: [87995833,com.android.documentsui.files.FilesActivity,performRestartActivity]
01-11 07:12:11.660 17168 17168 I wm_on_start_called: [87995833,com.android.documentsui.files.FilesActivity,handleStartActivity]
01-11 07:12:11.663 17168 17168 I wm_on_resume_called: [87995833,com.android.documentsui.files.FilesActivity,RESUME_ACTIVITY]
01-11 07:12:11.664 17168 17168 I wm_on_top_resumed_gained_called: [87995833,com.android.documentsui.files.FilesActivity,topWhenResuming]
01-11 07:12:11.666 1504 1699 I input_focus: [Focus leaving 85929d com.android.documentsui/com.android.documentsui.inspector.InspectorActivity (server),reason=NO_WINDOW]
01-11 07:12:11.681 1504 1610 I input_focus: [Focus request c29d2ae com.android.documentsui/com.android.documentsui.files.FilesActivity,reason=UpdateInputWindows]
01-11 07:12:11.745 1504 1699 I input_focus: [Focus entering c29d2ae com.android.documentsui/com.android.documentsui.files.FilesActivity (server),reason=Window became focusable. Previous reason: NOT_VISIBLE]
01-11 07:12:11.896 1504 1616 I am_pss : [17483,10089,com.android.music,21771264,17342464,0,138465280,0,4,8]
01-11 07:12:12.131 1504 1609 I wm_destroy_activity: [0,9750202,152,com.android.documentsui/.inspector.InspectorActivity,finish-imm:idle]
01-11 07:12:12.159 17168 17168 I wm_on_stop_called: [9750202,com.android.documentsui.inspector.InspectorActivity,LIFECYCLER_STOP_ACTIVITY]
01-11 07:12:12.159 17168 17168 I wm_on_destroy_called: [9750202,com.android.documentsui.inspector.InspectorActivity,performDestroy]
01-11 07:12:13.575 0 0 I auditd : type=1400 audit(0.0:14184): avc: denied { kill } for comm="swapper/2" capability=5 scontext=u:r:kernel:s0 tcontext=u:r:kernel:s0 tclass=capability permissive=0
01-11 07:12:15.575 0 0 I auditd : type=1400 audit(0.0:14185): avc: denied { kill } for comm="swapper/2" capability=5 scontext=u:r:kernel:s0 tcontext=u:r:kernel:s0 tclass=capability permissive=0
01-11 07:12:16.575 0 0 I auditd : type=1400 audit(0.0:14186): avc: denied { kill } for comm="swapper/2" capability=5 scontext=u:r:kernel:s0 tcontext=u:r:kernel:s0 tclass=capability permissive=0
01-11 07:12:18.575 0 0 I auditd : type=1400 audit(0.0:14187): avc: denied { kill } for comm="swapper/2" capability=5 scontext=u:r:kernel:s0 tcontext=u:r:kernel:s0 tclass=capability permissive=0
01-11 07:12:18.677 1504 1699 I input_interaction: Interaction with: c29d2ae com.android.documentsui/com.android.documentsui.files.FilesActivity (server), edge-swipe (server), swipe-up (server), PointerEventDispatcher0 (server),
01-11 07:12:18.701 1504 8716 I wm_task_moved: [62,0,0]
01-11 07:12:18.701 1504 8716 I wm_task_moved: [62,0,8]
01-11 07:12:18.708 2545 2545 I wm_on_restart_called: [11415547,com.android.launcher3.uioverrides.QuickstepLauncher,performRestartActivity]
01-11 07:12:18.759 2545 2545 I wm_on_start_called: [11415547,com.android.launcher3.uioverrides.QuickstepLauncher,handleStartActivity]
01-11 07:12:18.782 17168 17168 I view_enqueue_input_event: [Motion - Cancel,com.android.documentsui/com.android.documentsui.files.FilesActivity]
01-11 07:12:18.783 2545 2545 I sysui_latency: [1,95]
01-11 07:12:18.790 1504 1699 I input_interaction: Interaction with: edge-swipe (server), swipe-up (server), PointerEventDispatcher0 (server),
01-11 07:12:18.791 1504 1610 I input_focus: [Focus request recents_animation_input_consumer,reason=UpdateInputWindows]
01-11 07:12:18.796 1504 1699 I input_focus: [Focus leaving c29d2ae com.android.documentsui/com.android.documentsui.files.FilesActivity (server),reason=NOT_FOCUSABLE]
01-11 07:12:18.796 1504 1699 I input_focus: [Focus entering recents_animation_input_consumer (server),reason=setFocusedWindow]
01-11 07:12:18.807 1504 1606 I sysui_multi_action: [319,11,322,96,325,11549,757,761,758,9,759,5,806,com.android.launcher3,871,com.android.launcher3.uioverrides.QuickstepLauncher,904,com.android.launcher3,905,0,1320,8,1321,5]
01-11 07:12:18.966 1504 1683 I commit_sys_config_file: [settings-1-0,8]
01-11 07:12:19.099 1504 1616 I sysui_latency: [8,115]
01-11 07:12:19.473 1504 12485 I wm_task_moved: [62,1,9]
01-11 07:12:19.476 1504 12485 I wm_task_moved: [63,1,2147483647]
01-11 07:12:19.476 1504 12485 I wm_task_to_front: [0,63]
01-11 07:12:19.476 1504 12485 I wm_focused_root_task: [0,0,62,152,RecentsAnimation.onAnimationFinished()]
01-11 07:12:19.476 17168 17168 I wm_on_top_resumed_lost_called: [87995833,com.android.documentsui.files.FilesActivity,topStateChangedWhenResumed]
01-11 07:12:19.477 1504 12485 I wm_set_resumed_activity: [0,com.android.launcher3/.uioverrides.QuickstepLauncher,RecentsAnimation.onAnimationFinished()]
01-11 07:12:19.478 1504 12485 I wm_pause_activity: [0,87995833,com.android.documentsui/.files.FilesActivity,userLeaving=true,pauseBackTasks]
01-11 07:12:19.480 1504 12485 I wm_add_to_stopping: [0,87995833,com.android.documentsui/.files.FilesActivity,makeInvisible]
01-11 07:12:19.480 1504 12485 I wm_set_resumed_activity: [0,com.android.launcher3/.uioverrides.QuickstepLauncher,resumeTopActivityInnerLocked]
01-11 07:12:19.487 1504 12485 I wm_resume_activity: [0,11415547,63,com.android.launcher3/.uioverrides.QuickstepLauncher]
01-11 07:12:19.488 2545 2545 I wm_on_resume_called: [11415547,com.android.launcher3.uioverrides.QuickstepLauncher,RESUME_ACTIVITY]
01-11 07:12:19.494 1504 1610 I input_focus: [Focus request c8c2ef0 com.android.launcher3/com.android.launcher3.uioverrides.QuickstepLauncher,reason=UpdateInputWindows]
01-11 07:12:19.497 1504 1699 I input_focus: [Focus leaving recents_animation_input_consumer (server),reason=NOT_VISIBLE]
01-11 07:12:19.502 2545 2545 I wm_on_top_resumed_gained_called: [11415547,com.android.launcher3.uioverrides.QuickstepLauncher,topStateChangedWhenResumed]
01-11 07:12:19.502 17168 17168 I wm_on_paused_called: [87995833,com.android.documentsui.files.FilesActivity,performPause]
01-11 07:12:19.503 1504 1609 I wm_stop_activity: [0,87995833,com.android.documentsui/.files.FilesActivity]
01-11 07:12:19.503 1504 1609 I sysui_multi_action: [757,803,799,window_time_0,802,8]
01-11 07:12:19.507 1504 1609 I sysui_multi_action: [757,803,799,window_time_0,802,0]
01-11 07:12:19.514 1504 1699 I input_focus: [Focus entering c8c2ef0 com.android.launcher3/com.android.launcher3.uioverrides.QuickstepLauncher (server),reason=setFocusedWindow]
01-11 07:12:19.525 1504 1616 I am_pss : [18086,10018,android.process.media,11890688,9842688,0,101048320,0,19,5]
01-11 07:12:19.537 17168 17168 I wm_on_stop_called: [87995833,com.android.documentsui.files.FilesActivity,STOP_ACTIVITY_ITEM]
01-11 07:12:20.575 0 0 I auditd : type=1400 audit(0.0:14188): avc: denied { kill } for comm="swapper/2" capability=5 scontext=u:r:kernel:s0 tcontext=u:r:kernel:s0 tclass=capability permissive=0
01-11 07:12:22.575 0 0 I auditd : type=1400 audit(0.0:14189): avc: denied { kill } for comm="swapper/2" capability=5 scontext=u:r:kernel:s0 tcontext=u:r:kernel:s0 tclass=capability permissive=0
01-11 07:12:23.270 1504 1699 I input_interaction: Interaction with: c8c2ef0 com.android.launcher3/com.android.launcher3.uioverrides.QuickstepLauncher (server), dbb0197 com.android.systemui.ImageWallpaper (server), edge-swipe (server), swipe-up (server), PointerEventDispatcher0 (server),
01-11 07:12:23.406 1504 4545 I wm_task_moved: [148,1,9]
01-11 07:12:23.406 1504 4545 I wm_task_to_front: [0,148]
01-11 07:12:23.407 1504 4545 I wm_focused_root_task: [0,0,148,62,bringingFoundTaskToFront]
01-11 07:12:23.407 1504 4545 I wm_set_resumed_activity: [0,com.thundercomm.screensaver/.ui.page.MainActivity,bringingFoundTaskToFront]
01-11 07:12:23.407 1504 4545 I wm_finish_activity: [0,80341201,148,com.thundercomm.screensaver/.ui.page.MainActivity,clear-task-stack]
01-11 07:12:23.407 1504 4545 I wm_destroy_activity: [0,80341201,148,com.thundercomm.screensaver/.ui.page.MainActivity,finish-imm:finishIfPossible]
01-11 07:12:23.408 1504 4545 I wm_new_intent: [0,254344633,148,com.android.settings/.Settings,android.intent.action.MAIN,NULL,NULL,270532608]
01-11 07:12:23.410 1504 4545 I wm_pause_activity: [0,11415547,com.android.launcher3/.uioverrides.QuickstepLauncher,userLeaving=true,pauseBackTasks]
01-11 07:12:23.416 2545 2545 I wm_on_top_resumed_lost_called: [11415547,com.android.launcher3.uioverrides.QuickstepLauncher,topStateChangedWhenResumed]
01-11 07:12:23.417 2545 2545 I wm_on_paused_called: [11415547,com.android.launcher3.uioverrides.QuickstepLauncher,performPause]
01-11 07:12:23.417 1504 1609 I am_uid_active: 10052
01-11 07:12:23.421 1504 2065 I wm_set_resumed_activity: [0,com.android.settings/.Settings,resumeTopActivityInnerLocked]
01-11 07:12:23.422 15063 15063 I wm_on_destroy_called: [80341201,com.thundercomm.screensaver.ui.page.MainActivity,performDestroy]
01-11 07:12:23.422 1504 2065 I wm_add_to_stopping: [0,11415547,com.android.launcher3/.uioverrides.QuickstepLauncher,makeInvisible]
01-11 07:12:23.429 1504 2065 I wm_resume_activity: [0,254344633,148,com.android.settings/.Settings]
01-11 07:12:23.439 1504 1609 I sysui_multi_action: [757,803,799,window_time_0,802,4]
01-11 07:12:23.442 17287 17287 I wm_on_restart_called: [254344633,com.android.settings.Settings,performRestartActivity]
01-11 07:12:23.443 17287 17287 I wm_on_start_called: [254344633,com.android.settings.Settings,handleStartActivity]
01-11 07:12:23.444 17287 17287 I snet_event_log: [120484087,-1,]
01-11 07:12:23.444 17287 17287 I wm_on_resume_called: [254344633,com.android.settings.Settings,RESUME_ACTIVITY]
01-11 07:12:23.444 17287 17287 I sysui_multi_action: [757,35,758,1,833,0,1089,0]
01-11 07:12:23.445 17287 17287 I sysui_multi_action: [757,47,758,1,833,0,1089,0]
01-11 07:12:23.456 1504 1699 I input_focus: [Focus leaving c8c2ef0 com.android.launcher3/com.android.launcher3.uioverrides.QuickstepLauncher (server),reason=NO_WINDOW]
01-11 07:12:23.457 17287 17287 I wm_on_top_resumed_gained_called: [254344633,com.android.settings.Settings,topWhenResuming]
01-11 07:12:23.468 1504 1610 I input_focus: [Focus request 49f2337 com.android.settings/com.android.settings.Settings,reason=UpdateInputWindows]
01-11 07:12:23.485 1504 1606 I sysui_multi_action: [319,57,321,54,322,81,325,11554,757,761,758,9,759,1,806,com.android.settings,871,com.android.settings.Settings,904,com.android.launcher3,905,0,1320,8,1321,5]
01-11 07:12:23.490 1504 1699 I input_focus: [Focus entering 49f2337 com.android.settings/com.android.settings.Settings (server),reason=Window became focusable. Previous reason: NOT_VISIBLE]
01-11 07:12:23.483 560 560 I auditd : type=1400 audit(0.0:14190): avc: denied { read } for comm="Binder:560_2" name="wakeup58" dev="sysfs" ino=71687 scontext=u:r:system_suspend:s0 tcontext=u:object_r:sysfs:s0 tclass=dir permissive=0
01-11 07:12:23.483 560 560 I auditd : type=1400 audit(0.0:14191): avc: denied { read } for comm="Binder:560_2" name="wakeup48" dev="sysfs" ino=67386 scontext=u:r:system_suspend:s0 tcontext=u:object_r:sysfs:s0 tclass=dir permissive=0
01-11 07:12:23.483 560 560 I auditd : type=1400 audit(0.0:14192): avc: denied { read } for comm="Binder:560_2" name="wakeup4" dev="sysfs" ino=47032 scontext=u:r:system_suspend:s0 tcontext=u:object_r:sysfs:s0 tclass=dir permissive=0
01-11 07:12:23.483 560 560 I auditd : type=1400 audit(0.0:14193): avc: denied { read } for comm="Binder:560_2" name="wakeup76" dev="sysfs" ino=76549 scontext=u:r:system_suspend:s0 tcontext=u:object_r:sysfs:s0 tclass=dir permissive=0
01-11 07:12:23.483 560 560 I auditd : type=1400 audit(0.0:14194): avc: denied { read } for comm="Binder:560_2" name="wakeup28" dev="sysfs" ino=53237 scontext=u:r:system_suspend:s0 tcontext=u:object_r:sysfs:s0 tclass=dir permissive=0
01-11 07:12:23.483 560 560 I auditd : type=1400 audit(0.0:14195): avc: denied { read } for comm="Binder:560_2" name="wakeup56" dev="sysfs" ino=71615 scontext=u:r:system_suspend:s0 tcontext=u:object_r:sysfs:s0 tclass=dir permissive=0
01-11 07:12:23.487 560 560 I auditd : type=1400 audit(0.0:14196): avc: denied { read } for comm="Binder:560_2" name="wakeup2" dev="sysfs" ino=46556 scontext=u:r:system_suspend:s0 tcontext=u:object_r:sysfs:s0 tclass=dir permissive=0
01-11 07:12:23.995 1504 1609 I wm_stop_activity: [0,11415547,com.android.launcher3/.uioverrides.QuickstepLauncher]
01-11 07:12:24.016 2545 2545 I wm_on_stop_called: [11415547,com.android.launcher3.uioverrides.QuickstepLauncher,STOP_ACTIVITY_ITEM]
01-11 07:12:25.575 0 0 I auditd : type=1400 audit(0.0:14289): avc: denied { kill } for comm="swapper/1" capability=5 scontext=u:r:kernel:s0 tcontext=u:r:kernel:s0 tclass=capability permissive=0
01-11 07:12:26.110 1504 1699 I input_interaction: Interaction with: 49f2337 com.android.settings/com.android.settings.Settings (server), edge-swipe (server), swipe-up (server), PointerEventDispatcher0 (server),
01-11 07:12:26.253 1504 2065 I service_manager_stats: [100,74,56174]
01-11 07:12:26.253 1504 2065 I wm_task_moved: [148,1,9]
01-11 07:12:26.253 1504 2065 I wm_set_resumed_activity: [0,com.android.settings/.Settings,positionChildAt]
01-11 07:12:26.254 1504 2065 I wm_create_activity: [0,158068004,148,com.thundercomm.screensaver/.ui.page.MainActivity,NULL,NULL,NULL,0]
01-11 07:12:26.254 1504 2065 I wm_pause_activity: [0,254344633,com.android.settings/.Settings,userLeaving=true,resumeTopActivityInnerLocked]
01-11 07:12:26.256 17287 17287 I sysui_multi_action: [757,830,758,4,833,0,854,current_screensaver,1089,0]
01-11 07:12:26.257 17287 17287 I wm_on_top_resumed_lost_called: [254344633,com.android.settings.Settings,topStateChangedWhenResumed]
01-11 07:12:26.257 17287 17287 I sysui_multi_action: [757,35,758,2,1089,2813]
01-11 07:12:26.257 17287 17287 I sysui_multi_action: [757,47,758,2,1089,2812]
01-11 07:12:26.258 17287 17287 I wm_on_paused_called: [254344633,com.android.settings.Settings,performPause]
01-11 07:12:26.258 1504 2061 I wm_add_to_stopping: [0,254344633,com.android.settings/.Settings,makeInvisible]
01-11 07:12:26.259 1504 2061 I wm_restart_activity: [0,158068004,148,com.thundercomm.screensaver/.ui.page.MainActivity]
01-11 07:12:26.260 1504 2061 I wm_set_resumed_activity: [0,com.thundercomm.screensaver/.ui.page.MainActivity,minimalResumeActivityLocked]
01-11 07:12:26.262 1504 1609 I sysui_multi_action: [757,803,799,window_time_0,802,3]
01-11 07:12:26.267 15063 15063 I wm_on_create_called: [158068004,com.thundercomm.screensaver.ui.page.MainActivity,performCreate]
01-11 07:12:26.275 15063 15063 I wm_on_start_called: [158068004,com.thundercomm.screensaver.ui.page.MainActivity,handleStartActivity]
01-11 07:12:26.275 15063 15063 I wm_on_resume_called: [158068004,com.thundercomm.screensaver.ui.page.MainActivity,RESUME_ACTIVITY]
01-11 07:12:26.277 15063 15063 I wm_on_top_resumed_gained_called: [158068004,com.thundercomm.screensaver.ui.page.MainActivity,topStateChangedWhenResumed]
01-11 07:12:26.279 1504 1699 I input_focus: [Focus leaving 49f2337 com.android.settings/com.android.settings.Settings (server),reason=NO_WINDOW]
01-11 07:12:26.285 1504 1610 I input_focus: [Focus request 1fb0af com.thundercomm.screensaver/com.thundercomm.screensaver.ui.page.MainActivity,reason=UpdateInputWindows]
01-11 07:12:26.330 1504 1606 I sysui_multi_action: [319,84,322,83,325,11557,757,761,758,8,759,2,806,com.thundercomm.screensaver,871,com.thundercomm.screensaver.ui.page.MainActivity,904,com.android.settings,905,0,1320,21,1321,5]
01-11 07:12:26.331 1504 1606 I wm_activity_launch_time: [0,158068004,com.thundercomm.screensaver/.ui.page.MainActivity,83]
01-11 07:12:26.348 1504 1699 I input_focus: [Focus entering 1fb0af com.thundercomm.screensaver/com.thundercomm.screensaver.ui.page.MainActivity (server),reason=Window became focusable. Previous reason: NOT_VISIBLE]
01-11 07:12:26.737 1504 1609 I wm_stop_activity: [0,254344633,com.android.settings/.Settings]
01-11 07:12:26.762 17287 17287 I wm_on_stop_called: [254344633,com.android.settings.Settings,STOP_ACTIVITY_ITEM]
01-11 07:12:27.575 0 0 I auditd : type=1400 audit(0.0:14290): avc: denied { kill } for comm="swapper/2" capability=5 scontext=u:r:kernel:s0 tcontext=u:r:kernel:s0 tclass=capability permissive=0
01-11 07:12:29.246 1504 1699 I input_interaction: Interaction with: 1fb0af com.thundercomm.screensaver/com.thundercomm.screensaver.ui.page.MainActivity (server), edge-swipe (server), swipe-up (server), PointerEventDispatcher0 (server),
01-11 07:12:29.364 15063 15063 I view_enqueue_input_event: [Motion - Cancel,com.thundercomm.screensaver/com.thundercomm.screensaver.ui.page.MainActivity]
01-11 07:12:29.367 1504 1699 I input_interaction: Interaction with: edge-swipe (server), swipe-up (server), PointerEventDispatcher0 (server),
01-11 07:12:29.412 1504 2065 I sysui_multi_action: [757,803,799,key_back_press,802,1]
01-11 07:12:29.417 1504 1699 I input_interaction: Interaction with: 1fb0af com.thundercomm.screensaver/com.thundercomm.screensaver.ui.page.MainActivity (server), PointerEventDispatcher0 (server),
01-11 07:12:29.423 1504 12485 I wm_finish_activity: [0,158068004,148,com.thundercomm.screensaver/.ui.page.MainActivity,app-request]
01-11 07:12:29.435 1504 12485 I wm_pause_activity: [0,158068004,com.thundercomm.screensaver/.ui.page.MainActivity,userLeaving=false,finish]
01-11 07:12:29.438 15063 15063 I wm_on_top_resumed_lost_called: [158068004,com.thundercomm.screensaver.ui.page.MainActivity,topStateChangedWhenResumed]
01-11 07:12:29.444 15063 15063 I wm_on_paused_called: [158068004,com.thundercomm.screensaver.ui.page.MainActivity,performPause]
01-11 07:12:29.445 1504 2065 I wm_add_to_stopping: [0,158068004,com.thundercomm.screensaver/.ui.page.MainActivity,completeFinishing]
01-11 07:12:29.446 1504 2065 I wm_set_resumed_activity: [0,com.android.settings/.Settings,resumeTopActivityInnerLocked]
01-11 07:12:29.450 1504 2065 I wm_resume_activity: [0,254344633,148,com.android.settings/.Settings]
01-11 07:12:29.456 17287 17287 I wm_on_restart_called: [254344633,com.android.settings.Settings,performRestartActivity]
01-11 07:12:29.456 1504 1609 I sysui_multi_action: [757,803,799,window_time_0,802,3]
01-11 07:12:29.457 1504 1699 I input_focus: [Focus leaving 1fb0af com.thundercomm.screensaver/com.thundercomm.screensaver.ui.page.MainActivity (server),reason=NO_WINDOW]
01-11 07:12:29.458 17287 17287 I wm_on_start_called: [254344633,com.android.settings.Settings,handleStartActivity]
01-11 07:12:29.458 17287 17287 I snet_event_log: [120484087,-1,]
01-11 07:12:29.458 17287 17287 I wm_on_resume_called: [254344633,com.android.settings.Settings,RESUME_ACTIVITY]
01-11 07:12:29.458 17287 17287 I sysui_multi_action: [757,35,758,1,833,0,1089,0]
01-11 07:12:29.459 17287 17287 I sysui_multi_action: [757,47,758,1,833,0,1089,0]
01-11 07:12:29.473 17287 17287 I wm_on_top_resumed_gained_called: [254344633,com.android.settings.Settings,topWhenResuming]
01-11 07:12:29.478 1504 1610 I input_focus: [Focus request 49f2337 com.android.settings/com.android.settings.Settings,reason=UpdateInputWindows]
01-11 07:12:29.507 1504 1699 I input_focus: [Focus entering 49f2337 com.android.settings/com.android.settings.Settings (server),reason=Window became focusable. Previous reason: NOT_VISIBLE]
01-11 07:12:29.894 1504 1609 I wm_destroy_activity: [0,158068004,148,com.thundercomm.screensaver/.ui.page.MainActivity,finish-imm:idle]
01-11 07:12:29.914 15063 15063 I wm_on_stop_called: [158068004,com.thundercomm.screensaver.ui.page.MainActivity,LIFECYCLER_STOP_ACTIVITY]
01-11 07:12:29.925 15063 15063 I wm_on_destroy_called: [158068004,com.thundercomm.screensaver.ui.page.MainActivity,performDestroy]
01-11 07:12:30.087 1504 1617 I am_uid_idle: 10018
01-11 07:12:30.575 0 0 I auditd : type=1400 audit(0.0:14291): avc: denied { kill } for comm="swapper/1" capability=5 scontext=u:r:kernel:s0 tcontext=u:r:kernel:s0 tclass=capability permissive=0
01-11 07:12:31.575 0 0 I auditd : type=1400 audit(0.0:14292): avc: denied { kill } for comm="swapper/1" capability=5 scontext=u:r:kernel:s0 tcontext=u:r:kernel:s0 tclass=capability permissive=0
01-11 07:12:32.575 0 0 I auditd : type=1400 audit(0.0:14293): avc: denied { kill } for comm="swapper/1" capability=5 scontext=u:r:kernel:s0 tcontext=u:r:kernel:s0 tclass=capability permissive=0
01-11 07:12:33.575 0 0 I auditd : type=1400 audit(0.0:14294): avc: denied { kill } for comm="swapper/1" capability=5 scontext=u:r:kernel:s0 tcontext=u:r:kernel:s0 tclass=capability permissive=0
01-11 07:12:33.936 1504 1699 I input_interaction: Interaction with: 49f2337 com.android.settings/com.android.settings.Settings (server), PointerEventDispatcher0 (server),
01-11 07:12:34.575 0 0 I auditd : type=1400 audit(0.0:14295): avc: denied { kill } for comm="swapper/1" capability=5 scontext=u:r:kernel:s0 tcontext=u:r:kernel:s0 tclass=capability permissive=0
01-11 07:12:35.575 0 0 I auditd : type=1400 audit(0.0:14296): avc: denied { kill } for comm="swapper/1" capability=5 scontext=u:r:kernel:s0 tcontext=u:r:kernel:s0 tclass=capability permissive=0
01-11 07:12:36.575 0 0 I auditd : type=1400 audit(0.0:14297): avc: denied { kill } for comm="swapper/1" capability=5 scontext=u:r:kernel:s0 tcontext=u:r:kernel:s0 tclass=capability permissive=0
01-11 07:12:37.477 1504 1699 I input_interaction: Interaction with: 49f2337 com.android.settings/com.android.settings.Settings (server), edge-swipe (server), swipe-up (server), PointerEventDispatcher0 (server),
01-11 07:12:37.500 1504 2061 I wm_task_moved: [62,0,0]
01-11 07:12:37.500 1504 2061 I wm_task_moved: [62,0,8]
01-11 07:12:37.529 2545 2545 I wm_on_restart_called: [11415547,com.android.launcher3.uioverrides.QuickstepLauncher,performRestartActivity]
01-11 07:12:37.566 2545 2545 I wm_on_start_called: [11415547,com.android.launcher3.uioverrides.QuickstepLauncher,handleStartActivity]
01-11 07:12:37.567 17287 17287 I view_enqueue_input_event: [Motion - Cancel,com.android.settings/com.android.settings.Settings]
01-11 07:12:37.573 1504 1699 I input_interaction: Interaction with: edge-swipe (server), swipe-up (server), PointerEventDispatcher0 (server),
01-11 07:12:37.573 1504 1610 I input_focus: [Focus request recents_animation_input_consumer,reason=UpdateInputWindows]
01-11 07:12:37.578 2545 2545 I sysui_latency: [1,102]
01-11 07:12:37.575 0 0 I auditd : type=1400 audit(0.0:14298): avc: denied { kill } for comm="swapper/1" capability=5 scontext=u:r:kernel:s0 tcontext=u:r:kernel:s0 tclass=capability permissive=0
01-11 07:12:37.591 1504 1699 I input_focus: [Focus leaving 49f2337 com.android.settings/com.android.settings.Settings (server),reason=NOT_FOCUSABLE]
01-11 07:12:37.591 1504 1699 I input_focus: [Focus entering recents_animation_input_consumer (server),reason=setFocusedWindow]
01-11 07:12:37.596 1504 1606 I sysui_multi_action: [319,18,322,85,325,11568,757,761,758,9,759,5,806,com.android.launcher3,871,com.android.launcher3.uioverrides.QuickstepLauncher,904,com.android.launcher3,905,0,1320,8,1321,5]
01-11 07:12:37.769 1504 1683 I commit_sys_config_file: [settings-1-0,5]
01-11 07:12:37.887 1504 1616 I sysui_latency: [8,100]
01-11 07:12:38.279 1504 2061 I wm_task_moved: [62,1,9]
01-11 07:12:38.280 1504 2061 I wm_task_moved: [63,1,2147483647]
01-11 07:12:38.280 1504 2061 I wm_task_to_front: [0,63]
01-11 07:12:38.280 1504 2061 I wm_focused_root_task: [0,0,62,148,RecentsAnimation.onAnimationFinished()]
01-11 07:12:38.280 17287 17287 I wm_on_top_resumed_lost_called: [254344633,com.android.settings.Settings,topStateChangedWhenResumed]
01-11 07:12:38.281 1504 2061 I wm_set_resumed_activity: [0,com.android.launcher3/.uioverrides.QuickstepLauncher,RecentsAnimation.onAnimationFinished()]
01-11 07:12:38.286 1504 2061 I wm_pause_activity: [0,254344633,com.android.settings/.Settings,userLeaving=true,pauseBackTasks]
01-11 07:12:38.289 1504 2061 I wm_add_to_stopping: [0,254344633,com.android.settings/.Settings,makeInvisible]
01-11 07:12:38.290 1504 2061 I wm_set_resumed_activity: [0,com.android.launcher3/.uioverrides.QuickstepLauncher,resumeTopActivityInnerLocked]
01-11 07:12:38.292 1504 2061 I wm_resume_activity: [0,11415547,63,com.android.launcher3/.uioverrides.QuickstepLauncher]
01-11 07:12:38.294 2545 2545 I wm_on_resume_called: [11415547,com.android.launcher3.uioverrides.QuickstepLauncher,RESUME_ACTIVITY]
01-11 07:12:38.297 1504 1610 I input_focus: [Focus request c8c2ef0 com.android.launcher3/com.android.launcher3.uioverrides.QuickstepLauncher,reason=UpdateInputWindows]
01-11 07:12:38.298 2545 2545 I wm_on_top_resumed_gained_called: [11415547,com.android.launcher3.uioverrides.QuickstepLauncher,topStateChangedWhenResumed]
01-11 07:12:38.299 17287 17287 I sysui_multi_action: [757,35,758,2,1089,8840]
01-11 07:12:38.299 17287 17287 I sysui_multi_action: [757,47,758,2,1089,8839]
01-11 07:12:38.300 1504 8716 I wm_stop_activity: [0,254344633,com.android.settings/.Settings]
01-11 07:12:38.300 17287 17287 I wm_on_paused_called: [254344633,com.android.settings.Settings,performPause]
01-11 07:12:38.309 1504 1699 I input_focus: [Focus leaving recents_animation_input_consumer (server),reason=NOT_VISIBLE]
01-11 07:12:38.309 1504 1699 I input_focus: [Focus entering c8c2ef0 com.android.launcher3/com.android.launcher3.uioverrides.QuickstepLauncher (server),reason=setFocusedWindow]
01-11 07:12:38.317 1504 1609 I sysui_multi_action: [757,803,799,window_time_0,802,9]
01-11 07:12:38.319 1504 1609 I sysui_multi_action: [757,803,799,window_time_0,802,0]
01-11 07:12:38.332 1504 1616 I am_pss : [18075,10030,com.android.externalstorage,6558720,4431872,0,97284096,0,19,5]
01-11 07:12:38.334 17287 17287 I wm_on_stop_called: [254344633,com.android.settings.Settings,STOP_ACTIVITY_ITEM]
01-11 07:12:38.575 0 0 I auditd : type=1400 audit(0.0:14299): avc: denied { kill } for comm="swapper/1" capability=5 scontext=u:r:kernel:s0 tcontext=u:r:kernel:s0 tclass=capability permissive=0
01-11 07:12:39.575 0 0 I auditd : type=1400 audit(0.0:14300): avc: denied { kill } for comm="swapper/1" capability=5 scontext=u:r:kernel:s0 tcontext=u:r:kernel:s0 tclass=capability permissive=0
01-11 07:12:40.147 1504 1699 I input_interaction: Interaction with: c8c2ef0 com.android.launcher3/com.android.launcher3.uioverrides.QuickstepLauncher (server), dbb0197 com.android.systemui.ImageWallpaper (server), edge-swipe (server), swipe-up (server), PointerEventDispatcher0 (server),
01-11 07:12:40.283 1504 1713 I wm_task_created: [153,-1]
01-11 07:12:40.286 1504 1713 I wm_task_moved: [153,1,10]
01-11 07:12:40.286 1504 1713 I wm_task_to_front: [0,153]
01-11 07:12:40.286 1504 1713 I wm_create_task: [0,153]
01-11 07:12:40.286 1504 1713 I wm_create_activity: [0,226545608,153,com.android.documentsui/.LauncherActivity,android.intent.action.MAIN,NULL,NULL,270532608]
01-11 07:12:40.286 1504 1713 I wm_task_moved: [153,1,10]
01-11 07:12:40.287 1504 1713 I wm_pause_activity: [0,11415547,com.android.launcher3/.uioverrides.QuickstepLauncher,userLeaving=true,pauseBackTasks]
01-11 07:12:40.289 2545 2545 I wm_on_top_resumed_lost_called: [11415547,com.android.launcher3.uioverrides.QuickstepLauncher,topStateChangedWhenResumed]
01-11 07:12:40.289 2545 2545 I wm_on_paused_called: [11415547,com.android.launcher3.uioverrides.QuickstepLauncher,performPause]
01-11 07:12:40.291 1504 2061 I wm_restart_activity: [0,226545608,153,com.android.documentsui/.LauncherActivity]
01-11 07:12:40.291 1504 2061 I wm_set_resumed_activity: [0,com.android.documentsui/.LauncherActivity,minimalResumeActivityLocked]
01-11 07:12:40.295 1504 1609 I sysui_multi_action: [757,803,799,window_time_0,802,2]
01-11 07:12:40.304 1504 2061 I wm_task_moved: [152,1,10]
01-11 07:12:40.304 1504 2061 I wm_task_to_front: [0,152]
01-11 07:12:40.304 1504 2061 I wm_focused_root_task: [0,0,152,153,bringingFoundTaskToFront]
01-11 07:12:40.305 1504 2061 I wm_set_resumed_activity: [0,com.android.documentsui/.files.FilesActivity,bringingFoundTaskToFront]
01-11 07:12:40.305 1504 2061 I wm_new_intent: [0,87995833,152,com.android.documentsui/.files.FilesActivity,NULL,NULL,//com.android.documentsui.launchControl,271056896]
01-11 07:12:40.305 1504 2061 I wm_pause_activity: [0,226545608,com.android.documentsui/.LauncherActivity,userLeaving=true,pauseBackTasks]
01-11 07:12:40.307 1504 2061 I wm_finish_activity: [0,226545608,153,com.android.documentsui/.LauncherActivity,app-request]
01-11 07:12:40.307 17168 17168 I wm_on_create_called: [226545608,com.android.documentsui.LauncherActivity,performCreate]
01-11 07:12:40.309 1504 8716 I wm_add_to_stopping: [0,226545608,com.android.documentsui/.LauncherActivity,completeFinishing]
01-11 07:12:40.309 1504 8716 I wm_set_resumed_activity: [0,com.android.documentsui/.files.FilesActivity,resumeTopActivityInnerLocked]
01-11 07:12:40.310 1504 8716 I wm_add_to_stopping: [0,11415547,com.android.launcher3/.uioverrides.QuickstepLauncher,makeInvisible]
01-11 07:12:40.311 1504 8716 I wm_resume_activity: [0,87995833,152,com.android.documentsui/.files.FilesActivity]
01-11 07:12:40.312 17168 17168 I wm_on_restart_called: [87995833,com.android.documentsui.files.FilesActivity,performRestartActivity]
01-11 07:12:40.314 17168 17168 I wm_on_start_called: [87995833,com.android.documentsui.files.FilesActivity,handleStartActivity]
01-11 07:12:40.315 1504 1609 I wm_destroy_activity: [0,226545608,153,com.android.documentsui/.LauncherActivity,finish-imm:idle]
01-11 07:12:40.316 17168 17168 I wm_on_resume_called: [87995833,com.android.documentsui.files.FilesActivity,RESUME_ACTIVITY]
01-11 07:12:40.317 1504 1609 I sysui_multi_action: [757,803,799,window_time_0,802,0]
01-11 07:12:40.317 17168 17168 I wm_on_top_resumed_gained_called: [87995833,com.android.documentsui.files.FilesActivity,topWhenResuming]
01-11 07:12:40.329 1504 1699 I input_focus: [Focus leaving c8c2ef0 com.android.launcher3/com.android.launcher3.uioverrides.QuickstepLauncher (server),reason=NO_WINDOW]
01-11 07:12:40.333 1504 1610 I input_focus: [Focus request c29d2ae com.android.documentsui/com.android.documentsui.files.FilesActivity,reason=UpdateInputWindows]
01-11 07:12:40.362 17168 17168 I wm_on_destroy_called: [226545608,com.android.documentsui.LauncherActivity,performDestroy]
01-11 07:12:40.363 1504 2061 I wm_task_removed: [153,removeChild:removeChild last r=ActivityRecord{d80cfc8 u0 com.android.documentsui/.LauncherActivity t-1 f}} in t=Task{494599d #153 type=standard A=10024:com.android.documentsui U=0 visible=false mode=fullscreen translucent=true sz=0}]
01-11 07:12:40.363 1504 2061 I wm_task_removed: [153,removeChild]
01-11 07:12:40.368 1504 1606 I sysui_multi_action: [319,87,322,86,325,11571,757,761,758,8,759,2,806,com.android.documentsui,871,com.android.documentsui.files.FilesActivity,904,com.android.documentsui,905,0,1320,8,1321,5]
