01-11 07:14:42.537 1504 1617 I am_wtf : [0,1504,system_server,-1,DisplayDeviceConfig,requesting nits when no mapping exists.]
01-11 07:14:42.554 1504 1617 I am_wtf : [0,1504,system_server,-1,DisplayDeviceConfig,requesting nits when no mapping exists.]
01-11 07:14:42.554 1504 1617 I am_wtf : [0,1504,system_server,-1,DisplayDeviceConfig,requesting nits when no mapping exists.]
01-11 07:14:42.570 1504 1617 I am_wtf : [0,1504,system_server,-1,DisplayDeviceConfig,requesting nits when no mapping exists.]
01-11 07:14:42.570 1504 1617 I am_wtf : [0,1504,system_server,-1,DisplayDeviceConfig,requesting nits when no mapping exists.]
01-11 07:14:42.575 0 0 I auditd : type=1400 audit(0.0:14478): avc: denied { kill } for comm="swapper/3" capability=5 scontext=u:r:kernel:s0 tcontext=u:r:kernel:s0 tclass=capability permissive=0
01-11 07:14:42.587 1504 1617 I am_wtf : [0,1504,system_server,-1,DisplayDeviceConfig,requesting nits when no mapping exists.]
01-11 07:14:42.587 1504 1617 I am_wtf : [0,1504,system_server,-1,DisplayDeviceConfig,requesting nits when no mapping exists.]
01-11 07:14:42.604 1504 1617 I am_wtf : [0,1504,system_server,-1,DisplayDeviceConfig,requesting nits when no mapping exists.]
01-11 07:14:42.604 1504 1617 I am_wtf : [0,1504,system_server,-1,DisplayDeviceConfig,requesting nits when no mapping exists.]
01-11 07:14:42.621 1504 1617 I am_wtf : [0,1504,system_server,-1,DisplayDeviceConfig,requesting nits when no mapping exists.]
01-11 07:14:42.621 1504 1617 I am_wtf : [0,1504,system_server,-1,DisplayDeviceConfig,requesting nits when no mapping exists.]
01-11 07:14:42.637 1504 1617 I am_wtf : [0,1504,system_server,-1,DisplayDeviceConfig,requesting nits when no mapping exists.]
01-11 07:14:42.637 1504 1617 I am_wtf : [0,1504,system_server,-1,DisplayDeviceConfig,requesting nits when no mapping exists.]
01-11 07:14:42.654 1504 1617 I am_wtf : [0,1504,system_server,-1,DisplayDeviceConfig,requesting nits when no mapping exists.]
01-11 07:14:42.655 1504 1617 I am_wtf : [0,1504,system_server,-1,DisplayDeviceConfig,requesting nits when no mapping exists.]
01-11 07:14:43.005 1504 1733 I netstats_mobile_sample: [0,0,0,0,0,0,0,0,0,0,0,0,1673392483005]
01-11 07:14:43.005 1504 1733 I netstats_wifi_sample: [581877093,668396,144851267,373138,581877093,668396,144851267,373138,661611095,855745,76003115,227947,1673392483005]
01-11 07:14:43.575 0 0 I auditd : type=1400 audit(0.0:14479): avc: denied { kill } for comm="swapper/3" capability=5 scontext=u:r:kernel:s0 tcontext=u:r:kernel:s0 tclass=capability permissive=0
01-11 07:14:44.575 0 0 I auditd : type=1400 audit(0.0:14480): avc: denied { kill } for comm="swapper/3" capability=5 scontext=u:r:kernel:s0 tcontext=u:r:kernel:s0 tclass=capability permissive=0
01-11 07:14:45.575 0 0 I auditd : type=1400 audit(0.0:14481): avc: denied { kill } for comm="swapper/7" capability=5 scontext=u:r:kernel:s0 tcontext=u:r:kernel:s0 tclass=capability permissive=0
01-11 07:14:46.575 0 0 I auditd : type=1400 audit(0.0:14482): avc: denied { kill } for comm="swapper/7" capability=5 scontext=u:r:kernel:s0 tcontext=u:r:kernel:s0 tclass=capability permissive=0
01-11 07:14:47.575 0 0 I auditd : type=1400 audit(0.0:14483): avc: denied { kill } for comm="swapper/7" capability=5 scontext=u:r:kernel:s0 tcontext=u:r:kernel:s0 tclass=capability permissive=0
01-11 07:14:48.575 0 0 I auditd : type=1400 audit(0.0:14484): avc: denied { kill } for comm="swapper/7" capability=5 scontext=u:r:kernel:s0 tcontext=u:r:kernel:s0 tclass=capability permissive=0
01-11 07:14:49.575 0 0 I auditd : type=1400 audit(0.0:14485): avc: denied { kill } for comm="swapper/7" capability=5 scontext=u:r:kernel:s0 tcontext=u:r:kernel:s0 tclass=capability permissive=0
01-11 07:14:50.575 0 0 I auditd : type=1400 audit(0.0:14486): avc: denied { kill } for comm="swapper/7" capability=5 scontext=u:r:kernel:s0 tcontext=u:r:kernel:s0 tclass=capability permissive=0
01-11 07:14:51.575 0 0 I auditd : type=1400 audit(0.0:14487): avc: denied { kill } for comm="swapper/7" capability=5 scontext=u:r:kernel:s0 tcontext=u:r:kernel:s0 tclass=capability permissive=0
01-11 07:14:52.575 0 0 I auditd : type=1400 audit(0.0:14488): avc: denied { kill } for comm="swapper/2" capability=5 scontext=u:r:kernel:s0 tcontext=u:r:kernel:s0 tclass=capability permissive=0
01-11 07:14:53.575 0 0 I auditd : type=1400 audit(0.0:14489): avc: denied { kill } for comm="swapper/2" capability=5 scontext=u:r:kernel:s0 tcontext=u:r:kernel:s0 tclass=capability permissive=0
01-11 07:14:54.575 0 0 I auditd : type=1400 audit(0.0:14490): avc: denied { kill } for comm="swapper/2" capability=5 scontext=u:r:kernel:s0 tcontext=u:r:kernel:s0 tclass=capability permissive=0
01-11 07:14:55.575 0 0 I auditd : type=1400 audit(0.0:14491): avc: denied { kill } for comm="swapper/2" capability=5 scontext=u:r:kernel:s0 tcontext=u:r:kernel:s0 tclass=capability permissive=0
01-11 07:14:56.575 0 0 I auditd : type=1400 audit(0.0:14492): avc: denied { kill } for comm="swapper/2" capability=5 scontext=u:r:kernel:s0 tcontext=u:r:kernel:s0 tclass=capability permissive=0
01-11 07:14:58.575 0 0 I auditd : type=1400 audit(0.0:14493): avc: denied { kill } for comm="swapper/2" capability=5 scontext=u:r:kernel:s0 tcontext=u:r:kernel:s0 tclass=capability permissive=0
01-11 07:15:01.575 0 0 I auditd : type=1400 audit(0.0:14494): avc: denied { kill } for comm="swapper/2" capability=5 scontext=u:r:kernel:s0 tcontext=u:r:kernel:s0 tclass=capability permissive=0
01-11 07:15:03.575 0 0 I auditd : type=1400 audit(0.0:14495): avc: denied { kill } for comm="swapper/0" capability=5 scontext=u:r:kernel:s0 tcontext=u:r:kernel:s0 tclass=capability permissive=0
01-11 07:15:04.575 1601 1601 I auditd : type=1400 audit(0.0:14496): avc: denied { kill } for comm="irq/394-atmel_m" capability=5 scontext=u:r:kernel:s0 tcontext=u:r:kernel:s0 tclass=capability permissive=0
01-11 07:15:05.575 0 0 I auditd : type=1400 audit(0.0:14497): avc: denied { kill } for comm="swapper/0" capability=5 scontext=u:r:kernel:s0 tcontext=u:r:kernel:s0 tclass=capability permissive=0
01-11 07:15:06.575 1601 1601 I auditd : type=1400 audit(0.0:14498): avc: denied { kill } for comm="irq/394-atmel_m" capability=5 scontext=u:r:kernel:s0 tcontext=u:r:kernel:s0 tclass=capability permissive=0
01-11 07:15:07.145 1504 1699 I input_interaction: Interaction with: f88cdb5 com.thundercomm.screensaver/android.service.dreams.DreamActivity (server), edge-swipe (server), swipe-up (server), PointerEventDispatcher0 (server),
01-11 07:15:07.149 1504 8829 I wm_finish_activity: [0,83257918,154,com.thundercomm.screensaver/android.service.dreams.DreamActivity,finish-activity]
01-11 07:15:07.149 1504 8829 I wm_task_moved: [62,1,9]
01-11 07:15:07.150 1504 8829 I wm_task_moved: [63,1,2147483647]
01-11 07:15:07.150 1504 8829 I wm_task_to_front: [0,63]
01-11 07:15:07.150 1504 8829 I wm_focused_root_task: [0,0,62,154,finish-top adjustFocusToNextFocusableTask]
01-11 07:15:07.151 1504 8829 I wm_set_resumed_activity: [0,com.android.launcher3/.uioverrides.QuickstepLauncher,finish-top adjustFocusToNextFocusableTask]
01-11 07:15:07.152 1504 8829 I wm_pause_activity: [0,83257918,com.thundercomm.screensaver/android.service.dreams.DreamActivity,userLeaving=false,finish]
01-11 07:15:07.166 1504 1609 I sysui_multi_action: [757,803,799,window_time_0,802,26]
01-11 07:15:07.167 15063 15063 I wm_on_top_resumed_lost_called: [83257918,android.service.dreams.DreamActivity,topStateChangedWhenResumed]
01-11 07:15:07.168 15063 15063 I wm_on_paused_called: [83257918,android.service.dreams.DreamActivity,performPause]
01-11 07:15:07.169 1504 1713 I wm_add_to_stopping: [0,83257918,com.thundercomm.screensaver/android.service.dreams.DreamActivity,completeFinishing]
01-11 07:15:07.179 1504 1713 I wm_set_resumed_activity: [0,com.android.launcher3/.uioverrides.QuickstepLauncher,resumeTopActivityInnerLocked]
01-11 07:15:07.181 1504 1713 I wm_resume_activity: [0,11415547,63,com.android.launcher3/.uioverrides.QuickstepLauncher]
01-11 07:15:07.192 1504 1609 I sysui_multi_action: [757,803,799,window_time_0,802,0]
01-11 07:15:07.193 15063 15063 I view_enqueue_input_event: [Motion - Cancel,com.thundercomm.screensaver/android.service.dreams.DreamActivity]
01-11 07:15:07.193 1504 1699 I input_focus: [Focus leaving f88cdb5 com.thundercomm.screensaver/android.service.dreams.DreamActivity (server),reason=NO_WINDOW]
01-11 07:15:07.197 1504 1609 I am_uid_running: 10067
01-11 07:15:07.199 2545 2545 I wm_on_restart_called: [11415547,com.android.launcher3.uioverrides.QuickstepLauncher,performRestartActivity]
01-11 07:15:07.199 2545 2545 I wm_on_start_called: [11415547,com.android.launcher3.uioverrides.QuickstepLauncher,handleStartActivity]
01-11 07:15:07.200 2545 2545 I wm_on_resume_called: [11415547,com.android.launcher3.uioverrides.QuickstepLauncher,RESUME_ACTIVITY]
01-11 07:15:07.200 2545 2545 I wm_on_top_resumed_gained_called: [11415547,com.android.launcher3.uioverrides.QuickstepLauncher,topWhenResuming]
01-11 07:15:07.207 1504 1618 I am_proc_start: [0,18729,10067,com.android.deskclock,NULL,]
01-11 07:15:07.214 1504 1616 I am_pss : [18529,10019,com.hryt.hiphishowfsecontrol,17743872,15089664,0,105054208,0,19,6]
01-11 07:15:07.220 1504 1610 I input_focus: [Focus request c8c2ef0 com.android.launcher3/com.android.launcher3.uioverrides.QuickstepLauncher,reason=UpdateInputWindows]
01-11 07:15:07.222 1504 1616 I am_pss : [18530,10065,com.android.calendar,6586368,4804608,0,90542080,0,19,5]
01-11 07:15:07.234 1504 1616 I am_pss : [18528,10031,com.microsoft.emmx,40560640,35282944,0,141078528,0,19,8]
01-11 07:15:07.234 1504 1713 I am_proc_bound: [0,18729,com.android.deskclock]
01-11 07:15:07.250 1504 1699 I input_focus: [Focus entering c8c2ef0 com.android.launcher3/com.android.launcher3.uioverrides.QuickstepLauncher (server),reason=Window became focusable. Previous reason: NOT_VISIBLE]
01-11 07:15:07.469 1504 1609 I wm_destroy_activity: [0,83257918,154,com.thundercomm.screensaver/android.service.dreams.DreamActivity,finish-imm:idle]
01-11 07:15:07.505 15063 15063 I wm_on_stop_called: [83257918,android.service.dreams.DreamActivity,LIFECYCLER_STOP_ACTIVITY]
01-11 07:15:07.507 15063 15063 I wm_on_destroy_called: [83257918,android.service.dreams.DreamActivity,performDestroy]
01-11 07:15:07.510 1504 1606 I sysui_multi_action: [757,222,758,2]
01-11 07:15:07.510 1504 1606 I sysui_multi_action: [757,804,799,dreaming_minutes,801,0,802,1]
01-11 07:15:07.524 1504 6576 I wm_task_removed: [154,removeChild:removeChild last r=ActivityRecord{4f66a3e u0 com.thundercomm.screensaver/android.service.dreams.DreamActivity t-1 f}} in t=Task{ef3a5ab #154 type=dream A=10052:android:com.thundercomm.screensaver/dream U=0 visible=false mode=fullscreen translucent=true sz=0}]
01-11 07:15:07.524 1504 6576 I wm_task_removed: [154,removeChild]
01-11 07:15:07.575 0 0 I auditd : type=1400 audit(0.0:14499): avc: denied { kill } for comm="swapper/0" capability=5 scontext=u:r:kernel:s0 tcontext=u:r:kernel:s0 tclass=capability permissive=0
01-11 07:15:08.575 0 0 I auditd : type=1400 audit(0.0:14500): avc: denied { kill } for comm="swapper/0" capability=5 scontext=u:r:kernel:s0 tcontext=u:r:kernel:s0 tclass=capability permissive=0
01-11 07:15:09.575 0 0 I auditd : type=1400 audit(0.0:14501): avc: denied { kill } for comm="swapper/0" capability=5 scontext=u:r:kernel:s0 tcontext=u:r:kernel:s0 tclass=capability permissive=0
01-11 07:15:10.575 0 0 I auditd : type=1400 audit(0.0:14502): avc: denied { kill } for comm="swapper/0" capability=5 scontext=u:r:kernel:s0 tcontext=u:r:kernel:s0 tclass=capability permissive=0
01-11 07:15:11.575 0 0 I auditd : type=1400 audit(0.0:14503): avc: denied { kill } for comm="swapper/0" capability=5 scontext=u:r:kernel:s0 tcontext=u:r:kernel:s0 tclass=capability permissive=0
01-11 07:15:12.575 0 0 I auditd : type=1400 audit(0.0:14504): avc: denied { kill } for comm="swapper/3" capability=5 scontext=u:r:kernel:s0 tcontext=u:r:kernel:s0 tclass=capability permissive=0
01-11 07:15:13.575 0 0 I auditd : type=1400 audit(0.0:14505): avc: denied { kill } for comm="swapper/3" capability=5 scontext=u:r:kernel:s0 tcontext=u:r:kernel:s0 tclass=capability permissive=0
01-11 07:15:14.575 0 0 I auditd : type=1400 audit(0.0:14506): avc: denied { kill } for comm="swapper/3" capability=5 scontext=u:r:kernel:s0 tcontext=u:r:kernel:s0 tclass=capability permissive=0
01-11 07:15:16.575 0 0 I auditd : type=1400 audit(0.0:14507): avc: denied { kill } for comm="swapper/3" capability=5 scontext=u:r:kernel:s0 tcontext=u:r:kernel:s0 tclass=capability permissive=0
01-11 07:15:17.575 0 0 I auditd : type=1400 audit(0.0:14508): avc: denied { kill } for comm="swapper/3" capability=5 scontext=u:r:kernel:s0 tcontext=u:r:kernel:s0 tclass=capability permissive=0
01-11 07:15:18.575 0 0 I auditd : type=1400 audit(0.0:14509): avc: denied { kill } for comm="swapper/3" capability=5 scontext=u:r:kernel:s0 tcontext=u:r:kernel:s0 tclass=capability permissive=0
01-11 07:15:19.575 0 0 I auditd : type=1400 audit(0.0:14510): avc: denied { kill } for comm="swapper/3" capability=5 scontext=u:r:kernel:s0 tcontext=u:r:kernel:s0 tclass=capability permissive=0
01-11 07:15:20.575 0 0 I auditd : type=1400 audit(0.0:14511): avc: denied { kill } for comm="swapper/3" capability=5 scontext=u:r:kernel:s0 tcontext=u:r:kernel:s0 tclass=capability permissive=0
01-11 07:15:22.575 0 0 I auditd : type=1400 audit(0.0:14512): avc: denied { kill } for comm="swapper/3" capability=5 scontext=u:r:kernel:s0 tcontext=u:r:kernel:s0 tclass=capability permissive=0
01-11 07:15:23.575 0 0 I auditd : type=1400 audit(0.0:14513): avc: denied { kill } for comm="swapper/3" capability=5 scontext=u:r:kernel:s0 tcontext=u:r:kernel:s0 tclass=capability permissive=0
01-11 07:15:24.575 0 0 I auditd : type=1400 audit(0.0:14514): avc: denied { kill } for comm="swapper/3" capability=5 scontext=u:r:kernel:s0 tcontext=u:r:kernel:s0 tclass=capability permissive=0
01-11 07:15:25.575 0 0 I auditd : type=1400 audit(0.0:14515): avc: denied { kill } for comm="swapper/3" capability=5 scontext=u:r:kernel:s0 tcontext=u:r:kernel:s0 tclass=capability permissive=0
01-11 07:15:26.575 0 0 I auditd : type=1400 audit(0.0:14516): avc: denied { kill } for comm="swapper/3" capability=5 scontext=u:r:kernel:s0 tcontext=u:r:kernel:s0 tclass=capability permissive=0
01-11 07:15:27.575 0 0 I auditd : type=1400 audit(0.0:14517): avc: denied { kill } for comm="swapper/3" capability=5 scontext=u:r:kernel:s0 tcontext=u:r:kernel:s0 tclass=capability permissive=0
01-11 07:15:30.575 0 0 I auditd : type=1400 audit(0.0:14518): avc: denied { kill } for comm="swapper/3" capability=5 scontext=u:r:kernel:s0 tcontext=u:r:kernel:s0 tclass=capability permissive=0
01-11 07:15:31.575 0 0 I auditd : type=1400 audit(0.0:14519): avc: denied { kill } for comm="swapper/3" capability=5 scontext=u:r:kernel:s0 tcontext=u:r:kernel:s0 tclass=capability permissive=0
01-11 07:15:32.575 0 0 I auditd : type=1400 audit(0.0:14520): avc: denied { kill } for comm="swapper/3" capability=5 scontext=u:r:kernel:s0 tcontext=u:r:kernel:s0 tclass=capability permissive=0
01-11 07:15:33.575 0 0 I auditd : type=1400 audit(0.0:14521): avc: denied { kill } for comm="swapper/3" capability=5 scontext=u:r:kernel:s0 tcontext=u:r:kernel:s0 tclass=capability permissive=0
01-11 07:15:34.057 1504 1733 I netstats_mobile_sample: [0,0,0,0,0,0,0,0,0,0,0,0,1673392534055]
01-11 07:15:34.057 1504 1733 I netstats_wifi_sample: [583167785,671371,145461765,374502,583167785,671371,145461765,374502,663667386,861399,76311323,228668,1673392534055]
01-11 07:15:34.575 0 0 I auditd : type=1400 audit(0.0:14522): avc: denied { kill } for comm="swapper/3" capability=5 scontext=u:r:kernel:s0 tcontext=u:r:kernel:s0 tclass=capability permissive=0
01-11 07:15:36.575 0 0 I auditd : type=1400 audit(0.0:14523): avc: denied { kill } for comm="swapper/3" capability=5 scontext=u:r:kernel:s0 tcontext=u:r:kernel:s0 tclass=capability permissive=0
01-11 07:15:37.575 0 0 I auditd : type=1400 audit(0.0:14524): avc: denied { kill } for comm="swapper/3" capability=5 scontext=u:r:kernel:s0 tcontext=u:r:kernel:s0 tclass=capability permissive=0
01-11 07:15:38.575 0 0 I auditd : type=1400 audit(0.0:14525): avc: denied { kill } for comm="swapper/3" capability=5 scontext=u:r:kernel:s0 tcontext=u:r:kernel:s0 tclass=capability permissive=0
01-11 07:15:39.575 0 0 I auditd : type=1400 audit(0.0:14526): avc: denied { kill } for comm="swapper/3" capability=5 scontext=u:r:kernel:s0 tcontext=u:r:kernel:s0 tclass=capability permissive=0
01-11 07:15:40.575 0 0 I auditd : type=1400 audit(0.0:14527): avc: denied { kill } for comm="swapper/3" capability=5 scontext=u:r:kernel:s0 tcontext=u:r:kernel:s0 tclass=capability permissive=0
01-11 07:15:41.575 0 0 I auditd : type=1400 audit(0.0:14528): avc: denied { kill } for comm="swapper/3" capability=5 scontext=u:r:kernel:s0 tcontext=u:r:kernel:s0 tclass=capability permissive=0
01-11 07:15:43.575 0 0 I auditd : type=1400 audit(0.0:14529): avc: denied { kill } for comm="swapper/3" capability=5 scontext=u:r:kernel:s0 tcontext=u:r:kernel:s0 tclass=capability permissive=0
01-11 07:15:44.575 0 0 I auditd : type=1400 audit(0.0:14530): avc: denied { kill } for comm="swapper/3" capability=5 scontext=u:r:kernel:s0 tcontext=u:r:kernel:s0 tclass=capability permissive=0
01-11 07:15:45.575 0 0 I auditd : type=1400 audit(0.0:14531): avc: denied { kill } for comm="swapper/3" capability=5 scontext=u:r:kernel:s0 tcontext=u:r:kernel:s0 tclass=capability permissive=0
01-11 07:15:46.575 0 0 I auditd : type=1400 audit(0.0:14532): avc: denied { kill } for comm="swapper/3" capability=5 scontext=u:r:kernel:s0 tcontext=u:r:kernel:s0 tclass=capability permissive=0
01-11 07:15:47.575 0 0 I auditd : type=1400 audit(0.0:14533): avc: denied { kill } for comm="swapper/3" capability=5 scontext=u:r:kernel:s0 tcontext=u:r:kernel:s0 tclass=capability permissive=0
01-11 07:15:48.575 0 0 I auditd : type=1400 audit(0.0:14534): avc: denied { kill } for comm="swapper/3" capability=5 scontext=u:r:kernel:s0 tcontext=u:r:kernel:s0 tclass=capability permissive=0
01-11 07:15:49.575 0 0 I auditd : type=1400 audit(0.0:14535): avc: denied { kill } for comm="swapper/3" capability=5 scontext=u:r:kernel:s0 tcontext=u:r:kernel:s0 tclass=capability permissive=0
01-11 07:15:50.575 0 0 I auditd : type=1400 audit(0.0:14536): avc: denied { kill } for comm="swapper/3" capability=5 scontext=u:r:kernel:s0 tcontext=u:r:kernel:s0 tclass=capability permissive=0
01-11 07:15:51.575 0 0 I auditd : type=1400 audit(0.0:14537): avc: denied { kill } for comm="swapper/3" capability=5 scontext=u:r:kernel:s0 tcontext=u:r:kernel:s0 tclass=capability permissive=0
01-11 07:15:52.575 0 0 I auditd : type=1400 audit(0.0:14538): avc: denied { kill } for comm="swapper/3" capability=5 scontext=u:r:kernel:s0 tcontext=u:r:kernel:s0 tclass=capability permissive=0
01-11 07:15:53.575 0 0 I auditd : type=1400 audit(0.0:14539): avc: denied { kill } for comm="swapper/3" capability=5 scontext=u:r:kernel:s0 tcontext=u:r:kernel:s0 tclass=capability permissive=0
01-11 07:15:54.222 1504 2012 I ntp_failure: [time.android.com,java.net.UnknownHostException: Unable to resolve host "time.android.com": No address associated with hostname]
01-11 07:15:54.575 0 0 I auditd : type=1400 audit(0.0:14540): avc: denied { kill } for comm="swapper/3" capability=5 scontext=u:r:kernel:s0 tcontext=u:r:kernel:s0 tclass=capability permissive=0
01-11 07:15:55.575 0 0 I auditd : type=1400 audit(0.0:14541): avc: denied { kill } for comm="swapper/3" capability=5 scontext=u:r:kernel:s0 tcontext=u:r:kernel:s0 tclass=capability permissive=0
01-11 07:15:56.575 0 0 I auditd : type=1400 audit(0.0:14542): avc: denied { kill } for comm="swapper/3" capability=5 scontext=u:r:kernel:s0 tcontext=u:r:kernel:s0 tclass=capability permissive=0
01-11 07:15:57.575 0 0 I auditd : type=1400 audit(0.0:14543): avc: denied { kill } for comm="swapper/3" capability=5 scontext=u:r:kernel:s0 tcontext=u:r:kernel:s0 tclass=capability permissive=0
01-11 07:15:58.575 0 0 I auditd : type=1400 audit(0.0:14544): avc: denied { kill } for comm="swapper/3" capability=5 scontext=u:r:kernel:s0 tcontext=u:r:kernel:s0 tclass=capability permissive=0
01-11 07:15:59.575 0 0 I auditd : type=1400 audit(0.0:14545): avc: denied { kill } for comm="swapper/3" capability=5 scontext=u:r:kernel:s0 tcontext=u:r:kernel:s0 tclass=capability permissive=0
01-11 07:16:00.238 1504 1633 I sysui_multi_action: [757,1696,758,6,759,2]
01-11 07:16:00.242 1504 1617 I am_wtf : [0,1504,system_server,-1,DisplayDeviceConfig,requesting nits when no mapping exists.]
01-11 07:16:00.246 1504 1617 I am_wtf : [0,1504,system_server,-1,DisplayDeviceConfig,requesting nits when no mapping exists.]
01-11 07:16:00.257 1504 1617 I am_wtf : [0,1504,system_server,-1,DisplayDeviceConfig,requesting nits when no mapping exists.]
01-11 07:16:00.260 1504 1617 I am_wtf : [0,1504,system_server,-1,DisplayDeviceConfig,requesting nits when no mapping exists.]
01-11 07:16:00.275 1504 1617 I am_wtf : [0,1504,system_server,-1,DisplayDeviceConfig,requesting nits when no mapping exists.]
01-11 07:16:00.277 1504 1617 I am_wtf : [0,1504,system_server,-1,DisplayDeviceConfig,requesting nits when no mapping exists.]
01-11 07:16:00.290 1504 1617 I am_wtf : [0,1504,system_server,-1,DisplayDeviceConfig,requesting nits when no mapping exists.]
01-11 07:16:00.291 1504 1617 I am_wtf : [0,1504,system_server,-1,DisplayDeviceConfig,requesting nits when no mapping exists.]
01-11 07:16:00.309 1504 1617 I am_wtf : [0,1504,system_server,-1,DisplayDeviceConfig,requesting nits when no mapping exists.]
01-11 07:16:00.310 1504 1617 I am_wtf : [0,1504,system_server,-1,DisplayDeviceConfig,requesting nits when no mapping exists.]
01-11 07:16:00.310 1504 1617 I service_manager_stats: [100,29,78303]
01-11 07:16:00.324 1504 1617 I am_wtf : [0,1504,system_server,-1,DisplayDeviceConfig,requesting nits when no mapping exists.]
01-11 07:16:00.325 1504 1617 I am_wtf : [0,1504,system_server,-1,DisplayDeviceConfig,requesting nits when no mapping exists.]
01-11 07:16:00.341 1504 1617 I am_wtf : [0,1504,system_server,-1,DisplayDeviceConfig,requesting nits when no mapping exists.]
01-11 07:16:00.342 1504 1617 I am_wtf : [0,1504,system_server,-1,DisplayDeviceConfig,requesting nits when no mapping exists.]
01-11 07:16:00.358 1504 1617 I am_wtf : [0,1504,system_server,-1,DisplayDeviceConfig,requesting nits when no mapping exists.]
01-11 07:16:00.359 1504 1617 I am_wtf : [0,1504,system_server,-1,DisplayDeviceConfig,requesting nits when no mapping exists.]
01-11 07:16:00.375 1504 1617 I am_wtf : [0,1504,system_server,-1,DisplayDeviceConfig,requesting nits when no mapping exists.]
01-11 07:16:00.376 1504 1617 I am_wtf : [0,1504,system_server,-1,DisplayDeviceConfig,requesting nits when no mapping exists.]
01-11 07:16:00.391 1504 1617 I am_wtf : [0,1504,system_server,-1,DisplayDeviceConfig,requesting nits when no mapping exists.]
01-11 07:16:00.392 1504 1617 I am_wtf : [0,1504,system_server,-1,DisplayDeviceConfig,requesting nits when no mapping exists.]
01-11 07:16:00.408 1504 1617 I am_wtf : [0,1504,system_server,-1,DisplayDeviceConfig,requesting nits when no mapping exists.]
01-11 07:16:00.409 1504 1617 I am_wtf : [0,1504,system_server,-1,DisplayDeviceConfig,requesting nits when no mapping exists.]
01-11 07:16:00.425 1504 1617 I am_wtf : [0,1504,system_server,-1,DisplayDeviceConfig,requesting nits when no mapping exists.]
01-11 07:16:00.426 1504 1617 I am_wtf : [0,1504,system_server,-1,DisplayDeviceConfig,requesting nits when no mapping exists.]
01-11 07:16:00.441 1504 1617 I am_wtf : [0,1504,system_server,-1,DisplayDeviceConfig,requesting nits when no mapping exists.]
01-11 07:16:00.442 1504 1617 I am_wtf : [0,1504,system_server,-1,DisplayDeviceConfig,requesting nits when no mapping exists.]
01-11 07:16:00.458 1504 1617 I am_wtf : [0,1504,system_server,-1,DisplayDeviceConfig,requesting nits when no mapping exists.]
01-11 07:16:00.459 1504 1617 I am_wtf : [0,1504,system_server,-1,DisplayDeviceConfig,requesting nits when no mapping exists.]
01-11 07:16:00.475 1504 1617 I am_wtf : [0,1504,system_server,-1,DisplayDeviceConfig,requesting nits when no mapping exists.]
01-11 07:16:00.476 1504 1617 I am_wtf : [0,1504,system_server,-1,DisplayDeviceConfig,requesting nits when no mapping exists.]
01-11 07:16:00.492 1504 1617 I am_wtf : [0,1504,system_server,-1,DisplayDeviceConfig,requesting nits when no mapping exists.]
01-11 07:16:00.493 1504 1617 I am_wtf : [0,1504,system_server,-1,DisplayDeviceConfig,requesting nits when no mapping exists.]
01-11 07:16:00.509 1504 1617 I am_wtf : [0,1504,system_server,-1,DisplayDeviceConfig,requesting nits when no mapping exists.]
01-11 07:16:00.510 1504 1617 I am_wtf : [0,1504,system_server,-1,DisplayDeviceConfig,requesting nits when no mapping exists.]
01-11 07:16:00.527 1504 1617 I am_wtf : [0,1504,system_server,-1,DisplayDeviceConfig,requesting nits when no mapping exists.]
01-11 07:16:00.528 1504 1617 I am_wtf : [0,1504,system_server,-1,DisplayDeviceConfig,requesting nits when no mapping exists.]
01-11 07:16:00.542 1504 1617 I am_wtf : [0,1504,system_server,-1,DisplayDeviceConfig,requesting nits when no mapping exists.]
01-11 07:16:00.543 1504 1617 I am_wtf : [0,1504,system_server,-1,DisplayDeviceConfig,requesting nits when no mapping exists.]
01-11 07:16:00.558 1504 1617 I am_wtf : [0,1504,system_server,-1,DisplayDeviceConfig,requesting nits when no mapping exists.]
01-11 07:16:00.560 1504 1617 I am_wtf : [0,1504,system_server,-1,DisplayDeviceConfig,requesting nits when no mapping exists.]
01-11 07:16:00.575 1504 1617 I am_wtf : [0,1504,system_server,-1,DisplayDeviceConfig,requesting nits when no mapping exists.]
01-11 07:16:00.576 1504 1617 I am_wtf : [0,1504,system_server,-1,DisplayDeviceConfig,requesting nits when no mapping exists.]
01-11 07:16:00.575 0 0 I auditd : type=1400 audit(0.0:14546): avc: denied { kill } for comm="swapper/3" capability=5 scontext=u:r:kernel:s0 tcontext=u:r:kernel:s0 tclass=capability permissive=0
01-11 07:16:00.591 1504 1617 I am_wtf : [0,1504,system_server,-1,DisplayDeviceConfig,requesting nits when no mapping exists.]
01-11 07:16:00.592 1504 1617 I am_wtf : [0,1504,system_server,-1,DisplayDeviceConfig,requesting nits when no mapping exists.]
01-11 07:16:00.609 1504 1617 I am_wtf : [0,1504,system_server,-1,DisplayDeviceConfig,requesting nits when no mapping exists.]
01-11 07:16:00.610 1504 1617 I am_wtf : [0,1504,system_server,-1,DisplayDeviceConfig,requesting nits when no mapping exists.]
01-11 07:16:00.627 1504 1617 I am_wtf : [0,1504,system_server,-1,DisplayDeviceConfig,requesting nits when no mapping exists.]
01-11 07:16:00.628 1504 1617 I am_wtf : [0,1504,system_server,-1,DisplayDeviceConfig,requesting nits when no mapping exists.]
01-11 07:16:00.642 1504 1617 I am_wtf : [0,1504,system_server,-1,DisplayDeviceConfig,requesting nits when no mapping exists.]
01-11 07:16:00.643 1504 1617 I am_wtf : [0,1504,system_server,-1,DisplayDeviceConfig,requesting nits when no mapping exists.]
01-11 07:16:00.658 1504 1617 I am_wtf : [0,1504,system_server,-1,DisplayDeviceConfig,requesting nits when no mapping exists.]
01-11 07:16:00.659 1504 1617 I am_wtf : [0,1504,system_server,-1,DisplayDeviceConfig,requesting nits when no mapping exists.]
01-11 07:16:00.675 1504 1617 I am_wtf : [0,1504,system_server,-1,DisplayDeviceConfig,requesting nits when no mapping exists.]
01-11 07:16:00.676 1504 1617 I am_wtf : [0,1504,system_server,-1,DisplayDeviceConfig,requesting nits when no mapping exists.]
01-11 07:16:00.692 1504 1617 I am_wtf : [0,1504,system_server,-1,DisplayDeviceConfig,requesting nits when no mapping exists.]
01-11 07:16:00.693 1504 1617 I am_wtf : [0,1504,system_server,-1,DisplayDeviceConfig,requesting nits when no mapping exists.]
01-11 07:16:00.709 1504 1617 I am_wtf : [0,1504,system_server,-1,DisplayDeviceConfig,requesting nits when no mapping exists.]
01-11 07:16:00.711 1504 1617 I am_wtf : [0,1504,system_server,-1,DisplayDeviceConfig,requesting nits when no mapping exists.]
01-11 07:16:00.726 1504 1617 I am_wtf : [0,1504,system_server,-1,DisplayDeviceConfig,requesting nits when no mapping exists.]
01-11 07:16:00.727 1504 1617 I am_wtf : [0,1504,system_server,-1,DisplayDeviceConfig,requesting nits when no mapping exists.]
01-11 07:16:00.742 1504 1617 I am_wtf : [0,1504,system_server,-1,DisplayDeviceConfig,requesting nits when no mapping exists.]
01-11 07:16:00.744 1504 1617 I am_wtf : [0,1504,system_server,-1,DisplayDeviceConfig,requesting nits when no mapping exists.]
01-11 07:16:00.759 1504 1617 I am_wtf : [0,1504,system_server,-1,DisplayDeviceConfig,requesting nits when no mapping exists.]
01-11 07:16:00.760 1504 1617 I am_wtf : [0,1504,system_server,-1,DisplayDeviceConfig,requesting nits when no mapping exists.]
01-11 07:16:00.776 1504 1617 I am_wtf : [0,1504,system_server,-1,DisplayDeviceConfig,requesting nits when no mapping exists.]
01-11 07:16:00.777 1504 1617 I am_wtf : [0,1504,system_server,-1,DisplayDeviceConfig,requesting nits when no mapping exists.]
01-11 07:16:00.793 1504 1617 I am_wtf : [0,1504,system_server,-1,DisplayDeviceConfig,requesting nits when no mapping exists.]
01-11 07:16:00.794 1504 1617 I am_wtf : [0,1504,system_server,-1,DisplayDeviceConfig,requesting nits when no mapping exists.]
01-11 07:16:00.809 1504 1617 I am_wtf : [0,1504,system_server,-1,DisplayDeviceConfig,requesting nits when no mapping exists.]
01-11 07:16:00.810 1504 1617 I am_wtf : [0,1504,system_server,-1,DisplayDeviceConfig,requesting nits when no mapping exists.]
01-11 07:16:00.828 1504 1617 I am_wtf : [0,1504,system_server,-1,DisplayDeviceConfig,requesting nits when no mapping exists.]
01-11 07:16:00.829 1504 1617 I am_wtf : [0,1504,system_server,-1,DisplayDeviceConfig,requesting nits when no mapping exists.]
01-11 07:16:00.843 1504 1617 I am_wtf : [0,1504,system_server,-1,DisplayDeviceConfig,requesting nits when no mapping exists.]
01-11 07:16:00.844 1504 1617 I am_wtf : [0,1504,system_server,-1,DisplayDeviceConfig,requesting nits when no mapping exists.]
01-11 07:16:00.860 1504 1617 I am_wtf : [0,1504,system_server,-1,DisplayDeviceConfig,requesting nits when no mapping exists.]
01-11 07:16:00.860 1504 1617 I am_wtf : [0,1504,system_server,-1,DisplayDeviceConfig,requesting nits when no mapping exists.]
01-11 07:16:00.876 1504 1617 I am_wtf : [0,1504,system_server,-1,DisplayDeviceConfig,requesting nits when no mapping exists.]
01-11 07:16:00.877 1504 1617 I am_wtf : [0,1504,system_server,-1,DisplayDeviceConfig,requesting nits when no mapping exists.]
01-11 07:16:00.893 1504 1617 I am_wtf : [0,1504,system_server,-1,DisplayDeviceConfig,requesting nits when no mapping exists.]
01-11 07:16:00.893 1504 1617 I am_wtf : [0,1504,system_server,-1,DisplayDeviceConfig,requesting nits when no mapping exists.]
01-11 07:16:00.909 1504 1617 I am_wtf : [0,1504,system_server,-1,DisplayDeviceConfig,requesting nits when no mapping exists.]
01-11 07:16:00.910 1504 1617 I am_wtf : [0,1504,system_server,-1,DisplayDeviceConfig,requesting nits when no mapping exists.]
01-11 07:16:00.926 1504 1617 I am_wtf : [0,1504,system_server,-1,DisplayDeviceConfig,requesting nits when no mapping exists.]
01-11 07:16:00.926 1504 1617 I am_wtf : [0,1504,system_server,-1,DisplayDeviceConfig,requesting nits when no mapping exists.]
01-11 07:16:00.943 1504 1617 I am_wtf : [0,1504,system_server,-1,DisplayDeviceConfig,requesting nits when no mapping exists.]
01-11 07:16:00.943 1504 1617 I am_wtf : [0,1504,system_server,-1,DisplayDeviceConfig,requesting nits when no mapping exists.]
01-11 07:16:00.959 1504 1617 I am_wtf : [0,1504,system_server,-1,DisplayDeviceConfig,requesting nits when no mapping exists.]
01-11 07:16:00.960 1504 1617 I am_wtf : [0,1504,system_server,-1,DisplayDeviceConfig,requesting nits when no mapping exists.]
01-11 07:16:00.978 1504 1617 I am_wtf : [0,1504,system_server,-1,DisplayDeviceConfig,requesting nits when no mapping exists.]
01-11 07:16:00.978 1504 1617 I am_wtf : [0,1504,system_server,-1,DisplayDeviceConfig,requesting nits when no mapping exists.]
01-11 07:16:00.993 1504 1617 I am_wtf : [0,1504,system_server,-1,DisplayDeviceConfig,requesting nits when no mapping exists.]
01-11 07:16:00.994 1504 1617 I am_wtf : [0,1504,system_server,-1,DisplayDeviceConfig,requesting nits when no mapping exists.]
01-11 07:16:01.010 1504 1617 I am_wtf : [0,1504,system_server,-1,DisplayDeviceConfig,requesting nits when no mapping exists.]
01-11 07:16:01.013 1504 1617 I am_wtf : [0,1504,system_server,-1,DisplayDeviceConfig,requesting nits when no mapping exists.]
01-11 07:16:01.028 1504 1617 I am_wtf : [0,1504,system_server,-1,DisplayDeviceConfig,requesting nits when no mapping exists.]
01-11 07:16:01.029 1504 1617 I am_wtf : [0,1504,system_server,-1,DisplayDeviceConfig,requesting nits when no mapping exists.]
01-11 07:16:01.043 1504 1617 I am_wtf : [0,1504,system_server,-1,DisplayDeviceConfig,requesting nits when no mapping exists.]
01-11 07:16:01.044 1504 1617 I am_wtf : [0,1504,system_server,-1,DisplayDeviceConfig,requesting nits when no mapping exists.]
01-11 07:16:01.060 1504 1617 I am_wtf : [0,1504,system_server,-1,DisplayDeviceConfig,requesting nits when no mapping exists.]
01-11 07:16:01.062 1504 1617 I am_wtf : [0,1504,system_server,-1,DisplayDeviceConfig,requesting nits when no mapping exists.]
01-11 07:16:01.077 1504 1617 I am_wtf : [0,1504,system_server,-1,DisplayDeviceConfig,requesting nits when no mapping exists.]
01-11 07:16:01.078 1504 1617 I am_wtf : [0,1504,system_server,-1,DisplayDeviceConfig,requesting nits when no mapping exists.]
01-11 07:16:01.094 1504 1617 I am_wtf : [0,1504,system_server,-1,DisplayDeviceConfig,requesting nits when no mapping exists.]
01-11 07:16:01.095 1504 1617 I am_wtf : [0,1504,system_server,-1,DisplayDeviceConfig,requesting nits when no mapping exists.]
01-11 07:16:01.110 1504 1617 I am_wtf : [0,1504,system_server,-1,DisplayDeviceConfig,requesting nits when no mapping exists.]
01-11 07:16:01.111 1504 1617 I am_wtf : [0,1504,system_server,-1,DisplayDeviceConfig,requesting nits when no mapping exists.]
01-11 07:16:01.128 1504 1617 I am_wtf : [0,1504,system_server,-1,DisplayDeviceConfig,requesting nits when no mapping exists.]
01-11 07:16:01.130 1504 1617 I am_wtf : [0,1504,system_server,-1,DisplayDeviceConfig,requesting nits when no mapping exists.]
01-11 07:16:01.146 1504 1617 I am_wtf : [0,1504,system_server,-1,DisplayDeviceConfig,requesting nits when no mapping exists.]
01-11 07:16:01.147 1504 1617 I am_wtf : [0,1504,system_server,-1,DisplayDeviceConfig,requesting nits when no mapping exists.]
01-11 07:16:01.159 1504 1617 I am_wtf : [0,1504,system_server,-1,DisplayDeviceConfig,requesting nits when no mapping exists.]
01-11 07:16:01.160 1504 1617 I am_wtf : [0,1504,system_server,-1,DisplayDeviceConfig,requesting nits when no mapping exists.]
01-11 07:16:01.175 1504 1617 I am_wtf : [0,1504,system_server,-1,DisplayDeviceConfig,requesting nits when no mapping exists.]
01-11 07:16:01.176 1504 1617 I am_wtf : [0,1504,system_server,-1,DisplayDeviceConfig,requesting nits when no mapping exists.]
01-11 07:16:01.193 1504 1617 I am_wtf : [0,1504,system_server,-1,DisplayDeviceConfig,requesting nits when no mapping exists.]
01-11 07:16:01.195 1504 1617 I am_wtf : [0,1504,system_server,-1,DisplayDeviceConfig,requesting nits when no mapping exists.]
01-11 07:16:01.575 0 0 I auditd : type=1400 audit(0.0:14547): avc: denied { kill } for comm="swapper/3" capability=5 scontext=u:r:kernel:s0 tcontext=u:r:kernel:s0 tclass=capability permissive=0
01-11 07:16:02.575 0 0 I auditd : type=1400 audit(0.0:14548): avc: denied { kill } for comm="swapper/3" capability=5 scontext=u:r:kernel:s0 tcontext=u:r:kernel:s0 tclass=capability permissive=0
01-11 07:16:03.575 0 0 I auditd : type=1400 audit(0.0:14549): avc: denied { kill } for comm="swapper/3" capability=5 scontext=u:r:kernel:s0 tcontext=u:r:kernel:s0 tclass=capability permissive=0
01-11 07:16:04.575 0 0 I auditd : type=1400 audit(0.0:14550): avc: denied { kill } for comm="swapper/3" capability=5 scontext=u:r:kernel:s0 tcontext=u:r:kernel:s0 tclass=capability permissive=0
01-11 07:16:05.575 0 0 I auditd : type=1400 audit(0.0:14551): avc: denied { kill } for comm="swapper/3" capability=5 scontext=u:r:kernel:s0 tcontext=u:r:kernel:s0 tclass=capability permissive=0
01-11 07:16:06.575 0 0 I auditd : type=1400 audit(0.0:14552): avc: denied { kill } for comm="swapper/3" capability=5 scontext=u:r:kernel:s0 tcontext=u:r:kernel:s0 tclass=capability permissive=0
01-11 07:16:07.480 1504 1606 I sysui_multi_action: [757,222,758,1]
01-11 07:16:07.493 1504 1616 I am_pss : [18729,10067,com.android.deskclock,8883200,6103040,0,95117312,0,19,9]
01-11 07:16:07.494 1504 1713 I wm_task_created: [155,-1]
01-11 07:16:07.499 1504 1713 I wm_task_moved: [155,1,10]
01-11 07:16:07.499 1504 1713 I wm_task_to_front: [0,155]
01-11 07:16:07.499 1504 1713 I wm_create_task: [0,155]
01-11 07:16:07.499 1504 1713 I wm_create_activity: [0,1738589,155,com.thundercomm.screensaver/android.service.dreams.DreamActivity,NULL,NULL,NULL,276824064]
01-11 07:16:07.499 1504 1713 I wm_task_moved: [155,1,10]
01-11 07:16:07.499 2545 2545 I wm_on_top_resumed_lost_called: [11415547,com.android.launcher3.uioverrides.QuickstepLauncher,topStateChangedWhenResumed]
01-11 07:16:07.500 1504 1713 I wm_pause_activity: [0,11415547,com.android.launcher3/.uioverrides.QuickstepLauncher,userLeaving=true,pauseBackTasks]
01-11 07:16:07.502 2545 2545 I wm_on_paused_called: [11415547,com.android.launcher3.uioverrides.QuickstepLauncher,performPause]
01-11 07:16:07.503 1504 12470 I wm_add_to_stopping: [0,11415547,com.android.launcher3/.uioverrides.QuickstepLauncher,makeInvisible]
01-11 07:16:07.503 1504 12470 I wm_restart_activity: [0,1738589,155,com.thundercomm.screensaver/android.service.dreams.DreamActivity]
01-11 07:16:07.504 1504 12470 I wm_set_resumed_activity: [0,com.thundercomm.screensaver/android.service.dreams.DreamActivity,minimalResumeActivityLocked]
01-11 07:16:07.507 1504 1609 I sysui_multi_action: [757,803,799,window_time_0,802,60]
01-11 07:16:07.508 15063 15063 I wm_on_create_called: [1738589,android.service.dreams.DreamActivity,performCreate]
01-11 07:16:07.508 15063 15063 I wm_on_start_called: [1738589,android.service.dreams.DreamActivity,handleStartActivity]
01-11 07:16:07.508 15063 15063 I wm_on_resume_called: [1738589,android.service.dreams.DreamActivity,RESUME_ACTIVITY]
01-11 07:16:07.510 15063 15063 I wm_on_top_resumed_gained_called: [1738589,android.service.dreams.DreamActivity,topStateChangedWhenResumed]
01-11 07:16:07.531 1504 1610 I input_focus: [Focus request 37d3c59 com.thundercomm.screensaver/android.service.dreams.DreamActivity,reason=UpdateInputWindows]
01-11 07:16:07.538 1504 1699 I input_focus: [Focus leaving c8c2ef0 com.android.launcher3/com.android.launcher3.uioverrides.QuickstepLauncher (server),reason=NO_WINDOW]
01-11 07:16:07.539 1504 1606 I sysui_multi_action: [319,46,322,45,325,11778,757,761,758,8,759,2,806,com.thundercomm.screensaver,871,android.service.dreams.DreamActivity,904,com.thundercomm.screensaver,905,0,1320,8,1321,5]
01-11 07:16:07.540 1504 1606 I wm_activity_launch_time: [0,1738589,com.thundercomm.screensaver/android.service.dreams.DreamActivity,45]
01-11 07:16:07.540 1504 1633 I sysui_multi_action: [757,1696,758,6,759,3]
01-11 07:16:07.553 1504 1617 I am_wtf : [0,1504,system_server,-1,DisplayDeviceConfig,requesting nits when no mapping exists.]
01-11 07:16:07.553 1504 1617 I service_manager_stats: [107,59,7243]
01-11 07:16:07.554 1504 1617 I am_wtf : [0,1504,system_server,-1,DisplayDeviceConfig,requesting nits when no mapping exists.]
01-11 07:16:07.565 1504 1617 I am_wtf : [0,1504,system_server,-1,DisplayDeviceConfig,requesting nits when no mapping exists.]
01-11 07:16:07.565 1504 1617 I am_wtf : [0,1504,system_server,-1,DisplayDeviceConfig,requesting nits when no mapping exists.]
01-11 07:16:07.577 1504 1617 I am_wtf : [0,1504,system_server,-1,DisplayDeviceConfig,requesting nits when no mapping exists.]
01-11 07:16:07.577 1504 1617 I am_wtf : [0,1504,system_server,-1,DisplayDeviceConfig,requesting nits when no mapping exists.]
01-11 07:16:07.578 1504 1699 I input_focus: [Focus entering 37d3c59 com.thundercomm.screensaver/android.service.dreams.DreamActivity (server),reason=Window became focusable. Previous reason: NOT_VISIBLE]
01-11 07:16:07.575 0 0 I auditd : type=1400 audit(0.0:14553): avc: denied { kill } for comm="swapper/3" capability=5 scontext=u:r:kernel:s0 tcontext=u:r:kernel:s0 tclass=capability permissive=0
01-11 07:16:07.594 1504 1617 I am_wtf : [0,1504,system_server,-1,DisplayDeviceConfig,requesting nits when no mapping exists.]
01-11 07:16:07.594 1504 1617 I am_wtf : [0,1504,system_server,-1,DisplayDeviceConfig,requesting nits when no mapping exists.]
01-11 07:16:07.610 1504 1617 I am_wtf : [0,1504,system_server,-1,DisplayDeviceConfig,requesting nits when no mapping exists.]
01-11 07:16:07.611 1504 1617 I am_wtf : [0,1504,system_server,-1,DisplayDeviceConfig,requesting nits when no mapping exists.]
01-11 07:16:07.627 1504 1617 I am_wtf : [0,1504,system_server,-1,DisplayDeviceConfig,requesting nits when no mapping exists.]
01-11 07:16:07.628 1504 1617 I am_wtf : [0,1504,system_server,-1,DisplayDeviceConfig,requesting nits when no mapping exists.]
01-11 07:16:07.644 1504 1617 I am_wtf : [0,1504,system_server,-1,DisplayDeviceConfig,requesting nits when no mapping exists.]
01-11 07:16:07.644 1504 1617 I am_wtf : [0,1504,system_server,-1,DisplayDeviceConfig,requesting nits when no mapping exists.]
01-11 07:16:07.661 1504 1617 I am_wtf : [0,1504,system_server,-1,DisplayDeviceConfig,requesting nits when no mapping exists.]
01-11 07:16:07.661 1504 1617 I am_wtf : [0,1504,system_server,-1,DisplayDeviceConfig,requesting nits when no mapping exists.]
01-11 07:16:07.677 1504 1617 I am_wtf : [0,1504,system_server,-1,DisplayDeviceConfig,requesting nits when no mapping exists.]
01-11 07:16:07.677 1504 1617 I am_wtf : [0,1504,system_server,-1,DisplayDeviceConfig,requesting nits when no mapping exists.]
01-11 07:16:07.694 1504 1617 I am_wtf : [0,1504,system_server,-1,DisplayDeviceConfig,requesting nits when no mapping exists.]
01-11 07:16:07.694 1504 1617 I am_wtf : [0,1504,system_server,-1,DisplayDeviceConfig,requesting nits when no mapping exists.]
01-11 07:16:07.711 1504 1617 I am_wtf : [0,1504,system_server,-1,DisplayDeviceConfig,requesting nits when no mapping exists.]
01-11 07:16:07.711 1504 1617 I am_wtf : [0,1504,system_server,-1,DisplayDeviceConfig,requesting nits when no mapping exists.]
01-11 07:16:07.727 1504 1617 I am_wtf : [0,1504,system_server,-1,DisplayDeviceConfig,requesting nits when no mapping exists.]
01-11 07:16:07.727 1504 1617 I am_wtf : [0,1504,system_server,-1,DisplayDeviceConfig,requesting nits when no mapping exists.]
01-11 07:16:07.744 1504 1617 I am_wtf : [0,1504,system_server,-1,DisplayDeviceConfig,requesting nits when no mapping exists.]
01-11 07:16:07.744 1504 1617 I am_wtf : [0,1504,system_server,-1,DisplayDeviceConfig,requesting nits when no mapping exists.]
01-11 07:16:07.760 1504 1617 I am_wtf : [0,1504,system_server,-1,DisplayDeviceConfig,requesting nits when no mapping exists.]
01-11 07:16:07.761 1504 1617 I am_wtf : [0,1504,system_server,-1,DisplayDeviceConfig,requesting nits when no mapping exists.]
01-11 07:16:07.778 1504 1617 I am_wtf : [0,1504,system_server,-1,DisplayDeviceConfig,requesting nits when no mapping exists.]
01-11 07:16:07.778 1504 1617 I am_wtf : [0,1504,system_server,-1,DisplayDeviceConfig,requesting nits when no mapping exists.]
01-11 07:16:07.794 1504 1617 I am_wtf : [0,1504,system_server,-1,DisplayDeviceConfig,requesting nits when no mapping exists.]
01-11 07:16:07.795 1504 1617 I am_wtf : [0,1504,system_server,-1,DisplayDeviceConfig,requesting nits when no mapping exists.]
01-11 07:16:07.811 1504 1617 I am_wtf : [0,1504,system_server,-1,DisplayDeviceConfig,requesting nits when no mapping exists.]
01-11 07:16:07.812 1504 1617 I am_wtf : [0,1504,system_server,-1,DisplayDeviceConfig,requesting nits when no mapping exists.]
01-11 07:16:07.828 1504 1617 I am_wtf : [0,1504,system_server,-1,DisplayDeviceConfig,requesting nits when no mapping exists.]
01-11 07:16:07.828 1504 1617 I am_wtf : [0,1504,system_server,-1,DisplayDeviceConfig,requesting nits when no mapping exists.]
01-11 07:16:07.844 1504 1617 I am_wtf : [0,1504,system_server,-1,DisplayDeviceConfig,requesting nits when no mapping exists.]
01-11 07:16:07.845 1504 1617 I am_wtf : [0,1504,system_server,-1,DisplayDeviceConfig,requesting nits when no mapping exists.]
01-11 07:16:07.846 1504 1609 I wm_stop_activity: [0,11415547,com.android.launcher3/.uioverrides.QuickstepLauncher]
01-11 07:16:07.861 1504 1617 I am_wtf : [0,1504,system_server,-1,DisplayDeviceConfig,requesting nits when no mapping exists.]
01-11 07:16:07.861 1504 1617 I am_wtf : [0,1504,system_server,-1,DisplayDeviceConfig,requesting nits when no mapping exists.]
01-11 07:16:07.864 2545 2545 I wm_on_stop_called: [11415547,com.android.launcher3.uioverrides.QuickstepLauncher,STOP_ACTIVITY_ITEM]
01-11 07:16:07.877 1504 1617 I am_wtf : [0,1504,system_server,-1,DisplayDeviceConfig,requesting nits when no mapping exists.]
01-11 07:16:07.878 1504 1617 I am_wtf : [0,1504,system_server,-1,DisplayDeviceConfig,requesting nits when no mapping exists.]
01-11 07:16:07.894 1504 1617 I am_wtf : [0,1504,system_server,-1,DisplayDeviceConfig,requesting nits when no mapping exists.]
01-11 07:16:07.895 1504 1617 I am_wtf : [0,1504,system_server,-1,DisplayDeviceConfig,requesting nits when no mapping exists.]
01-11 07:16:07.910 1504 1617 I am_wtf : [0,1504,system_server,-1,DisplayDeviceConfig,requesting nits when no mapping exists.]
01-11 07:16:07.911 1504 1617 I am_wtf : [0,1504,system_server,-1,DisplayDeviceConfig,requesting nits when no mapping exists.]
01-11 07:16:07.925 1504 1617 I am_wtf : [0,1504,system_server,-1,DisplayDeviceConfig,requesting nits when no mapping exists.]
01-11 07:16:07.925 1504 1617 I am_wtf : [0,1504,system_server,-1,DisplayDeviceConfig,requesting nits when no mapping exists.]
01-11 07:16:07.942 1504 1617 I am_wtf : [0,1504,system_server,-1,DisplayDeviceConfig,requesting nits when no mapping exists.]
01-11 07:16:07.942 1504 1617 I am_wtf : [0,1504,system_server,-1,DisplayDeviceConfig,requesting nits when no mapping exists.]
01-11 07:16:07.959 1504 1617 I am_wtf : [0,1504,system_server,-1,DisplayDeviceConfig,requesting nits when no mapping exists.]
01-11 07:16:07.959 1504 1617 I am_wtf : [0,1504,system_server,-1,DisplayDeviceConfig,requesting nits when no mapping exists.]
01-11 07:16:07.975 1504 1617 I am_wtf : [0,1504,system_server,-1,DisplayDeviceConfig,requesting nits when no mapping exists.]
01-11 07:16:07.976 1504 1617 I am_wtf : [0,1504,system_server,-1,DisplayDeviceConfig,requesting nits when no mapping exists.]
01-11 07:16:07.992 1504 1617 I am_wtf : [0,1504,system_server,-1,DisplayDeviceConfig,requesting nits when no mapping exists.]
01-11 07:16:07.992 1504 1617 I am_wtf : [0,1504,system_server,-1,DisplayDeviceConfig,requesting nits when no mapping exists.]
01-11 07:16:08.009 1504 1617 I am_wtf : [0,1504,system_server,-1,DisplayDeviceConfig,requesting nits when no mapping exists.]
01-11 07:16:08.009 1504 1617 I am_wtf : [0,1504,system_server,-1,DisplayDeviceConfig,requesting nits when no mapping exists.]
01-11 07:16:08.026 1504 1617 I am_wtf : [0,1504,system_server,-1,DisplayDeviceConfig,requesting nits when no mapping exists.]
01-11 07:16:08.026 1504 1617 I am_wtf : [0,1504,system_server,-1,DisplayDeviceConfig,requesting nits when no mapping exists.]
01-11 07:16:08.042 1504 1617 I am_wtf : [0,1504,system_server,-1,DisplayDeviceConfig,requesting nits when no mapping exists.]
01-11 07:16:08.043 1504 1617 I am_wtf : [0,1504,system_server,-1,DisplayDeviceConfig,requesting nits when no mapping exists.]
01-11 07:16:08.059 1504 1617 I am_wtf : [0,1504,system_server,-1,DisplayDeviceConfig,requesting nits when no mapping exists.]
01-11 07:16:08.059 1504 1617 I am_wtf : [0,1504,system_server,-1,DisplayDeviceConfig,requesting nits when no mapping exists.]
01-11 07:16:08.075 1504 1617 I am_wtf : [0,1504,system_server,-1,DisplayDeviceConfig,requesting nits when no mapping exists.]
01-11 07:16:08.076 1504 1617 I am_wtf : [0,1504,system_server,-1,DisplayDeviceConfig,requesting nits when no mapping exists.]
01-11 07:16:08.092 1504 1617 I am_wtf : [0,1504,system_server,-1,DisplayDeviceConfig,requesting nits when no mapping exists.]
01-11 07:16:08.093 1504 1617 I am_wtf : [0,1504,system_server,-1,DisplayDeviceConfig,requesting nits when no mapping exists.]
01-11 07:16:08.109 1504 1617 I am_wtf : [0,1504,system_server,-1,DisplayDeviceConfig,requesting nits when no mapping exists.]
01-11 07:16:08.109 1504 1617 I am_wtf : [0,1504,system_server,-1,DisplayDeviceConfig,requesting nits when no mapping exists.]
01-11 07:16:08.126 1504 1617 I am_wtf : [0,1504,system_server,-1,DisplayDeviceConfig,requesting nits when no mapping exists.]
01-11 07:16:08.126 1504 1617 I am_wtf : [0,1504,system_server,-1,DisplayDeviceConfig,requesting nits when no mapping exists.]
01-11 07:16:08.142 1504 1617 I am_wtf : [0,1504,system_server,-1,DisplayDeviceConfig,requesting nits when no mapping exists.]
01-11 07:16:08.143 1504 1617 I am_wtf : [0,1504,system_server,-1,DisplayDeviceConfig,requesting nits when no mapping exists.]
01-11 07:16:08.159 1504 1617 I am_wtf : [0,1504,system_server,-1,DisplayDeviceConfig,requesting nits when no mapping exists.]
01-11 07:16:08.159 1504 1617 I am_wtf : [0,1504,system_server,-1,DisplayDeviceConfig,requesting nits when no mapping exists.]
01-11 07:16:08.176 1504 1617 I am_wtf : [0,1504,system_server,-1,DisplayDeviceConfig,requesting nits when no mapping exists.]
01-11 07:16:08.176 1504 1617 I am_wtf : [0,1504,system_server,-1,DisplayDeviceConfig,requesting nits when no mapping exists.]
01-11 07:16:08.192 1504 1617 I am_wtf : [0,1504,system_server,-1,DisplayDeviceConfig,requesting nits when no mapping exists.]
