01-11 06:59:44.051 1504 3032 I wm_set_resumed_activity: [0,com.android.packageinstaller/.InstallInstalling,minimalResumeActivityLocked]
01-11 06:59:44.054 1504 1609 I sysui_multi_action: [757,803,799,window_time_0,802,2]
01-11 06:59:44.075 9460 9460 I wm_on_create_called: [141167254,com.android.packageinstaller.InstallInstalling,performCreate]
01-11 06:59:44.075 9460 9460 I wm_on_start_called: [141167254,com.android.packageinstaller.InstallInstalling,handleStartActivity]
01-11 06:59:44.082 1504 1699 I input_focus: [Focus leaving e3cdbe6 com.android.packageinstaller/com.android.packageinstaller.PackageInstallerActivity (server),reason=NO_WINDOW]
01-11 06:59:44.096 1504 1608 I commit_sys_config_file: [package-session,10786629]
01-11 06:59:44.096 9460 9460 I wm_on_resume_called: [141167254,com.android.packageinstaller.InstallInstalling,RESUME_ACTIVITY]
01-11 06:59:44.098 9460 9460 I wm_on_top_resumed_gained_called: [141167254,com.android.packageinstaller.InstallInstalling,topStateChangedWhenResumed]
01-11 06:59:44.102 1504 1608 I commit_sys_config_file: [package-session,10786636]
01-11 06:59:44.104 1504 1610 I input_focus: [Focus request f7fd66e com.android.packageinstaller/com.android.packageinstaller.InstallInstalling,reason=UpdateInputWindows]
01-11 06:59:44.111 1504 1606 I wm_activity_launch_time: [0,141167254,com.android.packageinstaller/.InstallInstalling,67]
01-11 06:59:44.113 1504 1609 I wm_destroy_activity: [0,221624630,140,com.android.packageinstaller/.PackageInstallerActivity,finish-imm:transit]
01-11 06:59:44.117 9460 9460 I wm_on_stop_called: [221624630,com.android.packageinstaller.PackageInstallerActivity,LIFECYCLER_STOP_ACTIVITY]
01-11 06:59:44.118 9460 9460 I wm_on_destroy_called: [221624630,com.android.packageinstaller.PackageInstallerActivity,performDestroy]
01-11 06:59:44.117 1504 1699 I input_focus: [Focus entering f7fd66e com.android.packageinstaller/com.android.packageinstaller.InstallInstalling (server),reason=setFocusedWindow]
01-11 06:59:44.484 1504 1661 I commit_sys_config_file: [package-session,10787018]
01-11 06:59:44.575 13603 13603 I auditd : type=1400 audit(0.0:13339): avc: denied { kill } for comm="kworker/u17:1" capability=5 scontext=u:r:kernel:s0 tcontext=u:r:kernel:s0 tclass=capability permissive=0
01-11 06:59:45.079 13728 13728 I auditd : type=1400 audit(0.0:13340): avc: granted { nlmsg_readpriv } for comm="REPORT" scontext=u:r:untrusted_app_27:s0:c512,c768 tcontext=u:r:untrusted_app_27:s0:c512,c768 tclass=netlink_route_socket app=com.tencent.android.qqdownloader
01-11 06:59:45.087 13728 13728 I auditd : type=1400 audit(0.0:13341): avc: granted { nlmsg_readpriv } for comm="REPORT" scontext=u:r:untrusted_app_27:s0:c512,c768 tcontext=u:r:untrusted_app_27:s0:c512,c768 tclass=netlink_route_socket app=com.tencent.android.qqdownloader
01-11 06:59:45.370 1504 1617 I am_kill : [0,13724,com.microsoft.emmx,900,stop com.microsoft.emmx due to installPackageLI]
01-11 06:59:45.374 1504 1617 I am_kill : [0,15622,com.microsoft.emmx:sandboxed_process0:org.chromium.content.app.SandboxedProcessService0:2,0,isolated not needed]
01-11 06:59:45.376 1504 1617 I am_kill : [0,15502,com.microsoft.emmx:sandboxed_process0:org.chromium.content.app.SandboxedProcessService0:0,0,isolated not needed]
01-11 06:59:45.380 1504 1617 I wm_finish_activity: [0,60892491,137,com.microsoft.emmx/com.microsoft.ruby.Main,proc died without state saved]
01-11 06:59:45.389 1504 1617 I wm_task_removed: [137,removeChild:removeChild last r=ActivityRecord{3a1254b u0 com.microsoft.emmx/com.microsoft.ruby.Main t-1 f}} in t=Task{1716e72 #137 type=standard A=10031:com.microsoft.emmx U=0 visible=false mode=fullscreen translucent=true sz=0}]
01-11 06:59:45.389 1504 1617 I wm_task_removed: [137,removeChild]
01-11 06:59:45.392 1504 1617 I am_uid_stopped: 10031
01-11 06:59:45.396 1504 1641 I commit_sys_config_file: [package-user-0,1]
01-11 06:59:45.396 1504 1641 I commit_sys_config_file: [package,17]
01-11 06:59:45.397 1504 1617 I am_kill : [0,15503,com.microsoft.emmx:privileged_process0,0,stop com.microsoft.emmx due to installPackageLI]
01-11 06:59:45.399 1504 1617 I am_wtf : [0,1504,system_server,-1,ProcessStats,Executing service ServiceState{30f1be8 org.chromium.content.app.SandboxedProcessService0 pkg=com.microsoft.emmx proc=55fc201} without owner]
01-11 06:59:45.401 1504 1617 I am_wtf : [0,1504,system_server,-1,ProcessStats,Binding service ServiceState{30f1be8 org.chromium.content.app.SandboxedProcessService0 pkg=com.microsoft.emmx proc=55fc201} without owner]
01-11 06:59:45.402 1504 1617 I am_wtf : [0,1504,system_server,-1,ProcessStats,Starting service ServiceState{30f1be8 org.chromium.content.app.SandboxedProcessService0 pkg=com.microsoft.emmx proc=55fc201} without owner]
01-11 06:59:45.404 1504 1617 I am_wtf : [0,1504,system_server,-1,ProcessStats,Binding service ServiceState{30f1be8 org.chromium.content.app.SandboxedProcessService0 pkg=com.microsoft.emmx proc=55fc201} without owner]
01-11 06:59:45.405 1504 1617 I am_wtf : [0,1504,system_server,-1,ProcessStats,Executing service ServiceState{30f1be8 org.chromium.content.app.SandboxedProcessService0 pkg=com.microsoft.emmx proc=55fc201} without owner]
01-11 06:59:45.405 1504 1617 I am_wtf : [0,1504,system_server,-1,ProcessStats,Binding service ServiceState{30f1be8 org.chromium.content.app.SandboxedProcessService0 pkg=com.microsoft.emmx proc=55fc201} without owner]
01-11 06:59:45.406 1504 1617 I am_wtf : [0,1504,system_server,-1,ProcessStats,Starting service ServiceState{30f1be8 org.chromium.content.app.SandboxedProcessService0 pkg=com.microsoft.emmx proc=55fc201} without owner]
01-11 06:59:45.406 1504 1617 I am_wtf : [0,1504,system_server,-1,ProcessStats,Binding service ServiceState{30f1be8 org.chromium.content.app.SandboxedProcessService0 pkg=com.microsoft.emmx proc=55fc201} without owner]
01-11 06:59:45.453 1504 1713 I am_proc_died: [0,15622,com.microsoft.emmx:sandboxed_process0:org.chromium.content.app.SandboxedProcessService0:2,0,10]
01-11 06:59:45.454 1504 1713 I am_uid_stopped: 90002
01-11 06:59:45.485 1504 1713 I am_proc_died: [0,15502,com.microsoft.emmx:sandboxed_process0:org.chromium.content.app.SandboxedProcessService0:0,0,10]
01-11 06:59:45.485 1504 1713 I am_uid_stopped: 90000
01-11 06:59:45.575 0 0 I auditd : type=1400 audit(0.0:13342): avc: denied { kill } for comm="swapper/4" capability=5 scontext=u:r:kernel:s0 tcontext=u:r:kernel:s0 tclass=capability permissive=0
01-11 06:59:46.575 0 0 I auditd : type=1400 audit(0.0:13343): avc: denied { kill } for comm="swapper/4" capability=5 scontext=u:r:kernel:s0 tcontext=u:r:kernel:s0 tclass=capability permissive=0
01-11 06:59:46.640 1504 1641 I unknown_sources_enabled: 1
01-11 06:59:46.635 1504 1504 I auditd : type=1400 audit(0.0:13344): avc: denied { getpgid } for comm="PackageManager" scontext=u:r:system_server:s0 tcontext=u:r:app_zygote:s0:c512,c768 tclass=process permissive=0
01-11 06:59:46.635 1504 1504 I auditd : type=1400 audit(0.0:13345): avc: denied { getpgid } for comm="PackageManager" scontext=u:r:system_server:s0 tcontext=u:r:app_zygote:s0:c512,c768 tclass=process permissive=0
01-11 06:59:46.639 1504 1504 I auditd : type=1400 audit(0.0:13346): avc: denied { getpgid } for comm="PackageManager" scontext=u:r:system_server:s0 tcontext=u:r:app_zygote:s0:c512,c768 tclass=process permissive=0
01-11 06:59:46.639 1504 1504 I auditd : type=1400 audit(0.0:13347): avc: denied { getpgid } for comm="PackageManager" scontext=u:r:system_server:s0 tcontext=u:r:app_zygote:s0:c512,c768 tclass=process permissive=0
01-11 06:59:46.686 13728 13728 I force_gc: bg
01-11 06:59:46.687 2545 2545 I force_gc: bg
01-11 06:59:46.687 1958 1958 I force_gc: bg
01-11 06:59:46.687 13723 13723 I force_gc: bg
01-11 06:59:46.695 1504 1661 I commit_sys_config_file: [package-session,10789228]
01-11 06:59:46.758 13728 13728 I force_gc: bg
01-11 06:59:46.780 1504 2018 I wm_task_moved: [140,1,8]
01-11 06:59:46.780 1504 2018 I wm_set_resumed_activity: [0,com.android.packageinstaller/.InstallInstalling,positionChildAt]
01-11 06:59:46.781 1504 2018 I wm_create_activity: [0,107110663,140,com.android.packageinstaller/.InstallSuccess,NULL,NULL,file:///data/user_de/0/com.android.packageinstaller/no_backup/package3807721527856596570.apk,33554432]
01-11 06:59:46.782 1504 2018 I wm_pause_activity: [0,141167254,com.android.packageinstaller/.InstallInstalling,userLeaving=true,resumeTopActivityInnerLocked]
01-11 06:59:46.786 1504 3032 I wm_finish_activity: [0,141167254,140,com.android.packageinstaller/.InstallInstalling,app-request]
01-11 06:59:46.787 9460 9460 I wm_on_top_resumed_lost_called: [141167254,com.android.packageinstaller.InstallInstalling,topStateChangedWhenResumed]
01-11 06:59:46.787 9460 9460 I wm_on_paused_called: [141167254,com.android.packageinstaller.InstallInstalling,performPause]
01-11 06:59:46.787 1504 3032 I wm_add_to_stopping: [0,141167254,com.android.packageinstaller/.InstallInstalling,completeFinishing]
01-11 06:59:46.793 1504 3032 I wm_restart_activity: [0,107110663,140,com.android.packageinstaller/.InstallSuccess]
01-11 06:59:46.795 1504 1504 I notification_cancel_all: [1000,1504,com.microsoft.emmx,0,0,0,5,NULL]
01-11 06:59:46.798 1504 1504 I notification_cancel_all: [1000,1504,com.microsoft.emmx,0,0,0,5,NULL]
01-11 06:59:46.800 1504 3032 I wm_set_resumed_activity: [0,com.android.packageinstaller/.InstallSuccess,minimalResumeActivityLocked]
01-11 06:59:46.820 1504 2018 I am_uid_running: 10031
01-11 06:59:46.821 1504 1609 I sysui_multi_action: [757,803,799,window_time_0,802,3]
01-11 06:59:46.822 1504 1699 I input_focus: [Focus leaving f7fd66e com.android.packageinstaller/com.android.packageinstaller.InstallInstalling (server),reason=NO_WINDOW]
01-11 06:59:46.823 9460 9460 I wm_on_create_called: [107110663,com.android.packageinstaller.InstallSuccess,performCreate]
01-11 06:59:46.824 9460 9460 I wm_on_start_called: [107110663,com.android.packageinstaller.InstallSuccess,handleStartActivity]
01-11 06:59:46.828 9460 9460 I wm_on_resume_called: [107110663,com.android.packageinstaller.InstallSuccess,RESUME_ACTIVITY]
01-11 06:59:46.835 9460 9460 I wm_on_top_resumed_gained_called: [107110663,com.android.packageinstaller.InstallSuccess,topStateChangedWhenResumed]
01-11 06:59:46.839 1504 1618 I am_proc_start: [0,16454,10031,com.microsoft.emmx,broadcast,{com.microsoft.emmx/org.chromium.chrome.browser.upgrade.PackageReplacedBroadcastReceiver}]
01-11 06:59:46.843 1504 1610 I input_focus: [Focus request 8e0ac8b com.android.packageinstaller/com.android.packageinstaller.InstallSuccess,reason=UpdateInputWindows]
01-11 06:59:46.869 1504 1606 I wm_activity_launch_time: [0,107110663,com.android.packageinstaller/.InstallSuccess,104]
01-11 06:59:46.872 1504 1609 I wm_destroy_activity: [0,141167254,140,com.android.packageinstaller/.InstallInstalling,finish-imm:transit]
01-11 06:59:46.876 9460 9460 I wm_on_stop_called: [141167254,com.android.packageinstaller.InstallInstalling,LIFECYCLER_STOP_ACTIVITY]
01-11 06:59:46.877 9460 9460 I wm_on_destroy_called: [141167254,com.android.packageinstaller.InstallInstalling,performDestroy]
01-11 06:59:46.879 1504 2018 I am_proc_bound: [0,16454,com.microsoft.emmx]
01-11 06:59:46.887 1504 2018 I am_uid_active: 10031
01-11 06:59:46.892 1504 1699 I input_focus: [Focus entering 8e0ac8b com.android.packageinstaller/com.android.packageinstaller.InstallSuccess (server),reason=Window became focusable. Previous reason: NOT_VISIBLE]
01-11 06:59:47.154 1504 1504 I notification_cancel_all: [1000,1504,com.microsoft.emmx,0,0,0,20,NULL]
01-11 06:59:47.154 1504 1504 I notification_cancel_all: [1000,1504,com.microsoft.emmx,0,0,0,20,NULL]
01-11 06:59:47.154 1504 1504 I notification_cancel_all: [1000,1504,com.microsoft.emmx,0,0,0,20,NULL]
01-11 06:59:47.154 1504 1504 I notification_cancel_all: [1000,1504,com.microsoft.emmx,0,0,0,20,NULL]
01-11 06:59:47.155 1504 1504 I notification_cancel_all: [1000,1504,com.microsoft.emmx,0,0,0,20,NULL]
01-11 06:59:47.156 1504 2018 I sysui_multi_action: [757,856,758,2,806,com.microsoft.emmx,857,breaking_news,858,3]
01-11 06:59:47.157 1504 2018 I sysui_multi_action: [757,856,758,2,806,com.microsoft.emmx,857,top_story,858,3]
01-11 06:59:47.157 1504 2018 I sysui_multi_action: [757,856,758,2,806,com.microsoft.emmx,857,daily_brief,858,3]
01-11 06:59:47.158 1504 1504 I notification_cancel_all: [1000,1504,com.microsoft.emmx,0,0,0,20,NULL]
01-11 06:59:47.158 1504 1504 I notification_cancel_all: [1000,1504,com.microsoft.emmx,0,0,0,20,NULL]
01-11 06:59:47.158 1504 1504 I notification_cancel_all: [1000,1504,com.microsoft.emmx,0,0,0,20,NULL]
01-11 06:59:47.158 1504 1504 I notification_cancel_all: [1000,1504,com.microsoft.emmx,0,0,0,20,NULL]
01-11 06:59:47.158 1504 1504 I notification_cancel_all: [1000,1504,com.microsoft.emmx,0,0,0,20,NULL]
01-11 06:59:47.158 1504 1504 I notification_cancel_all: [1000,1504,com.microsoft.emmx,0,0,0,20,NULL]
01-11 06:59:47.158 1504 1504 I notification_cancel_all: [1000,1504,com.microsoft.emmx,0,0,0,20,NULL]
01-11 06:59:47.158 1504 1504 I notification_cancel_all: [1000,1504,com.microsoft.emmx,0,0,0,20,NULL]
01-11 06:59:47.158 1504 1504 I notification_cancel_all: [1000,1504,com.microsoft.emmx,0,0,0,20,NULL]
01-11 06:59:47.167 1504 3032 I sysui_multi_action: [757,856,758,1,806,com.microsoft.emmx,857,BreakingNews,858,3]
01-11 06:59:47.168 1504 3032 I sysui_multi_action: [757,856,758,1,806,com.microsoft.emmx,857,TopStory,858,3]
01-11 06:59:47.169 1504 3032 I sysui_multi_action: [757,856,758,1,806,com.microsoft.emmx,857,DailyBrief,858,3]
01-11 06:59:47.414 1504 1608 I commit_sys_config_file: [notification-policy,10789904]
01-11 06:59:48.575 0 0 I auditd : type=1400 audit(0.0:13361): avc: denied { kill } for comm="swapper/4" capability=5 scontext=u:r:kernel:s0 tcontext=u:r:kernel:s0 tclass=capability permissive=0
01-11 06:59:48.817 1504 1699 I input_interaction: Interaction with: 8e0ac8b com.android.packageinstaller/com.android.packageinstaller.InstallSuccess (server), edge-swipe (server), swipe-up (server), PointerEventDispatcher0 (server),
01-11 06:59:48.847 560 560 I auditd : type=1400 audit(0.0:13362): avc: denied { read } for comm="Binder:560_2" name="wakeup58" dev="sysfs" ino=71687 scontext=u:r:system_suspend:s0 tcontext=u:object_r:sysfs:s0 tclass=dir permissive=0
01-11 06:59:48.847 560 560 I auditd : type=1400 audit(0.0:13363): avc: denied { read } for comm="Binder:560_2" name="wakeup48" dev="sysfs" ino=67386 scontext=u:r:system_suspend:s0 tcontext=u:object_r:sysfs:s0 tclass=dir permissive=0
01-11 06:59:48.847 560 560 I auditd : type=1400 audit(0.0:13364): avc: denied { read } for comm="Binder:560_2" name="wakeup4" dev="sysfs" ino=47032 scontext=u:r:system_suspend:s0 tcontext=u:object_r:sysfs:s0 tclass=dir permissive=0
01-11 06:59:48.847 560 560 I auditd : type=1400 audit(0.0:13365): avc: denied { read } for comm="Binder:560_2" name="wakeup76" dev="sysfs" ino=76549 scontext=u:r:system_suspend:s0 tcontext=u:object_r:sysfs:s0 tclass=dir permissive=0
01-11 06:59:48.891 1504 1616 I commit_sys_config_file: [batterystats,6]
01-11 06:59:48.893 1504 1616 I commit_sys_config_file: [batterystats,1]
01-11 06:59:48.940 1504 2018 I wm_task_created: [141,-1]
01-11 06:59:48.943 1504 2018 I service_manager_stats: [100,73,6508]
01-11 06:59:48.944 1504 2018 I wm_task_moved: [141,1,9]
01-11 06:59:48.944 1504 2018 I wm_task_to_front: [0,141]
01-11 06:59:48.944 1504 2018 I wm_create_task: [0,141]
01-11 06:59:48.944 1504 2018 I wm_create_activity: [0,168207779,141,com.microsoft.emmx/com.microsoft.ruby.Main,android.intent.action.MAIN,NULL,NULL,268435456]
01-11 06:59:48.944 1504 2018 I wm_task_moved: [141,1,9]
01-11 06:59:48.945 1504 2018 I wm_pause_activity: [0,107110663,com.android.packageinstaller/.InstallSuccess,userLeaving=true,pauseBackTasks]
01-11 06:59:48.947 1504 2061 I wm_finish_activity: [0,107110663,140,com.android.packageinstaller/.InstallSuccess,app-request]
01-11 06:59:48.948 9460 9460 I wm_on_top_resumed_lost_called: [107110663,com.android.packageinstaller.InstallSuccess,topStateChangedWhenResumed]
01-11 06:59:48.949 9460 9460 I wm_on_paused_called: [107110663,com.android.packageinstaller.InstallSuccess,performPause]
01-11 06:59:48.949 1504 3032 I wm_add_to_stopping: [0,107110663,com.android.packageinstaller/.InstallSuccess,completeFinishing]
01-11 06:59:48.951 1504 3032 I wm_add_to_stopping: [0,252476510,com.android.packageinstaller/.DeleteStagedFileOnResult,makeInvisible]
01-11 06:59:48.951 1504 3032 I wm_add_to_stopping: [0,27560040,com.tencent.android.qqdownloader/com.tencent.pangu.activity.InstallerListenerActivity,makeInvisible]
01-11 06:59:48.951 1504 3032 I wm_add_to_stopping: [0,22894037,com.tencent.android.qqdownloader/com.tencent.nucleus.search.SearchActivity,makeInvisible]
01-11 06:59:48.951 1504 3032 I wm_add_to_stopping: [0,141535941,com.tencent.android.qqdownloader/com.tencent.assistantv2.activity.MainActivity,makeInvisible]
01-11 06:59:48.951 1504 3032 I wm_restart_activity: [0,168207779,141,com.microsoft.emmx/com.microsoft.ruby.Main]
01-11 06:59:48.952 1504 3032 I wm_set_resumed_activity: [0,com.microsoft.emmx/com.microsoft.ruby.Main,minimalResumeActivityLocked]
01-11 06:59:48.956 1504 1609 I sysui_multi_action: [757,803,799,window_time_0,802,2]
01-11 06:59:48.965 1504 1699 I input_focus: [Focus leaving 8e0ac8b com.android.packageinstaller/com.android.packageinstaller.InstallSuccess (server),reason=NO_WINDOW]
01-11 06:59:49.094 16454 16454 I wm_on_create_called: [168207779,com.microsoft.ruby.Main,performCreate]
01-11 06:59:49.098 16454 16454 I wm_on_start_called: [168207779,com.microsoft.ruby.Main,handleStartActivity]
01-11 06:59:49.103 16454 16454 I wm_on_resume_called: [168207779,com.microsoft.ruby.Main,RESUME_ACTIVITY]
01-11 06:59:49.108 16454 16454 I wm_on_top_resumed_gained_called: [168207779,com.microsoft.ruby.Main,topStateChangedWhenResumed]
01-11 06:59:49.110 1504 6576 I am_uid_running: 90000
01-11 06:59:49.117 1504 1610 I input_focus: [Focus request ba6475c com.microsoft.emmx/com.microsoft.ruby.Main,reason=UpdateInputWindows]
01-11 06:59:49.220 1504 1618 I am_proc_start: [0,16594,90000,com.microsoft.emmx:sandboxed_process0:org.chromium.content.app.SandboxedProcessService0:0,,{com.microsoft.emmx/org.chromium.content.app.SandboxedProcessService0:0}]
01-11 06:59:49.239 1504 1618 I am_proc_start: [0,16610,10031,com.microsoft.emmx:privileged_process0,service,{com.microsoft.emmx/org.chromium.content.app.PrivilegedProcessService0}]
01-11 06:59:49.241 1504 13718 I am_proc_bound: [0,16594,com.microsoft.emmx:sandboxed_process0:org.chromium.content.app.SandboxedProcessService0:0]
01-11 06:59:49.242 1504 13718 I am_uid_active: 90000
01-11 06:59:49.255 1504 1713 I am_proc_bound: [0,16610,com.microsoft.emmx:privileged_process0]
01-11 06:59:49.269 498 498 I auditd : avc: denied { find } for pid=16594 uid=90000 name=content_capture scontext=u:r:isolated_app:s0:c512,c768 tcontext=u:object_r:content_capture_service:s0 tclass=service_manager permissive=0
01-11 06:59:49.473 1504 2018 I am_uid_running: 90001
01-11 06:59:49.482 1504 1618 I am_proc_start: [0,16676,90001,com.microsoft.emmx:sandboxed_process0:org.chromium.content.app.SandboxedProcessService0:1,,{com.microsoft.emmx/org.chromium.content.app.SandboxedProcessService0:1}]
01-11 06:59:49.504 1504 2018 I am_proc_bound: [0,16676,com.microsoft.emmx:sandboxed_process0:org.chromium.content.app.SandboxedProcessService0:1]
01-11 06:59:49.506 1504 2018 I am_uid_active: 90001
01-11 06:59:49.527 498 498 I auditd : avc: denied { find } for pid=16676 uid=90001 name=content_capture scontext=u:r:isolated_app:s0:c512,c768 tcontext=u:object_r:content_capture_service:s0 tclass=service_manager permissive=0
01-11 06:59:49.681 1504 1606 I sysui_multi_action: [319,56,321,32,322,745,325,10800,757,761,758,8,759,1,806,com.microsoft.emmx,871,com.microsoft.ruby.Main,904,com.android.packageinstaller,905,0,1320,4,1321,4]
01-11 06:59:49.681 1504 1606 I wm_activity_launch_time: [0,168207779,com.microsoft.emmx/com.microsoft.ruby.Main,745]
01-11 06:59:49.700 1504 1699 I input_focus: [Focus entering ba6475c com.microsoft.emmx/com.microsoft.ruby.Main (server),reason=Window became focusable. Previous reason: NOT_VISIBLE]
01-11 06:59:49.730 1504 2065 I wm_stop_activity: [0,141535941,com.tencent.android.qqdownloader/com.tencent.assistantv2.activity.MainActivity]
01-11 06:59:49.731 1504 2065 I wm_stop_activity: [0,22894037,com.tencent.android.qqdownloader/com.tencent.nucleus.search.SearchActivity]
01-11 06:59:49.731 1504 2065 I wm_stop_activity: [0,27560040,com.tencent.android.qqdownloader/com.tencent.pangu.activity.InstallerListenerActivity]
01-11 06:59:49.731 1504 2065 I wm_stop_activity: [0,252476510,com.android.packageinstaller/.DeleteStagedFileOnResult]
01-11 06:59:49.731 1504 2065 I wm_destroy_activity: [0,107110663,140,com.android.packageinstaller/.InstallSuccess,finish-imm:idle]
01-11 06:59:49.732 9460 9460 I wm_on_stop_called: [252476510,com.android.packageinstaller.DeleteStagedFileOnResult,STOP_ACTIVITY_ITEM]
01-11 06:59:49.733 9460 9460 I wm_on_stop_called: [107110663,com.android.packageinstaller.InstallSuccess,LIFECYCLER_STOP_ACTIVITY]
01-11 06:59:49.733 9460 9460 I wm_on_destroy_called: [107110663,com.android.packageinstaller.InstallSuccess,performDestroy]
01-11 06:59:49.736 13792 13792 I wm_on_stop_called: [141535941,com.tencent.assistantv2.activity.MainActivity,STOP_ACTIVITY_ITEM]
01-11 06:59:49.746 1504 13718 I am_uid_running: 90002
01-11 06:59:49.748 13792 13792 I wm_on_stop_called: [22894037,com.tencent.nucleus.search.SearchActivity,STOP_ACTIVITY_ITEM]
01-11 06:59:49.751 13792 13792 I wm_on_stop_called: [27560040,com.tencent.pangu.activity.InstallerListenerActivity,STOP_ACTIVITY_ITEM]
01-11 06:59:49.754 1504 1618 I am_proc_start: [0,16726,90002,com.microsoft.emmx:sandboxed_process0:org.chromium.content.app.SandboxedProcessService0:2,,{com.microsoft.emmx/org.chromium.content.app.SandboxedProcessService0:2}]
01-11 06:59:49.779 1504 2065 I am_proc_bound: [0,16726,com.microsoft.emmx:sandboxed_process0:org.chromium.content.app.SandboxedProcessService0:2]
01-11 06:59:49.780 1504 2065 I am_uid_active: 90002
01-11 06:59:49.779 13728 13728 I auditd : type=1400 audit(0.0:13412): avc: granted { nlmsg_readpriv } for comm="REPORT" scontext=u:r:untrusted_app_27:s0:c512,c768 tcontext=u:r:untrusted_app_27:s0:c512,c768 tclass=netlink_route_socket app=com.tencent.android.qqdownloader
01-11 06:59:49.779 13728 13728 I auditd : type=1400 audit(0.0:13413): avc: granted { nlmsg_readpriv } for comm="REPORT" scontext=u:r:untrusted_app_27:s0:c512,c768 tcontext=u:r:untrusted_app_27:s0:c512,c768 tclass=netlink_route_socket app=com.tencent.android.qqdownloader
01-11 06:59:49.786 1504 1616 I sysui_multi_action: [757,1717,758,1,759,0]
01-11 06:59:49.786 1504 1616 I sysui_multi_action: [757,1717,758,2,759,0]
01-11 06:59:49.787 1504 1616 I sysui_multi_action: [757,1717,758,3,759,0]
01-11 06:59:49.808 498 498 I auditd : avc: denied { find } for pid=16726 uid=90002 name=content_capture scontext=u:r:isolated_app:s0:c512,c768 tcontext=u:object_r:content_capture_service:s0 tclass=service_manager permissive=0
01-11 06:59:50.388 1504 1699 I input_interaction: Interaction with: ba6475c com.microsoft.emmx/com.microsoft.ruby.Main (server), edge-swipe (server), swipe-up (server), PointerEventDispatcher0 (server),
01-11 06:59:50.392 1504 2061 I wm_task_moved: [62,0,0]
01-11 06:59:50.392 1504 2061 I wm_task_moved: [62,0,8]
01-11 06:59:50.413 2545 2545 I wm_on_restart_called: [11415547,com.android.launcher3.uioverrides.QuickstepLauncher,performRestartActivity]
01-11 06:59:50.428 2545 2545 I wm_on_start_called: [11415547,com.android.launcher3.uioverrides.QuickstepLauncher,handleStartActivity]
01-11 06:59:50.456 1504 1606 I sysui_multi_action: [319,3,322,62,325,10801,757,761,758,9,759,5,806,com.android.launcher3,871,com.android.launcher3.uioverrides.QuickstepLauncher,904,com.android.launcher3,905,0,1320,8,1321,5]
01-11 06:59:50.457 16454 16454 I view_enqueue_input_event: [Motion - Cancel,com.microsoft.emmx/com.microsoft.ruby.Main]
01-11 06:59:50.461 2545 2545 I sysui_latency: [1,56]
01-11 06:59:50.466 1504 1610 I input_focus: [Focus request recents_animation_input_consumer,reason=UpdateInputWindows]
01-11 06:59:50.467 1504 1699 I input_interaction: Interaction with: edge-swipe (server), swipe-up (server), PointerEventDispatcher0 (server),
01-11 06:59:50.498 1504 1699 I input_focus: [Focus leaving ba6475c com.microsoft.emmx/com.microsoft.ruby.Main (server),reason=NOT_FOCUSABLE]
01-11 06:59:50.498 1504 1699 I input_focus: [Focus entering recents_animation_input_consumer (server),reason=setFocusedWindow]
01-11 06:59:50.575 0 0 I auditd : type=1400 audit(0.0:13414): avc: denied { kill } for comm="swapper/6" capability=5 scontext=u:r:kernel:s0 tcontext=u:r:kernel:s0 tclass=capability permissive=0
01-11 06:59:50.628 1504 1683 I commit_sys_config_file: [settings-1-0,1]
01-11 06:59:50.755 1504 1616 I sysui_latency: [8,66]
01-11 06:59:51.179 1504 2061 I wm_task_moved: [62,1,9]
01-11 06:59:51.179 1504 2061 I wm_task_moved: [63,1,2147483647]
01-11 06:59:51.179 1504 2061 I wm_task_to_front: [0,63]
01-11 06:59:51.179 1504 2061 I wm_focused_root_task: [0,0,62,141,RecentsAnimation.onAnimationFinished()]
01-11 06:59:51.179 1504 2061 I wm_set_resumed_activity: [0,com.android.launcher3/.uioverrides.QuickstepLauncher,RecentsAnimation.onAnimationFinished()]
01-11 06:59:51.180 1504 2061 I wm_pause_activity: [0,168207779,com.microsoft.emmx/com.microsoft.ruby.Main,userLeaving=true,pauseBackTasks]
01-11 06:59:51.183 16454 16454 I wm_on_top_resumed_lost_called: [168207779,com.microsoft.ruby.Main,topStateChangedWhenResumed]
01-11 06:59:51.185 1504 2061 I wm_add_to_stopping: [0,168207779,com.microsoft.emmx/com.microsoft.ruby.Main,makeInvisible]
01-11 06:59:51.196 1504 1610 I input_focus: [Focus request c8c2ef0 com.android.launcher3/com.android.launcher3.uioverrides.QuickstepLauncher,reason=UpdateInputWindows]
01-11 06:59:51.200 1504 1609 I sysui_multi_action: [757,803,799,window_time_0,802,2]
01-11 06:59:51.201 1504 1699 I input_focus: [Focus leaving recents_animation_input_consumer (server),reason=NOT_VISIBLE]
01-11 06:59:51.217 1504 1699 I input_focus: [Focus entering c8c2ef0 com.android.launcher3/com.android.launcher3.uioverrides.QuickstepLauncher (server),reason=setFocusedWindow]
01-11 06:59:51.234 16454 16454 I wm_on_paused_called: [168207779,com.microsoft.ruby.Main,performPause]
01-11 06:59:51.236 1504 2065 I wm_set_resumed_activity: [0,com.android.launcher3/.uioverrides.QuickstepLauncher,resumeTopActivityInnerLocked]
01-11 06:59:51.239 1504 2065 I wm_resume_activity: [0,11415547,63,com.android.launcher3/.uioverrides.QuickstepLauncher]
01-11 06:59:51.240 2545 2545 I wm_on_resume_called: [11415547,com.android.launcher3.uioverrides.QuickstepLauncher,RESUME_ACTIVITY]
01-11 06:59:51.240 2545 2545 I wm_on_top_resumed_gained_called: [11415547,com.android.launcher3.uioverrides.QuickstepLauncher,topWhenResuming]
01-11 06:59:51.245 1504 1609 I wm_stop_activity: [0,168207779,com.microsoft.emmx/com.microsoft.ruby.Main]
01-11 06:59:51.246 1504 1609 I sysui_multi_action: [757,803,799,window_time_0,802,0]
01-11 06:59:51.299 16454 16454 I wm_on_stop_called: [168207779,com.microsoft.ruby.Main,STOP_ACTIVITY_ITEM]
01-11 06:59:51.575 0 0 I auditd : type=1400 audit(0.0:13415): avc: denied { kill } for comm="swapper/6" capability=5 scontext=u:r:kernel:s0 tcontext=u:r:kernel:s0 tclass=capability permissive=0
01-11 06:59:52.264 1504 1699 I input_interaction: Interaction with: c8c2ef0 com.android.launcher3/com.android.launcher3.uioverrides.QuickstepLauncher (server), dbb0197 com.android.systemui.ImageWallpaper (server), edge-swipe (server), swipe-up (server), PointerEventDispatcher0 (server),
01-11 06:59:52.409 1504 2061 I wm_task_moved: [141,1,9]
01-11 06:59:52.409 1504 2061 I wm_task_to_front: [0,141]
01-11 06:59:52.409 1504 2061 I wm_focused_root_task: [0,0,141,62,bringingFoundTaskToFront]
01-11 06:59:52.410 1504 2061 I wm_set_resumed_activity: [0,com.microsoft.emmx/com.microsoft.ruby.Main,bringingFoundTaskToFront]
01-11 06:59:52.410 1504 2061 I wm_new_intent: [0,168207779,141,com.microsoft.emmx/com.microsoft.ruby.Main,android.intent.action.MAIN,NULL,NULL,268435456]
01-11 06:59:52.415 1504 2061 I wm_pause_activity: [0,11415547,com.android.launcher3/.uioverrides.QuickstepLauncher,userLeaving=true,pauseBackTasks]
01-11 06:59:52.420 2545 2545 I wm_on_top_resumed_lost_called: [11415547,com.android.launcher3.uioverrides.QuickstepLauncher,topStateChangedWhenResumed]
01-11 06:59:52.421 2545 2545 I wm_on_paused_called: [11415547,com.android.launcher3.uioverrides.QuickstepLauncher,performPause]
01-11 06:59:52.429 1504 2065 I wm_set_resumed_activity: [0,com.microsoft.emmx/com.microsoft.ruby.Main,resumeTopActivityInnerLocked]
01-11 06:59:52.430 1504 2065 I wm_add_to_stopping: [0,11415547,com.android.launcher3/.uioverrides.QuickstepLauncher,makeInvisible]
01-11 06:59:52.435 1504 2065 I wm_resume_activity: [0,168207779,141,com.microsoft.emmx/com.microsoft.ruby.Main]
01-11 06:59:52.440 1504 1609 I sysui_multi_action: [757,803,799,window_time_0,802,1]
01-11 06:59:52.446 16454 16454 I wm_on_restart_called: [168207779,com.microsoft.ruby.Main,performRestartActivity]
01-11 06:59:52.454 1504 1699 I input_focus: [Focus leaving c8c2ef0 com.android.launcher3/com.android.launcher3.uioverrides.QuickstepLauncher (server),reason=NO_WINDOW]
01-11 06:59:52.464 16454 16454 I wm_on_start_called: [168207779,com.microsoft.ruby.Main,handleStartActivity]
01-11 06:59:52.473 16454 16454 I wm_on_resume_called: [168207779,com.microsoft.ruby.Main,RESUME_ACTIVITY]
01-11 06:59:52.474 16454 16454 I wm_on_top_resumed_gained_called: [168207779,com.microsoft.ruby.Main,topWhenResuming]
01-11 06:59:52.480 1504 1610 I input_focus: [Focus request ba6475c com.microsoft.emmx/com.microsoft.ruby.Main,reason=UpdateInputWindows]
01-11 06:59:52.555 1504 1606 I sysui_multi_action: [319,40,321,38,322,141,325,10803,757,761,758,9,759,4,806,com.microsoft.emmx,871,com.microsoft.ruby.Main,904,com.android.packageinstaller,905,0,1320,4,1321,4]
01-11 06:59:52.557 1504 1699 I input_focus: [Focus entering ba6475c com.microsoft.emmx/com.microsoft.ruby.Main (server),reason=Window became focusable. Previous reason: NOT_VISIBLE]
01-11 06:59:52.575 0 0 I auditd : type=1400 audit(0.0:13416): avc: denied { kill } for comm="swapper/6" capability=5 scontext=u:r:kernel:s0 tcontext=u:r:kernel:s0 tclass=capability permissive=0
01-11 06:59:52.797 1504 1616 I sysui_multi_action: [757,1717,758,1,759,0]
01-11 06:59:52.798 1504 1616 I sysui_multi_action: [757,1717,758,2,759,0]
01-11 06:59:52.798 1504 1616 I sysui_multi_action: [757,1717,758,3,759,0]
01-11 06:59:52.973 1504 1609 I wm_stop_activity: [0,11415547,com.android.launcher3/.uioverrides.QuickstepLauncher]
01-11 06:59:53.004 2545 2545 I wm_on_stop_called: [11415547,com.android.launcher3.uioverrides.QuickstepLauncher,STOP_ACTIVITY_ITEM]
01-11 06:59:53.575 0 0 I auditd : type=1400 audit(0.0:13417): avc: denied { kill } for comm="swapper/6" capability=5 scontext=u:r:kernel:s0 tcontext=u:r:kernel:s0 tclass=capability permissive=0
01-11 06:59:53.770 1504 1699 I input_interaction: Interaction with: ba6475c com.microsoft.emmx/com.microsoft.ruby.Main (server), edge-swipe (server), swipe-up (server), PointerEventDispatcher0 (server),
01-11 06:59:53.787 1504 1713 I wm_task_moved: [62,0,0]
01-11 06:59:53.788 1504 1713 I wm_task_moved: [62,0,8]
01-11 06:59:53.804 2545 2545 I wm_on_restart_called: [11415547,com.android.launcher3.uioverrides.QuickstepLauncher,performRestartActivity]
01-11 06:59:53.826 2545 2545 I wm_on_start_called: [11415547,com.android.launcher3.uioverrides.QuickstepLauncher,handleStartActivity]
01-11 06:59:53.846 1504 1606 I sysui_multi_action: [319,10,322,52,325,10805,757,761,758,9,759,5,806,com.android.launcher3,871,com.android.launcher3.uioverrides.QuickstepLauncher,904,com.android.launcher3,905,0,1320,8,1321,5]
01-11 06:59:53.910 16454 16454 I view_enqueue_input_event: [Motion - Cancel,com.microsoft.emmx/com.microsoft.ruby.Main]
01-11 06:59:53.919 1504 1699 I input_interaction: Interaction with: edge-swipe (server), swipe-up (server), PointerEventDispatcher0 (server),
01-11 06:59:53.930 2545 2545 I sysui_latency: [1,65]
01-11 06:59:53.944 1504 1610 I input_focus: [Focus request recents_animation_input_consumer,reason=UpdateInputWindows]
01-11 06:59:53.975 1504 1699 I input_focus: [Focus leaving ba6475c com.microsoft.emmx/com.microsoft.ruby.Main (server),reason=NOT_FOCUSABLE]
01-11 06:59:53.975 1504 1699 I input_focus: [Focus entering recents_animation_input_consumer (server),reason=setFocusedWindow]
01-11 06:59:54.034 1504 1683 I commit_sys_config_file: [settings-1-0,9]
01-11 06:59:54.142 1504 1616 I sysui_latency: [8,67]
01-11 06:59:54.575 0 0 I auditd : type=1400 audit(0.0:13418): avc: denied { kill } for comm="swapper/6" capability=5 scontext=u:r:kernel:s0 tcontext=u:r:kernel:s0 tclass=capability permissive=0
01-11 06:59:54.697 1504 13715 I wm_task_moved: [62,1,9]
01-11 06:59:54.698 1504 13715 I wm_focused_root_task: [0,0,62,141,RecentsAnimation.onAnimationFinished()]
01-11 06:59:54.698 16454 16454 I wm_on_top_resumed_lost_called: [168207779,com.microsoft.ruby.Main,topStateChangedWhenResumed]
01-11 06:59:54.701 1504 13715 I wm_pause_activity: [0,168207779,com.microsoft.emmx/com.microsoft.ruby.Main,userLeaving=false,pauseBackTasks]
01-11 06:59:54.702 1504 13715 I wm_add_to_stopping: [0,168207779,com.microsoft.emmx/com.microsoft.ruby.Main,makeInvisible]
01-11 06:59:54.707 1504 1610 I input_focus: [Focus request c8c2ef0 com.android.launcher3/com.android.launcher3.uioverrides.QuickstepLauncher,reason=UpdateInputWindows]
01-11 06:59:54.708 1504 1609 I sysui_multi_action: [757,803,799,window_time_0,802,2]
01-11 06:59:54.709 1504 1699 I input_focus: [Focus leaving recents_animation_input_consumer (server),reason=NOT_VISIBLE]
01-11 06:59:54.725 1504 1699 I input_focus: [Focus entering c8c2ef0 com.android.launcher3/com.android.launcher3.uioverrides.QuickstepLauncher (server),reason=setFocusedWindow]
01-11 06:59:54.742 16454 16454 I wm_on_paused_called: [168207779,com.microsoft.ruby.Main,performPause]
01-11 06:59:54.743 1504 1713 I wm_set_resumed_activity: [0,com.android.launcher3/.uioverrides.QuickstepLauncher,resumeTopActivityInnerLocked]
01-11 06:59:54.746 1504 1713 I wm_resume_activity: [0,11415547,63,com.android.launcher3/.uioverrides.QuickstepLauncher]
01-11 06:59:54.750 1504 1609 I wm_stop_activity: [0,168207779,com.microsoft.emmx/com.microsoft.ruby.Main]
01-11 06:59:54.754 1504 1609 I sysui_multi_action: [757,803,799,window_time_0,802,0]
01-11 06:59:54.772 2545 2545 I wm_on_resume_called: [11415547,com.android.launcher3.uioverrides.QuickstepLauncher,RESUME_ACTIVITY]
01-11 06:59:54.772 2545 2545 I wm_on_top_resumed_gained_called: [11415547,com.android.launcher3.uioverrides.QuickstepLauncher,topWhenResuming]
01-11 06:59:54.801 16454 16454 I wm_on_stop_called: [168207779,com.microsoft.ruby.Main,STOP_ACTIVITY_ITEM]
01-11 06:59:54.939 1504 1683 I commit_sys_config_file: [settings-1-0,8]
01-11 06:59:55.575 0 0 I auditd : type=1400 audit(0.0:13419): avc: denied { kill } for comm="swapper/6" capability=5 scontext=u:r:kernel:s0 tcontext=u:r:kernel:s0 tclass=capability permissive=0
01-11 06:59:56.045 1504 1699 I input_interaction: Interaction with: c8c2ef0 com.android.launcher3/com.android.launcher3.uioverrides.QuickstepLauncher (server), dbb0197 com.android.systemui.ImageWallpaper (server), edge-swipe (server), swipe-up (server), PointerEventDispatcher0 (server),
01-11 06:59:56.154 1504 8716 I wm_task_moved: [62,1,9]
01-11 06:59:56.155 1504 8716 I wm_set_resumed_activity: [0,com.android.launcher3/.uioverrides.QuickstepLauncher,positionChildAt]
01-11 06:59:56.155 1504 8716 I wm_task_moved: [139,1,9]
01-11 06:59:56.155 1504 8716 I wm_task_to_front: [0,139]
01-11 06:59:56.155 1504 8716 I wm_focused_root_task: [0,0,139,62,moveTaskToFront findTaskToMoveToFront]
01-11 06:59:56.156 1504 8716 I wm_set_resumed_activity: [0,com.tencent.android.qqdownloader/com.tencent.pangu.activity.InstallerListenerActivity,moveTaskToFront findTaskToMoveToFront]
01-11 06:59:56.157 1504 8716 I wm_pause_activity: [0,11415547,com.android.launcher3/.uioverrides.QuickstepLauncher,userLeaving=true,pauseBackTasks]
01-11 06:59:56.166 2545 2545 I wm_on_top_resumed_lost_called: [11415547,com.android.launcher3.uioverrides.QuickstepLauncher,topStateChangedWhenResumed]
01-11 06:59:56.170 2545 2545 I wm_on_paused_called: [11415547,com.android.launcher3.uioverrides.QuickstepLauncher,performPause]
01-11 06:59:56.173 1504 8716 I wm_set_resumed_activity: [0,com.tencent.android.qqdownloader/com.tencent.pangu.activity.InstallerListenerActivity,resumeTopActivityInnerLocked]
01-11 06:59:56.174 1504 8716 I wm_add_to_stopping: [0,11415547,com.android.launcher3/.uioverrides.QuickstepLauncher,makeInvisible]
01-11 06:59:56.191 1504 8716 I wm_resume_activity: [0,27560040,139,com.tencent.android.qqdownloader/com.tencent.pangu.activity.InstallerListenerActivity]
01-11 06:59:56.203 1504 1609 I sysui_multi_action: [757,803,799,window_time_0,802,2]
01-11 06:59:56.211 13792 13792 I wm_on_restart_called: [22894037,com.tencent.nucleus.search.SearchActivity,performRestartActivity]
01-11 06:59:56.212 1504 1699 I input_focus: [Focus leaving c8c2ef0 com.android.launcher3/com.android.launcher3.uioverrides.QuickstepLauncher (server),reason=NO_WINDOW]
01-11 06:59:56.213 13792 13792 I wm_on_start_called: [22894037,com.tencent.nucleus.search.SearchActivity,handleStartActivity]
01-11 06:59:56.223 13792 13792 I wm_on_restart_called: [141535941,com.tencent.assistantv2.activity.MainActivity,performRestartActivity]
01-11 06:59:56.224 13792 13792 I wm_on_start_called: [141535941,com.tencent.assistantv2.activity.MainActivity,handleStartActivity]
01-11 06:59:56.225 13792 13792 I wm_on_restart_called: [27560040,com.tencent.pangu.activity.InstallerListenerActivity,performRestartActivity]
01-11 06:59:56.225 13792 13792 I wm_on_start_called: [27560040,com.tencent.pangu.activity.InstallerListenerActivity,handleStartActivity]
01-11 06:59:56.226 13792 13792 I wm_on_resume_called: [27560040,com.tencent.pangu.activity.InstallerListenerActivity,RESUME_ACTIVITY]
01-11 06:59:56.226 13792 13792 I wm_on_top_resumed_gained_called: [27560040,com.tencent.pangu.activity.InstallerListenerActivity,topWhenResuming]
01-11 06:59:56.249 1504 1610 I input_focus: [Focus request 53bfff1 com.tencent.android.qqdownloader/com.tencent.pangu.activity.InstallerListenerActivity,reason=UpdateInputWindows]
01-11 06:59:56.265 1504 1606 I sysui_multi_action: [319,104,321,54,322,98,325,10807,757,761,758,9,759,2,806,com.tencent.android.qqdownloader,871,com.tencent.pangu.activity.InstallerListenerActivity,904,com.tencent.android.qqdownloader,905,0,1320,4,1321,4]
01-11 06:59:56.279 1504 1699 I input_focus: [Focus entering 53bfff1 com.tencent.android.qqdownloader/com.tencent.pangu.activity.InstallerListenerActivity (server),reason=Window became focusable. Previous reason: NOT_VISIBLE]
01-11 06:59:56.651 1504 1609 I wm_stop_activity: [0,11415547,com.android.launcher3/.uioverrides.QuickstepLauncher]
01-11 06:59:56.703 2545 2545 I wm_on_stop_called: [11415547,com.android.launcher3.uioverrides.QuickstepLauncher,STOP_ACTIVITY_ITEM]
01-11 06:59:56.727 1504 2062 I wm_finish_activity: [0,27560040,139,com.tencent.android.qqdownloader/com.tencent.pangu.activity.InstallerListenerActivity,app-request]
01-11 06:59:56.734 1504 2062 I wm_pause_activity: [0,27560040,com.tencent.android.qqdownloader/com.tencent.pangu.activity.InstallerListenerActivity,userLeaving=false,finish]
01-11 06:59:56.734 13792 13792 I wm_on_top_resumed_lost_called: [27560040,com.tencent.pangu.activity.InstallerListenerActivity,topStateChangedWhenResumed]
01-11 06:59:56.737 13792 13792 I wm_on_paused_called: [27560040,com.tencent.pangu.activity.InstallerListenerActivity,performPause]
01-11 06:59:56.742 1504 2062 I wm_set_resumed_activity: [0,com.tencent.android.qqdownloader/com.tencent.nucleus.search.SearchActivity,resumeTopActivityInnerLocked]
01-11 06:59:56.744 1504 2062 I wm_resume_activity: [0,22894037,139,com.tencent.android.qqdownloader/com.tencent.nucleus.search.SearchActivity]
01-11 06:59:56.750 1504 1699 I input_focus: [Focus leaving 53bfff1 com.tencent.android.qqdownloader/com.tencent.pangu.activity.InstallerListenerActivity (server),reason=NO_WINDOW]
01-11 06:59:56.751 1504 1610 I input_focus: [Focus request f9d9c53 com.tencent.android.qqdownloader/com.tencent.nucleus.search.SearchActivity,reason=UpdateInputWindows]
01-11 06:59:56.754 1504 1609 I sysui_multi_action: [757,803,799,window_time_0,802,0]
01-11 06:59:56.763 1504 1699 I input_focus: [Focus entering f9d9c53 com.tencent.android.qqdownloader/com.tencent.nucleus.search.SearchActivity (server),reason=setFocusedWindow]
01-11 06:59:56.767 13792 13792 I wm_on_resume_called: [22894037,com.tencent.nucleus.search.SearchActivity,RESUME_ACTIVITY]
01-11 06:59:56.767 13792 13792 I wm_on_top_resumed_gained_called: [22894037,com.tencent.nucleus.search.SearchActivity,topWhenResuming]
01-11 06:59:56.781 1504 2062 I wm_destroy_activity: [0,27560040,139,com.tencent.android.qqdownloader/com.tencent.pangu.activity.InstallerListenerActivity,finish-idle]
01-11 06:59:56.783 13792 13792 I wm_on_stop_called: [27560040,com.tencent.pangu.activity.InstallerListenerActivity,LIFECYCLER_STOP_ACTIVITY]
01-11 06:59:56.786 13792 13792 I wm_on_destroy_called: [27560040,com.tencent.pangu.activity.InstallerListenerActivity,performDestroy]
01-11 06:59:57.575 0 0 I auditd : type=1400 audit(0.0:13420): avc: denied { kill } for comm="swapper/2" capability=5 scontext=u:r:kernel:s0 tcontext=u:r:kernel:s0 tclass=capability permissive=0
01-11 06:59:58.575 0 0 I auditd : type=1400 audit(0.0:13421): avc: denied { kill } for comm="swapper/2" capability=5 scontext=u:r:kernel:s0 tcontext=u:r:kernel:s0 tclass=capability permissive=0
01-11 06:59:59.031 1504 1733 I netstats_mobile_sample: [0,0,0,0,0,0,0,0,0,0,0,0,1673391599030]
01-11 06:59:59.031 1504 1733 I netstats_wifi_sample: [575230306,654911,133788624,350037,575230306,654911,133788624,350037,647302271,834772,70390030,215879,1673391599030]
01-11 06:59:59.056 1504 1699 I input_interaction: Interaction with: f9d9c53 com.tencent.android.qqdownloader/com.tencent.nucleus.search.SearchActivity (server), edge-swipe (server), swipe-up (server), PointerEventDispatcher0 (server),
01-11 06:59:59.077 1504 2062 I wm_task_moved: [62,0,0]
01-11 06:59:59.077 1504 2062 I wm_task_moved: [62,0,8]
01-11 06:59:59.082 2545 2545 I wm_on_restart_called: [11415547,com.android.launcher3.uioverrides.QuickstepLauncher,performRestartActivity]
01-11 06:59:59.105 2545 2545 I wm_on_start_called: [11415547,com.android.launcher3.uioverrides.QuickstepLauncher,handleStartActivity]
01-11 06:59:59.131 1504 1606 I sysui_multi_action: [319,8,322,43,325,10810,757,761,758,9,759,5,806,com.android.launcher3,871,com.android.launcher3.uioverrides.QuickstepLauncher,904,com.android.launcher3,905,0,1320,8,1321,5]
01-11 06:59:59.258 13792 13792 I view_enqueue_input_event: [Motion - Cancel,com.tencent.android.qqdownloader/com.tencent.nucleus.search.SearchActivity]
01-11 06:59:59.269 1504 1699 I input_interaction: Interaction with: edge-swipe (server), swipe-up (server), PointerEventDispatcher0 (server),
01-11 06:59:59.277 2545 2545 I sysui_latency: [1,59]
01-11 06:59:59.292 1504 1610 I input_focus: [Focus request recents_animation_input_consumer,reason=UpdateInputWindows]
01-11 06:59:59.303 1504 1699 I input_focus: [Focus leaving f9d9c53 com.tencent.android.qqdownloader/com.tencent.nucleus.search.SearchActivity (server),reason=NOT_FOCUSABLE]
01-11 06:59:59.303 1504 1699 I input_focus: [Focus entering recents_animation_input_consumer (server),reason=setFocusedWindow]
01-11 06:59:59.314 1504 1683 I commit_sys_config_file: [settings-1-0,11]
01-11 06:59:59.422 1504 1616 I sysui_latency: [8,53]
01-11 06:59:59.575 0 0 I auditd : type=1400 audit(0.0:13422): avc: denied { kill } for comm="swapper/2" capability=5 scontext=u:r:kernel:s0 tcontext=u:r:kernel:s0 tclass=capability permissive=0
01-11 06:59:59.983 1504 1536 I wm_task_moved: [62,0,8]
01-11 06:59:59.984 1504 1536 I wm_add_to_stopping: [0,11415547,com.android.launcher3/.uioverrides.QuickstepLauncher,makeInvisible]
01-11 06:59:59.996 1504 1610 I input_focus: [Focus request f9d9c53 com.tencent.android.qqdownloader/com.tencent.nucleus.search.SearchActivity,reason=UpdateInputWindows]
01-11 06:59:59.997 1504 1609 I wm_stop_activity: [0,11415547,com.android.launcher3/.uioverrides.QuickstepLauncher]
01-11 07:00:00.005 1504 1699 I input_focus: [Focus leaving recents_animation_input_consumer (server),reason=NOT_VISIBLE]
01-11 07:00:00.005 1504 1699 I input_focus: [Focus entering f9d9c53 com.tencent.android.qqdownloader/com.tencent.nucleus.search.SearchActivity (server),reason=setFocusedWindow]
01-11 07:00:00.014 1504 1504 I sysui_multi_action: [757,803,799,dnd_mode_0,802,10802755]
01-11 07:00:00.014 1504 1504 I sysui_multi_action: [757,803,799,dnd_rule_count,802,0]
01-11 07:00:00.014 1504 1504 I sysui_multi_action: [757,803,799,dnd_type_0,802,10802755]
01-11 07:00:00.043 2545 2545 I wm_on_stop_called: [11415547,com.android.launcher3.uioverrides.QuickstepLauncher,STOP_ACTIVITY_ITEM]
01-11 07:00:00.216 1504 1683 I commit_sys_config_file: [settings-2-0,5]
01-11 07:00:00.220 1504 1683 I commit_sys_config_file: [settings-0-0,4]
01-11 07:00:00.233 1504 1683 I commit_sys_config_file: [settings-1-0,3]
01-11 07:00:00.273 1504 1608 I commit_sys_config_file: [notification-policy,10802764]
01-11 07:00:01.575 0 0 I auditd : type=1400 audit(0.0:13423): avc: denied { kill } for comm="swapper/2" capability=5 scontext=u:r:kernel:s0 tcontext=u:r:kernel:s0 tclass=capability permissive=0
01-11 07:00:01.900 1504 1699 I input_interaction: Interaction with: f9d9c53 com.tencent.android.qqdownloader/com.tencent.nucleus.search.SearchActivity (server), edge-swipe (server), swipe-up (server), PointerEventDispatcher0 (server),
01-11 07:00:01.914 1504 13718 I wm_task_moved: [62,0,0]
01-11 07:00:01.914 1504 13718 I wm_task_moved: [62,0,8]
01-11 07:00:01.931 2545 2545 I wm_on_restart_called: [11415547,com.android.launcher3.uioverrides.QuickstepLauncher,performRestartActivity]
01-11 07:00:01.943 2545 2545 I wm_on_start_called: [11415547,com.android.launcher3.uioverrides.QuickstepLauncher,handleStartActivity]
01-11 07:00:01.964 13792 13792 I view_enqueue_input_event: [Motion - Cancel,com.tencent.android.qqdownloader/com.tencent.nucleus.search.SearchActivity]
01-11 07:00:01.965 1504 1606 I sysui_multi_action: [319,9,322,46,325,10813,757,761,758,9,759,5,806,com.android.launcher3,871,com.android.launcher3.uioverrides.QuickstepLauncher,904,com.android.launcher3,905,0,1320,8,1321,5]
01-11 07:00:01.967 1504 1699 I input_interaction: Interaction with: edge-swipe (server), swipe-up (server), PointerEventDispatcher0 (server),
01-11 07:00:01.968 2545 2545 I sysui_latency: [1,56]
01-11 07:00:01.972 1504 1610 I input_focus: [Focus request recents_animation_input_consumer,reason=UpdateInputWindows]
01-11 07:00:01.992 1504 1699 I input_focus: [Focus leaving f9d9c53 com.tencent.android.qqdownloader/com.tencent.nucleus.search.SearchActivity (server),reason=NOT_FOCUSABLE]
01-11 07:00:01.992 1504 1699 I input_focus: [Focus entering recents_animation_input_consumer (server),reason=setFocusedWindow]
01-11 07:00:02.144 1504 1683 I commit_sys_config_file: [settings-1-0,4]
01-11 07:00:02.262 1504 1616 I sysui_latency: [8,52]
01-11 07:00:02.613 1504 8716 I wm_task_moved: [62,1,9]
01-11 07:00:02.615 1504 8716 I wm_focused_root_task: [0,0,62,139,RecentsAnimation.onAnimationFinished()]
01-11 07:00:02.617 13792 13792 I wm_on_top_resumed_lost_called: [22894037,com.tencent.nucleus.search.SearchActivity,topStateChangedWhenResumed]
01-11 07:00:02.617 1504 8716 I wm_pause_activity: [0,22894037,com.tencent.android.qqdownloader/com.tencent.nucleus.search.SearchActivity,userLeaving=false,pauseBackTasks]
01-11 07:00:02.619 1504 8716 I wm_set_resumed_activity: [0,com.android.launcher3/.uioverrides.QuickstepLauncher,resumeTopActivityInnerLocked]
01-11 07:00:02.620 1504 8716 I wm_resume_activity: [0,11415547,63,com.android.launcher3/.uioverrides.QuickstepLauncher]
01-11 07:00:02.620 1504 8716 I wm_add_to_stopping: [0,22894037,com.tencent.android.qqdownloader/com.tencent.nucleus.search.SearchActivity,makeInvisible]
01-11 07:00:02.620 1504 8716 I wm_add_to_stopping: [0,141535941,com.tencent.android.qqdownloader/com.tencent.assistantv2.activity.MainActivity,makeInvisible]
01-11 07:00:02.620 2545 2545 I wm_on_resume_called: [11415547,com.android.launcher3.uioverrides.QuickstepLauncher,RESUME_ACTIVITY]
01-11 07:00:02.625 1504 1610 I input_focus: [Focus request c8c2ef0 com.android.launcher3/com.android.launcher3.uioverrides.QuickstepLauncher,reason=UpdateInputWindows]
01-11 07:00:02.630 1504 1699 I input_focus: [Focus leaving recents_animation_input_consumer (server),reason=NOT_VISIBLE]
01-11 07:00:02.631 13792 13792 I wm_on_paused_called: [22894037,com.tencent.nucleus.search.SearchActivity,performPause]
01-11 07:00:02.633 1504 1609 I sysui_multi_action: [757,803,799,window_time_0,802,6]
01-11 07:00:02.634 1504 1609 I wm_stop_activity: [0,141535941,com.tencent.android.qqdownloader/com.tencent.assistantv2.activity.MainActivity]
01-11 07:00:02.635 1504 1609 I wm_stop_activity: [0,22894037,com.tencent.android.qqdownloader/com.tencent.nucleus.search.SearchActivity]
01-11 07:00:02.636 1504 1609 I sysui_multi_action: [757,803,799,window_time_0,802,0]
01-11 07:00:02.644 1504 1699 I input_focus: [Focus entering c8c2ef0 com.android.launcher3/com.android.launcher3.uioverrides.QuickstepLauncher (server),reason=setFocusedWindow]
01-11 07:00:02.650 13792 13792 I wm_on_stop_called: [141535941,com.tencent.assistantv2.activity.MainActivity,STOP_ACTIVITY_ITEM]
01-11 07:00:02.656 13792 13792 I wm_on_stop_called: [22894037,com.tencent.nucleus.search.SearchActivity,STOP_ACTIVITY_ITEM]
