01-11 06:55:51.777 1504 1606 I sysui_multi_action: [319,9,322,35,325,10562,757,761,758,9,759,5,806,com.android.launcher3,871,com.android.launcher3.uioverrides.QuickstepLauncher,904,com.android.launcher3,905,0,1320,8,1321,5]
01-11 06:55:51.783 13723 13723 I view_enqueue_input_event: [Motion - Cancel,com.android.settings/com.android.settings.homepage.SettingsHomepageActivity]
01-11 06:55:51.790 1504 1699 I input_interaction: Interaction with: edge-swipe (server), swipe-up (server), PointerEventDispatcher0 (server),
01-11 06:55:51.794 2545 2545 I sysui_latency: [1,47]
01-11 06:55:51.804 1504 1610 I input_focus: [Focus request recents_animation_input_consumer,reason=UpdateInputWindows]
01-11 06:55:51.826 1504 1699 I input_focus: [Focus leaving 6e3e9cd com.android.settings/com.android.settings.homepage.SettingsHomepageActivity (server),reason=NOT_FOCUSABLE]
01-11 06:55:51.826 1504 1699 I input_focus: [Focus entering recents_animation_input_consumer (server),reason=setFocusedWindow]
01-11 06:55:51.959 1504 1683 I commit_sys_config_file: [settings-1-0,3]
01-11 06:55:52.077 1504 1616 I sysui_latency: [8,45]
01-11 06:55:52.597 1504 8716 I wm_task_moved: [62,1,6]
01-11 06:55:52.598 1504 8716 I wm_task_moved: [63,1,2147483647]
01-11 06:55:52.598 1504 8716 I wm_task_to_front: [0,63]
01-11 06:55:52.598 1504 8716 I wm_focused_root_task: [0,0,62,129,RecentsAnimation.onAnimationFinished()]
01-11 06:55:52.599 1504 8716 I wm_set_resumed_activity: [0,com.android.launcher3/.uioverrides.QuickstepLauncher,RecentsAnimation.onAnimationFinished()]
01-11 06:55:52.599 13723 13723 I wm_on_top_resumed_lost_called: [156900554,com.android.settings.homepage.SettingsHomepageActivity,topStateChangedWhenResumed]
01-11 06:55:52.600 1504 8716 I wm_pause_activity: [0,156900554,com.android.settings/.homepage.SettingsHomepageActivity,userLeaving=true,pauseBackTasks]
01-11 06:55:52.601 1504 8716 I wm_add_to_stopping: [0,156900554,com.android.settings/.homepage.SettingsHomepageActivity,makeInvisible]
01-11 06:55:52.601 1504 8716 I wm_set_resumed_activity: [0,com.android.launcher3/.uioverrides.QuickstepLauncher,resumeTopActivityInnerLocked]
01-11 06:55:52.606 1504 8716 I wm_resume_activity: [0,11415547,63,com.android.launcher3/.uioverrides.QuickstepLauncher]
01-11 06:55:52.607 2545 2545 I wm_on_resume_called: [11415547,com.android.launcher3.uioverrides.QuickstepLauncher,RESUME_ACTIVITY]
01-11 06:55:52.614 1504 1610 I input_focus: [Focus request c8c2ef0 com.android.launcher3/com.android.launcher3.uioverrides.QuickstepLauncher,reason=UpdateInputWindows]
01-11 06:55:52.615 2545 2545 I wm_on_top_resumed_gained_called: [11415547,com.android.launcher3.uioverrides.QuickstepLauncher,topStateChangedWhenResumed]
01-11 06:55:52.615 13723 13723 I sysui_multi_action: [757,35,758,2,1089,7151]
01-11 06:55:52.616 13723 13723 I sysui_multi_action: [757,65,758,2,1089,5500]
01-11 06:55:52.616 13723 13723 I wm_on_paused_called: [156900554,com.android.settings.homepage.SettingsHomepageActivity,performPause]
01-11 06:55:52.618 1504 4545 I wm_stop_activity: [0,156900554,com.android.settings/.homepage.SettingsHomepageActivity]
01-11 06:55:52.627 1504 1699 I input_focus: [Focus leaving recents_animation_input_consumer (server),reason=NOT_VISIBLE]
01-11 06:55:52.628 1504 1699 I input_focus: [Focus entering c8c2ef0 com.android.launcher3/com.android.launcher3.uioverrides.QuickstepLauncher (server),reason=setFocusedWindow]
01-11 06:55:52.630 1504 1609 I sysui_multi_action: [757,803,799,window_time_0,802,7]
01-11 06:55:52.640 1504 1609 I sysui_multi_action: [757,803,799,window_time_0,802,0]
01-11 06:55:52.646 13723 13723 I wm_on_stop_called: [156900554,com.android.settings.homepage.SettingsHomepageActivity,STOP_ACTIVITY_ITEM]
01-11 06:55:52.820 1504 1699 I input_interaction: Interaction with: c8c2ef0 com.android.launcher3/com.android.launcher3.uioverrides.QuickstepLauncher (server), dbb0197 com.android.systemui.ImageWallpaper (server), edge-swipe (server), swipe-up (server), PointerEventDispatcher0 (server),
01-11 06:55:54.575 0 0 I auditd : type=1400 audit(0.0:13035): avc: denied { kill } for comm="swapper/0" capability=5 scontext=u:r:kernel:s0 tcontext=u:r:kernel:s0 tclass=capability permissive=0
01-11 06:55:55.279 1504 1537 I am_proc_died: [0,13284,com.iflytek.inputmethod.settings,925,19]
01-11 06:55:55.282 1504 1537 I am_kill : [0,13338,com.android.webview:sandboxed_process0:org.chromium.content.app.SandboxedProcessService0:0,0,isolated not needed]
01-11 06:55:55.306 1504 1537 I am_proc_died: [0,13338,com.android.webview:sandboxed_process0:org.chromium.content.app.SandboxedProcessService0:0,0,10]
01-11 06:55:55.306 1504 1537 I am_uid_stopped: 99002
01-11 06:55:55.575 0 0 I auditd : type=1400 audit(0.0:13036): avc: denied { kill } for comm="swapper/0" capability=5 scontext=u:r:kernel:s0 tcontext=u:r:kernel:s0 tclass=capability permissive=0
01-11 06:55:56.090 1504 1733 I netstats_mobile_sample: [0,0,0,0,0,0,0,0,0,0,0,0,1673391356090]
01-11 06:55:56.091 1504 1733 I netstats_wifi_sample: [387117435,515271,128092228,314552,387117435,515271,128092228,314552,457205776,693846,66209617,183544,1673391356090]
01-11 06:55:57.575 0 0 I auditd : type=1400 audit(0.0:13037): avc: denied { kill } for comm="swapper/2" capability=5 scontext=u:r:kernel:s0 tcontext=u:r:kernel:s0 tclass=capability permissive=0
01-11 06:55:58.575 0 0 I auditd : type=1400 audit(0.0:13038): avc: denied { kill } for comm="swapper/2" capability=5 scontext=u:r:kernel:s0 tcontext=u:r:kernel:s0 tclass=capability permissive=0
01-11 06:55:59.575 0 0 I auditd : type=1400 audit(0.0:13039): avc: denied { kill } for comm="swapper/2" capability=5 scontext=u:r:kernel:s0 tcontext=u:r:kernel:s0 tclass=capability permissive=0
01-11 06:56:00.575 0 0 I auditd : type=1400 audit(0.0:13040): avc: denied { kill } for comm="swapper/2" capability=5 scontext=u:r:kernel:s0 tcontext=u:r:kernel:s0 tclass=capability permissive=0
01-11 06:56:00.967 1504 1617 I am_uid_idle: 10088
01-11 06:56:01.575 0 0 I auditd : type=1400 audit(0.0:13041): avc: denied { kill } for comm="swapper/2" capability=5 scontext=u:r:kernel:s0 tcontext=u:r:kernel:s0 tclass=capability permissive=0
01-11 06:56:03.575 0 0 I auditd : type=1400 audit(0.0:13042): avc: denied { kill } for comm="swapper/2" capability=5 scontext=u:r:kernel:s0 tcontext=u:r:kernel:s0 tclass=capability permissive=0
01-11 06:56:04.575 0 0 I auditd : type=1400 audit(0.0:13043): avc: denied { kill } for comm="swapper/2" capability=5 scontext=u:r:kernel:s0 tcontext=u:r:kernel:s0 tclass=capability permissive=0
01-11 06:56:05.575 0 0 I auditd : type=1400 audit(0.0:13044): avc: denied { kill } for comm="swapper/2" capability=5 scontext=u:r:kernel:s0 tcontext=u:r:kernel:s0 tclass=capability permissive=0
01-11 06:56:05.901 1504 2012 I ntp_failure: [time.android.com/2001:4860:4806::,java.net.SocketTimeoutException: Poll timed out]
01-11 06:56:06.575 0 0 I auditd : type=1400 audit(0.0:13045): avc: denied { kill } for comm="swapper/2" capability=5 scontext=u:r:kernel:s0 tcontext=u:r:kernel:s0 tclass=capability permissive=0
01-11 06:56:07.575 0 0 I auditd : type=1400 audit(0.0:13046): avc: denied { kill } for comm="swapper/2" capability=5 scontext=u:r:kernel:s0 tcontext=u:r:kernel:s0 tclass=capability permissive=0
01-11 06:56:08.575 0 0 I auditd : type=1400 audit(0.0:13047): avc: denied { kill } for comm="swapper/2" capability=5 scontext=u:r:kernel:s0 tcontext=u:r:kernel:s0 tclass=capability permissive=0
01-11 06:56:09.575 0 0 I auditd : type=1400 audit(0.0:13048): avc: denied { kill } for comm="swapper/2" capability=5 scontext=u:r:kernel:s0 tcontext=u:r:kernel:s0 tclass=capability permissive=0
01-11 06:56:10.575 0 0 I auditd : type=1400 audit(0.0:13049): avc: denied { kill } for comm="swapper/2" capability=5 scontext=u:r:kernel:s0 tcontext=u:r:kernel:s0 tclass=capability permissive=0
01-11 06:56:10.910 1504 2012 I ntp_failure: [time.android.com/2001:4860:4806:c::,java.net.SocketTimeoutException: Poll timed out]
01-11 06:56:11.575 0 0 I auditd : type=1400 audit(0.0:13050): avc: denied { kill } for comm="swapper/2" capability=5 scontext=u:r:kernel:s0 tcontext=u:r:kernel:s0 tclass=capability permissive=0
01-11 06:56:12.575 0 0 I auditd : type=1400 audit(0.0:13051): avc: denied { kill } for comm="swapper/2" capability=5 scontext=u:r:kernel:s0 tcontext=u:r:kernel:s0 tclass=capability permissive=0
01-11 06:56:13.575 0 0 I auditd : type=1400 audit(0.0:13052): avc: denied { kill } for comm="swapper/2" capability=5 scontext=u:r:kernel:s0 tcontext=u:r:kernel:s0 tclass=capability permissive=0
01-11 06:56:14.575 0 0 I auditd : type=1400 audit(0.0:13053): avc: denied { kill } for comm="swapper/2" capability=5 scontext=u:r:kernel:s0 tcontext=u:r:kernel:s0 tclass=capability permissive=0
01-11 06:56:15.575 0 0 I auditd : type=1400 audit(0.0:13054): avc: denied { kill } for comm="swapper/2" capability=5 scontext=u:r:kernel:s0 tcontext=u:r:kernel:s0 tclass=capability permissive=0
01-11 06:56:15.919 1504 2012 I ntp_failure: [time.android.com/2001:4860:4806:8::,java.net.SocketTimeoutException: Poll timed out]
01-11 06:56:16.575 0 0 I auditd : type=1400 audit(0.0:13055): avc: denied { kill } for comm="swapper/2" capability=5 scontext=u:r:kernel:s0 tcontext=u:r:kernel:s0 tclass=capability permissive=0
01-11 06:56:17.575 0 0 I auditd : type=1400 audit(0.0:13056): avc: denied { kill } for comm="swapper/2" capability=5 scontext=u:r:kernel:s0 tcontext=u:r:kernel:s0 tclass=capability permissive=0
01-11 06:56:18.575 0 0 I auditd : type=1400 audit(0.0:13057): avc: denied { kill } for comm="swapper/2" capability=5 scontext=u:r:kernel:s0 tcontext=u:r:kernel:s0 tclass=capability permissive=0
01-11 06:56:19.575 0 0 I auditd : type=1400 audit(0.0:13058): avc: denied { kill } for comm="swapper/2" capability=5 scontext=u:r:kernel:s0 tcontext=u:r:kernel:s0 tclass=capability permissive=0
01-11 06:56:20.575 0 0 I auditd : type=1400 audit(0.0:13059): avc: denied { kill } for comm="swapper/2" capability=5 scontext=u:r:kernel:s0 tcontext=u:r:kernel:s0 tclass=capability permissive=0
01-11 06:56:20.927 1504 2012 I ntp_failure: [time.android.com/2001:4860:4806:4::,java.net.SocketTimeoutException: Poll timed out]
01-11 06:56:21.575 0 0 I auditd : type=1400 audit(0.0:13060): avc: denied { kill } for comm="swapper/2" capability=5 scontext=u:r:kernel:s0 tcontext=u:r:kernel:s0 tclass=capability permissive=0
01-11 06:56:22.575 0 0 I auditd : type=1400 audit(0.0:13061): avc: denied { kill } for comm="swapper/2" capability=5 scontext=u:r:kernel:s0 tcontext=u:r:kernel:s0 tclass=capability permissive=0
01-11 06:56:23.575 0 0 I auditd : type=1400 audit(0.0:13062): avc: denied { kill } for comm="swapper/2" capability=5 scontext=u:r:kernel:s0 tcontext=u:r:kernel:s0 tclass=capability permissive=0
01-11 06:56:24.575 0 0 I auditd : type=1400 audit(0.0:13063): avc: denied { kill } for comm="swapper/2" capability=5 scontext=u:r:kernel:s0 tcontext=u:r:kernel:s0 tclass=capability permissive=0
01-11 06:56:24.964 1504 1617 I am_uid_idle: 10097
01-11 06:56:25.575 0 0 I auditd : type=1400 audit(0.0:13064): avc: denied { kill } for comm="swapper/2" capability=5 scontext=u:r:kernel:s0 tcontext=u:r:kernel:s0 tclass=capability permissive=0
01-11 06:56:25.939 1504 2012 I ntp_failure: [time.android.com/216.239.35.0,java.net.SocketTimeoutException: Poll timed out]
01-11 06:56:26.575 0 0 I auditd : type=1400 audit(0.0:13065): avc: denied { kill } for comm="swapper/2" capability=5 scontext=u:r:kernel:s0 tcontext=u:r:kernel:s0 tclass=capability permissive=0
01-11 06:56:27.575 0 0 I auditd : type=1400 audit(0.0:13066): avc: denied { kill } for comm="swapper/2" capability=5 scontext=u:r:kernel:s0 tcontext=u:r:kernel:s0 tclass=capability permissive=0
01-11 06:56:28.575 0 0 I auditd : type=1400 audit(0.0:13067): avc: denied { kill } for comm="swapper/2" capability=5 scontext=u:r:kernel:s0 tcontext=u:r:kernel:s0 tclass=capability permissive=0
01-11 06:56:29.575 0 0 I auditd : type=1400 audit(0.0:13068): avc: denied { kill } for comm="swapper/2" capability=5 scontext=u:r:kernel:s0 tcontext=u:r:kernel:s0 tclass=capability permissive=0
01-11 06:56:30.575 0 0 I auditd : type=1400 audit(0.0:13069): avc: denied { kill } for comm="swapper/2" capability=5 scontext=u:r:kernel:s0 tcontext=u:r:kernel:s0 tclass=capability permissive=0
01-11 06:56:30.949 1504 2012 I ntp_failure: [time.android.com/216.239.35.4,java.net.SocketTimeoutException: Poll timed out]
01-11 06:56:31.575 0 0 I auditd : type=1400 audit(0.0:13070): avc: denied { kill } for comm="swapper/2" capability=5 scontext=u:r:kernel:s0 tcontext=u:r:kernel:s0 tclass=capability permissive=0
01-11 06:56:32.575 0 0 I auditd : type=1400 audit(0.0:13071): avc: denied { kill } for comm="swapper/2" capability=5 scontext=u:r:kernel:s0 tcontext=u:r:kernel:s0 tclass=capability permissive=0
01-11 06:56:33.575 0 0 I auditd : type=1400 audit(0.0:13072): avc: denied { kill } for comm="swapper/2" capability=5 scontext=u:r:kernel:s0 tcontext=u:r:kernel:s0 tclass=capability permissive=0
01-11 06:56:34.575 0 0 I auditd : type=1400 audit(0.0:13073): avc: denied { kill } for comm="swapper/2" capability=5 scontext=u:r:kernel:s0 tcontext=u:r:kernel:s0 tclass=capability permissive=0
01-11 06:56:35.575 0 0 I auditd : type=1400 audit(0.0:13074): avc: denied { kill } for comm="swapper/2" capability=5 scontext=u:r:kernel:s0 tcontext=u:r:kernel:s0 tclass=capability permissive=0
01-11 06:56:35.960 1504 2012 I ntp_failure: [time.android.com/216.239.35.12,java.net.SocketTimeoutException: Poll timed out]
01-11 06:56:36.575 0 0 I auditd : type=1400 audit(0.0:13075): avc: denied { kill } for comm="swapper/2" capability=5 scontext=u:r:kernel:s0 tcontext=u:r:kernel:s0 tclass=capability permissive=0
01-11 06:56:37.575 0 0 I auditd : type=1400 audit(0.0:13076): avc: denied { kill } for comm="swapper/2" capability=5 scontext=u:r:kernel:s0 tcontext=u:r:kernel:s0 tclass=capability permissive=0
01-11 06:56:38.575 0 0 I auditd : type=1400 audit(0.0:13077): avc: denied { kill } for comm="swapper/2" capability=5 scontext=u:r:kernel:s0 tcontext=u:r:kernel:s0 tclass=capability permissive=0
01-11 06:56:39.575 0 0 I auditd : type=1400 audit(0.0:13078): avc: denied { kill } for comm="swapper/2" capability=5 scontext=u:r:kernel:s0 tcontext=u:r:kernel:s0 tclass=capability permissive=0
01-11 06:56:40.970 1504 2012 I ntp_failure: [time.android.com/216.239.35.8,java.net.SocketTimeoutException: Poll timed out]
01-11 06:56:41.575 0 0 I auditd : type=1400 audit(0.0:13079): avc: denied { kill } for comm="swapper/2" capability=5 scontext=u:r:kernel:s0 tcontext=u:r:kernel:s0 tclass=capability permissive=0
01-11 06:56:42.575 0 0 I auditd : type=1400 audit(0.0:13080): avc: denied { kill } for comm="swapper/2" capability=5 scontext=u:r:kernel:s0 tcontext=u:r:kernel:s0 tclass=capability permissive=0
01-11 06:56:44.575 0 0 I auditd : type=1400 audit(0.0:13081): avc: denied { kill } for comm="swapper/2" capability=5 scontext=u:r:kernel:s0 tcontext=u:r:kernel:s0 tclass=capability permissive=0
01-11 06:56:45.575 0 0 I auditd : type=1400 audit(0.0:13082): avc: denied { kill } for comm="swapper/2" capability=5 scontext=u:r:kernel:s0 tcontext=u:r:kernel:s0 tclass=capability permissive=0
01-11 06:56:46.575 0 0 I auditd : type=1400 audit(0.0:13083): avc: denied { kill } for comm="swapper/2" capability=5 scontext=u:r:kernel:s0 tcontext=u:r:kernel:s0 tclass=capability permissive=0
01-11 06:56:47.297 1504 1633 I sysui_multi_action: [757,1696,758,6,759,2]
01-11 06:56:47.301 1504 1617 I am_wtf : [0,1504,system_server,-1,DisplayDeviceConfig,requesting nits when no mapping exists.]
01-11 06:56:47.305 1504 1617 I am_wtf : [0,1504,system_server,-1,DisplayDeviceConfig,requesting nits when no mapping exists.]
01-11 06:56:47.317 1504 1617 I am_wtf : [0,1504,system_server,-1,DisplayDeviceConfig,requesting nits when no mapping exists.]
01-11 06:56:47.319 1504 1617 I am_wtf : [0,1504,system_server,-1,DisplayDeviceConfig,requesting nits when no mapping exists.]
01-11 06:56:47.334 1504 1617 I am_wtf : [0,1504,system_server,-1,DisplayDeviceConfig,requesting nits when no mapping exists.]
01-11 06:56:47.337 1504 1617 I am_wtf : [0,1504,system_server,-1,DisplayDeviceConfig,requesting nits when no mapping exists.]
01-11 06:56:47.338 1504 1617 I am_wtf : [0,1504,system_server,-1,DisplayDeviceConfig,requesting nits when no mapping exists.]
01-11 06:56:47.340 1504 1617 I am_wtf : [0,1504,system_server,-1,DisplayDeviceConfig,requesting nits when no mapping exists.]
01-11 06:56:47.355 1504 1617 I am_wtf : [0,1504,system_server,-1,DisplayDeviceConfig,requesting nits when no mapping exists.]
01-11 06:56:47.356 1504 1617 I am_wtf : [0,1504,system_server,-1,DisplayDeviceConfig,requesting nits when no mapping exists.]
01-11 06:56:47.372 1504 1617 I am_wtf : [0,1504,system_server,-1,DisplayDeviceConfig,requesting nits when no mapping exists.]
01-11 06:56:47.373 1504 1617 I am_wtf : [0,1504,system_server,-1,DisplayDeviceConfig,requesting nits when no mapping exists.]
01-11 06:56:47.374 1504 1617 I service_manager_stats: [100,68,89645]
01-11 06:56:47.389 1504 1617 I am_wtf : [0,1504,system_server,-1,DisplayDeviceConfig,requesting nits when no mapping exists.]
01-11 06:56:47.390 1504 1617 I am_wtf : [0,1504,system_server,-1,DisplayDeviceConfig,requesting nits when no mapping exists.]
01-11 06:56:47.405 1504 1617 I am_wtf : [0,1504,system_server,-1,DisplayDeviceConfig,requesting nits when no mapping exists.]
01-11 06:56:47.406 1504 1617 I am_wtf : [0,1504,system_server,-1,DisplayDeviceConfig,requesting nits when no mapping exists.]
01-11 06:56:47.422 1504 1617 I am_wtf : [0,1504,system_server,-1,DisplayDeviceConfig,requesting nits when no mapping exists.]
01-11 06:56:47.423 1504 1617 I am_wtf : [0,1504,system_server,-1,DisplayDeviceConfig,requesting nits when no mapping exists.]
01-11 06:56:47.439 1504 1617 I am_wtf : [0,1504,system_server,-1,DisplayDeviceConfig,requesting nits when no mapping exists.]
01-11 06:56:47.440 1504 1617 I am_wtf : [0,1504,system_server,-1,DisplayDeviceConfig,requesting nits when no mapping exists.]
01-11 06:56:47.455 1504 1617 I am_wtf : [0,1504,system_server,-1,DisplayDeviceConfig,requesting nits when no mapping exists.]
01-11 06:56:47.456 1504 1617 I am_wtf : [0,1504,system_server,-1,DisplayDeviceConfig,requesting nits when no mapping exists.]
01-11 06:56:47.473 1504 1617 I am_wtf : [0,1504,system_server,-1,DisplayDeviceConfig,requesting nits when no mapping exists.]
01-11 06:56:47.474 1504 1617 I am_wtf : [0,1504,system_server,-1,DisplayDeviceConfig,requesting nits when no mapping exists.]
01-11 06:56:47.489 1504 1617 I am_wtf : [0,1504,system_server,-1,DisplayDeviceConfig,requesting nits when no mapping exists.]
01-11 06:56:47.490 1504 1617 I am_wtf : [0,1504,system_server,-1,DisplayDeviceConfig,requesting nits when no mapping exists.]
01-11 06:56:47.505 1504 1617 I am_wtf : [0,1504,system_server,-1,DisplayDeviceConfig,requesting nits when no mapping exists.]
01-11 06:56:47.506 1504 1617 I am_wtf : [0,1504,system_server,-1,DisplayDeviceConfig,requesting nits when no mapping exists.]
01-11 06:56:47.522 1504 1617 I am_wtf : [0,1504,system_server,-1,DisplayDeviceConfig,requesting nits when no mapping exists.]
01-11 06:56:47.523 1504 1617 I am_wtf : [0,1504,system_server,-1,DisplayDeviceConfig,requesting nits when no mapping exists.]
01-11 06:56:47.540 1504 1617 I am_wtf : [0,1504,system_server,-1,DisplayDeviceConfig,requesting nits when no mapping exists.]
01-11 06:56:47.541 1504 1617 I am_wtf : [0,1504,system_server,-1,DisplayDeviceConfig,requesting nits when no mapping exists.]
01-11 06:56:47.556 1504 1617 I am_wtf : [0,1504,system_server,-1,DisplayDeviceConfig,requesting nits when no mapping exists.]
01-11 06:56:47.557 1504 1617 I am_wtf : [0,1504,system_server,-1,DisplayDeviceConfig,requesting nits when no mapping exists.]
01-11 06:56:47.573 1504 1617 I am_wtf : [0,1504,system_server,-1,DisplayDeviceConfig,requesting nits when no mapping exists.]
01-11 06:56:47.574 1504 1617 I am_wtf : [0,1504,system_server,-1,DisplayDeviceConfig,requesting nits when no mapping exists.]
01-11 06:56:47.575 0 0 I auditd : type=1400 audit(0.0:13084): avc: denied { kill } for comm="swapper/2" capability=5 scontext=u:r:kernel:s0 tcontext=u:r:kernel:s0 tclass=capability permissive=0
01-11 06:56:47.589 1504 1617 I am_wtf : [0,1504,system_server,-1,DisplayDeviceConfig,requesting nits when no mapping exists.]
01-11 06:56:47.590 1504 1617 I am_wtf : [0,1504,system_server,-1,DisplayDeviceConfig,requesting nits when no mapping exists.]
01-11 06:56:47.606 1504 1617 I am_wtf : [0,1504,system_server,-1,DisplayDeviceConfig,requesting nits when no mapping exists.]
01-11 06:56:47.607 1504 1617 I am_wtf : [0,1504,system_server,-1,DisplayDeviceConfig,requesting nits when no mapping exists.]
01-11 06:56:47.622 1504 1617 I am_wtf : [0,1504,system_server,-1,DisplayDeviceConfig,requesting nits when no mapping exists.]
01-11 06:56:47.624 1504 1617 I am_wtf : [0,1504,system_server,-1,DisplayDeviceConfig,requesting nits when no mapping exists.]
01-11 06:56:47.639 1504 1617 I am_wtf : [0,1504,system_server,-1,DisplayDeviceConfig,requesting nits when no mapping exists.]
01-11 06:56:47.640 1504 1617 I am_wtf : [0,1504,system_server,-1,DisplayDeviceConfig,requesting nits when no mapping exists.]
01-11 06:56:47.656 1504 1617 I am_wtf : [0,1504,system_server,-1,DisplayDeviceConfig,requesting nits when no mapping exists.]
01-11 06:56:47.657 1504 1617 I am_wtf : [0,1504,system_server,-1,DisplayDeviceConfig,requesting nits when no mapping exists.]
01-11 06:56:47.673 1504 1617 I am_wtf : [0,1504,system_server,-1,DisplayDeviceConfig,requesting nits when no mapping exists.]
01-11 06:56:47.675 1504 1617 I am_wtf : [0,1504,system_server,-1,DisplayDeviceConfig,requesting nits when no mapping exists.]
01-11 06:56:47.689 1504 1617 I am_wtf : [0,1504,system_server,-1,DisplayDeviceConfig,requesting nits when no mapping exists.]
01-11 06:56:47.690 1504 1617 I am_wtf : [0,1504,system_server,-1,DisplayDeviceConfig,requesting nits when no mapping exists.]
01-11 06:56:47.706 1504 1617 I am_wtf : [0,1504,system_server,-1,DisplayDeviceConfig,requesting nits when no mapping exists.]
01-11 06:56:47.707 1504 1617 I am_wtf : [0,1504,system_server,-1,DisplayDeviceConfig,requesting nits when no mapping exists.]
01-11 06:56:47.724 1504 1617 I am_wtf : [0,1504,system_server,-1,DisplayDeviceConfig,requesting nits when no mapping exists.]
01-11 06:56:47.724 1504 1617 I am_wtf : [0,1504,system_server,-1,DisplayDeviceConfig,requesting nits when no mapping exists.]
01-11 06:56:47.740 1504 1617 I am_wtf : [0,1504,system_server,-1,DisplayDeviceConfig,requesting nits when no mapping exists.]
01-11 06:56:47.741 1504 1617 I am_wtf : [0,1504,system_server,-1,DisplayDeviceConfig,requesting nits when no mapping exists.]
01-11 06:56:47.757 1504 1617 I am_wtf : [0,1504,system_server,-1,DisplayDeviceConfig,requesting nits when no mapping exists.]
01-11 06:56:47.757 1504 1617 I am_wtf : [0,1504,system_server,-1,DisplayDeviceConfig,requesting nits when no mapping exists.]
01-11 06:56:47.773 1504 1617 I am_wtf : [0,1504,system_server,-1,DisplayDeviceConfig,requesting nits when no mapping exists.]
01-11 06:56:47.774 1504 1617 I am_wtf : [0,1504,system_server,-1,DisplayDeviceConfig,requesting nits when no mapping exists.]
01-11 06:56:47.791 1504 1617 I am_wtf : [0,1504,system_server,-1,DisplayDeviceConfig,requesting nits when no mapping exists.]
01-11 06:56:47.792 1504 1617 I am_wtf : [0,1504,system_server,-1,DisplayDeviceConfig,requesting nits when no mapping exists.]
01-11 06:56:47.806 1504 1617 I am_wtf : [0,1504,system_server,-1,DisplayDeviceConfig,requesting nits when no mapping exists.]
01-11 06:56:47.808 1504 1617 I am_wtf : [0,1504,system_server,-1,DisplayDeviceConfig,requesting nits when no mapping exists.]
01-11 06:56:47.823 1504 1617 I am_wtf : [0,1504,system_server,-1,DisplayDeviceConfig,requesting nits when no mapping exists.]
01-11 06:56:47.824 1504 1617 I am_wtf : [0,1504,system_server,-1,DisplayDeviceConfig,requesting nits when no mapping exists.]
01-11 06:56:47.840 1504 1617 I am_wtf : [0,1504,system_server,-1,DisplayDeviceConfig,requesting nits when no mapping exists.]
01-11 06:56:47.841 1504 1617 I am_wtf : [0,1504,system_server,-1,DisplayDeviceConfig,requesting nits when no mapping exists.]
01-11 06:56:47.856 1504 1617 I am_wtf : [0,1504,system_server,-1,DisplayDeviceConfig,requesting nits when no mapping exists.]
01-11 06:56:47.857 1504 1617 I am_wtf : [0,1504,system_server,-1,DisplayDeviceConfig,requesting nits when no mapping exists.]
01-11 06:56:47.873 1504 1617 I am_wtf : [0,1504,system_server,-1,DisplayDeviceConfig,requesting nits when no mapping exists.]
01-11 06:56:47.873 1504 1617 I am_wtf : [0,1504,system_server,-1,DisplayDeviceConfig,requesting nits when no mapping exists.]
01-11 06:56:47.890 1504 1617 I am_wtf : [0,1504,system_server,-1,DisplayDeviceConfig,requesting nits when no mapping exists.]
01-11 06:56:47.891 1504 1617 I am_wtf : [0,1504,system_server,-1,DisplayDeviceConfig,requesting nits when no mapping exists.]
01-11 06:56:47.906 1504 1617 I am_wtf : [0,1504,system_server,-1,DisplayDeviceConfig,requesting nits when no mapping exists.]
01-11 06:56:47.906 1504 1617 I am_wtf : [0,1504,system_server,-1,DisplayDeviceConfig,requesting nits when no mapping exists.]
01-11 06:56:47.923 1504 1617 I am_wtf : [0,1504,system_server,-1,DisplayDeviceConfig,requesting nits when no mapping exists.]
01-11 06:56:47.925 1504 1617 I am_wtf : [0,1504,system_server,-1,DisplayDeviceConfig,requesting nits when no mapping exists.]
01-11 06:56:47.940 1504 1617 I am_wtf : [0,1504,system_server,-1,DisplayDeviceConfig,requesting nits when no mapping exists.]
01-11 06:56:47.941 1504 1617 I am_wtf : [0,1504,system_server,-1,DisplayDeviceConfig,requesting nits when no mapping exists.]
01-11 06:56:47.957 1504 1617 I am_wtf : [0,1504,system_server,-1,DisplayDeviceConfig,requesting nits when no mapping exists.]
01-11 06:56:47.958 1504 1617 I am_wtf : [0,1504,system_server,-1,DisplayDeviceConfig,requesting nits when no mapping exists.]
01-11 06:56:47.974 1504 1617 I am_wtf : [0,1504,system_server,-1,DisplayDeviceConfig,requesting nits when no mapping exists.]
01-11 06:56:47.975 1504 1617 I am_wtf : [0,1504,system_server,-1,DisplayDeviceConfig,requesting nits when no mapping exists.]
01-11 06:56:47.990 1504 1617 I am_wtf : [0,1504,system_server,-1,DisplayDeviceConfig,requesting nits when no mapping exists.]
01-11 06:56:47.991 1504 1617 I am_wtf : [0,1504,system_server,-1,DisplayDeviceConfig,requesting nits when no mapping exists.]
01-11 06:56:48.007 1504 1617 I am_wtf : [0,1504,system_server,-1,DisplayDeviceConfig,requesting nits when no mapping exists.]
01-11 06:56:48.008 1504 1617 I am_wtf : [0,1504,system_server,-1,DisplayDeviceConfig,requesting nits when no mapping exists.]
01-11 06:56:48.024 1504 1617 I am_wtf : [0,1504,system_server,-1,DisplayDeviceConfig,requesting nits when no mapping exists.]
01-11 06:56:48.024 1504 1617 I am_wtf : [0,1504,system_server,-1,DisplayDeviceConfig,requesting nits when no mapping exists.]
01-11 06:56:48.040 1504 1617 I am_wtf : [0,1504,system_server,-1,DisplayDeviceConfig,requesting nits when no mapping exists.]
01-11 06:56:48.041 1504 1617 I am_wtf : [0,1504,system_server,-1,DisplayDeviceConfig,requesting nits when no mapping exists.]
01-11 06:56:48.058 1504 1617 I am_wtf : [0,1504,system_server,-1,DisplayDeviceConfig,requesting nits when no mapping exists.]
01-11 06:56:48.059 1504 1617 I am_wtf : [0,1504,system_server,-1,DisplayDeviceConfig,requesting nits when no mapping exists.]
01-11 06:56:48.073 1504 1617 I am_wtf : [0,1504,system_server,-1,DisplayDeviceConfig,requesting nits when no mapping exists.]
01-11 06:56:48.074 1504 1617 I am_wtf : [0,1504,system_server,-1,DisplayDeviceConfig,requesting nits when no mapping exists.]
01-11 06:56:48.090 1504 1617 I am_wtf : [0,1504,system_server,-1,DisplayDeviceConfig,requesting nits when no mapping exists.]
01-11 06:56:48.091 1504 1617 I am_wtf : [0,1504,system_server,-1,DisplayDeviceConfig,requesting nits when no mapping exists.]
01-11 06:56:48.113 1504 1617 I am_wtf : [0,1504,system_server,-1,DisplayDeviceConfig,requesting nits when no mapping exists.]
01-11 06:56:48.114 1504 1617 I am_wtf : [0,1504,system_server,-1,DisplayDeviceConfig,requesting nits when no mapping exists.]
01-11 06:56:48.130 1504 1617 I am_wtf : [0,1504,system_server,-1,DisplayDeviceConfig,requesting nits when no mapping exists.]
01-11 06:56:48.131 1504 1617 I am_wtf : [0,1504,system_server,-1,DisplayDeviceConfig,requesting nits when no mapping exists.]
01-11 06:56:48.147 1504 1617 I am_wtf : [0,1504,system_server,-1,DisplayDeviceConfig,requesting nits when no mapping exists.]
01-11 06:56:48.148 1504 1617 I am_wtf : [0,1504,system_server,-1,DisplayDeviceConfig,requesting nits when no mapping exists.]
01-11 06:56:48.162 1504 1617 I am_wtf : [0,1504,system_server,-1,DisplayDeviceConfig,requesting nits when no mapping exists.]
01-11 06:56:48.164 1504 1617 I am_wtf : [0,1504,system_server,-1,DisplayDeviceConfig,requesting nits when no mapping exists.]
01-11 06:56:48.176 1504 1617 I am_wtf : [0,1504,system_server,-1,DisplayDeviceConfig,requesting nits when no mapping exists.]
01-11 06:56:48.177 1504 1617 I am_wtf : [0,1504,system_server,-1,DisplayDeviceConfig,requesting nits when no mapping exists.]
01-11 06:56:48.190 1504 1617 I am_wtf : [0,1504,system_server,-1,DisplayDeviceConfig,requesting nits when no mapping exists.]
01-11 06:56:48.192 1504 1617 I am_wtf : [0,1504,system_server,-1,DisplayDeviceConfig,requesting nits when no mapping exists.]
01-11 06:56:48.208 1504 1617 I am_wtf : [0,1504,system_server,-1,DisplayDeviceConfig,requesting nits when no mapping exists.]
01-11 06:56:48.210 1504 1617 I am_wtf : [0,1504,system_server,-1,DisplayDeviceConfig,requesting nits when no mapping exists.]
01-11 06:56:48.224 1504 1617 I am_wtf : [0,1504,system_server,-1,DisplayDeviceConfig,requesting nits when no mapping exists.]
01-11 06:56:48.226 1504 1617 I am_wtf : [0,1504,system_server,-1,DisplayDeviceConfig,requesting nits when no mapping exists.]
01-11 06:56:48.241 1504 1617 I am_wtf : [0,1504,system_server,-1,DisplayDeviceConfig,requesting nits when no mapping exists.]
01-11 06:56:48.242 1504 1617 I am_wtf : [0,1504,system_server,-1,DisplayDeviceConfig,requesting nits when no mapping exists.]
01-11 06:56:48.258 1504 1617 I am_wtf : [0,1504,system_server,-1,DisplayDeviceConfig,requesting nits when no mapping exists.]
01-11 06:56:48.261 1504 1617 I am_wtf : [0,1504,system_server,-1,DisplayDeviceConfig,requesting nits when no mapping exists.]
01-11 06:56:48.575 0 0 I auditd : type=1400 audit(0.0:13085): avc: denied { kill } for comm="swapper/2" capability=5 scontext=u:r:kernel:s0 tcontext=u:r:kernel:s0 tclass=capability permissive=0
01-11 06:56:49.575 0 0 I auditd : type=1400 audit(0.0:13086): avc: denied { kill } for comm="swapper/2" capability=5 scontext=u:r:kernel:s0 tcontext=u:r:kernel:s0 tclass=capability permissive=0
01-11 06:56:50.575 0 0 I auditd : type=1400 audit(0.0:13087): avc: denied { kill } for comm="swapper/2" capability=5 scontext=u:r:kernel:s0 tcontext=u:r:kernel:s0 tclass=capability permissive=0
01-11 06:56:51.575 0 0 I auditd : type=1400 audit(0.0:13088): avc: denied { kill } for comm="swapper/2" capability=5 scontext=u:r:kernel:s0 tcontext=u:r:kernel:s0 tclass=capability permissive=0
01-11 06:56:52.575 0 0 I auditd : type=1400 audit(0.0:13089): avc: denied { kill } for comm="swapper/2" capability=5 scontext=u:r:kernel:s0 tcontext=u:r:kernel:s0 tclass=capability permissive=0
01-11 06:56:53.575 0 0 I auditd : type=1400 audit(0.0:13090): avc: denied { kill } for comm="swapper/2" capability=5 scontext=u:r:kernel:s0 tcontext=u:r:kernel:s0 tclass=capability permissive=0
01-11 06:56:54.308 1504 1606 I sysui_multi_action: [757,222,758,1]
01-11 06:56:54.314 1504 1606 I am_uid_running: 10052
01-11 06:56:54.316 1504 1616 I am_pss : [6593,10063,com.thundercomm.gamemode.provider,7906304,5902336,0,96489472,0,19,9]
01-11 06:56:54.337 1504 1618 I am_proc_start: [0,15063,10052,com.thundercomm.screensaver,service,{com.thundercomm.screensaver/com.thundercomm.saverclock.service.ClockScreensaver}]
01-11 06:56:54.376 1504 1537 I am_proc_bound: [0,15063,com.thundercomm.screensaver]
01-11 06:56:54.377 1504 1537 I service_manager_stats: [107,62,7003]
01-11 06:56:54.380 1504 1537 I am_uid_active: 10052
01-11 06:56:54.449 1504 1537 I wm_task_created: [134,-1]
01-11 06:56:54.454 1504 1537 I wm_task_moved: [134,1,7]
01-11 06:56:54.454 1504 1537 I wm_task_to_front: [0,134]
01-11 06:56:54.454 1504 1537 I wm_create_task: [0,134]
01-11 06:56:54.454 1504 1537 I wm_create_activity: [0,193481472,134,com.thundercomm.screensaver/android.service.dreams.DreamActivity,NULL,NULL,NULL,276824064]
01-11 06:56:54.454 1504 1537 I wm_task_moved: [134,1,7]
01-11 06:56:54.454 2545 2545 I wm_on_top_resumed_lost_called: [11415547,com.android.launcher3.uioverrides.QuickstepLauncher,topStateChangedWhenResumed]
01-11 06:56:54.455 1504 1537 I wm_pause_activity: [0,11415547,com.android.launcher3/.uioverrides.QuickstepLauncher,userLeaving=true,pauseBackTasks]
01-11 06:56:54.457 2545 2545 I wm_on_paused_called: [11415547,com.android.launcher3.uioverrides.QuickstepLauncher,performPause]
01-11 06:56:54.459 1504 2062 I wm_add_to_stopping: [0,11415547,com.android.launcher3/.uioverrides.QuickstepLauncher,makeInvisible]
01-11 06:56:54.459 1504 2062 I wm_restart_activity: [0,193481472,134,com.thundercomm.screensaver/android.service.dreams.DreamActivity]
01-11 06:56:54.460 1504 2062 I wm_set_resumed_activity: [0,com.thundercomm.screensaver/android.service.dreams.DreamActivity,minimalResumeActivityLocked]
01-11 06:56:54.462 1504 1609 I sysui_multi_action: [757,803,799,window_time_0,802,62]
01-11 06:56:54.466 15063 15063 I wm_on_create_called: [193481472,android.service.dreams.DreamActivity,performCreate]
01-11 06:56:54.466 15063 15063 I wm_on_start_called: [193481472,android.service.dreams.DreamActivity,handleStartActivity]
01-11 06:56:54.467 15063 15063 I wm_on_resume_called: [193481472,android.service.dreams.DreamActivity,RESUME_ACTIVITY]
01-11 06:56:54.475 15063 15063 I wm_on_top_resumed_gained_called: [193481472,android.service.dreams.DreamActivity,topStateChangedWhenResumed]
01-11 06:56:54.489 1504 1610 I input_focus: [Focus request fab7c71 com.thundercomm.screensaver/android.service.dreams.DreamActivity,reason=UpdateInputWindows]
01-11 06:56:54.492 1504 1699 I input_focus: [Focus leaving c8c2ef0 com.android.launcher3/com.android.launcher3.uioverrides.QuickstepLauncher (server),reason=NO_WINDOW]
01-11 06:56:54.515 1504 1606 I sysui_multi_action: [319,71,322,71,325,10625,757,761,758,8,759,2,806,com.thundercomm.screensaver,871,android.service.dreams.DreamActivity,904,com.thundercomm.screensaver,905,0,1320,8,1321,5]
01-11 06:56:54.516 1504 1606 I wm_activity_launch_time: [0,193481472,com.thundercomm.screensaver/android.service.dreams.DreamActivity,71]
01-11 06:56:54.516 1504 1633 I sysui_multi_action: [757,1696,758,6,759,3]
01-11 06:56:54.524 1504 1617 I am_wtf : [0,1504,system_server,-1,DisplayDeviceConfig,requesting nits when no mapping exists.]
01-11 06:56:54.525 1504 1617 I am_wtf : [0,1504,system_server,-1,DisplayDeviceConfig,requesting nits when no mapping exists.]
01-11 06:56:54.541 1504 1617 I am_wtf : [0,1504,system_server,-1,DisplayDeviceConfig,requesting nits when no mapping exists.]
01-11 06:56:54.541 1504 1699 I input_focus: [Focus entering fab7c71 com.thundercomm.screensaver/android.service.dreams.DreamActivity (server),reason=Window became focusable. Previous reason: NOT_VISIBLE]
01-11 06:56:54.541 1504 1617 I am_wtf : [0,1504,system_server,-1,DisplayDeviceConfig,requesting nits when no mapping exists.]
01-11 06:56:54.557 1504 1617 I am_wtf : [0,1504,system_server,-1,DisplayDeviceConfig,requesting nits when no mapping exists.]
01-11 06:56:54.558 1504 1617 I am_wtf : [0,1504,system_server,-1,DisplayDeviceConfig,requesting nits when no mapping exists.]
01-11 06:56:54.574 1504 1617 I am_wtf : [0,1504,system_server,-1,DisplayDeviceConfig,requesting nits when no mapping exists.]
01-11 06:56:54.574 1504 1617 I am_wtf : [0,1504,system_server,-1,DisplayDeviceConfig,requesting nits when no mapping exists.]
01-11 06:56:54.575 0 0 I auditd : type=1400 audit(0.0:13091): avc: denied { kill } for comm="swapper/2" capability=5 scontext=u:r:kernel:s0 tcontext=u:r:kernel:s0 tclass=capability permissive=0
01-11 06:56:54.591 1504 1617 I am_wtf : [0,1504,system_server,-1,DisplayDeviceConfig,requesting nits when no mapping exists.]
01-11 06:56:54.591 1504 1617 I am_wtf : [0,1504,system_server,-1,DisplayDeviceConfig,requesting nits when no mapping exists.]
01-11 06:56:54.608 1504 1617 I am_wtf : [0,1504,system_server,-1,DisplayDeviceConfig,requesting nits when no mapping exists.]
01-11 06:56:54.608 1504 1617 I am_wtf : [0,1504,system_server,-1,DisplayDeviceConfig,requesting nits when no mapping exists.]
01-11 06:56:54.624 1504 1617 I am_wtf : [0,1504,system_server,-1,DisplayDeviceConfig,requesting nits when no mapping exists.]
01-11 06:56:54.625 1504 1617 I am_wtf : [0,1504,system_server,-1,DisplayDeviceConfig,requesting nits when no mapping exists.]
01-11 06:56:54.641 1504 1617 I am_wtf : [0,1504,system_server,-1,DisplayDeviceConfig,requesting nits when no mapping exists.]
01-11 06:56:54.642 1504 1617 I am_wtf : [0,1504,system_server,-1,DisplayDeviceConfig,requesting nits when no mapping exists.]
01-11 06:56:54.658 1504 1617 I am_wtf : [0,1504,system_server,-1,DisplayDeviceConfig,requesting nits when no mapping exists.]
01-11 06:56:54.658 1504 1617 I am_wtf : [0,1504,system_server,-1,DisplayDeviceConfig,requesting nits when no mapping exists.]
01-11 06:56:54.675 1504 1617 I am_wtf : [0,1504,system_server,-1,DisplayDeviceConfig,requesting nits when no mapping exists.]
01-11 06:56:54.675 1504 1617 I am_wtf : [0,1504,system_server,-1,DisplayDeviceConfig,requesting nits when no mapping exists.]
01-11 06:56:54.691 1504 1617 I am_wtf : [0,1504,system_server,-1,DisplayDeviceConfig,requesting nits when no mapping exists.]
01-11 06:56:54.691 1504 1617 I am_wtf : [0,1504,system_server,-1,DisplayDeviceConfig,requesting nits when no mapping exists.]
01-11 06:56:54.708 1504 1617 I am_wtf : [0,1504,system_server,-1,DisplayDeviceConfig,requesting nits when no mapping exists.]
01-11 06:56:54.709 1504 1617 I am_wtf : [0,1504,system_server,-1,DisplayDeviceConfig,requesting nits when no mapping exists.]
01-11 06:56:54.724 1504 1617 I am_wtf : [0,1504,system_server,-1,DisplayDeviceConfig,requesting nits when no mapping exists.]
01-11 06:56:54.725 1504 1617 I am_wtf : [0,1504,system_server,-1,DisplayDeviceConfig,requesting nits when no mapping exists.]
01-11 06:56:54.741 1504 1617 I am_wtf : [0,1504,system_server,-1,DisplayDeviceConfig,requesting nits when no mapping exists.]
01-11 06:56:54.742 1504 1617 I am_wtf : [0,1504,system_server,-1,DisplayDeviceConfig,requesting nits when no mapping exists.]
01-11 06:56:54.758 1504 1617 I am_wtf : [0,1504,system_server,-1,DisplayDeviceConfig,requesting nits when no mapping exists.]
01-11 06:56:54.758 1504 1617 I am_wtf : [0,1504,system_server,-1,DisplayDeviceConfig,requesting nits when no mapping exists.]
01-11 06:56:54.775 1504 1617 I am_wtf : [0,1504,system_server,-1,DisplayDeviceConfig,requesting nits when no mapping exists.]
01-11 06:56:54.776 1504 1617 I am_wtf : [0,1504,system_server,-1,DisplayDeviceConfig,requesting nits when no mapping exists.]
01-11 06:56:54.792 1504 1617 I am_wtf : [0,1504,system_server,-1,DisplayDeviceConfig,requesting nits when no mapping exists.]
01-11 06:56:54.792 1504 1617 I am_wtf : [0,1504,system_server,-1,DisplayDeviceConfig,requesting nits when no mapping exists.]
01-11 06:56:54.809 1504 1617 I am_wtf : [0,1504,system_server,-1,DisplayDeviceConfig,requesting nits when no mapping exists.]
01-11 06:56:54.810 1504 1617 I am_wtf : [0,1504,system_server,-1,DisplayDeviceConfig,requesting nits when no mapping exists.]
01-11 06:56:54.810 1504 1609 I wm_stop_activity: [0,11415547,com.android.launcher3/.uioverrides.QuickstepLauncher]
01-11 06:56:54.827 1504 1617 I am_wtf : [0,1504,system_server,-1,DisplayDeviceConfig,requesting nits when no mapping exists.]
01-11 06:56:54.828 1504 1617 I am_wtf : [0,1504,system_server,-1,DisplayDeviceConfig,requesting nits when no mapping exists.]
01-11 06:56:54.832 2545 2545 I wm_on_stop_called: [11415547,com.android.launcher3.uioverrides.QuickstepLauncher,STOP_ACTIVITY_ITEM]
01-11 06:56:54.842 1504 1617 I am_wtf : [0,1504,system_server,-1,DisplayDeviceConfig,requesting nits when no mapping exists.]
01-11 06:56:54.842 1504 1617 I am_wtf : [0,1504,system_server,-1,DisplayDeviceConfig,requesting nits when no mapping exists.]
01-11 06:56:54.859 1504 1617 I am_wtf : [0,1504,system_server,-1,DisplayDeviceConfig,requesting nits when no mapping exists.]
01-11 06:56:54.859 1504 1617 I am_wtf : [0,1504,system_server,-1,DisplayDeviceConfig,requesting nits when no mapping exists.]
01-11 06:56:54.875 1504 1617 I am_wtf : [0,1504,system_server,-1,DisplayDeviceConfig,requesting nits when no mapping exists.]
01-11 06:56:54.876 1504 1617 I am_wtf : [0,1504,system_server,-1,DisplayDeviceConfig,requesting nits when no mapping exists.]
01-11 06:56:54.889 1504 1617 I am_wtf : [0,1504,system_server,-1,DisplayDeviceConfig,requesting nits when no mapping exists.]
01-11 06:56:54.890 1504 1617 I am_wtf : [0,1504,system_server,-1,DisplayDeviceConfig,requesting nits when no mapping exists.]
01-11 06:56:54.906 1504 1617 I am_wtf : [0,1504,system_server,-1,DisplayDeviceConfig,requesting nits when no mapping exists.]
01-11 06:56:54.907 1504 1617 I am_wtf : [0,1504,system_server,-1,DisplayDeviceConfig,requesting nits when no mapping exists.]
01-11 06:56:54.923 1504 1617 I am_wtf : [0,1504,system_server,-1,DisplayDeviceConfig,requesting nits when no mapping exists.]
01-11 06:56:54.923 1504 1617 I am_wtf : [0,1504,system_server,-1,DisplayDeviceConfig,requesting nits when no mapping exists.]
01-11 06:56:54.939 1504 1617 I am_wtf : [0,1504,system_server,-1,DisplayDeviceConfig,requesting nits when no mapping exists.]
01-11 06:56:54.940 1504 1617 I am_wtf : [0,1504,system_server,-1,DisplayDeviceConfig,requesting nits when no mapping exists.]
01-11 06:56:54.956 1504 1617 I am_wtf : [0,1504,system_server,-1,DisplayDeviceConfig,requesting nits when no mapping exists.]
01-11 06:56:54.956 1504 1617 I am_wtf : [0,1504,system_server,-1,DisplayDeviceConfig,requesting nits when no mapping exists.]
01-11 06:56:54.973 1504 1617 I am_wtf : [0,1504,system_server,-1,DisplayDeviceConfig,requesting nits when no mapping exists.]
01-11 06:56:54.973 1504 1617 I am_wtf : [0,1504,system_server,-1,DisplayDeviceConfig,requesting nits when no mapping exists.]
01-11 06:56:54.990 1504 1617 I am_wtf : [0,1504,system_server,-1,DisplayDeviceConfig,requesting nits when no mapping exists.]
01-11 06:56:54.990 1504 1617 I am_wtf : [0,1504,system_server,-1,DisplayDeviceConfig,requesting nits when no mapping exists.]
01-11 06:56:55.006 1504 1617 I am_wtf : [0,1504,system_server,-1,DisplayDeviceConfig,requesting nits when no mapping exists.]
01-11 06:56:55.006 1504 1617 I am_wtf : [0,1504,system_server,-1,DisplayDeviceConfig,requesting nits when no mapping exists.]
01-11 06:56:55.023 1504 1617 I am_wtf : [0,1504,system_server,-1,DisplayDeviceConfig,requesting nits when no mapping exists.]
01-11 06:56:55.023 1504 1617 I am_wtf : [0,1504,system_server,-1,DisplayDeviceConfig,requesting nits when no mapping exists.]
01-11 06:56:55.039 1504 1617 I am_wtf : [0,1504,system_server,-1,DisplayDeviceConfig,requesting nits when no mapping exists.]
01-11 06:56:55.040 1504 1617 I am_wtf : [0,1504,system_server,-1,DisplayDeviceConfig,requesting nits when no mapping exists.]
01-11 06:56:55.057 1504 1617 I am_wtf : [0,1504,system_server,-1,DisplayDeviceConfig,requesting nits when no mapping exists.]
01-11 06:56:55.057 1504 1617 I am_wtf : [0,1504,system_server,-1,DisplayDeviceConfig,requesting nits when no mapping exists.]
01-11 06:56:55.073 1504 1617 I am_wtf : [0,1504,system_server,-1,DisplayDeviceConfig,requesting nits when no mapping exists.]
01-11 06:56:55.074 1504 1617 I am_wtf : [0,1504,system_server,-1,DisplayDeviceConfig,requesting nits when no mapping exists.]
01-11 06:56:55.090 1504 1617 I am_wtf : [0,1504,system_server,-1,DisplayDeviceConfig,requesting nits when no mapping exists.]
01-11 06:56:55.091 1504 1617 I am_wtf : [0,1504,system_server,-1,DisplayDeviceConfig,requesting nits when no mapping exists.]
01-11 06:56:55.106 1504 1617 I am_wtf : [0,1504,system_server,-1,DisplayDeviceConfig,requesting nits when no mapping exists.]
01-11 06:56:55.106 1504 1617 I am_wtf : [0,1504,system_server,-1,DisplayDeviceConfig,requesting nits when no mapping exists.]
01-11 06:56:55.123 1504 1617 I am_wtf : [0,1504,system_server,-1,DisplayDeviceConfig,requesting nits when no mapping exists.]
01-11 06:56:55.123 1504 1617 I am_wtf : [0,1504,system_server,-1,DisplayDeviceConfig,requesting nits when no mapping exists.]
01-11 06:56:55.140 1504 1617 I am_wtf : [0,1504,system_server,-1,DisplayDeviceConfig,requesting nits when no mapping exists.]
01-11 06:56:55.140 1504 1617 I am_wtf : [0,1504,system_server,-1,DisplayDeviceConfig,requesting nits when no mapping exists.]
01-11 06:56:55.157 1504 1617 I am_wtf : [0,1504,system_server,-1,DisplayDeviceConfig,requesting nits when no mapping exists.]
01-11 06:56:55.157 1504 1617 I am_wtf : [0,1504,system_server,-1,DisplayDeviceConfig,requesting nits when no mapping exists.]
01-11 06:56:55.175 1504 1617 I am_wtf : [0,1504,system_server,-1,DisplayDeviceConfig,requesting nits when no mapping exists.]
01-11 06:56:55.175 1504 1617 I am_wtf : [0,1504,system_server,-1,DisplayDeviceConfig,requesting nits when no mapping exists.]
01-11 06:56:55.190 1504 1617 I am_wtf : [0,1504,system_server,-1,DisplayDeviceConfig,requesting nits when no mapping exists.]
01-11 06:56:55.190 1504 1617 I am_wtf : [0,1504,system_server,-1,DisplayDeviceConfig,requesting nits when no mapping exists.]
01-11 06:56:55.207 1504 1617 I am_wtf : [0,1504,system_server,-1,DisplayDeviceConfig,requesting nits when no mapping exists.]
01-11 06:56:55.207 1504 1617 I am_wtf : [0,1504,system_server,-1,DisplayDeviceConfig,requesting nits when no mapping exists.]
01-11 06:56:55.223 1504 1617 I am_wtf : [0,1504,system_server,-1,DisplayDeviceConfig,requesting nits when no mapping exists.]
01-11 06:56:55.224 1504 1617 I am_wtf : [0,1504,system_server,-1,DisplayDeviceConfig,requesting nits when no mapping exists.]
01-11 06:56:55.240 1504 1617 I am_wtf : [0,1504,system_server,-1,DisplayDeviceConfig,requesting nits when no mapping exists.]
01-11 06:56:55.240 1504 1617 I am_wtf : [0,1504,system_server,-1,DisplayDeviceConfig,requesting nits when no mapping exists.]
01-11 06:56:55.257 1504 1617 I am_wtf : [0,1504,system_server,-1,DisplayDeviceConfig,requesting nits when no mapping exists.]
01-11 06:56:55.257 1504 1617 I am_wtf : [0,1504,system_server,-1,DisplayDeviceConfig,requesting nits when no mapping exists.]
01-11 06:56:55.274 1504 1617 I am_wtf : [0,1504,system_server,-1,DisplayDeviceConfig,requesting nits when no mapping exists.]
01-11 06:56:55.274 1504 1617 I am_wtf : [0,1504,system_server,-1,DisplayDeviceConfig,requesting nits when no mapping exists.]
01-11 06:56:55.290 1504 1617 I am_wtf : [0,1504,system_server,-1,DisplayDeviceConfig,requesting nits when no mapping exists.]
01-11 06:56:55.290 1504 1617 I am_wtf : [0,1504,system_server,-1,DisplayDeviceConfig,requesting nits when no mapping exists.]
01-11 06:56:55.307 1504 1617 I am_wtf : [0,1504,system_server,-1,DisplayDeviceConfig,requesting nits when no mapping exists.]
01-11 06:56:55.307 1504 1617 I am_wtf : [0,1504,system_server,-1,DisplayDeviceConfig,requesting nits when no mapping exists.]
01-11 06:56:55.323 1504 1617 I am_wtf : [0,1504,system_server,-1,DisplayDeviceConfig,requesting nits when no mapping exists.]
01-11 06:56:55.324 1504 1617 I am_wtf : [0,1504,system_server,-1,DisplayDeviceConfig,requesting nits when no mapping exists.]
01-11 06:56:55.340 1504 1617 I am_wtf : [0,1504,system_server,-1,DisplayDeviceConfig,requesting nits when no mapping exists.]
01-11 06:56:55.340 1504 1617 I am_wtf : [0,1504,system_server,-1,DisplayDeviceConfig,requesting nits when no mapping exists.]
01-11 06:56:55.357 1504 1617 I am_wtf : [0,1504,system_server,-1,DisplayDeviceConfig,requesting nits when no mapping exists.]
01-11 06:56:55.357 1504 1617 I am_wtf : [0,1504,system_server,-1,DisplayDeviceConfig,requesting nits when no mapping exists.]
01-11 06:56:55.373 1504 1617 I am_wtf : [0,1504,system_server,-1,DisplayDeviceConfig,requesting nits when no mapping exists.]
01-11 06:56:55.374 1504 1617 I am_wtf : [0,1504,system_server,-1,DisplayDeviceConfig,requesting nits when no mapping exists.]
01-11 06:56:55.390 1504 1617 I am_wtf : [0,1504,system_server,-1,DisplayDeviceConfig,requesting nits when no mapping exists.]
01-11 06:56:55.391 1504 1617 I am_wtf : [0,1504,system_server,-1,DisplayDeviceConfig,requesting nits when no mapping exists.]
01-11 06:56:55.407 1504 1617 I am_wtf : [0,1504,system_server,-1,DisplayDeviceConfig,requesting nits when no mapping exists.]
01-11 06:56:55.407 1504 1617 I am_wtf : [0,1504,system_server,-1,DisplayDeviceConfig,requesting nits when no mapping exists.]
01-11 06:56:55.424 1504 1617 I am_wtf : [0,1504,system_server,-1,DisplayDeviceConfig,requesting nits when no mapping exists.]
01-11 06:56:55.424 1504 1617 I am_wtf : [0,1504,system_server,-1,DisplayDeviceConfig,requesting nits when no mapping exists.]
01-11 06:56:55.440 1504 1617 I am_wtf : [0,1504,system_server,-1,DisplayDeviceConfig,requesting nits when no mapping exists.]
01-11 06:56:55.441 1504 1617 I am_wtf : [0,1504,system_server,-1,DisplayDeviceConfig,requesting nits when no mapping exists.]
01-11 06:56:55.457 1504 1617 I am_wtf : [0,1504,system_server,-1,DisplayDeviceConfig,requesting nits when no mapping exists.]
01-11 06:56:55.457 1504 1617 I am_wtf : [0,1504,system_server,-1,DisplayDeviceConfig,requesting nits when no mapping exists.]
