01-11 06:56:55.474 1504 1617 I am_wtf : [0,1504,system_server,-1,DisplayDeviceConfig,requesting nits when no mapping exists.]
01-11 06:56:55.474 1504 1617 I am_wtf : [0,1504,system_server,-1,DisplayDeviceConfig,requesting nits when no mapping exists.]
01-11 06:56:55.575 0 0 I auditd : type=1400 audit(0.0:13092): avc: denied { kill } for comm="swapper/2" capability=5 scontext=u:r:kernel:s0 tcontext=u:r:kernel:s0 tclass=capability permissive=0
01-11 06:56:57.575 0 0 I auditd : type=1400 audit(0.0:13093): avc: denied { kill } for comm="swapper/7" capability=5 scontext=u:r:kernel:s0 tcontext=u:r:kernel:s0 tclass=capability permissive=0
01-11 06:56:58.575 0 0 I auditd : type=1400 audit(0.0:13094): avc: denied { kill } for comm="swapper/7" capability=5 scontext=u:r:kernel:s0 tcontext=u:r:kernel:s0 tclass=capability permissive=0
01-11 06:56:59.575 0 0 I auditd : type=1400 audit(0.0:13095): avc: denied { kill } for comm="swapper/1" capability=5 scontext=u:r:kernel:s0 tcontext=u:r:kernel:s0 tclass=capability permissive=0
01-11 06:57:00.575 0 0 I auditd : type=1400 audit(0.0:13096): avc: denied { kill } for comm="swapper/1" capability=5 scontext=u:r:kernel:s0 tcontext=u:r:kernel:s0 tclass=capability permissive=0
01-11 06:57:01.019 1504 1685 I am_freeze: [8162,com.android.deskclock]
01-11 06:57:01.021 1504 1685 I am_kill : [0,8162,com.android.deskclock,915,Unable to freeze binder interface]
01-11 06:57:01.079 1504 2062 I am_proc_died: [0,8162,com.android.deskclock,915,19]
01-11 06:57:01.081 1504 2062 I am_uid_stopped: 10067
01-11 06:57:03.575 0 0 I auditd : type=1400 audit(0.0:13097): avc: denied { kill } for comm="swapper/3" capability=5 scontext=u:r:kernel:s0 tcontext=u:r:kernel:s0 tclass=capability permissive=0
01-11 06:57:04.575 0 0 I auditd : type=1400 audit(0.0:13098): avc: denied { kill } for comm="swapper/3" capability=5 scontext=u:r:kernel:s0 tcontext=u:r:kernel:s0 tclass=capability permissive=0
01-11 06:57:05.575 0 0 I auditd : type=1400 audit(0.0:13099): avc: denied { kill } for comm="swapper/3" capability=5 scontext=u:r:kernel:s0 tcontext=u:r:kernel:s0 tclass=capability permissive=0
01-11 06:57:06.575 0 0 I auditd : type=1400 audit(0.0:13100): avc: denied { kill } for comm="swapper/3" capability=5 scontext=u:r:kernel:s0 tcontext=u:r:kernel:s0 tclass=capability permissive=0
01-11 06:57:07.575 0 0 I auditd : type=1400 audit(0.0:13101): avc: denied { kill } for comm="swapper/3" capability=5 scontext=u:r:kernel:s0 tcontext=u:r:kernel:s0 tclass=capability permissive=0
01-11 06:57:08.197 1504 1699 I input_interaction: Interaction with: fab7c71 com.thundercomm.screensaver/android.service.dreams.DreamActivity (server), edge-swipe (server), swipe-up (server), PointerEventDispatcher0 (server),
01-11 06:57:08.200 1504 1504 I service_manager_stats: [122,27,13823]
01-11 06:57:08.201 1504 8716 I wm_finish_activity: [0,193481472,134,com.thundercomm.screensaver/android.service.dreams.DreamActivity,finish-activity]
01-11 06:57:08.201 1504 8716 I wm_task_moved: [62,1,6]
01-11 06:57:08.202 1504 8716 I wm_task_moved: [63,1,2147483647]
01-11 06:57:08.202 1504 8716 I wm_task_to_front: [0,63]
01-11 06:57:08.202 1504 8716 I wm_focused_root_task: [0,0,62,134,finish-top adjustFocusToNextFocusableTask]
01-11 06:57:08.202 1504 8716 I wm_set_resumed_activity: [0,com.android.launcher3/.uioverrides.QuickstepLauncher,finish-top adjustFocusToNextFocusableTask]
01-11 06:57:08.204 1504 8716 I wm_pause_activity: [0,193481472,com.thundercomm.screensaver/android.service.dreams.DreamActivity,userLeaving=false,finish]
01-11 06:57:08.211 15063 15063 I wm_on_top_resumed_lost_called: [193481472,android.service.dreams.DreamActivity,topStateChangedWhenResumed]
01-11 06:57:08.211 1504 1609 I sysui_multi_action: [757,803,799,window_time_0,802,14]
01-11 06:57:08.212 15063 15063 I wm_on_paused_called: [193481472,android.service.dreams.DreamActivity,performPause]
01-11 06:57:08.212 1504 8716 I wm_add_to_stopping: [0,193481472,com.thundercomm.screensaver/android.service.dreams.DreamActivity,completeFinishing]
01-11 06:57:08.215 1504 8716 I wm_set_resumed_activity: [0,com.android.launcher3/.uioverrides.QuickstepLauncher,resumeTopActivityInnerLocked]
01-11 06:57:08.217 1504 8716 I wm_resume_activity: [0,11415547,63,com.android.launcher3/.uioverrides.QuickstepLauncher]
01-11 06:57:08.223 15063 15063 I view_enqueue_input_event: [Motion - Cancel,com.thundercomm.screensaver/android.service.dreams.DreamActivity]
01-11 06:57:08.223 1504 1699 I input_focus: [Focus leaving fab7c71 com.thundercomm.screensaver/android.service.dreams.DreamActivity (server),reason=NO_WINDOW]
01-11 06:57:08.234 1504 1609 I sysui_multi_action: [757,803,799,window_time_0,802,0]
01-11 06:57:08.234 2545 2545 I wm_on_restart_called: [11415547,com.android.launcher3.uioverrides.QuickstepLauncher,performRestartActivity]
01-11 06:57:08.234 2545 2545 I wm_on_start_called: [11415547,com.android.launcher3.uioverrides.QuickstepLauncher,handleStartActivity]
01-11 06:57:08.235 2545 2545 I wm_on_resume_called: [11415547,com.android.launcher3.uioverrides.QuickstepLauncher,RESUME_ACTIVITY]
01-11 06:57:08.235 2545 2545 I wm_on_top_resumed_gained_called: [11415547,com.android.launcher3.uioverrides.QuickstepLauncher,topWhenResuming]
01-11 06:57:08.236 1504 1609 I am_uid_running: 10067
01-11 06:57:08.243 1504 1618 I am_proc_start: [0,15103,10067,com.android.deskclock,NULL,]
01-11 06:57:08.247 1504 1610 I input_focus: [Focus request c8c2ef0 com.android.launcher3/com.android.launcher3.uioverrides.QuickstepLauncher,reason=UpdateInputWindows]
01-11 06:57:08.259 1504 2062 I am_proc_bound: [0,15103,com.android.deskclock]
01-11 06:57:08.280 1504 1699 I input_focus: [Focus entering c8c2ef0 com.android.launcher3/com.android.launcher3.uioverrides.QuickstepLauncher (server),reason=Window became focusable. Previous reason: NOT_VISIBLE]
01-11 06:57:08.512 1504 1609 I wm_destroy_activity: [0,193481472,134,com.thundercomm.screensaver/android.service.dreams.DreamActivity,finish-imm:idle]
01-11 06:57:08.533 15063 15063 I wm_on_stop_called: [193481472,android.service.dreams.DreamActivity,LIFECYCLER_STOP_ACTIVITY]
01-11 06:57:08.536 15063 15063 I wm_on_destroy_called: [193481472,android.service.dreams.DreamActivity,performDestroy]
01-11 06:57:08.540 1504 1606 I sysui_multi_action: [757,222,758,2]
01-11 06:57:08.540 1504 1606 I sysui_multi_action: [757,804,799,dreaming_minutes,801,0,802,1]
01-11 06:57:08.548 1504 2062 I wm_task_removed: [134,removeChild:removeChild last r=ActivityRecord{b884b00 u0 com.thundercomm.screensaver/android.service.dreams.DreamActivity t-1 f}} in t=Task{4b767c7 #134 type=dream A=10052:android:com.thundercomm.screensaver/dream U=0 visible=false mode=fullscreen translucent=true sz=0}]
01-11 06:57:08.548 1504 2062 I wm_task_removed: [134,removeChild]
01-11 06:57:09.575 0 0 I auditd : type=1400 audit(0.0:13102): avc: denied { kill } for comm="swapper/3" capability=5 scontext=u:r:kernel:s0 tcontext=u:r:kernel:s0 tclass=capability permissive=0
01-11 06:57:09.887 1504 1699 I input_interaction: Interaction with: c8c2ef0 com.android.launcher3/com.android.launcher3.uioverrides.QuickstepLauncher (server), dbb0197 com.android.systemui.ImageWallpaper (server), edge-swipe (server), swipe-up (server), PointerEventDispatcher0 (server),
01-11 06:57:09.982 1504 2062 I wm_task_created: [135,-1]
01-11 06:57:09.985 1504 2062 I wm_task_moved: [135,1,7]
01-11 06:57:09.985 1504 2062 I wm_task_to_front: [0,135]
01-11 06:57:09.985 1504 2062 I wm_create_task: [0,135]
01-11 06:57:09.985 1504 2062 I wm_create_activity: [0,226189924,135,com.iflytek.inputmethod/.LauncherActivity,android.intent.action.MAIN,NULL,NULL,278921216]
01-11 06:57:09.985 1504 2062 I wm_task_moved: [135,1,7]
01-11 06:57:09.986 1504 2062 I wm_pause_activity: [0,11415547,com.android.launcher3/.uioverrides.QuickstepLauncher,userLeaving=true,pauseBackTasks]
01-11 06:57:09.996 2545 2545 I wm_on_top_resumed_lost_called: [11415547,com.android.launcher3.uioverrides.QuickstepLauncher,topStateChangedWhenResumed]
01-11 06:57:09.996 2545 2545 I wm_on_paused_called: [11415547,com.android.launcher3.uioverrides.QuickstepLauncher,performPause]
01-11 06:57:09.997 1504 1536 I wm_add_to_stopping: [0,11415547,com.android.launcher3/.uioverrides.QuickstepLauncher,makeInvisible]
01-11 06:57:09.999 1504 1618 I am_proc_start: [0,15137,10097,com.iflytek.inputmethod.settings,pre-top-activity,{com.iflytek.inputmethod/com.iflytek.inputmethod.LauncherActivity}]
01-11 06:57:10.005 1504 1609 I sysui_multi_action: [757,803,799,window_time_0,802,2]
01-11 06:57:10.013 1504 1699 I input_focus: [Focus leaving c8c2ef0 com.android.launcher3/com.android.launcher3.uioverrides.QuickstepLauncher (server),reason=NO_WINDOW]
01-11 06:57:10.014 1504 1536 I am_proc_bound: [0,15137,com.iflytek.inputmethod.settings]
01-11 06:57:10.016 1504 1536 I wm_restart_activity: [0,226189924,135,com.iflytek.inputmethod/.LauncherActivity]
01-11 06:57:10.017 1504 1536 I wm_set_resumed_activity: [0,com.iflytek.inputmethod/.LauncherActivity,minimalResumeActivityLocked]
01-11 06:57:10.018 1504 1609 I am_uid_active: 10097
01-11 06:57:10.095 1504 2062 I am_uid_running: 99003
01-11 06:57:10.104 1504 1618 I am_proc_start: [0,15183,99003,com.android.webview:sandboxed_process0:org.chromium.content.app.SandboxedProcessService0:0,,{com.iflytek.inputmethod/org.chromium.content.app.SandboxedProcessService0:0}]
01-11 06:57:10.121 1504 13714 I am_proc_bound: [0,15183,com.android.webview:sandboxed_process0:org.chromium.content.app.SandboxedProcessService0:0]
01-11 06:57:10.122 1504 13714 I am_uid_active: 99003
01-11 06:57:10.132 498 498 I auditd : avc: denied { find } for pid=15183 uid=99003 name=content_capture scontext=u:r:isolated_app:s0:c512,c768 tcontext=u:object_r:content_capture_service:s0 tclass=service_manager permissive=0
01-11 06:57:10.163 1504 13714 I wm_finish_activity: [0,226189924,135,com.iflytek.inputmethod/.LauncherActivity,clear-task-all]
01-11 06:57:10.176 1504 13714 I wm_pause_activity: [0,226189924,com.iflytek.inputmethod/.LauncherActivity,userLeaving=false,finish]
01-11 06:57:10.177 1504 13714 I wm_task_moved: [135,1,7]
01-11 06:57:10.177 1504 13714 I wm_create_activity: [0,227700399,135,com.iflytek.inputmethod/.wizard.WizardActivity,NULL,NULL,NULL,276856832]
01-11 06:57:10.183 15137 15137 I wm_on_create_called: [226189924,com.iflytek.inputmethod.LauncherActivity,performCreate]
01-11 06:57:10.185 1504 8829 I wm_add_to_stopping: [0,226189924,com.iflytek.inputmethod/.LauncherActivity,completeFinishing]
01-11 06:57:10.186 1504 8829 I wm_restart_activity: [0,227700399,135,com.iflytek.inputmethod/.wizard.WizardActivity]
01-11 06:57:10.186 1504 8829 I wm_set_resumed_activity: [0,com.iflytek.inputmethod/.wizard.WizardActivity,minimalResumeActivityLocked]
01-11 06:57:10.190 1504 1609 I sysui_multi_action: [757,803,799,window_time_0,802,0]
01-11 06:57:10.201 15137 15137 I wm_on_create_called: [227700399,com.iflytek.inputmethod.wizard.WizardActivity,performCreate]
01-11 06:57:10.201 15137 15137 I wm_on_start_called: [227700399,com.iflytek.inputmethod.wizard.WizardActivity,handleStartActivity]
01-11 06:57:10.206 15137 15137 I wm_on_resume_called: [227700399,com.iflytek.inputmethod.wizard.WizardActivity,RESUME_ACTIVITY]
01-11 06:57:10.213 15137 15137 I wm_on_top_resumed_gained_called: [227700399,com.iflytek.inputmethod.wizard.WizardActivity,topStateChangedWhenResumed]
01-11 06:57:10.216 1504 1610 I input_focus: [Focus request 48e3dc1 com.iflytek.inputmethod/com.iflytek.inputmethod.wizard.WizardActivity,reason=UpdateInputWindows]
01-11 06:57:10.253 1504 1606 I sysui_multi_action: [319,23,321,21,322,270,325,10641,757,761,758,7,759,1,806,com.iflytek.inputmethod,871,com.iflytek.inputmethod.wizard.WizardActivity,904,com.iflytek.inputmethod,905,0,945,35,1320,4,1321,4]
01-11 06:57:10.253 1504 1606 I wm_activity_launch_time: [0,227700399,com.iflytek.inputmethod/.wizard.WizardActivity,270]
01-11 06:57:10.263 1504 1699 I input_focus: [Focus entering 48e3dc1 com.iflytek.inputmethod/com.iflytek.inputmethod.wizard.WizardActivity (server),reason=Window became focusable. Previous reason: NOT_VISIBLE]
01-11 06:57:10.268 1504 1504 I sysui_multi_action: [757,128,758,5,759,8,793,105293,794,0,795,105293,796,2,806,com.iflytek.inputmethod,857,iFlytekIme,858,3,947,0,1500,105090,1688,1]
01-11 06:57:10.268 1504 1504 I notification_canceled: [0|com.iflytek.inputmethod|2|null|10097,8,105293,105293,0,-1,-1,NULL]
01-11 06:57:10.531 1504 1609 I wm_destroy_activity: [0,226189924,135,com.iflytek.inputmethod/.LauncherActivity,finish-imm:idle]
01-11 06:57:10.531 1504 1609 I wm_stop_activity: [0,11415547,com.android.launcher3/.uioverrides.QuickstepLauncher]
01-11 06:57:10.532 15137 15137 I wm_on_destroy_called: [226189924,com.iflytek.inputmethod.LauncherActivity,performDestroy]
01-11 06:57:10.551 2545 2545 I wm_on_stop_called: [11415547,com.android.launcher3.uioverrides.QuickstepLauncher,STOP_ACTIVITY_ITEM]
01-11 06:57:10.575 0 0 I auditd : type=1400 audit(0.0:13103): avc: denied { kill } for comm="swapper/3" capability=5 scontext=u:r:kernel:s0 tcontext=u:r:kernel:s0 tclass=capability permissive=0
01-11 06:57:11.513 1504 1699 I input_interaction: Interaction with: 48e3dc1 com.iflytek.inputmethod/com.iflytek.inputmethod.wizard.WizardActivity (server), edge-swipe (server), swipe-up (server), PointerEventDispatcher0 (server),
01-11 06:57:11.518 1504 13714 I wm_task_moved: [62,0,0]
01-11 06:57:11.518 1504 13714 I wm_task_moved: [62,0,6]
01-11 06:57:11.530 2545 2545 I wm_on_restart_called: [11415547,com.android.launcher3.uioverrides.QuickstepLauncher,performRestartActivity]
01-11 06:57:11.547 2545 2545 I wm_on_start_called: [11415547,com.android.launcher3.uioverrides.QuickstepLauncher,handleStartActivity]
01-11 06:57:11.559 1504 1606 I sysui_multi_action: [319,2,322,39,325,10642,757,761,758,9,759,5,806,com.android.launcher3,871,com.android.launcher3.uioverrides.QuickstepLauncher,904,com.android.launcher3,905,0,1320,8,1321,5]
01-11 06:57:11.562 15137 15137 I view_enqueue_input_event: [Motion - Cancel,com.iflytek.inputmethod/com.iflytek.inputmethod.wizard.WizardActivity]
01-11 06:57:11.569 1504 1699 I input_interaction: Interaction with: edge-swipe (server), swipe-up (server), PointerEventDispatcher0 (server),
01-11 06:57:11.570 2545 2545 I sysui_latency: [1,40]
01-11 06:57:11.576 1504 1610 I input_focus: [Focus request recents_animation_input_consumer,reason=UpdateInputWindows]
01-11 06:57:11.600 1504 1699 I input_focus: [Focus leaving 48e3dc1 com.iflytek.inputmethod/com.iflytek.inputmethod.wizard.WizardActivity (server),reason=NOT_FOCUSABLE]
01-11 06:57:11.600 1504 1699 I input_focus: [Focus entering recents_animation_input_consumer (server),reason=setFocusedWindow]
01-11 06:57:11.747 1504 1683 I commit_sys_config_file: [settings-1-0,1]
01-11 06:57:11.859 1504 1616 I sysui_latency: [8,43]
01-11 06:57:12.205 1504 13714 I wm_task_moved: [62,1,7]
01-11 06:57:12.209 1504 13714 I wm_focused_root_task: [0,0,62,135,RecentsAnimation.onAnimationFinished()]
01-11 06:57:12.209 15137 15137 I wm_on_top_resumed_lost_called: [227700399,com.iflytek.inputmethod.wizard.WizardActivity,topStateChangedWhenResumed]
01-11 06:57:12.215 1504 13714 I wm_pause_activity: [0,227700399,com.iflytek.inputmethod/.wizard.WizardActivity,userLeaving=false,pauseBackTasks]
01-11 06:57:12.219 1504 13714 I wm_set_resumed_activity: [0,com.android.launcher3/.uioverrides.QuickstepLauncher,resumeTopActivityInnerLocked]
01-11 06:57:12.220 1504 13714 I wm_resume_activity: [0,11415547,63,com.android.launcher3/.uioverrides.QuickstepLauncher]
01-11 06:57:12.220 1504 13714 I wm_add_to_stopping: [0,227700399,com.iflytek.inputmethod/.wizard.WizardActivity,makeInvisible]
01-11 06:57:12.221 2545 2545 I wm_on_resume_called: [11415547,com.android.launcher3.uioverrides.QuickstepLauncher,RESUME_ACTIVITY]
01-11 06:57:12.224 1504 1610 I input_focus: [Focus request c8c2ef0 com.android.launcher3/com.android.launcher3.uioverrides.QuickstepLauncher,reason=UpdateInputWindows]
01-11 06:57:12.224 1504 1609 I sysui_multi_action: [757,803,799,window_time_0,802,2]
01-11 06:57:12.224 15137 15137 I wm_on_paused_called: [227700399,com.iflytek.inputmethod.wizard.WizardActivity,performPause]
01-11 06:57:12.227 1504 1609 I wm_stop_activity: [0,227700399,com.iflytek.inputmethod/.wizard.WizardActivity]
01-11 06:57:12.229 1504 1609 I sysui_multi_action: [757,803,799,window_time_0,802,0]
01-11 06:57:12.235 1504 1699 I input_focus: [Focus leaving recents_animation_input_consumer (server),reason=NOT_VISIBLE]
01-11 06:57:12.235 1504 1699 I input_focus: [Focus entering c8c2ef0 com.android.launcher3/com.android.launcher3.uioverrides.QuickstepLauncher (server),reason=setFocusedWindow]
01-11 06:57:12.265 15137 15137 I wm_on_stop_called: [227700399,com.iflytek.inputmethod.wizard.WizardActivity,STOP_ACTIVITY_ITEM]
01-11 06:57:12.274 1504 1504 I notification_enqueue: [10097,13388,com.iflytek.inputmethod,2,NULL,0,Notification(channel=iFlytekIme shortcut=null contentView=com.iflytek.inputmethod/0x7f030154 vibrate=null sound=null defaults=0x0 flags=0x12 color=0x00000000 vis=PRIVATE),0]
01-11 06:57:12.277 2545 2545 I wm_on_top_resumed_gained_called: [11415547,com.android.launcher3.uioverrides.QuickstepLauncher,topStateChangedWhenResumed]
01-11 06:57:12.447 1504 1683 I commit_sys_config_file: [settings-1-0,7]
01-11 06:57:12.477 1504 1504 I sysui_multi_action: [757,1501,758,1,793,204,794,0,795,204,796,2,806,com.iflytek.inputmethod,857,iFlytekIme,858,3,947,0,1500,0,1688,1]
01-11 06:57:12.477 1504 1504 I sysui_multi_action: [757,804,799,note_interruptive,801,0,802,1]
01-11 06:57:12.480 1504 1504 I sysui_multi_action: [757,1501,758,1,793,207,794,0,795,207,796,2,806,com.iflytek.inputmethod,857,iFlytekIme,858,3,947,0,1500,0,1688,1]
01-11 06:57:12.480 1504 1504 I sysui_multi_action: [757,804,799,note_interruptive,801,0,802,1]
01-11 06:57:12.481 1504 1504 I sysui_multi_action: [757,199,758,1,759,1,793,208,794,0,795,208,796,2,806,com.iflytek.inputmethod,857,iFlytekIme,858,3,947,0,1500,1,1688,1]
01-11 06:57:12.481 1504 1504 I notification_alert: [0|com.iflytek.inputmethod|2|null|10097,1,0,0]
01-11 06:57:12.575 0 0 I auditd : type=1400 audit(0.0:13104): avc: denied { kill } for comm="swapper/5" capability=5 scontext=u:r:kernel:s0 tcontext=u:r:kernel:s0 tclass=capability permissive=0
01-11 06:57:13.575 0 0 I auditd : type=1400 audit(0.0:13105): avc: denied { kill } for comm="swapper/5" capability=5 scontext=u:r:kernel:s0 tcontext=u:r:kernel:s0 tclass=capability permissive=0
01-11 06:57:13.676 1504 1699 I input_interaction: Interaction with: c8c2ef0 com.android.launcher3/com.android.launcher3.uioverrides.QuickstepLauncher (server), dbb0197 com.android.systemui.ImageWallpaper (server), edge-swipe (server), swipe-up (server), PointerEventDispatcher0 (server),
01-11 06:57:14.575 0 0 I auditd : type=1400 audit(0.0:13106): avc: denied { kill } for comm="swapper/5" capability=5 scontext=u:r:kernel:s0 tcontext=u:r:kernel:s0 tclass=capability permissive=0
01-11 06:57:14.609 2545 2545 I view_enqueue_input_event: [Motion - Cancel,com.android.launcher3/com.android.launcher3.uioverrides.QuickstepLauncher]
01-11 06:57:14.612 1504 1699 I input_interaction: Interaction with: edge-swipe (server), swipe-up (server), PointerEventDispatcher0 (server),
01-11 06:57:14.794 1504 1683 I commit_sys_config_file: [settings-1-0,4]
01-11 06:57:15.023 1504 1683 I commit_sys_config_file: [settings-1-0,7]
01-11 06:57:15.575 0 0 I auditd : type=1400 audit(0.0:13107): avc: denied { kill } for comm="swapper/5" capability=5 scontext=u:r:kernel:s0 tcontext=u:r:kernel:s0 tclass=capability permissive=0
01-11 06:57:15.752 1504 1699 I input_interaction: Interaction with: c8c2ef0 com.android.launcher3/com.android.launcher3.uioverrides.QuickstepLauncher (server), dbb0197 com.android.systemui.ImageWallpaper (server), edge-swipe (server), swipe-up (server), PointerEventDispatcher0 (server),
01-11 06:57:16.575 0 0 I auditd : type=1400 audit(0.0:13108): avc: denied { kill } for comm="swapper/1" capability=5 scontext=u:r:kernel:s0 tcontext=u:r:kernel:s0 tclass=capability permissive=0
01-11 06:57:17.387 1504 2062 I wm_task_moved: [135,1,7]
01-11 06:57:17.388 1504 2062 I wm_focused_root_task: [0,0,135,62,bringingFoundTaskToFront]
01-11 06:57:17.388 1504 2062 I wm_set_resumed_activity: [0,com.iflytek.inputmethod/.wizard.WizardActivity,bringingFoundTaskToFront]
01-11 06:57:17.389 1504 2062 I wm_pause_activity: [0,11415547,com.android.launcher3/.uioverrides.QuickstepLauncher,userLeaving=true,pauseBackTasks]
01-11 06:57:17.393 2545 2545 I wm_on_top_resumed_lost_called: [11415547,com.android.launcher3.uioverrides.QuickstepLauncher,topStateChangedWhenResumed]
01-11 06:57:17.395 2545 2545 I wm_on_paused_called: [11415547,com.android.launcher3.uioverrides.QuickstepLauncher,performPause]
01-11 06:57:17.396 1504 1536 I wm_set_resumed_activity: [0,com.iflytek.inputmethod/.wizard.WizardActivity,resumeTopActivityInnerLocked]
01-11 06:57:17.396 1504 1536 I wm_add_to_stopping: [0,11415547,com.android.launcher3/.uioverrides.QuickstepLauncher,makeInvisible]
01-11 06:57:17.399 1504 1536 I wm_resume_activity: [0,227700399,135,com.iflytek.inputmethod/.wizard.WizardActivity]
01-11 06:57:17.403 1504 1609 I sysui_multi_action: [757,803,799,window_time_0,802,5]
01-11 06:57:17.421 15137 15137 I wm_on_restart_called: [227700399,com.iflytek.inputmethod.wizard.WizardActivity,performRestartActivity]
01-11 06:57:17.422 15137 15137 I wm_on_start_called: [227700399,com.iflytek.inputmethod.wizard.WizardActivity,handleStartActivity]
01-11 06:57:17.427 1504 1504 I sysui_multi_action: [757,128,758,5,759,8,793,5154,794,0,795,5154,796,2,806,com.iflytek.inputmethod,857,iFlytekIme,858,3,947,0,1500,4947,1688,1]
01-11 06:57:17.427 1504 1504 I notification_canceled: [0|com.iflytek.inputmethod|2|null|10097,8,5154,5154,0,-1,-1,NULL]
01-11 06:57:17.429 15137 15137 I wm_on_resume_called: [227700399,com.iflytek.inputmethod.wizard.WizardActivity,RESUME_ACTIVITY]
01-11 06:57:17.429 15137 15137 I wm_on_top_resumed_gained_called: [227700399,com.iflytek.inputmethod.wizard.WizardActivity,topWhenResuming]
01-11 06:57:17.432 1504 1699 I input_focus: [Focus leaving c8c2ef0 com.android.launcher3/com.android.launcher3.uioverrides.QuickstepLauncher (server),reason=NO_WINDOW]
01-11 06:57:17.432 1504 1610 I input_focus: [Focus request 48e3dc1 com.iflytek.inputmethod/com.iflytek.inputmethod.wizard.WizardActivity,reason=UpdateInputWindows]
01-11 06:57:17.439 1504 1616 I am_pss : [13728,10096,com.tencent.android.qqdownloader:daemon,44399616,29646848,0,138153984,0,4,8]
01-11 06:57:17.448 1504 1699 I input_focus: [Focus entering 48e3dc1 com.iflytek.inputmethod/com.iflytek.inputmethod.wizard.WizardActivity (server),reason=setFocusedWindow]
01-11 06:57:17.451 1504 1606 I sysui_multi_action: [319,32,321,27,322,53,325,10648,757,761,758,9,759,4,806,com.iflytek.inputmethod,871,com.iflytek.inputmethod.wizard.WizardActivity,904,com.iflytek.inputmethod,905,0,1320,4,1321,4]
01-11 06:57:17.455 1504 1616 I am_pss : [13792,10096,com.tencent.android.qqdownloader,64729088,47362048,0,165519360,0,4,9]
01-11 06:57:17.460 1504 1616 I am_pss : [13829,10096,com.tencent.android.qqdownloader:cloud,19665920,9154560,0,100265984,0,4,5]
01-11 06:57:17.575 288 288 I auditd : type=1400 audit(0.0:13109): avc: denied { kill } for comm="kgsl_worker_thr" capability=5 scontext=u:r:kernel:s0 tcontext=u:r:kernel:s0 tclass=capability permissive=0
01-11 06:57:17.952 1504 1609 I wm_stop_activity: [0,11415547,com.android.launcher3/.uioverrides.QuickstepLauncher]
01-11 06:57:17.996 2545 2545 I wm_on_stop_called: [11415547,com.android.launcher3.uioverrides.QuickstepLauncher,STOP_ACTIVITY_ITEM]
01-11 06:57:18.575 0 0 I auditd : type=1400 audit(0.0:13110): avc: denied { kill } for comm="swapper/1" capability=5 scontext=u:r:kernel:s0 tcontext=u:r:kernel:s0 tclass=capability permissive=0
01-11 06:57:18.583 1504 1699 I input_interaction: Interaction with: 48e3dc1 com.iflytek.inputmethod/com.iflytek.inputmethod.wizard.WizardActivity (server), edge-swipe (server), swipe-up (server), PointerEventDispatcher0 (server),
01-11 06:57:18.604 1504 1536 I wm_task_moved: [62,0,0]
01-11 06:57:18.605 1504 1536 I wm_task_moved: [62,0,6]
01-11 06:57:18.610 1504 1699 I input_interaction: Interaction with: edge-swipe (server), swipe-up (server), PointerEventDispatcher0 (server),
01-11 06:57:18.611 15137 15137 I view_enqueue_input_event: [Motion - Cancel,com.iflytek.inputmethod/com.iflytek.inputmethod.wizard.WizardActivity]
01-11 06:57:18.613 2545 2545 I wm_on_restart_called: [11415547,com.android.launcher3.uioverrides.QuickstepLauncher,performRestartActivity]
01-11 06:57:18.633 2545 2545 I wm_on_start_called: [11415547,com.android.launcher3.uioverrides.QuickstepLauncher,handleStartActivity]
01-11 06:57:18.635 1504 1610 I input_focus: [Focus request recents_animation_input_consumer,reason=UpdateInputWindows]
01-11 06:57:18.640 2545 2545 I sysui_latency: [1,58]
01-11 06:57:18.650 1504 1606 I sysui_multi_action: [319,10,322,41,325,10649,757,761,758,9,759,5,806,com.android.launcher3,871,com.android.launcher3.uioverrides.QuickstepLauncher,904,com.android.launcher3,905,0,1320,8,1321,5]
01-11 06:57:18.650 1504 1699 I input_focus: [Focus leaving 48e3dc1 com.iflytek.inputmethod/com.iflytek.inputmethod.wizard.WizardActivity (server),reason=NOT_FOCUSABLE]
01-11 06:57:18.651 1504 1699 I input_focus: [Focus entering recents_animation_input_consumer (server),reason=setFocusedWindow]
01-11 06:57:18.844 1504 1683 I commit_sys_config_file: [settings-1-0,11]
01-11 06:57:18.948 1504 1616 I sysui_latency: [8,54]
01-11 06:57:19.138 1504 13714 I wm_task_moved: [62,1,7]
01-11 06:57:19.139 1504 13714 I wm_focused_root_task: [0,0,62,135,RecentsAnimation.onAnimationFinished()]
01-11 06:57:19.145 1504 13714 I wm_pause_activity: [0,227700399,com.iflytek.inputmethod/.wizard.WizardActivity,userLeaving=false,pauseBackTasks]
01-11 06:57:19.148 1504 13714 I wm_set_resumed_activity: [0,com.android.launcher3/.uioverrides.QuickstepLauncher,resumeTopActivityInnerLocked]
01-11 06:57:19.150 15137 15137 I wm_on_top_resumed_lost_called: [227700399,com.iflytek.inputmethod.wizard.WizardActivity,topStateChangedWhenResumed]
01-11 06:57:19.150 1504 13714 I wm_resume_activity: [0,11415547,63,com.android.launcher3/.uioverrides.QuickstepLauncher]
01-11 06:57:19.151 1504 13714 I wm_add_to_stopping: [0,227700399,com.iflytek.inputmethod/.wizard.WizardActivity,makeInvisible]
01-11 06:57:19.151 2545 2545 I wm_on_resume_called: [11415547,com.android.launcher3.uioverrides.QuickstepLauncher,RESUME_ACTIVITY]
01-11 06:57:19.155 1504 1610 I input_focus: [Focus request c8c2ef0 com.android.launcher3/com.android.launcher3.uioverrides.QuickstepLauncher,reason=UpdateInputWindows]
01-11 06:57:19.156 15137 15137 I wm_on_paused_called: [227700399,com.iflytek.inputmethod.wizard.WizardActivity,performPause]
01-11 06:57:19.157 1504 1609 I sysui_multi_action: [757,803,799,window_time_0,802,2]
01-11 06:57:19.159 1504 1536 I wm_stop_activity: [0,227700399,com.iflytek.inputmethod/.wizard.WizardActivity]
01-11 06:57:19.161 1504 1609 I sysui_multi_action: [757,803,799,window_time_0,802,0]
01-11 06:57:19.169 1504 1699 I input_focus: [Focus leaving recents_animation_input_consumer (server),reason=NOT_VISIBLE]
01-11 06:57:19.169 1504 1699 I input_focus: [Focus entering c8c2ef0 com.android.launcher3/com.android.launcher3.uioverrides.QuickstepLauncher (server),reason=setFocusedWindow]
01-11 06:57:19.193 15137 15137 I wm_on_stop_called: [227700399,com.iflytek.inputmethod.wizard.WizardActivity,STOP_ACTIVITY_ITEM]
01-11 06:57:19.199 1504 1504 I notification_enqueue: [10097,13388,com.iflytek.inputmethod,2,NULL,0,Notification(channel=iFlytekIme shortcut=null contentView=com.iflytek.inputmethod/0x7f030154 vibrate=null sound=null defaults=0x0 flags=0x12 color=0x00000000 vis=PRIVATE),0]
01-11 06:57:19.202 2545 2545 I wm_on_top_resumed_gained_called: [11415547,com.android.launcher3.uioverrides.QuickstepLauncher,topStateChangedWhenResumed]
01-11 06:57:19.372 1504 1683 I commit_sys_config_file: [settings-1-0,5]
01-11 06:57:19.400 1504 1504 I sysui_multi_action: [757,1501,758,1,793,203,794,0,795,203,796,2,806,com.iflytek.inputmethod,857,iFlytekIme,858,3,947,0,1500,0,1688,1]
01-11 06:57:19.400 1504 1504 I sysui_multi_action: [757,804,799,note_interruptive,801,0,802,1]
01-11 06:57:19.402 1504 1504 I sysui_multi_action: [757,1501,758,1,793,206,794,0,795,206,796,2,806,com.iflytek.inputmethod,857,iFlytekIme,858,3,947,0,1500,0,1688,1]
01-11 06:57:19.403 1504 1504 I sysui_multi_action: [757,804,799,note_interruptive,801,0,802,1]
01-11 06:57:19.403 1504 1504 I sysui_multi_action: [757,199,758,1,759,1,793,207,794,0,795,207,796,2,806,com.iflytek.inputmethod,857,iFlytekIme,858,3,947,0,1500,1,1688,1]
01-11 06:57:19.403 1504 1504 I notification_alert: [0|com.iflytek.inputmethod|2|null|10097,1,0,0]
01-11 06:57:19.575 0 0 I auditd : type=1400 audit(0.0:13111): avc: denied { kill } for comm="swapper/1" capability=5 scontext=u:r:kernel:s0 tcontext=u:r:kernel:s0 tclass=capability permissive=0
01-11 06:57:19.962 1504 1699 I input_interaction: Interaction with: c8c2ef0 com.android.launcher3/com.android.launcher3.uioverrides.QuickstepLauncher (server), dbb0197 com.android.systemui.ImageWallpaper (server), edge-swipe (server), swipe-up (server), PointerEventDispatcher0 (server),
01-11 06:57:20.575 0 0 I auditd : type=1400 audit(0.0:13112): avc: denied { kill } for comm="swapper/1" capability=5 scontext=u:r:kernel:s0 tcontext=u:r:kernel:s0 tclass=capability permissive=0
01-11 06:57:20.863 1504 1536 I sysui_multi_action: [757,127,758,1]
01-11 06:57:20.864 1504 1536 I sysui_multi_action: [757,804,799,note_load,801,2,802,1]
01-11 06:57:20.864 1504 1536 I notification_panel_revealed: 2
01-11 06:57:20.871 1504 1610 I input_focus: [Focus request 453c472 NotificationShade,reason=UpdateInputWindows]
01-11 06:57:20.881 1504 1536 I sysui_multi_action: [757,128,758,1,793,10641761,794,0,795,10641761,796,26,798,0,806,android,857,DEVELOPER_IMPORTANT,858,4,947,0,1395,2,1500,10641322,1688,1]
01-11 06:57:20.881 1504 1536 I sysui_multi_action: [757,804,799,note_freshness,801,10641761,802,1]
01-11 06:57:20.881 1504 1536 I notification_visibility: [-1|android|26|null|1000,1,10641761,10641761,0,0]
01-11 06:57:20.881 1504 1536 I sysui_multi_action: [757,128,758,1,793,10642601,794,0,795,10642601,796,32,798,1,806,android,857,USB,858,1,947,0,1395,2,1500,10642531,1688,1]
01-11 06:57:20.881 1504 1536 I sysui_multi_action: [757,804,799,note_freshness,801,10642601,802,1]
01-11 06:57:20.881 1504 1536 I notification_visibility: [-1|android|32|null|1000,1,10642601,10642601,0,1]
01-11 06:57:20.893 1504 1699 I input_focus: [Focus leaving c8c2ef0 com.android.launcher3/com.android.launcher3.uioverrides.QuickstepLauncher (server),reason=setFocusedWindow]
01-11 06:57:20.893 1504 1699 I input_focus: [Focus entering 453c472 NotificationShade (server),reason=setFocusedWindow]
01-11 06:57:20.902 1504 1610 I input_focus: [Focus request c8c2ef0 com.android.launcher3/com.android.launcher3.uioverrides.QuickstepLauncher,reason=UpdateInputWindows]
01-11 06:57:20.916 1504 1610 I input_focus: [Focus request 453c472 NotificationShade,reason=UpdateInputWindows]
01-11 06:57:20.926 1504 1699 I input_focus: [Focus leaving 453c472 NotificationShade (server),reason=NOT_FOCUSABLE]
01-11 06:57:20.926 1504 1699 I input_focus: [Focus entering c8c2ef0 com.android.launcher3/com.android.launcher3.uioverrides.QuickstepLauncher (server),reason=setFocusedWindow]
01-11 06:57:20.941 1504 1699 I input_focus: [Focus leaving c8c2ef0 com.android.launcher3/com.android.launcher3.uioverrides.QuickstepLauncher (server),reason=setFocusedWindow]
01-11 06:57:20.942 1504 1699 I input_focus: [Focus entering 453c472 NotificationShade (server),reason=setFocusedWindow]
01-11 06:57:20.987 1974 1974 I sysui_multi_action: [757,111,758,1]
01-11 06:57:20.987 1974 1974 I sysui_multi_action: [757,126,758,1,759,126,927,0,928,1,1593,0]
01-11 06:57:20.987 1974 1974 I sysui_multi_action: [757,113,758,1,759,113,927,1,928,1,1593,0]
01-11 06:57:20.988 1974 1974 I sysui_multi_action: [757,0,758,1,759,0,927,2,928,0,1593,0]
01-11 06:57:20.988 1974 1974 I sysui_multi_action: [757,0,758,1,759,0,927,3,928,0,1593,0]
01-11 06:57:20.988 1974 1974 I sysui_multi_action: [757,491,758,1,759,491,927,4,928,1,1311,-1,1593,0]
01-11 06:57:20.988 1974 1974 I sysui_multi_action: [757,0,758,1,759,0,927,5,928,0,1593,0]
01-11 06:57:20.988 1974 1974 I sysui_multi_action: [757,111,758,1]
01-11 06:57:20.988 1974 1974 I sysui_multi_action: [757,126,758,1,759,126,927,0,928,1,1593,0]
01-11 06:57:20.988 1974 1974 I sysui_multi_action: [757,113,758,1,759,113,927,1,928,1,1593,0]
01-11 06:57:20.989 1974 1974 I sysui_multi_action: [757,0,758,1,759,0,927,2,928,0,1593,0]
01-11 06:57:20.989 1974 1974 I sysui_multi_action: [757,0,758,1,759,0,927,3,928,0,1593,0]
01-11 06:57:21.575 0 0 I auditd : type=1400 audit(0.0:13113): avc: denied { kill } for comm="swapper/1" capability=5 scontext=u:r:kernel:s0 tcontext=u:r:kernel:s0 tclass=capability permissive=0
01-11 06:57:22.010 1504 1733 I netstats_mobile_sample: [0,0,0,0,0,0,0,0,0,0,0,0,1673391442010]
01-11 06:57:22.010 1504 1733 I netstats_wifi_sample: [387985710,516994,129229756,317532,387985710,516994,129229756,317532,458805556,696105,66811061,185448,1673391442010]
01-11 06:57:22.143 1504 1699 I input_interaction: Interaction with: 453c472 NotificationShade (server), edge-swipe (server), swipe-up (server), PointerEventDispatcher0 (server),
01-11 06:57:22.459 1504 1504 I notification_enqueue: [10081,1974,com.android.systemui,2048,NULL,0,Notification(channel=updateNotification shortcut=null contentView=null vibrate=null sound=null defaults=0x0 flags=0x0 color=0x00000000 vis=PRIVATE),1]
01-11 06:57:22.459 1974 1974 I sysui_multi_action: [757,111,758,2]
01-11 06:57:22.460 1974 1974 I sysui_multi_action: [757,111,758,2]
01-11 06:57:22.520 1504 1610 I input_focus: [Focus request c8c2ef0 com.android.launcher3/com.android.launcher3.uioverrides.QuickstepLauncher,reason=UpdateInputWindows]
01-11 06:57:22.523 1504 1536 I sysui_multi_action: [757,128,758,2,793,10643402,794,1641,795,10643402,796,26,798,0,806,android,857,DEVELOPER_IMPORTANT,858,4,947,0,1395,2,1500,10642963,1688,1]
01-11 06:57:22.523 1504 1536 I notification_visibility: [-1|android|26|null|1000,0,10643402,10643402,0,0]
01-11 06:57:22.523 1504 1536 I sysui_multi_action: [757,128,758,2,793,10644243,794,1642,795,10644243,796,32,798,1,806,android,857,USB,858,1,947,0,1395,2,1500,10644173,1688,1]
01-11 06:57:22.523 1504 1536 I notification_visibility: [-1|android|32|null|1000,0,10644243,10644243,0,1]
01-11 06:57:22.524 1504 8829 I sysui_multi_action: [757,127,758,2]
01-11 06:57:22.524 1504 8829 I notification_panel_hidden:
01-11 06:57:22.546 1504 1699 I input_focus: [Focus leaving 453c472 NotificationShade (server),reason=NO_WINDOW]
01-11 06:57:22.546 1504 1699 I input_focus: [Focus entering c8c2ef0 com.android.launcher3/com.android.launcher3.uioverrides.QuickstepLauncher (server),reason=setFocusedWindow]
01-11 06:57:22.575 0 0 I auditd : type=1400 audit(0.0:13114): avc: denied { kill } for comm="swapper/1" capability=5 scontext=u:r:kernel:s0 tcontext=u:r:kernel:s0 tclass=capability permissive=0
01-11 06:57:23.131 1504 1699 I input_interaction: Interaction with: c8c2ef0 com.android.launcher3/com.android.launcher3.uioverrides.QuickstepLauncher (server), dbb0197 com.android.systemui.ImageWallpaper (server), edge-swipe (server), swipe-up (server), PointerEventDispatcher0 (server),
01-11 06:57:23.248 1504 8829 I wm_task_moved: [135,1,7]
01-11 06:57:23.248 1504 8829 I wm_focused_root_task: [0,0,135,62,bringingFoundTaskToFront]
01-11 06:57:23.248 1504 8829 I wm_set_resumed_activity: [0,com.iflytek.inputmethod/.wizard.WizardActivity,bringingFoundTaskToFront]
01-11 06:57:23.250 1504 8829 I wm_pause_activity: [0,11415547,com.android.launcher3/.uioverrides.QuickstepLauncher,userLeaving=true,pauseBackTasks]
01-11 06:57:23.256 2545 2545 I wm_on_top_resumed_lost_called: [11415547,com.android.launcher3.uioverrides.QuickstepLauncher,topStateChangedWhenResumed]
01-11 06:57:23.257 2545 2545 I wm_on_paused_called: [11415547,com.android.launcher3.uioverrides.QuickstepLauncher,performPause]
01-11 06:57:23.262 1504 1536 I wm_set_resumed_activity: [0,com.iflytek.inputmethod/.wizard.WizardActivity,resumeTopActivityInnerLocked]
01-11 06:57:23.264 1504 1536 I wm_add_to_stopping: [0,11415547,com.android.launcher3/.uioverrides.QuickstepLauncher,makeInvisible]
01-11 06:57:23.268 1504 1536 I wm_resume_activity: [0,227700399,135,com.iflytek.inputmethod/.wizard.WizardActivity]
01-11 06:57:23.274 1504 1609 I sysui_multi_action: [757,803,799,window_time_0,802,4]
01-11 06:57:23.285 15137 15137 I wm_on_restart_called: [227700399,com.iflytek.inputmethod.wizard.WizardActivity,performRestartActivity]
01-11 06:57:23.285 15137 15137 I wm_on_start_called: [227700399,com.iflytek.inputmethod.wizard.WizardActivity,handleStartActivity]
01-11 06:57:23.288 1504 1504 I sysui_multi_action: [757,128,758,5,759,8,793,4092,794,0,795,4092,796,2,806,com.iflytek.inputmethod,857,iFlytekIme,858,3,947,0,1500,3886,1688,1]
01-11 06:57:23.289 1504 1504 I notification_canceled: [0|com.iflytek.inputmethod|2|null|10097,8,4092,4092,0,-1,-1,NULL]
01-11 06:57:23.291 15137 15137 I wm_on_resume_called: [227700399,com.iflytek.inputmethod.wizard.WizardActivity,RESUME_ACTIVITY]
01-11 06:57:23.291 15137 15137 I wm_on_top_resumed_gained_called: [227700399,com.iflytek.inputmethod.wizard.WizardActivity,topWhenResuming]
01-11 06:57:23.296 1504 1610 I input_focus: [Focus request 48e3dc1 com.iflytek.inputmethod/com.iflytek.inputmethod.wizard.WizardActivity,reason=UpdateInputWindows]
01-11 06:57:23.299 1504 1699 I input_focus: [Focus leaving c8c2ef0 com.android.launcher3/com.android.launcher3.uioverrides.QuickstepLauncher (server),reason=NO_WINDOW]
01-11 06:57:23.309 1504 1606 I sysui_multi_action: [319,41,321,39,322,55,325,10654,757,761,758,9,759,4,806,com.iflytek.inputmethod,871,com.iflytek.inputmethod.wizard.WizardActivity,904,com.iflytek.inputmethod,905,0,1320,4,1321,4]
01-11 06:57:23.314 1504 1699 I input_focus: [Focus entering 48e3dc1 com.iflytek.inputmethod/com.iflytek.inputmethod.wizard.WizardActivity (server),reason=setFocusedWindow]
01-11 06:57:23.575 0 0 I auditd : type=1400 audit(0.0:13115): avc: denied { kill } for comm="swapper/1" capability=5 scontext=u:r:kernel:s0 tcontext=u:r:kernel:s0 tclass=capability permissive=0
01-11 06:57:23.817 1504 1609 I wm_stop_activity: [0,11415547,com.android.launcher3/.uioverrides.QuickstepLauncher]
01-11 06:57:23.840 2545 2545 I wm_on_stop_called: [11415547,com.android.launcher3.uioverrides.QuickstepLauncher,STOP_ACTIVITY_ITEM]
01-11 06:57:24.121 1504 1699 I input_interaction: Interaction with: 48e3dc1 com.iflytek.inputmethod/com.iflytek.inputmethod.wizard.WizardActivity (server), edge-swipe (server), swipe-up (server), PointerEventDispatcher0 (server),
01-11 06:57:24.142 1504 15043 I wm_task_moved: [62,0,0]
01-11 06:57:24.142 1504 15043 I wm_task_moved: [62,0,6]
01-11 06:57:24.165 2545 2545 I wm_on_restart_called: [11415547,com.android.launcher3.uioverrides.QuickstepLauncher,performRestartActivity]
01-11 06:57:24.175 2545 2545 I wm_on_start_called: [11415547,com.android.launcher3.uioverrides.QuickstepLauncher,handleStartActivity]
01-11 06:57:24.176 15137 15137 I view_enqueue_input_event: [Motion - Cancel,com.iflytek.inputmethod/com.iflytek.inputmethod.wizard.WizardActivity]
01-11 06:57:24.178 1504 1610 I input_focus: [Focus request recents_animation_input_consumer,reason=UpdateInputWindows]
01-11 06:57:24.182 1504 1699 I input_interaction: Interaction with: edge-swipe (server), swipe-up (server), PointerEventDispatcher0 (server),
01-11 06:57:24.187 2545 2545 I sysui_latency: [1,67]
01-11 06:57:24.197 1504 1699 I input_focus: [Focus leaving 48e3dc1 com.iflytek.inputmethod/com.iflytek.inputmethod.wizard.WizardActivity (server),reason=NOT_FOCUSABLE]
01-11 06:57:24.197 1504 1699 I input_focus: [Focus entering recents_animation_input_consumer (server),reason=setFocusedWindow]
01-11 06:57:24.197 1504 1606 I sysui_multi_action: [319,15,322,51,325,10655,757,761,758,9,759,5,806,com.android.launcher3,871,com.android.launcher3.uioverrides.QuickstepLauncher,904,com.android.launcher3,905,0,1320,8,1321,5]
01-11 06:57:24.378 1504 1683 I commit_sys_config_file: [settings-1-0,3]
01-11 06:57:24.495 1504 1616 I sysui_latency: [8,67]
01-11 06:57:24.711 1504 1685 I am_freeze: [10293,com.android.inputmethod.latin]
01-11 06:57:24.713 1504 1685 I am_kill : [0,10293,com.android.inputmethod.latin,910,Unable to freeze binder interface]
01-11 06:57:24.767 1504 13714 I am_proc_died: [0,10293,com.android.inputmethod.latin,910,16]
01-11 06:57:24.769 1504 13714 I am_uid_stopped: 10070
01-11 06:57:24.890 1504 13714 I wm_task_moved: [62,1,7]
01-11 06:57:24.892 1504 13714 I wm_task_moved: [63,1,2147483647]
01-11 06:57:24.892 1504 13714 I wm_task_to_front: [0,63]
01-11 06:57:24.892 1504 13714 I wm_focused_root_task: [0,0,62,135,RecentsAnimation.onAnimationFinished()]
01-11 06:57:24.892 1504 13714 I wm_set_resumed_activity: [0,com.android.launcher3/.uioverrides.QuickstepLauncher,RecentsAnimation.onAnimationFinished()]
01-11 06:57:24.893 15137 15137 I wm_on_top_resumed_lost_called: [227700399,com.iflytek.inputmethod.wizard.WizardActivity,topStateChangedWhenResumed]
01-11 06:57:24.893 1504 13714 I wm_pause_activity: [0,227700399,com.iflytek.inputmethod/.wizard.WizardActivity,userLeaving=true,pauseBackTasks]
01-11 06:57:24.894 1504 13714 I wm_add_to_stopping: [0,227700399,com.iflytek.inputmethod/.wizard.WizardActivity,makeInvisible]
01-11 06:57:24.895 1504 13714 I wm_set_resumed_activity: [0,com.android.launcher3/.uioverrides.QuickstepLauncher,resumeTopActivityInnerLocked]
01-11 06:57:24.900 1504 13714 I wm_resume_activity: [0,11415547,63,com.android.launcher3/.uioverrides.QuickstepLauncher]
01-11 06:57:24.900 2545 2545 I wm_on_resume_called: [11415547,com.android.launcher3.uioverrides.QuickstepLauncher,RESUME_ACTIVITY]
01-11 06:57:24.905 1504 1610 I input_focus: [Focus request c8c2ef0 com.android.launcher3/com.android.launcher3.uioverrides.QuickstepLauncher,reason=UpdateInputWindows]
01-11 06:57:24.907 2545 2545 I wm_on_top_resumed_gained_called: [11415547,com.android.launcher3.uioverrides.QuickstepLauncher,topStateChangedWhenResumed]
01-11 06:57:24.907 15137 15137 I wm_on_paused_called: [227700399,com.iflytek.inputmethod.wizard.WizardActivity,performPause]
01-11 06:57:24.915 1504 1699 I input_focus: [Focus leaving recents_animation_input_consumer (server),reason=NOT_VISIBLE]
01-11 06:57:24.916 1504 1699 I input_focus: [Focus entering c8c2ef0 com.android.launcher3/com.android.launcher3.uioverrides.QuickstepLauncher (server),reason=setFocusedWindow]
01-11 06:57:24.916 1504 1609 I wm_stop_activity: [0,227700399,com.iflytek.inputmethod/.wizard.WizardActivity]
01-11 06:57:24.922 1504 1699 I input_interaction: Interaction with: c8c2ef0 com.android.launcher3/com.android.launcher3.uioverrides.QuickstepLauncher (server), dbb0197 com.android.systemui.ImageWallpaper (server), edge-swipe (server), swipe-up (server), PointerEventDispatcher0 (server),
01-11 06:57:24.926 1504 1609 I sysui_multi_action: [757,803,799,window_time_0,802,2]
01-11 06:57:24.930 1504 1609 I sysui_multi_action: [757,803,799,window_time_0,802,0]
01-11 06:57:24.937 15137 15137 I wm_on_stop_called: [227700399,com.iflytek.inputmethod.wizard.WizardActivity,STOP_ACTIVITY_ITEM]
01-11 06:57:24.944 1504 1504 I notification_enqueue: [10097,13388,com.iflytek.inputmethod,2,NULL,0,Notification(channel=iFlytekIme shortcut=null contentView=com.iflytek.inputmethod/0x7f030154 vibrate=null sound=null defaults=0x0 flags=0x12 color=0x00000000 vis=PRIVATE),0]
01-11 06:57:25.050 1504 2062 I wm_task_created: [136,-1]
01-11 06:57:25.053 1504 2062 I wm_task_moved: [136,1,8]
01-11 06:57:25.053 1504 2062 I wm_task_to_front: [0,136]
01-11 06:57:25.053 1504 2062 I wm_create_task: [0,136]
01-11 06:57:25.053 1504 2062 I wm_create_activity: [0,268158379,136,com.baidu.input/.ImeAppMainActivity,android.intent.action.MAIN,NULL,NULL,278921216]
01-11 06:57:25.053 1504 2062 I wm_task_moved: [136,1,8]
01-11 06:57:25.054 1504 2062 I wm_pause_activity: [0,11415547,com.android.launcher3/.uioverrides.QuickstepLauncher,userLeaving=true,pauseBackTasks]
01-11 06:57:25.059 2545 2545 I wm_on_top_resumed_lost_called: [11415547,com.android.launcher3.uioverrides.QuickstepLauncher,topStateChangedWhenResumed]
01-11 06:57:25.060 2545 2545 I wm_on_paused_called: [11415547,com.android.launcher3.uioverrides.QuickstepLauncher,performPause]
01-11 06:57:25.061 1504 2502 I wm_add_to_stopping: [0,11415547,com.android.launcher3/.uioverrides.QuickstepLauncher,makeInvisible]
01-11 06:57:25.061 1504 2502 I wm_restart_activity: [0,268158379,136,com.baidu.input/.ImeAppMainActivity]
01-11 06:57:25.062 1504 2502 I wm_set_resumed_activity: [0,com.baidu.input/.ImeAppMainActivity,minimalResumeActivityLocked]
01-11 06:57:25.067 1504 1609 I sysui_multi_action: [757,803,799,window_time_0,802,0]
01-11 06:57:25.082 1504 1699 I input_focus: [Focus leaving c8c2ef0 com.android.launcher3/com.android.launcher3.uioverrides.QuickstepLauncher (server),reason=NO_WINDOW]
01-11 06:57:25.100 12543 12543 I wm_on_create_called: [268158379,com.baidu.input.ImeAppMainActivity,performCreate]
01-11 06:57:25.100 12543 12543 I wm_on_start_called: [268158379,com.baidu.input.ImeAppMainActivity,handleStartActivity]
01-11 06:57:25.103 12543 12543 I wm_on_resume_called: [268158379,com.baidu.input.ImeAppMainActivity,RESUME_ACTIVITY]
01-11 06:57:25.104 12543 12543 I wm_on_top_resumed_gained_called: [268158379,com.baidu.input.ImeAppMainActivity,topStateChangedWhenResumed]
01-11 06:57:25.119 1504 1610 I input_focus: [Focus request b196a77 com.baidu.input/com.baidu.input.ImeAppMainActivity,reason=UpdateInputWindows]
01-11 06:57:25.130 1504 1606 I sysui_multi_action: [319,46,321,36,322,89,325,10656,757,761,758,8,759,1,806,com.baidu.input,871,com.baidu.input.ImeAppMainActivity,904,com.android.launcher3,905,0,1320,4,1321,4]
01-11 06:57:25.130 1504 1606 I wm_activity_launch_time: [0,268158379,com.baidu.input/.ImeAppMainActivity,89]
01-11 06:57:25.133 1504 1699 I input_focus: [Focus entering b196a77 com.baidu.input/com.baidu.input.ImeAppMainActivity (server),reason=setFocusedWindow]
01-11 06:57:25.145 1504 1504 I sysui_multi_action: [757,1501,758,1,793,203,794,0,795,203,796,2,806,com.iflytek.inputmethod,857,iFlytekIme,858,3,947,0,1500,0,1688,1]
01-11 06:57:25.145 1504 1504 I sysui_multi_action: [757,804,799,note_interruptive,801,0,802,1]
01-11 06:57:25.145 1504 1504 I sysui_multi_action: [757,1501,758,1,793,203,794,0,795,203,796,2,806,com.iflytek.inputmethod,857,iFlytekIme,858,3,947,0,1500,0,1688,1]
01-11 06:57:25.145 1504 1504 I sysui_multi_action: [757,804,799,note_interruptive,801,0,802,1]
01-11 06:57:25.145 1504 1504 I sysui_multi_action: [757,199,758,1,759,1,793,203,794,0,795,203,796,2,806,com.iflytek.inputmethod,857,iFlytekIme,858,3,947,0,1500,0,1688,1]
01-11 06:57:25.145 1504 1504 I notification_alert: [0|com.iflytek.inputmethod|2|null|10097,1,0,0]
01-11 06:57:25.154 1504 2502 I wm_finish_activity: [0,227700399,135,com.iflytek.inputmethod/.wizard.WizardActivity,recent-task-trimmed]
01-11 06:57:25.154 1504 2502 I wm_destroy_activity: [0,227700399,135,com.iflytek.inputmethod/.wizard.WizardActivity,finish-imm:finishIfPossible]
01-11 06:57:25.157 1504 1609 I sysui_multi_action: [757,803,799,window_time_0,802,0]
01-11 06:57:25.158 15137 15137 I wm_on_destroy_called: [227700399,com.iflytek.inputmethod.wizard.WizardActivity,performDestroy]
01-11 06:57:25.161 1504 2502 I wm_task_removed: [135,removeChild:removeChild last r=ActivityRecord{d926eaf u0 com.iflytek.inputmethod/.wizard.WizardActivity t-1 f}} in t=Task{4a128c9 #135 type=standard A=10097:com.iflytek.inputmethod U=0 visible=false mode=fullscreen translucent=true sz=0}]
01-11 06:57:25.161 1504 2502 I wm_task_removed: [135,removeChild]
01-11 06:57:25.575 0 0 I auditd : type=1400 audit(0.0:13116): avc: denied { kill } for comm="swapper/0" capability=5 scontext=u:r:kernel:s0 tcontext=u:r:kernel:s0 tclass=capability permissive=0
01-11 06:57:25.618 1504 1609 I wm_stop_activity: [0,11415547,com.android.launcher3/.uioverrides.QuickstepLauncher]
01-11 06:57:25.637 2545 2545 I wm_on_stop_called: [11415547,com.android.launcher3.uioverrides.QuickstepLauncher,STOP_ACTIVITY_ITEM]
01-11 06:57:26.575 1601 1601 I auditd : type=1400 audit(0.0:13117): avc: denied { kill } for comm="irq/394-atmel_m" capability=5 scontext=u:r:kernel:s0 tcontext=u:r:kernel:s0 tclass=capability permissive=0
01-11 06:57:26.795 1504 1699 I input_interaction: Interaction with: b196a77 com.baidu.input/com.baidu.input.ImeAppMainActivity (server), edge-swipe (server), swipe-up (server), PointerEventDispatcher0 (server),
01-11 06:57:26.801 1504 15043 I wm_task_moved: [62,0,0]
01-11 06:57:26.801 1504 15043 I wm_task_moved: [62,0,6]
01-11 06:57:26.802 12543 12543 I view_enqueue_input_event: [Motion - Cancel,com.baidu.input/com.baidu.input.ImeAppMainActivity]
01-11 06:57:26.803 2545 2545 I wm_on_restart_called: [11415547,com.android.launcher3.uioverrides.QuickstepLauncher,performRestartActivity]
01-11 06:57:26.808 1504 1699 I input_interaction: Interaction with: edge-swipe (server), swipe-up (server), PointerEventDispatcher0 (server),
01-11 06:57:26.822 2545 2545 I wm_on_start_called: [11415547,com.android.launcher3.uioverrides.QuickstepLauncher,handleStartActivity]
01-11 06:57:26.824 1504 1610 I input_focus: [Focus request recents_animation_input_consumer,reason=UpdateInputWindows]
01-11 06:57:26.827 2545 2545 I sysui_latency: [1,32]
01-11 06:57:26.832 1504 1606 I sysui_multi_action: [319,3,322,29,325,10658,757,761,758,9,759,5,806,com.android.launcher3,871,com.android.launcher3.uioverrides.QuickstepLauncher,904,com.android.launcher3,905,0,1320,8,1321,5]
01-11 06:57:26.837 1504 1699 I input_focus: [Focus leaving b196a77 com.baidu.input/com.baidu.input.ImeAppMainActivity (server),reason=NOT_FOCUSABLE]
