01-11 07:29:46.600 1974 1974 W View : requestLayout() improperly called by com.android.systemui.statusbar.AlphaOptimizedImageView{a2318d5 VFED..C.. ......ID 0,0-140,179} during second layout pass: posting in next frame
01-11 07:29:46.600 1974 1974 W View : requestLayout() improperly called by android.widget.FrameLayout{511b245 I.E...... ......ID 0,0-780,179 #2bc} during second layout pass: posting in next frame
01-11 07:29:46.600 1974 1974 W View : requestLayout() improperly called by com.android.systemui.statusbar.AlphaOptimizedImageView{4f552bc VFED..C.. ......ID 0,0-140,84} during second layout pass: posting in next frame
01-11 07:29:46.613 1974 1974 W View : requestLayout() improperly called by android.widget.FrameLayout{c40a8ea I.E...... ......ID 0,0-780,179 #2bc} during layout: running second layout pass
01-11 07:29:46.614 1974 1974 W View : requestLayout() improperly called by com.android.systemui.statusbar.AlphaOptimizedImageView{a2318d5 VFED..C.. ......ID 0,0-140,179} during layout: running second layout pass
01-11 07:29:46.614 1974 1974 W View : requestLayout() improperly called by android.widget.FrameLayout{511b245 I.E...... ......ID 0,0-780,179 #2bc} during layout: running second layout pass
01-11 07:29:46.614 1974 1974 W View : requestLayout() improperly called by com.android.systemui.statusbar.AlphaOptimizedImageView{4f552bc VFED..C.. ......ID 0,0-140,84} during layout: running second layout pass
01-11 07:29:46.616 1974 1974 W View : requestLayout() improperly called by android.widget.FrameLayout{c40a8ea I.E...... ......ID 0,0-780,179 #2bc} during second layout pass: posting in next frame
01-11 07:29:46.616 1974 1974 W View : requestLayout() improperly called by com.android.systemui.statusbar.AlphaOptimizedImageView{a2318d5 VFED..C.. ......ID 0,0-140,179} during second layout pass: posting in next frame
01-11 07:29:46.616 1974 1974 W View : requestLayout() improperly called by android.widget.FrameLayout{511b245 I.E...... ......ID 0,0-780,179 #2bc} during second layout pass: posting in next frame
01-11 07:29:46.616 1974 1974 W View : requestLayout() improperly called by com.android.systemui.statusbar.AlphaOptimizedImageView{4f552bc VFED..C.. ......ID 0,0-140,84} during second layout pass: posting in next frame
01-11 07:29:46.633 1974 1974 W View : requestLayout() improperly called by android.widget.FrameLayout{c40a8ea I.E...... ......ID 0,0-780,179 #2bc} during layout: running second layout pass
01-11 07:29:46.633 1974 1974 W View : requestLayout() improperly called by com.android.systemui.statusbar.AlphaOptimizedImageView{a2318d5 VFED..C.. ......ID 0,0-140,179} during layout: running second layout pass
01-11 07:29:46.633 1974 1974 W View : requestLayout() improperly called by android.widget.FrameLayout{511b245 I.E...... ......ID 0,0-780,179 #2bc} during layout: running second layout pass
01-11 07:29:46.633 1974 1974 W View : requestLayout() improperly called by com.android.systemui.statusbar.AlphaOptimizedImageView{4f552bc VFED..C.. ......ID 0,0-140,84} during layout: running second layout pass
01-11 07:29:46.636 1974 1974 W View : requestLayout() improperly called by android.widget.FrameLayout{c40a8ea I.E...... ......ID 0,0-780,179 #2bc} during second layout pass: posting in next frame
01-11 07:29:46.636 1974 1974 W View : requestLayout() improperly called by com.android.systemui.statusbar.AlphaOptimizedImageView{a2318d5 VFED..C.. ......ID 0,0-140,179} during second layout pass: posting in next frame
01-11 07:29:46.636 1974 1974 W View : requestLayout() improperly called by android.widget.FrameLayout{511b245 I.E...... ......ID 0,0-780,179 #2bc} during second layout pass: posting in next frame
01-11 07:29:46.636 1974 1974 W View : requestLayout() improperly called by com.android.systemui.statusbar.AlphaOptimizedImageView{4f552bc VFED..C.. ......ID 0,0-140,84} during second layout pass: posting in next frame
01-11 07:29:46.639 1504 1683 I commit_sys_config_file: [settings-1-0,7]
01-11 07:29:46.649 1974 1974 W View : requestLayout() improperly called by android.widget.FrameLayout{c40a8ea I.E...... ......ID 0,0-780,179 #2bc} during layout: running second layout pass
01-11 07:29:46.649 1974 1974 W View : requestLayout() improperly called by com.android.systemui.statusbar.AlphaOptimizedImageView{a2318d5 VFED..C.. ......ID 0,0-140,179} during layout: running second layout pass
01-11 07:29:46.649 1974 1974 W View : requestLayout() improperly called by android.widget.FrameLayout{511b245 I.E...... ......ID 0,0-780,179 #2bc} during layout: running second layout pass
01-11 07:29:46.649 1974 1974 W View : requestLayout() improperly called by com.android.systemui.statusbar.AlphaOptimizedImageView{4f552bc VFED..C.. ......ID 0,0-140,84} during layout: running second layout pass
01-11 07:29:46.662 1974 1974 W View : requestLayout() improperly called by android.widget.FrameLayout{c40a8ea I.E...... ......ID 0,0-780,179 #2bc} during second layout pass: posting in next frame
01-11 07:29:46.662 1974 1974 W View : requestLayout() improperly called by com.android.systemui.statusbar.AlphaOptimizedImageView{a2318d5 VFED..C.. ......ID 0,0-140,179} during second layout pass: posting in next frame
01-11 07:29:46.662 1974 1974 W View : requestLayout() improperly called by android.widget.FrameLayout{511b245 I.E...... ......ID 0,0-780,179 #2bc} during second layout pass: posting in next frame
01-11 07:29:46.662 1974 1974 W View : requestLayout() improperly called by com.android.systemui.statusbar.AlphaOptimizedImageView{4f552bc VFED..C.. ......ID 0,0-140,84} during second layout pass: posting in next frame
01-11 07:29:46.684 1974 1974 W View : requestLayout() improperly called by android.widget.FrameLayout{c40a8ea I.E...... ......ID 0,0-780,179 #2bc} during layout: running second layout pass
01-11 07:29:46.684 1974 1974 W View : requestLayout() improperly called by com.android.systemui.statusbar.AlphaOptimizedImageView{a2318d5 VFED..C.. ......ID 0,0-140,179} during layout: running second layout pass
01-11 07:29:46.684 1974 1974 W View : requestLayout() improperly called by android.widget.FrameLayout{511b245 I.E...... ......ID 0,0-780,179 #2bc} during layout: running second layout pass
01-11 07:29:46.684 1974 1974 W View : requestLayout() improperly called by com.android.systemui.statusbar.AlphaOptimizedImageView{4f552bc VFED..C.. ......ID 0,0-140,84} during layout: running second layout pass
01-11 07:29:46.688 1974 1974 W View : requestLayout() improperly called by android.widget.FrameLayout{c40a8ea I.E...... ......ID 0,0-780,179 #2bc} during second layout pass: posting in next frame
01-11 07:29:46.688 1974 1974 W View : requestLayout() improperly called by com.android.systemui.statusbar.AlphaOptimizedImageView{a2318d5 VFED..C.. ......ID 0,0-140,179} during second layout pass: posting in next frame
01-11 07:29:46.688 1974 1974 W View : requestLayout() improperly called by android.widget.FrameLayout{511b245 I.E...... ......ID 0,0-780,179 #2bc} during second layout pass: posting in next frame
01-11 07:29:46.688 1974 1974 W View : requestLayout() improperly called by com.android.systemui.statusbar.AlphaOptimizedImageView{4f552bc VFED..C.. ......ID 0,0-140,84} during second layout pass: posting in next frame
01-11 07:29:46.699 1974 1974 W View : requestLayout() improperly called by android.widget.FrameLayout{c40a8ea I.E...... ......ID 0,0-780,179 #2bc} during layout: running second layout pass
01-11 07:29:46.699 1974 1974 W View : requestLayout() improperly called by com.android.systemui.statusbar.AlphaOptimizedImageView{a2318d5 VFED..C.. ......ID 0,0-140,179} during layout: running second layout pass
01-11 07:29:46.699 1974 1974 W View : requestLayout() improperly called by android.widget.FrameLayout{511b245 I.E...... ......ID 0,0-780,179 #2bc} during layout: running second layout pass
01-11 07:29:46.699 1974 1974 W View : requestLayout() improperly called by com.android.systemui.statusbar.AlphaOptimizedImageView{4f552bc VFED..C.. ......ID 0,0-140,84} during layout: running second layout pass
01-11 07:29:46.702 1974 1974 W View : requestLayout() improperly called by android.widget.FrameLayout{c40a8ea I.E...... ......ID 0,0-780,179 #2bc} during second layout pass: posting in next frame
01-11 07:29:46.702 1974 1974 W View : requestLayout() improperly called by com.android.systemui.statusbar.AlphaOptimizedImageView{a2318d5 VFED..C.. ......ID 0,0-140,179} during second layout pass: posting in next frame
01-11 07:29:46.702 1974 1974 W View : requestLayout() improperly called by android.widget.FrameLayout{511b245 I.E...... ......ID 0,0-780,179 #2bc} during second layout pass: posting in next frame
01-11 07:29:46.702 1974 1974 W View : requestLayout() improperly called by com.android.systemui.statusbar.AlphaOptimizedImageView{4f552bc VFED..C.. ......ID 0,0-140,84} during second layout pass: posting in next frame
01-11 07:29:46.715 1974 1974 W View : requestLayout() improperly called by android.widget.FrameLayout{c40a8ea I.E...... ......ID 0,0-780,179 #2bc} during layout: running second layout pass
01-11 07:29:46.716 1974 1974 W View : requestLayout() improperly called by com.android.systemui.statusbar.AlphaOptimizedImageView{a2318d5 VFED..C.. ......ID 0,0-140,179} during layout: running second layout pass
01-11 07:29:46.716 1974 1974 W View : requestLayout() improperly called by android.widget.FrameLayout{511b245 I.E...... ......ID 0,0-780,179 #2bc} during layout: running second layout pass
01-11 07:29:46.716 1974 1974 W View : requestLayout() improperly called by com.android.systemui.statusbar.AlphaOptimizedImageView{4f552bc VFED..C.. ......ID 0,0-140,84} during layout: running second layout pass
01-11 07:29:46.721 1974 1974 W View : requestLayout() improperly called by android.widget.FrameLayout{c40a8ea I.E...... ......ID 0,0-780,179 #2bc} during second layout pass: posting in next frame
01-11 07:29:46.721 1974 1974 W View : requestLayout() improperly called by com.android.systemui.statusbar.AlphaOptimizedImageView{a2318d5 VFED..C.. ......ID 0,0-140,179} during second layout pass: posting in next frame
01-11 07:29:46.722 1974 1974 W View : requestLayout() improperly called by android.widget.FrameLayout{511b245 I.E...... ......ID 0,0-780,179 #2bc} during second layout pass: posting in next frame
01-11 07:29:46.722 1974 1974 W View : requestLayout() improperly called by com.android.systemui.statusbar.AlphaOptimizedImageView{4f552bc VFED..C.. ......ID 0,0-140,84} during second layout pass: posting in next frame
01-11 07:29:46.731 1974 1974 W View : requestLayout() improperly called by android.widget.FrameLayout{c40a8ea I.E...... ......ID 0,0-780,179 #2bc} during layout: running second layout pass
01-11 07:29:46.732 1974 1974 W View : requestLayout() improperly called by com.android.systemui.statusbar.AlphaOptimizedImageView{a2318d5 VFED..C.. ......ID 0,0-140,179} during layout: running second layout pass
01-11 07:29:46.732 1974 1974 W View : requestLayout() improperly called by android.widget.FrameLayout{511b245 I.E...... ......ID 0,0-780,179 #2bc} during layout: running second layout pass
01-11 07:29:46.732 1974 1974 W View : requestLayout() improperly called by com.android.systemui.statusbar.AlphaOptimizedImageView{4f552bc VFED..C.. ......ID 0,0-140,84} during layout: running second layout pass
01-11 07:29:46.735 13728 16248 W ziparchive: Unable to open '/storage/emulated/0/Android/data/com.tencent.android.qqdownloader/files/tassistant/apk/com.microsoft.emmx_146204815.apk': No such file or directory
01-11 07:29:46.735 13728 16248 E wnloader:daemo: Failed to open APK '/storage/emulated/0/Android/data/com.tencent.android.qqdownloader/files/tassistant/apk/com.microsoft.emmx_146204815.apk': I/O error
01-11 07:29:46.736 13728 16248 W ResourcesManager: failed to preload asset path '/storage/emulated/0/Android/data/com.tencent.android.qqdownloader/files/tassistant/apk/com.microsoft.emmx_146204815.apk'
01-11 07:29:46.736 13728 16248 W ResourcesManager: java.io.IOException: Failed to load asset path /storage/emulated/0/Android/data/com.tencent.android.qqdownloader/files/tassistant/apk/com.microsoft.emmx_146204815.apk
01-11 07:29:46.736 13728 16248 W ResourcesManager: at android.content.res.ApkAssets.nativeLoad(Native Method)
01-11 07:29:46.736 13728 16248 W ResourcesManager: at android.content.res.ApkAssets.(ApkAssets.java:295)
01-11 07:29:46.736 13728 16248 W ResourcesManager: at android.content.res.ApkAssets.loadFromPath(ApkAssets.java:144)
01-11 07:29:46.736 13728 16248 W ResourcesManager: at android.app.ResourcesManager.loadApkAssets(ResourcesManager.java:454)
01-11 07:29:46.736 13728 16248 W ResourcesManager: at android.app.ResourcesManager.access$000(ResourcesManager.java:72)
01-11 07:29:46.736 13728 16248 W ResourcesManager: at android.app.ResourcesManager$ApkAssetsSupplier.load(ResourcesManager.java:168)
01-11 07:29:46.736 13728 16248 W ResourcesManager: at android.app.ResourcesManager.createApkAssetsSupplierNotLocked(ResourcesManager.java:980)
01-11 07:29:46.736 13728 16248 W ResourcesManager: at android.app.ResourcesManager.getResources(ResourcesManager.java:1101)
01-11 07:29:46.736 13728 16248 W ResourcesManager: at android.app.ActivityThread.getTopLevelResources(ActivityThread.java:2373)
01-11 07:29:46.736 13728 16248 W ResourcesManager: at android.app.ApplicationPackageManager.getResourcesForApplication(ApplicationPackageManager.java:1751)
01-11 07:29:46.736 13728 16248 W ResourcesManager: at android.app.ApplicationPackageManager.getResourcesForApplication(ApplicationPackageManager.java:1737)
01-11 07:29:46.736 13728 16248 W ResourcesManager: at android.app.ApplicationPackageManager.getText(ApplicationPackageManager.java:2053)
01-11 07:29:46.736 13728 16248 W ResourcesManager: at android.content.pm.PackageItemInfo.loadUnsafeLabel(PackageItemInfo.java:222)
01-11 07:29:46.736 13728 16248 W ResourcesManager: at android.content.pm.PackageItemInfo.loadLabel(PackageItemInfo.java:212)
01-11 07:29:46.736 13728 16248 W ResourcesManager: at com.tencent.bs.a.g.d.a(Unknown Source:30)
01-11 07:29:46.736 13728 16248 W ResourcesManager: at com.tencent.bs.monitor.replace.b.c(Unknown Source:50)
01-11 07:29:46.736 13728 16248 W ResourcesManager: at com.tencent.bs.monitor.replace.b.a(Unknown Source:23)
01-11 07:29:46.736 13728 16248 W ResourcesManager: at com.tencent.bs.monitor.replace.b.run(Unknown Source:124)
01-11 07:29:46.736 13728 16248 W ResourcesManager: at com.tencent.bs.monitor.replace.c.a$2.run(Unknown Source:34)
01-11 07:29:46.736 13728 16248 W ResourcesManager: at com.tencent.bs.a.f.g.run(Unknown Source:2)
01-11 07:29:46.736 13728 16248 W ResourcesManager: at java.util.concurrent.ThreadPoolExecutor.runWorker(ThreadPoolExecutor.java:1167)
01-11 07:29:46.736 13728 16248 W ResourcesManager: at java.util.concurrent.ThreadPoolExecutor$Worker.run(ThreadPoolExecutor.java:641)
01-11 07:29:46.736 13728 16248 W ResourcesManager: at java.lang.Thread.run(Thread.java:920)
01-11 07:29:46.736 13728 16248 W ziparchive: Unable to open '/storage/emulated/0/Android/data/com.tencent.android.qqdownloader/files/tassistant/apk/com.microsoft.emmx_146204815.apk': No such file or directory
01-11 07:29:46.736 13728 16248 E wnloader:daemo: Failed to open APK '/storage/emulated/0/Android/data/com.tencent.android.qqdownloader/files/tassistant/apk/com.microsoft.emmx_146204815.apk': I/O error
01-11 07:29:46.737 13728 16248 E ResourcesManager: failed to add asset path '/storage/emulated/0/Android/data/com.tencent.android.qqdownloader/files/tassistant/apk/com.microsoft.emmx_146204815.apk'
01-11 07:29:46.737 13728 16248 E ResourcesManager: java.io.IOException: Failed to load asset path /storage/emulated/0/Android/data/com.tencent.android.qqdownloader/files/tassistant/apk/com.microsoft.emmx_146204815.apk
01-11 07:29:46.737 13728 16248 E ResourcesManager: at android.content.res.ApkAssets.nativeLoad(Native Method)
01-11 07:29:46.737 13728 16248 E ResourcesManager: at android.content.res.ApkAssets.(ApkAssets.java:295)
01-11 07:29:46.737 13728 16248 E ResourcesManager: at android.content.res.ApkAssets.loadFromPath(ApkAssets.java:144)
01-11 07:29:46.737 13728 16248 E ResourcesManager: at android.app.ResourcesManager.loadApkAssets(ResourcesManager.java:454)
01-11 07:29:46.737 13728 16248 E ResourcesManager: at android.app.ResourcesManager.access$000(ResourcesManager.java:72)
01-11 07:29:46.737 13728 16248 E ResourcesManager: at android.app.ResourcesManager$ApkAssetsSupplier.load(ResourcesManager.java:168)
01-11 07:29:46.737 13728 16248 E ResourcesManager: at android.app.ResourcesManager.createAssetManager(ResourcesManager.java:530)
01-11 07:29:46.737 13728 16248 E ResourcesManager: at android.app.ResourcesManager.createResourcesImpl(ResourcesManager.java:612)
01-11 07:29:46.737 13728 16248 E ResourcesManager: at android.app.ResourcesManager.findOrCreateResourcesImplForKeyLocked(ResourcesManager.java:664)
01-11 07:29:46.737 13728 16248 E ResourcesManager: at android.app.ResourcesManager.createResources(ResourcesManager.java:1011)
01-11 07:29:46.737 13728 16248 E ResourcesManager: at android.app.ResourcesManager.getResources(ResourcesManager.java:1114)
01-11 07:29:46.737 13728 16248 E ResourcesManager: at android.app.ActivityThread.getTopLevelResources(ActivityThread.java:2373)
01-11 07:29:46.737 13728 16248 E ResourcesManager: at android.app.ApplicationPackageManager.getResourcesForApplication(ApplicationPackageManager.java:1751)
01-11 07:29:46.737 13728 16248 E ResourcesManager: at android.app.ApplicationPackageManager.getResourcesForApplication(ApplicationPackageManager.java:1737)
01-11 07:29:46.737 13728 16248 E ResourcesManager: at android.app.ApplicationPackageManager.getText(ApplicationPackageManager.java:2053)
01-11 07:29:46.737 13728 16248 E ResourcesManager: at android.content.pm.PackageItemInfo.loadUnsafeLabel(PackageItemInfo.java:222)
01-11 07:29:46.737 13728 16248 E ResourcesManager: at android.content.pm.PackageItemInfo.loadLabel(PackageItemInfo.java:212)
01-11 07:29:46.737 13728 16248 E ResourcesManager: at com.tencent.bs.a.g.d.a(Unknown Source:30)
01-11 07:29:46.737 13728 16248 E ResourcesManager: at com.tencent.bs.monitor.replace.b.c(Unknown Source:50)
01-11 07:29:46.737 13728 16248 E ResourcesManager: at com.tencent.bs.monitor.replace.b.a(Unknown Source:23)
01-11 07:29:46.737 13728 16248 E ResourcesManager: at com.tencent.bs.monitor.replace.b.run(Unknown Source:124)
01-11 07:29:46.737 13728 16248 E ResourcesManager: at com.tencent.bs.monitor.replace.c.a$2.run(Unknown Source:34)
01-11 07:29:46.737 13728 16248 E ResourcesManager: at com.tencent.bs.a.f.g.run(Unknown Source:2)
01-11 07:29:46.737 13728 16248 E ResourcesManager: at java.util.concurrent.ThreadPoolExecutor.runWorker(ThreadPoolExecutor.java:1167)
01-11 07:29:46.737 13728 16248 E ResourcesManager: at java.util.concurrent.ThreadPoolExecutor$Worker.run(ThreadPoolExecutor.java:641)
01-11 07:29:46.737 13728 16248 E ResourcesManager: at java.lang.Thread.run(Thread.java:920)
01-11 07:29:46.737 13728 16248 W PackageManager: Failure retrieving resources for com.microsoft.emmx
01-11 07:29:46.738 1974 1974 W View : requestLayout() improperly called by android.widget.FrameLayout{c40a8ea I.E...... ......ID 0,0-780,179 #2bc} during second layout pass: posting in next frame
01-11 07:29:46.738 1974 1974 W View : requestLayout() improperly called by com.android.systemui.statusbar.AlphaOptimizedImageView{a2318d5 VFED..C.. ......ID 0,0-140,179} during second layout pass: posting in next frame
01-11 07:29:46.738 1974 1974 W View : requestLayout() improperly called by android.widget.FrameLayout{511b245 I.E...... ......ID 0,0-780,179 #2bc} during second layout pass: posting in next frame
01-11 07:29:46.738 1974 1974 W View : requestLayout() improperly called by com.android.systemui.statusbar.AlphaOptimizedImageView{4f552bc VFED..C.. ......ID 0,0-140,84} during second layout pass: posting in next frame
01-11 07:29:46.746 1974 1974 W View : requestLayout() improperly called by android.widget.FrameLayout{c40a8ea I.E...... ......ID 0,0-780,179 #2bc} during layout: running second layout pass
01-11 07:29:46.746 1974 1974 W View : requestLayout() improperly called by com.android.systemui.statusbar.AlphaOptimizedImageView{a2318d5 VFED..C.. ......ID 0,0-140,179} during layout: running second layout pass
01-11 07:29:46.746 1974 1974 W View : requestLayout() improperly called by android.widget.FrameLayout{511b245 I.E...... ......ID 0,0-780,179 #2bc} during layout: running second layout pass
01-11 07:29:46.746 1974 1974 W View : requestLayout() improperly called by com.android.systemui.statusbar.AlphaOptimizedImageView{4f552bc VFED..C.. ......ID 0,0-140,84} during layout: running second layout pass
01-11 07:29:46.750 1974 1974 W View : requestLayout() improperly called by android.widget.FrameLayout{c40a8ea I.E...... ......ID 0,0-780,179 #2bc} during second layout pass: posting in next frame
01-11 07:29:46.750 1974 1974 W View : requestLayout() improperly called by com.android.systemui.statusbar.AlphaOptimizedImageView{a2318d5 VFED..C.. ......ID 0,0-140,179} during second layout pass: posting in next frame
01-11 07:29:46.750 1974 1974 W View : requestLayout() improperly called by android.widget.FrameLayout{511b245 I.E...... ......ID 0,0-780,179 #2bc} during second layout pass: posting in next frame
01-11 07:29:46.750 1974 1974 W View : requestLayout() improperly called by com.android.systemui.statusbar.AlphaOptimizedImageView{4f552bc VFED..C.. ......ID 0,0-140,84} during second layout pass: posting in next frame
01-11 07:29:46.762 1974 1974 W View : requestLayout() improperly called by android.widget.FrameLayout{c40a8ea I.E...... ......ID 0,0-780,179 #2bc} during layout: running second layout pass
01-11 07:29:46.762 1974 1974 W View : requestLayout() improperly called by com.android.systemui.statusbar.AlphaOptimizedImageView{a2318d5 VFED..C.. ......ID 0,0-140,179} during layout: running second layout pass
01-11 07:29:46.762 1974 1974 W View : requestLayout() improperly called by android.widget.FrameLayout{511b245 I.E...... ......ID 0,0-780,179 #2bc} during layout: running second layout pass
01-11 07:29:46.762 1974 1974 W View : requestLayout() improperly called by com.android.systemui.statusbar.AlphaOptimizedImageView{4f552bc VFED..C.. ......ID 0,0-140,84} during layout: running second layout pass
01-11 07:29:46.776 1974 1974 W View : requestLayout() improperly called by android.widget.FrameLayout{c40a8ea I.E...... ......ID 0,0-780,179 #2bc} during second layout pass: posting in next frame
01-11 07:29:46.776 1974 1974 W View : requestLayout() improperly called by com.android.systemui.statusbar.AlphaOptimizedImageView{a2318d5 VFED..C.. ......ID 0,0-140,179} during second layout pass: posting in next frame
01-11 07:29:46.776 1974 1974 W View : requestLayout() improperly called by android.widget.FrameLayout{511b245 I.E...... ......ID 0,0-780,179 #2bc} during second layout pass: posting in next frame
01-11 07:29:46.776 1974 1974 W View : requestLayout() improperly called by com.android.systemui.statusbar.AlphaOptimizedImageView{4f552bc VFED..C.. ......ID 0,0-140,84} during second layout pass: posting in next frame
01-11 07:29:46.795 1974 1974 W View : requestLayout() improperly called by android.widget.FrameLayout{c40a8ea I.E...... ......ID 0,0-780,179 #2bc} during layout: running second layout pass
01-11 07:29:46.795 1974 1974 W View : requestLayout() improperly called by com.android.systemui.statusbar.AlphaOptimizedImageView{a2318d5 VFED..C.. ......ID 0,0-140,179} during layout: running second layout pass
01-11 07:29:46.795 1974 1974 W View : requestLayout() improperly called by android.widget.FrameLayout{511b245 I.E...... ......ID 0,0-780,179 #2bc} during layout: running second layout pass
01-11 07:29:46.795 1974 1974 W View : requestLayout() improperly called by com.android.systemui.statusbar.AlphaOptimizedImageView{4f552bc VFED..C.. ......ID 0,0-140,84} during layout: running second layout pass
01-11 07:29:46.798 1974 1974 W View : requestLayout() improperly called by android.widget.FrameLayout{c40a8ea I.E...... ......ID 0,0-780,179 #2bc} during second layout pass: posting in next frame
01-11 07:29:46.798 1974 1974 W View : requestLayout() improperly called by com.android.systemui.statusbar.AlphaOptimizedImageView{a2318d5 VFED..C.. ......ID 0,0-140,179} during second layout pass: posting in next frame
01-11 07:29:46.798 1974 1974 W View : requestLayout() improperly called by android.widget.FrameLayout{511b245 I.E...... ......ID 0,0-780,179 #2bc} during second layout pass: posting in next frame
01-11 07:29:46.798 1974 1974 W View : requestLayout() improperly called by com.android.systemui.statusbar.AlphaOptimizedImageView{4f552bc VFED..C.. ......ID 0,0-140,84} during second layout pass: posting in next frame
01-11 07:29:46.798 1504 1533 W System : A resource failed to call close.
01-11 07:29:46.799 1504 1533 W System : A resource failed to call close.
01-11 07:29:46.801 1504 1533 W System : A resource failed to call release.
01-11 07:29:46.802 1504 1533 W System : A resource failed to call close.
01-11 07:29:46.802 1504 1533 W System : A resource failed to call close.
01-11 07:29:46.802 1504 1533 W System : A resource failed to call close.
01-11 07:29:46.811 1974 1974 W View : requestLayout() improperly called by android.widget.FrameLayout{c40a8ea I.E...... ......ID 0,0-780,179 #2bc} during layout: running second layout pass
01-11 07:29:46.812 1974 1974 W View : requestLayout() improperly called by com.android.systemui.statusbar.AlphaOptimizedImageView{a2318d5 VFED..C.. ......ID 0,0-140,179} during layout: running second layout pass
01-11 07:29:46.812 1974 1974 W View : requestLayout() improperly called by android.widget.FrameLayout{511b245 I.E...... ......ID 0,0-780,179 #2bc} during layout: running second layout pass
01-11 07:29:46.812 1974 1974 W View : requestLayout() improperly called by com.android.systemui.statusbar.AlphaOptimizedImageView{4f552bc VFED..C.. ......ID 0,0-140,84} during layout: running second layout pass
01-11 07:29:46.813 1974 1974 W View : requestLayout() improperly called by android.widget.FrameLayout{c40a8ea I.E...... ......ID 0,0-780,179 #2bc} during second layout pass: posting in next frame
01-11 07:29:46.813 1974 1974 W View : requestLayout() improperly called by com.android.systemui.statusbar.AlphaOptimizedImageView{a2318d5 VFED..C.. ......ID 0,0-140,179} during second layout pass: posting in next frame
01-11 07:29:46.813 1974 1974 W View : requestLayout() improperly called by android.widget.FrameLayout{511b245 I.E...... ......ID 0,0-780,179 #2bc} during second layout pass: posting in next frame
01-11 07:29:46.813 1974 1974 W View : requestLayout() improperly called by com.android.systemui.statusbar.AlphaOptimizedImageView{4f552bc VFED..C.. ......ID 0,0-140,84} during second layout pass: posting in next frame
01-11 07:29:46.828 1974 1974 W View : requestLayout() improperly called by android.widget.FrameLayout{c40a8ea I.E...... ......ID 0,0-780,179 #2bc} during layout: running second layout pass
01-11 07:29:46.829 1974 1974 W View : requestLayout() improperly called by com.android.systemui.statusbar.AlphaOptimizedImageView{a2318d5 VFED..C.. ......ID 0,0-140,179} during layout: running second layout pass
01-11 07:29:46.829 1974 1974 W View : requestLayout() improperly called by android.widget.FrameLayout{511b245 I.E...... ......ID 0,0-780,179 #2bc} during layout: running second layout pass
01-11 07:29:46.829 1974 1974 W View : requestLayout() improperly called by com.android.systemui.statusbar.AlphaOptimizedImageView{4f552bc VFED..C.. ......ID 0,0-140,84} during layout: running second layout pass
01-11 07:29:46.834 1974 1974 W View : requestLayout() improperly called by android.widget.FrameLayout{c40a8ea I.E...... ......ID 0,0-780,179 #2bc} during second layout pass: posting in next frame
01-11 07:29:46.834 1974 1974 W View : requestLayout() improperly called by com.android.systemui.statusbar.AlphaOptimizedImageView{a2318d5 VFED..C.. ......ID 0,0-140,179} during second layout pass: posting in next frame
01-11 07:29:46.834 1974 1974 W View : requestLayout() improperly called by android.widget.FrameLayout{511b245 I.E...... ......ID 0,0-780,179 #2bc} during second layout pass: posting in next frame
01-11 07:29:46.834 1974 1974 W View : requestLayout() improperly called by com.android.systemui.statusbar.AlphaOptimizedImageView{4f552bc VFED..C.. ......ID 0,0-140,84} during second layout pass: posting in next frame
01-11 07:29:46.846 1974 1974 W View : requestLayout() improperly called by android.widget.FrameLayout{c40a8ea I.E...... ......ID 0,0-780,179 #2bc} during layout: running second layout pass
01-11 07:29:46.846 1974 1974 W View : requestLayout() improperly called by com.android.systemui.statusbar.AlphaOptimizedImageView{a2318d5 VFED..C.. ......ID 0,0-140,179} during layout: running second layout pass
01-11 07:29:46.846 1974 1974 W View : requestLayout() improperly called by android.widget.FrameLayout{511b245 I.E...... ......ID 0,0-780,179 #2bc} during layout: running second layout pass
01-11 07:29:46.846 1974 1974 W View : requestLayout() improperly called by com.android.systemui.statusbar.AlphaOptimizedImageView{4f552bc VFED..C.. ......ID 0,0-140,84} during layout: running second layout pass
01-11 07:29:46.849 1974 1974 W View : requestLayout() improperly called by android.widget.FrameLayout{c40a8ea I.E...... ......ID 0,0-780,179 #2bc} during second layout pass: posting in next frame
01-11 07:29:46.849 1974 1974 W View : requestLayout() improperly called by com.android.systemui.statusbar.AlphaOptimizedImageView{a2318d5 VFED..C.. ......ID 0,0-140,179} during second layout pass: posting in next frame
01-11 07:29:46.849 1974 1974 W View : requestLayout() improperly called by android.widget.FrameLayout{511b245 I.E...... ......ID 0,0-780,179 #2bc} during second layout pass: posting in next frame
01-11 07:29:46.849 1974 1974 W View : requestLayout() improperly called by com.android.systemui.statusbar.AlphaOptimizedImageView{4f552bc VFED..C.. ......ID 0,0-140,84} during second layout pass: posting in next frame
01-11 07:29:46.864 1974 1974 W View : requestLayout() improperly called by android.widget.FrameLayout{c40a8ea I.E...... ......ID 0,0-780,179 #2bc} during layout: running second layout pass
01-11 07:29:46.864 1974 1974 W View : requestLayout() improperly called by com.android.systemui.statusbar.AlphaOptimizedImageView{a2318d5 VFED..C.. ......ID 0,0-140,179} during layout: running second layout pass
01-11 07:29:46.864 1974 1974 W View : requestLayout() improperly called by android.widget.FrameLayout{511b245 I.E...... ......ID 0,0-780,179 #2bc} during layout: running second layout pass
01-11 07:29:46.864 1974 1974 W View : requestLayout() improperly called by com.android.systemui.statusbar.AlphaOptimizedImageView{4f552bc VFED..C.. ......ID 0,0-140,84} during layout: running second layout pass
01-11 07:29:46.870 1974 1974 W View : requestLayout() improperly called by android.widget.FrameLayout{c40a8ea I.E...... ......ID 0,0-780,179 #2bc} during second layout pass: posting in next frame
01-11 07:29:46.870 1974 1974 W View : requestLayout() improperly called by com.android.systemui.statusbar.AlphaOptimizedImageView{a2318d5 VFED..C.. ......ID 0,0-140,179} during second layout pass: posting in next frame
01-11 07:29:46.870 1974 1974 W View : requestLayout() improperly called by android.widget.FrameLayout{511b245 I.E...... ......ID 0,0-780,179 #2bc} during second layout pass: posting in next frame
01-11 07:29:46.870 1974 1974 W View : requestLayout() improperly called by com.android.systemui.statusbar.AlphaOptimizedImageView{4f552bc VFED..C.. ......ID 0,0-140,84} during second layout pass: posting in next frame
01-11 07:29:46.879 1974 1974 W View : requestLayout() improperly called by android.widget.FrameLayout{c40a8ea I.E...... ......ID 0,0-780,179 #2bc} during layout: running second layout pass
01-11 07:29:46.879 1974 1974 W View : requestLayout() improperly called by com.android.systemui.statusbar.AlphaOptimizedImageView{a2318d5 VFED..C.. ......ID 0,0-140,179} during layout: running second layout pass
01-11 07:29:46.879 1974 1974 W View : requestLayout() improperly called by android.widget.FrameLayout{511b245 I.E...... ......ID 0,0-780,179 #2bc} during layout: running second layout pass
01-11 07:29:46.879 1974 1974 W View : requestLayout() improperly called by com.android.systemui.statusbar.AlphaOptimizedImageView{4f552bc VFED..C.. ......ID 0,0-140,84} during layout: running second layout pass
01-11 07:29:46.881 1504 2062 W FreeFormWindowHelper: Current Display FreeFormTask is null
01-11 07:29:46.886 1974 1974 W View : requestLayout() improperly called by android.widget.FrameLayout{c40a8ea I.E...... ......ID 0,0-780,179 #2bc} during second layout pass: posting in next frame
01-11 07:29:46.886 1974 1974 W View : requestLayout() improperly called by com.android.systemui.statusbar.AlphaOptimizedImageView{a2318d5 VFED..C.. ......ID 0,0-140,179} during second layout pass: posting in next frame
01-11 07:29:46.886 1974 1974 W View : requestLayout() improperly called by android.widget.FrameLayout{511b245 I.E...... ......ID 0,0-780,179 #2bc} during second layout pass: posting in next frame
01-11 07:29:46.886 1974 1974 W View : requestLayout() improperly called by com.android.systemui.statusbar.AlphaOptimizedImageView{4f552bc VFED..C.. ......ID 0,0-140,84} during second layout pass: posting in next frame
01-11 07:29:46.886 1504 2062 W FreeFormWindowHelper: Current Display FreeFormTask is null
01-11 07:29:46.891 1504 2244 W FreeFormWindowHelper: Current Display FreeFormTask is null
01-11 07:29:46.895 1504 2062 W FreeFormWindowHelper: Current Display FreeFormTask is null
01-11 07:29:46.896 1974 1974 W View : requestLayout() improperly called by android.widget.FrameLayout{c40a8ea I.E...... ......ID 0,0-780,179 #2bc} during layout: running second layout pass
01-11 07:29:46.896 1974 1974 W View : requestLayout() improperly called by com.android.systemui.statusbar.AlphaOptimizedImageView{a2318d5 VFED..C.. ......ID 0,0-140,179} during layout: running second layout pass
01-11 07:29:46.896 1974 1974 W View : requestLayout() improperly called by android.widget.FrameLayout{511b245 I.E...... ......ID 0,0-780,179 #2bc} during layout: running second layout pass
01-11 07:29:46.896 1974 1974 W View : requestLayout() improperly called by com.android.systemui.statusbar.AlphaOptimizedImageView{4f552bc VFED..C.. ......ID 0,0-140,84} during layout: running second layout pass
01-11 07:29:46.898 1504 2062 W FreeFormWindowHelper: Current Display FreeFormTask is null
01-11 07:29:46.898 1974 1974 W View : requestLayout() improperly called by android.widget.FrameLayout{c40a8ea I.E...... ......ID 0,0-780,179 #2bc} during second layout pass: posting in next frame
01-11 07:29:46.898 1974 1974 W View : requestLayout() improperly called by com.android.systemui.statusbar.AlphaOptimizedImageView{a2318d5 VFED..C.. ......ID 0,0-140,179} during second layout pass: posting in next frame
01-11 07:29:46.899 1974 1974 W View : requestLayout() improperly called by android.widget.FrameLayout{511b245 I.E...... ......ID 0,0-780,179 #2bc} during second layout pass: posting in next frame
01-11 07:29:46.899 1974 1974 W View : requestLayout() improperly called by com.android.systemui.statusbar.AlphaOptimizedImageView{4f552bc VFED..C.. ......ID 0,0-140,84} during second layout pass: posting in next frame
01-11 07:29:46.901 1504 2244 W FreeFormWindowHelper: Current Display FreeFormTask is null
01-11 07:29:46.901 1504 2244 W FreeFormWindowHelper: Current Display FreeFormTask is null
01-11 07:29:46.905 1504 2244 W FreeFormWindowHelper: Current Display FreeFormTask is null
01-11 07:29:46.908 1504 2244 W FreeFormWindowHelper: Current Display FreeFormTask is null
01-11 07:29:46.910 1504 2244 W FreeFormWindowHelper: Current Display FreeFormTask is null
01-11 07:29:46.912 1974 1974 W View : requestLayout() improperly called by android.widget.FrameLayout{c40a8ea I.E...... ......ID 0,0-780,179 #2bc} during layout: running second layout pass
01-11 07:29:46.912 1974 1974 W View : requestLayout() improperly called by com.android.systemui.statusbar.AlphaOptimizedImageView{a2318d5 VFED..C.. ......ID 0,0-140,179} during layout: running second layout pass
01-11 07:29:46.912 1974 1974 W View : requestLayout() improperly called by android.widget.FrameLayout{511b245 I.E...... ......ID 0,0-780,179 #2bc} during layout: running second layout pass
01-11 07:29:46.912 1974 1974 W View : requestLayout() improperly called by com.android.systemui.statusbar.AlphaOptimizedImageView{4f552bc VFED..C.. ......ID 0,0-140,84} during layout: running second layout pass
01-11 07:29:46.912 1504 2244 W FreeFormWindowHelper: Current Display FreeFormTask is null
01-11 07:29:46.914 1504 2062 W FreeFormWindowHelper: Current Display FreeFormTask is null
01-11 07:29:46.915 1974 1974 W View : requestLayout() improperly called by android.widget.FrameLayout{c40a8ea I.E...... ......ID 0,0-780,179 #2bc} during second layout pass: posting in next frame
01-11 07:29:46.915 1504 2062 W FreeFormWindowHelper: Current Display FreeFormTask is null
01-11 07:29:46.915 1974 1974 W View : requestLayout() improperly called by com.android.systemui.statusbar.AlphaOptimizedImageView{a2318d5 VFED..C.. ......ID 0,0-140,179} during second layout pass: posting in next frame
01-11 07:29:46.915 1974 1974 W View : requestLayout() improperly called by android.widget.FrameLayout{511b245 I.E...... ......ID 0,0-780,179 #2bc} during second layout pass: posting in next frame
01-11 07:29:46.915 1974 1974 W View : requestLayout() improperly called by com.android.systemui.statusbar.AlphaOptimizedImageView{4f552bc VFED..C.. ......ID 0,0-140,84} during second layout pass: posting in next frame
01-11 07:29:46.918 1504 2062 W FreeFormWindowHelper: Current Display FreeFormTask is null
01-11 07:29:46.920 1504 2244 W FreeFormWindowHelper: Current Display FreeFormTask is null
01-11 07:29:46.923 1504 2062 W FreeFormWindowHelper: Current Display FreeFormTask is null
01-11 07:29:46.924 1504 2062 W FreeFormWindowHelper: Current Display FreeFormTask is null
01-11 07:29:46.926 1504 2062 W FreeFormWindowHelper: Current Display FreeFormTask is null
01-11 07:29:46.926 1504 2062 W FreeFormWindowHelper: Current Display FreeFormTask is null
01-11 07:29:46.927 1504 12479 W FreeFormWindowHelper: Current Display FreeFormTask is null
01-11 07:29:46.927 1504 12479 W FreeFormWindowHelper: Current Display FreeFormTask is null
01-11 07:29:46.929 1974 1974 W View : requestLayout() improperly called by android.widget.FrameLayout{c40a8ea I.E...... ......ID 0,0-780,179 #2bc} during layout: running second layout pass
01-11 07:29:46.929 1974 1974 W View : requestLayout() improperly called by com.android.systemui.statusbar.AlphaOptimizedImageView{a2318d5 VFED..C.. ......ID 0,0-140,179} during layout: running second layout pass
01-11 07:29:46.929 1974 1974 W View : requestLayout() improperly called by android.widget.FrameLayout{511b245 I.E...... ......ID 0,0-780,179 #2bc} during layout: running second layout pass
01-11 07:29:46.929 1974 1974 W View : requestLayout() improperly called by com.android.systemui.statusbar.AlphaOptimizedImageView{4f552bc VFED..C.. ......ID 0,0-140,84} during layout: running second layout pass
01-11 07:29:46.940 2545 4613 I OpenGLRenderer: Davey! duration=9223359438754ms; Flags=0, FrameTimelineVsyncId=310795, IntendedVsync=12598100016730, Vsync=12598100016730, InputEventId=0, HandleInputStart=12598100639671, AnimationStart=12598100642536, PerformTraversalsStart=12598151959202, DrawStart=12598152269931, FrameDeadline=12598138016728, FrameInterval=12598100629359, FrameStartTime=16666666, SyncQueued=12598152366754, SyncStart=12598152679931, IssueDrawCommandsStart=12598152877379, SwapBuffers=12598153754567, FrameCompleted=9223372036854775807, DequeueBufferDuration=14843, QueueBufferDuration=823229, GpuCompleted=9223372036854775807, SwapBuffersCompleted=12598154878213, DisplayPresentTime=72904454231687180,
01-11 07:29:46.961 1974 1974 W View : requestLayout() improperly called by android.widget.FrameLayout{c40a8ea I.E...... ......ID 0,0-780,179 #2bc} during second layout pass: posting in next frame
01-11 07:29:46.962 1974 1974 W View : requestLayout() improperly called by com.android.systemui.statusbar.AlphaOptimizedImageView{a2318d5 VFED..C.. ......ID 0,0-140,179} during second layout pass: posting in next frame
01-11 07:29:46.962 1974 1974 W View : requestLayout() improperly called by android.widget.FrameLayout{511b245 I.E...... ......ID 0,0-780,179 #2bc} during second layout pass: posting in next frame
01-11 07:29:46.962 1974 1974 W View : requestLayout() improperly called by com.android.systemui.statusbar.AlphaOptimizedImageView{4f552bc VFED..C.. ......ID 0,0-140,84} during second layout pass: posting in next frame
01-11 07:29:46.981 1974 1974 W View : requestLayout() improperly called by android.widget.FrameLayout{c40a8ea I.E...... ......ID 0,0-780,179 #2bc} during layout: running second layout pass
01-11 07:29:46.982 1974 1974 W View : requestLayout() improperly called by com.android.systemui.statusbar.AlphaOptimizedImageView{a2318d5 VFED..C.. ......ID 0,0-140,179} during layout: running second layout pass
01-11 07:29:46.982 1974 1974 W View : requestLayout() improperly called by android.widget.FrameLayout{511b245 I.E...... ......ID 0,0-780,179 #2bc} during layout: running second layout pass
01-11 07:29:46.982 1974 1974 W View : requestLayout() improperly called by com.android.systemui.statusbar.AlphaOptimizedImageView{4f552bc VFED..C.. ......ID 0,0-140,84} during layout: running second layout pass
01-11 07:29:46.994 1974 1974 W View : requestLayout() improperly called by android.widget.FrameLayout{c40a8ea I.E...... ......ID 0,0-780,179 #2bc} during second layout pass: posting in next frame
01-11 07:29:46.994 1974 1974 W View : requestLayout() improperly called by com.android.systemui.statusbar.AlphaOptimizedImageView{a2318d5 VFED..C.. ......ID 0,0-140,179} during second layout pass: posting in next frame
01-11 07:29:46.994 1974 1974 W View : requestLayout() improperly called by android.widget.FrameLayout{511b245 I.E...... ......ID 0,0-780,179 #2bc} during second layout pass: posting in next frame
01-11 07:29:46.994 1974 1974 W View : requestLayout() improperly called by com.android.systemui.statusbar.AlphaOptimizedImageView{4f552bc VFED..C.. ......ID 0,0-140,84} during second layout pass: posting in next frame
01-11 07:29:47.016 1974 1974 W View : requestLayout() improperly called by android.widget.FrameLayout{c40a8ea I.E...... ......ID 0,0-780,179 #2bc} during layout: running second layout pass
01-11 07:29:47.016 1974 1974 W View : requestLayout() improperly called by com.android.systemui.statusbar.AlphaOptimizedImageView{a2318d5 VFED..C.. ......ID 0,0-140,179} during layout: running second layout pass
01-11 07:29:47.016 1974 1974 W View : requestLayout() improperly called by android.widget.FrameLayout{511b245 I.E...... ......ID 0,0-780,179 #2bc} during layout: running second layout pass
01-11 07:29:47.016 1974 1974 W View : requestLayout() improperly called by com.android.systemui.statusbar.AlphaOptimizedImageView{4f552bc VFED..C.. ......ID 0,0-140,84} during layout: running second layout pass
01-11 07:29:47.019 1974 1974 W View : requestLayout() improperly called by android.widget.FrameLayout{c40a8ea I.E...... ......ID 0,0-780,179 #2bc} during second layout pass: posting in next frame
01-11 07:29:47.019 1974 1974 W View : requestLayout() improperly called by com.android.systemui.statusbar.AlphaOptimizedImageView{a2318d5 VFED..C.. ......ID 0,0-140,179} during second layout pass: posting in next frame
01-11 07:29:47.019 1974 1974 W View : requestLayout() improperly called by android.widget.FrameLayout{511b245 I.E...... ......ID 0,0-780,179 #2bc} during second layout pass: posting in next frame
01-11 07:29:47.020 1974 1974 W View : requestLayout() improperly called by com.android.systemui.statusbar.AlphaOptimizedImageView{4f552bc VFED..C.. ......ID 0,0-140,84} during second layout pass: posting in next frame
01-11 07:29:47.030 1974 1974 W View : requestLayout() improperly called by android.widget.FrameLayout{c40a8ea I.E...... ......ID 0,0-780,179 #2bc} during layout: running second layout pass
01-11 07:29:47.030 1974 1974 W View : requestLayout() improperly called by com.android.systemui.statusbar.AlphaOptimizedImageView{a2318d5 VFED..C.. ......ID 0,0-140,179} during layout: running second layout pass
01-11 07:29:47.030 1974 1974 W View : requestLayout() improperly called by android.widget.FrameLayout{511b245 I.E...... ......ID 0,0-780,179 #2bc} during layout: running second layout pass
01-11 07:29:47.030 1974 1974 W View : requestLayout() improperly called by com.android.systemui.statusbar.AlphaOptimizedImageView{4f552bc VFED..C.. ......ID 0,0-140,84} during layout: running second layout pass
01-11 07:29:47.043 1974 1974 W View : requestLayout() improperly called by android.widget.FrameLayout{c40a8ea I.E...... ......ID 0,0-780,179 #2bc} during second layout pass: posting in next frame
01-11 07:29:47.044 1974 1974 W View : requestLayout() improperly called by com.android.systemui.statusbar.AlphaOptimizedImageView{a2318d5 VFED..C.. ......ID 0,0-140,179} during second layout pass: posting in next frame
01-11 07:29:47.044 1974 1974 W View : requestLayout() improperly called by android.widget.FrameLayout{511b245 I.E...... ......ID 0,0-780,179 #2bc} during second layout pass: posting in next frame
01-11 07:29:47.044 1974 1974 W View : requestLayout() improperly called by com.android.systemui.statusbar.AlphaOptimizedImageView{4f552bc VFED..C.. ......ID 0,0-140,84} during second layout pass: posting in next frame
01-11 07:29:47.064 1974 1974 W View : requestLayout() improperly called by android.widget.FrameLayout{c40a8ea I.E...... ......ID 0,0-780,179 #2bc} during layout: running second layout pass
01-11 07:29:47.064 1974 1974 W View : requestLayout() improperly called by com.android.systemui.statusbar.AlphaOptimizedImageView{a2318d5 VFED..C.. ......ID 0,0-140,179} during layout: running second layout pass
01-11 07:29:47.064 1974 1974 W View : requestLayout() improperly called by android.widget.FrameLayout{511b245 I.E...... ......ID 0,0-780,179 #2bc} during layout: running second layout pass
01-11 07:29:47.064 1974 1974 W View : requestLayout() improperly called by com.android.systemui.statusbar.AlphaOptimizedImageView{4f552bc VFED..C.. ......ID 0,0-140,84} during layout: running second layout pass
01-11 07:29:47.077 1974 1974 W View : requestLayout() improperly called by android.widget.FrameLayout{c40a8ea I.E...... ......ID 0,0-780,179 #2bc} during second layout pass: posting in next frame
01-11 07:29:47.077 1974 1974 W View : requestLayout() improperly called by com.android.systemui.statusbar.AlphaOptimizedImageView{a2318d5 VFED..C.. ......ID 0,0-140,179} during second layout pass: posting in next frame
01-11 07:29:47.077 1974 1974 W View : requestLayout() improperly called by android.widget.FrameLayout{511b245 I.E...... ......ID 0,0-780,179 #2bc} during second layout pass: posting in next frame
01-11 07:29:47.077 1974 1974 W View : requestLayout() improperly called by com.android.systemui.statusbar.AlphaOptimizedImageView{4f552bc VFED..C.. ......ID 0,0-140,84} during second layout pass: posting in next frame
01-11 07:29:47.097 1974 1974 W View : requestLayout() improperly called by android.widget.FrameLayout{c40a8ea I.E...... ......ID 0,0-780,179 #2bc} during layout: running second layout pass
01-11 07:29:47.097 1974 1974 W View : requestLayout() improperly called by com.android.systemui.statusbar.AlphaOptimizedImageView{a2318d5 VFED..C.. ......ID 0,0-140,179} during layout: running second layout pass
01-11 07:29:47.097 1974 1974 W View : requestLayout() improperly called by android.widget.FrameLayout{511b245 I.E...... ......ID 0,0-780,179 #2bc} during layout: running second layout pass
01-11 07:29:47.097 1974 1974 W View : requestLayout() improperly called by com.android.systemui.statusbar.AlphaOptimizedImageView{4f552bc VFED..C.. ......ID 0,0-140,84} during layout: running second layout pass
01-11 07:29:47.101 1974 1974 W View : requestLayout() improperly called by android.widget.FrameLayout{c40a8ea I.E...... ......ID 0,0-780,179 #2bc} during second layout pass: posting in next frame
01-11 07:29:47.102 1974 1974 W View : requestLayout() improperly called by com.android.systemui.statusbar.AlphaOptimizedImageView{a2318d5 VFED..C.. ......ID 0,0-140,179} during second layout pass: posting in next frame
01-11 07:29:47.102 1974 1974 W View : requestLayout() improperly called by android.widget.FrameLayout{511b245 I.E...... ......ID 0,0-780,179 #2bc} during second layout pass: posting in next frame
01-11 07:29:47.102 1974 1974 W View : requestLayout() improperly called by com.android.systemui.statusbar.AlphaOptimizedImageView{4f552bc VFED..C.. ......ID 0,0-140,84} during second layout pass: posting in next frame
01-11 07:29:47.114 1974 1974 W View : requestLayout() improperly called by android.widget.FrameLayout{c40a8ea I.E...... ......ID 0,0-780,179 #2bc} during layout: running second layout pass
01-11 07:29:47.114 1974 1974 W View : requestLayout() improperly called by com.android.systemui.statusbar.AlphaOptimizedImageView{a2318d5 VFED..C.. ......ID 0,0-140,179} during layout: running second layout pass
01-11 07:29:47.114 1974 1974 W View : requestLayout() improperly called by android.widget.FrameLayout{511b245 I.E...... ......ID 0,0-780,179 #2bc} during layout: running second layout pass
01-11 07:29:47.114 1974 1974 W View : requestLayout() improperly called by com.android.systemui.statusbar.AlphaOptimizedImageView{4f552bc VFED..C.. ......ID 0,0-140,84} during layout: running second layout pass
01-11 07:29:47.118 1209 7539 I OMX-VENC: venc_dev: stats: avg. fps 57.43, bitrate 2130483
