01-11 06:54:32.569 1504 1699 I input_focus: [Focus leaving recents_animation_input_consumer (server),reason=NOT_VISIBLE]
01-11 06:54:32.570 1504 1699 I input_focus: [Focus entering c8c2ef0 com.android.launcher3/com.android.launcher3.uioverrides.QuickstepLauncher (server),reason=setFocusedWindow]
01-11 06:54:32.570 1504 1609 I sysui_multi_action: [757,803,799,window_time_0,802,2]
01-11 06:54:32.571 1504 1609 I sysui_multi_action: [757,803,799,window_time_0,802,0]
01-11 06:54:32.574 2545 2545 I wm_on_top_resumed_gained_called: [11415547,com.android.launcher3.uioverrides.QuickstepLauncher,topStateChangedWhenResumed]
01-11 06:54:32.582 1504 1616 I am_pss : [6593,10063,com.thundercomm.gamemode.provider,8375296,6508544,0,97095680,0,5,6]
01-11 06:54:32.586 1504 1699 I input_interaction: Interaction with: c8c2ef0 com.android.launcher3/com.android.launcher3.uioverrides.QuickstepLauncher (server), dbb0197 com.android.systemui.ImageWallpaper (server), edge-swipe (server), swipe-up (server), PointerEventDispatcher0 (server),
01-11 06:54:32.592 13284 13284 I wm_on_stop_called: [115787772,com.iflytek.inputmethod.wizard.WizardActivity,STOP_ACTIVITY_ITEM]
01-11 06:54:32.599 1504 1504 I notification_enqueue: [10097,13388,com.iflytek.inputmethod,2,NULL,0,Notification(channel=iFlytekIme shortcut=null contentView=com.iflytek.inputmethod/0x7f030154 vibrate=null sound=null defaults=0x0 flags=0x12 color=0x00000000 vis=PRIVATE),0]
01-11 06:54:32.618 2545 2545 I view_enqueue_input_event: [Motion - Cancel,com.android.launcher3/com.android.launcher3.uioverrides.QuickstepLauncher]
01-11 06:54:32.621 1504 1699 I input_interaction: Interaction with: edge-swipe (server), swipe-up (server), PointerEventDispatcher0 (server),
01-11 06:54:32.800 1504 1504 I sysui_multi_action: [757,1501,758,1,793,201,794,0,795,201,796,2,806,com.iflytek.inputmethod,857,iFlytekIme,858,3,947,0,1500,0,1688,1]
01-11 06:54:32.800 1504 1504 I sysui_multi_action: [757,804,799,note_interruptive,801,0,802,1]
01-11 06:54:32.801 1504 1504 I sysui_multi_action: [757,1501,758,1,793,202,794,0,795,202,796,2,806,com.iflytek.inputmethod,857,iFlytekIme,858,3,947,0,1500,0,1688,1]
01-11 06:54:32.802 1504 1504 I sysui_multi_action: [757,804,799,note_interruptive,801,0,802,1]
01-11 06:54:32.802 1504 1504 I sysui_multi_action: [757,199,758,1,759,1,793,203,794,0,795,203,796,2,806,com.iflytek.inputmethod,857,iFlytekIme,858,3,947,0,1500,1,1688,1]
01-11 06:54:32.802 1504 1504 I notification_alert: [0|com.iflytek.inputmethod|2|null|10097,1,0,0]
01-11 06:54:32.812 1504 1683 I commit_sys_config_file: [settings-1-0,13]
01-11 06:54:33.145 1504 1683 I commit_sys_config_file: [settings-1-0,7]
01-11 06:54:33.575 0 0 I auditd : type=1400 audit(0.0:12872): avc: denied { kill } for comm="swapper/2" capability=5 scontext=u:r:kernel:s0 tcontext=u:r:kernel:s0 tclass=capability permissive=0
01-11 06:54:33.669 1504 1617 I am_uid_idle: 10069
01-11 06:54:33.920 1504 1617 I am_uid_idle: 10023
01-11 06:54:34.131 1504 1699 I input_interaction: Interaction with: c8c2ef0 com.android.launcher3/com.android.launcher3.uioverrides.QuickstepLauncher (server), dbb0197 com.android.systemui.ImageWallpaper (server), edge-swipe (server), swipe-up (server), PointerEventDispatcher0 (server),
01-11 06:54:34.575 288 288 I auditd : type=1400 audit(0.0:12873): avc: denied { kill } for comm="kgsl_worker_thr" capability=5 scontext=u:r:kernel:s0 tcontext=u:r:kernel:s0 tclass=capability permissive=0
01-11 06:54:35.543 2545 2545 I view_enqueue_input_event: [Motion - Cancel,com.android.launcher3/com.android.launcher3.uioverrides.QuickstepLauncher]
01-11 06:54:35.547 1504 1699 I input_interaction: Interaction with: edge-swipe (server), swipe-up (server), PointerEventDispatcher0 (server),
01-11 06:54:35.575 741 741 I auditd : type=1400 audit(0.0:12874): avc: denied { kill } for comm="crtc_commit:125" capability=5 scontext=u:r:kernel:s0 tcontext=u:r:kernel:s0 tclass=capability permissive=0
01-11 06:54:35.730 1504 1683 I commit_sys_config_file: [settings-1-0,5]
01-11 06:54:35.895 1504 2012 I ntp_failure: [time.android.com/2001:4860:4806:8::,java.net.SocketTimeoutException: Poll timed out]
01-11 06:54:36.048 1504 1683 I commit_sys_config_file: [settings-1-0,6]
01-11 06:54:36.575 0 0 I auditd : type=1400 audit(0.0:12875): avc: denied { kill } for comm="swapper/2" capability=5 scontext=u:r:kernel:s0 tcontext=u:r:kernel:s0 tclass=capability permissive=0
01-11 06:54:36.948 1504 1699 I input_interaction: Interaction with: c8c2ef0 com.android.launcher3/com.android.launcher3.uioverrides.QuickstepLauncher (server), dbb0197 com.android.systemui.ImageWallpaper (server), edge-swipe (server), swipe-up (server), PointerEventDispatcher0 (server),
01-11 06:54:38.143 1504 1713 I wm_task_moved: [128,1,6]
01-11 06:54:38.143 1504 1713 I wm_task_to_front: [0,128]
01-11 06:54:38.143 1504 1713 I wm_focused_root_task: [0,0,128,62,bringingFoundTaskToFront]
01-11 06:54:38.143 1504 1713 I wm_set_resumed_activity: [0,com.iflytek.inputmethod/.wizard.WizardActivity,bringingFoundTaskToFront]
01-11 06:54:38.145 1504 1713 I wm_pause_activity: [0,11415547,com.android.launcher3/.uioverrides.QuickstepLauncher,userLeaving=true,pauseBackTasks]
01-11 06:54:38.150 2545 2545 I wm_on_top_resumed_lost_called: [11415547,com.android.launcher3.uioverrides.QuickstepLauncher,topStateChangedWhenResumed]
01-11 06:54:38.153 2545 2545 I wm_on_paused_called: [11415547,com.android.launcher3.uioverrides.QuickstepLauncher,performPause]
01-11 06:54:38.157 1504 4663 I wm_set_resumed_activity: [0,com.iflytek.inputmethod/.wizard.WizardActivity,resumeTopActivityInnerLocked]
01-11 06:54:38.158 1504 4663 I wm_add_to_stopping: [0,11415547,com.android.launcher3/.uioverrides.QuickstepLauncher,makeInvisible]
01-11 06:54:38.167 1504 4663 I wm_resume_activity: [0,115787772,128,com.iflytek.inputmethod/.wizard.WizardActivity]
01-11 06:54:38.171 1504 1609 I sysui_multi_action: [757,803,799,window_time_0,802,6]
01-11 06:54:38.179 13284 13284 I wm_on_restart_called: [115787772,com.iflytek.inputmethod.wizard.WizardActivity,performRestartActivity]
01-11 06:54:38.179 13284 13284 I wm_on_start_called: [115787772,com.iflytek.inputmethod.wizard.WizardActivity,handleStartActivity]
01-11 06:54:38.181 13284 13284 I wm_on_resume_called: [115787772,com.iflytek.inputmethod.wizard.WizardActivity,RESUME_ACTIVITY]
01-11 06:54:38.181 13284 13284 I wm_on_top_resumed_gained_called: [115787772,com.iflytek.inputmethod.wizard.WizardActivity,topWhenResuming]
01-11 06:54:38.182 1504 1699 I input_focus: [Focus leaving c8c2ef0 com.android.launcher3/com.android.launcher3.uioverrides.QuickstepLauncher (server),reason=NO_WINDOW]
01-11 06:54:38.188 1504 1504 I sysui_multi_action: [757,128,758,5,759,8,793,5586,794,0,795,5586,796,2,806,com.iflytek.inputmethod,857,iFlytekIme,858,3,947,0,1500,5384,1688,1]
01-11 06:54:38.188 1504 1504 I notification_canceled: [0|com.iflytek.inputmethod|2|null|10097,8,5586,5586,0,-1,-1,NULL]
01-11 06:54:38.201 1504 1610 I input_focus: [Focus request 19e1a94 com.iflytek.inputmethod/com.iflytek.inputmethod.wizard.WizardActivity,reason=UpdateInputWindows]
01-11 06:54:38.211 1504 1606 I sysui_multi_action: [319,33,321,31,322,65,325,10489,757,761,758,9,759,4,806,com.iflytek.inputmethod,871,com.iflytek.inputmethod.wizard.WizardActivity,904,com.iflytek.inputmethod,905,0,1320,4,1321,4]
01-11 06:54:38.216 1504 1699 I input_focus: [Focus entering 19e1a94 com.iflytek.inputmethod/com.iflytek.inputmethod.wizard.WizardActivity (server),reason=setFocusedWindow]
01-11 06:54:38.575 1601 1601 I auditd : type=1400 audit(0.0:12876): avc: denied { kill } for comm="irq/394-atmel_m" capability=5 scontext=u:r:kernel:s0 tcontext=u:r:kernel:s0 tclass=capability permissive=0
01-11 06:54:38.719 1504 1609 I wm_stop_activity: [0,11415547,com.android.launcher3/.uioverrides.QuickstepLauncher]
01-11 06:54:38.742 2545 2545 I wm_on_stop_called: [11415547,com.android.launcher3.uioverrides.QuickstepLauncher,STOP_ACTIVITY_ITEM]
01-11 06:54:39.024 1504 1699 I input_interaction: Interaction with: 19e1a94 com.iflytek.inputmethod/com.iflytek.inputmethod.wizard.WizardActivity (server), edge-swipe (server), swipe-up (server), PointerEventDispatcher0 (server),
01-11 06:54:39.049 1504 8716 I wm_task_moved: [62,0,0]
01-11 06:54:39.049 1504 8716 I wm_task_moved: [62,0,5]
01-11 06:54:39.063 2545 2545 I wm_on_restart_called: [11415547,com.android.launcher3.uioverrides.QuickstepLauncher,performRestartActivity]
01-11 06:54:39.074 2545 2545 I wm_on_start_called: [11415547,com.android.launcher3.uioverrides.QuickstepLauncher,handleStartActivity]
01-11 06:54:39.094 13284 13284 I view_enqueue_input_event: [Motion - Cancel,com.iflytek.inputmethod/com.iflytek.inputmethod.wizard.WizardActivity]
01-11 06:54:39.095 2545 2545 I sysui_latency: [1,66]
01-11 06:54:39.097 1504 1610 I input_focus: [Focus request recents_animation_input_consumer,reason=UpdateInputWindows]
01-11 06:54:39.099 1504 1699 I input_interaction: Interaction with: edge-swipe (server), swipe-up (server), PointerEventDispatcher0 (server),
01-11 06:54:39.100 1504 1699 I input_focus: [Focus leaving 19e1a94 com.iflytek.inputmethod/com.iflytek.inputmethod.wizard.WizardActivity (server),reason=NOT_FOCUSABLE]
01-11 06:54:39.102 1504 1699 I input_focus: [Focus entering recents_animation_input_consumer (server),reason=setFocusedWindow]
01-11 06:54:39.105 1504 1606 I sysui_multi_action: [319,12,322,50,325,10490,757,761,758,9,759,5,806,com.android.launcher3,871,com.android.launcher3.uioverrides.QuickstepLauncher,904,com.android.launcher3,905,0,1320,8,1321,5]
01-11 06:54:39.277 1504 1683 I commit_sys_config_file: [settings-1-0,3]
01-11 06:54:39.402 1504 1616 I sysui_latency: [8,68]
01-11 06:54:39.575 1601 1601 I auditd : type=1400 audit(0.0:12877): avc: denied { kill } for comm="irq/394-atmel_m" capability=5 scontext=u:r:kernel:s0 tcontext=u:r:kernel:s0 tclass=capability permissive=0
01-11 06:54:39.806 1504 8716 I wm_task_moved: [62,1,6]
01-11 06:54:39.807 1504 8716 I wm_focused_root_task: [0,0,62,128,RecentsAnimation.onAnimationFinished()]
01-11 06:54:39.807 13284 13284 I wm_on_top_resumed_lost_called: [115787772,com.iflytek.inputmethod.wizard.WizardActivity,topStateChangedWhenResumed]
01-11 06:54:39.810 1504 8716 I wm_pause_activity: [0,115787772,com.iflytek.inputmethod/.wizard.WizardActivity,userLeaving=false,pauseBackTasks]
01-11 06:54:39.811 1504 8716 I wm_set_resumed_activity: [0,com.android.launcher3/.uioverrides.QuickstepLauncher,resumeTopActivityInnerLocked]
01-11 06:54:39.816 1504 8716 I wm_resume_activity: [0,11415547,63,com.android.launcher3/.uioverrides.QuickstepLauncher]
01-11 06:54:39.817 1504 8716 I wm_add_to_stopping: [0,115787772,com.iflytek.inputmethod/.wizard.WizardActivity,makeInvisible]
01-11 06:54:39.821 2545 2545 I wm_on_resume_called: [11415547,com.android.launcher3.uioverrides.QuickstepLauncher,RESUME_ACTIVITY]
01-11 06:54:39.822 1504 1610 I input_focus: [Focus request c8c2ef0 com.android.launcher3/com.android.launcher3.uioverrides.QuickstepLauncher,reason=UpdateInputWindows]
01-11 06:54:39.823 1504 1609 I sysui_multi_action: [757,803,799,window_time_0,802,2]
01-11 06:54:39.825 13284 13284 I wm_on_paused_called: [115787772,com.iflytek.inputmethod.wizard.WizardActivity,performPause]
01-11 06:54:39.826 1504 4663 I wm_stop_activity: [0,115787772,com.iflytek.inputmethod/.wizard.WizardActivity]
01-11 06:54:39.827 1504 1609 I sysui_multi_action: [757,803,799,window_time_0,802,0]
01-11 06:54:39.836 1504 1699 I input_focus: [Focus leaving recents_animation_input_consumer (server),reason=NOT_VISIBLE]
01-11 06:54:39.836 1504 1699 I input_focus: [Focus entering c8c2ef0 com.android.launcher3/com.android.launcher3.uioverrides.QuickstepLauncher (server),reason=setFocusedWindow]
01-11 06:54:39.848 13284 13284 I wm_on_stop_called: [115787772,com.iflytek.inputmethod.wizard.WizardActivity,STOP_ACTIVITY_ITEM]
01-11 06:54:39.863 1504 1504 I notification_enqueue: [10097,13388,com.iflytek.inputmethod,2,NULL,0,Notification(channel=iFlytekIme shortcut=null contentView=com.iflytek.inputmethod/0x7f030154 vibrate=null sound=null defaults=0x0 flags=0x12 color=0x00000000 vis=PRIVATE),0]
01-11 06:54:39.890 2545 2545 I wm_on_top_resumed_gained_called: [11415547,com.android.launcher3.uioverrides.QuickstepLauncher,topStateChangedWhenResumed]
01-11 06:54:40.064 1504 1504 I sysui_multi_action: [757,1501,758,1,793,203,794,0,795,203,796,2,806,com.iflytek.inputmethod,857,iFlytekIme,858,3,947,0,1500,0,1688,1]
01-11 06:54:40.064 1504 1683 I commit_sys_config_file: [settings-1-0,12]
01-11 06:54:40.065 1504 1504 I sysui_multi_action: [757,804,799,note_interruptive,801,0,802,1]
01-11 06:54:40.068 1504 1504 I sysui_multi_action: [757,1501,758,1,793,207,794,0,795,207,796,2,806,com.iflytek.inputmethod,857,iFlytekIme,858,3,947,0,1500,0,1688,1]
01-11 06:54:40.069 1504 1504 I sysui_multi_action: [757,804,799,note_interruptive,801,0,802,1]
01-11 06:54:40.069 1504 1504 I sysui_multi_action: [757,199,758,1,759,1,793,208,794,0,795,208,796,2,806,com.iflytek.inputmethod,857,iFlytekIme,858,3,947,0,1500,1,1688,1]
01-11 06:54:40.069 1504 1504 I notification_alert: [0|com.iflytek.inputmethod|2|null|10097,1,0,0]
01-11 06:54:40.575 0 0 I auditd : type=1400 audit(0.0:12878): avc: denied { kill } for comm="swapper/0" capability=5 scontext=u:r:kernel:s0 tcontext=u:r:kernel:s0 tclass=capability permissive=0
01-11 06:54:40.902 1504 2012 I ntp_failure: [time.android.com/216.239.35.0,java.net.SocketTimeoutException: Poll timed out]
01-11 06:54:41.575 0 0 I auditd : type=1400 audit(0.0:12879): avc: denied { kill } for comm="swapper/0" capability=5 scontext=u:r:kernel:s0 tcontext=u:r:kernel:s0 tclass=capability permissive=0
01-11 06:54:42.575 0 0 I auditd : type=1400 audit(0.0:12880): avc: denied { kill } for comm="swapper/0" capability=5 scontext=u:r:kernel:s0 tcontext=u:r:kernel:s0 tclass=capability permissive=0
01-11 06:54:42.864 1504 1617 I am_uid_idle: 10093
01-11 06:54:43.509 1504 1699 I input_interaction: Interaction with: c8c2ef0 com.android.launcher3/com.android.launcher3.uioverrides.QuickstepLauncher (server), dbb0197 com.android.systemui.ImageWallpaper (server), edge-swipe (server), swipe-up (server), PointerEventDispatcher0 (server),
01-11 06:54:43.575 0 0 I auditd : type=1400 audit(0.0:12881): avc: denied { kill } for comm="swapper/0" capability=5 scontext=u:r:kernel:s0 tcontext=u:r:kernel:s0 tclass=capability permissive=0
01-11 06:54:44.575 1601 1601 I auditd : type=1400 audit(0.0:12882): avc: denied { kill } for comm="irq/394-atmel_m" capability=5 scontext=u:r:kernel:s0 tcontext=u:r:kernel:s0 tclass=capability permissive=0
01-11 06:54:44.742 1504 1699 I input_interaction: Interaction with: edge-swipe (server), swipe-up (server), PointerEventDispatcher0 (server),
01-11 06:54:44.743 2545 2545 I view_enqueue_input_event: [Motion - Cancel,com.android.launcher3/com.android.launcher3.uioverrides.QuickstepLauncher]
01-11 06:54:44.809 1504 1733 I netstats_mobile_sample: [0,0,0,0,0,0,0,0,0,0,0,0,1673391284809]
01-11 06:54:44.809 1504 1733 I netstats_wifi_sample: [382131665,506958,126544847,305711,382131665,506958,126544847,305711,451621146,685121,65110952,175620,1673391284809]
01-11 06:54:44.869 1504 1504 I service_manager_stats: [100,61,24368]
01-11 06:54:44.934 1504 1683 I commit_sys_config_file: [settings-1-0,3]
01-11 06:54:45.181 1504 1683 I commit_sys_config_file: [settings-1-0,7]
01-11 06:54:45.575 0 0 I auditd : type=1400 audit(0.0:12883): avc: denied { kill } for comm="swapper/0" capability=5 scontext=u:r:kernel:s0 tcontext=u:r:kernel:s0 tclass=capability permissive=0
01-11 06:54:45.910 1504 2012 I ntp_failure: [time.android.com/216.239.35.4,java.net.SocketTimeoutException: Poll timed out]
01-11 06:54:46.143 1504 1699 I input_interaction: Interaction with: c8c2ef0 com.android.launcher3/com.android.launcher3.uioverrides.QuickstepLauncher (server), dbb0197 com.android.systemui.ImageWallpaper (server), edge-swipe (server), swipe-up (server), PointerEventDispatcher0 (server),
01-11 06:54:46.575 0 0 I auditd : type=1400 audit(0.0:12884): avc: denied { kill } for comm="swapper/0" capability=5 scontext=u:r:kernel:s0 tcontext=u:r:kernel:s0 tclass=capability permissive=0
01-11 06:54:47.575 1601 1601 I auditd : type=1400 audit(0.0:12885): avc: denied { kill } for comm="irq/394-atmel_m" capability=5 scontext=u:r:kernel:s0 tcontext=u:r:kernel:s0 tclass=capability permissive=0
01-11 06:54:48.575 0 0 I auditd : type=1400 audit(0.0:12886): avc: denied { kill } for comm="swapper/0" capability=5 scontext=u:r:kernel:s0 tcontext=u:r:kernel:s0 tclass=capability permissive=0
01-11 06:54:49.271 1504 1617 I am_uid_idle: 10088
01-11 06:54:49.575 0 0 I auditd : type=1400 audit(0.0:12887): avc: denied { kill } for comm="swapper/0" capability=5 scontext=u:r:kernel:s0 tcontext=u:r:kernel:s0 tclass=capability permissive=0
01-11 06:54:50.575 0 0 I auditd : type=1400 audit(0.0:12888): avc: denied { kill } for comm="swapper/0" capability=5 scontext=u:r:kernel:s0 tcontext=u:r:kernel:s0 tclass=capability permissive=0
01-11 06:54:50.919 1504 2012 I ntp_failure: [time.android.com/216.239.35.12,java.net.SocketTimeoutException: Poll timed out]
01-11 06:54:50.942 1504 12470 I wm_task_moved: [128,1,6]
01-11 06:54:50.943 1504 12470 I wm_focused_root_task: [0,0,128,62,bringingFoundTaskToFront]
01-11 06:54:50.943 1504 12470 I wm_set_resumed_activity: [0,com.iflytek.inputmethod/.wizard.WizardActivity,bringingFoundTaskToFront]
01-11 06:54:50.946 1504 12470 I wm_pause_activity: [0,11415547,com.android.launcher3/.uioverrides.QuickstepLauncher,userLeaving=true,pauseBackTasks]
01-11 06:54:50.953 2545 2545 I wm_on_top_resumed_lost_called: [11415547,com.android.launcher3.uioverrides.QuickstepLauncher,topStateChangedWhenResumed]
01-11 06:54:50.956 2545 2545 I wm_on_paused_called: [11415547,com.android.launcher3.uioverrides.QuickstepLauncher,performPause]
01-11 06:54:50.958 1504 8716 I wm_set_resumed_activity: [0,com.iflytek.inputmethod/.wizard.WizardActivity,resumeTopActivityInnerLocked]
01-11 06:54:50.959 1504 8716 I wm_add_to_stopping: [0,11415547,com.android.launcher3/.uioverrides.QuickstepLauncher,makeInvisible]
01-11 06:54:50.962 1504 8716 I wm_resume_activity: [0,115787772,128,com.iflytek.inputmethod/.wizard.WizardActivity]
01-11 06:54:50.979 1504 1699 I input_focus: [Focus leaving c8c2ef0 com.android.launcher3/com.android.launcher3.uioverrides.QuickstepLauncher (server),reason=NO_WINDOW]
01-11 06:54:50.984 1504 1609 I sysui_multi_action: [757,803,799,window_time_0,802,11]
01-11 06:54:50.985 13284 13284 I wm_on_restart_called: [115787772,com.iflytek.inputmethod.wizard.WizardActivity,performRestartActivity]
01-11 06:54:50.985 13284 13284 I wm_on_start_called: [115787772,com.iflytek.inputmethod.wizard.WizardActivity,handleStartActivity]
01-11 06:54:50.987 13284 13284 I wm_on_resume_called: [115787772,com.iflytek.inputmethod.wizard.WizardActivity,RESUME_ACTIVITY]
01-11 06:54:50.987 13284 13284 I wm_on_top_resumed_gained_called: [115787772,com.iflytek.inputmethod.wizard.WizardActivity,topWhenResuming]
01-11 06:54:50.990 1504 1504 I sysui_multi_action: [757,128,758,5,759,8,793,11129,794,0,795,11129,796,2,806,com.iflytek.inputmethod,857,iFlytekIme,858,3,947,0,1500,10922,1688,1]
01-11 06:54:50.990 1504 1504 I notification_canceled: [0|com.iflytek.inputmethod|2|null|10097,8,11129,11129,0,-1,-1,NULL]
01-11 06:54:51.004 1504 1610 I input_focus: [Focus request 19e1a94 com.iflytek.inputmethod/com.iflytek.inputmethod.wizard.WizardActivity,reason=UpdateInputWindows]
01-11 06:54:51.011 1504 1616 I am_pss : [13724,10031,com.microsoft.emmx,41202688,37031936,0,143056896,0,19,7]
01-11 06:54:51.021 1504 1616 I am_pss : [13723,1000,com.android.settings,19524608,12263424,0,120164352,0,19,6]
01-11 06:54:51.021 1504 1606 I sysui_multi_action: [319,36,321,31,322,73,325,10502,757,761,758,9,759,4,806,com.iflytek.inputmethod,871,com.iflytek.inputmethod.wizard.WizardActivity,904,com.iflytek.inputmethod,905,0,1320,4,1321,4]
01-11 06:54:51.030 1504 1699 I input_focus: [Focus entering 19e1a94 com.iflytek.inputmethod/com.iflytek.inputmethod.wizard.WizardActivity (server),reason=setFocusedWindow]
01-11 06:54:51.516 1504 1609 I wm_stop_activity: [0,11415547,com.android.launcher3/.uioverrides.QuickstepLauncher]
01-11 06:54:51.542 2545 2545 I wm_on_stop_called: [11415547,com.android.launcher3.uioverrides.QuickstepLauncher,STOP_ACTIVITY_ITEM]
01-11 06:54:51.575 0 0 I auditd : type=1400 audit(0.0:12889): avc: denied { kill } for comm="swapper/0" capability=5 scontext=u:r:kernel:s0 tcontext=u:r:kernel:s0 tclass=capability permissive=0
01-11 06:54:52.575 0 0 I auditd : type=1400 audit(0.0:12890): avc: denied { kill } for comm="swapper/3" capability=5 scontext=u:r:kernel:s0 tcontext=u:r:kernel:s0 tclass=capability permissive=0
01-11 06:54:53.575 0 0 I auditd : type=1400 audit(0.0:12891): avc: denied { kill } for comm="swapper/3" capability=5 scontext=u:r:kernel:s0 tcontext=u:r:kernel:s0 tclass=capability permissive=0
01-11 06:54:54.575 0 0 I auditd : type=1400 audit(0.0:12892): avc: denied { kill } for comm="swapper/3" capability=5 scontext=u:r:kernel:s0 tcontext=u:r:kernel:s0 tclass=capability permissive=0
01-11 06:54:55.928 1504 2012 I ntp_failure: [time.android.com/216.239.35.8,java.net.SocketTimeoutException: Poll timed out]
01-11 06:54:56.478 1504 1699 I input_interaction: Interaction with: 19e1a94 com.iflytek.inputmethod/com.iflytek.inputmethod.wizard.WizardActivity (server), edge-swipe (server), swipe-up (server), PointerEventDispatcher0 (server),
01-11 06:54:56.618 1504 1713 I wm_task_moved: [128,1,6]
01-11 06:54:56.618 1504 1713 I wm_set_resumed_activity: [0,com.iflytek.inputmethod/.wizard.WizardActivity,positionChildAt]
01-11 06:54:56.618 1504 1713 I wm_create_activity: [0,145084786,128,com.android.settings/.Settings$AvailableVirtualKeyboardActivity,android.settings.INPUT_METHOD_SETTINGS,NULL,NULL,67108864]
01-11 06:54:56.619 1504 1713 I wm_pause_activity: [0,115787772,com.iflytek.inputmethod/.wizard.WizardActivity,userLeaving=true,resumeTopActivityInnerLocked]
01-11 06:54:56.621 13284 13284 I wm_on_top_resumed_lost_called: [115787772,com.iflytek.inputmethod.wizard.WizardActivity,topStateChangedWhenResumed]
01-11 06:54:56.621 13284 13284 I wm_on_paused_called: [115787772,com.iflytek.inputmethod.wizard.WizardActivity,performPause]
01-11 06:54:56.622 1504 1713 I wm_add_to_stopping: [0,115787772,com.iflytek.inputmethod/.wizard.WizardActivity,makeInvisible]
01-11 06:54:56.623 1504 1713 I wm_restart_activity: [0,145084786,128,com.android.settings/.Settings$AvailableVirtualKeyboardActivity]
01-11 06:54:56.624 1504 1713 I wm_set_resumed_activity: [0,com.android.settings/.Settings$AvailableVirtualKeyboardActivity,minimalResumeActivityLocked]
01-11 06:54:56.628 1504 1609 I sysui_multi_action: [757,803,799,window_time_0,802,5]
01-11 06:54:56.641 1504 1699 I input_focus: [Focus leaving 19e1a94 com.iflytek.inputmethod/com.iflytek.inputmethod.wizard.WizardActivity (server),reason=NO_WINDOW]
01-11 06:54:56.737 1504 1713 I am_uid_active: 10088
01-11 06:54:56.750 1504 1713 I wm_task_created: [129,-1]
01-11 06:54:56.751 1504 1713 I wm_task_moved: [129,1,7]
01-11 06:54:56.751 1504 1713 I wm_task_to_front: [0,129]
01-11 06:54:56.751 1504 1713 I wm_create_task: [0,129]
01-11 06:54:56.751 1504 1713 I wm_create_activity: [0,156900554,129,com.android.settings/.homepage.SettingsHomepageActivity,android.settings.INPUT_METHOD_SETTINGS,NULL,NULL,335544320]
01-11 06:54:56.751 1504 1713 I wm_task_moved: [129,1,7]
01-11 06:54:56.752 1504 1713 I wm_pause_activity: [0,145084786,com.android.settings/.Settings$AvailableVirtualKeyboardActivity,userLeaving=true,pauseBackTasks]
01-11 06:54:56.753 1504 1713 I wm_finish_activity: [0,145084786,128,com.android.settings/.Settings$AvailableVirtualKeyboardActivity,app-request]
01-11 06:54:56.753 13723 13723 I wm_on_create_called: [145084786,com.android.settings.Settings$AvailableVirtualKeyboardActivity,performCreate]
01-11 06:54:56.754 1504 2244 I wm_add_to_stopping: [0,145084786,com.android.settings/.Settings$AvailableVirtualKeyboardActivity,completeFinishing]
01-11 06:54:56.756 1504 2244 I wm_restart_activity: [0,156900554,129,com.android.settings/.homepage.SettingsHomepageActivity]
01-11 06:54:56.756 1504 2244 I wm_set_resumed_activity: [0,com.android.settings/.homepage.SettingsHomepageActivity,minimalResumeActivityLocked]
01-11 06:54:56.758 1504 1609 I sysui_multi_action: [757,803,799,window_time_0,802,0]
01-11 06:54:56.768 13723 13723 I wm_on_create_called: [156900554,com.android.settings.homepage.SettingsHomepageActivity,performCreate]
01-11 06:54:56.793 13723 13723 I wm_on_start_called: [156900554,com.android.settings.homepage.SettingsHomepageActivity,handleStartActivity]
01-11 06:54:56.793 13723 13723 I snet_event_log: [120484087,-1,]
01-11 06:54:56.794 13723 13723 I wm_on_resume_called: [156900554,com.android.settings.homepage.SettingsHomepageActivity,RESUME_ACTIVITY]
01-11 06:54:56.796 13723 13723 I sysui_multi_action: [757,35,758,1,833,0,1089,28]
01-11 06:54:56.802 13723 13723 I sysui_multi_action: [757,1729,758,4,854,isParalleledControllers:false,1089,34]
01-11 06:54:56.806 13723 13723 I wm_on_top_resumed_gained_called: [156900554,com.android.settings.homepage.SettingsHomepageActivity,topStateChangedWhenResumed]
01-11 06:54:56.827 1504 1610 I input_focus: [Focus request 6e3e9cd com.android.settings/com.android.settings.homepage.SettingsHomepageActivity,reason=UpdateInputWindows]
01-11 06:54:56.861 1504 1610 I sysui_multi_action: [324,1,757,1090,758,12,806,com.android.settings,871,com.android.settings.homepage.SettingsHomepageActivity,1091,247]
01-11 06:54:56.866 1504 1606 I sysui_multi_action: [319,163,321,152,322,247,325,10507,757,761,758,8,759,1,806,com.android.settings,871,com.android.settings.homepage.SettingsHomepageActivity,904,com.android.settings,905,0,1320,8,1321,5]
01-11 06:54:56.866 1504 1606 I wm_activity_launch_time: [0,156900554,com.android.settings/.homepage.SettingsHomepageActivity,247]
01-11 06:54:56.876 1504 1699 I input_focus: [Focus entering 6e3e9cd com.android.settings/com.android.settings.homepage.SettingsHomepageActivity (server),reason=Window became focusable. Previous reason: NOT_VISIBLE]
01-11 06:54:56.983 13723 13723 I sysui_multi_action: [757,347,758,1,833,0,1089,4]
01-11 06:54:57.278 1504 1609 I wm_destroy_activity: [0,145084786,128,com.android.settings/.Settings$AvailableVirtualKeyboardActivity,finish-imm:idle]
01-11 06:54:57.279 1504 1609 I wm_stop_activity: [0,115787772,com.iflytek.inputmethod/.wizard.WizardActivity]
01-11 06:54:57.279 13723 13723 I wm_on_destroy_called: [145084786,com.android.settings.Settings$AvailableVirtualKeyboardActivity,performDestroy]
01-11 06:54:57.298 13284 13284 I wm_on_stop_called: [115787772,com.iflytek.inputmethod.wizard.WizardActivity,STOP_ACTIVITY_ITEM]
01-11 06:54:57.575 0 0 I auditd : type=1400 audit(0.0:12893): avc: denied { kill } for comm="swapper/0" capability=5 scontext=u:r:kernel:s0 tcontext=u:r:kernel:s0 tclass=capability permissive=0
01-11 06:54:58.575 0 0 I auditd : type=1400 audit(0.0:12894): avc: denied { kill } for comm="swapper/0" capability=5 scontext=u:r:kernel:s0 tcontext=u:r:kernel:s0 tclass=capability permissive=0
01-11 06:54:58.912 1504 1699 I input_interaction: Interaction with: 6e3e9cd com.android.settings/com.android.settings.homepage.SettingsHomepageActivity (server), edge-swipe (server), swipe-up (server), PointerEventDispatcher0 (server),
01-11 06:54:59.575 0 0 I auditd : type=1400 audit(0.0:12895): avc: denied { kill } for comm="swapper/0" capability=5 scontext=u:r:kernel:s0 tcontext=u:r:kernel:s0 tclass=capability permissive=0
01-11 06:55:00.177 1504 6576 I wm_task_moved: [62,0,0]
01-11 06:55:00.178 1504 6576 I wm_task_moved: [62,0,6]
01-11 06:55:00.201 2545 2545 I wm_on_restart_called: [11415547,com.android.launcher3.uioverrides.QuickstepLauncher,performRestartActivity]
01-11 06:55:00.223 2545 2545 I wm_on_start_called: [11415547,com.android.launcher3.uioverrides.QuickstepLauncher,handleStartActivity]
01-11 06:55:00.253 1504 1699 I input_interaction: Interaction with: edge-swipe (server), swipe-up (server), PointerEventDispatcher0 (server),
01-11 06:55:00.253 13723 13723 I view_enqueue_input_event: [Motion - Cancel,com.android.settings/com.android.settings.homepage.SettingsHomepageActivity]
01-11 06:55:00.260 2545 2545 I sysui_latency: [1,85]
01-11 06:55:00.261 1504 1606 I sysui_multi_action: [319,10,322,68,325,10511,757,761,758,9,759,5,806,com.android.launcher3,871,com.android.launcher3.uioverrides.QuickstepLauncher,904,com.android.launcher3,905,0,1320,8,1321,5]
01-11 06:55:00.267 1504 1610 I input_focus: [Focus request recents_animation_input_consumer,reason=UpdateInputWindows]
01-11 06:55:00.304 1504 1699 I input_focus: [Focus leaving 6e3e9cd com.android.settings/com.android.settings.homepage.SettingsHomepageActivity (server),reason=NOT_FOCUSABLE]
01-11 06:55:00.304 1504 1699 I input_focus: [Focus entering recents_animation_input_consumer (server),reason=setFocusedWindow]
01-11 06:55:00.423 1504 1683 I commit_sys_config_file: [settings-1-0,3]
01-11 06:55:00.548 1504 1616 I sysui_latency: [8,87]
01-11 06:55:00.575 0 0 I auditd : type=1400 audit(0.0:12896): avc: denied { kill } for comm="swapper/0" capability=5 scontext=u:r:kernel:s0 tcontext=u:r:kernel:s0 tclass=capability permissive=0
01-11 06:55:00.943 1504 6576 I wm_task_moved: [62,1,7]
01-11 06:55:00.946 1504 6576 I wm_task_moved: [63,1,2147483647]
01-11 06:55:00.947 1504 6576 I wm_task_to_front: [0,63]
01-11 06:55:00.947 1504 6576 I wm_focused_root_task: [0,0,62,129,RecentsAnimation.onAnimationFinished()]
01-11 06:55:00.947 13723 13723 I wm_on_top_resumed_lost_called: [156900554,com.android.settings.homepage.SettingsHomepageActivity,topStateChangedWhenResumed]
01-11 06:55:00.947 1504 6576 I wm_set_resumed_activity: [0,com.android.launcher3/.uioverrides.QuickstepLauncher,RecentsAnimation.onAnimationFinished()]
01-11 06:55:00.948 1504 6576 I wm_pause_activity: [0,156900554,com.android.settings/.homepage.SettingsHomepageActivity,userLeaving=true,pauseBackTasks]
01-11 06:55:00.951 1504 6576 I wm_add_to_stopping: [0,156900554,com.android.settings/.homepage.SettingsHomepageActivity,makeInvisible]
01-11 06:55:00.952 1504 6576 I wm_set_resumed_activity: [0,com.android.launcher3/.uioverrides.QuickstepLauncher,resumeTopActivityInnerLocked]
01-11 06:55:00.956 1504 6576 I wm_resume_activity: [0,11415547,63,com.android.launcher3/.uioverrides.QuickstepLauncher]
01-11 06:55:00.962 1504 1610 I input_focus: [Focus request c8c2ef0 com.android.launcher3/com.android.launcher3.uioverrides.QuickstepLauncher,reason=UpdateInputWindows]
01-11 06:55:00.965 1504 1609 I wm_stop_activity: [0,156900554,com.android.settings/.homepage.SettingsHomepageActivity]
01-11 06:55:00.965 1504 1609 I sysui_multi_action: [757,803,799,window_time_0,802,5]
01-11 06:55:00.966 13723 13723 I sysui_multi_action: [757,35,758,2,1089,4170]
01-11 06:55:00.966 1504 1609 I sysui_multi_action: [757,803,799,window_time_0,802,0]
01-11 06:55:00.968 13723 13723 I sysui_multi_action: [757,347,758,2,1089,3984]
01-11 06:55:00.969 13723 13723 I wm_on_paused_called: [156900554,com.android.settings.homepage.SettingsHomepageActivity,performPause]
01-11 06:55:00.969 2545 2545 I wm_on_resume_called: [11415547,com.android.launcher3.uioverrides.QuickstepLauncher,RESUME_ACTIVITY]
01-11 06:55:00.970 1504 1699 I input_focus: [Focus leaving recents_animation_input_consumer (server),reason=NOT_VISIBLE]
01-11 06:55:00.970 1504 1699 I input_focus: [Focus entering c8c2ef0 com.android.launcher3/com.android.launcher3.uioverrides.QuickstepLauncher (server),reason=setFocusedWindow]
01-11 06:55:00.972 13723 13723 I wm_on_stop_called: [156900554,com.android.settings.homepage.SettingsHomepageActivity,STOP_ACTIVITY_ITEM]
01-11 06:55:00.979 2545 2545 I wm_on_top_resumed_gained_called: [11415547,com.android.launcher3.uioverrides.QuickstepLauncher,topStateChangedWhenResumed]
01-11 06:55:02.024 1504 1699 I input_interaction: Interaction with: c8c2ef0 com.android.launcher3/com.android.launcher3.uioverrides.QuickstepLauncher (server), dbb0197 com.android.systemui.ImageWallpaper (server), edge-swipe (server), swipe-up (server), PointerEventDispatcher0 (server),
01-11 06:55:02.161 1504 8716 I wm_task_moved: [128,1,7]
01-11 06:55:02.161 1504 8716 I wm_task_to_front: [0,128]
01-11 06:55:02.162 1504 8716 I wm_focused_root_task: [0,0,128,62,bringingFoundTaskToFront]
01-11 06:55:02.162 1504 8716 I wm_set_resumed_activity: [0,com.iflytek.inputmethod/.wizard.WizardActivity,bringingFoundTaskToFront]
01-11 06:55:02.164 1504 8716 I wm_pause_activity: [0,11415547,com.android.launcher3/.uioverrides.QuickstepLauncher,userLeaving=true,pauseBackTasks]
01-11 06:55:02.169 2545 2545 I wm_on_top_resumed_lost_called: [11415547,com.android.launcher3.uioverrides.QuickstepLauncher,topStateChangedWhenResumed]
01-11 06:55:02.170 2545 2545 I wm_on_paused_called: [11415547,com.android.launcher3.uioverrides.QuickstepLauncher,performPause]
01-11 06:55:02.173 1504 13722 I wm_set_resumed_activity: [0,com.iflytek.inputmethod/.wizard.WizardActivity,resumeTopActivityInnerLocked]
01-11 06:55:02.173 1504 13722 I wm_add_to_stopping: [0,11415547,com.android.launcher3/.uioverrides.QuickstepLauncher,makeInvisible]
01-11 06:55:02.182 1504 13722 I wm_resume_activity: [0,115787772,128,com.iflytek.inputmethod/.wizard.WizardActivity]
01-11 06:55:02.190 1504 1609 I sysui_multi_action: [757,803,799,window_time_0,802,1]
01-11 06:55:02.191 13284 13284 I wm_on_restart_called: [115787772,com.iflytek.inputmethod.wizard.WizardActivity,performRestartActivity]
01-11 06:55:02.192 13284 13284 I wm_on_start_called: [115787772,com.iflytek.inputmethod.wizard.WizardActivity,handleStartActivity]
01-11 06:55:02.193 13284 13284 I wm_on_resume_called: [115787772,com.iflytek.inputmethod.wizard.WizardActivity,RESUME_ACTIVITY]
01-11 06:55:02.193 13284 13284 I wm_on_top_resumed_gained_called: [115787772,com.iflytek.inputmethod.wizard.WizardActivity,topWhenResuming]
01-11 06:55:02.206 1504 1699 I input_focus: [Focus leaving c8c2ef0 com.android.launcher3/com.android.launcher3.uioverrides.QuickstepLauncher (server),reason=NO_WINDOW]
01-11 06:55:02.215 1504 1610 I input_focus: [Focus request 19e1a94 com.iflytek.inputmethod/com.iflytek.inputmethod.wizard.WizardActivity,reason=UpdateInputWindows]
01-11 06:55:02.234 1504 1606 I sysui_multi_action: [319,58,321,56,322,67,325,10513,757,761,758,9,759,1,806,com.iflytek.inputmethod,871,com.iflytek.inputmethod.wizard.WizardActivity,904,com.iflytek.inputmethod,905,0,1320,4,1321,4]
01-11 06:55:02.240 1504 1699 I input_focus: [Focus entering 19e1a94 com.iflytek.inputmethod/com.iflytek.inputmethod.wizard.WizardActivity (server),reason=Window became focusable. Previous reason: NOT_VISIBLE]
01-11 06:55:02.575 0 0 I auditd : type=1400 audit(0.0:12897): avc: denied { kill } for comm="swapper/0" capability=5 scontext=u:r:kernel:s0 tcontext=u:r:kernel:s0 tclass=capability permissive=0
01-11 06:55:02.762 1504 1609 I wm_stop_activity: [0,11415547,com.android.launcher3/.uioverrides.QuickstepLauncher]
01-11 06:55:02.789 2545 2545 I wm_on_stop_called: [11415547,com.android.launcher3.uioverrides.QuickstepLauncher,STOP_ACTIVITY_ITEM]
01-11 06:55:03.490 1504 1699 I input_interaction: Interaction with: 19e1a94 com.iflytek.inputmethod/com.iflytek.inputmethod.wizard.WizardActivity (server), edge-swipe (server), swipe-up (server), PointerEventDispatcher0 (server),
01-11 06:55:03.507 1504 13722 I wm_task_moved: [62,0,0]
01-11 06:55:03.507 1504 13722 I wm_task_moved: [62,0,6]
01-11 06:55:03.507 13284 13284 I view_enqueue_input_event: [Motion - Cancel,com.iflytek.inputmethod/com.iflytek.inputmethod.wizard.WizardActivity]
01-11 06:55:03.510 1504 1699 I input_interaction: Interaction with: edge-swipe (server), swipe-up (server), PointerEventDispatcher0 (server),
01-11 06:55:03.524 2545 2545 I wm_on_restart_called: [11415547,com.android.launcher3.uioverrides.QuickstepLauncher,performRestartActivity]
01-11 06:55:03.529 1504 1610 I input_focus: [Focus request recents_animation_input_consumer,reason=UpdateInputWindows]
01-11 06:55:03.541 1504 1699 I input_focus: [Focus leaving 19e1a94 com.iflytek.inputmethod/com.iflytek.inputmethod.wizard.WizardActivity (server),reason=NOT_FOCUSABLE]
01-11 06:55:03.541 1504 1699 I input_focus: [Focus entering recents_animation_input_consumer (server),reason=setFocusedWindow]
01-11 06:55:03.543 2545 2545 I wm_on_start_called: [11415547,com.android.launcher3.uioverrides.QuickstepLauncher,handleStartActivity]
01-11 06:55:03.549 2545 2545 I sysui_latency: [1,61]
01-11 06:55:03.564 1504 1606 I sysui_multi_action: [319,6,322,49,325,10514,757,761,758,9,759,5,806,com.android.launcher3,871,com.android.launcher3.uioverrides.QuickstepLauncher,904,com.android.launcher3,905,0,1320,8,1321,5]
01-11 06:55:03.746 1504 1683 I commit_sys_config_file: [settings-1-0,5]
01-11 06:55:03.860 1504 1616 I sysui_latency: [8,61]
01-11 06:55:04.082 1504 8716 I wm_task_moved: [62,1,7]
01-11 06:55:04.084 1504 8716 I wm_focused_root_task: [0,0,62,128,RecentsAnimation.onAnimationFinished()]
01-11 06:55:04.084 13284 13284 I wm_on_top_resumed_lost_called: [115787772,com.iflytek.inputmethod.wizard.WizardActivity,topStateChangedWhenResumed]
01-11 06:55:04.089 1504 8716 I wm_pause_activity: [0,115787772,com.iflytek.inputmethod/.wizard.WizardActivity,userLeaving=false,pauseBackTasks]
01-11 06:55:04.092 1504 8716 I wm_set_resumed_activity: [0,com.android.launcher3/.uioverrides.QuickstepLauncher,resumeTopActivityInnerLocked]
01-11 06:55:04.094 1504 8716 I wm_resume_activity: [0,11415547,63,com.android.launcher3/.uioverrides.QuickstepLauncher]
01-11 06:55:04.094 1504 8716 I wm_add_to_stopping: [0,115787772,com.iflytek.inputmethod/.wizard.WizardActivity,makeInvisible]
01-11 06:55:04.097 2545 2545 I wm_on_resume_called: [11415547,com.android.launcher3.uioverrides.QuickstepLauncher,RESUME_ACTIVITY]
01-11 06:55:04.099 1504 1610 I input_focus: [Focus request c8c2ef0 com.android.launcher3/com.android.launcher3.uioverrides.QuickstepLauncher,reason=UpdateInputWindows]
01-11 06:55:04.099 1504 1609 I sysui_multi_action: [757,803,799,window_time_0,802,2]
01-11 06:55:04.100 13284 13284 I wm_on_paused_called: [115787772,com.iflytek.inputmethod.wizard.WizardActivity,performPause]
01-11 06:55:04.101 1504 12479 I wm_stop_activity: [0,115787772,com.iflytek.inputmethod/.wizard.WizardActivity]
01-11 06:55:04.102 1504 1609 I sysui_multi_action: [757,803,799,window_time_0,802,0]
01-11 06:55:04.110 1504 1699 I input_focus: [Focus leaving recents_animation_input_consumer (server),reason=NOT_VISIBLE]
01-11 06:55:04.110 1504 1699 I input_focus: [Focus entering c8c2ef0 com.android.launcher3/com.android.launcher3.uioverrides.QuickstepLauncher (server),reason=setFocusedWindow]
01-11 06:55:04.127 13284 13284 I wm_on_stop_called: [115787772,com.iflytek.inputmethod.wizard.WizardActivity,STOP_ACTIVITY_ITEM]
01-11 06:55:04.134 1504 1504 I notification_enqueue: [10097,13388,com.iflytek.inputmethod,2,NULL,0,Notification(channel=iFlytekIme shortcut=null contentView=com.iflytek.inputmethod/0x7f030154 vibrate=null sound=null defaults=0x0 flags=0x12 color=0x00000000 vis=PRIVATE),0]
01-11 06:55:04.156 2545 2545 I wm_on_top_resumed_gained_called: [11415547,com.android.launcher3.uioverrides.QuickstepLauncher,topStateChangedWhenResumed]
01-11 06:55:04.314 1504 1683 I commit_sys_config_file: [settings-1-0,4]
01-11 06:55:04.335 1504 1504 I sysui_multi_action: [757,1501,758,1,793,203,794,0,795,203,796,2,806,com.iflytek.inputmethod,857,iFlytekIme,858,3,947,0,1500,0,1688,1]
01-11 06:55:04.336 1504 1504 I sysui_multi_action: [757,804,799,note_interruptive,801,0,802,1]
01-11 06:55:04.338 1504 1504 I sysui_multi_action: [757,1501,758,1,793,206,794,0,795,206,796,2,806,com.iflytek.inputmethod,857,iFlytekIme,858,3,947,0,1500,0,1688,1]
01-11 06:55:04.338 1504 1504 I sysui_multi_action: [757,804,799,note_interruptive,801,0,802,1]
01-11 06:55:04.338 1504 1504 I sysui_multi_action: [757,199,758,1,759,1,793,206,794,0,795,206,796,2,806,com.iflytek.inputmethod,857,iFlytekIme,858,3,947,0,1500,0,1688,1]
01-11 06:55:04.339 1504 1504 I notification_alert: [0|com.iflytek.inputmethod|2|null|10097,1,0,0]
01-11 06:55:04.575 0 0 I auditd : type=1400 audit(0.0:12898): avc: denied { kill } for comm="swapper/1" capability=5 scontext=u:r:kernel:s0 tcontext=u:r:kernel:s0 tclass=capability permissive=0
01-11 06:55:05.575 0 0 I auditd : type=1400 audit(0.0:12899): avc: denied { kill } for comm="swapper/1" capability=5 scontext=u:r:kernel:s0 tcontext=u:r:kernel:s0 tclass=capability permissive=0
01-11 06:55:06.575 1504 1699 I input_interaction: Interaction with: c8c2ef0 com.android.launcher3/com.android.launcher3.uioverrides.QuickstepLauncher (server), dbb0197 com.android.systemui.ImageWallpaper (server), edge-swipe (server), swipe-up (server), PointerEventDispatcher0 (server),
01-11 06:55:06.575 0 0 I auditd : type=1400 audit(0.0:12900): avc: denied { kill } for comm="swapper/1" capability=5 scontext=u:r:kernel:s0 tcontext=u:r:kernel:s0 tclass=capability permissive=0
01-11 06:55:07.575 0 0 I auditd : type=1400 audit(0.0:12901): avc: denied { kill } for comm="swapper/1" capability=5 scontext=u:r:kernel:s0 tcontext=u:r:kernel:s0 tclass=capability permissive=0
01-11 06:55:07.630 2545 2545 I view_enqueue_input_event: [Motion - Cancel,com.android.launcher3/com.android.launcher3.uioverrides.QuickstepLauncher]
01-11 06:55:07.635 1504 1699 I input_interaction: Interaction with: edge-swipe (server), swipe-up (server), PointerEventDispatcher0 (server),
01-11 06:55:07.823 1504 1683 I commit_sys_config_file: [settings-1-0,5]
01-11 06:55:08.069 1504 1683 I commit_sys_config_file: [settings-1-0,6]
01-11 06:55:08.575 0 0 I auditd : type=1400 audit(0.0:12902): avc: denied { kill } for comm="swapper/1" capability=5 scontext=u:r:kernel:s0 tcontext=u:r:kernel:s0 tclass=capability permissive=0
01-11 06:55:09.227 1504 1699 I input_interaction: Interaction with: c8c2ef0 com.android.launcher3/com.android.launcher3.uioverrides.QuickstepLauncher (server), dbb0197 com.android.systemui.ImageWallpaper (server), edge-swipe (server), swipe-up (server), PointerEventDispatcher0 (server),
01-11 06:55:09.317 1504 1733 I netstats_mobile_sample: [0,0,0,0,0,0,0,0,0,0,0,0,1673391309316]
01-11 06:55:09.317 1504 1733 I netstats_wifi_sample: [383843847,509824,127079081,308731,383843847,509824,127079081,308731,453566880,688158,65487732,178326,1673391309316]
01-11 06:55:10.218 1504 6576 I wm_task_created: [130,-1]
01-11 06:55:10.220 1504 6576 I wm_task_moved: [130,1,8]
01-11 06:55:10.221 1504 6576 I wm_task_to_front: [0,130]
01-11 06:55:10.221 1504 6576 I wm_create_task: [0,130]
01-11 06:55:10.221 1504 6576 I wm_create_activity: [0,49777455,130,com.baidu.input/.ImeAppMainActivity,android.intent.action.MAIN,NULL,NULL,278921216]
01-11 06:55:10.221 1504 6576 I wm_task_moved: [130,1,8]
01-11 06:55:10.222 1504 6576 I wm_pause_activity: [0,11415547,com.android.launcher3/.uioverrides.QuickstepLauncher,userLeaving=true,pauseBackTasks]
01-11 06:55:10.225 2545 2545 I wm_on_top_resumed_lost_called: [11415547,com.android.launcher3.uioverrides.QuickstepLauncher,topStateChangedWhenResumed]
01-11 06:55:10.226 2545 2545 I wm_on_paused_called: [11415547,com.android.launcher3.uioverrides.QuickstepLauncher,performPause]
01-11 06:55:10.227 1504 8716 I wm_add_to_stopping: [0,11415547,com.android.launcher3/.uioverrides.QuickstepLauncher,makeInvisible]
01-11 06:55:10.228 1504 8716 I wm_restart_activity: [0,49777455,130,com.baidu.input/.ImeAppMainActivity]
01-11 06:55:10.228 1504 8716 I wm_set_resumed_activity: [0,com.baidu.input/.ImeAppMainActivity,minimalResumeActivityLocked]
01-11 06:55:10.232 1504 1609 I sysui_multi_action: [757,803,799,window_time_0,802,6]
01-11 06:55:10.260 1504 1699 I input_focus: [Focus leaving c8c2ef0 com.android.launcher3/com.android.launcher3.uioverrides.QuickstepLauncher (server),reason=NO_WINDOW]
01-11 06:55:10.267 12543 12543 I wm_on_create_called: [49777455,com.baidu.input.ImeAppMainActivity,performCreate]
01-11 06:55:10.268 12543 12543 I wm_on_start_called: [49777455,com.baidu.input.ImeAppMainActivity,handleStartActivity]
01-11 06:55:10.271 12543 12543 I wm_on_resume_called: [49777455,com.baidu.input.ImeAppMainActivity,RESUME_ACTIVITY]
01-11 06:55:10.272 12543 12543 I wm_on_top_resumed_gained_called: [49777455,com.baidu.input.ImeAppMainActivity,topStateChangedWhenResumed]
01-11 06:55:10.278 1504 1610 I input_focus: [Focus request ff1fd3b com.baidu.input/com.baidu.input.ImeAppMainActivity,reason=UpdateInputWindows]
01-11 06:55:10.293 1504 12479 I wm_finish_activity: [0,115787772,128,com.iflytek.inputmethod/.wizard.WizardActivity,recent-task-trimmed]
01-11 06:55:10.293 1504 1699 I input_focus: [Focus entering ff1fd3b com.baidu.input/com.baidu.input.ImeAppMainActivity (server),reason=setFocusedWindow]
01-11 06:55:10.293 1504 12479 I wm_destroy_activity: [0,115787772,128,com.iflytek.inputmethod/.wizard.WizardActivity,finish-imm:finishIfPossible]
01-11 06:55:10.294 1504 1606 I sysui_multi_action: [319,37,321,35,322,75,325,10521,757,761,758,8,759,1,806,com.baidu.input,871,com.baidu.input.ImeAppMainActivity,904,com.android.launcher3,905,0,1320,4,1321,4]
01-11 06:55:10.294 1504 1606 I wm_activity_launch_time: [0,49777455,com.baidu.input/.ImeAppMainActivity,75]
01-11 06:55:10.297 1504 1609 I sysui_multi_action: [757,803,799,window_time_0,802,0]
01-11 06:55:10.299 13284 13284 I wm_on_destroy_called: [115787772,com.iflytek.inputmethod.wizard.WizardActivity,performDestroy]
01-11 06:55:10.304 1504 12479 I wm_task_removed: [128,removeChild:removeChild last r=ActivityRecord{6e6c7fc u0 com.iflytek.inputmethod/.wizard.WizardActivity t-1 f}} in t=Task{4c35ec9 #128 type=standard A=10097:com.iflytek.inputmethod U=0 visible=false mode=fullscreen translucent=true sz=0}]
01-11 06:55:10.304 1504 12479 I wm_task_removed: [128,removeChild]
01-11 06:55:10.575 0 0 I auditd : type=1400 audit(0.0:12903): avc: denied { kill } for comm="swapper/1" capability=5 scontext=u:r:kernel:s0 tcontext=u:r:kernel:s0 tclass=capability permissive=0
01-11 06:55:10.777 1504 1609 I wm_stop_activity: [0,11415547,com.android.launcher3/.uioverrides.QuickstepLauncher]
01-11 06:55:10.780 2545 2545 I wm_on_stop_called: [11415547,com.android.launcher3.uioverrides.QuickstepLauncher,STOP_ACTIVITY_ITEM]
01-11 06:55:11.575 0 0 I auditd : type=1400 audit(0.0:12904): avc: denied { kill } for comm="swapper/1" capability=5 scontext=u:r:kernel:s0 tcontext=u:r:kernel:s0 tclass=capability permissive=0
01-11 06:55:11.906 1504 1699 I input_interaction: Interaction with: ff1fd3b com.baidu.input/com.baidu.input.ImeAppMainActivity (server), edge-swipe (server), swipe-up (server), PointerEventDispatcher0 (server),
01-11 06:55:11.912 1504 2863 I wm_task_moved: [62,0,0]
01-11 06:55:11.912 1504 2863 I wm_task_moved: [62,0,6]
01-11 06:55:11.920 12543 12543 I view_enqueue_input_event: [Motion - Cancel,com.baidu.input/com.baidu.input.ImeAppMainActivity]
01-11 06:55:11.922 1504 1610 I input_focus: [Focus request recents_animation_input_consumer,reason=UpdateInputWindows]
01-11 06:55:11.926 1504 1699 I input_interaction: Interaction with: edge-swipe (server), swipe-up (server), PointerEventDispatcher0 (server),
01-11 06:55:11.927 2545 2545 I wm_on_restart_called: [11415547,com.android.launcher3.uioverrides.QuickstepLauncher,performRestartActivity]
01-11 06:55:11.935 2545 2545 I wm_on_start_called: [11415547,com.android.launcher3.uioverrides.QuickstepLauncher,handleStartActivity]
01-11 06:55:11.945 1504 1699 I input_focus: [Focus leaving ff1fd3b com.baidu.input/com.baidu.input.ImeAppMainActivity (server),reason=NOT_FOCUSABLE]
01-11 06:55:11.945 1504 1699 I input_focus: [Focus entering recents_animation_input_consumer (server),reason=setFocusedWindow]
01-11 06:55:11.950 2545 2545 I sysui_latency: [1,44]
01-11 06:55:11.955 1504 1606 I sysui_multi_action: [319,3,322,41,325,10523,757,761,758,9,759,5,806,com.android.launcher3,871,com.android.launcher3.uioverrides.QuickstepLauncher,904,com.android.launcher3,905,0,1320,8,1321,5]
01-11 06:55:12.135 1504 1683 I commit_sys_config_file: [settings-1-0,1]
01-11 06:55:12.255 1504 1616 I sysui_latency: [8,46]
01-11 06:55:12.418 1504 12479 I wm_task_moved: [62,1,7]
01-11 06:55:12.419 1504 12479 I wm_focused_root_task: [0,0,62,130,RecentsAnimation.onAnimationFinished()]
01-11 06:55:12.419 12543 12543 I wm_on_top_resumed_lost_called: [49777455,com.baidu.input.ImeAppMainActivity,topStateChangedWhenResumed]
01-11 06:55:12.422 1504 12479 I wm_pause_activity: [0,49777455,com.baidu.input/.ImeAppMainActivity,userLeaving=false,pauseBackTasks]
01-11 06:55:12.423 1504 12479 I wm_set_resumed_activity: [0,com.android.launcher3/.uioverrides.QuickstepLauncher,resumeTopActivityInnerLocked]
01-11 06:55:12.426 1504 12479 I wm_resume_activity: [0,11415547,63,com.android.launcher3/.uioverrides.QuickstepLauncher]
01-11 06:55:12.426 1504 12479 I wm_add_to_stopping: [0,49777455,com.baidu.input/.ImeAppMainActivity,makeInvisible]
01-11 06:55:12.430 2545 2545 I wm_on_resume_called: [11415547,com.android.launcher3.uioverrides.QuickstepLauncher,RESUME_ACTIVITY]
01-11 06:55:12.432 1504 1610 I input_focus: [Focus request c8c2ef0 com.android.launcher3/com.android.launcher3.uioverrides.QuickstepLauncher,reason=UpdateInputWindows]
01-11 06:55:12.435 12543 12543 I wm_on_paused_called: [49777455,com.baidu.input.ImeAppMainActivity,performPause]
01-11 06:55:12.444 1504 1609 I sysui_multi_action: [757,803,799,window_time_0,802,2]
01-11 06:55:12.448 1504 1699 I input_focus: [Focus leaving recents_animation_input_consumer (server),reason=NOT_VISIBLE]
01-11 06:55:12.448 1504 1699 I input_focus: [Focus entering c8c2ef0 com.android.launcher3/com.android.launcher3.uioverrides.QuickstepLauncher (server),reason=setFocusedWindow]
01-11 06:55:12.449 1504 1609 I wm_stop_activity: [0,49777455,com.baidu.input/.ImeAppMainActivity]
01-11 06:55:12.453 12543 12543 I wm_on_stop_called: [49777455,com.baidu.input.ImeAppMainActivity,STOP_ACTIVITY_ITEM]
01-11 06:55:12.453 1504 1609 I sysui_multi_action: [757,803,799,window_time_0,802,0]
