01-11 07:29:46.253 1974 1974 W View : requestLayout() improperly called by com.android.systemui.statusbar.AlphaOptimizedImageView{4f552bc VFED..C.. ......ID 0,0-140,84} during second layout pass: posting in next frame
01-11 07:29:46.263 1974 1974 W View : requestLayout() improperly called by android.widget.FrameLayout{c40a8ea I.E...... ......ID 0,0-780,179 #2bc} during layout: running second layout pass
01-11 07:29:46.263 1974 1974 W View : requestLayout() improperly called by com.android.systemui.statusbar.AlphaOptimizedImageView{a2318d5 VFED..C.. ......ID 0,0-140,179} during layout: running second layout pass
01-11 07:29:46.263 1974 1974 W View : requestLayout() improperly called by android.widget.FrameLayout{511b245 I.E...... ......ID 0,0-780,179 #2bc} during layout: running second layout pass
01-11 07:29:46.263 1974 1974 W View : requestLayout() improperly called by com.android.systemui.statusbar.AlphaOptimizedImageView{4f552bc VFED..C.. ......ID 0,0-140,84} during layout: running second layout pass
01-11 07:29:46.266 1974 1974 W View : requestLayout() improperly called by android.widget.FrameLayout{c40a8ea I.E...... ......ID 0,0-780,179 #2bc} during second layout pass: posting in next frame
01-11 07:29:46.266 1974 1974 W View : requestLayout() improperly called by com.android.systemui.statusbar.AlphaOptimizedImageView{a2318d5 VFED..C.. ......ID 0,0-140,179} during second layout pass: posting in next frame
01-11 07:29:46.266 1974 1974 W View : requestLayout() improperly called by android.widget.FrameLayout{511b245 I.E...... ......ID 0,0-780,179 #2bc} during second layout pass: posting in next frame
01-11 07:29:46.266 1974 1974 W View : requestLayout() improperly called by com.android.systemui.statusbar.AlphaOptimizedImageView{4f552bc VFED..C.. ......ID 0,0-140,84} during second layout pass: posting in next frame
01-11 07:29:46.279 1974 1974 W View : requestLayout() improperly called by android.widget.FrameLayout{c40a8ea I.E...... ......ID 0,0-780,179 #2bc} during layout: running second layout pass
01-11 07:29:46.279 1974 1974 W View : requestLayout() improperly called by com.android.systemui.statusbar.AlphaOptimizedImageView{a2318d5 VFED..C.. ......ID 0,0-140,179} during layout: running second layout pass
01-11 07:29:46.279 1974 1974 W View : requestLayout() improperly called by android.widget.FrameLayout{511b245 I.E...... ......ID 0,0-780,179 #2bc} during layout: running second layout pass
01-11 07:29:46.279 1974 1974 W View : requestLayout() improperly called by com.android.systemui.statusbar.AlphaOptimizedImageView{4f552bc VFED..C.. ......ID 0,0-140,84} during layout: running second layout pass
01-11 07:29:46.283 1974 1974 W View : requestLayout() improperly called by android.widget.FrameLayout{c40a8ea I.E...... ......ID 0,0-780,179 #2bc} during second layout pass: posting in next frame
01-11 07:29:46.283 1974 1974 W View : requestLayout() improperly called by com.android.systemui.statusbar.AlphaOptimizedImageView{a2318d5 VFED..C.. ......ID 0,0-140,179} during second layout pass: posting in next frame
01-11 07:29:46.283 1974 1974 W View : requestLayout() improperly called by android.widget.FrameLayout{511b245 I.E...... ......ID 0,0-780,179 #2bc} during second layout pass: posting in next frame
01-11 07:29:46.283 1974 1974 W View : requestLayout() improperly called by com.android.systemui.statusbar.AlphaOptimizedImageView{4f552bc VFED..C.. ......ID 0,0-140,84} during second layout pass: posting in next frame
01-11 07:29:46.296 1974 1974 W View : requestLayout() improperly called by android.widget.FrameLayout{c40a8ea I.E...... ......ID 0,0-780,179 #2bc} during layout: running second layout pass
01-11 07:29:46.296 1974 1974 W View : requestLayout() improperly called by com.android.systemui.statusbar.AlphaOptimizedImageView{a2318d5 VFED..C.. ......ID 0,0-140,179} during layout: running second layout pass
01-11 07:29:46.296 1974 1974 W View : requestLayout() improperly called by android.widget.FrameLayout{511b245 I.E...... ......ID 0,0-780,179 #2bc} during layout: running second layout pass
01-11 07:29:46.296 1974 1974 W View : requestLayout() improperly called by com.android.systemui.statusbar.AlphaOptimizedImageView{4f552bc VFED..C.. ......ID 0,0-140,84} during layout: running second layout pass
01-11 07:29:46.301 1974 1974 W View : requestLayout() improperly called by android.widget.FrameLayout{c40a8ea I.E...... ......ID 0,0-780,179 #2bc} during second layout pass: posting in next frame
01-11 07:29:46.301 1974 1974 W View : requestLayout() improperly called by com.android.systemui.statusbar.AlphaOptimizedImageView{a2318d5 VFED..C.. ......ID 0,0-140,179} during second layout pass: posting in next frame
01-11 07:29:46.301 1974 1974 W View : requestLayout() improperly called by android.widget.FrameLayout{511b245 I.E...... ......ID 0,0-780,179 #2bc} during second layout pass: posting in next frame
01-11 07:29:46.301 1974 1974 W View : requestLayout() improperly called by com.android.systemui.statusbar.AlphaOptimizedImageView{4f552bc VFED..C.. ......ID 0,0-140,84} during second layout pass: posting in next frame
01-11 07:29:46.314 1974 1974 W View : requestLayout() improperly called by android.widget.FrameLayout{c40a8ea I.E...... ......ID 0,0-780,179 #2bc} during layout: running second layout pass
01-11 07:29:46.314 1974 1974 W View : requestLayout() improperly called by com.android.systemui.statusbar.AlphaOptimizedImageView{a2318d5 VFED..C.. ......ID 0,0-140,179} during layout: running second layout pass
01-11 07:29:46.314 1974 1974 W View : requestLayout() improperly called by android.widget.FrameLayout{511b245 I.E...... ......ID 0,0-780,179 #2bc} during layout: running second layout pass
01-11 07:29:46.314 1974 1974 W View : requestLayout() improperly called by com.android.systemui.statusbar.AlphaOptimizedImageView{4f552bc VFED..C.. ......ID 0,0-140,84} during layout: running second layout pass
01-11 07:29:46.320 1974 1974 W View : requestLayout() improperly called by android.widget.FrameLayout{c40a8ea I.E...... ......ID 0,0-780,179 #2bc} during second layout pass: posting in next frame
01-11 07:29:46.320 1974 1974 W View : requestLayout() improperly called by com.android.systemui.statusbar.AlphaOptimizedImageView{a2318d5 VFED..C.. ......ID 0,0-140,179} during second layout pass: posting in next frame
01-11 07:29:46.320 1974 1974 W View : requestLayout() improperly called by android.widget.FrameLayout{511b245 I.E...... ......ID 0,0-780,179 #2bc} during second layout pass: posting in next frame
01-11 07:29:46.320 1974 1974 W View : requestLayout() improperly called by com.android.systemui.statusbar.AlphaOptimizedImageView{4f552bc VFED..C.. ......ID 0,0-140,84} during second layout pass: posting in next frame
01-11 07:29:46.331 1974 1974 W View : requestLayout() improperly called by android.widget.FrameLayout{c40a8ea I.E...... ......ID 0,0-780,179 #2bc} during layout: running second layout pass
01-11 07:29:46.331 1974 1974 W View : requestLayout() improperly called by com.android.systemui.statusbar.AlphaOptimizedImageView{a2318d5 VFED..C.. ......ID 0,0-140,179} during layout: running second layout pass
01-11 07:29:46.331 1974 1974 W View : requestLayout() improperly called by android.widget.FrameLayout{511b245 I.E...... ......ID 0,0-780,179 #2bc} during layout: running second layout pass
01-11 07:29:46.331 1974 1974 W View : requestLayout() improperly called by com.android.systemui.statusbar.AlphaOptimizedImageView{4f552bc VFED..C.. ......ID 0,0-140,84} during layout: running second layout pass
01-11 07:29:46.336 1974 1974 W View : requestLayout() improperly called by android.widget.FrameLayout{c40a8ea I.E...... ......ID 0,0-780,179 #2bc} during second layout pass: posting in next frame
01-11 07:29:46.336 1974 1974 W View : requestLayout() improperly called by com.android.systemui.statusbar.AlphaOptimizedImageView{a2318d5 VFED..C.. ......ID 0,0-140,179} during second layout pass: posting in next frame
01-11 07:29:46.337 1974 1974 W View : requestLayout() improperly called by android.widget.FrameLayout{511b245 I.E...... ......ID 0,0-780,179 #2bc} during second layout pass: posting in next frame
01-11 07:29:46.337 1974 1974 W View : requestLayout() improperly called by com.android.systemui.statusbar.AlphaOptimizedImageView{4f552bc VFED..C.. ......ID 0,0-140,84} during second layout pass: posting in next frame
01-11 07:29:46.349 1974 1974 W View : requestLayout() improperly called by android.widget.FrameLayout{c40a8ea I.E...... ......ID 0,0-780,179 #2bc} during layout: running second layout pass
01-11 07:29:46.349 1974 1974 W View : requestLayout() improperly called by com.android.systemui.statusbar.AlphaOptimizedImageView{a2318d5 VFED..C.. ......ID 0,0-140,179} during layout: running second layout pass
01-11 07:29:46.349 1974 1974 W View : requestLayout() improperly called by android.widget.FrameLayout{511b245 I.E...... ......ID 0,0-780,179 #2bc} during layout: running second layout pass
01-11 07:29:46.349 1974 1974 W View : requestLayout() improperly called by com.android.systemui.statusbar.AlphaOptimizedImageView{4f552bc VFED..C.. ......ID 0,0-140,84} during layout: running second layout pass
01-11 07:29:46.353 1974 1974 W View : requestLayout() improperly called by android.widget.FrameLayout{c40a8ea I.E...... ......ID 0,0-780,179 #2bc} during second layout pass: posting in next frame
01-11 07:29:46.353 1974 1974 W View : requestLayout() improperly called by com.android.systemui.statusbar.AlphaOptimizedImageView{a2318d5 VFED..C.. ......ID 0,0-140,179} during second layout pass: posting in next frame
01-11 07:29:46.353 1974 1974 W View : requestLayout() improperly called by android.widget.FrameLayout{511b245 I.E...... ......ID 0,0-780,179 #2bc} during second layout pass: posting in next frame
01-11 07:29:46.353 1974 1974 W View : requestLayout() improperly called by com.android.systemui.statusbar.AlphaOptimizedImageView{4f552bc VFED..C.. ......ID 0,0-140,84} during second layout pass: posting in next frame
01-11 07:29:46.365 1974 1974 W View : requestLayout() improperly called by android.widget.FrameLayout{c40a8ea I.E...... ......ID 0,0-780,179 #2bc} during layout: running second layout pass
01-11 07:29:46.365 1974 1974 W View : requestLayout() improperly called by com.android.systemui.statusbar.AlphaOptimizedImageView{a2318d5 VFED..C.. ......ID 0,0-140,179} during layout: running second layout pass
01-11 07:29:46.366 1974 1974 W View : requestLayout() improperly called by android.widget.FrameLayout{511b245 I.E...... ......ID 0,0-780,179 #2bc} during layout: running second layout pass
01-11 07:29:46.366 1974 1974 W View : requestLayout() improperly called by com.android.systemui.statusbar.AlphaOptimizedImageView{4f552bc VFED..C.. ......ID 0,0-140,84} during layout: running second layout pass
01-11 07:29:46.370 1974 1974 W View : requestLayout() improperly called by android.widget.FrameLayout{c40a8ea I.E...... ......ID 0,0-780,179 #2bc} during second layout pass: posting in next frame
01-11 07:29:46.370 1974 1974 W View : requestLayout() improperly called by com.android.systemui.statusbar.AlphaOptimizedImageView{a2318d5 VFED..C.. ......ID 0,0-140,179} during second layout pass: posting in next frame
01-11 07:29:46.370 1974 1974 W View : requestLayout() improperly called by android.widget.FrameLayout{511b245 I.E...... ......ID 0,0-780,179 #2bc} during second layout pass: posting in next frame
01-11 07:29:46.370 1974 1974 W View : requestLayout() improperly called by com.android.systemui.statusbar.AlphaOptimizedImageView{4f552bc VFED..C.. ......ID 0,0-140,84} during second layout pass: posting in next frame
01-11 07:29:46.379 1504 12479 I wm_task_moved: [62,1,6]
01-11 07:29:46.380 1504 12479 I wm_focused_root_task: [0,0,62,156,RecentsAnimation.onAnimationFinished()]
01-11 07:29:46.380 12543 12543 I wm_on_top_resumed_lost_called: [121540396,com.baidu.input.ImeAppMainActivity,topStateChangedWhenResumed]
01-11 07:29:46.381 1974 1974 W View : requestLayout() improperly called by android.widget.FrameLayout{c40a8ea I.E...... ......ID 0,0-780,179 #2bc} during layout: running second layout pass
01-11 07:29:46.381 1974 1974 W View : requestLayout() improperly called by com.android.systemui.statusbar.AlphaOptimizedImageView{a2318d5 VFED..C.. ......ID 0,0-140,179} during layout: running second layout pass
01-11 07:29:46.381 1974 1974 W View : requestLayout() improperly called by android.widget.FrameLayout{511b245 I.E...... ......ID 0,0-780,179 #2bc} during layout: running second layout pass
01-11 07:29:46.381 1974 1974 W View : requestLayout() improperly called by com.android.systemui.statusbar.AlphaOptimizedImageView{4f552bc VFED..C.. ......ID 0,0-140,84} during layout: running second layout pass
01-11 07:29:46.383 1974 1974 W View : requestLayout() improperly called by android.widget.FrameLayout{c40a8ea I.E...... ......ID 0,0-780,179 #2bc} during second layout pass: posting in next frame
01-11 07:29:46.383 1974 1974 W View : requestLayout() improperly called by com.android.systemui.statusbar.AlphaOptimizedImageView{a2318d5 VFED..C.. ......ID 0,0-140,179} during second layout pass: posting in next frame
01-11 07:29:46.383 1974 1974 W View : requestLayout() improperly called by android.widget.FrameLayout{511b245 I.E...... ......ID 0,0-780,179 #2bc} during second layout pass: posting in next frame
01-11 07:29:46.383 1974 1974 W View : requestLayout() improperly called by com.android.systemui.statusbar.AlphaOptimizedImageView{4f552bc VFED..C.. ......ID 0,0-140,84} during second layout pass: posting in next frame
01-11 07:29:46.385 1504 12479 D ActivityTrigger: ActivityTrigger activityPauseTrigger
01-11 07:29:46.386 1504 12479 I wm_pause_activity: [0,121540396,com.baidu.input/.ImeAppMainActivity,userLeaving=false,pauseBackTasks]
01-11 07:29:46.388 1504 12479 I ActivityTaskManager: FOREGROUND_APPLICATION_CHANGED to com.android.launcher3.uioverrides.QuickstepLauncher
01-11 07:29:46.388 1504 12479 I wm_set_resumed_activity: [0,com.android.launcher3/.uioverrides.QuickstepLauncher,resumeTopActivityInnerLocked]
01-11 07:29:46.390 1504 12479 I wm_resume_activity: [0,11415547,63,com.android.launcher3/.uioverrides.QuickstepLauncher]
01-11 07:29:46.391 2545 2545 I wm_on_resume_called: [11415547,com.android.launcher3.uioverrides.QuickstepLauncher,RESUME_ACTIVITY]
01-11 07:29:46.391 1504 12479 I wm_add_to_stopping: [0,121540396,com.baidu.input/.ImeAppMainActivity,makeInvisible]
01-11 07:29:46.398 1504 1610 I input_focus: [Focus request c8c2ef0 com.android.launcher3/com.android.launcher3.uioverrides.QuickstepLauncher,reason=UpdateInputWindows]
01-11 07:29:46.398 1504 1609 I sysui_multi_action: [757,803,799,window_time_0,802,2]
01-11 07:29:46.399 2545 2545 D StateManager: goToState: Overview
01-11 07:29:46.400 1974 1974 W View : requestLayout() improperly called by android.widget.FrameLayout{c40a8ea I.E...... ......ID 0,0-780,179 #2bc} during layout: running second layout pass
01-11 07:29:46.400 1974 1974 W View : requestLayout() improperly called by com.android.systemui.statusbar.AlphaOptimizedImageView{a2318d5 VFED..C.. ......ID 0,0-140,179} during layout: running second layout pass
01-11 07:29:46.400 1974 1974 W View : requestLayout() improperly called by android.widget.FrameLayout{511b245 I.E...... ......ID 0,0-780,179 #2bc} during layout: running second layout pass
01-11 07:29:46.400 1974 1974 W View : requestLayout() improperly called by com.android.systemui.statusbar.AlphaOptimizedImageView{4f552bc VFED..C.. ......ID 0,0-140,84} during layout: running second layout pass
01-11 07:29:46.400 2545 2545 D FreeWindowHelper: enterOrExitRecentTasks: isEnterRecentTasks=true,mExitFlag=0
01-11 07:29:46.401 1504 2114 I wm_stop_activity: [0,121540396,com.baidu.input/.ImeAppMainActivity]
01-11 07:29:46.402 12543 12543 I wm_on_paused_called: [121540396,com.baidu.input.ImeAppMainActivity,performPause]
01-11 07:29:46.402 1504 1609 I sysui_multi_action: [757,803,799,window_time_0,802,0]
01-11 07:29:46.404 1974 1974 W View : requestLayout() improperly called by android.widget.FrameLayout{c40a8ea I.E...... ......ID 0,0-780,179 #2bc} during second layout pass: posting in next frame
01-11 07:29:46.404 1974 1974 W View : requestLayout() improperly called by com.android.systemui.statusbar.AlphaOptimizedImageView{a2318d5 VFED..C.. ......ID 0,0-140,179} during second layout pass: posting in next frame
01-11 07:29:46.404 1974 1974 W View : requestLayout() improperly called by android.widget.FrameLayout{511b245 I.E...... ......ID 0,0-780,179 #2bc} during second layout pass: posting in next frame
01-11 07:29:46.404 1504 12479 W FreeFormWindowHelper: Current Display FreeFormTask is null
01-11 07:29:46.404 1974 1974 W View : requestLayout() improperly called by com.android.systemui.statusbar.AlphaOptimizedImageView{4f552bc VFED..C.. ......ID 0,0-140,84} during second layout pass: posting in next frame
01-11 07:29:46.405 2545 2545 D FreeWindowContainer: reloadTask: null
01-11 07:29:46.413 1974 1974 W View : requestLayout() improperly called by android.widget.FrameLayout{c40a8ea I.E...... ......ID 0,0-780,179 #2bc} during layout: running second layout pass
01-11 07:29:46.413 1974 1974 W View : requestLayout() improperly called by com.android.systemui.statusbar.AlphaOptimizedImageView{a2318d5 VFED..C.. ......ID 0,0-140,179} during layout: running second layout pass
01-11 07:29:46.413 1974 1974 W View : requestLayout() improperly called by android.widget.FrameLayout{511b245 I.E...... ......ID 0,0-780,179 #2bc} during layout: running second layout pass
01-11 07:29:46.413 1974 1974 W View : requestLayout() improperly called by com.android.systemui.statusbar.AlphaOptimizedImageView{4f552bc VFED..C.. ......ID 0,0-140,84} during layout: running second layout pass
01-11 07:29:46.415 1504 1699 I input_focus: [Focus leaving recents_animation_input_consumer (server),reason=NOT_VISIBLE]
01-11 07:29:46.415 1504 1699 I input_focus: [Focus entering c8c2ef0 com.android.launcher3/com.android.launcher3.uioverrides.QuickstepLauncher (server),reason=setFocusedWindow]
01-11 07:29:46.416 12543 12543 I wm_on_stop_called: [121540396,com.baidu.input.ImeAppMainActivity,STOP_ACTIVITY_ITEM]
01-11 07:29:46.417 1974 1974 W View : requestLayout() improperly called by android.widget.FrameLayout{c40a8ea I.E...... ......ID 0,0-780,179 #2bc} during second layout pass: posting in next frame
01-11 07:29:46.417 1974 1974 W View : requestLayout() improperly called by com.android.systemui.statusbar.AlphaOptimizedImageView{a2318d5 VFED..C.. ......ID 0,0-140,179} during second layout pass: posting in next frame
01-11 07:29:46.417 1974 1974 W View : requestLayout() improperly called by android.widget.FrameLayout{511b245 I.E...... ......ID 0,0-780,179 #2bc} during second layout pass: posting in next frame
01-11 07:29:46.417 1974 1974 W View : requestLayout() improperly called by com.android.systemui.statusbar.AlphaOptimizedImageView{4f552bc VFED..C.. ......ID 0,0-140,84} during second layout pass: posting in next frame
01-11 07:29:46.428 1974 1974 W View : requestLayout() improperly called by android.widget.FrameLayout{c40a8ea I.E...... ......ID 0,0-780,179 #2bc} during layout: running second layout pass
01-11 07:29:46.428 1974 1974 W View : requestLayout() improperly called by com.android.systemui.statusbar.AlphaOptimizedImageView{a2318d5 VFED..C.. ......ID 0,0-140,179} during layout: running second layout pass
01-11 07:29:46.428 1974 1974 W View : requestLayout() improperly called by android.widget.FrameLayout{511b245 I.E...... ......ID 0,0-780,179 #2bc} during layout: running second layout pass
01-11 07:29:46.428 1974 1974 W View : requestLayout() improperly called by com.android.systemui.statusbar.AlphaOptimizedImageView{4f552bc VFED..C.. ......ID 0,0-140,84} during layout: running second layout pass
01-11 07:29:46.428 6577 6589 I GameMode_ActivityMonitoringService: onForegroundActivitiesChanged uid 10033 pid 12543 fg false
01-11 07:29:46.429 2545 2545 D EditModeHelper: setHotseatVisibility: 0
01-11 07:29:46.429 1974 1974 W View : requestLayout() improperly called by android.widget.FrameLayout{c40a8ea I.E...... ......ID 0,0-780,179 #2bc} during second layout pass: posting in next frame
01-11 07:29:46.429 1974 1974 W View : requestLayout() improperly called by com.android.systemui.statusbar.AlphaOptimizedImageView{a2318d5 VFED..C.. ......ID 0,0-140,179} during second layout pass: posting in next frame
01-11 07:29:46.429 1974 1974 W View : requestLayout() improperly called by android.widget.FrameLayout{511b245 I.E...... ......ID 0,0-780,179 #2bc} during second layout pass: posting in next frame
01-11 07:29:46.429 1974 1974 W View : requestLayout() improperly called by com.android.systemui.statusbar.AlphaOptimizedImageView{4f552bc VFED..C.. ......ID 0,0-140,84} during second layout pass: posting in next frame
01-11 07:29:46.433 6577 6592 I GameMode_ActivityMonitoringService: Updating top task to: TaskInfoContainer [topActivity=ComponentInfo{com.android.launcher3/com.android.launcher3.uioverrides.QuickstepLauncher}, taskId=63, stackId=62, userId=0, displayId=0, position=6
01-11 07:29:46.433 6577 6592 I GameMode_ActivityMonitoringService: Notifying about top task: TaskInfoContainer [topActivity=ComponentInfo{com.android.launcher3/com.android.launcher3.uioverrides.QuickstepLauncher}, taskId=63, stackId=62, userId=0, displayId=0, position=6
01-11 07:29:46.433 6577 6592 I GameMode_ActivityMonitoringService: WindowMode: 1
01-11 07:29:46.433 6577 6592 E GameMode_ActivityMonitoringService: onActivityLaunch:com.android.launcher3
01-11 07:29:46.433 6577 6592 V GameMode_GameTypeUtils: judge isGame:com.android.launcher3
01-11 07:29:46.433 6577 6592 V GameMode_GpuUtils: fps:60
01-11 07:29:46.434 640 651 I mpu_uart: [MSG-P:RECV]:No message received in 1000 ms
01-11 07:29:46.435 6577 6592 D GameMode_GameModeActionUtils: Show GameMode entry by service!
01-11 07:29:46.435 6577 6592 W ContextImpl: Calling a method in the system process without a qualified user: android.app.ContextImpl.startService:1816 android.content.ContextWrapper.startService:774 com.thundercomm.gamemode.ingame.services.GameModeActionUtils.startGameModeService:111 com.thundercomm.gamemode.ingame.services.GameModeActionUtils.startGameModeEntry:22 com.thundercomm.gamemode.ingame.services.ActivityMonitoringService$1.onActivityLaunch:129
01-11 07:29:46.438 6577 6592 D GameModeIF_GameModeSettings: getUriFor setting_content_uri_root = content://com.thundercomm.gamemode.api/gamemode_settings , name = gamemode_isgaming
01-11 07:29:46.438 6577 6577 D GameMode_GameModeService: type=hide_entry
01-11 07:29:46.440 6577 6577 D GameMode_GameSettingsObserver: Game Data change!!!! uri = content://com.thundercomm.gamemode.api/gamemode_settings/gamemode_isgaming
01-11 07:29:46.440 6577 6577 D GameModeIF_GameModeSettings: getUriFor setting_content_uri_root = content://com.thundercomm.gamemode.api/gamemode_settings , name = gamemode_isgaming
01-11 07:29:46.441 1504 1504 I GameModeConfig: Current uri is uri = content://com.thundercomm.gamemode.api/gamemode_settings/gamemode_isgaming
01-11 07:29:46.441 1504 1504 D GameModeIF_GameModeSettings: getUriFor setting_content_uri_root = content://com.thundercomm.gamemode.api/gamemode_settings , name = gamemode_isgaming
01-11 07:29:46.441 6577 6592 D GameModeIF_GameModeSettings: gamemode_isgaming set to 0
01-11 07:29:46.445 1504 2062 W InputDispatcher: Letterbox_right_ActivityRecord{73e8f2c u0 com.baidu.input/.ImeAppMainActivity t156} has FLAG_SLIPPERY. Please report this in b/157929241
01-11 07:29:46.446 1504 2062 D CompatibilityChangeReporter: Compat change id reported: 157929241; UID 1000; state: LOGGED
01-11 07:29:46.446 1504 2062 W InputDispatcher: Letterbox_left_ActivityRecord{73e8f2c u0 com.baidu.input/.ImeAppMainActivity t156} has FLAG_SLIPPERY. Please report this in b/157929241
01-11 07:29:46.447 1504 1504 I GameModeConfig: isGameModeOn = true
01-11 07:29:46.447 1504 1504 I GameModeConfig: isGaming = false
01-11 07:29:46.448 1504 1504 I GameModeConfig: isGameModeOn = true
01-11 07:29:46.448 1504 1504 I GameModeConfig: isGaming = false
01-11 07:29:46.448 1504 1504 I GameModeConfig: isDisableVoice = true
01-11 07:29:46.448 999 1777 D AF::TrackHandle: OpPlayAudio: track:57 usage:13 not muted
01-11 07:29:46.448 999 1777 D AF::TrackHandle: OpPlayAudio: track:57 usage:13 not muted
01-11 07:29:46.451 6577 6577 D GameMode_GameModeService: updateGlobalSettings = gamemode_isgaming
01-11 07:29:46.452 999 1777 D AF::TrackHandle: OpPlayAudio: track:57 usage:13 not muted
01-11 07:29:46.452 999 1777 D AF::TrackHandle: OpPlayAudio: track:57 usage:13 not muted
01-11 07:29:46.452 999 1777 D AF::TrackHandle: OpPlayAudio: track:57 usage:13 not muted
01-11 07:29:46.452 999 1777 D AF::TrackHandle: OpPlayAudio: track:57 usage:13 not muted
01-11 07:29:46.452 999 1777 D AF::TrackHandle: OpPlayAudio: track:57 usage:13 not muted
01-11 07:29:46.453 999 1777 D AF::TrackHandle: OpPlayAudio: track:57 usage:13 not muted
01-11 07:29:46.453 999 1777 D AF::TrackHandle: OpPlayAudio: track:57 usage:13 not muted
01-11 07:29:46.453 999 1777 D AF::TrackHandle: OpPlayAudio: track:57 usage:13 not muted
01-11 07:29:46.454 999 1325 D AF::TrackHandle: OpPlayAudio: track:57 usage:13 not muted
01-11 07:29:46.455 1974 1974 W View : requestLayout() improperly called by android.widget.FrameLayout{c40a8ea I.E...... ......ID 0,0-780,179 #2bc} during layout: running second layout pass
01-11 07:29:46.455 1974 1974 W View : requestLayout() improperly called by com.android.systemui.statusbar.AlphaOptimizedImageView{a2318d5 VFED..C.. ......ID 0,0-140,179} during layout: running second layout pass
01-11 07:29:46.455 1974 1974 W View : requestLayout() improperly called by android.widget.FrameLayout{511b245 I.E...... ......ID 0,0-780,179 #2bc} during layout: running second layout pass
01-11 07:29:46.455 1974 1974 W View : requestLayout() improperly called by com.android.systemui.statusbar.AlphaOptimizedImageView{4f552bc VFED..C.. ......ID 0,0-140,84} during layout: running second layout pass
01-11 07:29:46.455 999 1325 D AF::TrackHandle: OpPlayAudio: track:57 usage:13 not muted
01-11 07:29:46.455 999 1325 D AF::TrackHandle: OpPlayAudio: track:57 usage:13 not muted
01-11 07:29:46.456 999 1325 D AF::TrackHandle: OpPlayAudio: track:57 usage:13 not muted
01-11 07:29:46.456 999 1325 D AF::TrackHandle: OpPlayAudio: track:57 usage:13 not muted
01-11 07:29:46.456 999 1325 D AF::TrackHandle: OpPlayAudio: track:57 usage:13 not muted
01-11 07:29:46.460 1974 1974 W View : requestLayout() improperly called by android.widget.FrameLayout{c40a8ea I.E...... ......ID 0,0-780,179 #2bc} during second layout pass: posting in next frame
01-11 07:29:46.460 1974 1974 W View : requestLayout() improperly called by com.android.systemui.statusbar.AlphaOptimizedImageView{a2318d5 VFED..C.. ......ID 0,0-140,179} during second layout pass: posting in next frame
01-11 07:29:46.460 1974 1974 W View : requestLayout() improperly called by android.widget.FrameLayout{511b245 I.E...... ......ID 0,0-780,179 #2bc} during second layout pass: posting in next frame
01-11 07:29:46.460 1974 1974 W View : requestLayout() improperly called by com.android.systemui.statusbar.AlphaOptimizedImageView{4f552bc VFED..C.. ......ID 0,0-140,84} during second layout pass: posting in next frame
01-11 07:29:46.461 1974 1974 W View : requestLayout() improperly called by android.widget.FrameLayout{c40a8ea I.E...... ......ID 0,0-780,179 #2bc} during layout: running second layout pass
01-11 07:29:46.461 1974 1974 W View : requestLayout() improperly called by com.android.systemui.statusbar.AlphaOptimizedImageView{a2318d5 VFED..C.. ......ID 0,0-140,179} during layout: running second layout pass
01-11 07:29:46.461 1974 1974 W View : requestLayout() improperly called by android.widget.FrameLayout{511b245 I.E...... ......ID 0,0-780,179 #2bc} during layout: running second layout pass
01-11 07:29:46.461 1974 1974 W View : requestLayout() improperly called by com.android.systemui.statusbar.AlphaOptimizedImageView{4f552bc VFED..C.. ......ID 0,0-140,84} during layout: running second layout pass
01-11 07:29:46.465 1974 1974 W View : requestLayout() improperly called by android.widget.FrameLayout{c40a8ea I.E...... ......ID 0,0-780,179 #2bc} during second layout pass: posting in next frame
01-11 07:29:46.465 1974 1974 W View : requestLayout() improperly called by com.android.systemui.statusbar.AlphaOptimizedImageView{a2318d5 VFED..C.. ......ID 0,0-140,179} during second layout pass: posting in next frame
01-11 07:29:46.465 1974 1974 W View : requestLayout() improperly called by android.widget.FrameLayout{511b245 I.E...... ......ID 0,0-780,179 #2bc} during second layout pass: posting in next frame
01-11 07:29:46.465 1974 1974 W View : requestLayout() improperly called by com.android.systemui.statusbar.AlphaOptimizedImageView{4f552bc VFED..C.. ......ID 0,0-140,84} during second layout pass: posting in next frame
01-11 07:29:46.474 2545 2545 I wm_on_top_resumed_gained_called: [11415547,com.android.launcher3.uioverrides.QuickstepLauncher,topStateChangedWhenResumed]
01-11 07:29:46.476 1504 12479 W FreeFormWindowHelper: Current Display FreeFormTask is null
01-11 07:29:46.476 2545 2545 W View : requestLayout() improperly called by com.android.launcher3.views.NoInsetView{686b4dc V.ED..... ......ID 2218,0-2560,1080 #7f09007c app:id/bg_hotseat} during layout: running second layout pass
01-11 07:29:46.478 1974 1974 W View : requestLayout() improperly called by android.widget.FrameLayout{c40a8ea I.E...... ......ID 0,0-780,179 #2bc} during layout: running second layout pass
01-11 07:29:46.478 1974 1974 W View : requestLayout() improperly called by com.android.systemui.statusbar.AlphaOptimizedImageView{a2318d5 VFED..C.. ......ID 0,0-140,179} during layout: running second layout pass
01-11 07:29:46.478 1974 1974 W View : requestLayout() improperly called by android.widget.FrameLayout{511b245 I.E...... ......ID 0,0-780,179 #2bc} during layout: running second layout pass
01-11 07:29:46.478 1974 1974 W View : requestLayout() improperly called by com.android.systemui.statusbar.AlphaOptimizedImageView{4f552bc VFED..C.. ......ID 0,0-140,84} during layout: running second layout pass
01-11 07:29:46.479 1974 1974 W View : requestLayout() improperly called by android.widget.FrameLayout{c40a8ea I.E...... ......ID 0,0-780,179 #2bc} during second layout pass: posting in next frame
01-11 07:29:46.479 1974 1974 W View : requestLayout() improperly called by com.android.systemui.statusbar.AlphaOptimizedImageView{a2318d5 VFED..C.. ......ID 0,0-140,179} during second layout pass: posting in next frame
01-11 07:29:46.479 1974 1974 W View : requestLayout() improperly called by android.widget.FrameLayout{511b245 I.E...... ......ID 0,0-780,179 #2bc} during second layout pass: posting in next frame
01-11 07:29:46.479 1974 1974 W View : requestLayout() improperly called by com.android.systemui.statusbar.AlphaOptimizedImageView{4f552bc VFED..C.. ......ID 0,0-140,84} during second layout pass: posting in next frame
01-11 07:29:46.486 12543 12543 E unknown:sug_noti: osi
01-11 07:29:46.489 12543 12543 E unknown:sug_noti: !r_!G_c_!i: true_true_true_true
01-11 07:29:46.489 12543 12543 E unknown:sug_noti: !KM: true
01-11 07:29:46.489 12543 12543 E unknown:sug_noti: t: 1673393386489_1673393319587_false
01-11 07:29:46.492 12543 12543 E unknown:sug_info: loadPref sugFlag : true
01-11 07:29:46.494 12543 12543 E unknown:sug_info: SS : false
01-11 07:29:46.494 12543 12543 E unknown:sug_info: SR : true
01-11 07:29:46.494 12543 12543 E unknown:sug_info: TS : false
01-11 07:29:46.494 12543 12543 E unknown:sug_info: FLAG_SUG_SWITCH: true_xG: 4_FLAG_SUG_MIN_NET_LEVEL: 0
01-11 07:29:46.495 12543 12543 E unknown:sug_info: true_true_true_true_false_true
01-11 07:29:46.495 12543 12543 E unknown:sug_info: sug core setting: false
01-11 07:29:46.495 1974 1974 W View : requestLayout() improperly called by android.widget.FrameLayout{c40a8ea I.E...... ......ID 0,0-780,179 #2bc} during layout: running second layout pass
01-11 07:29:46.495 1974 1974 W View : requestLayout() improperly called by com.android.systemui.statusbar.AlphaOptimizedImageView{a2318d5 VFED..C.. ......ID 0,0-140,179} during layout: running second layout pass
01-11 07:29:46.495 1974 1974 W View : requestLayout() improperly called by android.widget.FrameLayout{511b245 I.E...... ......ID 0,0-780,179 #2bc} during layout: running second layout pass
01-11 07:29:46.495 1974 1974 W View : requestLayout() improperly called by com.android.systemui.statusbar.AlphaOptimizedImageView{4f552bc VFED..C.. ......ID 0,0-140,84} during layout: running second layout pass
01-11 07:29:46.496 1974 1974 W View : requestLayout() improperly called by android.widget.FrameLayout{c40a8ea I.E...... ......ID 0,0-780,179 #2bc} during second layout pass: posting in next frame
01-11 07:29:46.496 1974 1974 W View : requestLayout() improperly called by com.android.systemui.statusbar.AlphaOptimizedImageView{a2318d5 VFED..C.. ......ID 0,0-140,179} during second layout pass: posting in next frame
01-11 07:29:46.496 1974 1974 W View : requestLayout() improperly called by android.widget.FrameLayout{511b245 I.E...... ......ID 0,0-780,179 #2bc} during second layout pass: posting in next frame
01-11 07:29:46.496 1974 1974 W View : requestLayout() improperly called by com.android.systemui.statusbar.AlphaOptimizedImageView{4f552bc VFED..C.. ......ID 0,0-140,84} during second layout pass: posting in next frame
01-11 07:29:46.497 1504 2244 I wm_finish_activity: [0,121540396,156,com.baidu.input/.ImeAppMainActivity,app-request]
01-11 07:29:46.498 1504 2244 I wm_destroy_activity: [0,121540396,156,com.baidu.input/.ImeAppMainActivity,finish-imm:finishIfPossible]
01-11 07:29:46.501 12543 12543 W FlutterContainerManager: Do remove => current stack :
01-11 07:29:46.501 6577 6589 I GameMode_ActivityMonitoringService: onTaskStackChanged
01-11 07:29:46.501 12543 12543 D ImeFlutter: schedule to destroy engine
01-11 07:29:46.504 6577 6592 I GameMode_ActivityMonitoringService: Updating top task to: TaskInfoContainer [topActivity=ComponentInfo{com.android.launcher3/com.android.launcher3.uioverrides.QuickstepLauncher}, taskId=63, stackId=62, userId=0, displayId=0, position=6
01-11 07:29:46.504 6577 6592 I GameMode_ActivityMonitoringService: Notifying about top task: TaskInfoContainer [topActivity=ComponentInfo{com.android.launcher3/com.android.launcher3.uioverrides.QuickstepLauncher}, taskId=63, stackId=62, userId=0, displayId=0, position=6
01-11 07:29:46.504 6577 6592 I GameMode_ActivityMonitoringService: WindowMode: 1
01-11 07:29:46.505 6577 6592 E GameMode_ActivityMonitoringService: onActivityLaunch:com.android.launcher3
01-11 07:29:46.505 6577 6592 V GameMode_GameTypeUtils: judge isGame:com.android.launcher3
01-11 07:29:46.505 6577 6592 V GameMode_GpuUtils: fps:60
01-11 07:29:46.506 6577 6592 D GameMode_GameModeActionUtils: Show GameMode entry by service!
01-11 07:29:46.507 6577 6592 W ContextImpl: Calling a method in the system process without a qualified user: android.app.ContextImpl.startService:1816 android.content.ContextWrapper.startService:774 com.thundercomm.gamemode.ingame.services.GameModeActionUtils.startGameModeService:111 com.thundercomm.gamemode.ingame.services.GameModeActionUtils.startGameModeEntry:22 com.thundercomm.gamemode.ingame.services.ActivityMonitoringService$1.onActivityLaunch:129
01-11 07:29:46.508 6577 6577 D GameMode_GameModeService: type=hide_entry
01-11 07:29:46.508 6577 6592 D GameModeIF_GameModeSettings: getUriFor setting_content_uri_root = content://com.thundercomm.gamemode.api/gamemode_settings , name = gamemode_isgaming
01-11 07:29:46.510 1504 1504 I GameModeConfig: Current uri is uri = content://com.thundercomm.gamemode.api/gamemode_settings/gamemode_isgaming
01-11 07:29:46.510 1504 1504 D GameModeIF_GameModeSettings: getUriFor setting_content_uri_root = content://com.thundercomm.gamemode.api/gamemode_settings , name = gamemode_isgaming
01-11 07:29:46.510 6577 6592 D GameModeIF_GameModeSettings: gamemode_isgaming set to 0
01-11 07:29:46.511 6577 6577 D GameMode_GameSettingsObserver: Game Data change!!!! uri = content://com.thundercomm.gamemode.api/gamemode_settings/gamemode_isgaming
01-11 07:29:46.511 6577 6577 D GameModeIF_GameModeSettings: getUriFor setting_content_uri_root = content://com.thundercomm.gamemode.api/gamemode_settings , name = gamemode_isgaming
01-11 07:29:46.512 1974 1974 W View : requestLayout() improperly called by android.widget.FrameLayout{c40a8ea I.E...... ......ID 0,0-780,179 #2bc} during layout: running second layout pass
01-11 07:29:46.512 1974 1974 W View : requestLayout() improperly called by com.android.systemui.statusbar.AlphaOptimizedImageView{a2318d5 VFED..C.. ......ID 0,0-140,179} during layout: running second layout pass
01-11 07:29:46.512 1974 1974 W View : requestLayout() improperly called by android.widget.FrameLayout{511b245 I.E...... ......ID 0,0-780,179 #2bc} during layout: running second layout pass
01-11 07:29:46.512 1974 1974 W View : requestLayout() improperly called by com.android.systemui.statusbar.AlphaOptimizedImageView{4f552bc VFED..C.. ......ID 0,0-140,84} during layout: running second layout pass
01-11 07:29:46.515 1504 1504 I GameModeConfig: isGameModeOn = true
01-11 07:29:46.515 1974 1974 W View : requestLayout() improperly called by android.widget.FrameLayout{c40a8ea I.E...... ......ID 0,0-780,179 #2bc} during second layout pass: posting in next frame
01-11 07:29:46.515 1504 1504 I GameModeConfig: isGaming = false
01-11 07:29:46.515 1974 1974 W View : requestLayout() improperly called by com.android.systemui.statusbar.AlphaOptimizedImageView{a2318d5 VFED..C.. ......ID 0,0-140,179} during second layout pass: posting in next frame
01-11 07:29:46.515 1974 1974 W View : requestLayout() improperly called by android.widget.FrameLayout{511b245 I.E...... ......ID 0,0-780,179 #2bc} during second layout pass: posting in next frame
01-11 07:29:46.515 1974 1974 W View : requestLayout() improperly called by com.android.systemui.statusbar.AlphaOptimizedImageView{4f552bc VFED..C.. ......ID 0,0-140,84} during second layout pass: posting in next frame
01-11 07:29:46.515 1504 1504 I GameModeConfig: isGameModeOn = true
01-11 07:29:46.515 1504 1504 I GameModeConfig: isGaming = false
01-11 07:29:46.515 1504 1504 I GameModeConfig: isDisableVoice = true
01-11 07:29:46.516 999 1325 D AF::TrackHandle: OpPlayAudio: track:57 usage:13 not muted
01-11 07:29:46.516 999 1325 D AF::TrackHandle: OpPlayAudio: track:57 usage:13 not muted
01-11 07:29:46.516 6577 6577 D GameMode_GameModeService: updateGlobalSettings = gamemode_isgaming
01-11 07:29:46.516 999 1325 D AF::TrackHandle: OpPlayAudio: track:57 usage:13 not muted
01-11 07:29:46.516 999 1325 D AF::TrackHandle: OpPlayAudio: track:57 usage:13 not muted
01-11 07:29:46.517 999 1325 D AF::TrackHandle: OpPlayAudio: track:57 usage:13 not muted
01-11 07:29:46.517 999 1325 D AF::TrackHandle: OpPlayAudio: track:57 usage:13 not muted
01-11 07:29:46.517 999 1325 D AF::TrackHandle: OpPlayAudio: track:57 usage:13 not muted
01-11 07:29:46.517 999 1325 D AF::TrackHandle: OpPlayAudio: track:57 usage:13 not muted
01-11 07:29:46.517 12543 12543 I wm_on_destroy_called: [121540396,com.baidu.input.ImeAppMainActivity,performDestroy]
01-11 07:29:46.517 999 1325 D AF::TrackHandle: OpPlayAudio: track:57 usage:13 not muted
01-11 07:29:46.517 999 1325 D AF::TrackHandle: OpPlayAudio: track:57 usage:13 not muted
01-11 07:29:46.518 999 1325 D AF::TrackHandle: OpPlayAudio: track:57 usage:13 not muted
01-11 07:29:46.518 999 1776 D AF::TrackHandle: OpPlayAudio: track:57 usage:13 not muted
01-11 07:29:46.518 999 1776 D AF::TrackHandle: OpPlayAudio: track:57 usage:13 not muted
01-11 07:29:46.518 999 1776 D AF::TrackHandle: OpPlayAudio: track:57 usage:13 not muted
01-11 07:29:46.519 999 1776 D AF::TrackHandle: OpPlayAudio: track:57 usage:13 not muted
01-11 07:29:46.519 999 1776 D AF::TrackHandle: OpPlayAudio: track:57 usage:13 not muted
01-11 07:29:46.529 1974 1974 W View : requestLayout() improperly called by android.widget.FrameLayout{c40a8ea I.E...... ......ID 0,0-780,179 #2bc} during layout: running second layout pass
01-11 07:29:46.529 1974 1974 W View : requestLayout() improperly called by com.android.systemui.statusbar.AlphaOptimizedImageView{a2318d5 VFED..C.. ......ID 0,0-140,179} during layout: running second layout pass
01-11 07:29:46.529 1974 1974 W View : requestLayout() improperly called by android.widget.FrameLayout{511b245 I.E...... ......ID 0,0-780,179 #2bc} during layout: running second layout pass
01-11 07:29:46.529 1974 1974 W View : requestLayout() improperly called by com.android.systemui.statusbar.AlphaOptimizedImageView{4f552bc VFED..C.. ......ID 0,0-140,84} during layout: running second layout pass
01-11 07:29:46.531 1974 1974 W View : requestLayout() improperly called by android.widget.FrameLayout{c40a8ea I.E...... ......ID 0,0-780,179 #2bc} during second layout pass: posting in next frame
01-11 07:29:46.531 1974 1974 W View : requestLayout() improperly called by com.android.systemui.statusbar.AlphaOptimizedImageView{a2318d5 VFED..C.. ......ID 0,0-140,179} during second layout pass: posting in next frame
01-11 07:29:46.531 1974 1974 W View : requestLayout() improperly called by android.widget.FrameLayout{511b245 I.E...... ......ID 0,0-780,179 #2bc} during second layout pass: posting in next frame
01-11 07:29:46.531 1974 1974 W View : requestLayout() improperly called by com.android.systemui.statusbar.AlphaOptimizedImageView{4f552bc VFED..C.. ......ID 0,0-140,84} during second layout pass: posting in next frame
01-11 07:29:46.539 1504 2244 W InputManager-JNI: Input channel object '45b9148 com.baidu.input/com.baidu.input.ImeAppMainActivity (client)' was disposed without first being removed with the input manager!
01-11 07:29:46.543 1504 1616 W UsageStatsService: Unexpected activity event reported! (com.baidu.input/com.baidu.input.ImeAppMainActivity event : 23 instanceId : 16104140)
01-11 07:29:46.543 1504 2062 I wm_task_removed: [156,removeChild:removeChild last r=ActivityRecord{73e8f2c u0 com.baidu.input/.ImeAppMainActivity t-1 f}} in t=Task{ce386ad #156 type=standard A=10033:com.baidu.input.appmain U=0 visible=false mode=fullscreen translucent=true sz=0}]
01-11 07:29:46.543 1504 2062 I wm_task_removed: [156,removeChild]
01-11 07:29:46.545 1504 2062 W InputManager-JNI: Input channel object 'Letterbox_left_ActivityRecord{73e8f2c u0 com.baidu.input/.ImeAppMainActivity t156} (client)' was disposed without first being removed with the input manager!
01-11 07:29:46.546 1504 2062 W InputManager-JNI: Input channel object 'Letterbox_top_ActivityRecord{73e8f2c u0 com.baidu.input/.ImeAppMainActivity t156} (client)' was disposed without first being removed with the input manager!
01-11 07:29:46.546 1974 1974 W View : requestLayout() improperly called by android.widget.FrameLayout{c40a8ea I.E...... ......ID 0,0-780,179 #2bc} during layout: running second layout pass
01-11 07:29:46.546 1974 1974 W View : requestLayout() improperly called by com.android.systemui.statusbar.AlphaOptimizedImageView{a2318d5 VFED..C.. ......ID 0,0-140,179} during layout: running second layout pass
01-11 07:29:46.546 1974 1974 W View : requestLayout() improperly called by android.widget.FrameLayout{511b245 I.E...... ......ID 0,0-780,179 #2bc} during layout: running second layout pass
01-11 07:29:46.546 1974 1974 W View : requestLayout() improperly called by com.android.systemui.statusbar.AlphaOptimizedImageView{4f552bc VFED..C.. ......ID 0,0-140,84} during layout: running second layout pass
01-11 07:29:46.546 1504 2062 W InputManager-JNI: Input channel object 'Letterbox_right_ActivityRecord{73e8f2c u0 com.baidu.input/.ImeAppMainActivity t156} (client)' was disposed without first being removed with the input manager!
01-11 07:29:46.546 1504 2062 W InputManager-JNI: Input channel object 'Letterbox_bottom_ActivityRecord{73e8f2c u0 com.baidu.input/.ImeAppMainActivity t156} (client)' was disposed without first being removed with the input manager!
01-11 07:29:46.547 1504 1610 W ActivityTaskManager: Can't find TaskDisplayArea to determine support for multi window. Task id=156 attached=false
01-11 07:29:46.547 1504 1610 W ActivityTaskManager: Can't find TaskDisplayArea to determine support for multi window. Task id=156 attached=false
01-11 07:29:46.550 1974 1974 W View : requestLayout() improperly called by android.widget.FrameLayout{c40a8ea I.E...... ......ID 0,0-780,179 #2bc} during second layout pass: posting in next frame
01-11 07:29:46.550 1974 1974 W View : requestLayout() improperly called by com.android.systemui.statusbar.AlphaOptimizedImageView{a2318d5 VFED..C.. ......ID 0,0-140,179} during second layout pass: posting in next frame
01-11 07:29:46.551 1974 1974 W View : requestLayout() improperly called by android.widget.FrameLayout{511b245 I.E...... ......ID 0,0-780,179 #2bc} during second layout pass: posting in next frame
01-11 07:29:46.551 1974 1974 W View : requestLayout() improperly called by com.android.systemui.statusbar.AlphaOptimizedImageView{4f552bc VFED..C.. ......ID 0,0-140,84} during second layout pass: posting in next frame
01-11 07:29:46.567 1974 1974 W View : requestLayout() improperly called by android.widget.FrameLayout{c40a8ea I.E...... ......ID 0,0-780,179 #2bc} during layout: running second layout pass
01-11 07:29:46.567 1974 1974 W View : requestLayout() improperly called by com.android.systemui.statusbar.AlphaOptimizedImageView{a2318d5 VFED..C.. ......ID 0,0-140,179} during layout: running second layout pass
01-11 07:29:46.567 1974 1974 W View : requestLayout() improperly called by android.widget.FrameLayout{511b245 I.E...... ......ID 0,0-780,179 #2bc} during layout: running second layout pass
01-11 07:29:46.567 1974 1974 W View : requestLayout() improperly called by com.android.systemui.statusbar.AlphaOptimizedImageView{4f552bc VFED..C.. ......ID 0,0-140,84} during layout: running second layout pass
01-11 07:29:46.569 1974 1974 W View : requestLayout() improperly called by android.widget.FrameLayout{c40a8ea I.E...... ......ID 0,0-780,179 #2bc} during second layout pass: posting in next frame
01-11 07:29:46.569 1974 1974 W View : requestLayout() improperly called by com.android.systemui.statusbar.AlphaOptimizedImageView{a2318d5 VFED..C.. ......ID 0,0-140,179} during second layout pass: posting in next frame
01-11 07:29:46.569 1974 1974 W View : requestLayout() improperly called by android.widget.FrameLayout{511b245 I.E...... ......ID 0,0-780,179 #2bc} during second layout pass: posting in next frame
01-11 07:29:46.569 1974 1974 W View : requestLayout() improperly called by com.android.systemui.statusbar.AlphaOptimizedImageView{4f552bc VFED..C.. ......ID 0,0-140,84} during second layout pass: posting in next frame
01-11 07:29:46.575 0 0 I auditd : type=1400 audit(0.0:15278): avc: denied { kill } for comm="swapper/6" capability=5 scontext=u:r:kernel:s0 tcontext=u:r:kernel:s0 tclass=capability permissive=0
01-11 07:29:46.575 0 0 W swapper/6: type=1400 audit(0.0:15278): avc: denied { kill } for capability=5 scontext=u:r:kernel:s0 tcontext=u:r:kernel:s0 tclass=capability permissive=0
01-11 07:29:46.581 1974 1974 W View : requestLayout() improperly called by android.widget.FrameLayout{c40a8ea I.E...... ......ID 0,0-780,179 #2bc} during layout: running second layout pass
01-11 07:29:46.581 1974 1974 W View : requestLayout() improperly called by com.android.systemui.statusbar.AlphaOptimizedImageView{a2318d5 VFED..C.. ......ID 0,0-140,179} during layout: running second layout pass
01-11 07:29:46.581 1974 1974 W View : requestLayout() improperly called by android.widget.FrameLayout{511b245 I.E...... ......ID 0,0-780,179 #2bc} during layout: running second layout pass
01-11 07:29:46.581 1974 1974 W View : requestLayout() improperly called by com.android.systemui.statusbar.AlphaOptimizedImageView{4f552bc VFED..C.. ......ID 0,0-140,84} during layout: running second layout pass
01-11 07:29:46.583 1974 1974 W View : requestLayout() improperly called by android.widget.FrameLayout{c40a8ea I.E...... ......ID 0,0-780,179 #2bc} during second layout pass: posting in next frame
01-11 07:29:46.583 1974 1974 W View : requestLayout() improperly called by com.android.systemui.statusbar.AlphaOptimizedImageView{a2318d5 VFED..C.. ......ID 0,0-140,179} during second layout pass: posting in next frame
01-11 07:29:46.583 1974 1974 W View : requestLayout() improperly called by android.widget.FrameLayout{511b245 I.E...... ......ID 0,0-780,179 #2bc} during second layout pass: posting in next frame
01-11 07:29:46.583 1974 1974 W View : requestLayout() improperly called by com.android.systemui.statusbar.AlphaOptimizedImageView{4f552bc VFED..C.. ......ID 0,0-140,84} during second layout pass: posting in next frame
01-11 07:29:46.597 1974 1974 W View : requestLayout() improperly called by android.widget.FrameLayout{c40a8ea I.E...... ......ID 0,0-780,179 #2bc} during layout: running second layout pass
01-11 07:29:46.597 1974 1974 W View : requestLayout() improperly called by com.android.systemui.statusbar.AlphaOptimizedImageView{a2318d5 VFED..C.. ......ID 0,0-140,179} during layout: running second layout pass
01-11 07:29:46.597 1974 1974 W View : requestLayout() improperly called by android.widget.FrameLayout{511b245 I.E...... ......ID 0,0-780,179 #2bc} during layout: running second layout pass
01-11 07:29:46.597 1974 1974 W View : requestLayout() improperly called by com.android.systemui.statusbar.AlphaOptimizedImageView{4f552bc VFED..C.. ......ID 0,0-140,84} during layout: running second layout pass
01-11 07:29:46.600 1974 1974 W View : requestLayout() improperly called by android.widget.FrameLayout{c40a8ea I.E...... ......ID 0,0-780,179 #2bc} during second layout pass: posting in next frame
