01-11 06:54:13.151 2545 2545 I wm_on_restart_called: [11415547,com.android.launcher3.uioverrides.QuickstepLauncher,performRestartActivity]
01-11 06:54:13.171 2545 2545 I wm_on_start_called: [11415547,com.android.launcher3.uioverrides.QuickstepLauncher,handleStartActivity]
01-11 06:54:13.172 12543 12543 I view_enqueue_input_event: [Motion - Cancel,com.baidu.input/com.baidu.input.ImeAppMainActivity]
01-11 06:54:13.172 1504 1699 I input_interaction: Interaction with: edge-swipe (server), swipe-up (server), PointerEventDispatcher0 (server),
01-11 06:54:13.174 1504 1610 I input_focus: [Focus request recents_animation_input_consumer,reason=UpdateInputWindows]
01-11 06:54:13.180 2545 2545 I sysui_latency: [1,57]
01-11 06:54:13.188 1504 1699 I input_focus: [Focus leaving 8d14a64 com.baidu.input/com.baidu.input.ImeAppMainActivity (server),reason=NOT_FOCUSABLE]
01-11 06:54:13.188 1504 1699 I input_focus: [Focus entering recents_animation_input_consumer (server),reason=setFocusedWindow]
01-11 06:54:13.196 1504 1606 I sysui_multi_action: [319,7,322,42,325,10464,757,761,758,9,759,5,806,com.android.launcher3,871,com.android.launcher3.uioverrides.QuickstepLauncher,904,com.android.launcher3,905,0,1320,8,1321,5]
01-11 06:54:13.380 1504 1683 I commit_sys_config_file: [settings-1-0,10]
01-11 06:54:13.487 1504 1616 I sysui_latency: [8,57]
01-11 06:54:13.494 1504 13715 I sysui_multi_action: [757,1513,758,4,805,1673391253494,1514,10096,1515,com.tencent.android.qqdownloader,1516,1003,1517,0,1518,10096,1519,1003,1520,0,1526,com.tencent.android.qqdownloader/com.tencent.qqdownloader.backgroundstart.BackgroundSupportActivity,1527,0,1529,com.tencent.android.qqdownloader:daemon,1530,1003,1531,0,1532,0,1533,0,1534,0,1535,0,1536,0,1538,5253]
01-11 06:54:13.844 1504 1699 I input_interaction: Interaction with: recents_animation_input_consumer (server), edge-swipe (server), swipe-up (server), PointerEventDispatcher0 (server),
01-11 06:54:13.863 1504 8716 I wm_task_moved: [62,1,6]
01-11 06:54:13.863 1504 8716 I wm_task_moved: [63,1,2147483647]
01-11 06:54:13.863 1504 8716 I wm_task_to_front: [0,63]
01-11 06:54:13.864 1504 8716 I wm_focused_root_task: [0,0,62,124,RecentsAnimation.onAnimationFinished()]
01-11 06:54:13.864 1504 8716 I wm_set_resumed_activity: [0,com.android.launcher3/.uioverrides.QuickstepLauncher,RecentsAnimation.onAnimationFinished()]
01-11 06:54:13.865 1504 8716 I wm_pause_activity: [0,85516168,com.baidu.input/.ImeAppMainActivity,userLeaving=true,pauseBackTasks]
01-11 06:54:13.866 1504 8716 I wm_add_to_stopping: [0,85516168,com.baidu.input/.ImeAppMainActivity,makeInvisible]
01-11 06:54:13.867 1504 8716 I wm_set_resumed_activity: [0,com.android.launcher3/.uioverrides.QuickstepLauncher,resumeTopActivityInnerLocked]
01-11 06:54:13.870 1504 8716 I wm_resume_activity: [0,11415547,63,com.android.launcher3/.uioverrides.QuickstepLauncher]
01-11 06:54:13.873 12543 12543 I wm_on_top_resumed_lost_called: [85516168,com.baidu.input.ImeAppMainActivity,topStateChangedWhenResumed]
01-11 06:54:13.874 2545 2545 I wm_on_resume_called: [11415547,com.android.launcher3.uioverrides.QuickstepLauncher,RESUME_ACTIVITY]
01-11 06:54:13.881 1504 1610 I input_focus: [Focus request c8c2ef0 com.android.launcher3/com.android.launcher3.uioverrides.QuickstepLauncher,reason=UpdateInputWindows]
01-11 06:54:13.886 1504 1609 I wm_stop_activity: [0,85516168,com.baidu.input/.ImeAppMainActivity]
01-11 06:54:13.886 1504 1609 I sysui_multi_action: [757,803,799,window_time_0,802,4]
01-11 06:54:13.888 1504 1609 I sysui_multi_action: [757,803,799,window_time_0,802,0]
01-11 06:54:13.889 2545 2545 I wm_on_top_resumed_gained_called: [11415547,com.android.launcher3.uioverrides.QuickstepLauncher,topStateChangedWhenResumed]
01-11 06:54:13.892 12543 12543 I wm_on_paused_called: [85516168,com.baidu.input.ImeAppMainActivity,performPause]
01-11 06:54:13.894 12543 12543 I wm_on_stop_called: [85516168,com.baidu.input.ImeAppMainActivity,STOP_ACTIVITY_ITEM]
01-11 06:54:13.896 1504 1699 I input_focus: [Focus leaving recents_animation_input_consumer (server),reason=NOT_VISIBLE]
01-11 06:54:13.896 1504 1699 I input_focus: [Focus entering c8c2ef0 com.android.launcher3/com.android.launcher3.uioverrides.QuickstepLauncher (server),reason=setFocusedWindow]
01-11 06:54:13.922 1504 1616 I am_pss : [13338,99002,com.android.webview:sandboxed_process0:org.chromium.content.app.SandboxedProcessService0:0,10818560,3043328,0,81739776,0,19,5]
01-11 06:54:13.930 1504 1616 I am_pss : [13388,10097,com.iflytek.inputmethod.assist,30576640,20439040,0,146063360,0,19,6]
01-11 06:54:13.938 1504 1616 I am_pss : [13316,10097,com.iflytek.inputmethod,50514944,39292928,0,172122112,0,19,7]
01-11 06:54:13.950 1504 1616 I am_pss : [13284,10097,com.iflytek.inputmethod.settings,86339584,45637632,0,265662464,0,19,10]
01-11 06:54:13.967 1504 13715 I wm_task_created: [125,-1]
01-11 06:54:13.970 1504 13715 I wm_task_moved: [125,1,7]
01-11 06:54:13.970 1504 13715 I wm_task_to_front: [0,125]
01-11 06:54:13.970 1504 13715 I wm_create_task: [0,125]
01-11 06:54:13.970 1504 13715 I wm_create_activity: [0,84276227,125,com.iflytek.inputmethod/.LauncherActivity,android.intent.action.MAIN,NULL,NULL,278921216]
01-11 06:54:13.970 1504 13715 I wm_task_moved: [125,1,7]
01-11 06:54:13.972 1504 13715 I wm_pause_activity: [0,11415547,com.android.launcher3/.uioverrides.QuickstepLauncher,userLeaving=true,pauseBackTasks]
01-11 06:54:13.977 2545 2545 I wm_on_top_resumed_lost_called: [11415547,com.android.launcher3.uioverrides.QuickstepLauncher,topStateChangedWhenResumed]
01-11 06:54:13.977 2545 2545 I wm_on_paused_called: [11415547,com.android.launcher3.uioverrides.QuickstepLauncher,performPause]
01-11 06:54:13.979 1504 13722 I wm_add_to_stopping: [0,11415547,com.android.launcher3/.uioverrides.QuickstepLauncher,makeInvisible]
01-11 06:54:13.979 1504 13722 I wm_restart_activity: [0,84276227,125,com.iflytek.inputmethod/.LauncherActivity]
01-11 06:54:13.980 1504 13722 I wm_set_resumed_activity: [0,com.iflytek.inputmethod/.LauncherActivity,minimalResumeActivityLocked]
01-11 06:54:13.985 1504 1609 I sysui_multi_action: [757,803,799,window_time_0,802,0]
01-11 06:54:13.992 1504 1699 I input_focus: [Focus leaving c8c2ef0 com.android.launcher3/com.android.launcher3.uioverrides.QuickstepLauncher (server),reason=NO_WINDOW]
01-11 06:54:13.998 1504 1616 I am_pss : [9460,10023,com.android.packageinstaller,25702400,20127744,0,154636288,0,19,6]
01-11 06:54:14.001 1504 13715 I wm_finish_activity: [0,85516168,124,com.baidu.input/.ImeAppMainActivity,app-request]
01-11 06:54:14.002 1504 13715 I wm_destroy_activity: [0,85516168,124,com.baidu.input/.ImeAppMainActivity,finish-imm:finishIfPossible]
01-11 06:54:14.006 1504 13722 I wm_finish_activity: [0,84276227,125,com.iflytek.inputmethod/.LauncherActivity,clear-task-all]
01-11 06:54:14.018 1504 13722 I wm_pause_activity: [0,84276227,com.iflytek.inputmethod/.LauncherActivity,userLeaving=false,finish]
01-11 06:54:14.019 1504 13722 I wm_task_moved: [125,1,7]
01-11 06:54:14.019 1504 13722 I wm_create_activity: [0,219391586,125,com.iflytek.inputmethod/.wizard.WizardActivity,NULL,NULL,NULL,276856832]
01-11 06:54:14.024 12543 12543 I wm_on_destroy_called: [85516168,com.baidu.input.ImeAppMainActivity,performDestroy]
01-11 06:54:14.024 13284 13284 I wm_on_create_called: [84276227,com.iflytek.inputmethod.LauncherActivity,performCreate]
01-11 06:54:14.025 1504 6576 I wm_add_to_stopping: [0,84276227,com.iflytek.inputmethod/.LauncherActivity,completeFinishing]
01-11 06:54:14.026 1504 6576 I wm_restart_activity: [0,219391586,125,com.iflytek.inputmethod/.wizard.WizardActivity]
01-11 06:54:14.026 1504 6576 I wm_set_resumed_activity: [0,com.iflytek.inputmethod/.wizard.WizardActivity,minimalResumeActivityLocked]
01-11 06:54:14.028 1504 1609 I sysui_multi_action: [757,803,799,window_time_0,802,0]
01-11 06:54:14.034 13284 13284 I wm_on_create_called: [219391586,com.iflytek.inputmethod.wizard.WizardActivity,performCreate]
01-11 06:54:14.034 13284 13284 I wm_on_start_called: [219391586,com.iflytek.inputmethod.wizard.WizardActivity,handleStartActivity]
01-11 06:54:14.035 13284 13284 I wm_on_resume_called: [219391586,com.iflytek.inputmethod.wizard.WizardActivity,RESUME_ACTIVITY]
01-11 06:54:14.037 13284 13284 I wm_on_top_resumed_gained_called: [219391586,com.iflytek.inputmethod.wizard.WizardActivity,topStateChangedWhenResumed]
01-11 06:54:14.041 1504 13722 I wm_task_removed: [124,removeChild:removeChild last r=ActivityRecord{518df88 u0 com.baidu.input/.ImeAppMainActivity t-1 f}} in t=Task{986ff59 #124 type=standard A=10033:com.baidu.input.appmain U=0 visible=false mode=fullscreen translucent=true sz=0}]
01-11 06:54:14.041 1504 13722 I wm_task_removed: [124,removeChild]
01-11 06:54:14.045 1504 1504 I sysui_multi_action: [757,128,758,5,759,8,793,20116,794,0,795,20116,796,2,806,com.iflytek.inputmethod,857,iFlytekIme,858,3,947,0,1500,19912,1688,1]
01-11 06:54:14.045 1504 1504 I notification_canceled: [0|com.iflytek.inputmethod|2|null|10097,8,20116,20116,0,-1,-1,NULL]
01-11 06:54:14.046 1504 1610 I input_focus: [Focus request 689c6ae com.iflytek.inputmethod/com.iflytek.inputmethod.wizard.WizardActivity,reason=UpdateInputWindows]
01-11 06:54:14.056 1504 1606 I sysui_multi_action: [319,32,321,29,322,88,325,10465,757,761,758,8,759,1,806,com.iflytek.inputmethod,871,com.iflytek.inputmethod.wizard.WizardActivity,904,com.iflytek.inputmethod,905,0,1320,4,1321,4]
01-11 06:54:14.057 1504 1606 I wm_activity_launch_time: [0,219391586,com.iflytek.inputmethod/.wizard.WizardActivity,88]
01-11 06:54:14.058 1504 1699 I input_focus: [Focus entering 689c6ae com.iflytek.inputmethod/com.iflytek.inputmethod.wizard.WizardActivity (server),reason=setFocusedWindow]
01-11 06:54:14.524 1504 1609 I wm_destroy_activity: [0,84276227,125,com.iflytek.inputmethod/.LauncherActivity,finish-imm:idle]
01-11 06:54:14.524 13284 13284 I wm_on_destroy_called: [84276227,com.iflytek.inputmethod.LauncherActivity,performDestroy]
01-11 06:54:14.524 1504 1609 I wm_stop_activity: [0,11415547,com.android.launcher3/.uioverrides.QuickstepLauncher]
01-11 06:54:14.528 2545 2545 I wm_on_stop_called: [11415547,com.android.launcher3.uioverrides.QuickstepLauncher,STOP_ACTIVITY_ITEM]
01-11 06:54:14.575 0 0 I auditd : type=1400 audit(0.0:12655): avc: denied { kill } for comm="swapper/1" capability=5 scontext=u:r:kernel:s0 tcontext=u:r:kernel:s0 tclass=capability permissive=0
01-11 06:54:15.575 0 0 I auditd : type=1400 audit(0.0:12656): avc: denied { kill } for comm="swapper/1" capability=5 scontext=u:r:kernel:s0 tcontext=u:r:kernel:s0 tclass=capability permissive=0
01-11 06:54:15.798 1504 1699 I input_interaction: Interaction with: 689c6ae com.iflytek.inputmethod/com.iflytek.inputmethod.wizard.WizardActivity (server), edge-swipe (server), swipe-up (server), PointerEventDispatcher0 (server),
01-11 06:54:15.803 1504 12470 I wm_task_moved: [62,0,0]
01-11 06:54:15.803 1504 12470 I wm_task_moved: [62,0,5]
01-11 06:54:15.808 2545 2545 I wm_on_restart_called: [11415547,com.android.launcher3.uioverrides.QuickstepLauncher,performRestartActivity]
01-11 06:54:15.825 2545 2545 I wm_on_start_called: [11415547,com.android.launcher3.uioverrides.QuickstepLauncher,handleStartActivity]
01-11 06:54:15.837 1504 1606 I sysui_multi_action: [319,3,322,32,325,10467,757,761,758,9,759,5,806,com.android.launcher3,871,com.android.launcher3.uioverrides.QuickstepLauncher,904,com.android.launcher3,905,0,1320,8,1321,5]
01-11 06:54:15.854 13284 13284 I view_enqueue_input_event: [Motion - Cancel,com.iflytek.inputmethod/com.iflytek.inputmethod.wizard.WizardActivity]
01-11 06:54:15.860 1504 1699 I input_interaction: Interaction with: edge-swipe (server), swipe-up (server), PointerEventDispatcher0 (server),
01-11 06:54:15.864 2545 2545 I sysui_latency: [1,33]
01-11 06:54:15.872 1504 1610 I input_focus: [Focus request recents_animation_input_consumer,reason=UpdateInputWindows]
01-11 06:54:15.894 1504 1699 I input_focus: [Focus leaving 689c6ae com.iflytek.inputmethod/com.iflytek.inputmethod.wizard.WizardActivity (server),reason=NOT_FOCUSABLE]
01-11 06:54:15.894 1504 1699 I input_focus: [Focus entering recents_animation_input_consumer (server),reason=setFocusedWindow]
01-11 06:54:15.920 1504 1733 I netstats_mobile_sample: [0,0,0,0,0,0,0,0,0,0,0,0,1673391255920]
01-11 06:54:15.920 1504 1733 I netstats_wifi_sample: [365424543,492485,125677529,299841,365424543,492485,125677529,299841,434676776,670528,64423528,170116,1673391255920]
01-11 06:54:16.027 1504 1683 I commit_sys_config_file: [settings-1-0,3]
01-11 06:54:16.136 1504 1616 I sysui_latency: [8,35]
01-11 06:54:16.531 1504 6576 I wm_task_moved: [62,1,6]
01-11 06:54:16.532 1504 6576 I wm_focused_root_task: [0,0,62,125,RecentsAnimation.onAnimationFinished()]
01-11 06:54:16.533 13284 13284 I wm_on_top_resumed_lost_called: [219391586,com.iflytek.inputmethod.wizard.WizardActivity,topStateChangedWhenResumed]
01-11 06:54:16.534 1504 6576 I wm_pause_activity: [0,219391586,com.iflytek.inputmethod/.wizard.WizardActivity,userLeaving=false,pauseBackTasks]
01-11 06:54:16.535 1504 6576 I wm_set_resumed_activity: [0,com.android.launcher3/.uioverrides.QuickstepLauncher,resumeTopActivityInnerLocked]
01-11 06:54:16.537 1504 6576 I wm_resume_activity: [0,11415547,63,com.android.launcher3/.uioverrides.QuickstepLauncher]
01-11 06:54:16.537 1504 6576 I wm_add_to_stopping: [0,219391586,com.iflytek.inputmethod/.wizard.WizardActivity,makeInvisible]
01-11 06:54:16.537 2545 2545 I wm_on_resume_called: [11415547,com.android.launcher3.uioverrides.QuickstepLauncher,RESUME_ACTIVITY]
01-11 06:54:16.541 1504 1610 I input_focus: [Focus request c8c2ef0 com.android.launcher3/com.android.launcher3.uioverrides.QuickstepLauncher,reason=UpdateInputWindows]
01-11 06:54:16.541 13284 13284 I wm_on_paused_called: [219391586,com.iflytek.inputmethod.wizard.WizardActivity,performPause]
01-11 06:54:16.547 1504 1699 I input_focus: [Focus leaving recents_animation_input_consumer (server),reason=NOT_VISIBLE]
01-11 06:54:16.552 1504 1609 I sysui_multi_action: [757,803,799,window_time_0,802,2]
01-11 06:54:16.555 1504 1609 I wm_stop_activity: [0,219391586,com.iflytek.inputmethod/.wizard.WizardActivity]
01-11 06:54:16.556 1504 1609 I sysui_multi_action: [757,803,799,window_time_0,802,0]
01-11 06:54:16.562 1504 1699 I input_focus: [Focus entering c8c2ef0 com.android.launcher3/com.android.launcher3.uioverrides.QuickstepLauncher (server),reason=setFocusedWindow]
01-11 06:54:16.571 13284 13284 I wm_on_stop_called: [219391586,com.iflytek.inputmethod.wizard.WizardActivity,STOP_ACTIVITY_ITEM]
01-11 06:54:16.590 1504 1504 I notification_enqueue: [10097,13388,com.iflytek.inputmethod,2,NULL,0,Notification(channel=iFlytekIme shortcut=null contentView=com.iflytek.inputmethod/0x7f030154 vibrate=null sound=null defaults=0x0 flags=0x12 color=0x00000000 vis=PRIVATE),0]
01-11 06:54:16.590 2545 2545 I wm_on_top_resumed_gained_called: [11415547,com.android.launcher3.uioverrides.QuickstepLauncher,topStateChangedWhenResumed]
01-11 06:54:16.754 1504 1683 I commit_sys_config_file: [settings-1-0,6]
01-11 06:54:16.793 1504 1504 I sysui_multi_action: [757,1501,758,1,793,205,794,0,795,205,796,2,806,com.iflytek.inputmethod,857,iFlytekIme,858,3,947,0,1500,0,1688,1]
01-11 06:54:16.793 1504 1504 I sysui_multi_action: [757,804,799,note_interruptive,801,0,802,1]
01-11 06:54:16.794 1504 1504 I sysui_multi_action: [757,1501,758,1,793,207,794,0,795,207,796,2,806,com.iflytek.inputmethod,857,iFlytekIme,858,3,947,0,1500,0,1688,1]
01-11 06:54:16.794 1504 1504 I sysui_multi_action: [757,804,799,note_interruptive,801,0,802,1]
01-11 06:54:16.794 1504 1504 I sysui_multi_action: [757,199,758,1,759,1,793,207,794,0,795,207,796,2,806,com.iflytek.inputmethod,857,iFlytekIme,858,3,947,0,1500,0,1688,1]
01-11 06:54:16.795 1504 1504 I notification_alert: [0|com.iflytek.inputmethod|2|null|10097,1,0,0]
01-11 06:54:17.388 1504 1733 I netstats_mobile_sample: [0,0,0,0,0,0,0,0,0,0,0,0,1673391257388]
01-11 06:54:17.388 1504 1733 I netstats_wifi_sample: [371946899,497319,125795379,300906,371946899,497319,125795379,300906,441238906,675383,64527382,171152,1673391257388]
01-11 06:54:17.467 13792 13792 I auditd : type=1400 audit(0.0:12657): avc: denied { read } for comm="qimei-s-thread-" name="u:object_r:wifi_hal_prop:s0" dev="tmpfs" ino=2394 scontext=u:r:untrusted_app_27:s0:c512,c768 tcontext=u:object_r:wifi_hal_prop:s0 tclass=file permissive=0 app=com.tencent.android.qqdownloader
01-11 06:54:17.475 13792 13792 I auditd : type=1400 audit(0.0:12658): avc: denied { read } for comm="qimei-s-thread-" name="ioports" dev="proc" ino=4026532282 scontext=u:r:untrusted_app_27:s0:c512,c768 tcontext=u:object_r:proc:s0 tclass=file permissive=0 app=com.tencent.android.qqdownloader
01-11 06:54:17.491 13792 13792 I auditd : type=1400 audit(0.0:12659): avc: granted { nlmsg_readpriv } for comm="qimei-s-thread-" scontext=u:r:untrusted_app_27:s0:c512,c768 tcontext=u:r:untrusted_app_27:s0:c512,c768 tclass=netlink_route_socket app=com.tencent.android.qqdownloader
01-11 06:54:17.575 0 0 I auditd : type=1400 audit(0.0:12660): avc: denied { kill } for comm="swapper/5" capability=5 scontext=u:r:kernel:s0 tcontext=u:r:kernel:s0 tclass=capability permissive=0
01-11 06:54:18.412 1504 1616 I am_pss : [13792,10096,com.tencent.android.qqdownloader,47281152,32600064,0,141271040,0,4,9]
01-11 06:54:18.424 1504 1616 I am_pss : [13728,10096,com.tencent.android.qqdownloader:daemon,50680832,35962880,0,143949824,0,4,8]
01-11 06:54:18.431 1504 1616 I am_pss : [13829,10096,com.tencent.android.qqdownloader:cloud,18265088,8048640,0,97648640,0,4,5]
01-11 06:54:18.575 0 0 I auditd : type=1400 audit(0.0:12661): avc: denied { kill } for comm="swapper/5" capability=5 scontext=u:r:kernel:s0 tcontext=u:r:kernel:s0 tclass=capability permissive=0
01-11 06:54:19.026 1504 1733 I netstats_mobile_sample: [0,0,0,0,0,0,0,0,0,0,0,0,1673391259026]
01-11 06:54:19.026 1504 1733 I netstats_wifi_sample: [378346089,502039,125878480,301565,378346089,502039,125878480,301565,447637447,680091,64602262,171794,1673391259026]
01-11 06:54:19.041 1504 1699 I input_interaction: Interaction with: c8c2ef0 com.android.launcher3/com.android.launcher3.uioverrides.QuickstepLauncher (server), dbb0197 com.android.systemui.ImageWallpaper (server), edge-swipe (server), swipe-up (server), PointerEventDispatcher0 (server),
01-11 06:54:19.467 14437 14437 I auditd : type=1400 audit(0.0:12662): avc: denied { read } for comm="ps" name="pid_max" dev="proc" ino=50897 scontext=u:r:untrusted_app_27:s0:c512,c768 tcontext=u:object_r:proc_pid_max:s0 tclass=file permissive=0 app=com.tencent.android.qqdownloader
01-11 06:54:19.575 0 0 I auditd : type=1400 audit(0.0:12663): avc: denied { kill } for comm="swapper/5" capability=5 scontext=u:r:kernel:s0 tcontext=u:r:kernel:s0 tclass=capability permissive=0
01-11 06:54:20.498 1504 8716 I wm_task_created: [126,-1]
01-11 06:54:20.500 1504 8716 I service_manager_stats: [100,58,19993]
01-11 06:54:20.501 1504 8716 I wm_task_moved: [126,1,7]
01-11 06:54:20.501 1504 8716 I wm_task_to_front: [0,126]
01-11 06:54:20.502 1504 8716 I wm_create_task: [0,126]
01-11 06:54:20.502 1504 8716 I wm_create_activity: [0,55313158,126,com.baidu.input/.ImeAppMainActivity,android.intent.action.MAIN,NULL,NULL,278921216]
01-11 06:54:20.502 1504 8716 I wm_task_moved: [126,1,7]
01-11 06:54:20.503 1504 8716 I wm_pause_activity: [0,11415547,com.android.launcher3/.uioverrides.QuickstepLauncher,userLeaving=true,pauseBackTasks]
01-11 06:54:20.509 2545 2545 I wm_on_top_resumed_lost_called: [11415547,com.android.launcher3.uioverrides.QuickstepLauncher,topStateChangedWhenResumed]
01-11 06:54:20.510 2545 2545 I wm_on_paused_called: [11415547,com.android.launcher3.uioverrides.QuickstepLauncher,performPause]
01-11 06:54:20.511 1504 12470 I wm_add_to_stopping: [0,11415547,com.android.launcher3/.uioverrides.QuickstepLauncher,makeInvisible]
01-11 06:54:20.511 1504 12470 I wm_restart_activity: [0,55313158,126,com.baidu.input/.ImeAppMainActivity]
01-11 06:54:20.512 1504 12470 I wm_set_resumed_activity: [0,com.baidu.input/.ImeAppMainActivity,minimalResumeActivityLocked]
01-11 06:54:20.521 1504 1609 I sysui_multi_action: [757,803,799,window_time_0,802,4]
01-11 06:54:20.540 1504 1699 I input_focus: [Focus leaving c8c2ef0 com.android.launcher3/com.android.launcher3.uioverrides.QuickstepLauncher (server),reason=NO_WINDOW]
01-11 06:54:20.550 12543 12543 I wm_on_create_called: [55313158,com.baidu.input.ImeAppMainActivity,performCreate]
01-11 06:54:20.551 12543 12543 I wm_on_start_called: [55313158,com.baidu.input.ImeAppMainActivity,handleStartActivity]
01-11 06:54:20.555 12543 12543 I wm_on_resume_called: [55313158,com.baidu.input.ImeAppMainActivity,RESUME_ACTIVITY]
01-11 06:54:20.557 12543 12543 I wm_on_top_resumed_gained_called: [55313158,com.baidu.input.ImeAppMainActivity,topStateChangedWhenResumed]
01-11 06:54:20.575 1504 1610 I input_focus: [Focus request 7ff3b42 com.baidu.input/com.baidu.input.ImeAppMainActivity,reason=UpdateInputWindows]
01-11 06:54:20.584 1504 1606 I sysui_multi_action: [319,39,321,37,322,86,325,10471,757,761,758,8,759,1,806,com.baidu.input,871,com.baidu.input.ImeAppMainActivity,904,com.android.launcher3,905,0,1320,4,1321,4]
01-11 06:54:20.585 1504 1606 I wm_activity_launch_time: [0,55313158,com.baidu.input/.ImeAppMainActivity,86]
01-11 06:54:20.590 1504 1699 I input_focus: [Focus entering 7ff3b42 com.baidu.input/com.baidu.input.ImeAppMainActivity (server),reason=setFocusedWindow]
01-11 06:54:20.607 1504 8716 I wm_finish_activity: [0,219391586,125,com.iflytek.inputmethod/.wizard.WizardActivity,recent-task-trimmed]
01-11 06:54:20.607 1504 8716 I wm_destroy_activity: [0,219391586,125,com.iflytek.inputmethod/.wizard.WizardActivity,finish-imm:finishIfPossible]
01-11 06:54:20.608 1504 1609 I sysui_multi_action: [757,803,799,window_time_0,802,0]
01-11 06:54:20.615 13284 13284 I wm_on_destroy_called: [219391586,com.iflytek.inputmethod.wizard.WizardActivity,performDestroy]
01-11 06:54:20.618 1504 2863 I wm_task_removed: [125,removeChild:removeChild last r=ActivityRecord{d13a662 u0 com.iflytek.inputmethod/.wizard.WizardActivity t-1 f}} in t=Task{66a7875 #125 type=standard A=10097:com.iflytek.inputmethod U=0 visible=false mode=fullscreen translucent=true sz=0}]
01-11 06:54:20.618 1504 2863 I wm_task_removed: [125,removeChild]
01-11 06:54:20.878 1504 2012 I ntp_failure: [time.android.com/2001:4860:4806:4::,java.net.SocketTimeoutException: Poll timed out]
01-11 06:54:21.074 1504 1609 I wm_stop_activity: [0,11415547,com.android.launcher3/.uioverrides.QuickstepLauncher]
01-11 06:54:21.077 2545 2545 I wm_on_stop_called: [11415547,com.android.launcher3.uioverrides.QuickstepLauncher,STOP_ACTIVITY_ITEM]
01-11 06:54:21.576 1504 1699 I input_interaction: Interaction with: 7ff3b42 com.baidu.input/com.baidu.input.ImeAppMainActivity (server), edge-swipe (server), swipe-up (server), PointerEventDispatcher0 (server),
01-11 06:54:21.580 1504 8716 I wm_task_moved: [62,0,0]
01-11 06:54:21.580 1504 8716 I wm_task_moved: [62,0,5]
01-11 06:54:21.575 0 0 I auditd : type=1400 audit(0.0:12664): avc: denied { kill } for comm="swapper/6" capability=5 scontext=u:r:kernel:s0 tcontext=u:r:kernel:s0 tclass=capability permissive=0
01-11 06:54:21.587 2545 2545 I wm_on_restart_called: [11415547,com.android.launcher3.uioverrides.QuickstepLauncher,performRestartActivity]
01-11 06:54:21.596 2545 2545 I wm_on_start_called: [11415547,com.android.launcher3.uioverrides.QuickstepLauncher,handleStartActivity]
01-11 06:54:21.616 1504 1606 I sysui_multi_action: [319,3,322,34,325,10472,757,761,758,9,759,5,806,com.android.launcher3,871,com.android.launcher3.uioverrides.QuickstepLauncher,904,com.android.launcher3,905,0,1320,8,1321,5]
01-11 06:54:21.680 12543 12543 I view_enqueue_input_event: [Motion - Cancel,com.baidu.input/com.baidu.input.ImeAppMainActivity]
01-11 06:54:21.686 1504 1699 I input_interaction: Interaction with: edge-swipe (server), swipe-up (server), PointerEventDispatcher0 (server),
01-11 06:54:21.690 2545 2545 I sysui_latency: [1,35]
01-11 06:54:21.700 1504 1610 I input_focus: [Focus request recents_animation_input_consumer,reason=UpdateInputWindows]
01-11 06:54:21.725 1504 1699 I input_focus: [Focus leaving 7ff3b42 com.baidu.input/com.baidu.input.ImeAppMainActivity (server),reason=NOT_FOCUSABLE]
01-11 06:54:21.725 1504 1699 I input_focus: [Focus entering recents_animation_input_consumer (server),reason=setFocusedWindow]
01-11 06:54:21.796 1504 1683 I commit_sys_config_file: [settings-1-0,1]
01-11 06:54:21.916 1504 1616 I sysui_latency: [8,37]
01-11 06:54:22.346 1504 2244 I wm_task_moved: [62,1,6]
01-11 06:54:22.346 1504 2244 I wm_focused_root_task: [0,0,62,126,RecentsAnimation.onAnimationFinished()]
01-11 06:54:22.348 1504 2244 I wm_pause_activity: [0,55313158,com.baidu.input/.ImeAppMainActivity,userLeaving=false,pauseBackTasks]
01-11 06:54:22.348 1504 1733 I netstats_mobile_sample: [0,0,0,0,0,0,0,0,0,0,0,0,1673391262348]
01-11 06:54:22.348 1504 1733 I netstats_wifi_sample: [380464292,504034,126029783,302662,380464292,504034,126029783,302662,449787470,682084,64731468,172847,1673391262348]
01-11 06:54:22.348 1504 2244 I wm_set_resumed_activity: [0,com.android.launcher3/.uioverrides.QuickstepLauncher,resumeTopActivityInnerLocked]
01-11 06:54:22.349 1504 2244 I wm_resume_activity: [0,11415547,63,com.android.launcher3/.uioverrides.QuickstepLauncher]
01-11 06:54:22.349 1504 2244 I wm_add_to_stopping: [0,55313158,com.baidu.input/.ImeAppMainActivity,makeInvisible]
01-11 06:54:22.349 2545 2545 I wm_on_resume_called: [11415547,com.android.launcher3.uioverrides.QuickstepLauncher,RESUME_ACTIVITY]
01-11 06:54:22.352 1504 1610 I input_focus: [Focus request c8c2ef0 com.android.launcher3/com.android.launcher3.uioverrides.QuickstepLauncher,reason=UpdateInputWindows]
01-11 06:54:22.353 1504 1609 I sysui_multi_action: [757,803,799,window_time_0,802,2]
01-11 06:54:22.354 1504 3032 I wm_stop_activity: [0,55313158,com.baidu.input/.ImeAppMainActivity]
01-11 06:54:22.356 1504 1609 I sysui_multi_action: [757,803,799,window_time_0,802,0]
01-11 06:54:22.360 1504 1699 I input_focus: [Focus leaving recents_animation_input_consumer (server),reason=NOT_VISIBLE]
01-11 06:54:22.364 12543 12543 I wm_on_top_resumed_lost_called: [55313158,com.baidu.input.ImeAppMainActivity,topStateChangedWhenResumed]
01-11 06:54:22.369 12543 12543 I wm_on_paused_called: [55313158,com.baidu.input.ImeAppMainActivity,performPause]
01-11 06:54:22.374 12543 12543 I wm_on_stop_called: [55313158,com.baidu.input.ImeAppMainActivity,STOP_ACTIVITY_ITEM]
01-11 06:54:22.376 1504 1699 I input_focus: [Focus entering c8c2ef0 com.android.launcher3/com.android.launcher3.uioverrides.QuickstepLauncher (server),reason=setFocusedWindow]
01-11 06:54:22.395 2545 2545 I wm_on_top_resumed_gained_called: [11415547,com.android.launcher3.uioverrides.QuickstepLauncher,topStateChangedWhenResumed]
01-11 06:54:22.405 1504 3032 I wm_finish_activity: [0,55313158,126,com.baidu.input/.ImeAppMainActivity,app-request]
01-11 06:54:22.405 1504 3032 I wm_destroy_activity: [0,55313158,126,com.baidu.input/.ImeAppMainActivity,finish-imm:finishIfPossible]
01-11 06:54:22.415 12543 12543 I wm_on_destroy_called: [55313158,com.baidu.input.ImeAppMainActivity,performDestroy]
01-11 06:54:22.428 1504 2244 I wm_task_removed: [126,removeChild:removeChild last r=ActivityRecord{34c0306 u0 com.baidu.input/.ImeAppMainActivity t-1 f}} in t=Task{c402ebf #126 type=standard A=10033:com.baidu.input.appmain U=0 visible=false mode=fullscreen translucent=true sz=0}]
01-11 06:54:22.428 1504 2244 I wm_task_removed: [126,removeChild]
01-11 06:54:22.491 13792 13792 I auditd : type=1400 audit(0.0:12665): avc: granted { execute } for comm="gatherer-1-thre" path="/data/user/0/com.tencent.android.qqdownloader/app_e_qq_com_plugin_new_84e5596443427f53efca4e1d48972f33/libturingga.so" dev="dm-10" ino=13450 scontext=u:r:untrusted_app_27:s0:c512,c768 tcontext=u:object_r:app_data_file:s0:c512,c768 tclass=file app=com.tencent.android.qqdownloader
01-11 06:54:22.571 1504 1683 I commit_sys_config_file: [settings-1-0,5]
01-11 06:54:22.575 0 0 I auditd : type=1400 audit(0.0:12666): avc: denied { kill } for comm="swapper/6" capability=5 scontext=u:r:kernel:s0 tcontext=u:r:kernel:s0 tclass=capability permissive=0
01-11 06:54:23.063 13792 13792 I auditd : type=1400 audit(0.0:12667): avc: denied { read } for comm="TuringFdCore_66" name="tcp" dev="proc" ino=4026532265 scontext=u:r:untrusted_app_27:s0:c512,c768 tcontext=u:object_r:proc_net_tcp_udp:s0 tclass=file permissive=0 app=com.tencent.android.qqdownloader
01-11 06:54:23.063 13792 13792 I auditd : type=1400 audit(0.0:12668): avc: denied { read } for comm="TuringFdCore_66" name="tcp6" dev="proc" ino=4026533087 scontext=u:r:untrusted_app_27:s0:c512,c768 tcontext=u:object_r:proc_net_tcp_udp:s0 tclass=file permissive=0 app=com.tencent.android.qqdownloader
01-11 06:54:23.291 13792 13792 I auditd : type=1400 audit(0.0:12669): avc: granted { nlmsg_readpriv } for comm="TuringFdCore_66" scontext=u:r:untrusted_app_27:s0:c512,c768 tcontext=u:r:untrusted_app_27:s0:c512,c768 tclass=netlink_route_socket app=com.tencent.android.qqdownloader
01-11 06:54:23.575 0 0 I auditd : type=1400 audit(0.0:12731): avc: denied { kill } for comm="swapper/6" capability=5 scontext=u:r:kernel:s0 tcontext=u:r:kernel:s0 tclass=capability permissive=0
01-11 06:54:24.575 0 0 I auditd : type=1400 audit(0.0:12732): avc: denied { kill } for comm="swapper/6" capability=5 scontext=u:r:kernel:s0 tcontext=u:r:kernel:s0 tclass=capability permissive=0
01-11 06:54:24.760 1504 1699 I input_interaction: Interaction with: c8c2ef0 com.android.launcher3/com.android.launcher3.uioverrides.QuickstepLauncher (server), dbb0197 com.android.systemui.ImageWallpaper (server), edge-swipe (server), swipe-up (server), PointerEventDispatcher0 (server),
01-11 06:54:25.575 1601 1601 I auditd : type=1400 audit(0.0:12733): avc: denied { kill } for comm="irq/394-atmel_m" capability=5 scontext=u:r:kernel:s0 tcontext=u:r:kernel:s0 tclass=capability permissive=0
01-11 06:54:25.851 2545 2545 I view_enqueue_input_event: [Motion - Cancel,com.android.launcher3/com.android.launcher3.uioverrides.QuickstepLauncher]
01-11 06:54:25.855 1504 1699 I input_interaction: Interaction with: edge-swipe (server), swipe-up (server), PointerEventDispatcher0 (server),
01-11 06:54:25.885 1504 2012 I ntp_failure: [time.android.com/2001:4860:4806::,java.net.SocketTimeoutException: Poll timed out]
01-11 06:54:26.575 1601 1601 I auditd : type=1400 audit(0.0:12734): avc: denied { kill } for comm="irq/394-atmel_m" capability=5 scontext=u:r:kernel:s0 tcontext=u:r:kernel:s0 tclass=capability permissive=0
01-11 06:54:27.250 1504 1699 I input_interaction: Interaction with: c8c2ef0 com.android.launcher3/com.android.launcher3.uioverrides.QuickstepLauncher (server), dbb0197 com.android.systemui.ImageWallpaper (server), edge-swipe (server), swipe-up (server), PointerEventDispatcher0 (server),
01-11 06:54:27.368 1504 8716 I wm_task_created: [127,-1]
01-11 06:54:27.371 1504 8716 I wm_task_moved: [127,1,6]
01-11 06:54:27.371 1504 8716 I wm_task_to_front: [0,127]
01-11 06:54:27.372 1504 8716 I wm_create_task: [0,127]
01-11 06:54:27.372 1504 8716 I wm_create_activity: [0,214593966,127,com.baidu.input/.ImeAppMainActivity,android.intent.action.MAIN,NULL,NULL,278921216]
01-11 06:54:27.372 1504 8716 I wm_task_moved: [127,1,6]
01-11 06:54:27.373 1504 8716 I wm_pause_activity: [0,11415547,com.android.launcher3/.uioverrides.QuickstepLauncher,userLeaving=true,pauseBackTasks]
01-11 06:54:27.378 2545 2545 I wm_on_top_resumed_lost_called: [11415547,com.android.launcher3.uioverrides.QuickstepLauncher,topStateChangedWhenResumed]
01-11 06:54:27.380 2545 2545 I wm_on_paused_called: [11415547,com.android.launcher3.uioverrides.QuickstepLauncher,performPause]
01-11 06:54:27.382 1504 2244 I wm_add_to_stopping: [0,11415547,com.android.launcher3/.uioverrides.QuickstepLauncher,makeInvisible]
01-11 06:54:27.382 1504 2244 I wm_restart_activity: [0,214593966,127,com.baidu.input/.ImeAppMainActivity]
01-11 06:54:27.382 1504 2244 I wm_set_resumed_activity: [0,com.baidu.input/.ImeAppMainActivity,minimalResumeActivityLocked]
01-11 06:54:27.387 1504 1609 I sysui_multi_action: [757,803,799,window_time_0,802,5]
01-11 06:54:27.406 1504 1699 I input_focus: [Focus leaving c8c2ef0 com.android.launcher3/com.android.launcher3.uioverrides.QuickstepLauncher (server),reason=NO_WINDOW]
01-11 06:54:27.406 12543 12543 I wm_on_create_called: [214593966,com.baidu.input.ImeAppMainActivity,performCreate]
01-11 06:54:27.407 12543 12543 I wm_on_start_called: [214593966,com.baidu.input.ImeAppMainActivity,handleStartActivity]
01-11 06:54:27.411 12543 12543 I wm_on_resume_called: [214593966,com.baidu.input.ImeAppMainActivity,RESUME_ACTIVITY]
01-11 06:54:27.414 12543 12543 I wm_on_top_resumed_gained_called: [214593966,com.baidu.input.ImeAppMainActivity,topStateChangedWhenResumed]
01-11 06:54:27.426 1504 1610 I input_focus: [Focus request 4fc866a com.baidu.input/com.baidu.input.ImeAppMainActivity,reason=UpdateInputWindows]
01-11 06:54:27.438 1504 1606 I sysui_multi_action: [319,43,321,41,322,71,325,10478,757,761,758,8,759,1,806,com.baidu.input,871,com.baidu.input.ImeAppMainActivity,904,com.android.launcher3,905,0,1320,4,1321,4]
01-11 06:54:27.438 1504 1606 I wm_activity_launch_time: [0,214593966,com.baidu.input/.ImeAppMainActivity,71]
01-11 06:54:27.440 1504 1699 I input_focus: [Focus entering 4fc866a com.baidu.input/com.baidu.input.ImeAppMainActivity (server),reason=setFocusedWindow]
01-11 06:54:27.575 1601 1601 I auditd : type=1400 audit(0.0:12735): avc: denied { kill } for comm="irq/394-atmel_m" capability=5 scontext=u:r:kernel:s0 tcontext=u:r:kernel:s0 tclass=capability permissive=0
01-11 06:54:27.651 13792 13792 I auditd : type=1400 audit(0.0:12736): avc: denied { read } for comm="TuringFdCore_66" name="tcp" dev="proc" ino=4026532265 scontext=u:r:untrusted_app_27:s0:c512,c768 tcontext=u:object_r:proc_net_tcp_udp:s0 tclass=file permissive=0 app=com.tencent.android.qqdownloader
01-11 06:54:27.651 13792 13792 I auditd : type=1400 audit(0.0:12737): avc: denied { read } for comm="TuringFdCore_66" name="tcp6" dev="proc" ino=4026533087 scontext=u:r:untrusted_app_27:s0:c512,c768 tcontext=u:object_r:proc_net_tcp_udp:s0 tclass=file permissive=0 app=com.tencent.android.qqdownloader
01-11 06:54:27.851 13792 13792 I auditd : type=1400 audit(0.0:12738): avc: denied { read } for comm="TuringFdCore_66" name="version" dev="proc" ino=4026532247 scontext=u:r:untrusted_app_27:s0:c512,c768 tcontext=u:object_r:proc_version:s0 tclass=file permissive=0 app=com.tencent.android.qqdownloader
01-11 06:54:27.863 14561 14561 I auditd : type=1400 audit(0.0:12739): avc: denied { search } for comm="df" name="vendor" dev="tmpfs" ino=12180 scontext=u:r:untrusted_app_27:s0:c512,c768 tcontext=u:object_r:mnt_vendor_file:s0 tclass=dir permissive=0 app=com.tencent.android.qqdownloader
01-11 06:54:27.863 14561 14561 I auditd : type=1400 audit(0.0:12740): avc: denied { search } for comm="df" name="vendor" dev="tmpfs" ino=12180 scontext=u:r:untrusted_app_27:s0:c512,c768 tcontext=u:object_r:mnt_vendor_file:s0 tclass=dir permissive=0 app=com.tencent.android.qqdownloader
01-11 06:54:27.940 1504 1609 I wm_stop_activity: [0,11415547,com.android.launcher3/.uioverrides.QuickstepLauncher]
01-11 06:54:27.945 2545 2545 I wm_on_stop_called: [11415547,com.android.launcher3.uioverrides.QuickstepLauncher,STOP_ACTIVITY_ITEM]
01-11 06:54:28.539 1504 1699 I input_interaction: Interaction with: 4fc866a com.baidu.input/com.baidu.input.ImeAppMainActivity (server), edge-swipe (server), swipe-up (server), PointerEventDispatcher0 (server),
01-11 06:54:28.544 1504 2244 I wm_task_moved: [62,0,0]
01-11 06:54:28.544 1504 2244 I wm_task_moved: [62,0,5]
01-11 06:54:28.546 2545 2545 I wm_on_restart_called: [11415547,com.android.launcher3.uioverrides.QuickstepLauncher,performRestartActivity]
01-11 06:54:28.553 2545 2545 I wm_on_start_called: [11415547,com.android.launcher3.uioverrides.QuickstepLauncher,handleStartActivity]
01-11 06:54:28.565 1504 1606 I sysui_multi_action: [319,3,322,19,325,10479,757,761,758,9,759,5,806,com.android.launcher3,871,com.android.launcher3.uioverrides.QuickstepLauncher,904,com.android.launcher3,905,0,1320,8,1321,5]
01-11 06:54:28.575 12543 12543 I view_enqueue_input_event: [Motion - Cancel,com.baidu.input/com.baidu.input.ImeAppMainActivity]
01-11 06:54:28.581 1504 1699 I input_interaction: Interaction with: edge-swipe (server), swipe-up (server), PointerEventDispatcher0 (server),
01-11 06:54:28.584 2545 2545 I sysui_latency: [1,22]
01-11 06:54:28.596 1504 1610 I input_focus: [Focus request recents_animation_input_consumer,reason=UpdateInputWindows]
01-11 06:54:28.609 1504 1699 I input_focus: [Focus leaving 4fc866a com.baidu.input/com.baidu.input.ImeAppMainActivity (server),reason=NOT_FOCUSABLE]
01-11 06:54:28.609 1504 1699 I input_focus: [Focus entering recents_animation_input_consumer (server),reason=setFocusedWindow]
01-11 06:54:28.754 1504 1683 I commit_sys_config_file: [settings-1-0,1]
01-11 06:54:28.864 1504 1616 I sysui_latency: [8,22]
01-11 06:54:29.260 1504 8716 I wm_task_moved: [62,1,6]
01-11 06:54:29.261 1504 8716 I wm_task_moved: [63,1,2147483647]
01-11 06:54:29.261 1504 8716 I wm_task_to_front: [0,63]
01-11 06:54:29.261 12543 12543 I wm_on_top_resumed_lost_called: [214593966,com.baidu.input.ImeAppMainActivity,topStateChangedWhenResumed]
01-11 06:54:29.261 1504 8716 I wm_focused_root_task: [0,0,62,127,RecentsAnimation.onAnimationFinished()]
01-11 06:54:29.261 1504 8716 I wm_set_resumed_activity: [0,com.android.launcher3/.uioverrides.QuickstepLauncher,RecentsAnimation.onAnimationFinished()]
01-11 06:54:29.262 1504 8716 I wm_pause_activity: [0,214593966,com.baidu.input/.ImeAppMainActivity,userLeaving=true,pauseBackTasks]
01-11 06:54:29.262 1504 8716 I wm_add_to_stopping: [0,214593966,com.baidu.input/.ImeAppMainActivity,makeInvisible]
01-11 06:54:29.262 1504 8716 I wm_set_resumed_activity: [0,com.android.launcher3/.uioverrides.QuickstepLauncher,resumeTopActivityInnerLocked]
01-11 06:54:29.265 1504 8716 I wm_resume_activity: [0,11415547,63,com.android.launcher3/.uioverrides.QuickstepLauncher]
01-11 06:54:29.266 2545 2545 I wm_on_resume_called: [11415547,com.android.launcher3.uioverrides.QuickstepLauncher,RESUME_ACTIVITY]
01-11 06:54:29.269 1504 1610 I input_focus: [Focus request c8c2ef0 com.android.launcher3/com.android.launcher3.uioverrides.QuickstepLauncher,reason=UpdateInputWindows]
01-11 06:54:29.269 2545 2545 I wm_on_top_resumed_gained_called: [11415547,com.android.launcher3.uioverrides.QuickstepLauncher,topStateChangedWhenResumed]
01-11 06:54:29.271 1504 1609 I wm_stop_activity: [0,214593966,com.baidu.input/.ImeAppMainActivity]
01-11 06:54:29.271 1504 1609 I sysui_multi_action: [757,803,799,window_time_0,802,2]
01-11 06:54:29.272 1504 1609 I sysui_multi_action: [757,803,799,window_time_0,802,0]
01-11 06:54:29.275 1504 1699 I input_interaction: Interaction with: recents_animation_input_consumer (server), edge-swipe (server), swipe-up (server), PointerEventDispatcher0 (server),
01-11 06:54:29.278 12543 12543 I wm_on_paused_called: [214593966,com.baidu.input.ImeAppMainActivity,performPause]
01-11 06:54:29.279 1504 1699 I input_focus: [Focus leaving recents_animation_input_consumer (server),reason=NOT_VISIBLE]
01-11 06:54:29.293 1504 1699 I input_focus: [Focus entering c8c2ef0 com.android.launcher3/com.android.launcher3.uioverrides.QuickstepLauncher (server),reason=setFocusedWindow]
01-11 06:54:29.294 12543 12543 I wm_on_stop_called: [214593966,com.baidu.input.ImeAppMainActivity,STOP_ACTIVITY_ITEM]
01-11 06:54:29.295 1504 1616 I am_pss : [13728,10096,com.tencent.android.qqdownloader:daemon,46991360,32215040,0,140623872,0,4,9]
01-11 06:54:29.310 1504 1616 I am_pss : [13792,10096,com.tencent.android.qqdownloader,97920000,80818176,0,197976064,0,4,11]
01-11 06:54:29.316 1504 4663 I wm_finish_activity: [0,214593966,127,com.baidu.input/.ImeAppMainActivity,app-request]
01-11 06:54:29.316 1504 4663 I wm_destroy_activity: [0,214593966,127,com.baidu.input/.ImeAppMainActivity,finish-imm:finishIfPossible]
01-11 06:54:29.318 1504 1616 I am_pss : [13829,10096,com.tencent.android.qqdownloader:cloud,18689024,8474624,0,98058240,0,4,6]
01-11 06:54:29.330 1504 1616 I am_pss : [13724,10031,com.microsoft.emmx,42330112,37789696,0,143364096,0,19,8]
01-11 06:54:29.330 12543 12543 I wm_on_destroy_called: [214593966,com.baidu.input.ImeAppMainActivity,performDestroy]
01-11 06:54:29.340 1504 1616 I am_pss : [13723,1000,com.android.settings,19525632,12263424,0,120164352,0,19,6]
01-11 06:54:29.345 1504 2244 I wm_task_removed: [127,removeChild:removeChild last r=ActivityRecord{cca71ae u0 com.baidu.input/.ImeAppMainActivity t-1 f}} in t=Task{837a547 #127 type=standard A=10033:com.baidu.input.appmain U=0 visible=false mode=fullscreen translucent=true sz=0}]
01-11 06:54:29.345 1504 2244 I wm_task_removed: [127,removeChild]
01-11 06:54:29.348 1504 1616 I am_pss : [13566,10024,com.android.documentsui,11761664,9723904,0,105807872,0,19,7]
01-11 06:54:29.575 1601 1601 I auditd : type=1400 audit(0.0:12869): avc: denied { kill } for comm="irq/394-atmel_m" capability=5 scontext=u:r:kernel:s0 tcontext=u:r:kernel:s0 tclass=capability permissive=0
01-11 06:54:30.142 1504 1699 I input_interaction: Interaction with: c8c2ef0 com.android.launcher3/com.android.launcher3.uioverrides.QuickstepLauncher (server), dbb0197 com.android.systemui.ImageWallpaper (server), edge-swipe (server), swipe-up (server), PointerEventDispatcher0 (server),
01-11 06:54:30.258 1504 4663 I wm_task_created: [128,-1]
01-11 06:54:30.261 1504 4663 I wm_task_moved: [128,1,6]
01-11 06:54:30.261 1504 4663 I wm_task_to_front: [0,128]
01-11 06:54:30.261 1504 4663 I wm_create_task: [0,128]
01-11 06:54:30.261 1504 4663 I wm_create_activity: [0,114782710,128,com.iflytek.inputmethod/.LauncherActivity,android.intent.action.MAIN,NULL,NULL,278921216]
01-11 06:54:30.261 1504 4663 I wm_task_moved: [128,1,6]
01-11 06:54:30.262 1504 4663 I wm_pause_activity: [0,11415547,com.android.launcher3/.uioverrides.QuickstepLauncher,userLeaving=true,pauseBackTasks]
01-11 06:54:30.264 2545 2545 I wm_on_top_resumed_lost_called: [11415547,com.android.launcher3.uioverrides.QuickstepLauncher,topStateChangedWhenResumed]
01-11 06:54:30.266 2545 2545 I wm_on_paused_called: [11415547,com.android.launcher3.uioverrides.QuickstepLauncher,performPause]
01-11 06:54:30.268 1504 2244 I wm_add_to_stopping: [0,11415547,com.android.launcher3/.uioverrides.QuickstepLauncher,makeInvisible]
01-11 06:54:30.269 1504 2244 I wm_restart_activity: [0,114782710,128,com.iflytek.inputmethod/.LauncherActivity]
01-11 06:54:30.269 1504 2244 I wm_set_resumed_activity: [0,com.iflytek.inputmethod/.LauncherActivity,minimalResumeActivityLocked]
01-11 06:54:30.274 1504 1609 I sysui_multi_action: [757,803,799,window_time_0,802,1]
01-11 06:54:30.287 1504 13714 I wm_finish_activity: [0,114782710,128,com.iflytek.inputmethod/.LauncherActivity,clear-task-all]
01-11 06:54:30.287 1504 13714 I wm_pause_activity: [0,114782710,com.iflytek.inputmethod/.LauncherActivity,userLeaving=false,finish]
01-11 06:54:30.289 1504 13714 I wm_task_moved: [128,1,6]
01-11 06:54:30.289 1504 13714 I wm_create_activity: [0,115787772,128,com.iflytek.inputmethod/.wizard.WizardActivity,NULL,NULL,NULL,276856832]
01-11 06:54:30.293 13284 13284 I wm_on_create_called: [114782710,com.iflytek.inputmethod.LauncherActivity,performCreate]
01-11 06:54:30.293 1504 2244 I wm_add_to_stopping: [0,114782710,com.iflytek.inputmethod/.LauncherActivity,completeFinishing]
01-11 06:54:30.295 1504 2244 I wm_restart_activity: [0,115787772,128,com.iflytek.inputmethod/.wizard.WizardActivity]
01-11 06:54:30.295 1504 1699 I input_focus: [Focus leaving c8c2ef0 com.android.launcher3/com.android.launcher3.uioverrides.QuickstepLauncher (server),reason=NO_WINDOW]
01-11 06:54:30.296 1504 2244 I wm_set_resumed_activity: [0,com.iflytek.inputmethod/.wizard.WizardActivity,minimalResumeActivityLocked]
01-11 06:54:30.302 1504 1609 I sysui_multi_action: [757,803,799,window_time_0,802,0]
01-11 06:54:30.307 13284 13284 I wm_on_create_called: [115787772,com.iflytek.inputmethod.wizard.WizardActivity,performCreate]
01-11 06:54:30.307 13284 13284 I wm_on_start_called: [115787772,com.iflytek.inputmethod.wizard.WizardActivity,handleStartActivity]
01-11 06:54:30.308 13284 13284 I wm_on_resume_called: [115787772,com.iflytek.inputmethod.wizard.WizardActivity,RESUME_ACTIVITY]
01-11 06:54:30.311 13284 13284 I wm_on_top_resumed_gained_called: [115787772,com.iflytek.inputmethod.wizard.WizardActivity,topStateChangedWhenResumed]
01-11 06:54:30.316 1504 1504 I sysui_multi_action: [757,128,758,5,759,8,793,13728,794,0,795,13728,796,2,806,com.iflytek.inputmethod,857,iFlytekIme,858,3,947,0,1500,13521,1688,1]
01-11 06:54:30.316 1504 1504 I notification_canceled: [0|com.iflytek.inputmethod|2|null|10097,8,13728,13728,0,-1,-1,NULL]
01-11 06:54:30.318 1504 1610 I input_focus: [Focus request 19e1a94 com.iflytek.inputmethod/com.iflytek.inputmethod.wizard.WizardActivity,reason=UpdateInputWindows]
01-11 06:54:30.325 1504 8716 I wm_destroy_activity: [0,114782710,128,com.iflytek.inputmethod/.LauncherActivity,finish-imm:idle]
01-11 06:54:30.325 1504 1606 I sysui_multi_action: [319,45,321,44,322,70,325,10481,757,761,758,8,759,1,806,com.iflytek.inputmethod,871,com.iflytek.inputmethod.wizard.WizardActivity,904,com.iflytek.inputmethod,905,0,1320,4,1321,4]
01-11 06:54:30.325 1504 8716 I wm_stop_activity: [0,11415547,com.android.launcher3/.uioverrides.QuickstepLauncher]
01-11 06:54:30.325 1504 1606 I wm_activity_launch_time: [0,115787772,com.iflytek.inputmethod/.wizard.WizardActivity,70]
01-11 06:54:30.325 13284 13284 I wm_on_destroy_called: [114782710,com.iflytek.inputmethod.LauncherActivity,performDestroy]
01-11 06:54:30.330 1504 1699 I input_focus: [Focus entering 19e1a94 com.iflytek.inputmethod/com.iflytek.inputmethod.wizard.WizardActivity (server),reason=setFocusedWindow]
01-11 06:54:30.333 2545 2545 I wm_on_stop_called: [11415547,com.android.launcher3.uioverrides.QuickstepLauncher,STOP_ACTIVITY_ITEM]
01-11 06:54:30.575 0 0 I auditd : type=1400 audit(0.0:12870): avc: denied { kill } for comm="swapper/0" capability=5 scontext=u:r:kernel:s0 tcontext=u:r:kernel:s0 tclass=capability permissive=0
01-11 06:54:30.888 1504 2012 I ntp_failure: [time.android.com/2001:4860:4806:c::,java.net.SocketTimeoutException: Poll timed out]
01-11 06:54:31.575 0 0 I auditd : type=1400 audit(0.0:12871): avc: denied { kill } for comm="swapper/0" capability=5 scontext=u:r:kernel:s0 tcontext=u:r:kernel:s0 tclass=capability permissive=0
01-11 06:54:31.783 1504 1699 I input_interaction: Interaction with: 19e1a94 com.iflytek.inputmethod/com.iflytek.inputmethod.wizard.WizardActivity (server), edge-swipe (server), swipe-up (server), PointerEventDispatcher0 (server),
01-11 06:54:31.787 1504 8716 I wm_task_moved: [62,0,0]
01-11 06:54:31.788 1504 8716 I wm_task_moved: [62,0,5]
01-11 06:54:31.796 2545 2545 I wm_on_restart_called: [11415547,com.android.launcher3.uioverrides.QuickstepLauncher,performRestartActivity]
01-11 06:54:31.813 2545 2545 I wm_on_start_called: [11415547,com.android.launcher3.uioverrides.QuickstepLauncher,handleStartActivity]
01-11 06:54:31.824 1504 1606 I sysui_multi_action: [319,2,322,34,325,10483,757,761,758,9,759,5,806,com.android.launcher3,871,com.android.launcher3.uioverrides.QuickstepLauncher,904,com.android.launcher3,905,0,1320,8,1321,5]
01-11 06:54:31.833 13284 13284 I view_enqueue_input_event: [Motion - Cancel,com.iflytek.inputmethod/com.iflytek.inputmethod.wizard.WizardActivity]
01-11 06:54:31.839 1504 1699 I input_interaction: Interaction with: edge-swipe (server), swipe-up (server), PointerEventDispatcher0 (server),
01-11 06:54:31.841 2545 2545 I sysui_latency: [1,36]
01-11 06:54:31.847 1504 1610 I input_focus: [Focus request recents_animation_input_consumer,reason=UpdateInputWindows]
01-11 06:54:31.866 1504 1699 I input_focus: [Focus leaving 19e1a94 com.iflytek.inputmethod/com.iflytek.inputmethod.wizard.WizardActivity (server),reason=NOT_FOCUSABLE]
01-11 06:54:31.866 1504 1699 I input_focus: [Focus entering recents_animation_input_consumer (server),reason=setFocusedWindow]
01-11 06:54:32.013 1504 1683 I commit_sys_config_file: [settings-1-0,2]
01-11 06:54:32.123 1504 1616 I sysui_latency: [8,37]
01-11 06:54:32.544 1504 4663 I wm_task_moved: [62,1,6]
01-11 06:54:32.547 1504 4663 I wm_task_moved: [63,1,2147483647]
01-11 06:54:32.547 1504 4663 I wm_task_to_front: [0,63]
01-11 06:54:32.547 1504 4663 I wm_focused_root_task: [0,0,62,128,RecentsAnimation.onAnimationFinished()]
01-11 06:54:32.548 13284 13284 I wm_on_top_resumed_lost_called: [115787772,com.iflytek.inputmethod.wizard.WizardActivity,topStateChangedWhenResumed]
01-11 06:54:32.548 1504 4663 I wm_set_resumed_activity: [0,com.android.launcher3/.uioverrides.QuickstepLauncher,RecentsAnimation.onAnimationFinished()]
01-11 06:54:32.548 1504 4663 I wm_pause_activity: [0,115787772,com.iflytek.inputmethod/.wizard.WizardActivity,userLeaving=true,pauseBackTasks]
01-11 06:54:32.549 1504 4663 I wm_add_to_stopping: [0,115787772,com.iflytek.inputmethod/.wizard.WizardActivity,makeInvisible]
01-11 06:54:32.549 1504 4663 I wm_set_resumed_activity: [0,com.android.launcher3/.uioverrides.QuickstepLauncher,resumeTopActivityInnerLocked]
01-11 06:54:32.551 1504 4663 I wm_resume_activity: [0,11415547,63,com.android.launcher3/.uioverrides.QuickstepLauncher]
01-11 06:54:32.552 2545 2545 I wm_on_resume_called: [11415547,com.android.launcher3.uioverrides.QuickstepLauncher,RESUME_ACTIVITY]
01-11 06:54:32.555 1504 1610 I input_focus: [Focus request c8c2ef0 com.android.launcher3/com.android.launcher3.uioverrides.QuickstepLauncher,reason=UpdateInputWindows]
01-11 06:54:32.561 13284 13284 I wm_on_paused_called: [115787772,com.iflytek.inputmethod.wizard.WizardActivity,performPause]
01-11 06:54:32.561 1504 1609 I wm_stop_activity: [0,115787772,com.iflytek.inputmethod/.wizard.WizardActivity]
