01-11 07:10:32.110 1504 1699 I input_interaction: Interaction with: 7bd8e55 com.android.gallery3d/com.android.gallery3d.filtershow.FilterShowActivity (server), edge-swipe (server), swipe-up (server), PointerEventDispatcher0 (server),
01-11 07:10:32.217 17169 17169 I view_enqueue_input_event: [Motion - Cancel,com.android.gallery3d/com.android.gallery3d.filtershow.FilterShowActivity]
01-11 07:10:32.224 1504 1699 I input_interaction: Interaction with: edge-swipe (server), swipe-up (server), PointerEventDispatcher0 (server),
01-11 07:10:32.301 1504 4545 I sysui_multi_action: [757,803,799,key_back_press,802,1]
01-11 07:10:32.308 1504 1699 I input_interaction: Interaction with: 7bd8e55 com.android.gallery3d/com.android.gallery3d.filtershow.FilterShowActivity (server), PointerEventDispatcher0 (server),
01-11 07:10:32.311 1504 4545 I wm_finish_activity: [0,243829620,149,com.android.gallery3d/.filtershow.FilterShowActivity,app-request]
01-11 07:10:32.323 1504 4545 I wm_pause_activity: [0,243829620,com.android.gallery3d/.filtershow.FilterShowActivity,userLeaving=false,finish]
01-11 07:10:32.330 17169 17169 I wm_on_top_resumed_lost_called: [243829620,com.android.gallery3d.filtershow.FilterShowActivity,topStateChangedWhenResumed]
01-11 07:10:32.331 17169 17169 I wm_on_paused_called: [243829620,com.android.gallery3d.filtershow.FilterShowActivity,performPause]
01-11 07:10:32.332 1504 4545 I wm_add_to_stopping: [0,243829620,com.android.gallery3d/.filtershow.FilterShowActivity,completeFinishing]
01-11 07:10:32.334 1504 4545 I wm_set_resumed_activity: [0,com.android.gallery3d/.app.GalleryActivity,resumeTopActivityInnerLocked]
01-11 07:10:32.335 1504 4545 I wm_resume_activity: [0,116461560,149,com.android.gallery3d/.app.GalleryActivity]
01-11 07:10:32.338 17169 17169 I wm_on_activity_result_called: [116461560,com.android.gallery3d.app.GalleryActivity,ACTIVITY_RESULT]
01-11 07:10:32.338 1504 1609 I sysui_multi_action: [757,803,799,window_time_0,802,2]
01-11 07:10:32.339 17169 17169 I wm_on_restart_called: [116461560,com.android.gallery3d.app.GalleryActivity,performRestartActivity]
01-11 07:10:32.340 17169 17169 I wm_on_start_called: [116461560,com.android.gallery3d.app.GalleryActivity,handleStartActivity]
01-11 07:10:32.343 1504 1699 I input_focus: [Focus leaving 7bd8e55 com.android.gallery3d/com.android.gallery3d.filtershow.FilterShowActivity (server),reason=NO_WINDOW]
01-11 07:10:32.348 17169 17169 I wm_on_resume_called: [116461560,com.android.gallery3d.app.GalleryActivity,RESUME_ACTIVITY]
01-11 07:10:32.348 17169 17169 I wm_on_top_resumed_gained_called: [116461560,com.android.gallery3d.app.GalleryActivity,topWhenResuming]
01-11 07:10:32.366 1504 1610 I input_focus: [Focus request e365bbe com.android.gallery3d/com.android.gallery3d.app.GalleryActivity,reason=UpdateInputWindows]
01-11 07:10:32.407 1504 1699 I input_focus: [Focus entering e365bbe com.android.gallery3d/com.android.gallery3d.app.GalleryActivity (server),reason=Window became focusable. Previous reason: NOT_VISIBLE]
01-11 07:10:32.575 0 0 I auditd : type=1400 audit(0.0:14105): avc: denied { kill } for comm="swapper/0" capability=5 scontext=u:r:kernel:s0 tcontext=u:r:kernel:s0 tclass=capability permissive=0
01-11 07:10:32.795 1504 1609 I wm_destroy_activity: [0,243829620,149,com.android.gallery3d/.filtershow.FilterShowActivity,finish-imm:idle]
01-11 07:10:32.813 17169 17169 I wm_on_stop_called: [243829620,com.android.gallery3d.filtershow.FilterShowActivity,LIFECYCLER_STOP_ACTIVITY]
01-11 07:10:32.818 17169 17169 I wm_on_destroy_called: [243829620,com.android.gallery3d.filtershow.FilterShowActivity,performDestroy]
01-11 07:10:33.575 1601 1601 I auditd : type=1400 audit(0.0:14106): avc: denied { kill } for comm="irq/394-atmel_m" capability=5 scontext=u:r:kernel:s0 tcontext=u:r:kernel:s0 tclass=capability permissive=0
01-11 07:10:34.575 0 0 I auditd : type=1400 audit(0.0:14107): avc: denied { kill } for comm="swapper/3" capability=5 scontext=u:r:kernel:s0 tcontext=u:r:kernel:s0 tclass=capability permissive=0
01-11 07:10:34.617 1504 1699 I input_interaction: Interaction with: e365bbe com.android.gallery3d/com.android.gallery3d.app.GalleryActivity (server), edge-swipe (server), swipe-up (server), PointerEventDispatcher0 (server),
01-11 07:10:34.758 1504 2065 I wm_task_moved: [149,1,8]
01-11 07:10:34.758 1504 2065 I wm_set_resumed_activity: [0,com.android.gallery3d/.app.GalleryActivity,positionChildAt]
01-11 07:10:34.758 1504 2065 I wm_create_activity: [0,261430096,149,android/com.android.internal.app.ChooserActivity,android.intent.action.CHOOSER,NULL,NULL,8388609]
01-11 07:10:34.759 1504 2065 I wm_pause_activity: [0,116461560,com.android.gallery3d/.app.GalleryActivity,userLeaving=true,resumeTopActivityInnerLocked]
01-11 07:10:34.761 17169 17169 I wm_on_top_resumed_lost_called: [116461560,com.android.gallery3d.app.GalleryActivity,topStateChangedWhenResumed]
01-11 07:10:34.775 17169 17169 I wm_on_paused_called: [116461560,com.android.gallery3d.app.GalleryActivity,performPause]
01-11 07:10:34.777 1504 1713 I wm_restart_activity: [0,261430096,149,android/com.android.internal.app.ChooserActivity]
01-11 07:10:34.777 1504 1713 I wm_set_resumed_activity: [0,android/com.android.internal.app.ChooserActivity,minimalResumeActivityLocked]
01-11 07:10:34.779 1504 1609 I sysui_multi_action: [757,803,799,window_time_0,802,3]
01-11 07:10:34.792 1504 2065 I wm_task_moved: [149,1,8]
01-11 07:10:34.792 1504 2065 I wm_set_resumed_activity: [0,android/com.android.internal.app.ChooserActivity,positionChildAt]
01-11 07:10:34.792 1504 2065 I wm_create_activity: [0,19962117,149,com.android.gallery3d/.filtershow.FilterShowActivity,action_nextgen_edit,image/jpeg,content://media/external/images/media/22,50331649]
01-11 07:10:34.792 1504 2065 I wm_pause_activity: [0,261430096,android/com.android.internal.app.ChooserActivity,userLeaving=true,resumeTopActivityInnerLocked]
01-11 07:10:34.794 1504 4545 I wm_finish_activity: [0,261430096,149,android/com.android.internal.app.ChooserActivity,app-request]
01-11 07:10:34.794 17701 17701 I sysui_multi_action: [757,214,758,4,759,1,1649,image/jpeg,1653,14]
01-11 07:10:34.795 17701 17701 I wm_on_create_called: [261430096,com.android.internal.app.ChooserActivity,performCreate]
01-11 07:10:34.797 1504 1713 I wm_add_to_stopping: [0,261430096,android/com.android.internal.app.ChooserActivity,completeFinishing]
01-11 07:10:34.798 1504 1713 I wm_add_to_stopping: [0,116461560,com.android.gallery3d/.app.GalleryActivity,makeInvisible]
01-11 07:10:34.798 1504 1713 I wm_restart_activity: [0,19962117,149,com.android.gallery3d/.filtershow.FilterShowActivity]
01-11 07:10:34.799 1504 1713 I wm_set_resumed_activity: [0,com.android.gallery3d/.filtershow.FilterShowActivity,minimalResumeActivityLocked]
01-11 07:10:34.800 1504 1609 I wm_destroy_activity: [0,261430096,149,android/com.android.internal.app.ChooserActivity,finish-imm:idle]
01-11 07:10:34.800 17701 17701 I wm_on_destroy_called: [261430096,com.android.internal.app.ChooserActivity,performDestroy]
01-11 07:10:34.801 1504 1609 I sysui_multi_action: [757,803,799,window_time_0,802,0]
01-11 07:10:34.813 1504 1699 I input_focus: [Focus leaving e365bbe com.android.gallery3d/com.android.gallery3d.app.GalleryActivity (server),reason=NO_WINDOW]
01-11 07:10:34.818 17169 17169 I wm_on_create_called: [19962117,com.android.gallery3d.filtershow.FilterShowActivity,performCreate]
01-11 07:10:34.818 17169 17169 I wm_on_start_called: [19962117,com.android.gallery3d.filtershow.FilterShowActivity,handleStartActivity]
01-11 07:10:34.818 17169 17169 I wm_on_resume_called: [19962117,com.android.gallery3d.filtershow.FilterShowActivity,RESUME_ACTIVITY]
01-11 07:10:34.820 17169 17169 I wm_on_top_resumed_gained_called: [19962117,com.android.gallery3d.filtershow.FilterShowActivity,topStateChangedWhenResumed]
01-11 07:10:34.831 1504 1610 I input_focus: [Focus request 1abbdb2 com.android.gallery3d/com.android.gallery3d.filtershow.FilterShowActivity,reason=UpdateInputWindows]
01-11 07:10:34.838 1504 1606 I sysui_multi_action: [319,99,322,98,325,11445,757,761,758,8,759,2,806,com.android.gallery3d,871,com.android.gallery3d.filtershow.FilterShowActivity,904,com.android.gallery3d,905,0,1320,4,1321,1]
01-11 07:10:34.839 1504 1606 I wm_activity_launch_time: [0,19962117,com.android.gallery3d/.filtershow.FilterShowActivity,98]
01-11 07:10:34.846 1504 1699 I input_focus: [Focus entering 1abbdb2 com.android.gallery3d/com.android.gallery3d.filtershow.FilterShowActivity (server),reason=setFocusedWindow]
01-11 07:10:35.347 1504 1609 I wm_stop_activity: [0,116461560,com.android.gallery3d/.app.GalleryActivity]
01-11 07:10:35.348 17169 17169 I wm_on_stop_called: [116461560,com.android.gallery3d.app.GalleryActivity,STOP_ACTIVITY_ITEM]
01-11 07:10:35.575 0 0 I auditd : type=1400 audit(0.0:14108): avc: denied { kill } for comm="swapper/3" capability=5 scontext=u:r:kernel:s0 tcontext=u:r:kernel:s0 tclass=capability permissive=0
01-11 07:10:36.575 0 0 I auditd : type=1400 audit(0.0:14109): avc: denied { kill } for comm="swapper/3" capability=5 scontext=u:r:kernel:s0 tcontext=u:r:kernel:s0 tclass=capability permissive=0
01-11 07:10:36.625 1504 1699 I input_interaction: Interaction with: 1abbdb2 com.android.gallery3d/com.android.gallery3d.filtershow.FilterShowActivity (server), edge-swipe (server), swipe-up (server), PointerEventDispatcher0 (server),
01-11 07:10:37.399 1504 1713 I wm_task_moved: [62,0,0]
01-11 07:10:37.400 1504 1713 I wm_task_moved: [62,0,7]
01-11 07:10:37.436 2545 2545 I wm_on_restart_called: [11415547,com.android.launcher3.uioverrides.QuickstepLauncher,performRestartActivity]
01-11 07:10:37.486 2545 2545 I wm_on_start_called: [11415547,com.android.launcher3.uioverrides.QuickstepLauncher,handleStartActivity]
01-11 07:10:37.520 1504 1606 I sysui_multi_action: [319,24,322,112,325,11448,757,761,758,9,759,5,806,com.android.launcher3,871,com.android.launcher3.uioverrides.QuickstepLauncher,904,com.android.launcher3,905,0,1320,8,1321,5]
01-11 07:10:37.575 0 0 I auditd : type=1400 audit(0.0:14110): avc: denied { kill } for comm="swapper/3" capability=5 scontext=u:r:kernel:s0 tcontext=u:r:kernel:s0 tclass=capability permissive=0
01-11 07:10:37.591 1504 1713 I wm_task_moved: [62,0,7]
01-11 07:10:37.591 1504 1713 I wm_add_to_stopping: [0,11415547,com.android.launcher3/.uioverrides.QuickstepLauncher,makeInvisible]
01-11 07:10:37.599 1504 1609 I wm_stop_activity: [0,11415547,com.android.launcher3/.uioverrides.QuickstepLauncher]
01-11 07:10:37.615 2545 2545 I wm_on_stop_called: [11415547,com.android.launcher3.uioverrides.QuickstepLauncher,STOP_ACTIVITY_ITEM]
01-11 07:10:37.691 1504 1683 I commit_sys_config_file: [settings-1-0,6]
01-11 07:10:37.966 1504 1713 I wm_task_moved: [62,0,0]
01-11 07:10:37.967 1504 1713 I wm_task_moved: [62,0,7]
01-11 07:10:37.983 2545 2545 I wm_on_restart_called: [11415547,com.android.launcher3.uioverrides.QuickstepLauncher,performRestartActivity]
01-11 07:10:38.000 2545 2545 I wm_on_start_called: [11415547,com.android.launcher3.uioverrides.QuickstepLauncher,handleStartActivity]
01-11 07:10:38.020 1504 1606 I sysui_multi_action: [319,13,322,49,325,11449,757,761,758,9,759,5,806,com.android.launcher3,871,com.android.launcher3.uioverrides.QuickstepLauncher,904,com.android.launcher3,905,0,1320,8,1321,5]
01-11 07:10:38.203 1504 1683 I commit_sys_config_file: [settings-1-0,5]
01-11 07:10:38.205 1504 4545 I wm_task_moved: [62,0,7]
01-11 07:10:38.206 1504 4545 I wm_add_to_stopping: [0,11415547,com.android.launcher3/.uioverrides.QuickstepLauncher,makeInvisible]
01-11 07:10:38.213 1504 1609 I wm_stop_activity: [0,11415547,com.android.launcher3/.uioverrides.QuickstepLauncher]
01-11 07:10:38.227 2545 2545 I wm_on_stop_called: [11415547,com.android.launcher3.uioverrides.QuickstepLauncher,STOP_ACTIVITY_ITEM]
01-11 07:10:38.575 0 0 I auditd : type=1400 audit(0.0:14111): avc: denied { kill } for comm="swapper/7" capability=5 scontext=u:r:kernel:s0 tcontext=u:r:kernel:s0 tclass=capability permissive=0
01-11 07:10:39.575 0 0 I auditd : type=1400 audit(0.0:14112): avc: denied { kill } for comm="swapper/7" capability=5 scontext=u:r:kernel:s0 tcontext=u:r:kernel:s0 tclass=capability permissive=0
01-11 07:10:40.685 17169 17169 I view_enqueue_input_event: [Motion - Cancel,com.android.gallery3d/com.android.gallery3d.filtershow.FilterShowActivity]
01-11 07:10:40.686 1504 1699 I input_interaction: Interaction with: edge-swipe (server), swipe-up (server), PointerEventDispatcher0 (server),
01-11 07:10:40.811 1504 2065 I sysui_multi_action: [757,803,799,key_back_press,802,1]
01-11 07:10:40.821 1504 1699 I input_interaction: Interaction with: 1abbdb2 com.android.gallery3d/com.android.gallery3d.filtershow.FilterShowActivity (server), PointerEventDispatcher0 (server),
01-11 07:10:40.827 1504 2065 I wm_finish_activity: [0,19962117,149,com.android.gallery3d/.filtershow.FilterShowActivity,app-request]
01-11 07:10:40.840 1504 2065 I wm_pause_activity: [0,19962117,com.android.gallery3d/.filtershow.FilterShowActivity,userLeaving=false,finish]
01-11 07:10:40.843 17169 17169 I wm_on_top_resumed_lost_called: [19962117,com.android.gallery3d.filtershow.FilterShowActivity,topStateChangedWhenResumed]
01-11 07:10:40.844 17169 17169 I wm_on_paused_called: [19962117,com.android.gallery3d.filtershow.FilterShowActivity,performPause]
01-11 07:10:40.845 1504 1713 I wm_add_to_stopping: [0,19962117,com.android.gallery3d/.filtershow.FilterShowActivity,completeFinishing]
01-11 07:10:40.846 1504 1713 I wm_set_resumed_activity: [0,com.android.gallery3d/.app.GalleryActivity,resumeTopActivityInnerLocked]
01-11 07:10:40.848 1504 1713 I wm_resume_activity: [0,116461560,149,com.android.gallery3d/.app.GalleryActivity]
01-11 07:10:40.851 17169 17169 I wm_on_activity_result_called: [116461560,com.android.gallery3d.app.GalleryActivity,ACTIVITY_RESULT]
01-11 07:10:40.851 1504 1609 I sysui_multi_action: [757,803,799,window_time_0,802,6]
01-11 07:10:40.851 17169 17169 I wm_on_restart_called: [116461560,com.android.gallery3d.app.GalleryActivity,performRestartActivity]
01-11 07:10:40.852 17169 17169 I wm_on_start_called: [116461560,com.android.gallery3d.app.GalleryActivity,handleStartActivity]
01-11 07:10:40.856 17169 17169 I wm_on_resume_called: [116461560,com.android.gallery3d.app.GalleryActivity,RESUME_ACTIVITY]
01-11 07:10:40.856 17169 17169 I wm_on_top_resumed_gained_called: [116461560,com.android.gallery3d.app.GalleryActivity,topWhenResuming]
01-11 07:10:40.862 1504 1699 I input_focus: [Focus leaving 1abbdb2 com.android.gallery3d/com.android.gallery3d.filtershow.FilterShowActivity (server),reason=NO_WINDOW]
01-11 07:10:40.872 1504 1610 I input_focus: [Focus request e365bbe com.android.gallery3d/com.android.gallery3d.app.GalleryActivity,reason=UpdateInputWindows]
01-11 07:10:40.927 1504 1699 I input_focus: [Focus entering e365bbe com.android.gallery3d/com.android.gallery3d.app.GalleryActivity (server),reason=Window became focusable. Previous reason: NOT_VISIBLE]
01-11 07:10:41.299 1504 1609 I wm_destroy_activity: [0,19962117,149,com.android.gallery3d/.filtershow.FilterShowActivity,finish-imm:idle]
01-11 07:10:41.315 17169 17169 I wm_on_stop_called: [19962117,com.android.gallery3d.filtershow.FilterShowActivity,LIFECYCLER_STOP_ACTIVITY]
01-11 07:10:41.319 17169 17169 I wm_on_destroy_called: [19962117,com.android.gallery3d.filtershow.FilterShowActivity,performDestroy]
01-11 07:10:41.575 0 0 I auditd : type=1400 audit(0.0:14113): avc: denied { kill } for comm="swapper/0" capability=5 scontext=u:r:kernel:s0 tcontext=u:r:kernel:s0 tclass=capability permissive=0
01-11 07:10:42.575 1601 1601 I auditd : type=1400 audit(0.0:14114): avc: denied { kill } for comm="irq/394-atmel_m" capability=5 scontext=u:r:kernel:s0 tcontext=u:r:kernel:s0 tclass=capability permissive=0
01-11 07:10:43.483 1504 1699 I input_interaction: Interaction with: e365bbe com.android.gallery3d/com.android.gallery3d.app.GalleryActivity (server), edge-swipe (server), swipe-up (server), PointerEventDispatcher0 (server),
01-11 07:10:43.575 0 0 I auditd : type=1400 audit(0.0:14115): avc: denied { kill } for comm="swapper/0" capability=5 scontext=u:r:kernel:s0 tcontext=u:r:kernel:s0 tclass=capability permissive=0
01-11 07:10:43.655 1504 1610 I input_focus: [Focus request 9130921 PopupWindow:2e29263,reason=UpdateInputWindows]
01-11 07:10:43.687 1504 1699 I input_focus: [Focus leaving e365bbe com.android.gallery3d/com.android.gallery3d.app.GalleryActivity (server),reason=setFocusedWindow]
01-11 07:10:43.687 1504 1699 I input_focus: [Focus entering 9130921 PopupWindow:2e29263 (server),reason=setFocusedWindow]
01-11 07:10:44.575 1601 1601 I auditd : type=1400 audit(0.0:14116): avc: denied { kill } for comm="irq/394-atmel_m" capability=5 scontext=u:r:kernel:s0 tcontext=u:r:kernel:s0 tclass=capability permissive=0
01-11 07:10:45.575 0 0 I auditd : type=1400 audit(0.0:14117): avc: denied { kill } for comm="swapper/0" capability=5 scontext=u:r:kernel:s0 tcontext=u:r:kernel:s0 tclass=capability permissive=0
01-11 07:10:46.297 1504 1699 I input_interaction: Interaction with: 9130921 PopupWindow:2e29263 (server), edge-swipe (server), swipe-up (server), PointerEventDispatcher0 (server),
01-11 07:10:46.465 17169 17169 I menu_item_selected: [0,播放幻灯片]
01-11 07:10:46.498 1504 1610 I input_focus: [Focus request e365bbe com.android.gallery3d/com.android.gallery3d.app.GalleryActivity,reason=UpdateInputWindows]
01-11 07:10:46.524 1504 1699 I input_focus: [Focus entering e365bbe com.android.gallery3d/com.android.gallery3d.app.GalleryActivity (server),reason=setFocusedWindow]
01-11 07:10:46.575 0 0 I auditd : type=1400 audit(0.0:14118): avc: denied { kill } for comm="swapper/0" capability=5 scontext=u:r:kernel:s0 tcontext=u:r:kernel:s0 tclass=capability permissive=0
01-11 07:10:47.575 0 0 I auditd : type=1400 audit(0.0:14119): avc: denied { kill } for comm="swapper/0" capability=5 scontext=u:r:kernel:s0 tcontext=u:r:kernel:s0 tclass=capability permissive=0
01-11 07:10:48.575 0 0 I auditd : type=1400 audit(0.0:14120): avc: denied { kill } for comm="swapper/0" capability=5 scontext=u:r:kernel:s0 tcontext=u:r:kernel:s0 tclass=capability permissive=0
01-11 07:10:49.575 0 0 I auditd : type=1400 audit(0.0:14121): avc: denied { kill } for comm="swapper/0" capability=5 scontext=u:r:kernel:s0 tcontext=u:r:kernel:s0 tclass=capability permissive=0
01-11 07:10:50.575 1601 1601 I auditd : type=1400 audit(0.0:14122): avc: denied { kill } for comm="irq/394-atmel_m" capability=5 scontext=u:r:kernel:s0 tcontext=u:r:kernel:s0 tclass=capability permissive=0
01-11 07:10:52.575 0 0 I auditd : type=1400 audit(0.0:14123): avc: denied { kill } for comm="swapper/0" capability=5 scontext=u:r:kernel:s0 tcontext=u:r:kernel:s0 tclass=capability permissive=0
01-11 07:10:53.575 0 0 I auditd : type=1400 audit(0.0:14124): avc: denied { kill } for comm="swapper/0" capability=5 scontext=u:r:kernel:s0 tcontext=u:r:kernel:s0 tclass=capability permissive=0
01-11 07:10:54.344 1504 1699 I input_interaction: Interaction with: e365bbe com.android.gallery3d/com.android.gallery3d.app.GalleryActivity (server), edge-swipe (server), swipe-up (server), PointerEventDispatcher0 (server),
01-11 07:10:54.575 0 0 I auditd : type=1400 audit(0.0:14125): avc: denied { kill } for comm="swapper/0" capability=5 scontext=u:r:kernel:s0 tcontext=u:r:kernel:s0 tclass=capability permissive=0
01-11 07:10:55.575 0 0 I auditd : type=1400 audit(0.0:14126): avc: denied { kill } for comm="swapper/1" capability=5 scontext=u:r:kernel:s0 tcontext=u:r:kernel:s0 tclass=capability permissive=0
01-11 07:10:56.363 1504 1610 I input_focus: [Focus request 5ba7fce PopupWindow:75e634e,reason=UpdateInputWindows]
01-11 07:10:56.383 1504 1699 I input_focus: [Focus leaving e365bbe com.android.gallery3d/com.android.gallery3d.app.GalleryActivity (server),reason=Waiting for window because NOT_VISIBLE]
01-11 07:10:56.400 1504 1699 I input_focus: [Focus entering 5ba7fce PopupWindow:75e634e (server),reason=Window became focusable. Previous reason: NOT_VISIBLE]
01-11 07:10:57.575 0 0 I auditd : type=1400 audit(0.0:14127): avc: denied { kill } for comm="swapper/1" capability=5 scontext=u:r:kernel:s0 tcontext=u:r:kernel:s0 tclass=capability permissive=0
01-11 07:10:58.575 0 0 I auditd : type=1400 audit(0.0:14128): avc: denied { kill } for comm="swapper/1" capability=5 scontext=u:r:kernel:s0 tcontext=u:r:kernel:s0 tclass=capability permissive=0
01-11 07:10:59.575 0 0 I auditd : type=1400 audit(0.0:14129): avc: denied { kill } for comm="swapper/1" capability=5 scontext=u:r:kernel:s0 tcontext=u:r:kernel:s0 tclass=capability permissive=0
01-11 07:11:00.575 0 0 I auditd : type=1400 audit(0.0:14130): avc: denied { kill } for comm="swapper/1" capability=5 scontext=u:r:kernel:s0 tcontext=u:r:kernel:s0 tclass=capability permissive=0
01-11 07:11:01.134 1504 1699 I input_interaction: Interaction with: 5ba7fce PopupWindow:75e634e (server), edge-swipe (server), swipe-up (server), PointerEventDispatcher0 (server),
01-11 07:11:01.240 17169 17169 I menu_item_selected: [0,剪裁]
01-11 07:11:01.269 1504 1713 I wm_task_moved: [149,1,8]
01-11 07:11:01.269 1504 1713 I wm_set_resumed_activity: [0,com.android.gallery3d/.app.GalleryActivity,positionChildAt]
01-11 07:11:01.269 1504 1713 I wm_create_activity: [0,142359783,149,com.android.gallery3d/.filtershow.crop.CropActivity,com.android.camera.action.CROP,image/jpeg,content://media/external/images/media/22,1]
01-11 07:11:01.270 1504 1713 I wm_pause_activity: [0,116461560,com.android.gallery3d/.app.GalleryActivity,userLeaving=true,resumeTopActivityInnerLocked]
01-11 07:11:01.276 17169 17169 I wm_on_top_resumed_lost_called: [116461560,com.android.gallery3d.app.GalleryActivity,topStateChangedWhenResumed]
01-11 07:11:01.277 1504 1610 I input_focus: [Focus request e365bbe com.android.gallery3d/com.android.gallery3d.app.GalleryActivity,reason=UpdateInputWindows]
01-11 07:11:01.294 1504 1699 I input_focus: [Focus entering e365bbe com.android.gallery3d/com.android.gallery3d.app.GalleryActivity (server),reason=setFocusedWindow]
01-11 07:11:01.295 17169 17169 I wm_on_paused_called: [116461560,com.android.gallery3d.app.GalleryActivity,performPause]
01-11 07:11:01.296 1504 2065 I wm_add_to_stopping: [0,116461560,com.android.gallery3d/.app.GalleryActivity,makeInvisible]
01-11 07:11:01.297 1504 2065 I wm_restart_activity: [0,142359783,149,com.android.gallery3d/.filtershow.crop.CropActivity]
01-11 07:11:01.297 1504 2065 I wm_set_resumed_activity: [0,com.android.gallery3d/.filtershow.crop.CropActivity,minimalResumeActivityLocked]
01-11 07:11:01.300 1504 1609 I sysui_multi_action: [757,803,799,window_time_0,802,20]
01-11 07:11:01.305 17169 17169 I wm_on_create_called: [142359783,com.android.gallery3d.filtershow.crop.CropActivity,performCreate]
01-11 07:11:01.305 17169 17169 I wm_on_start_called: [142359783,com.android.gallery3d.filtershow.crop.CropActivity,handleStartActivity]
01-11 07:11:01.305 17169 17169 I wm_on_resume_called: [142359783,com.android.gallery3d.filtershow.crop.CropActivity,RESUME_ACTIVITY]
01-11 07:11:01.307 17169 17169 I wm_on_top_resumed_gained_called: [142359783,com.android.gallery3d.filtershow.crop.CropActivity,topStateChangedWhenResumed]
01-11 07:11:01.312 1504 1610 I input_focus: [Focus request 7d14e2c com.android.gallery3d/com.android.gallery3d.filtershow.crop.CropActivity,reason=UpdateInputWindows]
01-11 07:11:01.315 1504 1616 I am_pss : [15063,10052,com.thundercomm.screensaver,139417600,129720320,4026368,245596160,0,15,10]
01-11 07:11:01.318 1504 1606 I wm_activity_launch_time: [0,142359783,com.android.gallery3d/.filtershow.crop.CropActivity,69]
01-11 07:11:01.326 1504 1699 I input_focus: [Focus leaving e365bbe com.android.gallery3d/com.android.gallery3d.app.GalleryActivity (server),reason=NO_WINDOW]
01-11 07:11:01.326 1504 1699 I input_focus: [Focus entering 7d14e2c com.android.gallery3d/com.android.gallery3d.filtershow.crop.CropActivity (server),reason=setFocusedWindow]
01-11 07:11:01.716 1504 1609 I wm_stop_activity: [0,116461560,com.android.gallery3d/.app.GalleryActivity]
01-11 07:11:01.722 17169 17169 I wm_on_stop_called: [116461560,com.android.gallery3d.app.GalleryActivity,STOP_ACTIVITY_ITEM]
01-11 07:11:02.329 1504 1699 I input_interaction: Interaction with: 7d14e2c com.android.gallery3d/com.android.gallery3d.filtershow.crop.CropActivity (server), edge-swipe (server), swipe-up (server), PointerEventDispatcher0 (server),
01-11 07:11:02.575 0 0 I auditd : type=1400 audit(0.0:14131): avc: denied { kill } for comm="swapper/1" capability=5 scontext=u:r:kernel:s0 tcontext=u:r:kernel:s0 tclass=capability permissive=0
01-11 07:11:03.575 0 0 I auditd : type=1400 audit(0.0:14132): avc: denied { kill } for comm="swapper/1" capability=5 scontext=u:r:kernel:s0 tcontext=u:r:kernel:s0 tclass=capability permissive=0
01-11 07:11:04.575 0 0 I auditd : type=1400 audit(0.0:14133): avc: denied { kill } for comm="swapper/1" capability=5 scontext=u:r:kernel:s0 tcontext=u:r:kernel:s0 tclass=capability permissive=0
01-11 07:11:05.575 0 0 I auditd : type=1400 audit(0.0:14134): avc: denied { kill } for comm="swapper/1" capability=5 scontext=u:r:kernel:s0 tcontext=u:r:kernel:s0 tclass=capability permissive=0
01-11 07:11:06.575 0 0 I auditd : type=1400 audit(0.0:14135): avc: denied { kill } for comm="swapper/1" capability=5 scontext=u:r:kernel:s0 tcontext=u:r:kernel:s0 tclass=capability permissive=0
01-11 07:11:07.575 0 0 I auditd : type=1400 audit(0.0:14136): avc: denied { kill } for comm="swapper/1" capability=5 scontext=u:r:kernel:s0 tcontext=u:r:kernel:s0 tclass=capability permissive=0
01-11 07:11:08.575 0 0 I auditd : type=1400 audit(0.0:14137): avc: denied { kill } for comm="swapper/1" capability=5 scontext=u:r:kernel:s0 tcontext=u:r:kernel:s0 tclass=capability permissive=0
01-11 07:11:09.575 0 0 I auditd : type=1400 audit(0.0:14138): avc: denied { kill } for comm="swapper/1" capability=5 scontext=u:r:kernel:s0 tcontext=u:r:kernel:s0 tclass=capability permissive=0
01-11 07:11:10.575 0 0 I auditd : type=1400 audit(0.0:14139): avc: denied { kill } for comm="swapper/1" capability=5 scontext=u:r:kernel:s0 tcontext=u:r:kernel:s0 tclass=capability permissive=0
01-11 07:11:11.469 1504 2065 I wm_finish_activity: [0,142359783,149,com.android.gallery3d/.filtershow.crop.CropActivity,app-request]
01-11 07:11:11.482 1504 2065 I wm_pause_activity: [0,142359783,com.android.gallery3d/.filtershow.crop.CropActivity,userLeaving=false,finish]
01-11 07:11:11.487 17169 17169 I wm_on_top_resumed_lost_called: [142359783,com.android.gallery3d.filtershow.crop.CropActivity,topStateChangedWhenResumed]
01-11 07:11:11.487 17169 17169 I wm_on_paused_called: [142359783,com.android.gallery3d.filtershow.crop.CropActivity,performPause]
01-11 07:11:11.489 1504 4663 I wm_add_to_stopping: [0,142359783,com.android.gallery3d/.filtershow.crop.CropActivity,completeFinishing]
01-11 07:11:11.494 1504 4663 I wm_set_resumed_activity: [0,com.android.gallery3d/.app.GalleryActivity,resumeTopActivityInnerLocked]
01-11 07:11:11.496 1504 4663 I wm_resume_activity: [0,116461560,149,com.android.gallery3d/.app.GalleryActivity]
01-11 07:11:11.503 1504 1699 I input_focus: [Focus leaving 7d14e2c com.android.gallery3d/com.android.gallery3d.filtershow.crop.CropActivity (server),reason=NO_WINDOW]
01-11 07:11:11.504 1504 1609 I sysui_multi_action: [757,803,799,window_time_0,802,10]
01-11 07:11:11.509 17169 17169 I wm_on_activity_result_called: [116461560,com.android.gallery3d.app.GalleryActivity,ACTIVITY_RESULT]
01-11 07:11:11.510 17169 17169 I wm_on_restart_called: [116461560,com.android.gallery3d.app.GalleryActivity,performRestartActivity]
01-11 07:11:11.512 17169 17169 I wm_on_start_called: [116461560,com.android.gallery3d.app.GalleryActivity,handleStartActivity]
01-11 07:11:11.516 17169 17169 I wm_on_resume_called: [116461560,com.android.gallery3d.app.GalleryActivity,RESUME_ACTIVITY]
01-11 07:11:11.516 17169 17169 I wm_on_top_resumed_gained_called: [116461560,com.android.gallery3d.app.GalleryActivity,topWhenResuming]
01-11 07:11:11.525 1504 1610 I input_focus: [Focus request e365bbe com.android.gallery3d/com.android.gallery3d.app.GalleryActivity,reason=UpdateInputWindows]
01-11 07:11:11.553 1504 1699 I input_focus: [Focus entering e365bbe com.android.gallery3d/com.android.gallery3d.app.GalleryActivity (server),reason=setFocusedWindow]
01-11 07:11:11.939 1504 1609 I wm_destroy_activity: [0,142359783,149,com.android.gallery3d/.filtershow.crop.CropActivity,finish-imm:idle]
01-11 07:11:11.957 17169 17169 I wm_on_stop_called: [142359783,com.android.gallery3d.filtershow.crop.CropActivity,LIFECYCLER_STOP_ACTIVITY]
01-11 07:11:11.958 17169 17169 I wm_on_destroy_called: [142359783,com.android.gallery3d.filtershow.crop.CropActivity,performDestroy]
01-11 07:11:12.575 0 0 I auditd : type=1400 audit(0.0:14140): avc: denied { kill } for comm="swapper/1" capability=5 scontext=u:r:kernel:s0 tcontext=u:r:kernel:s0 tclass=capability permissive=0
01-11 07:11:13.575 0 0 I auditd : type=1400 audit(0.0:14141): avc: denied { kill } for comm="swapper/1" capability=5 scontext=u:r:kernel:s0 tcontext=u:r:kernel:s0 tclass=capability permissive=0
01-11 07:11:14.575 0 0 I auditd : type=1400 audit(0.0:14142): avc: denied { kill } for comm="swapper/1" capability=5 scontext=u:r:kernel:s0 tcontext=u:r:kernel:s0 tclass=capability permissive=0
01-11 07:11:16.575 0 0 I auditd : type=1400 audit(0.0:14143): avc: denied { kill } for comm="swapper/1" capability=5 scontext=u:r:kernel:s0 tcontext=u:r:kernel:s0 tclass=capability permissive=0
01-11 07:11:17.292 1504 1699 I input_interaction: Interaction with: e365bbe com.android.gallery3d/com.android.gallery3d.app.GalleryActivity (server), edge-swipe (server), swipe-up (server), PointerEventDispatcher0 (server),
01-11 07:11:17.312 1504 1713 I wm_task_moved: [62,0,0]
01-11 07:11:17.313 1504 1713 I wm_task_moved: [62,0,7]
01-11 07:11:17.327 2545 2545 I wm_on_restart_called: [11415547,com.android.launcher3.uioverrides.QuickstepLauncher,performRestartActivity]
01-11 07:11:17.371 2545 2545 I wm_on_start_called: [11415547,com.android.launcher3.uioverrides.QuickstepLauncher,handleStartActivity]
01-11 07:11:17.390 17169 17169 I view_enqueue_input_event: [Motion - Cancel,com.android.gallery3d/com.android.gallery3d.app.GalleryActivity]
01-11 07:11:17.391 2545 2545 I sysui_latency: [1,90]
01-11 07:11:17.392 1504 1610 I input_focus: [Focus request recents_animation_input_consumer,reason=UpdateInputWindows]
01-11 07:11:17.397 1504 1699 I input_interaction: Interaction with: edge-swipe (server), swipe-up (server), PointerEventDispatcher0 (server),
01-11 07:11:17.398 1504 1699 I input_focus: [Focus leaving e365bbe com.android.gallery3d/com.android.gallery3d.app.GalleryActivity (server),reason=NOT_FOCUSABLE]
01-11 07:11:17.398 1504 1699 I input_focus: [Focus entering recents_animation_input_consumer (server),reason=setFocusedWindow]
01-11 07:11:17.407 1504 1606 I sysui_multi_action: [319,17,322,83,325,11488,757,761,758,9,759,5,806,com.android.launcher3,871,com.android.launcher3.uioverrides.QuickstepLauncher,904,com.android.launcher3,905,0,1320,8,1321,5]
01-11 07:11:17.575 1504 1683 I commit_sys_config_file: [settings-1-0,4]
01-11 07:11:17.575 16861 16861 I auditd : type=1400 audit(0.0:14144): avc: denied { kill } for comm="kworker/u16:11" capability=5 scontext=u:r:kernel:s0 tcontext=u:r:kernel:s0 tclass=capability permissive=0
01-11 07:11:17.696 1504 1616 I sysui_latency: [8,98]
01-11 07:11:18.088 1504 4545 I wm_task_moved: [62,1,8]
01-11 07:11:18.091 1504 4545 I wm_task_moved: [63,1,2147483647]
01-11 07:11:18.091 1504 4545 I wm_task_to_front: [0,63]
01-11 07:11:18.091 1504 4545 I wm_focused_root_task: [0,0,62,149,RecentsAnimation.onAnimationFinished()]
01-11 07:11:18.091 17169 17169 I wm_on_top_resumed_lost_called: [116461560,com.android.gallery3d.app.GalleryActivity,topStateChangedWhenResumed]
01-11 07:11:18.091 1504 4545 I wm_set_resumed_activity: [0,com.android.launcher3/.uioverrides.QuickstepLauncher,RecentsAnimation.onAnimationFinished()]
01-11 07:11:18.092 1504 4545 I wm_pause_activity: [0,116461560,com.android.gallery3d/.app.GalleryActivity,userLeaving=true,pauseBackTasks]
01-11 07:11:18.093 1504 4545 I wm_add_to_stopping: [0,116461560,com.android.gallery3d/.app.GalleryActivity,makeInvisible]
01-11 07:11:18.094 1504 4545 I wm_set_resumed_activity: [0,com.android.launcher3/.uioverrides.QuickstepLauncher,resumeTopActivityInnerLocked]
01-11 07:11:18.096 1504 4545 I wm_resume_activity: [0,11415547,63,com.android.launcher3/.uioverrides.QuickstepLauncher]
01-11 07:11:18.097 2545 2545 I wm_on_resume_called: [11415547,com.android.launcher3.uioverrides.QuickstepLauncher,RESUME_ACTIVITY]
01-11 07:11:18.101 1504 1610 I input_focus: [Focus request c8c2ef0 com.android.launcher3/com.android.launcher3.uioverrides.QuickstepLauncher,reason=UpdateInputWindows]
01-11 07:11:18.117 17169 17169 I wm_on_paused_called: [116461560,com.android.gallery3d.app.GalleryActivity,performPause]
01-11 07:11:18.119 2545 2545 I wm_on_top_resumed_gained_called: [11415547,com.android.launcher3.uioverrides.QuickstepLauncher,topStateChangedWhenResumed]
01-11 07:11:18.120 1504 1699 I input_focus: [Focus leaving recents_animation_input_consumer (server),reason=NOT_VISIBLE]
01-11 07:11:18.120 1504 1699 I input_focus: [Focus entering c8c2ef0 com.android.launcher3/com.android.launcher3.uioverrides.QuickstepLauncher (server),reason=setFocusedWindow]
01-11 07:11:18.125 1504 1609 I wm_stop_activity: [0,116461560,com.android.gallery3d/.app.GalleryActivity]
01-11 07:11:18.125 1504 1609 I sysui_multi_action: [757,803,799,window_time_0,802,7]
01-11 07:11:18.131 17169 17169 I wm_on_stop_called: [116461560,com.android.gallery3d.app.GalleryActivity,STOP_ACTIVITY_ITEM]
01-11 07:11:18.133 1504 1609 I sysui_multi_action: [757,803,799,window_time_0,802,0]
01-11 07:11:18.575 0 0 I auditd : type=1400 audit(0.0:14145): avc: denied { kill } for comm="swapper/1" capability=5 scontext=u:r:kernel:s0 tcontext=u:r:kernel:s0 tclass=capability permissive=0
01-11 07:11:19.575 0 0 I auditd : type=1400 audit(0.0:14146): avc: denied { kill } for comm="swapper/1" capability=5 scontext=u:r:kernel:s0 tcontext=u:r:kernel:s0 tclass=capability permissive=0
01-11 07:11:20.575 0 0 I auditd : type=1400 audit(0.0:14147): avc: denied { kill } for comm="swapper/1" capability=5 scontext=u:r:kernel:s0 tcontext=u:r:kernel:s0 tclass=capability permissive=0
01-11 07:11:21.298 1504 1699 I input_interaction: Interaction with: c8c2ef0 com.android.launcher3/com.android.launcher3.uioverrides.QuickstepLauncher (server), dbb0197 com.android.systemui.ImageWallpaper (server), edge-swipe (server), swipe-up (server), PointerEventDispatcher0 (server),
01-11 07:11:21.628 1504 1683 I commit_sys_config_file: [settings-1-0,7]
01-11 07:11:22.575 0 0 I auditd : type=1400 audit(0.0:14148): avc: denied { kill } for comm="swapper/1" capability=5 scontext=u:r:kernel:s0 tcontext=u:r:kernel:s0 tclass=capability permissive=0
01-11 07:11:23.052 1504 1683 I commit_sys_config_file: [settings-1-0,5]
01-11 07:11:23.575 0 0 I auditd : type=1400 audit(0.0:14149): avc: denied { kill } for comm="swapper/1" capability=5 scontext=u:r:kernel:s0 tcontext=u:r:kernel:s0 tclass=capability permissive=0
01-11 07:11:23.837 1504 2065 I wm_task_created: [151,-1]
01-11 07:11:23.840 1504 2065 I wm_task_moved: [151,1,9]
01-11 07:11:23.840 1504 2065 I wm_task_to_front: [0,151]
01-11 07:11:23.840 1504 2065 I wm_create_task: [0,151]
01-11 07:11:23.840 1504 2065 I wm_create_activity: [0,146472998,151,com.android.documentsui/.LauncherActivity,android.intent.action.MAIN,NULL,NULL,270532608]
01-11 07:11:23.840 1504 2065 I wm_task_moved: [151,1,9]
01-11 07:11:23.841 1504 2065 I wm_pause_activity: [0,11415547,com.android.launcher3/.uioverrides.QuickstepLauncher,userLeaving=true,pauseBackTasks]
01-11 07:11:23.843 2545 2545 I wm_on_top_resumed_lost_called: [11415547,com.android.launcher3.uioverrides.QuickstepLauncher,topStateChangedWhenResumed]
01-11 07:11:23.843 2545 2545 I wm_on_paused_called: [11415547,com.android.launcher3.uioverrides.QuickstepLauncher,performPause]
01-11 07:11:23.845 1504 8716 I wm_restart_activity: [0,146472998,151,com.android.documentsui/.LauncherActivity]
01-11 07:11:23.845 1504 8716 I wm_set_resumed_activity: [0,com.android.documentsui/.LauncherActivity,minimalResumeActivityLocked]
01-11 07:11:23.847 1504 1609 I am_uid_active: 10024
01-11 07:11:23.849 1504 1609 I sysui_multi_action: [757,803,799,window_time_0,802,6]
01-11 07:11:23.862 1504 4545 I wm_task_created: [152,-1]
01-11 07:11:23.864 1504 4545 I wm_task_moved: [152,1,10]
01-11 07:11:23.864 1504 4545 I wm_task_to_front: [0,152]
01-11 07:11:23.865 1504 4545 I wm_create_task: [0,152]
01-11 07:11:23.865 1504 4545 I wm_create_activity: [0,87995833,152,com.android.documentsui/.files.FilesActivity,NULL,NULL,//com.android.documentsui.launchControl,271056896]
01-11 07:11:23.865 1504 4545 I wm_task_moved: [152,1,10]
01-11 07:11:23.865 1504 4545 I wm_pause_activity: [0,146472998,com.android.documentsui/.LauncherActivity,userLeaving=true,pauseBackTasks]
01-11 07:11:23.871 1504 4545 I wm_finish_activity: [0,146472998,151,com.android.documentsui/.LauncherActivity,app-request]
01-11 07:11:23.871 17168 17168 I wm_on_create_called: [146472998,com.android.documentsui.LauncherActivity,performCreate]
01-11 07:11:23.872 1504 8716 I wm_add_to_stopping: [0,146472998,com.android.documentsui/.LauncherActivity,completeFinishing]
01-11 07:11:23.873 1504 8716 I wm_add_to_stopping: [0,11415547,com.android.launcher3/.uioverrides.QuickstepLauncher,makeInvisible]
01-11 07:11:23.874 1504 8716 I wm_restart_activity: [0,87995833,152,com.android.documentsui/.files.FilesActivity]
01-11 07:11:23.874 1504 8716 I wm_set_resumed_activity: [0,com.android.documentsui/.files.FilesActivity,minimalResumeActivityLocked]
01-11 07:11:23.875 1504 1609 I wm_destroy_activity: [0,146472998,151,com.android.documentsui/.LauncherActivity,finish-imm:idle]
01-11 07:11:23.876 1504 1609 I sysui_multi_action: [757,803,799,window_time_0,802,0]
01-11 07:11:23.894 1504 1616 I am_pss : [15063,10052,com.thundercomm.screensaver,139401216,129724416,4026368,245600256,0,16,11]
01-11 07:11:23.897 1504 1699 I input_focus: [Focus leaving c8c2ef0 com.android.launcher3/com.android.launcher3.uioverrides.QuickstepLauncher (server),reason=NO_WINDOW]
01-11 07:11:23.922 17168 17168 I wm_on_create_called: [87995833,com.android.documentsui.files.FilesActivity,performCreate]
01-11 07:11:23.925 17168 17168 I wm_on_start_called: [87995833,com.android.documentsui.files.FilesActivity,handleStartActivity]
01-11 07:11:23.927 17168 17168 I wm_on_resume_called: [87995833,com.android.documentsui.files.FilesActivity,RESUME_ACTIVITY]
01-11 07:11:23.930 1504 8716 I am_uid_running: 10030
01-11 07:11:23.932 17168 17168 I wm_on_top_resumed_gained_called: [87995833,com.android.documentsui.files.FilesActivity,topStateChangedWhenResumed]
01-11 07:11:23.933 17168 17168 I wm_on_destroy_called: [146472998,com.android.documentsui.LauncherActivity,performDestroy]
01-11 07:11:23.933 1504 4545 I wm_task_removed: [151,removeChild:removeChild last r=ActivityRecord{8bb0026 u0 com.android.documentsui/.LauncherActivity t-1 f}} in t=Task{c0bf475 #151 type=standard A=10024:com.android.documentsui U=0 visible=false mode=fullscreen translucent=true sz=0}]
01-11 07:11:23.933 1504 4545 I wm_task_removed: [151,removeChild]
01-11 07:11:23.935 1504 4545 I am_uid_running: 10018
01-11 07:11:23.936 1504 1618 I am_proc_start: [0,18075,10030,com.android.externalstorage,content provider,{com.android.externalstorage/com.android.externalstorage.ExternalStorageProvider}]
01-11 07:11:23.944 1504 1618 I am_proc_start: [0,18086,10018,android.process.media,content provider,{com.android.providers.downloads/com.android.providers.downloads.DownloadStorageProvider}]
01-11 07:11:23.949 1504 8716 I am_proc_bound: [0,18075,com.android.externalstorage]
01-11 07:11:23.950 1504 8716 I am_uid_active: 10030
01-11 07:11:23.954 1504 1610 I input_focus: [Focus request c29d2ae com.android.documentsui/com.android.documentsui.files.FilesActivity,reason=UpdateInputWindows]
01-11 07:11:23.957 1504 8716 I am_proc_bound: [0,18086,android.process.media]
01-11 07:11:23.958 1504 8716 I am_uid_active: 10018
01-11 07:11:23.999 1504 1606 I sysui_multi_action: [319,57,321,55,322,162,325,11495,757,761,758,8,759,1,806,com.android.documentsui,871,com.android.documentsui.files.FilesActivity,904,com.android.documentsui,905,0,1320,8,1321,5]
01-11 07:11:24.000 1504 1606 I wm_activity_launch_time: [0,87995833,com.android.documentsui/.files.FilesActivity,162]
01-11 07:11:24.001 1504 1699 I input_focus: [Focus entering c29d2ae com.android.documentsui/com.android.documentsui.files.FilesActivity (server),reason=Window became focusable. Previous reason: NOT_VISIBLE]
01-11 07:11:24.399 1504 1609 I wm_stop_activity: [0,11415547,com.android.launcher3/.uioverrides.QuickstepLauncher]
01-11 07:11:24.425 2545 2545 I wm_on_stop_called: [11415547,com.android.launcher3.uioverrides.QuickstepLauncher,STOP_ACTIVITY_ITEM]
01-11 07:11:24.575 0 0 I auditd : type=1400 audit(0.0:14150): avc: denied { kill } for comm="swapper/1" capability=5 scontext=u:r:kernel:s0 tcontext=u:r:kernel:s0 tclass=capability permissive=0
01-11 07:11:25.342 1504 1699 I input_interaction: Interaction with: c29d2ae com.android.documentsui/com.android.documentsui.files.FilesActivity (server), edge-swipe (server), swipe-up (server), PointerEventDispatcher0 (server),
01-11 07:11:25.575 0 0 I auditd : type=1400 audit(0.0:14151): avc: denied { kill } for comm="swapper/1" capability=5 scontext=u:r:kernel:s0 tcontext=u:r:kernel:s0 tclass=capability permissive=0
01-11 07:11:26.097 1504 1617 I am_uid_idle: 10052
01-11 07:11:26.575 0 0 I auditd : type=1400 audit(0.0:14152): avc: denied { kill } for comm="swapper/1" capability=5 scontext=u:r:kernel:s0 tcontext=u:r:kernel:s0 tclass=capability permissive=0
01-11 07:11:27.575 0 0 I auditd : type=1400 audit(0.0:14153): avc: denied { kill } for comm="swapper/1" capability=5 scontext=u:r:kernel:s0 tcontext=u:r:kernel:s0 tclass=capability permissive=0
01-11 07:11:30.078 1504 1504 I service_manager_stats: [100,71,67446]
01-11 07:11:30.236 1504 1610 I input_focus: [Focus request 30edccc PopupWindow:12df5bb,reason=UpdateInputWindows]
01-11 07:11:30.264 1504 1699 I input_focus: [Focus leaving c29d2ae com.android.documentsui/com.android.documentsui.files.FilesActivity (server),reason=Waiting for window because NOT_VISIBLE]
01-11 07:11:30.299 1504 1699 I input_focus: [Focus entering 30edccc PopupWindow:12df5bb (server),reason=Window became focusable. Previous reason: NOT_VISIBLE]
01-11 07:11:30.575 0 0 I auditd : type=1400 audit(0.0:14154): avc: denied { kill } for comm="swapper/2" capability=5 scontext=u:r:kernel:s0 tcontext=u:r:kernel:s0 tclass=capability permissive=0
01-11 07:11:31.575 0 0 I auditd : type=1400 audit(0.0:14155): avc: denied { kill } for comm="swapper/2" capability=5 scontext=u:r:kernel:s0 tcontext=u:r:kernel:s0 tclass=capability permissive=0
01-11 07:11:32.575 0 0 I auditd : type=1400 audit(0.0:14156): avc: denied { kill } for comm="swapper/2" capability=5 scontext=u:r:kernel:s0 tcontext=u:r:kernel:s0 tclass=capability permissive=0
01-11 07:11:33.575 0 0 I auditd : type=1400 audit(0.0:14157): avc: denied { kill } for comm="swapper/2" capability=5 scontext=u:r:kernel:s0 tcontext=u:r:kernel:s0 tclass=capability permissive=0
01-11 07:11:34.396 1504 1699 I input_interaction: Interaction with: 30edccc PopupWindow:12df5bb (server), edge-swipe (server), swipe-up (server), PointerEventDispatcher0 (server),
01-11 07:11:34.412 1504 1610 I input_focus: [Focus request c29d2ae com.android.documentsui/com.android.documentsui.files.FilesActivity,reason=UpdateInputWindows]
01-11 07:11:34.442 1504 1699 I input_focus: [Focus leaving 30edccc PopupWindow:12df5bb (server),reason=NOT_FOCUSABLE]
01-11 07:11:34.442 1504 1699 I input_focus: [Focus entering c29d2ae com.android.documentsui/com.android.documentsui.files.FilesActivity (server),reason=setFocusedWindow]
01-11 07:11:34.988 1504 1699 I input_interaction: Interaction with: c29d2ae com.android.documentsui/com.android.documentsui.files.FilesActivity (server), edge-swipe (server), swipe-up (server), PointerEventDispatcher0 (server),
01-11 07:11:35.575 0 0 I auditd : type=1400 audit(0.0:14158): avc: denied { kill } for comm="swapper/2" capability=5 scontext=u:r:kernel:s0 tcontext=u:r:kernel:s0 tclass=capability permissive=0
01-11 07:11:36.186 1504 4663 I wm_task_moved: [152,1,9]
01-11 07:11:36.186 1504 4663 I wm_set_resumed_activity: [0,com.android.documentsui/.files.FilesActivity,positionChildAt]
01-11 07:11:36.187 1504 4663 I wm_create_activity: [0,242461390,152,com.android.gallery3d/.app.GalleryActivity,android.intent.action.VIEW,image/jpeg,content://com.android.externalstorage.documents/document/primary:t/_20230111_071111.JPG,536870915]
01-11 07:11:36.188 1504 4663 I wm_pause_activity: [0,87995833,com.android.documentsui/.files.FilesActivity,userLeaving=true,resumeTopActivityInnerLocked]
01-11 07:11:36.190 17168 17168 I wm_on_top_resumed_lost_called: [87995833,com.android.documentsui.files.FilesActivity,topStateChangedWhenResumed]
01-11 07:11:36.191 17168 17168 I wm_on_paused_called: [87995833,com.android.documentsui.files.FilesActivity,performPause]
01-11 07:11:36.192 1504 4663 I wm_add_to_stopping: [0,87995833,com.android.documentsui/.files.FilesActivity,makeInvisible]
01-11 07:11:36.192 1504 4663 I wm_restart_activity: [0,242461390,152,com.android.gallery3d/.app.GalleryActivity]
01-11 07:11:36.193 1504 4663 I wm_set_resumed_activity: [0,com.android.gallery3d/.app.GalleryActivity,minimalResumeActivityLocked]
01-11 07:11:36.195 1504 1609 I sysui_multi_action: [757,803,799,window_time_0,802,12]
01-11 07:11:36.206 17169 17169 I wm_on_create_called: [242461390,com.android.gallery3d.app.GalleryActivity,performCreate]
01-11 07:11:36.207 17169 17169 I wm_on_start_called: [242461390,com.android.gallery3d.app.GalleryActivity,handleStartActivity]
01-11 07:11:36.209 1504 1699 I input_focus: [Focus leaving c29d2ae com.android.documentsui/com.android.documentsui.files.FilesActivity (server),reason=NO_WINDOW]
01-11 07:11:36.209 17169 17169 I wm_on_resume_called: [242461390,com.android.gallery3d.app.GalleryActivity,RESUME_ACTIVITY]
01-11 07:11:36.209 1504 1616 I am_pss : [17168,10024,com.android.documentsui,81682432,75837440,0,210837504,0,2,7]
01-11 07:11:36.211 17169 17169 I wm_on_top_resumed_gained_called: [242461390,com.android.gallery3d.app.GalleryActivity,topStateChangedWhenResumed]
01-11 07:11:36.228 1504 1610 I input_focus: [Focus request 1a645a6 com.android.gallery3d/com.android.gallery3d.app.GalleryActivity,reason=UpdateInputWindows]
01-11 07:11:36.264 1504 1606 I sysui_multi_action: [319,83,322,83,325,11507,757,761,758,8,759,2,806,com.android.gallery3d,871,com.android.gallery3d.app.GalleryActivity,904,com.android.documentsui,905,0,1320,17,1321,1]
01-11 07:11:36.264 1504 1606 I wm_activity_launch_time: [0,242461390,com.android.gallery3d/.app.GalleryActivity,83]
01-11 07:11:36.278 1504 1699 I input_focus: [Focus entering 1a645a6 com.android.gallery3d/com.android.gallery3d.app.GalleryActivity (server),reason=Window became focusable. Previous reason: NOT_VISIBLE]
01-11 07:11:36.575 0 0 I auditd : type=1400 audit(0.0:14159): avc: denied { kill } for comm="swapper/2" capability=5 scontext=u:r:kernel:s0 tcontext=u:r:kernel:s0 tclass=capability permissive=0
01-11 07:11:36.661 1504 1609 I wm_stop_activity: [0,87995833,com.android.documentsui/.files.FilesActivity]
01-11 07:11:36.692 17168 17168 I wm_on_stop_called: [87995833,com.android.documentsui.files.FilesActivity,STOP_ACTIVITY_ITEM]
01-11 07:11:37.204 1504 1699 I input_interaction: Interaction with: 1a645a6 com.android.gallery3d/com.android.gallery3d.app.GalleryActivity (server), edge-swipe (server), swipe-up (server), PointerEventDispatcher0 (server),
01-11 07:11:39.575 0 0 I auditd : type=1400 audit(0.0:14160): avc: denied { kill } for comm="swapper/3" capability=5 scontext=u:r:kernel:s0 tcontext=u:r:kernel:s0 tclass=capability permissive=0
01-11 07:11:40.575 0 0 I auditd : type=1400 audit(0.0:14161): avc: denied { kill } for comm="swapper/3" capability=5 scontext=u:r:kernel:s0 tcontext=u:r:kernel:s0 tclass=capability permissive=0
01-11 07:11:41.575 0 0 I auditd : type=1400 audit(0.0:14162): avc: denied { kill } for comm="swapper/3" capability=5 scontext=u:r:kernel:s0 tcontext=u:r:kernel:s0 tclass=capability permissive=0
01-11 07:11:43.102 1504 2065 I sysui_multi_action: [757,803,799,key_back_press,802,1]
01-11 07:11:43.103 1504 1699 I input_interaction: Interaction with: 1a645a6 com.android.gallery3d/com.android.gallery3d.app.GalleryActivity (server), PointerEventDispatcher0 (server),
01-11 07:11:43.109 1504 2065 I wm_finish_activity: [0,242461390,152,com.android.gallery3d/.app.GalleryActivity,app-request]
01-11 07:11:43.125 1504 2065 I wm_pause_activity: [0,242461390,com.android.gallery3d/.app.GalleryActivity,userLeaving=false,finish]
01-11 07:11:43.148 1504 1699 I input_focus: [Focus leaving 1a645a6 com.android.gallery3d/com.android.gallery3d.app.GalleryActivity (server),reason=NO_WINDOW]
01-11 07:11:43.154 17169 17169 I wm_on_top_resumed_lost_called: [242461390,com.android.gallery3d.app.GalleryActivity,topStateChangedWhenResumed]
01-11 07:11:43.163 17169 17169 I wm_on_paused_called: [242461390,com.android.gallery3d.app.GalleryActivity,performPause]
01-11 07:11:43.164 1504 2065 I wm_add_to_stopping: [0,242461390,com.android.gallery3d/.app.GalleryActivity,completeFinishing]
01-11 07:11:43.165 1504 2065 I wm_set_resumed_activity: [0,com.android.documentsui/.files.FilesActivity,resumeTopActivityInnerLocked]
01-11 07:11:43.166 1504 2065 I wm_resume_activity: [0,87995833,152,com.android.documentsui/.files.FilesActivity]
01-11 07:11:43.169 1504 1609 I sysui_multi_action: [757,803,799,window_time_0,802,7]
01-11 07:11:43.170 17168 17168 I wm_on_restart_called: [87995833,com.android.documentsui.files.FilesActivity,performRestartActivity]
