01-11 07:05:59.359 1504 1699 I input_interaction: Interaction with: 49f2337 com.android.settings/com.android.settings.Settings (server), PointerEventDispatcher0 (server),
01-11 07:05:59.366 17287 17287 I sysui_multi_action: [757,47,758,2,1089,18433]
01-11 07:05:59.380 17287 17287 I sysui_multi_action: [757,46,758,1,833,0,1089,0]
01-11 07:06:00.575 0 0 I auditd : type=1400 audit(0.0:13862): avc: denied { kill } for comm="swapper/3" capability=5 scontext=u:r:kernel:s0 tcontext=u:r:kernel:s0 tclass=capability permissive=0
01-11 07:06:01.575 0 0 I auditd : type=1400 audit(0.0:13863): avc: denied { kill } for comm="swapper/3" capability=5 scontext=u:r:kernel:s0 tcontext=u:r:kernel:s0 tclass=capability permissive=0
01-11 07:06:02.575 0 0 I auditd : type=1400 audit(0.0:13864): avc: denied { kill } for comm="swapper/3" capability=5 scontext=u:r:kernel:s0 tcontext=u:r:kernel:s0 tclass=capability permissive=0
01-11 07:06:03.575 0 0 I auditd : type=1400 audit(0.0:13865): avc: denied { kill } for comm="swapper/3" capability=5 scontext=u:r:kernel:s0 tcontext=u:r:kernel:s0 tclass=capability permissive=0
01-11 07:06:04.575 0 0 I auditd : type=1400 audit(0.0:13866): avc: denied { kill } for comm="swapper/3" capability=5 scontext=u:r:kernel:s0 tcontext=u:r:kernel:s0 tclass=capability permissive=0
01-11 07:06:05.575 0 0 I auditd : type=1400 audit(0.0:13867): avc: denied { kill } for comm="swapper/3" capability=5 scontext=u:r:kernel:s0 tcontext=u:r:kernel:s0 tclass=capability permissive=0
01-11 07:06:06.575 0 0 I auditd : type=1400 audit(0.0:13868): avc: denied { kill } for comm="swapper/3" capability=5 scontext=u:r:kernel:s0 tcontext=u:r:kernel:s0 tclass=capability permissive=0
01-11 07:06:07.575 0 0 I auditd : type=1400 audit(0.0:13869): avc: denied { kill } for comm="swapper/3" capability=5 scontext=u:r:kernel:s0 tcontext=u:r:kernel:s0 tclass=capability permissive=0
01-11 07:06:08.575 0 0 I auditd : type=1400 audit(0.0:13870): avc: denied { kill } for comm="swapper/3" capability=5 scontext=u:r:kernel:s0 tcontext=u:r:kernel:s0 tclass=capability permissive=0
01-11 07:06:09.575 0 0 I auditd : type=1400 audit(0.0:13871): avc: denied { kill } for comm="swapper/3" capability=5 scontext=u:r:kernel:s0 tcontext=u:r:kernel:s0 tclass=capability permissive=0
01-11 07:06:10.575 0 0 I auditd : type=1400 audit(0.0:13872): avc: denied { kill } for comm="swapper/3" capability=5 scontext=u:r:kernel:s0 tcontext=u:r:kernel:s0 tclass=capability permissive=0
01-11 07:06:11.575 0 0 I auditd : type=1400 audit(0.0:13873): avc: denied { kill } for comm="swapper/3" capability=5 scontext=u:r:kernel:s0 tcontext=u:r:kernel:s0 tclass=capability permissive=0
01-11 07:06:12.575 0 0 I auditd : type=1400 audit(0.0:13874): avc: denied { kill } for comm="swapper/3" capability=5 scontext=u:r:kernel:s0 tcontext=u:r:kernel:s0 tclass=capability permissive=0
01-11 07:06:13.575 0 0 I auditd : type=1400 audit(0.0:13875): avc: denied { kill } for comm="swapper/3" capability=5 scontext=u:r:kernel:s0 tcontext=u:r:kernel:s0 tclass=capability permissive=0
01-11 07:06:14.575 0 0 I auditd : type=1400 audit(0.0:13876): avc: denied { kill } for comm="swapper/3" capability=5 scontext=u:r:kernel:s0 tcontext=u:r:kernel:s0 tclass=capability permissive=0
01-11 07:06:15.575 0 0 I auditd : type=1400 audit(0.0:13877): avc: denied { kill } for comm="swapper/3" capability=5 scontext=u:r:kernel:s0 tcontext=u:r:kernel:s0 tclass=capability permissive=0
01-11 07:06:16.575 0 0 I auditd : type=1400 audit(0.0:13878): avc: denied { kill } for comm="swapper/3" capability=5 scontext=u:r:kernel:s0 tcontext=u:r:kernel:s0 tclass=capability permissive=0
01-11 07:06:17.575 0 0 I auditd : type=1400 audit(0.0:13879): avc: denied { kill } for comm="swapper/3" capability=5 scontext=u:r:kernel:s0 tcontext=u:r:kernel:s0 tclass=capability permissive=0
01-11 07:06:18.575 0 0 I auditd : type=1400 audit(0.0:13880): avc: denied { kill } for comm="swapper/3" capability=5 scontext=u:r:kernel:s0 tcontext=u:r:kernel:s0 tclass=capability permissive=0
01-11 07:06:19.575 0 0 I auditd : type=1400 audit(0.0:13881): avc: denied { kill } for comm="swapper/3" capability=5 scontext=u:r:kernel:s0 tcontext=u:r:kernel:s0 tclass=capability permissive=0
01-11 07:06:19.883 1504 1699 I input_interaction: Interaction with: 49f2337 com.android.settings/com.android.settings.Settings (server), edge-swipe (server), swipe-up (server), PointerEventDispatcher0 (server),
01-11 07:06:19.901 1504 4663 I wm_task_moved: [62,0,0]
01-11 07:06:19.901 1504 4663 I wm_task_moved: [62,0,6]
01-11 07:06:19.910 2545 2545 I wm_on_restart_called: [11415547,com.android.launcher3.uioverrides.QuickstepLauncher,performRestartActivity]
01-11 07:06:19.927 2545 2545 I wm_on_start_called: [11415547,com.android.launcher3.uioverrides.QuickstepLauncher,handleStartActivity]
01-11 07:06:19.954 1504 1606 I sysui_multi_action: [319,9,322,47,325,11191,757,761,758,9,759,5,806,com.android.launcher3,871,com.android.launcher3.uioverrides.QuickstepLauncher,904,com.android.launcher3,905,0,1320,8,1321,5]
01-11 07:06:19.957 17287 17287 I view_enqueue_input_event: [Motion - Cancel,com.android.settings/com.android.settings.Settings]
01-11 07:06:19.962 1504 1699 I input_interaction: Interaction with: edge-swipe (server), swipe-up (server), PointerEventDispatcher0 (server),
01-11 07:06:19.967 2545 2545 I sysui_latency: [1,59]
01-11 07:06:19.976 1504 1610 I input_focus: [Focus request recents_animation_input_consumer,reason=UpdateInputWindows]
01-11 07:06:20.001 1504 1699 I input_focus: [Focus leaving 49f2337 com.android.settings/com.android.settings.Settings (server),reason=NOT_FOCUSABLE]
01-11 07:06:20.001 1504 1699 I input_focus: [Focus entering recents_animation_input_consumer (server),reason=setFocusedWindow]
01-11 07:06:20.129 1504 1683 I commit_sys_config_file: [settings-1-0,3]
01-11 07:06:20.249 1504 1616 I sysui_latency: [8,61]
01-11 07:06:20.575 0 0 I auditd : type=1400 audit(0.0:13882): avc: denied { kill } for comm="swapper/3" capability=5 scontext=u:r:kernel:s0 tcontext=u:r:kernel:s0 tclass=capability permissive=0
01-11 07:06:20.680 1504 13722 I wm_task_moved: [62,1,7]
01-11 07:06:20.683 1504 13722 I wm_task_moved: [63,1,2147483647]
01-11 07:06:20.683 1504 13722 I wm_task_to_front: [0,63]
01-11 07:06:20.683 1504 13722 I wm_focused_root_task: [0,0,62,148,RecentsAnimation.onAnimationFinished()]
01-11 07:06:20.683 1504 13722 I wm_set_resumed_activity: [0,com.android.launcher3/.uioverrides.QuickstepLauncher,RecentsAnimation.onAnimationFinished()]
01-11 07:06:20.684 1504 13722 I wm_pause_activity: [0,254344633,com.android.settings/.Settings,userLeaving=true,pauseBackTasks]
01-11 07:06:20.685 1504 13722 I wm_add_to_stopping: [0,254344633,com.android.settings/.Settings,makeInvisible]
01-11 07:06:20.686 1504 13722 I wm_set_resumed_activity: [0,com.android.launcher3/.uioverrides.QuickstepLauncher,resumeTopActivityInnerLocked]
01-11 07:06:20.686 17287 17287 I wm_on_top_resumed_lost_called: [254344633,com.android.settings.Settings,topStateChangedWhenResumed]
01-11 07:06:20.687 1504 13722 I service_manager_stats: [100,63,87465]
01-11 07:06:20.688 1504 13722 I wm_resume_activity: [0,11415547,63,com.android.launcher3/.uioverrides.QuickstepLauncher]
01-11 07:06:20.690 2545 2545 I wm_on_resume_called: [11415547,com.android.launcher3.uioverrides.QuickstepLauncher,RESUME_ACTIVITY]
01-11 07:06:20.694 1504 1610 I input_focus: [Focus request c8c2ef0 com.android.launcher3/com.android.launcher3.uioverrides.QuickstepLauncher,reason=UpdateInputWindows]
01-11 07:06:20.697 1504 1609 I wm_stop_activity: [0,254344633,com.android.settings/.Settings]
01-11 07:06:20.698 1504 1609 I sysui_multi_action: [757,803,799,window_time_0,802,39]
01-11 07:06:20.701 1504 1609 I sysui_multi_action: [757,803,799,window_time_0,802,0]
01-11 07:06:20.701 2545 2545 I wm_on_top_resumed_gained_called: [11415547,com.android.launcher3.uioverrides.QuickstepLauncher,topStateChangedWhenResumed]
01-11 07:06:20.703 1504 1699 I input_focus: [Focus leaving recents_animation_input_consumer (server),reason=NOT_VISIBLE]
01-11 07:06:20.703 1504 1699 I input_focus: [Focus entering c8c2ef0 com.android.launcher3/com.android.launcher3.uioverrides.QuickstepLauncher (server),reason=setFocusedWindow]
01-11 07:06:20.705 17287 17287 I sysui_multi_action: [757,35,758,2,1089,39774]
01-11 07:06:20.705 17287 17287 I sysui_multi_action: [757,46,758,2,1089,21326]
01-11 07:06:20.706 17287 17287 I wm_on_paused_called: [254344633,com.android.settings.Settings,performPause]
01-11 07:06:20.720 1504 1616 I am_pss : [17557,10088,com.qualcomm.qti.qccauthmgr,6223872,4235264,0,93941760,0,19,8]
01-11 07:06:20.726 17287 17287 I wm_on_stop_called: [254344633,com.android.settings.Settings,STOP_ACTIVITY_ITEM]
01-11 07:06:21.038 1504 1699 I input_interaction: Interaction with: c8c2ef0 com.android.launcher3/com.android.launcher3.uioverrides.QuickstepLauncher (server), dbb0197 com.android.systemui.ImageWallpaper (server), edge-swipe (server), swipe-up (server), PointerEventDispatcher0 (server),
01-11 07:06:21.140 1504 2114 I wm_task_created: [149,-1]
01-11 07:06:21.143 1504 2114 I wm_task_moved: [149,1,8]
01-11 07:06:21.143 1504 2114 I wm_task_to_front: [0,149]
01-11 07:06:21.143 1504 2114 I wm_create_task: [0,149]
01-11 07:06:21.143 1504 2114 I wm_create_activity: [0,116461560,149,com.android.gallery3d/.app.GalleryActivity,android.intent.action.MAIN,NULL,NULL,270532608]
01-11 07:06:21.143 1504 2114 I wm_task_moved: [149,1,8]
01-11 07:06:21.144 1504 2114 I wm_pause_activity: [0,11415547,com.android.launcher3/.uioverrides.QuickstepLauncher,userLeaving=true,pauseBackTasks]
01-11 07:06:21.146 2545 2545 I wm_on_top_resumed_lost_called: [11415547,com.android.launcher3.uioverrides.QuickstepLauncher,topStateChangedWhenResumed]
01-11 07:06:21.147 2545 2545 I wm_on_paused_called: [11415547,com.android.launcher3.uioverrides.QuickstepLauncher,performPause]
01-11 07:06:21.149 1504 13722 I wm_add_to_stopping: [0,11415547,com.android.launcher3/.uioverrides.QuickstepLauncher,makeInvisible]
01-11 07:06:21.150 1504 13722 I wm_restart_activity: [0,116461560,149,com.android.gallery3d/.app.GalleryActivity]
01-11 07:06:21.150 1504 13722 I wm_set_resumed_activity: [0,com.android.gallery3d/.app.GalleryActivity,minimalResumeActivityLocked]
01-11 07:06:21.152 1504 1609 I am_uid_active: 10068
01-11 07:06:21.154 1504 1609 I sysui_multi_action: [757,803,799,window_time_0,802,1]
01-11 07:06:21.169 1504 1699 I input_focus: [Focus leaving c8c2ef0 com.android.launcher3/com.android.launcher3.uioverrides.QuickstepLauncher (server),reason=NO_WINDOW]
01-11 07:06:21.174 17169 17169 I wm_on_create_called: [116461560,com.android.gallery3d.app.GalleryActivity,performCreate]
01-11 07:06:21.175 17169 17169 I wm_on_start_called: [116461560,com.android.gallery3d.app.GalleryActivity,handleStartActivity]
01-11 07:06:21.181 17169 17169 I wm_on_resume_called: [116461560,com.android.gallery3d.app.GalleryActivity,RESUME_ACTIVITY]
01-11 07:06:21.185 17169 17169 I wm_on_top_resumed_gained_called: [116461560,com.android.gallery3d.app.GalleryActivity,topStateChangedWhenResumed]
01-11 07:06:21.189 1504 1610 I input_focus: [Focus request e365bbe com.android.gallery3d/com.android.gallery3d.app.GalleryActivity,reason=UpdateInputWindows]
01-11 07:06:21.229 1504 1606 I sysui_multi_action: [319,42,321,40,322,95,325,11192,757,761,758,8,759,1,806,com.android.gallery3d,871,com.android.gallery3d.app.GalleryActivity,904,com.android.launcher3,905,0,1320,17,1321,1]
01-11 07:06:21.229 1504 1606 I wm_activity_launch_time: [0,116461560,com.android.gallery3d/.app.GalleryActivity,95]
01-11 07:06:21.237 1504 1699 I input_focus: [Focus entering e365bbe com.android.gallery3d/com.android.gallery3d.app.GalleryActivity (server),reason=Window became focusable. Previous reason: NOT_VISIBLE]
01-11 07:06:21.575 0 0 I auditd : type=1400 audit(0.0:13883): avc: denied { kill } for comm="swapper/3" capability=5 scontext=u:r:kernel:s0 tcontext=u:r:kernel:s0 tclass=capability permissive=0
01-11 07:06:21.704 1504 1609 I wm_stop_activity: [0,11415547,com.android.launcher3/.uioverrides.QuickstepLauncher]
01-11 07:06:21.723 2545 2545 I wm_on_stop_called: [11415547,com.android.launcher3.uioverrides.QuickstepLauncher,STOP_ACTIVITY_ITEM]
01-11 07:06:22.069 1504 1699 I input_interaction: Interaction with: e365bbe com.android.gallery3d/com.android.gallery3d.app.GalleryActivity (server), edge-swipe (server), swipe-up (server), PointerEventDispatcher0 (server),
01-11 07:06:23.575 0 0 I auditd : type=1400 audit(0.0:13884): avc: denied { kill } for comm="swapper/6" capability=5 scontext=u:r:kernel:s0 tcontext=u:r:kernel:s0 tclass=capability permissive=0
01-11 07:06:24.168 1504 1610 I input_focus: [Focus request 8510683 PopupWindow:5209cba,reason=UpdateInputWindows]
01-11 07:06:24.197 1504 1699 I input_focus: [Focus leaving e365bbe com.android.gallery3d/com.android.gallery3d.app.GalleryActivity (server),reason=setFocusedWindow]
01-11 07:06:24.197 1504 1699 I input_focus: [Focus entering 8510683 PopupWindow:5209cba (server),reason=setFocusedWindow]
01-11 07:06:24.575 0 0 I auditd : type=1400 audit(0.0:13885): avc: denied { kill } for comm="swapper/6" capability=5 scontext=u:r:kernel:s0 tcontext=u:r:kernel:s0 tclass=capability permissive=0
01-11 07:06:25.575 0 0 I auditd : type=1400 audit(0.0:13886): avc: denied { kill } for comm="swapper/6" capability=5 scontext=u:r:kernel:s0 tcontext=u:r:kernel:s0 tclass=capability permissive=0
01-11 07:06:26.021 1504 1699 I input_interaction: Interaction with: 8510683 PopupWindow:5209cba (server), edge-swipe (server), swipe-up (server), PointerEventDispatcher0 (server),
01-11 07:06:26.041 1504 1610 I input_focus: [Focus request e365bbe com.android.gallery3d/com.android.gallery3d.app.GalleryActivity,reason=UpdateInputWindows]
01-11 07:06:26.069 1504 1699 I input_focus: [Focus entering e365bbe com.android.gallery3d/com.android.gallery3d.app.GalleryActivity (server),reason=setFocusedWindow]
01-11 07:06:26.575 0 0 I auditd : type=1400 audit(0.0:13887): avc: denied { kill } for comm="swapper/2" capability=5 scontext=u:r:kernel:s0 tcontext=u:r:kernel:s0 tclass=capability permissive=0
01-11 07:06:27.294 1504 1699 I input_interaction: Interaction with: e365bbe com.android.gallery3d/com.android.gallery3d.app.GalleryActivity (server), edge-swipe (server), swipe-up (server), PointerEventDispatcher0 (server),
01-11 07:06:28.575 0 0 I auditd : type=1400 audit(0.0:13888): avc: denied { kill } for comm="swapper/2" capability=5 scontext=u:r:kernel:s0 tcontext=u:r:kernel:s0 tclass=capability permissive=0
01-11 07:06:28.868 17169 17169 I view_enqueue_input_event: [Motion - Cancel,com.android.gallery3d/com.android.gallery3d.app.GalleryActivity]
01-11 07:06:28.871 1504 1699 I input_interaction: Interaction with: edge-swipe (server), swipe-up (server), PointerEventDispatcher0 (server),
01-11 07:06:29.238 1504 2114 I sysui_multi_action: [757,803,799,key_back_press,802,1]
01-11 07:06:29.247 1504 1699 I input_interaction: Interaction with: e365bbe com.android.gallery3d/com.android.gallery3d.app.GalleryActivity (server), PointerEventDispatcher0 (server),
01-11 07:06:29.575 0 0 I auditd : type=1400 audit(0.0:13889): avc: denied { kill } for comm="swapper/2" capability=5 scontext=u:r:kernel:s0 tcontext=u:r:kernel:s0 tclass=capability permissive=0
01-11 07:06:30.575 0 0 I auditd : type=1400 audit(0.0:13890): avc: denied { kill } for comm="swapper/2" capability=5 scontext=u:r:kernel:s0 tcontext=u:r:kernel:s0 tclass=capability permissive=0
01-11 07:06:30.694 1504 1699 I input_interaction: Interaction with: e365bbe com.android.gallery3d/com.android.gallery3d.app.GalleryActivity (server), edge-swipe (server), swipe-up (server), PointerEventDispatcher0 (server),
01-11 07:06:30.879 1504 1610 I input_focus: [Focus request 910e48 PopupWindow:f41e136,reason=UpdateInputWindows]
01-11 07:06:30.912 1504 1699 I input_focus: [Focus leaving e365bbe com.android.gallery3d/com.android.gallery3d.app.GalleryActivity (server),reason=setFocusedWindow]
01-11 07:06:30.912 1504 1699 I input_focus: [Focus entering 910e48 PopupWindow:f41e136 (server),reason=setFocusedWindow]
01-11 07:06:31.575 0 0 I auditd : type=1400 audit(0.0:13891): avc: denied { kill } for comm="swapper/2" capability=5 scontext=u:r:kernel:s0 tcontext=u:r:kernel:s0 tclass=capability permissive=0
01-11 07:06:32.575 0 0 I auditd : type=1400 audit(0.0:13892): avc: denied { kill } for comm="swapper/2" capability=5 scontext=u:r:kernel:s0 tcontext=u:r:kernel:s0 tclass=capability permissive=0
01-11 07:06:33.375 1504 1699 I input_interaction: Interaction with: 910e48 PopupWindow:f41e136 (server), edge-swipe (server), swipe-up (server), PointerEventDispatcher0 (server),
01-11 07:06:33.486 17169 17169 I menu_item_selected: [0,编辑]
01-11 07:06:33.511 1504 12470 I wm_task_moved: [149,1,8]
01-11 07:06:33.511 1504 12470 I wm_set_resumed_activity: [0,com.android.gallery3d/.app.GalleryActivity,positionChildAt]
01-11 07:06:33.511 1504 12470 I wm_create_activity: [0,161057758,149,android/com.android.internal.app.ChooserActivity,android.intent.action.CHOOSER,NULL,NULL,8388609]
01-11 07:06:33.512 1504 12470 I wm_pause_activity: [0,116461560,com.android.gallery3d/.app.GalleryActivity,userLeaving=true,resumeTopActivityInnerLocked]
01-11 07:06:33.519 17169 17169 I wm_on_top_resumed_lost_called: [116461560,com.android.gallery3d.app.GalleryActivity,topStateChangedWhenResumed]
01-11 07:06:33.519 1504 1610 I input_focus: [Focus request e365bbe com.android.gallery3d/com.android.gallery3d.app.GalleryActivity,reason=UpdateInputWindows]
01-11 07:06:33.522 1504 1618 I am_proc_start: [0,17701,1000,android:ui,pre-top-activity,{android/com.android.internal.app.ChooserActivity}]
01-11 07:06:33.527 17169 17169 I wm_on_paused_called: [116461560,com.android.gallery3d.app.GalleryActivity,performPause]
01-11 07:06:33.528 1504 1609 I sysui_multi_action: [757,803,799,window_time_0,802,12]
01-11 07:06:33.535 1504 1699 I input_focus: [Focus entering e365bbe com.android.gallery3d/com.android.gallery3d.app.GalleryActivity (server),reason=setFocusedWindow]
01-11 07:06:33.537 1504 4663 I am_proc_bound: [0,17701,android:ui]
01-11 07:06:33.540 1504 4663 I wm_restart_activity: [0,161057758,149,android/com.android.internal.app.ChooserActivity]
01-11 07:06:33.540 1504 4663 I wm_set_resumed_activity: [0,android/com.android.internal.app.ChooserActivity,minimalResumeActivityLocked]
01-11 07:06:33.573 1504 2114 I wm_task_moved: [149,1,8]
01-11 07:06:33.573 1504 2114 I wm_set_resumed_activity: [0,android/com.android.internal.app.ChooserActivity,positionChildAt]
01-11 07:06:33.573 1504 2114 I wm_create_activity: [0,227358895,149,com.android.gallery3d/.filtershow.FilterShowActivity,action_nextgen_edit,image/png,content://media/external/images/media/20,50331649]
01-11 07:06:33.574 1504 2114 I wm_pause_activity: [0,161057758,android/com.android.internal.app.ChooserActivity,userLeaving=true,resumeTopActivityInnerLocked]
01-11 07:06:33.575 1504 2558 I wm_finish_activity: [0,161057758,149,android/com.android.internal.app.ChooserActivity,app-request]
01-11 07:06:33.575 17701 17701 I sysui_multi_action: [757,214,758,4,759,1,1649,image/png,1653,22]
01-11 07:06:33.576 17701 17701 I wm_on_create_called: [161057758,com.android.internal.app.ChooserActivity,performCreate]
01-11 07:06:33.578 1504 2114 I wm_add_to_stopping: [0,161057758,android/com.android.internal.app.ChooserActivity,completeFinishing]
01-11 07:06:33.579 1504 2114 I wm_add_to_stopping: [0,116461560,com.android.gallery3d/.app.GalleryActivity,makeInvisible]
01-11 07:06:33.579 1504 2114 I wm_restart_activity: [0,227358895,149,com.android.gallery3d/.filtershow.FilterShowActivity]
01-11 07:06:33.580 1504 2114 I wm_set_resumed_activity: [0,com.android.gallery3d/.filtershow.FilterShowActivity,minimalResumeActivityLocked]
01-11 07:06:33.581 1504 1609 I wm_destroy_activity: [0,161057758,149,android/com.android.internal.app.ChooserActivity,finish-imm:idle]
01-11 07:06:33.582 17701 17701 I wm_on_destroy_called: [161057758,com.android.internal.app.ChooserActivity,performDestroy]
01-11 07:06:33.575 0 0 I auditd : type=1400 audit(0.0:13893): avc: denied { kill } for comm="swapper/2" capability=5 scontext=u:r:kernel:s0 tcontext=u:r:kernel:s0 tclass=capability permissive=0
01-11 07:06:33.582 1504 1609 I sysui_multi_action: [757,803,799,window_time_0,802,0]
01-11 07:06:33.594 1504 1616 I am_pss : [17169,10068,com.android.gallery3d,66406400,59904000,0,188260352,0,2,7]
01-11 07:06:33.599 1504 1699 I input_focus: [Focus leaving e365bbe com.android.gallery3d/com.android.gallery3d.app.GalleryActivity (server),reason=NO_WINDOW]
01-11 07:06:33.600 17169 17169 I wm_on_create_called: [227358895,com.android.gallery3d.filtershow.FilterShowActivity,performCreate]
01-11 07:06:33.601 17169 17169 I wm_on_start_called: [227358895,com.android.gallery3d.filtershow.FilterShowActivity,handleStartActivity]
01-11 07:06:33.601 17169 17169 I wm_on_resume_called: [227358895,com.android.gallery3d.filtershow.FilterShowActivity,RESUME_ACTIVITY]
01-11 07:06:33.603 17169 17169 I wm_on_top_resumed_gained_called: [227358895,com.android.gallery3d.filtershow.FilterShowActivity,topStateChangedWhenResumed]
01-11 07:06:33.606 1504 1610 I input_focus: [Focus request 620efd com.android.gallery3d/com.android.gallery3d.filtershow.FilterShowActivity,reason=UpdateInputWindows]
01-11 07:06:33.616 1504 1606 I sysui_multi_action: [319,122,322,121,325,11204,757,761,758,7,759,2,806,com.android.gallery3d,871,com.android.gallery3d.filtershow.FilterShowActivity,904,com.android.gallery3d,905,0,945,46,1320,4,1321,1]
01-11 07:06:33.616 1504 1606 I wm_activity_launch_time: [0,227358895,com.android.gallery3d/.filtershow.FilterShowActivity,121]
01-11 07:06:33.632 1504 1699 I input_focus: [Focus entering 620efd com.android.gallery3d/com.android.gallery3d.filtershow.FilterShowActivity (server),reason=Window became focusable. Previous reason: NOT_VISIBLE]
01-11 07:06:34.133 1504 1609 I wm_stop_activity: [0,116461560,com.android.gallery3d/.app.GalleryActivity]
01-11 07:06:34.152 17169 17169 I wm_on_stop_called: [116461560,com.android.gallery3d.app.GalleryActivity,STOP_ACTIVITY_ITEM]
01-11 07:06:34.575 0 0 I auditd : type=1400 audit(0.0:13894): avc: denied { kill } for comm="swapper/2" capability=5 scontext=u:r:kernel:s0 tcontext=u:r:kernel:s0 tclass=capability permissive=0
01-11 07:06:35.549 1504 1617 I am_uid_idle: 10088
01-11 07:06:35.575 0 0 I auditd : type=1400 audit(0.0:13895): avc: denied { kill } for comm="swapper/2" capability=5 scontext=u:r:kernel:s0 tcontext=u:r:kernel:s0 tclass=capability permissive=0
01-11 07:06:36.117 1504 1699 I input_interaction: Interaction with: 620efd com.android.gallery3d/com.android.gallery3d.filtershow.FilterShowActivity (server), edge-swipe (server), swipe-up (server), PointerEventDispatcher0 (server),
01-11 07:06:36.575 0 0 I auditd : type=1400 audit(0.0:13896): avc: denied { kill } for comm="swapper/2" capability=5 scontext=u:r:kernel:s0 tcontext=u:r:kernel:s0 tclass=capability permissive=0
01-11 07:06:37.575 0 0 I auditd : type=1400 audit(0.0:13897): avc: denied { kill } for comm="swapper/2" capability=5 scontext=u:r:kernel:s0 tcontext=u:r:kernel:s0 tclass=capability permissive=0
01-11 07:06:38.700 17169 17169 I view_enqueue_input_event: [Motion - Cancel,com.android.gallery3d/com.android.gallery3d.filtershow.FilterShowActivity]
01-11 07:06:38.706 1504 1699 I input_interaction: Interaction with: edge-swipe (server), swipe-up (server), PointerEventDispatcher0 (server),
01-11 07:06:39.006 1504 2114 I sysui_multi_action: [757,803,799,key_back_press,802,1]
01-11 07:06:39.013 1504 1699 I input_interaction: Interaction with: 620efd com.android.gallery3d/com.android.gallery3d.filtershow.FilterShowActivity (server), PointerEventDispatcher0 (server),
01-11 07:06:39.018 1504 2114 I wm_finish_activity: [0,227358895,149,com.android.gallery3d/.filtershow.FilterShowActivity,app-request]
01-11 07:06:39.029 1504 2114 I wm_pause_activity: [0,227358895,com.android.gallery3d/.filtershow.FilterShowActivity,userLeaving=false,finish]
01-11 07:06:39.031 17169 17169 I wm_on_top_resumed_lost_called: [227358895,com.android.gallery3d.filtershow.FilterShowActivity,topStateChangedWhenResumed]
01-11 07:06:39.036 17169 17169 I wm_on_paused_called: [227358895,com.android.gallery3d.filtershow.FilterShowActivity,performPause]
01-11 07:06:39.037 1504 4663 I wm_add_to_stopping: [0,227358895,com.android.gallery3d/.filtershow.FilterShowActivity,completeFinishing]
01-11 07:06:39.039 1504 4663 I wm_set_resumed_activity: [0,com.android.gallery3d/.app.GalleryActivity,resumeTopActivityInnerLocked]
01-11 07:06:39.041 1504 4663 I wm_resume_activity: [0,116461560,149,com.android.gallery3d/.app.GalleryActivity]
01-11 07:06:39.044 17169 17169 I wm_on_activity_result_called: [116461560,com.android.gallery3d.app.GalleryActivity,ACTIVITY_RESULT]
01-11 07:06:39.045 17169 17169 I wm_on_restart_called: [116461560,com.android.gallery3d.app.GalleryActivity,performRestartActivity]
01-11 07:06:39.047 17169 17169 I wm_on_start_called: [116461560,com.android.gallery3d.app.GalleryActivity,handleStartActivity]
01-11 07:06:39.049 1504 1699 I input_focus: [Focus leaving 620efd com.android.gallery3d/com.android.gallery3d.filtershow.FilterShowActivity (server),reason=NO_WINDOW]
01-11 07:06:39.049 1504 1609 I sysui_multi_action: [757,803,799,window_time_0,802,6]
01-11 07:06:39.052 17169 17169 I wm_on_resume_called: [116461560,com.android.gallery3d.app.GalleryActivity,RESUME_ACTIVITY]
01-11 07:06:39.052 17169 17169 I wm_on_top_resumed_gained_called: [116461560,com.android.gallery3d.app.GalleryActivity,topWhenResuming]
01-11 07:06:39.073 1504 1610 I input_focus: [Focus request e365bbe com.android.gallery3d/com.android.gallery3d.app.GalleryActivity,reason=UpdateInputWindows]
01-11 07:06:39.115 1504 1699 I input_focus: [Focus entering e365bbe com.android.gallery3d/com.android.gallery3d.app.GalleryActivity (server),reason=Window became focusable. Previous reason: NOT_VISIBLE]
01-11 07:06:39.498 1504 1609 I wm_destroy_activity: [0,227358895,149,com.android.gallery3d/.filtershow.FilterShowActivity,finish-imm:idle]
01-11 07:06:39.520 17169 17169 I wm_on_stop_called: [227358895,com.android.gallery3d.filtershow.FilterShowActivity,LIFECYCLER_STOP_ACTIVITY]
01-11 07:06:39.525 17169 17169 I wm_on_destroy_called: [227358895,com.android.gallery3d.filtershow.FilterShowActivity,performDestroy]
01-11 07:06:40.575 0 0 I auditd : type=1400 audit(0.0:13898): avc: denied { kill } for comm="swapper/2" capability=5 scontext=u:r:kernel:s0 tcontext=u:r:kernel:s0 tclass=capability permissive=0
01-11 07:06:40.976 1504 1617 I am_uid_idle: 10052
01-11 07:06:41.078 1504 1699 I input_interaction: Interaction with: e365bbe com.android.gallery3d/com.android.gallery3d.app.GalleryActivity (server), edge-swipe (server), swipe-up (server), PointerEventDispatcher0 (server),
01-11 07:06:41.191 17169 17169 I menu_item_selected: [0,屏幕截图]
01-11 07:06:41.575 0 0 I auditd : type=1400 audit(0.0:13899): avc: denied { kill } for comm="swapper/2" capability=5 scontext=u:r:kernel:s0 tcontext=u:r:kernel:s0 tclass=capability permissive=0
01-11 07:06:42.918 499 499 I auditd : avc: denied { find } for interface=vendor.qti.qspmhal::IQspmhal sid=u:r:mediaserver:s0 pid=1195 scontext=u:r:mediaserver:s0 tcontext=u:object_r:vendor_hal_qspmhal_hwservice:s0 tclass=hwservice_manager permissive=0
01-11 07:06:43.575 0 0 I auditd : type=1400 audit(0.0:13900): avc: denied { kill } for comm="swapper/2" capability=5 scontext=u:r:kernel:s0 tcontext=u:r:kernel:s0 tclass=capability permissive=0
01-11 07:06:44.575 0 0 I auditd : type=1400 audit(0.0:13901): avc: denied { kill } for comm="swapper/2" capability=5 scontext=u:r:kernel:s0 tcontext=u:r:kernel:s0 tclass=capability permissive=0
01-11 07:06:46.108 1504 1733 I netstats_mobile_sample: [0,0,0,0,0,0,0,0,0,0,0,0,1673392006107]
01-11 07:06:46.108 1504 1733 I netstats_wifi_sample: [578166950,660750,138993833,360985,578166950,660750,138993833,360985,653643099,843104,73060530,221724,1673392006107]
01-11 07:06:46.575 0 0 I auditd : type=1400 audit(0.0:13902): avc: denied { kill } for comm="swapper/2" capability=5 scontext=u:r:kernel:s0 tcontext=u:r:kernel:s0 tclass=capability permissive=0
01-11 07:06:47.458 1504 1610 I input_focus: [Focus request 3878644 PopupWindow:41c45ab,reason=UpdateInputWindows]
01-11 07:06:47.485 1504 1699 I input_focus: [Focus leaving e365bbe com.android.gallery3d/com.android.gallery3d.app.GalleryActivity (server),reason=Waiting for window because NOT_VISIBLE]
01-11 07:06:47.502 1504 1699 I input_focus: [Focus entering 3878644 PopupWindow:41c45ab (server),reason=Window became focusable. Previous reason: NOT_VISIBLE]
01-11 07:06:47.575 0 0 I auditd : type=1400 audit(0.0:13903): avc: denied { kill } for comm="swapper/2" capability=5 scontext=u:r:kernel:s0 tcontext=u:r:kernel:s0 tclass=capability permissive=0
01-11 07:06:48.575 0 0 I auditd : type=1400 audit(0.0:13904): avc: denied { kill } for comm="swapper/2" capability=5 scontext=u:r:kernel:s0 tcontext=u:r:kernel:s0 tclass=capability permissive=0
01-11 07:06:49.575 0 0 I auditd : type=1400 audit(0.0:13905): avc: denied { kill } for comm="swapper/2" capability=5 scontext=u:r:kernel:s0 tcontext=u:r:kernel:s0 tclass=capability permissive=0
01-11 07:06:50.575 0 0 I auditd : type=1400 audit(0.0:13906): avc: denied { kill } for comm="swapper/2" capability=5 scontext=u:r:kernel:s0 tcontext=u:r:kernel:s0 tclass=capability permissive=0
01-11 07:06:51.575 0 0 I auditd : type=1400 audit(0.0:13907): avc: denied { kill } for comm="swapper/2" capability=5 scontext=u:r:kernel:s0 tcontext=u:r:kernel:s0 tclass=capability permissive=0
01-11 07:06:52.575 0 0 I auditd : type=1400 audit(0.0:13908): avc: denied { kill } for comm="swapper/2" capability=5 scontext=u:r:kernel:s0 tcontext=u:r:kernel:s0 tclass=capability permissive=0
01-11 07:06:53.575 0 0 I auditd : type=1400 audit(0.0:13909): avc: denied { kill } for comm="swapper/2" capability=5 scontext=u:r:kernel:s0 tcontext=u:r:kernel:s0 tclass=capability permissive=0
01-11 07:06:54.575 0 0 I auditd : type=1400 audit(0.0:13910): avc: denied { kill } for comm="swapper/2" capability=5 scontext=u:r:kernel:s0 tcontext=u:r:kernel:s0 tclass=capability permissive=0
01-11 07:06:55.575 0 0 I auditd : type=1400 audit(0.0:13911): avc: denied { kill } for comm="swapper/2" capability=5 scontext=u:r:kernel:s0 tcontext=u:r:kernel:s0 tclass=capability permissive=0
01-11 07:06:56.575 0 0 I auditd : type=1400 audit(0.0:13912): avc: denied { kill } for comm="swapper/2" capability=5 scontext=u:r:kernel:s0 tcontext=u:r:kernel:s0 tclass=capability permissive=0
01-11 07:06:57.575 0 0 I auditd : type=1400 audit(0.0:13913): avc: denied { kill } for comm="swapper/2" capability=5 scontext=u:r:kernel:s0 tcontext=u:r:kernel:s0 tclass=capability permissive=0
01-11 07:06:58.575 0 0 I auditd : type=1400 audit(0.0:13914): avc: denied { kill } for comm="swapper/2" capability=5 scontext=u:r:kernel:s0 tcontext=u:r:kernel:s0 tclass=capability permissive=0
01-11 07:06:59.575 0 0 I auditd : type=1400 audit(0.0:13915): avc: denied { kill } for comm="swapper/2" capability=5 scontext=u:r:kernel:s0 tcontext=u:r:kernel:s0 tclass=capability permissive=0
01-11 07:07:00.575 0 0 I auditd : type=1400 audit(0.0:13916): avc: denied { kill } for comm="swapper/2" capability=5 scontext=u:r:kernel:s0 tcontext=u:r:kernel:s0 tclass=capability permissive=0
01-11 07:07:01.575 0 0 I auditd : type=1400 audit(0.0:13917): avc: denied { kill } for comm="swapper/2" capability=5 scontext=u:r:kernel:s0 tcontext=u:r:kernel:s0 tclass=capability permissive=0
01-11 07:07:02.575 0 0 I auditd : type=1400 audit(0.0:13918): avc: denied { kill } for comm="swapper/2" capability=5 scontext=u:r:kernel:s0 tcontext=u:r:kernel:s0 tclass=capability permissive=0
01-11 07:07:03.575 0 0 I auditd : type=1400 audit(0.0:13919): avc: denied { kill } for comm="swapper/2" capability=5 scontext=u:r:kernel:s0 tcontext=u:r:kernel:s0 tclass=capability permissive=0
01-11 07:07:04.575 0 0 I auditd : type=1400 audit(0.0:13920): avc: denied { kill } for comm="swapper/2" capability=5 scontext=u:r:kernel:s0 tcontext=u:r:kernel:s0 tclass=capability permissive=0
01-11 07:07:05.550 1504 1699 I input_interaction: Interaction with: 3878644 PopupWindow:41c45ab (server), edge-swipe (server), swipe-up (server), PointerEventDispatcher0 (server),
01-11 07:07:05.575 0 0 I auditd : type=1400 audit(0.0:13921): avc: denied { kill } for comm="swapper/2" capability=5 scontext=u:r:kernel:s0 tcontext=u:r:kernel:s0 tclass=capability permissive=0
01-11 07:07:05.713 17169 17169 I menu_item_selected: [0,编辑]
01-11 07:07:05.734 1504 2863 I wm_task_moved: [149,1,8]
01-11 07:07:05.734 1504 2863 I wm_set_resumed_activity: [0,com.android.gallery3d/.app.GalleryActivity,positionChildAt]
01-11 07:07:05.735 1504 2863 I wm_create_activity: [0,257308616,149,android/com.android.internal.app.ChooserActivity,android.intent.action.CHOOSER,NULL,NULL,8388609]
01-11 07:07:05.735 1504 2863 I wm_pause_activity: [0,116461560,com.android.gallery3d/.app.GalleryActivity,userLeaving=true,resumeTopActivityInnerLocked]
01-11 07:07:05.743 17169 17169 I wm_on_top_resumed_lost_called: [116461560,com.android.gallery3d.app.GalleryActivity,topStateChangedWhenResumed]
01-11 07:07:05.743 1504 1610 I input_focus: [Focus request e365bbe com.android.gallery3d/com.android.gallery3d.app.GalleryActivity,reason=UpdateInputWindows]
01-11 07:07:05.756 17169 17169 I wm_on_paused_called: [116461560,com.android.gallery3d.app.GalleryActivity,performPause]
01-11 07:07:05.757 1504 4663 I wm_restart_activity: [0,257308616,149,android/com.android.internal.app.ChooserActivity]
01-11 07:07:05.758 1504 4663 I wm_set_resumed_activity: [0,android/com.android.internal.app.ChooserActivity,minimalResumeActivityLocked]
01-11 07:07:05.759 1504 1609 I sysui_multi_action: [757,803,799,window_time_0,802,26]
01-11 07:07:05.762 1504 1699 I input_focus: [Focus entering e365bbe com.android.gallery3d/com.android.gallery3d.app.GalleryActivity (server),reason=setFocusedWindow]
01-11 07:07:05.771 1504 4663 I wm_task_moved: [149,1,8]
01-11 07:07:05.771 1504 4663 I wm_set_resumed_activity: [0,android/com.android.internal.app.ChooserActivity,positionChildAt]
01-11 07:07:05.771 1504 4663 I wm_create_activity: [0,5882206,149,com.android.gallery3d/.filtershow.FilterShowActivity,action_nextgen_edit,image/jpeg,content://media/external/images/media/22,50331649]
01-11 07:07:05.772 1504 4663 I wm_pause_activity: [0,257308616,android/com.android.internal.app.ChooserActivity,userLeaving=true,resumeTopActivityInnerLocked]
01-11 07:07:05.773 1504 2558 I wm_finish_activity: [0,257308616,149,android/com.android.internal.app.ChooserActivity,app-request]
01-11 07:07:05.773 17701 17701 I sysui_multi_action: [757,214,758,4,759,1,1649,image/jpeg,1653,12]
01-11 07:07:05.773 17701 17701 I wm_on_create_called: [257308616,com.android.internal.app.ChooserActivity,performCreate]
01-11 07:07:05.776 1504 13722 I wm_add_to_stopping: [0,257308616,android/com.android.internal.app.ChooserActivity,completeFinishing]
01-11 07:07:05.777 1504 13722 I wm_add_to_stopping: [0,116461560,com.android.gallery3d/.app.GalleryActivity,makeInvisible]
01-11 07:07:05.777 1504 13722 I wm_restart_activity: [0,5882206,149,com.android.gallery3d/.filtershow.FilterShowActivity]
01-11 07:07:05.778 1504 13722 I wm_set_resumed_activity: [0,com.android.gallery3d/.filtershow.FilterShowActivity,minimalResumeActivityLocked]
01-11 07:07:05.779 1504 1609 I wm_destroy_activity: [0,257308616,149,android/com.android.internal.app.ChooserActivity,finish-imm:idle]
01-11 07:07:05.780 17701 17701 I wm_on_destroy_called: [257308616,com.android.internal.app.ChooserActivity,performDestroy]
01-11 07:07:05.780 1504 1609 I sysui_multi_action: [757,803,799,window_time_0,802,1]
01-11 07:07:05.793 1504 1699 I input_focus: [Focus leaving e365bbe com.android.gallery3d/com.android.gallery3d.app.GalleryActivity (server),reason=NO_WINDOW]
01-11 07:07:05.797 1504 1616 I am_pss : [17169,10068,com.android.gallery3d,103480320,96747520,0,239489024,0,2,9]
01-11 07:07:05.801 17169 17169 I wm_on_create_called: [5882206,com.android.gallery3d.filtershow.FilterShowActivity,performCreate]
01-11 07:07:05.802 17169 17169 I wm_on_start_called: [5882206,com.android.gallery3d.filtershow.FilterShowActivity,handleStartActivity]
01-11 07:07:05.802 17169 17169 I wm_on_resume_called: [5882206,com.android.gallery3d.filtershow.FilterShowActivity,RESUME_ACTIVITY]
01-11 07:07:05.804 17169 17169 I wm_on_top_resumed_gained_called: [5882206,com.android.gallery3d.filtershow.FilterShowActivity,topStateChangedWhenResumed]
01-11 07:07:05.804 1504 1616 I am_pss : [17483,10089,com.android.music,21839872,17342464,0,138465280,0,4,6]
01-11 07:07:05.811 1504 1616 I am_pss : [17557,10088,com.qualcomm.qti.qccauthmgr,6181888,4235264,0,93941760,0,19,5]
01-11 07:07:05.812 1504 1610 I input_focus: [Focus request e2b76a4 com.android.gallery3d/com.android.gallery3d.filtershow.FilterShowActivity,reason=UpdateInputWindows]
01-11 07:07:05.819 1504 1606 I sysui_multi_action: [319,100,322,100,325,11236,757,761,758,8,759,2,806,com.android.gallery3d,871,com.android.gallery3d.filtershow.FilterShowActivity,904,com.android.gallery3d,905,0,1320,4,1321,1]
01-11 07:07:05.820 1504 1606 I wm_activity_launch_time: [0,5882206,com.android.gallery3d/.filtershow.FilterShowActivity,100]
01-11 07:07:05.825 1504 1616 I am_pss : [13792,10096,com.tencent.android.qqdownloader,150971392,122318848,0,271470592,0,4,11]
01-11 07:07:05.828 1504 1699 I input_focus: [Focus entering e2b76a4 com.android.gallery3d/com.android.gallery3d.filtershow.FilterShowActivity (server),reason=setFocusedWindow]
01-11 07:07:06.327 1504 1609 I wm_stop_activity: [0,116461560,com.android.gallery3d/.app.GalleryActivity]
01-11 07:07:06.346 17169 17169 I wm_on_stop_called: [116461560,com.android.gallery3d.app.GalleryActivity,STOP_ACTIVITY_ITEM]
01-11 07:07:06.575 0 0 I auditd : type=1400 audit(0.0:13922): avc: denied { kill } for comm="swapper/2" capability=5 scontext=u:r:kernel:s0 tcontext=u:r:kernel:s0 tclass=capability permissive=0
01-11 07:07:08.042 1504 1699 I input_interaction: Interaction with: e2b76a4 com.android.gallery3d/com.android.gallery3d.filtershow.FilterShowActivity (server), edge-swipe (server), swipe-up (server), PointerEventDispatcher0 (server),
01-11 07:07:08.170 17169 17169 I view_enqueue_input_event: [Motion - Cancel,com.android.gallery3d/com.android.gallery3d.filtershow.FilterShowActivity]
01-11 07:07:08.173 1504 1699 I input_interaction: Interaction with: edge-swipe (server), swipe-up (server), PointerEventDispatcher0 (server),
01-11 07:07:08.283 1504 4663 I sysui_multi_action: [757,803,799,key_back_press,802,1]
01-11 07:07:08.286 1504 1699 I input_interaction: Interaction with: e2b76a4 com.android.gallery3d/com.android.gallery3d.filtershow.FilterShowActivity (server), PointerEventDispatcher0 (server),
01-11 07:07:08.290 1504 4663 I wm_finish_activity: [0,5882206,149,com.android.gallery3d/.filtershow.FilterShowActivity,app-request]
01-11 07:07:08.303 1504 4663 I wm_pause_activity: [0,5882206,com.android.gallery3d/.filtershow.FilterShowActivity,userLeaving=false,finish]
01-11 07:07:08.308 17169 17169 I wm_on_top_resumed_lost_called: [5882206,com.android.gallery3d.filtershow.FilterShowActivity,topStateChangedWhenResumed]
01-11 07:07:08.315 17169 17169 I wm_on_paused_called: [5882206,com.android.gallery3d.filtershow.FilterShowActivity,performPause]
01-11 07:07:08.315 1504 2863 I wm_add_to_stopping: [0,5882206,com.android.gallery3d/.filtershow.FilterShowActivity,completeFinishing]
01-11 07:07:08.317 1504 2863 I wm_set_resumed_activity: [0,com.android.gallery3d/.app.GalleryActivity,resumeTopActivityInnerLocked]
01-11 07:07:08.319 1504 2863 I wm_resume_activity: [0,116461560,149,com.android.gallery3d/.app.GalleryActivity]
01-11 07:07:08.326 1504 1609 I sysui_multi_action: [757,803,799,window_time_0,802,2]
01-11 07:07:08.333 1504 1699 I input_focus: [Focus leaving e2b76a4 com.android.gallery3d/com.android.gallery3d.filtershow.FilterShowActivity (server),reason=NO_WINDOW]
01-11 07:07:08.335 17169 17169 I wm_on_activity_result_called: [116461560,com.android.gallery3d.app.GalleryActivity,ACTIVITY_RESULT]
01-11 07:07:08.335 17169 17169 I wm_on_restart_called: [116461560,com.android.gallery3d.app.GalleryActivity,performRestartActivity]
01-11 07:07:08.336 17169 17169 I wm_on_start_called: [116461560,com.android.gallery3d.app.GalleryActivity,handleStartActivity]
01-11 07:07:08.338 17169 17169 I wm_on_resume_called: [116461560,com.android.gallery3d.app.GalleryActivity,RESUME_ACTIVITY]
01-11 07:07:08.338 17169 17169 I wm_on_top_resumed_gained_called: [116461560,com.android.gallery3d.app.GalleryActivity,topWhenResuming]
01-11 07:07:08.360 1504 1610 I input_focus: [Focus request e365bbe com.android.gallery3d/com.android.gallery3d.app.GalleryActivity,reason=UpdateInputWindows]
01-11 07:07:08.384 1504 1699 I input_focus: [Focus entering e365bbe com.android.gallery3d/com.android.gallery3d.app.GalleryActivity (server),reason=setFocusedWindow]
01-11 07:07:08.772 1504 1609 I wm_destroy_activity: [0,5882206,149,com.android.gallery3d/.filtershow.FilterShowActivity,finish-imm:idle]
01-11 07:07:08.789 17169 17169 I wm_on_stop_called: [5882206,com.android.gallery3d.filtershow.FilterShowActivity,LIFECYCLER_STOP_ACTIVITY]
01-11 07:07:08.793 17169 17169 I wm_on_destroy_called: [5882206,com.android.gallery3d.filtershow.FilterShowActivity,performDestroy]
01-11 07:07:09.575 0 0 I auditd : type=1400 audit(0.0:13923): avc: denied { kill } for comm="swapper/7" capability=5 scontext=u:r:kernel:s0 tcontext=u:r:kernel:s0 tclass=capability permissive=0
01-11 07:07:10.130 1504 1699 I input_interaction: Interaction with: e365bbe com.android.gallery3d/com.android.gallery3d.app.GalleryActivity (server), edge-swipe (server), swipe-up (server), PointerEventDispatcher0 (server),
01-11 07:07:10.304 1504 1610 I input_focus: [Focus request 246adcd PopupWindow:ff16e9b,reason=UpdateInputWindows]
01-11 07:07:10.323 1504 1699 I input_focus: [Focus leaving e365bbe com.android.gallery3d/com.android.gallery3d.app.GalleryActivity (server),reason=Waiting for window because NOT_VISIBLE]
01-11 07:07:10.341 1504 1699 I input_focus: [Focus entering 246adcd PopupWindow:ff16e9b (server),reason=Window became focusable. Previous reason: NOT_VISIBLE]
01-11 07:07:10.575 0 0 I auditd : type=1400 audit(0.0:13924): avc: denied { kill } for comm="swapper/7" capability=5 scontext=u:r:kernel:s0 tcontext=u:r:kernel:s0 tclass=capability permissive=0
01-11 07:07:11.575 0 0 I auditd : type=1400 audit(0.0:13925): avc: denied { kill } for comm="swapper/0" capability=5 scontext=u:r:kernel:s0 tcontext=u:r:kernel:s0 tclass=capability permissive=0
01-11 07:07:11.923 1504 1616 I am_pss : [2545,10071,com.android.launcher3,96619520,88195072,0,233107456,0,5,16]
01-11 07:07:12.499 1504 1699 I input_interaction: Interaction with: 246adcd PopupWindow:ff16e9b (server), edge-swipe (server), swipe-up (server), PointerEventDispatcher0 (server),
01-11 07:07:12.575 0 0 I auditd : type=1400 audit(0.0:13926): avc: denied { kill } for comm="swapper/0" capability=5 scontext=u:r:kernel:s0 tcontext=u:r:kernel:s0 tclass=capability permissive=0
01-11 07:07:12.643 17169 17169 I menu_item_selected: [0,详细信息]
01-11 07:07:12.709 1504 1610 I input_focus: [Focus request c6503a6 com.android.gallery3d/com.android.gallery3d.app.GalleryActivity,reason=UpdateInputWindows]
01-11 07:07:12.746 1504 1699 I input_focus: [Focus entering c6503a6 com.android.gallery3d/com.android.gallery3d.app.GalleryActivity (server),reason=Window became focusable. Previous reason: NOT_VISIBLE]
01-11 07:07:13.062 1504 1699 I input_interaction: Interaction with: c6503a6 com.android.gallery3d/com.android.gallery3d.app.GalleryActivity (server), edge-swipe (server), swipe-up (server), PointerEventDispatcher0 (server),
01-11 07:07:13.575 0 0 I auditd : type=1400 audit(0.0:13927): avc: denied { kill } for comm="swapper/0" capability=5 scontext=u:r:kernel:s0 tcontext=u:r:kernel:s0 tclass=capability permissive=0
01-11 07:07:14.407 1504 1610 I input_focus: [Focus request e365bbe com.android.gallery3d/com.android.gallery3d.app.GalleryActivity,reason=UpdateInputWindows]
01-11 07:07:14.417 1504 1699 I input_focus: [Focus entering e365bbe com.android.gallery3d/com.android.gallery3d.app.GalleryActivity (server),reason=setFocusedWindow]
01-11 07:07:15.575 0 0 I auditd : type=1400 audit(0.0:13928): avc: denied { kill } for comm="swapper/3" capability=5 scontext=u:r:kernel:s0 tcontext=u:r:kernel:s0 tclass=capability permissive=0
01-11 07:07:16.355 1504 1699 I input_interaction: Interaction with: e365bbe com.android.gallery3d/com.android.gallery3d.app.GalleryActivity (server), edge-swipe (server), swipe-up (server), PointerEventDispatcher0 (server),
01-11 07:07:17.575 0 0 I auditd : type=1400 audit(0.0:13929): avc: denied { kill } for comm="swapper/2" capability=5 scontext=u:r:kernel:s0 tcontext=u:r:kernel:s0 tclass=capability permissive=0
01-11 07:07:17.695 1504 1699 I input_interaction: Interaction with: 692761f StatusBar (server), edge-swipe (server), swipe-up (server), PointerEventDispatcher0 (server),
01-11 07:07:17.700 1974 1974 I sysui_multi_action: [757,803,799,panel_open,802,1]
01-11 07:07:17.702 1974 1974 I sysui_multi_action: [757,1328,758,4,1326,78,1327,2,1329,0]
01-11 07:07:17.709 1504 4663 I sysui_multi_action: [757,127,758,1]
01-11 07:07:17.710 1504 4663 I sysui_multi_action: [757,804,799,note_load,801,2,802,1]
01-11 07:07:17.710 1504 4663 I notification_panel_revealed: 2
01-11 07:07:17.719 1504 1610 I input_focus: [Focus request 453c472 NotificationShade,reason=UpdateInputWindows]
01-11 07:07:17.731 1504 4663 I sysui_multi_action: [757,128,758,1,793,11238611,794,0,795,11238611,796,26,798,0,806,android,857,DEVELOPER_IMPORTANT,858,4,947,0,1395,2,1500,11238172,1688,1]
01-11 07:07:17.732 1504 4663 I sysui_multi_action: [757,804,799,note_freshness,801,11238611,802,1]
01-11 07:07:17.732 1504 4663 I notification_visibility: [-1|android|26|null|1000,1,11238611,11238611,0,0]
01-11 07:07:17.732 1504 4663 I sysui_multi_action: [757,128,758,1,793,11239452,794,0,795,11239452,796,32,798,1,806,android,857,USB,858,1,947,0,1395,2,1500,11239382,1688,1]
01-11 07:07:17.732 1504 4663 I sysui_multi_action: [757,804,799,note_freshness,801,11239452,802,1]
01-11 07:07:17.732 1504 4663 I notification_visibility: [-1|android|32|null|1000,1,11239452,11239452,0,1]
01-11 07:07:17.742 1504 1699 I input_focus: [Focus leaving e365bbe com.android.gallery3d/com.android.gallery3d.app.GalleryActivity (server),reason=setFocusedWindow]
01-11 07:07:17.743 1504 1699 I input_focus: [Focus entering 453c472 NotificationShade (server),reason=setFocusedWindow]
01-11 07:07:17.762 1974 1974 I sysui_multi_action: [757,111,758,1]
01-11 07:07:17.762 1974 1974 I sysui_multi_action: [757,126,758,1,759,126,927,0,928,1,1593,0]
01-11 07:07:17.762 1974 1974 I sysui_multi_action: [757,113,758,1,759,113,927,1,928,1,1593,0]
01-11 07:07:17.762 1974 1974 I sysui_multi_action: [757,0,758,1,759,0,927,2,928,0,1593,0]
01-11 07:07:17.762 1974 1974 I sysui_multi_action: [757,0,758,1,759,0,927,3,928,0,1593,0]
01-11 07:07:17.762 1974 1974 I sysui_multi_action: [757,491,758,1,759,491,927,4,928,1,1311,-1,1593,0]
01-11 07:07:17.762 1974 1974 I sysui_multi_action: [757,0,758,1,759,0,927,5,928,0,1593,0]
01-11 07:07:17.762 1974 1974 I sysui_multi_action: [757,111,758,1]
01-11 07:07:17.762 1974 1974 I sysui_multi_action: [757,126,758,1,759,126,927,0,928,1,1593,0]
01-11 07:07:17.762 1974 1974 I sysui_multi_action: [757,113,758,1,759,113,927,1,928,1,1593,0]
01-11 07:07:17.762 1974 1974 I sysui_multi_action: [757,0,758,1,759,0,927,2,928,0,1593,0]
01-11 07:07:17.762 1974 1974 I sysui_multi_action: [757,0,758,1,759,0,927,3,928,0,1593,0]
01-11 07:07:18.575 0 0 I auditd : type=1400 audit(0.0:13930): avc: denied { kill } for comm="swapper/2" capability=5 scontext=u:r:kernel:s0 tcontext=u:r:kernel:s0 tclass=capability permissive=0
01-11 07:07:18.895 1504 1699 I input_interaction: Interaction with: 453c472 NotificationShade (server), edge-swipe (server), swipe-up (server), PointerEventDispatcher0 (server),
01-11 07:07:19.125 1974 1974 I sysui_multi_action: [757,111,758,2]
01-11 07:07:19.125 1504 1504 I notification_enqueue: [10081,1974,com.android.systemui,2048,NULL,0,Notification(channel=updateNotification shortcut=null contentView=null vibrate=null sound=null defaults=0x0 flags=0x0 color=0x00000000 vis=PRIVATE),1]
01-11 07:07:19.125 1974 1974 I sysui_multi_action: [757,111,758,2]
01-11 07:07:19.182 1504 1610 I input_focus: [Focus request e365bbe com.android.gallery3d/com.android.gallery3d.app.GalleryActivity,reason=UpdateInputWindows]
01-11 07:07:19.190 1504 4663 I sysui_multi_action: [757,128,758,2,793,11240067,794,1456,795,11240067,796,26,798,0,806,android,857,DEVELOPER_IMPORTANT,858,4,947,0,1395,2,1500,11239628,1688,1]
01-11 07:07:19.191 1504 4663 I notification_visibility: [-1|android|26|null|1000,0,11240067,11240067,0,0]
01-11 07:07:19.191 1504 4663 I sysui_multi_action: [757,128,758,2,793,11240911,794,1459,795,11240911,796,32,798,1,806,android,857,USB,858,1,947,0,1395,2,1500,11240841,1688,1]
01-11 07:07:19.191 1504 4663 I notification_visibility: [-1|android|32|null|1000,0,11240911,11240911,0,1]
01-11 07:07:19.193 1504 13722 I sysui_multi_action: [757,127,758,2]
01-11 07:07:19.193 1504 13722 I notification_panel_hidden:
01-11 07:07:19.212 1504 1699 I input_focus: [Focus leaving 453c472 NotificationShade (server),reason=NO_WINDOW]
01-11 07:07:19.212 1504 1699 I input_focus: [Focus entering e365bbe com.android.gallery3d/com.android.gallery3d.app.GalleryActivity (server),reason=setFocusedWindow]
01-11 07:07:19.500 1504 1699 I input_interaction: Interaction with: e365bbe com.android.gallery3d/com.android.gallery3d.app.GalleryActivity (server), edge-swipe (server), swipe-up (server), PointerEventDispatcher0 (server),
