10-31 13:10:37.521 2194 2264 W System.err: at java.net.SocksSocketImpl.connect(SocksSocketImpl.java:436)
10-31 13:10:37.521 2194 2264 W System.err: at java.net.Socket.connect(Socket.java:621)
10-31 13:10:37.521 2194 2264 W System.err: at java.net.Socket.connect(Socket.java:570)
10-31 13:10:37.521 2194 2264 W System.err: at java.net.Socket.(Socket.java:450)
10-31 13:10:37.521 2194 2264 W System.err: at java.net.Socket.(Socket.java:292)
10-31 13:10:37.521 2079 2299 I OpenGLRenderer: Davey! duration=926ms; Flags=0, FrameTimelineVsyncId=204, IntendedVsync=46491352091, Vsync=47408018721, InputEventId=0, HandleInputStart=47415412741, AnimationStart=47415413574, PerformTraversalsStart=47415918574, DrawStart=47416120605, FrameDeadline=46524685423, FrameInterval=47415365345, FrameStartTime=16666666, SyncQueued=47416126959, SyncStart=47416346074, IssueDrawCommandsStart=47416438678, SwapBuffers=47416946959, FrameCompleted=47417946959, DequeueBufferDuration=30156, QueueBufferDuration=618958, GpuCompleted=47417426126, SwapBuffersCompleted=47417946959, DisplayPresentTime=1891776023,
10-31 13:10:37.522 1112 1181 I EthernetTracker: interfaceLinkStateChanged, iface: wlan0, up: false
10-31 13:10:37.521 2194 2264 W System.err: at com.thundercomm.microservice.base.BaseMicroSocketClient.createClientSocket(BaseMicroSocketClient.java:20)
10-31 13:10:37.522 2194 2264 W System.err: at com.thundercomm.microservice.MicroSocketClient.lambda$sendMessage$0$MicroSocketClient(MicroSocketClient.java:72)
10-31 13:10:37.522 2194 2264 W System.err: at com.thundercomm.microservice.MicroSocketClient$$ExternalSyntheticLambda0.run(Unknown Source:4)
10-31 13:10:37.523 2194 2264 W System.err: at java.lang.Thread.run(Thread.java:920)
10-31 13:10:37.523 2194 2264 D MicroService: BaseMicroSocketClient:createClientSocket() java.net.NoRouteToHostException: Host unreachable
10-31 13:10:37.525 2834 2834 D wpa_supplicant: nl80211: driver param='"no_rrm=1"'
10-31 13:10:37.525 2834 2834 D wpa_supplicant: nl80211: Unsubscribe mgmt frames handle 0x3c8888f930228e19 (no_rrm=1)
10-31 13:10:37.529 2834 2834 D wpa_supplicant: nl80211: Subscribe to mgmt frames with non-AP handle 0xb4000071b8aa0690
10-31 13:10:37.529 2834 2834 D wpa_supplicant: nl80211: Register frame type=0xb0 (WLAN_FC_STYPE_AUTH) nl_handle=0xb4000071b8aa0690 match=0300 multicast=0
10-31 13:10:37.529 2834 2834 D wpa_supplicant: nl80211: Register frame type=0xd0 (WLAN_FC_STYPE_ACTION) nl_handle=0xb4000071b8aa0690 match=0104 multicast=0
10-31 13:10:37.530 2834 2834 D wpa_supplicant: nl80211: Register frame type=0xd0 (WLAN_FC_STYPE_ACTION) nl_handle=0xb4000071b8aa0690 match=040a multicast=0
10-31 13:10:37.531 2834 2834 D wpa_supplicant: nl80211: Register frame type=0xd0 (WLAN_FC_STYPE_ACTION) nl_handle=0xb4000071b8aa0690 match=040b multicast=0
10-31 13:10:37.531 2834 2834 D wpa_supplicant: nl80211: Register frame type=0xd0 (WLAN_FC_STYPE_ACTION) nl_handle=0xb4000071b8aa0690 match=040c multicast=0
10-31 13:10:37.531 2834 2834 D wpa_supplicant: nl80211: Register frame type=0xd0 (WLAN_FC_STYPE_ACTION) nl_handle=0xb4000071b8aa0690 match=040d multicast=0
10-31 13:10:37.532 2834 2834 D wpa_supplicant: nl80211: Register frame type=0xd0 (WLAN_FC_STYPE_ACTION) nl_handle=0xb4000071b8aa0690 match=090a multicast=0
10-31 13:10:37.532 2834 2834 D wpa_supplicant: nl80211: Register frame type=0xd0 (WLAN_FC_STYPE_ACTION) nl_handle=0xb4000071b8aa0690 match=090b multicast=0
10-31 13:10:37.532 2834 2834 D wpa_supplicant: nl80211: Register frame type=0xd0 (WLAN_FC_STYPE_ACTION) nl_handle=0xb4000071b8aa0690 match=090c multicast=0
10-31 13:10:37.533 2834 2834 D wpa_supplicant: nl80211: Register frame type=0xd0 (WLAN_FC_STYPE_ACTION) nl_handle=0xb4000071b8aa0690 match=090d multicast=0
10-31 13:10:37.533 2834 2834 D wpa_supplicant: nl80211: Register frame type=0xd0 (WLAN_FC_STYPE_ACTION) nl_handle=0xb4000071b8aa0690 match=0409506f9a09 multicast=0
10-31 13:10:37.533 2834 2834 D wpa_supplicant: nl80211: Register frame type=0xd0 (WLAN_FC_STYPE_ACTION) nl_handle=0xb4000071b8aa0690 match=7f506f9a09 multicast=0
10-31 13:10:37.534 2834 2834 D wpa_supplicant: nl80211: Register frame type=0xd0 (WLAN_FC_STYPE_ACTION) nl_handle=0xb4000071b8aa0690 match=0409506f9a1a multicast=0
10-31 13:10:37.534 2834 2834 D wpa_supplicant: nl80211: Register frame type=0xd0 (WLAN_FC_STYPE_ACTION) nl_handle=0xb4000071b8aa0690 match=0801 multicast=0
10-31 13:10:37.534 2834 2834 D wpa_supplicant: nl80211: Register frame type=0xd0 (WLAN_FC_STYPE_ACTION) nl_handle=0xb4000071b8aa0690 match=040e multicast=0
10-31 13:10:37.534 2834 2834 D wpa_supplicant: nl80211: Register frame type=0xd0 (WLAN_FC_STYPE_ACTION) nl_handle=0xb4000071b8aa0690 match=12 multicast=0
10-31 13:10:37.534 2834 2834 D wpa_supplicant: nl80211: Register frame type=0xd0 (WLAN_FC_STYPE_ACTION) nl_handle=0xb4000071b8aa0690 match=06 multicast=0
10-31 13:10:37.534 2834 2834 D wpa_supplicant: nl80211: Register frame type=0xd0 (WLAN_FC_STYPE_ACTION) nl_handle=0xb4000071b8aa0690 match=0a07 multicast=0
10-31 13:10:37.534 2834 2834 D wpa_supplicant: nl80211: Register frame type=0xd0 (WLAN_FC_STYPE_ACTION) nl_handle=0xb4000071b8aa0690 match=0a11 multicast=0
10-31 13:10:37.534 2834 2834 D wpa_supplicant: nl80211: Register frame type=0xd0 (WLAN_FC_STYPE_ACTION) nl_handle=0xb4000071b8aa0690 match=0a0b multicast=0
10-31 13:10:37.534 2834 2834 D wpa_supplicant: nl80211: Register frame type=0xd0 (WLAN_FC_STYPE_ACTION) nl_handle=0xb4000071b8aa0690 match=0a1a multicast=0
10-31 13:10:37.535 2834 2834 D wpa_supplicant: nl80211: Register frame type=0xd0 (WLAN_FC_STYPE_ACTION) nl_handle=0xb4000071b8aa0690 match=1101 multicast=0
10-31 13:10:37.535 2834 2834 D wpa_supplicant: nl80211: Register frame type=0xd0 (WLAN_FC_STYPE_ACTION) nl_handle=0xb4000071b8aa0690 match=1102 multicast=0
10-31 13:10:37.535 2834 2834 D wpa_supplicant: nl80211: Register frame type=0xd0 (WLAN_FC_STYPE_ACTION) nl_handle=0xb4000071b8aa0690 match=0505 multicast=0
10-31 13:10:37.535 2834 2834 D wpa_supplicant: nl80211: Register frame type=0xd0 (WLAN_FC_STYPE_ACTION) nl_handle=0xb4000071b8aa0690 match=1305 multicast=0
10-31 13:10:37.535 2834 2834 D wpa_supplicant: Add interface wlan0 to a new radio phy0
10-31 13:10:37.535 2834 2834 D wpa_supplicant: nl80211: Regulatory information - country=CN
10-31 13:10:37.535 2834 2834 D wpa_supplicant: nl80211: 2402-2482 @ 40 MHz 20 mBm
10-31 13:10:37.535 2834 2834 D wpa_supplicant: nl80211: 5170-5250 @ 80 MHz 23 mBm
10-31 13:10:37.535 2834 2834 D wpa_supplicant: nl80211: 5250-5330 @ 80 MHz 23 mBm (DFS)
10-31 13:10:37.535 2834 2834 D wpa_supplicant: nl80211: 5735-5835 @ 80 MHz 33 mBm
10-31 13:10:37.535 1112 1184 W ActivityManager: FinishBooting sync end
10-31 13:10:37.535 2834 2834 D wpa_supplicant: nl80211: Added 802.11b mode based on 802.11g information
10-31 13:10:37.535 2834 2834 D wpa_supplicant: nl80211: Mode IEEE 802.11g: 2412 2417 2422 2427 2432 2437 2442 2447 2452 2457 2462 2467 2472 2484[DISABLED]
10-31 13:10:37.535 1112 1184 I SystemServiceManager: Starting phase 1000
10-31 13:10:37.535 2834 2834 D wpa_supplicant: nl80211: Mode IEEE 802.11a: 5180 5200 5220 5240 5260[RADAR] 5280[RADAR] 5300[RADAR] 5320[RADAR] 5500[DISABLED] 5520[DISABLED] 5540[DISABLED] 5560[DISABLED] 5580[DISABLED] 5600[DISABLED] 5620[DISABLED] 5640[DISABLED]
10-31 13:10:37.535 2834 2834 D wpa_supplicant: nl80211: Mode IEEE 802.11b: 2412 2417 2422 2427 2432 2437 2442 2447 2452 2457 2462 2467 2472 2484[DISABLED]
10-31 13:10:37.535 1112 1184 I ActivityManagerTiming: OnBootPhase_1000
10-31 13:10:37.535 1112 1184 I ActivityManagerTiming: OnBootPhase_1000_com.android.server.security.FileIntegrityService
10-31 13:10:37.536 1112 1184 D ActivityManagerTiming: OnBootPhase_1000_com.android.server.security.FileIntegrityService took to complete: 0ms
10-31 13:10:37.536 1112 1184 I ActivityManagerTiming: OnBootPhase_1000_com.android.server.pm.Installer
10-31 13:10:37.536 1112 1184 D ActivityManagerTiming: OnBootPhase_1000_com.android.server.pm.Installer took to complete: 0ms
10-31 13:10:37.536 1112 1184 I ActivityManagerTiming: OnBootPhase_1000_com.android.server.os.DeviceIdentifiersPolicyService
10-31 13:10:37.536 1112 1184 D ActivityManagerTiming: OnBootPhase_1000_com.android.server.os.DeviceIdentifiersPolicyService took to complete: 0ms
10-31 13:10:37.536 1112 1184 I ActivityManagerTiming: OnBootPhase_1000_com.android.server.uri.UriGrantsManagerService$Lifecycle
10-31 13:10:37.536 1112 1184 D ActivityManagerTiming: OnBootPhase_1000_com.android.server.uri.UriGrantsManagerService$Lifecycle took to complete: 0ms
10-31 13:10:37.536 1112 1184 I ActivityManagerTiming: OnBootPhase_1000_com.android.server.powerstats.PowerStatsService
10-31 13:10:37.536 1112 1184 E PowerStatsService: Failed to start PowerStatsService loggers
10-31 13:10:37.536 1112 1184 D ActivityManagerTiming: OnBootPhase_1000_com.android.server.powerstats.PowerStatsService took to complete: 0ms
10-31 13:10:37.536 1112 1184 I ActivityManagerTiming: OnBootPhase_1000_com.android.server.wm.ActivityTaskManagerService$Lifecycle
10-31 13:10:37.536 1112 1184 D ActivityManagerTiming: OnBootPhase_1000_com.android.server.wm.ActivityTaskManagerService$Lifecycle took to complete: 0ms
10-31 13:10:37.536 1112 1184 I ActivityManagerTiming: OnBootPhase_1000_com.android.server.am.ActivityManagerService$Lifecycle
10-31 13:10:37.536 1112 1184 D ActivityManagerTiming: OnBootPhase_1000_com.android.server.am.ActivityManagerService$Lifecycle took to complete: 0ms
10-31 13:10:37.536 1112 1184 I ActivityManagerTiming: OnBootPhase_1000_com.android.server.pm.DataLoaderManagerService
10-31 13:10:37.536 1112 1184 D ActivityManagerTiming: OnBootPhase_1000_com.android.server.pm.DataLoaderManagerService took to complete: 0ms
10-31 13:10:37.536 1112 1184 I ActivityManagerTiming: OnBootPhase_1000_com.android.server.power.PowerManagerService
10-31 13:10:37.538 1112 1184 D ActivityManagerTiming: OnBootPhase_1000_com.android.server.power.PowerManagerService took to complete: 2ms
10-31 13:10:37.538 1112 1184 I ActivityManagerTiming: OnBootPhase_1000_com.android.server.power.ThermalManagerService
10-31 13:10:37.538 1112 1184 D ActivityManagerTiming: OnBootPhase_1000_com.android.server.power.ThermalManagerService took to complete: 0ms
10-31 13:10:37.539 1112 1184 I ActivityManagerTiming: OnBootPhase_1000_com.android.server.power.hint.HintManagerService
10-31 13:10:37.539 1112 1184 D ActivityManagerTiming: OnBootPhase_1000_com.android.server.power.hint.HintManagerService took to complete: 0ms
10-31 13:10:37.539 1112 1184 I ActivityManagerTiming: OnBootPhase_1000_com.android.server.recoverysystem.RecoverySystemService$Lifecycle
10-31 13:10:37.539 2834 2834 D wpa_supplicant: wlan0: Own MAC address: 00:03:7f:12:06:70
10-31 13:10:37.539 1112 1184 D ActivityManagerTiming: OnBootPhase_1000_com.android.server.recoverysystem.RecoverySystemService$Lifecycle took to complete: 0ms
10-31 13:10:37.539 1112 1184 I ActivityManagerTiming: OnBootPhase_1000_com.android.server.lights.LightsService
10-31 13:10:37.539 1112 1184 D ActivityManagerTiming: OnBootPhase_1000_com.android.server.lights.LightsService took to complete: 0ms
10-31 13:10:37.539 1112 1184 I ActivityManagerTiming: OnBootPhase_1000_com.android.server.display.DisplayManagerService
10-31 13:10:37.539 2834 2834 D wpa_supplicant: wpa_driver_nl80211_set_key: ifindex=17 (wlan0) alg=0 addr=0x0 key_idx=0 set_tx=0 seq_len=0 key_len=0 key_flag=0x10
10-31 13:10:37.539 2834 2834 D wpa_supplicant: nl80211: DEL_KEY
10-31 13:10:37.539 2834 2834 D wpa_supplicant: broadcast key
10-31 13:10:37.539 1112 1184 D ActivityManagerTiming: OnBootPhase_1000_com.android.server.display.DisplayManagerService took to complete: 0ms
10-31 13:10:37.539 1112 1184 I ActivityManagerTiming: OnBootPhase_1000_com.android.server.pm.verify.domain.DomainVerificationService
10-31 13:10:37.539 1112 1184 D ActivityManagerTiming: OnBootPhase_1000_com.android.server.pm.verify.domain.DomainVerificationService took to complete: 0ms
10-31 13:10:37.539 1112 1184 I ActivityManagerTiming: OnBootPhase_1000_com.android.server.pm.PackageInstallerService$Lifecycle
10-31 13:10:37.540 1112 1184 D ActivityManagerTiming: OnBootPhase_1000_com.android.server.pm.PackageInstallerService$Lifecycle took to complete: 0ms
10-31 13:10:37.540 1112 1184 I ActivityManagerTiming: OnBootPhase_1000_com.android.server.pm.UserManagerService$LifeCycle
10-31 13:10:37.540 1112 1184 D ActivityManagerTiming: OnBootPhase_1000_com.android.server.pm.UserManagerService$LifeCycle took to complete: 0ms
10-31 13:10:37.540 2834 2834 D wpa_supplicant: wpa_driver_nl80211_set_key: ifindex=17 (wlan0) alg=0 addr=0x0 key_idx=1 set_tx=0 seq_len=0 key_len=0 key_flag=0x10
10-31 13:10:37.540 1112 1184 I ActivityManagerTiming: OnBootPhase_1000_com.android.server.om.OverlayManagerService
10-31 13:10:37.540 1112 1184 D ActivityManagerTiming: OnBootPhase_1000_com.android.server.om.OverlayManagerService took to complete: 0ms
10-31 13:10:37.540 1112 1184 I ActivityManagerTiming: OnBootPhase_1000_com.android.server.SensorPrivacyService
10-31 13:10:37.540 2834 2834 D wpa_supplicant: nl80211: DEL_KEY
10-31 13:10:37.540 2834 2834 D wpa_supplicant: broadcast key
10-31 13:10:37.540 1112 1184 D ActivityManagerTiming: OnBootPhase_1000_com.android.server.SensorPrivacyService took to complete: 0ms
10-31 13:10:37.540 1112 1184 I ActivityManagerTiming: OnBootPhase_1000_com.android.server.thunderperf.ThunderBoostPerfService
10-31 13:10:37.540 1112 1184 D ActivityManagerTiming: OnBootPhase_1000_com.android.server.thunderperf.ThunderBoostPerfService took to complete: 0ms
10-31 13:10:37.540 1112 1184 I ActivityManagerTiming: OnBootPhase_1000_com.android.server.sensors.SensorService
10-31 13:10:37.540 1112 1184 D ActivityManagerTiming: OnBootPhase_1000_com.android.server.sensors.SensorService took to complete: 0ms
10-31 13:10:37.540 1112 1184 I ActivityManagerTiming: OnBootPhase_1000_com.android.server.SystemConfigService
10-31 13:10:37.540 1112 1184 D ActivityManagerTiming: OnBootPhase_1000_com.android.server.SystemConfigService took to complete: 0ms
10-31 13:10:37.540 1112 1184 I ActivityManagerTiming: OnBootPhase_1000_com.android.server.BatteryService
10-31 13:10:37.540 1112 1184 D ActivityManagerTiming: OnBootPhase_1000_com.android.server.BatteryService took to complete: 0ms
10-31 13:10:37.540 1112 1184 I ActivityManagerTiming: OnBootPhase_1000_com.android.server.usage.UsageStatsService
10-31 13:10:37.540 2834 2834 D wpa_supplicant: wpa_driver_nl80211_set_key: ifindex=17 (wlan0) alg=0 addr=0x0 key_idx=2 set_tx=0 seq_len=0 key_len=0 key_flag=0x10
10-31 13:10:37.540 2834 2834 D wpa_supplicant: nl80211: DEL_KEY
10-31 13:10:37.540 2834 2834 D wpa_supplicant: broadcast key
10-31 13:10:37.541 1112 1184 D ActivityManagerTiming: OnBootPhase_1000_com.android.server.usage.UsageStatsService took to complete: 0ms
10-31 13:10:37.541 1112 1184 I ActivityManagerTiming: OnBootPhase_1000_com.android.server.webkit.WebViewUpdateService
10-31 13:10:37.541 1112 1184 D ActivityManagerTiming: OnBootPhase_1000_com.android.server.webkit.WebViewUpdateService took to complete: 0ms
10-31 13:10:37.541 1112 1184 I ActivityManagerTiming: OnBootPhase_1000_com.android.server.CachedDeviceStateService
10-31 13:10:37.541 671 733 I netd : firewallReplaceUidChain(fw_standby, false, []) -> {true} <0.07ms>
10-31 13:10:37.541 1112 1184 D ActivityManagerTiming: OnBootPhase_1000_com.android.server.CachedDeviceStateService took to complete: 0ms
10-31 13:10:37.541 1112 1184 I ActivityManagerTiming: OnBootPhase_1000_com.android.server.BinderCallsStatsService$LifeCycle
10-31 13:10:37.541 1112 1184 D ActivityManagerTiming: OnBootPhase_1000_com.android.server.BinderCallsStatsService$LifeCycle took to complete: 0ms
10-31 13:10:37.541 1112 1184 I ActivityManagerTiming: OnBootPhase_1000_com.android.server.LooperStatsService$Lifecycle
10-31 13:10:37.541 1112 1184 D ActivityManagerTiming: OnBootPhase_1000_com.android.server.LooperStatsService$Lifecycle took to complete: 0ms
10-31 13:10:37.541 1112 1184 I ActivityManagerTiming: OnBootPhase_1000_com.android.server.rollback.RollbackManagerService
10-31 13:10:37.541 1112 1674 E SensorManager: sensor or listener is null
10-31 13:10:37.541 1112 1674 V DisplayPowerController[0]: Brightness [1.0] reason changing to: 'manual', previous reason: 'override'.
10-31 13:10:37.542 2834 2834 D wpa_supplicant: wpa_driver_nl80211_set_key: ifindex=17 (wlan0) alg=0 addr=0x0 key_idx=3 set_tx=0 seq_len=0 key_len=0 key_flag=0x10
10-31 13:10:37.542 2834 2834 D wpa_supplicant: nl80211: DEL_KEY
10-31 13:10:37.543 2834 2834 D wpa_supplicant: broadcast key
10-31 13:10:37.543 1112 1762 D AppStandbyController: Loading headless system app cache. appIdleEnabled=false
10-31 13:10:37.544 2834 2834 D wpa_supplicant: wpa_driver_nl80211_set_key: ifindex=17 (wlan0) alg=0 addr=0x0 key_idx=4 set_tx=0 seq_len=0 key_len=0 key_flag=0x10
10-31 13:10:37.544 2834 2834 D wpa_supplicant: nl80211: DEL_KEY
10-31 13:10:37.544 2834 2834 D wpa_supplicant: broadcast key
10-31 13:10:37.546 1112 1184 D ActivityManagerTiming: OnBootPhase_1000_com.android.server.rollback.RollbackManagerService took to complete: 4ms
10-31 13:10:37.546 1112 1184 I ActivityManagerTiming: OnBootPhase_1000_com.android.server.os.NativeTombstoneManagerService
10-31 13:10:37.546 1112 1184 D ActivityManagerTiming: OnBootPhase_1000_com.android.server.os.NativeTombstoneManagerService took to complete: 0ms
10-31 13:10:37.546 1112 1184 I ActivityManagerTiming: OnBootPhase_1000_com.android.server.os.BugreportManagerService
10-31 13:10:37.545 2079 2079 W AudioManager: attempt to call registerAudioRecordingCallback() on a previouslyregistered callback
10-31 13:10:37.546 1112 1184 D ActivityManagerTiming: OnBootPhase_1000_com.android.server.os.BugreportManagerService took to complete: 0ms
10-31 13:10:37.546 1112 1184 I ActivityManagerTiming: OnBootPhase_1000_com.android.server.gpu.GpuService
10-31 13:10:37.546 2079 2299 I OpenGLRenderer: Davey! duration=968ms; Flags=0, FrameTimelineVsyncId=204, IntendedVsync=46491352091, Vsync=47408018721, InputEventId=0, HandleInputStart=47415412741, AnimationStart=47415413574, PerformTraversalsStart=47415918574, DrawStart=47451013366, FrameDeadline=46524685423, FrameInterval=47415365345, FrameStartTime=16666666, SyncQueued=47451408991, SyncStart=47451542845, IssueDrawCommandsStart=47451704668, SwapBuffers=47457584980, FrameCompleted=47460248105, DequeueBufferDuration=11823, QueueBufferDuration=2082917, GpuCompleted=47458083418, SwapBuffersCompleted=47460248105, DisplayPresentTime=0,
10-31 13:10:37.546 1112 1769 D RollbackManager: mRollbackLifetimeDurationInMillis=1209600000
10-31 13:10:37.547 2834 2834 D wpa_supplicant: wpa_driver_nl80211_set_key: ifindex=17 (wlan0) alg=0 addr=0x0 key_idx=5 set_tx=0 seq_len=0 key_len=0 key_flag=0x10
10-31 13:10:37.547 2834 2834 D wpa_supplicant: nl80211: DEL_KEY
10-31 13:10:37.548 1112 1184 W UnsafeUtil: platform method missing - proto runtime falling back to safer methods: java.lang.NoSuchMethodException: sun.misc.Unsafe.copyMemory [class java.lang.Object, long, class java.lang.Object, long, long]
10-31 13:10:37.547 2834 2834 D wpa_supplicant: broadcast key
10-31 13:10:37.549 2079 2079 D KeyguardUpdateMonitor: handleRingerModeChange(2)
10-31 13:10:37.549 2834 2834 D wpa_supplicant: wlan0: RSN: flushing PMKID list in the driver
10-31 13:10:37.549 2834 2834 D wpa_supplicant: nl80211: Flush PMKIDs
10-31 13:10:37.549 1283 1836 V MediaCodec: TunnelPeekState: BufferRendered -> BufferRendered
10-31 13:10:37.550 1112 1184 D ActivityManagerTiming: OnBootPhase_1000_com.android.server.gpu.GpuService took to complete: 3ms
10-31 13:10:37.550 1112 1184 I ActivityManagerTiming: OnBootPhase_1000_com.android.server.security.KeyChainSystemService
10-31 13:10:37.550 1112 1184 D ActivityManagerTiming: OnBootPhase_1000_com.android.server.security.KeyChainSystemService took to complete: 0ms
10-31 13:10:37.550 1112 1184 I ActivityManagerTiming: OnBootPhase_1000_com.android.server.telecom.TelecomLoaderService
10-31 13:10:37.550 1112 1184 D ActivityManagerTiming: OnBootPhase_1000_com.android.server.telecom.TelecomLoaderService took to complete: 0ms
10-31 13:10:37.550 1112 1184 I ActivityManagerTiming: OnBootPhase_1000_com.android.server.accounts.AccountManagerService$Lifecycle
10-31 13:10:37.550 1112 1184 D ActivityManagerTiming: OnBootPhase_1000_com.android.server.accounts.AccountManagerService$Lifecycle took to complete: 0ms
10-31 13:10:37.550 1112 1184 I ActivityManagerTiming: OnBootPhase_1000_com.android.server.content.ContentService$Lifecycle
10-31 13:10:37.550 1112 1184 D ActivityManagerTiming: OnBootPhase_1000_com.android.server.content.ContentService$Lifecycle took to complete: 0ms
10-31 13:10:37.550 1112 1184 I ActivityManagerTiming: OnBootPhase_1000_com.android.server.DropBoxManagerService
10-31 13:10:37.550 1112 1184 D ActivityManagerTiming: OnBootPhase_1000_com.android.server.DropBoxManagerService took to complete: 0ms
10-31 13:10:37.550 1112 1184 I ActivityManagerTiming: OnBootPhase_1000_com.android.role.RoleService
10-31 13:10:37.550 1112 1184 D ActivityManagerTiming: OnBootPhase_1000_com.android.role.RoleService took to complete: 0ms
10-31 13:10:37.550 1112 1184 I ActivityManagerTiming: OnBootPhase_1000_com.android.server.vibrator.VibratorManagerService$Lifecycle
10-31 13:10:37.550 1112 1184 D ActivityManagerTiming: OnBootPhase_1000_com.android.server.vibrator.VibratorManagerService$Lifecycle took to complete: 0ms
10-31 13:10:37.551 1112 1184 I ActivityManagerTiming: OnBootPhase_1000_com.android.server.alarm.AlarmManagerService
10-31 13:10:37.551 1112 1184 D ActivityManagerTiming: OnBootPhase_1000_com.android.server.alarm.AlarmManagerService took to complete: 0ms
10-31 13:10:37.551 1112 1184 I ActivityManagerTiming: OnBootPhase_1000_com.android.server.devicestate.DeviceStateManagerService
10-31 13:10:37.551 1112 1184 D ActivityManagerTiming: OnBootPhase_1000_com.android.server.devicestate.DeviceStateManagerService took to complete: 0ms
10-31 13:10:37.551 1112 1184 I ActivityManagerTiming: OnBootPhase_1000_com.android.server.camera.CameraServiceProxy
10-31 13:10:37.555 2834 2834 D wpa_supplicant: wlan0: State: DISCONNECTED -> INACTIVE
10-31 13:10:37.555 2834 2834 D wpa_supplicant: Notifying state change event to hidl control: 2
10-31 13:10:37.555 2834 2834 D wpa_supplicant: TDLS: TDLS operation supported by driver
10-31 13:10:37.555 2834 2834 D wpa_supplicant: TDLS: Driver uses external link setup
10-31 13:10:37.555 2834 2834 D wpa_supplicant: TDLS: Driver does not support TDLS channel switching
10-31 13:10:37.558 2834 2834 D wpa_supplicant: wlan0: WPS: UUID based on MAC address: 1fb3bc32-6df2-5bc2-875e-7f537ca4f269
10-31 13:10:37.559 2834 2834 D wpa_supplicant: EAPOL: SUPP_PAE entering state DISCONNECTED
10-31 13:10:37.559 2834 2834 D wpa_supplicant: EAPOL: Supplicant port status: Unauthorized
10-31 13:10:37.559 2834 2834 D wpa_supplicant: nl80211: Skip set_supp_port(unauthorized) while not associated
10-31 13:10:37.559 2834 2834 D wpa_supplicant: EAPOL: KEY_RX entering state NO_KEY_RECEIVE
10-31 13:10:37.559 2834 2834 D wpa_supplicant: EAPOL: SUPP_BE entering state INITIALIZE
10-31 13:10:37.559 2834 2834 D wpa_supplicant: EAP: EAP entering state DISABLED
10-31 13:10:37.559 2834 2834 D wpa_supplicant: Using existing control interface directory.
10-31 13:10:37.559 2834 2834 D wpa_supplicant: nl80211: Setting wowlan
10-31 13:10:37.560 2834 2834 D wpa_supplicant: MBO: Update non-preferred channels, non_pref_chan=N/A
10-31 13:10:37.560 2834 2834 D wpa_supplicant: nl80211: Scan default IEs - hexdump(len=30): 7f 0b 00 00 0a 82 00 40 00 00 00 01 20 ff 03 02 00 ff dd 0a 50 6f 9a 16 03 01 03 65 01 01
10-31 13:10:37.560 1112 1184 D ActivityManagerTiming: OnBootPhase_1000_com.android.server.camera.CameraServiceProxy took to complete: 8ms
10-31 13:10:37.560 1112 1184 I ActivityManagerTiming: OnBootPhase_1000_com.android.server.BluetoothService
10-31 13:10:37.560 1112 1184 D ActivityManagerTiming: OnBootPhase_1000_com.android.server.BluetoothService took to complete: 0ms
10-31 13:10:37.560 1112 1184 I ActivityManagerTiming: OnBootPhase_1000_com.android.server.connectivity.IpConnectivityMetrics
10-31 13:10:37.560 1112 1184 D ActivityManagerTiming: OnBootPhase_1000_com.android.server.connectivity.IpConnectivityMetrics took to complete: 0ms
10-31 13:10:37.560 1112 1184 I ActivityManagerTiming: OnBootPhase_1000_com.android.server.net.watchlist.NetworkWatchlistService$Lifecycle
10-31 13:10:37.560 1112 1184 D ActivityManagerTiming: OnBootPhase_1000_com.android.server.net.watchlist.NetworkWatchlistService$Lifecycle took to complete: 0ms
10-31 13:10:37.560 1112 1184 I ActivityManagerTiming: OnBootPhase_1000_com.android.server.PinnerService
10-31 13:10:37.560 1112 1184 D ActivityManagerTiming: OnBootPhase_1000_com.android.server.PinnerService took to complete: 0ms
10-31 13:10:37.560 1112 1184 I ActivityManagerTiming: OnBootPhase_1000_com.google.android.startop.iorap.IorapForwardingService
10-31 13:10:37.560 2834 2834 D wpa_supplicant: Registering interface to hidl control: wlan0
10-31 13:10:37.560 2834 2834 I wpa_supplicant: Mapping to vendor sta iface
10-31 13:10:37.560 2834 2834 D wpa_supplicant: wlan0: Added interface wlan0
10-31 13:10:37.560 2834 2834 D wpa_supplicant: wlan0: State: INACTIVE -> DISCONNECTED
10-31 13:10:37.560 2834 2834 D wpa_supplicant: nl80211: Set wlan0 operstate 0->0 (DORMANT)
10-31 13:10:37.560 2834 2834 D wpa_supplicant: netlink: Operstate: ifindex=17 linkmode=-1 (no change), operstate=5 (IF_OPER_DORMANT)
10-31 13:10:37.560 2834 2834 D wpa_supplicant: Notifying state change event to hidl control: 0
10-31 13:10:37.561 1112 1184 D IorapForwardingService: BgJob Scheduled (jobId=283673059, interval: 86400000ms)
10-31 13:10:37.561 1112 1184 D ActivityManagerTiming: OnBootPhase_1000_com.google.android.startop.iorap.IorapForwardingService took to complete: 1ms
10-31 13:10:37.561 1112 1184 I ActivityManagerTiming: OnBootPhase_1000_com.android.server.ActivityTriggerService
10-31 13:10:37.561 1112 1184 D ActivityManagerTiming: OnBootPhase_1000_com.android.server.ActivityTriggerService took to complete: 0ms
10-31 13:10:37.561 1112 1184 I ActivityManagerTiming: OnBootPhase_1000_com.android.server.integrity.AppIntegrityManagerService
10-31 13:10:37.561 1112 1184 D ActivityManagerTiming: OnBootPhase_1000_com.android.server.integrity.AppIntegrityManagerService took to complete: 0ms
10-31 13:10:37.561 1112 1184 I ActivityManagerTiming: OnBootPhase_1000_com.android.server.inputmethod.InputMethodManagerService$Lifecycle
10-31 13:10:37.561 1112 1184 D ActivityManagerTiming: OnBootPhase_1000_com.android.server.inputmethod.InputMethodManagerService$Lifecycle took to complete: 0ms
10-31 13:10:37.561 1112 1184 I ActivityManagerTiming: OnBootPhase_1000_com.android.server.accessibility.AccessibilityManagerService$Lifecycle
10-31 13:10:37.561 1112 1184 D ActivityManagerTiming: OnBootPhase_1000_com.android.server.accessibility.AccessibilityManagerService$Lifecycle took to complete: 0ms
10-31 13:10:37.561 1112 1184 I ActivityManagerTiming: OnBootPhase_1000_com.android.server.StorageManagerService$Lifecycle
10-31 13:10:37.561 1112 1184 D ActivityManagerTiming: OnBootPhase_1000_com.android.server.StorageManagerService$Lifecycle took to complete: 0ms
10-31 13:10:37.561 1112 1184 I ActivityManagerTiming: OnBootPhase_1000_com.android.server.usage.StorageStatsService$Lifecycle
10-31 13:10:37.561 1112 1184 D ActivityManagerTiming: OnBootPhase_1000_com.android.server.usage.StorageStatsService$Lifecycle took to complete: 0ms
10-31 13:10:37.562 1112 1184 I ActivityManagerTiming: OnBootPhase_1000_com.android.server.UiModeManagerService
10-31 13:10:37.562 1112 1184 D ActivityManagerTiming: OnBootPhase_1000_com.android.server.UiModeManagerService took to complete: 0ms
10-31 13:10:37.562 1112 1184 I ActivityManagerTiming: OnBootPhase_1000_com.android.server.locksettings.LockSettingsService$Lifecycle
10-31 13:10:37.562 1112 1184 D ActivityManagerTiming: OnBootPhase_1000_com.android.server.locksettings.LockSettingsService$Lifecycle took to complete: 0ms
10-31 13:10:37.562 1112 1184 I ActivityManagerTiming: OnBootPhase_1000_com.android.server.PersistentDataBlockService
10-31 13:10:37.562 1112 1184 D ActivityManagerTiming: OnBootPhase_1000_com.android.server.PersistentDataBlockService took to complete: 0ms
10-31 13:10:37.562 1112 1184 I ActivityManagerTiming: OnBootPhase_1000_com.android.server.testharness.TestHarnessModeService
10-31 13:10:37.562 1112 1184 D TestHarnessModeService: Completing Test Harness Mode setup.
10-31 13:10:37.566 2834 2834 D wpa_supplicant: RTM_NEWLINK: ifi_index=17 ifname=wlan0 operstate=2 linkmode=1 ifi_family=0 ifi_flags=0x1003 ([UP])
10-31 13:10:37.566 1112 1852 D StorageManagerService: Thinking about init, mBootCompleted=true, mDaemonConnected=true
10-31 13:10:37.566 1112 1852 D StorageManagerService: Thinking about reset, mBootCompleted=true, mDaemonConnected=true
10-31 13:10:37.566 1112 1852 I StorageSessionController: Started resetting external storage service...
10-31 13:10:37.566 1112 1852 I StorageSessionController: Finished resetting external storage service
10-31 13:10:37.566 1112 1852 I StorageManagerService: Resetting vold...
10-31 13:10:37.567 1112 1852 I StorageManagerService: Reset vold
10-31 13:10:37.567 544 637 I vold : onUserAdded: 0
10-31 13:10:37.574 2079 2079 D BluetoothHearingAid: Proxy object connected
10-31 13:10:37.575 499 499 I hwservicemanager: getTransport: Cannot find entry android.hardware.wifi.supplicant@1.4::ISupplicant/default in either framework or device VINTF manifest.
10-31 13:10:37.579 1112 1918 D SupplicantStaIfaceHal: Newer HAL is found, skip V1_2 remaining init flow.
10-31 13:10:37.579 1112 1918 D SupplicantStaIfaceHal: Newer HAL is found, skip V1_1 remaining init flow.
10-31 13:10:37.579 1112 1918 D SupplicantStaIfaceHal: Newer HAL is found, skip V1_0 remaining init flow.
10-31 13:10:37.579 1112 1918 E SupplicantStaIfaceHal: Can't call vendor_setupIface, ISupplicantVendorStaIface is null
10-31 13:10:37.581 1283 1836 V MediaCodec: TunnelPeekState: BufferRendered -> BufferRendered
10-31 13:10:37.582 1112 1918 I android_os_HwBinder: HwBinder: Starting thread pool for getting: vendor.qti.hardware.wifi.supplicant@2.0::ISupplicantVendor/default
10-31 13:10:37.583 2079 2079 D BluetoothA2dp: Proxy object connected
10-31 13:10:37.583 1112 1918 E SupplicantStaIfaceHal: Try to get Vendor HIDL@2.0 interface
10-31 13:10:37.584 2834 2834 I wpa_supplicant: get vendor sta iface object
10-31 13:10:37.585 1112 1918 E SupplicantStaIfaceHal: Successful get Vendor sta interface
10-31 13:10:37.587 499 499 I hwservicemanager: getTransport: Cannot find entry android.hardware.wifi.supplicant@1.4::ISupplicant/default in either framework or device VINTF manifest.
10-31 13:10:37.588 499 499 I hwservicemanager: getTransport: Cannot find entry android.hardware.wifi.supplicant@1.4::ISupplicant/default in either framework or device VINTF manifest.
10-31 13:10:37.589 1112 1184 D ActivityManagerTiming: OnBootPhase_1000_com.android.server.testharness.TestHarnessModeService took to complete: 27ms
10-31 13:10:37.589 1112 1184 I ActivityManagerTiming: OnBootPhase_1000_com.android.server.oemlock.OemLockService
10-31 13:10:37.589 1112 1184 D ActivityManagerTiming: OnBootPhase_1000_com.android.server.oemlock.OemLockService took to complete: 0ms
10-31 13:10:37.589 1112 1184 I ActivityManagerTiming: OnBootPhase_1000_com.android.server.DeviceIdleController
10-31 13:10:37.590 1112 1184 D ActivityManagerTiming: OnBootPhase_1000_com.android.server.DeviceIdleController took to complete: 0ms
10-31 13:10:37.590 1112 1184 I ActivityManagerTiming: OnBootPhase_1000_com.android.server.devicepolicy.DevicePolicyManagerService$Lifecycle
10-31 13:10:37.590 1112 1184 D ActivityManagerTiming: OnBootPhase_1000_com.android.server.devicepolicy.DevicePolicyManagerService$Lifecycle took to complete: 0ms
10-31 13:10:37.590 1112 1184 I ActivityManagerTiming: OnBootPhase_1000_com.android.server.texttospeech.TextToSpeechManagerService
10-31 13:10:37.590 1112 1184 D ActivityManagerTiming: OnBootPhase_1000_com.android.server.texttospeech.TextToSpeechManagerService took to complete: 0ms
10-31 13:10:37.590 1112 1184 I ActivityManagerTiming: OnBootPhase_1000_com.android.server.speech.SpeechRecognitionManagerService
10-31 13:10:37.591 1112 1184 D ActivityManagerTiming: OnBootPhase_1000_com.android.server.speech.SpeechRecognitionManagerService took to complete: 0ms
10-31 13:10:37.591 1112 1184 I ActivityManagerTiming: OnBootPhase_1000_com.android.server.searchui.SearchUiManagerService
10-31 13:10:37.591 1112 1184 D ActivityManagerTiming: OnBootPhase_1000_com.android.server.searchui.SearchUiManagerService took to complete: 0ms
10-31 13:10:37.591 1112 1184 I ActivityManagerTiming: OnBootPhase_1000_com.android.server.smartspace.SmartspaceManagerService
10-31 13:10:37.591 1112 1184 D ActivityManagerTiming: OnBootPhase_1000_com.android.server.smartspace.SmartspaceManagerService took to complete: 0ms
10-31 13:10:37.591 1112 1184 I ActivityManagerTiming: OnBootPhase_1000_com.android.server.graphics.fonts.FontManagerService$Lifecycle
10-31 13:10:37.591 1112 1184 D ActivityManagerTiming: OnBootPhase_1000_com.android.server.graphics.fonts.FontManagerService$Lifecycle took to complete: 0ms
10-31 13:10:37.591 938 938 V WifiHAL : WifiVendorCommand 0x7fe08a18a0 created vendor_id:0x1374 subcmd:38
10-31 13:10:37.591 1112 1184 I ActivityManagerTiming: OnBootPhase_1000_com.android.server.textservices.TextServicesManagerService$Lifecycle
10-31 13:10:37.591 1112 1184 D ActivityManagerTiming: OnBootPhase_1000_com.android.server.textservices.TextServicesManagerService$Lifecycle took to complete: 0ms
10-31 13:10:37.591 1112 1184 I ActivityManagerTiming: OnBootPhase_1000_com.android.server.textclassifier.TextClassificationManagerService$Lifecycle
10-31 13:10:37.591 1112 1184 D ActivityManagerTiming: OnBootPhase_1000_com.android.server.textclassifier.TextClassificationManagerService$Lifecycle took to complete: 0ms
10-31 13:10:37.591 1112 1184 I ActivityManagerTiming: OnBootPhase_1000_com.android.server.NetworkScoreService$Lifecycle
10-31 13:10:37.591 1112 1184 D ActivityManagerTiming: OnBootPhase_1000_com.android.server.NetworkScoreService$Lifecycle took to complete: 0ms
10-31 13:10:37.591 1112 1184 I ActivityManagerTiming: OnBootPhase_1000_com.android.server.wifi.WifiService
10-31 13:10:37.591 1112 1184 D ActivityManagerTiming: OnBootPhase_1000_com.android.server.wifi.WifiService took to complete: 0ms
10-31 13:10:37.592 1112 1184 I ActivityManagerTiming: OnBootPhase_1000_com.android.server.wifi.scanner.WifiScanningService
10-31 13:10:37.592 1112 1184 D ActivityManagerTiming: OnBootPhase_1000_com.android.server.wifi.scanner.WifiScanningService took to complete: 0ms
10-31 13:10:37.592 1112 1184 I ActivityManagerTiming: OnBootPhase_1000_com.android.server.wifi.rtt.RttService
10-31 13:10:37.592 1112 1184 D ActivityManagerTiming: OnBootPhase_1000_com.android.server.wifi.rtt.RttService took to complete: 0ms
10-31 13:10:37.592 1112 1184 I ActivityManagerTiming: OnBootPhase_1000_com.android.server.wifi.aware.WifiAwareService
10-31 13:10:37.592 1112 1184 I WifiAwareService: Late initialization of Wi-Fi Aware service
10-31 13:10:37.592 938 938 V WifiHAL : Got a Wi-Fi HAL module message from Driver
10-31 13:10:37.592 938 938 V WifiHAL : Supported feature set : 44e9bddf
10-31 13:10:37.592 938 938 V WifiHAL : Supported feature set acquired : 44e9bddf
10-31 13:10:37.592 938 938 V WifiHAL : WifiVendorCommand 0xb40000720cea1a10 created vendor_id:0x1374 subcmd:76
10-31 13:10:37.592 938 938 V WifiHAL : create: mVendor_id = 4980, Subcmd = 76.
10-31 13:10:37.592 1112 1184 D ActivityManagerTiming: OnBootPhase_1000_com.android.server.wifi.aware.WifiAwareService took to complete: 0ms
10-31 13:10:37.592 1112 1184 I ActivityManagerTiming: OnBootPhase_1000_com.android.server.wifi.p2p.WifiP2pService
10-31 13:10:37.592 1112 1184 D ActivityManagerTiming: OnBootPhase_1000_com.android.server.wifi.p2p.WifiP2pService took to complete: 0ms
10-31 13:10:37.592 1112 1184 I ActivityManagerTiming: OnBootPhase_1000_com.android.server.ethernet.EthernetService
10-31 13:10:37.592 1112 1184 D ActivityManagerTiming: OnBootPhase_1000_com.android.server.ethernet.EthernetService took to complete: 0ms
10-31 13:10:37.592 1112 1184 I ActivityManagerTiming: OnBootPhase_1000_com.android.server.ConnectivityServiceInitializer
10-31 13:10:37.592 1112 1184 D ActivityManagerTiming: OnBootPhase_1000_com.android.server.ConnectivityServiceInitializer took to complete: 0ms
10-31 13:10:37.592 1112 1184 I ActivityManagerTiming: OnBootPhase_1000_com.android.server.notification.NotificationManagerService
10-31 13:10:37.593 1112 1184 D ActivityManagerTiming: OnBootPhase_1000_com.android.server.notification.NotificationManagerService took to complete: 0ms
10-31 13:10:37.593 1112 1184 I ActivityManagerTiming: OnBootPhase_1000_com.android.server.storage.DeviceStorageMonitorService
10-31 13:10:37.593 1112 1184 D ActivityManagerTiming: OnBootPhase_1000_com.android.server.storage.DeviceStorageMonitorService took to complete: 0ms
10-31 13:10:37.593 1112 1184 I ActivityManagerTiming: OnBootPhase_1000_com.android.server.location.LocationManagerService$Lifecycle
10-31 13:10:37.593 1112 1184 D ActivityManagerTiming: OnBootPhase_1000_com.android.server.location.LocationManagerService$Lifecycle took to complete: 0ms
10-31 13:10:37.593 1112 1184 I ActivityManagerTiming: OnBootPhase_1000_com.android.server.timedetector.TimeDetectorService$Lifecycle
10-31 13:10:37.593 1112 1184 D ActivityManagerTiming: OnBootPhase_1000_com.android.server.timedetector.TimeDetectorService$Lifecycle took to complete: 0ms
10-31 13:10:37.593 1112 1184 I ActivityManagerTiming: OnBootPhase_1000_com.android.server.timezonedetector.TimeZoneDetectorService$Lifecycle
10-31 13:10:37.593 1112 1184 D ActivityManagerTiming: OnBootPhase_1000_com.android.server.timezonedetector.TimeZoneDetectorService$Lifecycle took to complete: 0ms
10-31 13:10:37.593 1112 1184 I ActivityManagerTiming: OnBootPhase_1000_com.android.server.timezonedetector.location.LocationTimeZoneManagerService$Lifecycle
10-31 13:10:37.593 1112 1184 D ActivityManagerTiming: OnBootPhase_1000_com.android.server.timezonedetector.location.LocationTimeZoneManagerService$Lifecycle took to complete: 0ms
10-31 13:10:37.594 1112 1184 I ActivityManagerTiming: OnBootPhase_1000_com.android.server.search.SearchManagerService$Lifecycle
10-31 13:10:37.594 1112 1184 D ActivityManagerTiming: OnBootPhase_1000_com.android.server.search.SearchManagerService$Lifecycle took to complete: 0ms
10-31 13:10:37.594 1112 1184 I ActivityManagerTiming: OnBootPhase_1000_com.android.server.wallpaper.WallpaperManagerService$Lifecycle
10-31 13:10:37.594 1112 1184 D ActivityManagerTiming: OnBootPhase_1000_com.android.server.wallpaper.WallpaperManagerService$Lifecycle took to complete: 0ms
10-31 13:10:37.594 938 938 V WifiHAL : WifiVendorCommand 0x7fe08a1af0 created vendor_id:0x1374 subcmd:38
10-31 13:10:37.594 1112 1184 I ActivityManagerTiming: OnBootPhase_1000_com.android.server.audio.AudioService$Lifecycle
10-31 13:10:37.594 1112 1184 D ActivityManagerTiming: OnBootPhase_1000_com.android.server.audio.AudioService$Lifecycle took to complete: 0ms
10-31 13:10:37.594 1112 1184 I ActivityManagerTiming: OnBootPhase_1000_com.android.server.soundtrigger_middleware.SoundTriggerMiddlewareService$Lifecycle
10-31 13:10:37.594 1112 1184 D ActivityManagerTiming: OnBootPhase_1000_com.android.server.soundtrigger_middleware.SoundTriggerMiddlewareService$Lifecycle took to complete: 0ms
10-31 13:10:37.594 1112 1184 I ActivityManagerTiming: OnBootPhase_1000_com.android.server.DockObserver
10-31 13:10:37.594 1112 1184 D ActivityManagerTiming: OnBootPhase_1000_com.android.server.DockObserver took to complete: 0ms
10-31 13:10:37.594 1112 1184 I ActivityManagerTiming: OnBootPhase_1000_com.android.server.midi.MidiService$Lifecycle
10-31 13:10:37.594 938 938 V WifiHAL : Got a Wi-Fi HAL module message from Driver
10-31 13:10:37.594 938 938 V WifiHAL : Supported feature set : 44e9bddf
10-31 13:10:37.595 938 938 V WifiHAL : Supported feature set acquired : 44e9bddf
10-31 13:10:37.595 938 938 V WifiHAL : WifiVendorCommand 0xb40000720cea1a10 created vendor_id:0x1374 subcmd:76
10-31 13:10:37.595 938 938 V WifiHAL : create: mVendor_id = 4980, Subcmd = 76.
10-31 13:10:37.594 1112 1184 D ActivityManagerTiming: OnBootPhase_1000_com.android.server.midi.MidiService$Lifecycle took to complete: 0ms
10-31 13:10:37.595 1112 1184 I ActivityManagerTiming: OnBootPhase_1000_com.android.server.adb.AdbService$Lifecycle
10-31 13:10:37.595 1112 1184 D ActivityManagerTiming: OnBootPhase_1000_com.android.server.adb.AdbService$Lifecycle took to complete: 0ms
10-31 13:10:37.595 1112 1184 I ActivityManagerTiming: OnBootPhase_1000_com.android.server.usb.UsbService$Lifecycle
10-31 13:10:37.596 1112 1184 D ActivityManagerTiming: OnBootPhase_1000_com.android.server.usb.UsbService$Lifecycle took to complete: 0ms
10-31 13:10:37.596 1112 1184 I ActivityManagerTiming: OnBootPhase_1000_com.android.server.twilight.TwilightService
10-31 13:10:37.599 499 499 I hwservicemanager: getTransport: Cannot find entry android.hardware.wifi.supplicant@1.4::ISupplicant/default in either framework or device VINTF manifest.
10-31 13:10:37.599 2372 2525 I Tethering: USB bcast connected:true configured:true rndis:false ncm:false
10-31 13:10:37.600 1112 1184 D ActivityManagerTiming: OnBootPhase_1000_com.android.server.twilight.TwilightService took to complete: 3ms
10-31 13:10:37.600 1112 1184 I ActivityManagerTiming: OnBootPhase_1000_com.android.server.display.color.ColorDisplayService
10-31 13:10:37.600 1112 1184 D ActivityManagerTiming: OnBootPhase_1000_com.android.server.display.color.ColorDisplayService took to complete: 0ms
10-31 13:10:37.600 1112 1184 I ActivityManagerTiming: OnBootPhase_1000_com.android.server.job.JobSchedulerService
10-31 13:10:37.600 1112 1184 D ActivityManagerTiming: OnBootPhase_1000_com.android.server.job.JobSchedulerService took to complete: 0ms
10-31 13:10:37.600 1112 1184 I ActivityManagerTiming: OnBootPhase_1000_com.android.server.soundtrigger.SoundTriggerService
10-31 13:10:37.600 1112 1184 D SoundTriggerService: onBootPhase: 1000 : false
10-31 13:10:37.600 1112 1112 I notification_enqueue: [1000,1112,android,26,NULL,-1,Notification(channel=DEVELOPER_IMPORTANT shortcut=null contentView=null vibrate=null sound=null tick defaults=0x0 flags=0x2 color=0x00000000 vis=PUBLIC),0]
10-31 13:10:37.600 2834 2834 D wpa_supplicant: Driver capability mask: 0x3
10-31 13:10:37.600 1507 1521 I adbd : adbd_auth: received a new framework connection
10-31 13:10:37.601 1507 1521 I adbd : adbd_auth: received new framework fd 44 (current = -1)
10-31 13:10:37.601 1112 1184 D ActivityManagerTiming: OnBootPhase_1000_com.android.server.soundtrigger.SoundTriggerService took to complete: 0ms
10-31 13:10:37.601 1112 1184 I ActivityManagerTiming: OnBootPhase_1000_com.android.server.trust.TrustManagerService
10-31 13:10:37.601 1112 1184 D ActivityManagerTiming: OnBootPhase_1000_com.android.server.trust.TrustManagerService took to complete: 0ms
10-31 13:10:37.601 1112 1184 I ActivityManagerTiming: OnBootPhase_1000_com.android.server.backup.BackupManagerService$Lifecycle
10-31 13:10:37.601 1112 1184 D ActivityManagerTiming: OnBootPhase_1000_com.android.server.backup.BackupManagerService$Lifecycle took to complete: 0ms
10-31 13:10:37.601 1112 1184 I ActivityManagerTiming: OnBootPhase_1000_com.android.server.appwidget.AppWidgetService
10-31 13:10:37.601 1112 1184 D ActivityManagerTiming: OnBootPhase_1000_com.android.server.appwidget.AppWidgetService took to complete: 0ms
10-31 13:10:37.601 1112 1184 I ActivityManagerTiming: OnBootPhase_1000_com.android.server.voiceinteraction.VoiceInteractionManagerService
10-31 13:10:37.601 1112 1184 D ActivityManagerTiming: OnBootPhase_1000_com.android.server.voiceinteraction.VoiceInteractionManagerService took to complete: 0ms
10-31 13:10:37.601 1112 1184 I ActivityManagerTiming: OnBootPhase_1000_com.android.server.apphibernation.AppHibernationService
10-31 13:10:37.601 1112 1918 I WifiNative: Successfully switched to connectivity mode on iface=Iface:{Name=wlan0,Id=0,Type=STA_CONNECTIVITY}
10-31 13:10:37.601 1112 1918 D WifiClientModeManager[wlan0]: entering ConnectModeState, starting ClientModeImpl
10-31 13:10:37.602 1112 1184 D ActivityManagerTiming: OnBootPhase_1000_com.android.server.apphibernation.AppHibernationService took to complete: 0ms
10-31 13:10:37.602 1112 1184 I ActivityManagerTiming: OnBootPhase_1000_com.android.server.GestureLauncherService
10-31 13:10:37.602 1112 1184 D ActivityManagerTiming: OnBootPhase_1000_com.android.server.GestureLauncherService took to complete: 0ms
10-31 13:10:37.602 1112 1184 I ActivityManagerTiming: OnBootPhase_1000_com.android.server.SensorNotificationService
10-31 13:10:37.605 1112 2845 I HibernationStateDiskStore: No hibernation file on disk for file /data/system/hibernation/states
10-31 13:10:37.607 1112 1184 D CompatibilityChangeReporter: Compat change id reported: 168936375; UID 1000; state: ENABLED
10-31 13:10:37.607 1112 1184 D CompatibilityChangeReporter: Compat change id reported: 168936375; UID 1000; state: DISABLED
10-31 13:10:37.609 1112 1184 D CompatibilityChangeReporter: Compat change id reported: 73144566; UID 1000; state: ENABLED
10-31 13:10:37.609 1112 1184 D CompatibilityChangeReporter: Compat change id reported: 73144566; UID 1000; state: DISABLED
10-31 13:10:37.610 1112 1184 D ActivityManagerTiming: OnBootPhase_1000_com.android.server.SensorNotificationService took to complete: 8ms
10-31 13:10:37.610 1112 1184 I ActivityManagerTiming: OnBootPhase_1000_com.android.server.emergency.EmergencyAffordanceService
10-31 13:10:37.610 1112 1184 D ActivityManagerTiming: OnBootPhase_1000_com.android.server.emergency.EmergencyAffordanceService took to complete: 0ms
10-31 13:10:37.610 1112 1184 I ActivityManagerTiming: OnBootPhase_1000_com.android.server.blob.BlobStoreManagerService
10-31 13:10:37.610 1112 1184 D ActivityManagerTiming: OnBootPhase_1000_com.android.server.blob.BlobStoreManagerService took to complete: 0ms
10-31 13:10:37.610 1112 1184 I ActivityManagerTiming: OnBootPhase_1000_com.android.server.dreams.DreamManagerService
10-31 13:10:37.610 1112 1184 D ActivityManagerTiming: OnBootPhase_1000_com.android.server.dreams.DreamManagerService took to complete: 0ms
10-31 13:10:37.610 1112 1184 I ActivityManagerTiming: OnBootPhase_1000_com.android.server.companion.CompanionDeviceManagerService
10-31 13:10:37.610 1112 1184 D ActivityManagerTiming: OnBootPhase_1000_com.android.server.companion.CompanionDeviceManagerService took to complete: 0ms
10-31 13:10:37.611 1112 1184 I ActivityManagerTiming: OnBootPhase_1000_com.android.server.restrictions.RestrictionsManagerService
10-31 13:10:37.611 1112 1184 D ActivityManagerTiming: OnBootPhase_1000_com.android.server.restrictions.RestrictionsManagerService took to complete: 0ms
10-31 13:10:37.611 1112 1184 I ActivityManagerTiming: OnBootPhase_1000_com.android.server.media.MediaSessionService
10-31 13:10:37.612 1112 1184 D ActivityManagerTiming: OnBootPhase_1000_com.android.server.media.MediaSessionService took to complete: 1ms
10-31 13:10:37.612 1112 1184 I ActivityManagerTiming: OnBootPhase_1000_com.android.server.media.MediaResourceMonitorService
10-31 13:10:37.612 1112 1184 D ActivityManagerTiming: OnBootPhase_1000_com.android.server.media.MediaResourceMonitorService took to complete: 0ms
10-31 13:10:37.612 1112 1184 I ActivityManagerTiming: OnBootPhase_1000_com.android.server.biometrics.sensors.fingerprint.FingerprintService
10-31 13:10:37.612 1112 1184 D ActivityManagerTiming: OnBootPhase_1000_com.android.server.biometrics.sensors.fingerprint.FingerprintService took to complete: 0ms
10-31 13:10:37.612 1112 1184 I ActivityManagerTiming: OnBootPhase_1000_com.android.server.biometrics.BiometricService
10-31 13:10:37.612 1112 1184 D ActivityManagerTiming: OnBootPhase_1000_com.android.server.biometrics.BiometricService took to complete: 0ms
10-31 13:10:37.612 1112 1184 I ActivityManagerTiming: OnBootPhase_1000_com.android.server.biometrics.AuthService
10-31 13:10:37.612 1112 1184 D ActivityManagerTiming: OnBootPhase_1000_com.android.server.biometrics.AuthService took to complete: 0ms
10-31 13:10:37.612 1112 1184 I ActivityManagerTiming: OnBootPhase_1000_com.android.server.pm.ShortcutService$Lifecycle
10-31 13:10:37.612 1112 1184 D ActivityManagerTiming: OnBootPhase_1000_com.android.server.pm.ShortcutService$Lifecycle took to complete: 0ms
10-31 13:10:37.612 1112 1184 I ActivityManagerTiming: OnBootPhase_1000_com.android.server.pm.LauncherAppsService
10-31 13:10:37.612 1112 1184 D ActivityManagerTiming: OnBootPhase_1000_com.android.server.pm.LauncherAppsService took to complete: 0ms
10-31 13:10:37.612 1112 1184 I ActivityManagerTiming: OnBootPhase_1000_com.android.server.pm.CrossProfileAppsService
10-31 13:10:37.613 1112 1184 D ActivityManagerTiming: OnBootPhase_1000_com.android.server.pm.CrossProfileAppsService took to complete: 0ms
10-31 13:10:37.613 2079 2079 W System : ClassLoader referenced unknown path:
10-31 13:10:37.613 1112 1184 I ActivityManagerTiming: OnBootPhase_1000_com.android.server.people.PeopleService
10-31 13:10:37.613 1112 1184 D ActivityManagerTiming: OnBootPhase_1000_com.android.server.people.PeopleService took to complete: 0ms
10-31 13:10:37.613 1112 1184 I ActivityManagerTiming: OnBootPhase_1000_com.android.server.media.metrics.MediaMetricsManagerService
10-31 13:10:37.613 1112 1184 D ActivityManagerTiming: OnBootPhase_1000_com.android.server.media.metrics.MediaMetricsManagerService took to complete: 0ms
10-31 13:10:37.613 1112 1184 I ActivityManagerTiming: OnBootPhase_1000_com.android.server.media.projection.MediaProjectionManagerService
10-31 13:10:37.613 1112 1184 D ActivityManagerTiming: OnBootPhase_1000_com.android.server.media.projection.MediaProjectionManagerService took to complete: 0ms
