10-31 13:10:42.865 1283 3608 V MediaPlayerService: Create new media retriever from pid 3203
10-31 13:10:42.866 1283 1378 I ExtendedUtils: printFileName fd(60) -> /product/media/audio/notifications/arcturus.ogg
10-31 13:10:42.868 2270 2270 D MicroSettings: VolumeChangeObserver: onReceive:
10-31 13:10:42.870 2065 2065 D AvrcpControllerStateMachine: onReceive(): action: android.media.VOLUME_CHANGED_ACTION
10-31 13:10:42.872 2065 2065 D AvrcpControllerStateMachine: onReceive(): action: android.media.VOLUME_CHANGED_ACTION
10-31 13:10:42.877 2065 2781 D bt_btif : LCB lcb=1 event=LL_MSG_EVT state=LCB_OPEN_ST
10-31 13:10:42.878 2065 2781 D bt_btif : bta_av_rc_msg_cback handle: 0 opcode=0x0
10-31 13:10:42.878 2065 2781 D bt_btif : bta_av_rc_msg_cback data_len: 5
10-31 13:10:42.878 2065 2065 D AvrcpControllerStateMachine: onReceive(): action: android.media.VOLUME_CHANGED_ACTION
10-31 13:10:42.878 2065 2205 D bt_btif : btif_av_state_started_handler: event: BTA_AV_META_MSG_EVT flags: 0 index = 0, reconfig_event: 0, codec_cfg_change: 0
10-31 13:10:42.878 2065 2205 D bt_btif : btif_rc_handler: event: BTA_AV_META_MSG_EVT
10-31 13:10:42.879 2065 2205 D bt_btif : btif_rc_upstreams_rsp_evt: pdu: AVRC_PDU_SET_ABSOLUTE_VOLUME: handle: 0x0 ctype: 9 label: 1
10-31 13:10:42.879 2065 2205 V Avrcp_ext: Enter volumeChangeRequestFromNative
10-31 13:10:42.879 2270 2270 D MicroSettings: VolumeChangeObserver: onReceive:
10-31 13:10:42.879 2065 2205 V Avrcp_ext: Exit volumeChangeRequestFromNative
10-31 13:10:42.879 2065 2065 D AvrcpControllerStateMachine: onReceive(): action: android.media.VOLUME_CHANGED_ACTION
10-31 13:10:42.879 2065 2799 V Avrcp_ext: AvrcpMessageHandler: received message=5
10-31 13:10:42.879 2065 2799 V Avrcp_ext: event for device address A4:77:58:71:7A:9A
10-31 13:10:42.880 2065 2799 I Avrcp_ext: device found at index 0
10-31 13:10:42.880 2065 2799 V Avrcp_ext: MSG_NATIVE_REQ_VOLUME_CHANGE addr: A4:77:58:71:7A:9A
10-31 13:10:42.880 1112 3603 I BootReceiver: Copying audit failures to DropBox
10-31 13:10:42.880 2065 2799 V Avrcp_ext: MSG_NATIVE_REQ_VOLUME_CHANGE: volume=62 ctype=9 local vol 19 remote vol 62
10-31 13:10:42.880 2065 2799 V Avrcp_ext: last local Volume = -1 last remote Volume = -1 last requested volume = -1 cmd set = false cmd adjust = false
10-31 13:10:42.881 2065 2799 E Avrcp_ext: Unsolicited response, ignored
10-31 13:10:42.881 2065 2799 V Avrcp_ext: Exit handleMessage
10-31 13:10:42.881 1112 3603 I BootReceiver: Checking for fsck errors
10-31 13:10:42.881 1283 1836 V MediaCodec: TunnelPeekState: BufferRendered -> BufferRendered
10-31 13:10:42.881 1112 3603 I BootReceiver: fs_stat, partition:persist stat:0x3
10-31 13:10:42.882 2065 2065 D AvrcpControllerStateMachine: onReceive(): action: android.media.VOLUME_CHANGED_ACTION
10-31 13:10:42.883 1112 3603 I BootReceiver: fs_stat, partition:dsp_a stat:0x3
10-31 13:10:42.884 2065 2065 D AvrcpControllerStateMachine: onReceive(): action: android.media.VOLUME_CHANGED_ACTION
10-31 13:10:42.887 2270 2270 D MicroSettings: VolumeChangeObserver: onReceive:
10-31 13:10:42.888 2270 2270 D MicroSettings: VolumeChangeObserver: onReceive:
10-31 13:10:42.888 2270 2270 D MicroSettings: VolumeChangeObserver: onReceive:
10-31 13:10:42.888 2270 2270 D MicroSettings: VolumeChangeObserver: onReceive:
10-31 13:10:42.888 2270 2270 D MicroSettings: VolumeChangeObserver: onReceive:
10-31 13:10:42.889 1112 3603 I commit_sys_config_file: [log-files,9737]
10-31 13:10:42.891 1112 3603 I am_uid_active: 10021
10-31 13:10:42.891 2065 2065 D AvrcpControllerStateMachine: onReceive(): action: android.media.VOLUME_CHANGED_ACTION
10-31 13:10:42.894 671 733 I netd : bandwidthAddNiceApp(10021) <0.28ms>
10-31 13:10:42.901 1112 1963 I volume_changed: [3,30,19,39,onSetA2dpSinkConnectionState]
10-31 13:10:42.901 2270 2270 D MicroSettings: VolumeChangeObserver: onReceive:
10-31 13:10:42.902 2270 2270 D MicroSettings: VolumeChangeObserver: onReceive:
10-31 13:10:42.902 2270 2270 D MicroSettings: VolumeChangeObserver: onReceive:
10-31 13:10:42.902 2065 2065 D AvrcpControllerStateMachine: onReceive(): action: android.media.VOLUME_CHANGED_ACTION
10-31 13:10:42.905 2270 2270 D MicroSettings: VolumeChangeObserver: onReceive:
10-31 13:10:42.905 2270 2270 D MicroSettings: VolumeChangeObserver: onReceive:
10-31 13:10:42.905 2270 2270 D MicroSettings: VolumeChangeObserver: onReceive:
10-31 13:10:42.907 2065 2065 D AvrcpControllerStateMachine: onReceive(): action: android.media.VOLUME_CHANGED_ACTION
10-31 13:10:42.909 2065 2065 D AvrcpControllerStateMachine: onReceive(): action: android.media.VOLUME_CHANGED_ACTION
10-31 13:10:42.911 2065 2065 D AvrcpControllerStateMachine: onReceive(): action: android.media.VOLUME_CHANGED_ACTION
10-31 13:10:42.913 2065 2065 D AvrcpControllerStateMachine: onReceive(): action: android.media.VOLUME_CHANGED_ACTION
10-31 13:10:42.916 2065 3379 E HeadsetStateMachine: returning mCurrentState as Connected
10-31 13:10:42.917 2079 2079 D NotificationMediaManager: onMediaDataLoaded Notification Key : 0|com.android.systemui|1|empty_media|10087
10-31 13:10:42.917 2065 2065 D AvrcpControllerStateMachine: onReceive(): action: android.media.VOLUME_CHANGED_ACTION
10-31 13:10:42.917 1283 1836 V MediaCodec: TunnelPeekState: BufferRendered -> BufferRendered
10-31 13:10:42.918 2270 2270 D MicroSettings: VolumeChangeObserver: onReceive:
10-31 13:10:42.918 2270 2270 D MicroSettings: VolumeChangeObserver: onReceive currentVolume: 19
10-31 13:10:42.918 2270 2270 D MicroSettings: VolumeChangeObserver: onReceive mVolumeType: -1
10-31 13:10:42.918 2270 2270 D MicroSettings: VolumeChangeObserver: onReceive no return:
10-31 13:10:42.918 2270 2270 D MicroSettings: VolumeChangeObserver: onReceive no return isClickMediaVolumeSeekbar: false
10-31 13:10:42.918 2270 2270 E MicroSettings: SoundSettingServiceBinder: onVolumeChanged: 19
10-31 13:10:42.919 2270 2270 D MicroSettings: SoundManager: onMediaVolumeChanged
10-31 13:10:42.919 2065 2065 D Avrcp_ext: AvrcpVolumeChangeReceiver-> Action: android.media.VOLUME_CHANGED_ACTION volume = 19
10-31 13:10:42.920 2065 2065 D AvrcpControllerStateMachine: onReceive(): action: android.media.VOLUME_CHANGED_ACTION
10-31 13:10:42.921 2079 2079 W ConstraintSet: id unknown center_vertical_guideline
10-31 13:10:42.921 2079 2079 W ConstraintSet: id unknown center_horizontal_guideline
10-31 13:10:42.921 2065 3589 D AvrcpControllerStateMachine: handleMessage: E msg.what=208
10-31 13:10:42.921 2079 2079 W ConstraintSet: id unknown media_action_barrier
10-31 13:10:42.921 1112 1946 I GameModeConfig: isGameModeOn = false
10-31 13:10:42.921 2065 3589 D AvrcpControllerStateMachine: processMsg: Connected
10-31 13:10:42.921 1112 1946 I GameModeConfig: isGameModeOn = false
10-31 13:10:42.921 2065 3589 D AvrcpControllerStateMachine: Avrcp.ConnectedAvrcpController processMessage 208
10-31 13:10:42.921 2065 3589 D AvrcpControllerStateMachine: handleMessage: X
10-31 13:10:42.921 1112 1946 I GameModeConfig: isGameModeOn = false
10-31 13:10:42.921 1112 1946 I GameModeConfig: isGameModeOn = false
10-31 13:10:42.921 2079 2079 W ConstraintSet: id unknown remove_text
10-31 13:10:42.921 2079 2079 W ConstraintSet: id unknown settings
10-31 13:10:42.921 2079 2079 W ConstraintSet: id unknown cancel
10-31 13:10:42.921 2079 2079 W ConstraintSet: id unknown dismiss
10-31 13:10:42.924 1112 1946 I GameModeConfig: isGameModeOn = false
10-31 13:10:42.924 1112 1946 I GameModeConfig: isGameModeOn = false
10-31 13:10:42.924 1112 1946 I GameModeConfig: isGameModeOn = false
10-31 13:10:42.924 1112 1946 I GameModeConfig: isGameModeOn = false
10-31 13:10:42.929 2065 3379 D BluetoothPbapService: getConnectionState: A4:77:58:71:7A:9A
10-31 13:10:42.933 2065 2090 E HeadsetStateMachine: returning mCurrentState as Connected
10-31 13:10:42.935 1430 1460 D LOWI-9.0.0.87.a: [LOWINetlinkSocketReceiver] unpackRTMLinkMessage: RTM_NEWLINK - ifname vlan2, flags 0x1003 ([UP])
10-31 13:10:42.936 1112 1181 I EthernetTracker: interfaceLinkStateChanged, iface: vlan2, up: false
10-31 13:10:42.938 2065 2090 E HeadsetStateMachine: returning mCurrentState as Connected
10-31 13:10:42.948 1283 1836 V MediaCodec: TunnelPeekState: BufferRendered -> BufferRendered
10-31 13:10:42.950 1112 1963 I AS.AudioService: onAccessoryPlugMediaUnmute newDevice=128 [bt_a2dp]
10-31 13:10:42.955 844 2777 I vendor.qti.bluetooth@1.0-ibs_handler: ProcessIbsCmd: Received IBS_SLEEP_IND: 0xFE
10-31 13:10:42.958 1276 1837 I MMParserExtractor: Created(0xb40000715a355a10)
10-31 13:10:42.962 2065 3379 D BluetoothPbapService: getConnectionState: A4:77:58:71:7A:9A
10-31 13:10:42.964 2297 2297 D NetworkSecurityConfig: No Network Security Config specified, using platform default
10-31 13:10:42.964 2297 2297 W nsconfig: .dataservices: New config does not match the previously set config.
10-31 13:10:42.964 2297 2297 D DpmServiceAppReceiver: Received Intent Intent { act=android.intent.action.BOOT_COMPLETED flg=0x89000010 cmp=com.qti.dpmserviceapp/.DpmServiceAppReceiver (has extras) }
10-31 13:10:42.966 1112 2149 D CompatibilityInfo: mCompatibilityFlags - 4
10-31 13:10:42.966 1112 2149 D CompatibilityInfo: applicationDensity - 240
10-31 13:10:42.966 1112 2149 D CompatibilityInfo: applicationScale - 1.0
10-31 13:10:42.967 2297 2297 D DpmServiceAppReceiver: DpmService Auto Boot Started Successfully
10-31 13:10:42.968 2297 2297 D DpmServiceApp: Mwqem feature is disabled
10-31 13:10:42.968 2297 2297 D DpmServiceApp: dpmd system daemon is enabled
10-31 13:10:42.968 2297 2297 D DpmServiceApp: start dpm system service
10-31 13:10:42.969 3341 3597 D MicroMsg.PaySdk.WXFactory: createWXAPI, appId = wxb42cca62c3f838b9, checkSignature = false
10-31 13:10:42.969 3341 3597 D MicroMsg.SDK.WXApiImplV10: , appId = wxb42cca62c3f838b9, checkSignature = false
10-31 13:10:42.969 3341 3597 D MicroMsg.SDK.WXMsgImplComm: ignore wechat app signature validation
10-31 13:10:42.969 1112 2153 D CompatibilityChangeReporter: Compat change id reported: 168419799; UID 10079; state: DISABLED
10-31 13:10:42.969 3341 3597 D MicroMsg.SDK.WXApiImplV10: registerApp, appId = wxb42cca62c3f838b9
10-31 13:10:42.969 1112 2153 D CompatibilityInfo: mCompatibilityFlags - 4
10-31 13:10:42.969 3341 3597 D MicroMsg.SDK.WXApiImplV10: registerApp, appId = wxb42cca62c3f838b9
10-31 13:10:42.969 1112 2153 D CompatibilityInfo: applicationDensity - 240
10-31 13:10:42.969 3341 3597 D MicroMsg.SDK.WXApiImplV10: register app com.baidu.input
10-31 13:10:42.970 1112 2153 D CompatibilityInfo: applicationScale - 1.0
10-31 13:10:42.972 2079 2298 D BluetoothEventManager: A2dpCodecConfigChangedHandler: device=A4:77:58:71:7A:9A, codecStatus={mCodecConfig:{codecName:SBC,mCodecType:0,mCodecPriority:1001,mSampleRate:0x1(44100),mBitsPerSample:0x1(16),mChannelMode:0x2(STEREO),mCodecSpecific1:0,mCodecSpecific2:0,mCodecSpecific3:0,mCodecSpecific4:0},mCodecsLocalCapabilities:[{codecName:AAC,mCodecType:1,mCodecPriority:2001,mSampleRate:0x1(44100),mBitsPerSample:0x1(16),mChannelMode:0x2(STEREO),mCodecSpecific1:0,mCodecSpecific2:0,mCodecSpecific3:0,mCodecSpecific4:0}, {codecName:SBC,mCodecType:0,mCodecPriority:1001,mSampleRate:0x1(44100),mBitsPerSample:0x1(16),mChannelMode:0x3(MONO|STEREO),mCodecSpecific1:0,mCodecSpecific2:0,mCodecSpecific3:0,mCodecSpecific4:0}],mCodecsSelectableCapabilities:[{codecName:SBC,mCodecType:0,mCodecPriority:1001,mSampleRate:0x1(44100),mBitsPerSample:0x1(16),mChannelMode:0x3(MONO|STEREO),mCodecSpecific1:0,mCodecSpecific2:0,mCodecSpecific3:0,mCodecSpecific4:0}]}
10-31 13:10:42.974 1276 1837 V Utils : did not find channel-count and/or sample-rate
10-31 13:10:42.976 2297 2297 E DPMJ : |SERVICE| DPM SERVICE REGISTER SERVICE FOR NETWORK CHANGE.
10-31 13:10:42.976 1276 2953 V Utils : did not find channel-count and/or sample-rate
10-31 13:10:42.979 1112 2149 D TelephonyRegistry: listen oscl: mHasNotifySubscriptionInfoChangedOccurred==false no callback
10-31 13:10:42.980 2297 3615 I DPMJ : |REQ:RCVR| DPM creating socket
10-31 13:10:42.980 808 2077 I btaudio_offload_qti: audio_get_a2dp_sink_latency_qti: Sink Latency = 0
10-31 13:10:42.981 2297 3615 I DPMJ : |REQ:RCVR| Connected to 'dpmd' socket
10-31 13:10:42.981 808 1810 D audio_hw_primary: out_set_volume: called with left_vol=1.000000, right_vol=1.000000
10-31 13:10:42.982 808 1810 E audio_hw_primary: out_set_compr_volume:ctl for mixer cmd - Compress Playback 7 Volume, left 1.000000, right 1.000000
10-31 13:10:42.982 1283 1836 V MediaCodec: TunnelPeekState: BufferRendered -> BufferRendered
10-31 13:10:42.984 808 2077 I btaudio_offload_qti: audio_get_a2dp_sink_latency_qti: Sink Latency = 0
10-31 13:10:42.985 3341 3597 D MicroMsg.SDK.MMessage: send mm message, intent=Intent { act=com.tencent.mm.plugin.openapi.Intent.ACTION_HANDLE_APP_REGISTER (has extras) }, perm=com.tencent.mm.permission.MM_MESSAGE
10-31 13:10:42.987 1112 2149 D ConnectivityService: requestNetwork for uid/pid:1001/2297 activeRequest: null callbackRequest: 32 [NetworkRequest [ REQUEST id=33, [ Capabilities: INTERNET&NOT_RESTRICTED&TRUSTED&NOT_VCN_MANAGED Uid: 1001 RequestorUid: 1001 RequestorPkg: com.qti.dpmserviceapp] ]] callback flags: 0 priority: 2147483647
10-31 13:10:42.988 2297 3615 I DPMJ : |SERVICE| DPM_S_RSP_GET_FEATURE_STATUS
10-31 13:10:42.988 1112 1940 D ConnectivityService: NetReassign [33 : null → 100]
10-31 13:10:42.992 2297 2297 I TetheringManager: registerTetheringEventCallback:com.qti.dpmserviceapp
10-31 13:10:42.992 1112 2033 D Ethernet: got request NetworkRequest [ REQUEST id=33, [ Capabilities: INTERNET&NOT_RESTRICTED&TRUSTED&NOT_VCN_MANAGED Uid: 1001 RequestorUid: 1001 RequestorPkg: com.qti.dpmserviceapp] ]
10-31 13:10:42.992 1112 2033 D EthernetNetworkFactory: acceptRequest, request: NetworkRequest [ REQUEST id=33, [ Capabilities: INTERNET&NOT_RESTRICTED&TRUSTED&NOT_VCN_MANAGED Uid: 1001 RequestorUid: 1001 RequestorPkg: com.qti.dpmserviceapp] ]
10-31 13:10:42.992 1112 2033 I EthernetNetworkFactory: networkForRequest, request: NetworkRequest [ REQUEST id=33, [ Capabilities: INTERNET&NOT_RESTRICTED&TRUSTED&NOT_VCN_MANAGED Uid: 1001 RequestorUid: 1001 RequestorPkg: com.qti.dpmserviceapp] ], network: null
10-31 13:10:43.000 2065 2090 E HeadsetStateMachine: returning mCurrentState as Connected
10-31 13:10:43.002 2065 2090 D BluetoothDatabase: getBondedDevicesOrdered: Invalid address for device LocalStorage
10-31 13:10:43.003 2065 2090 E HeadsetStateMachine: returning mCurrentState as Connected
10-31 13:10:43.005 2065 2090 E HeadsetStateMachine: returning mCurrentState as Connected
10-31 13:10:43.005 1112 1918 D WifiNetworkFactory: got request NetworkRequest [ REQUEST id=33, [ Capabilities: INTERNET&NOT_RESTRICTED&TRUSTED&NOT_VCN_MANAGED Uid: 1001 RequestorUid: 1001 RequestorPkg: com.qti.dpmserviceapp] ]
10-31 13:10:43.008 1112 1918 D UntrustedWifiNetworkFactory: got request NetworkRequest [ REQUEST id=33, [ Capabilities: INTERNET&NOT_RESTRICTED&TRUSTED&NOT_VCN_MANAGED Uid: 1001 RequestorUid: 1001 RequestorPkg: com.qti.dpmserviceapp] ]
10-31 13:10:43.008 1112 1918 D OemPaidWifiNetworkFactory: got request NetworkRequest [ REQUEST id=33, [ Capabilities: INTERNET&NOT_RESTRICTED&TRUSTED&NOT_VCN_MANAGED Uid: 1001 RequestorUid: 1001 RequestorPkg: com.qti.dpmserviceapp] ]
10-31 13:10:43.019 1283 1836 V MediaCodec: TunnelPeekState: BufferRendered -> BufferRendered
10-31 13:10:43.023 1283 1836 V MediaCodec: -- Looking at startdata. presentation 9433333, start 52344515447
10-31 13:10:43.024 1283 1836 V MediaCodec: -- match entry for 9433333, hits our frame of 9433333
10-31 13:10:43.025 1112 2226 D CompatibilityInfo: mCompatibilityFlags - 4
10-31 13:10:43.025 1112 2226 D CompatibilityInfo: applicationDensity - 240
10-31 13:10:43.026 1112 2226 D CompatibilityInfo: applicationScale - 1.0
10-31 13:10:43.027 1283 1836 V MediaCodec: -- Looking at startdata. presentation 9466666, start 52347679874
10-31 13:10:43.027 1283 1836 V MediaCodec: -- match entry for 9466666, hits our frame of 9466666
10-31 13:10:43.027 1283 1836 V MediaCodec: -- Looking at startdata. presentation 9500000, start 52347794926
10-31 13:10:43.027 1283 1836 V MediaCodec: -- match entry for 9500000, hits our frame of 9500000
10-31 13:10:43.029 1112 2226 D CompatibilityChangeReporter: Compat change id reported: 135634846; UID 1000; state: DISABLED
10-31 13:10:43.029 1112 2226 D CompatibilityChangeReporter: Compat change id reported: 177438394; UID 1000; state: DISABLED
10-31 13:10:43.029 1112 2226 D CompatibilityChangeReporter: Compat change id reported: 135772972; UID 1000; state: DISABLED
10-31 13:10:43.029 1112 2226 D CompatibilityChangeReporter: Compat change id reported: 135754954; UID 1000; state: ENABLED
01-01 09:55:06.381 0 0 E : [MAX975X:max96755g_write_bytes] *ERROR* i2c master send 0x8E err
01-01 09:55:06.654 0 0 I binder : 3115:3620 ioctl 40046210 77bfc96f54 returned -22
10-31 13:10:43.031 1283 1836 V MediaCodec: -- Looking at startdata. presentation 9533333, start 52353257687
10-31 13:10:43.031 1283 1836 V MediaCodec: -- match entry for 9533333, hits our frame of 9533333
10-31 13:10:43.032 3115 3115 D SysHelperService: Service started flags 0 startId 1
10-31 13:10:43.042 1283 1836 V MediaCodec: -- Looking at startdata. presentation 9566666, start 52546391749
10-31 13:10:43.042 1283 1836 V MediaCodec: -- match entry for 9566666, hits our frame of 9566666
10-31 13:10:43.043 1283 1836 V MediaCodec: -- Looking at startdata. presentation 9600000, start 52553477010
10-31 13:10:43.043 1283 1836 V MediaCodec: -- match entry for 9600000, hits our frame of 9600000
10-31 13:10:43.046 3115 3620 D hw-ProcessState: Binder ioctl to enable oneway spam detection failed: Invalid argument
10-31 13:10:43.047 3115 3620 D mhelper_servic: SystemEvent interface registering.
10-31 13:10:43.049 1283 1836 V MediaCodec: TunnelPeekState: BufferRendered -> BufferRendered
10-31 13:10:43.062 3115 3620 I HidlServiceManagement: Registered vendor.qti.hardware.systemhelper@1.0::ISystemEvent/default
10-31 13:10:43.065 3341 3606 I WebViewFactory: Loading com.android.webview version 91.0.4472.114 (code 447211453)
10-31 13:10:43.067 808 1810 D audio_hw_primary: out_set_parameters: enter: usecase(1: low-latency-playback) kvpairs: suspend_playback=false
10-31 13:10:43.067 808 1810 D audio_hw_extn: audio_extn_fm_set_parameters: Enter
10-31 13:10:43.067 3115 3620 D mhelper_servic: SystemResource interface registering.
10-31 13:10:43.067 808 3004 W audio_hw_primary: out_write: underrun(9) frames_by_time(48216) > out->last_fifo_frames_remaining(384)
10-31 13:10:43.073 3115 3620 I HidlServiceManagement: Registered vendor.qti.hardware.systemhelper@1.0::ISystemResource/default
10-31 13:10:43.073 3115 3620 D mhelper_servic: Successfully registered for both SystemEvent and SystemResource 1.0 interfaces
10-31 13:10:43.082 1283 1836 V MediaCodec: TunnelPeekState: BufferRendered -> BufferRendered
10-31 13:10:43.083 3617 3617 I auditd : type=1400 audit(0.0:122): avc: denied { read } for comm="ip" name="rt_tables" dev="dm-6" ino=353 scontext=u:r:ethernet:s0 tcontext=u:object_r:net_data_file:s0 tclass=file permissive=0
10-31 13:10:43.083 3617 3617 W ip : type=1400 audit(0.0:122): avc: denied { read } for name="rt_tables" dev="dm-6" ino=353 scontext=u:r:ethernet:s0 tcontext=u:object_r:net_data_file:s0 tclass=file permissive=0
10-31 13:10:43.092 3341 3606 D nativeloader: classloader namespace configured for unbundled product apk. library_path=/product/app/webview/lib/arm64:/product/app/webview/webview.apk!/lib/arm64-v8a:/product/lib64:/system/product/lib64
10-31 13:10:43.102 672 672 D Zygote : Forked child process 3625
10-31 13:10:43.102 1112 1199 W ActivityManager: Slow operation: 74ms so far, now at startProcess: returned from zygote!
10-31 13:10:43.103 1112 1199 W ActivityManager: Slow operation: 74ms so far, now at startProcess: done updating battery stats
10-31 13:10:43.103 1112 1199 I am_proc_start: [0,3625,1000,com.qti.diagservices,broadcast,{com.qti.diagservices/com.qti.diagservices.Diag_OnBoot}]
10-31 13:10:43.103 1112 1199 W ActivityManager: Slow operation: 75ms so far, now at startProcess: building log message
10-31 13:10:43.103 1112 1199 I ActivityManager: Start proc 3625:com.qti.diagservices/1000 for broadcast {com.qti.diagservices/com.qti.diagservices.Diag_OnBoot}
10-31 13:10:43.103 1112 1199 W ActivityManager: Slow operation: 75ms so far, now at startProcess: starting to update pids map
10-31 13:10:43.103 1112 1199 W ActivityManager: Slow operation: 75ms so far, now at startProcess: done updating pids map
10-31 13:10:43.103 1112 1963 I stream_devices_changed: [6,1,128]
10-31 13:10:43.110 808 1810 D audio_hw_primary: out_set_parameters: enter: usecase(1: low-latency-playback) kvpairs: suspend_playback=true
10-31 13:10:43.110 808 1810 D audio_hw_extn: audio_extn_fm_set_parameters: Enter
10-31 13:10:43.117 1283 1836 V MediaCodec: TunnelPeekState: BufferRendered -> BufferRendered
10-31 13:10:43.126 3341 3341 E ThemeUtils: View class androidx.appcompat.widget.SwitchCompat is an AppCompat widget that can only be used with a Theme.AppCompat theme (or descendant).
10-31 13:10:43.126 1112 1194 I am_meminfo: [1293156352,3674406912,12288,902217728,689842176]
10-31 13:10:43.145 1112 2226 I ActivityManager: Process com.qualcomm.qti.devicestatisticsservice (pid 2551) has died: pers PER
10-31 13:10:43.145 1112 2226 I am_proc_died: [0,2551,com.qualcomm.qti.devicestatisticsservice,-800,0]
10-31 13:10:43.146 1112 2226 W ActivityManager: Scheduling restart of crashed service com.qualcomm.qti.devicestatisticsservice/.DeviceStatisticsService in 0ms for persistent
10-31 13:10:43.146 1112 2226 I am_schedule_service_restart: [0,com.qualcomm.qti.devicestatisticsservice/.DeviceStatisticsService,0]
10-31 13:10:43.146 1112 2226 I am_uid_stopped: 10065
10-31 13:10:43.147 1112 2226 W ActivityManager: Re-adding persistent process ProcessRecord{38a1c59 2551:com.qualcomm.qti.devicestatisticsservice/u0a65}
10-31 13:10:43.147 1112 2226 I am_uid_running: 10065
10-31 13:10:43.148 1112 2226 D CompatibilityChangeReporter: Compat change id reported: 135634846; UID 10065; state: DISABLED
10-31 13:10:43.148 1112 2226 D CompatibilityChangeReporter: Compat change id reported: 177438394; UID 10065; state: DISABLED
10-31 13:10:43.148 1112 2226 D CompatibilityChangeReporter: Compat change id reported: 135772972; UID 10065; state: DISABLED
10-31 13:10:43.148 1112 2226 D CompatibilityChangeReporter: Compat change id reported: 135754954; UID 10065; state: ENABLED
10-31 13:10:43.148 1112 2226 I am_uid_active: 10065
10-31 13:10:43.148 1112 1199 D CompatibilityChangeReporter: Compat change id reported: 143937733; UID 10065; state: ENABLED
10-31 13:10:43.155 3626 3626 I auditd : type=1400 audit(0.0:123): avc: denied { read } for comm="ip" name="rt_tables" dev="dm-6" ino=353 scontext=u:r:ethernet:s0 tcontext=u:object_r:net_data_file:s0 tclass=file permissive=0
10-31 13:10:43.155 3626 3626 W ip : type=1400 audit(0.0:123): avc: denied { read } for name="rt_tables" dev="dm-6" ino=353 scontext=u:r:ethernet:s0 tcontext=u:object_r:net_data_file:s0 tclass=file permissive=0
10-31 13:10:43.151 1283 1836 V MediaCodec: TunnelPeekState: BufferRendered -> BufferRendered
10-31 13:10:43.146 1112 2068 I commit_sys_config_file: [appops,72]
10-31 13:10:43.151 1112 1203 I libprocessgroup: Successfully killed process cgroup uid 10065 pid 2551 in 0ms
10-31 13:10:43.172 1112 1194 I am_pss : [2631,10081,com.android.launcher3,104225792,90918912,0,230625280,2,2,16]
10-31 13:10:43.175 2882 2900 I adbd : jdwp connection from 3625
01-01 09:55:06.798 0 0 I binder : 3625:3625 ioctl 40046210 7ff99ba9a4 returned -22
10-31 13:10:43.177 3625 3625 D ProcessState: Binder ioctl to enable oneway spam detection failed: Invalid argument
10-31 13:10:43.182 1283 1836 V MediaCodec: TunnelPeekState: BufferRendered -> BufferRendered
10-31 13:10:43.184 1112 2226 I am_proc_bound: [0,3625,com.qti.diagservices]
10-31 13:10:43.185 1112 2226 D CompatibilityInfo: mCompatibilityFlags - 4
10-31 13:10:43.186 1112 2226 D CompatibilityInfo: applicationDensity - 240
10-31 13:10:43.186 1112 2226 D CompatibilityInfo: applicationScale - 1.0
10-31 13:10:43.190 3341 3341 E ThemeUtils: View class com.baidu.input.ime.cand.view.MinorWordTextView is an AppCompat widget that can only be used with a Theme.AppCompat theme (or descendant).
10-31 13:10:43.191 1112 2226 D CompatibilityInfo: mCompatibilityFlags - 4
10-31 13:10:43.192 1112 2226 D CompatibilityInfo: applicationDensity - 240
10-31 13:10:43.192 1112 2226 D CompatibilityInfo: applicationScale - 1.0
10-31 13:10:43.196 3625 3625 D CompatibilityChangeReporter: Compat change id reported: 171979766; UID 1000; state: DISABLED
10-31 13:10:43.197 1112 1194 I am_pss : [2577,1000,com.android.settings,31245312,16588800,0,146034688,2,19,14]
10-31 13:10:43.215 1112 1194 I am_pss : [3203,10100,com.android.providers.media.module,15946752,11759616,0,120258560,2,0,13]
10-31 13:10:43.215 1283 1836 V MediaCodec: TunnelPeekState: BufferRendered -> BufferRendered
10-31 13:10:43.219 1283 1836 V MediaCodec: -- Looking at startdata. presentation 9633333, start 52553835082
10-31 13:10:43.219 1283 1836 V MediaCodec: -- match entry for 9633333, hits our frame of 9633333
10-31 13:10:43.221 1283 1836 V MediaCodec: -- Looking at startdata. presentation 9666666, start 52554117791
10-31 13:10:43.221 1283 1836 V MediaCodec: -- match entry for 9666666, hits our frame of 9666666
10-31 13:10:43.223 1283 1836 V MediaCodec: -- Looking at startdata. presentation 9700000, start 52554471905
10-31 13:10:43.223 1283 1836 V MediaCodec: -- match entry for 9700000, hits our frame of 9700000
10-31 13:10:43.225 1283 1836 V MediaCodec: -- Looking at startdata. presentation 9733333, start 52558029874
10-31 13:10:43.225 1283 1836 V MediaCodec: -- match entry for 9733333, hits our frame of 9733333
10-31 13:10:43.226 1283 1836 V MediaCodec: -- Looking at startdata. presentation 9766666, start 52740487739
10-31 13:10:43.226 1283 1836 V MediaCodec: -- match entry for 9766666, hits our frame of 9766666
10-31 13:10:43.228 1283 1836 V MediaCodec: -- Looking at startdata. presentation 9800000, start 52743647739
10-31 13:10:43.228 1283 1836 V MediaCodec: -- match entry for 9800000, hits our frame of 9800000
10-31 13:10:43.232 1112 1194 I am_pss : [2706,10066,com.thundercomm.gamemode.provider,8088576,5832704,0,95911936,2,5,13]
10-31 13:10:43.243 672 672 D Zygote : Forked child process 3647
10-31 13:10:43.244 672 672 I Zygote : Process 2551 exited due to signal 9 (Killed)
10-31 13:10:43.245 1112 1199 W ActivityManager: Slow operation: 97ms so far, now at startProcess: returned from zygote!
10-31 13:10:43.245 1112 1199 W ActivityManager: Slow operation: 98ms so far, now at startProcess: done updating battery stats
10-31 13:10:43.245 1112 1199 I am_proc_start: [0,3647,10065,com.qualcomm.qti.devicestatisticsservice,restart,com.qualcomm.qti.devicestatisticsservice]
10-31 13:10:43.245 1112 1199 W ActivityManager: Slow operation: 98ms so far, now at startProcess: building log message
10-31 13:10:43.245 1112 1199 I ActivityManager: Start proc 3647:com.qualcomm.qti.devicestatisticsservice/u0a65 for restart com.qualcomm.qti.devicestatisticsservice
10-31 13:10:43.245 1112 1199 W ActivityManager: Slow operation: 98ms so far, now at startProcess: starting to update pids map
10-31 13:10:43.245 1112 1199 W ActivityManager: Slow operation: 98ms so far, now at startProcess: done updating pids map
10-31 13:10:43.248 1283 1836 V MediaCodec: TunnelPeekState: BufferRendered -> BufferRendered
10-31 13:10:43.249 1112 1194 I am_pss : [2618,10101,android.ext.services,7287808,4841472,0,97767424,2,5,12]
10-31 13:10:43.264 1112 2153 D CompatibilityChangeReporter: Compat change id reported: 172100307; UID 10100; state: DISABLED
10-31 13:10:43.283 1283 1836 V MediaCodec: TunnelPeekState: BufferRendered -> BufferRendered
10-31 13:10:43.298 3341 3618 W com.baidu.inpu: Unsupported class loader
01-01 09:55:06.927 0 0 I binder : 3647:3647 ioctl 40046210 7ff99ba9a4 returned -22
10-31 13:10:43.303 2079 2543 I OpenGLRenderer: Davey! duration=9223371983663ms; Flags=0, FrameTimelineVsyncId=871, IntendedVsync=53190781916, Vsync=53190781916, InputEventId=0, HandleInputStart=53193574770, AnimationStart=53193576176, PerformTraversalsStart=53193576801, DrawStart=53202782270, FrameDeadline=53207448582, FrameInterval=53193570238, FrameStartTime=16666666, SyncQueued=53202976124, SyncStart=53203183311, IssueDrawCommandsStart=53203447478, SwapBuffers=53204216124, FrameCompleted=9223372036854775807, DequeueBufferDuration=14739, QueueBufferDuration=974427, GpuCompleted=9223372036854775807, SwapBuffersCompleted=53206625916, DisplayPresentTime=0,
10-31 13:10:43.304 1112 1194 I am_pss : [3166,10093,com.qualcomm.qti.workloadclassifier,5705728,3772416,0,88797184,2,0,12]
10-31 13:10:43.304 1112 1140 W ActivityTaskManager: Current config: {1.0 ?mcc?mnc [zh_CN] ldltr sw720dp w1706dp h624dp 240dpi lrg long hdr land -touch -keyb/v/h -nav/h winConfig={ mBounds=Rect(0, 0 - 2560, 1080) mAppBounds=Rect(0, 0 - 2560, 1008) mMaxBounds=Rect(0, 0 - 2560, 1080) mWindowingMode=fullscreen mDisplayWindowingMode=fullscreen mActivityType=undefined mAlwaysOnTop=undefined mRotation=ROTATION_0} s.8 fontWeightAdjustment=0} unchanged for IME proc com.baidu.input
10-31 13:10:43.304 1112 1140 W ActivityTaskManager: Current config: {1.0 ?mcc?mnc [zh_CN] ldltr sw720dp w1706dp h624dp 240dpi lrg long hdr land -touch -keyb/v/h -nav/h winConfig={ mBounds=Rect(0, 0 - 2560, 1080) mAppBounds=Rect(0, 0 - 2560, 1008) mMaxBounds=Rect(0, 0 - 2560, 1080) mWindowingMode=fullscreen mDisplayWindowingMode=fullscreen mActivityType=undefined mAlwaysOnTop=undefined mRotation=ROTATION_0} s.8 fontWeightAdjustment=0} unchanged for IME proc com.baidu.input
10-31 13:10:43.304 2882 2900 I adbd : jdwp connection from 3647
10-31 13:10:43.307 3647 3647 D ProcessState: Binder ioctl to enable oneway spam detection failed: Invalid argument
10-31 13:10:43.311 3203 3300 W MediaProvider: getVolumePath for unknown volume: internal
10-31 13:10:43.316 1283 1836 V MediaCodec: TunnelPeekState: BufferRendered -> BufferRendered
10-31 13:10:43.319 1112 1140 I am_proc_bound: [0,3647,com.qualcomm.qti.devicestatisticsservice]
10-31 13:10:43.324 3203 3300 W MediaProvider: getVolumePath for unknown volume: internal
10-31 13:10:43.324 1283 3608 V MediaPlayerService: Create new media retriever from pid 3203
10-31 13:10:43.325 1283 3608 I ExtendedUtils: printFileName fd(60) -> /product/media/audio/ringtones/CanisMajor.ogg
10-31 13:10:43.326 1112 1140 D CompatibilityInfo: mCompatibilityFlags - 4
10-31 13:10:43.326 1112 1140 D CompatibilityInfo: applicationDensity - 240
10-31 13:10:43.326 1112 1140 D CompatibilityInfo: applicationScale - 1.0
10-31 13:10:43.328 1112 1194 I am_pss : [3125,10094,com.qualcomm.qti.qccnetstat,6404096,4362240,0,91557888,2,0,12]
10-31 13:10:43.335 1112 1140 D CompatibilityInfo: mCompatibilityFlags - 4
10-31 13:10:43.335 1112 1140 D CompatibilityInfo: applicationDensity - 240
10-31 13:10:43.335 1112 1140 D CompatibilityInfo: applicationScale - 1.0
10-31 13:10:43.337 3647 3647 D CompatibilityChangeReporter: Compat change id reported: 171979766; UID 10065; state: ENABLED
10-31 13:10:43.347 1112 1194 I am_pss : [3115,10079,com.qualcomm.qti.services.systemhelper:systemhelper_service,6758400,4636672,0,93769728,2,0,12]
10-31 13:10:43.348 1283 1836 V MediaCodec: TunnelPeekState: BufferRendered -> BufferRendered
10-31 13:10:43.349 3647 3647 D nativeloader: classloader namespace configured for unbundled product apk. library_path=/product/app/DeviceStatisticsService/lib/arm64:/product/lib64:/system/product/lib64
10-31 13:10:43.359 1276 1837 I MMParserExtractor: Created(0xb40000715a355a10)
10-31 13:10:43.360 3647 3647 I Perf : Connecting to perf service.
10-31 13:10:43.362 1276 1837 V Utils : did not find channel-count and/or sample-rate
10-31 13:10:43.363 1276 2953 V Utils : did not find channel-count and/or sample-rate
10-31 13:10:43.366 1112 1194 I am_pss : [3039,10056,.pasr,5528576,3592192,0,88563712,2,0,12]
10-31 13:10:43.366 3647 3647 V GraphicsEnvironment: ANGLE Developer option for 'com.qualcomm.qti.devicestatisticsservice' set to: 'default'
10-31 13:10:43.367 3647 3647 V GraphicsEnvironment: ANGLE GameManagerService for com.qualcomm.qti.devicestatisticsservice: false
10-31 13:10:43.369 3647 3647 D NetworkSecurityConfig: No Network Security Config specified, using platform default
10-31 13:10:43.369 3647 3647 D NetworkSecurityConfig: No Network Security Config specified, using platform default
10-31 13:10:43.382 1283 1836 V MediaCodec: TunnelPeekState: BufferRendered -> BufferRendered
10-31 13:10:43.382 1112 1194 I am_pss : [2746,10090,com.qualcomm.qti.qccauthmgr,6771712,4476928,0,95817728,2,5,12]
10-31 13:10:43.388 1283 1816 V MediaPlayerService: Create new media retriever from pid 3203
10-31 13:10:43.388 3341 3618 W com.baidu.inpu: Unsupported class loader
10-31 13:10:43.388 1283 3608 I ExtendedUtils: printFileName fd(60) -> /product/media/audio/ringtones/hydra.ogg
10-31 13:10:43.389 1112 2226 E system_server: Invalid class loader spec: =UnsupportedClassLoaderContext=
10-31 13:10:43.389 1112 2226 E PackageDexUsage: Unsupported context?
10-31 13:10:43.394 2079 2434 I vol.Events: writeEvent level_changed STREAM_ALARM 4
10-31 13:10:43.394 2079 2434 I vol.Events: writeEvent level_changed STREAM_RING 3
10-31 13:10:43.394 2079 2434 I vol.Events: writeEvent level_changed STREAM_SYSTEM 3
10-31 13:10:43.395 2079 2434 I vol.Events: writeEvent level_changed STREAM_VOICE_CALL 3
10-31 13:10:43.395 2079 2434 I vol.Events: writeEvent level_changed STREAM_MUSIC 19
10-31 13:10:43.397 1430 1460 D LOWI-9.0.0.87.a: [LOWINetlinkSocketReceiver] unpackRTMLinkMessage: RTM_NEWLINK - ifname vlan4, flags 0x1003 ([UP])
10-31 13:10:43.399 1112 1181 I EthernetTracker: interfaceLinkStateChanged, iface: vlan4, up: false
10-31 13:10:43.411 1112 1194 I am_pss : [2995,10062,ts.car.uart,6444032,4489216,0,90501120,2,0,13]
10-31 13:10:43.414 1276 1837 I MMParserExtractor: Created(0xb40000715a355a10)
10-31 13:10:43.416 1283 1836 V MediaCodec: TunnelPeekState: BufferRendered -> BufferRendered
10-31 13:10:43.416 1276 1837 V Utils : did not find channel-count and/or sample-rate
10-31 13:10:43.417 1276 2953 V Utils : did not find channel-count and/or sample-rate
10-31 13:10:43.420 1283 1836 V MediaCodec: -- Looking at startdata. presentation 9833333, start 52761616905
10-31 13:10:43.420 1283 1836 V MediaCodec: -- match entry for 9833333, hits our frame of 9833333
10-31 13:10:43.423 1283 1836 V MediaCodec: -- Looking at startdata. presentation 9866666, start 52761729093
10-31 13:10:43.423 1283 1836 V MediaCodec: -- match entry for 9866666, hits our frame of 9866666
10-31 13:10:43.426 1283 1836 V MediaCodec: -- Looking at startdata. presentation 9900000, start 52761846957
10-31 13:10:43.426 1283 1836 V MediaCodec: -- match entry for 9900000, hits our frame of 9900000
10-31 13:10:43.426 1283 1836 V MediaCodec: -- Looking at startdata. presentation 9933333, start 52761944614
10-31 13:10:43.426 1283 1836 V MediaCodec: -- match entry for 9933333, hits our frame of 9933333
10-31 13:10:43.428 1283 1836 V MediaCodec: -- Looking at startdata. presentation 9966666, start 52942289041
10-31 13:10:43.428 1283 1836 V MediaCodec: -- match entry for 9966666, hits our frame of 9966666
10-31 13:10:43.432 1283 1836 V MediaCodec: -- Looking at startdata. presentation 10000000, start 52946382478
10-31 13:10:43.432 1283 1836 V MediaCodec: -- match entry for 10000000, hits our frame of 10000000
10-31 13:10:43.435 1112 1194 I am_pss : [2968,10089,com.hht.lebocast,24940544,6270976,0,78852096,2,0,12]
10-31 13:10:43.449 1283 1836 V MediaCodec: TunnelPeekState: BufferRendered -> BufferRendered
10-31 13:10:43.451 1112 1194 I am_pss : [2916,10078,com.qualcomm.location,10588160,7692288,0,102928384,2,0,12]
10-31 13:10:43.452 1430 1460 D LOWI-9.0.0.87.a: [LOWINetlinkSocketReceiver] unpackRTMLinkMessage: RTM_NEWLINK - ifname vlan4, flags 0x1003 ([UP])
10-31 13:10:43.453 1112 1181 I EthernetTracker: interfaceLinkStateChanged, iface: vlan4, up: false
10-31 13:10:43.467 1112 1194 I am_pss : [2853,10075,com.android.deskclock,10462208,6885376,0,104443904,2,19,13]
10-31 13:10:43.470 1283 1816 V MediaPlayerService: Create new media retriever from pid 3203
10-31 13:10:43.471 1283 1816 I ExtendedUtils: printFileName fd(60) -> /product/media/audio/ringtones/Andromeda.ogg
10-31 13:10:43.479 647 660 I mpu_uart: [MSG-P:RECV]:No message received in 1000 ms
10-31 13:10:43.481 1283 1836 V MediaCodec: TunnelPeekState: BufferRendered -> BufferRendered
10-31 13:10:43.486 3625 3625 I Perf : Connecting to perf service.
10-31 13:10:43.487 1112 1194 I am_pss : [2065,1002,com.android.bluetooth,37715968,28340224,0,152199168,2,0,16]
10-31 13:10:43.496 1430 1460 D LOWI-9.0.0.87.a: [LOWINetlinkSocketReceiver] unpackRTMLinkMessage: RTM_NEWLINK - ifname vlan4, flags 0x1003 ([UP])
10-31 13:10:43.498 1112 1181 I EthernetTracker: interfaceLinkStateChanged, iface: vlan4, up: false
10-31 13:10:43.500 3625 3625 V GraphicsEnvironment: ANGLE Developer option for 'com.qti.diagservices' set to: 'default'
10-31 13:10:43.502 3625 3625 V GraphicsEnvironment: ANGLE GameManagerService for com.qti.diagservices: false
10-31 13:10:43.504 1112 1194 I am_pss : [2591,1000,com.thundercomm.gamemode,8913920,6631424,0,96944128,2,10,12]
10-31 13:10:43.506 3625 3625 D NetworkSecurityConfig: No Network Security Config specified, using platform default
10-31 13:10:43.507 3625 3625 D NetworkSecurityConfig: No Network Security Config specified, using platform default
10-31 13:10:43.512 1276 1837 I MMParserExtractor: Created(0xb40000715a355a10)
10-31 13:10:43.514 1276 1837 V Utils : did not find channel-count and/or sample-rate
10-31 13:10:43.515 1276 2953 V Utils : did not find channel-count and/or sample-rate
10-31 13:10:43.515 1283 1836 V MediaCodec: TunnelPeekState: BufferRendered -> BufferRendered
10-31 13:10:43.521 1112 1194 I am_pss : [2553,1000,com.qualcomm.qti.qdma,10821632,7360512,0,107429888,2,0,13]
10-31 13:10:43.536 3625 3625 W ContextImpl: Calling a method in the system process without a qualified user: android.app.ContextImpl.startService:1816 android.content.ContextWrapper.startService:774 android.content.ContextWrapper.startService:774 com.qti.diagservices.Diag_OnBoot.onReceive:40 android.app.ActivityThread.handleReceiver:4309
10-31 13:10:43.541 1430 1460 D LOWI-9.0.0.87.a: [LOWINetlinkSocketReceiver] unpackRTMLinkMessage: RTM_NEWLINK - ifname vlan4, flags 0x1003 ([UP])
10-31 13:10:43.541 3341 3623 W com.baidu.inpu: Long monitor contention with owner pass_pool_thread # 1 (3606) at android.content.pm.PackageInfo android.webkit.WebViewFactory.getLoadedPackageInfo()(WebViewFactory.java:262) waiters=0 in android.webkit.WebViewFactoryProvider android.webkit.WebViewFactory.getProvider() for 474ms
10-31 13:10:43.541 3341 3623 I dvm_lock_sample: [com.baidu.input,0,pass_net_thread#1,474,WebViewFactory.java,322,android.webkit.WebViewFactoryProvider android.webkit.WebViewFactory.getProvider(),-,262,android.content.pm.PackageInfo android.webkit.WebViewFactory.getLoadedPackageInfo(),94]
10-31 13:10:43.542 1112 1181 I EthernetTracker: interfaceLinkStateChanged, iface: vlan4, up: false
10-31 13:10:43.545 1283 1378 V MediaPlayerService: Create new media retriever from pid 3203
10-31 13:10:43.547 1112 1139 D CompatibilityInfo: mCompatibilityFlags - 4
10-31 13:10:43.548 1112 1139 D CompatibilityInfo: applicationDensity - 240
10-31 13:10:43.548 1112 1139 D CompatibilityInfo: applicationScale - 1.0
10-31 13:10:43.548 1283 1378 I ExtendedUtils: printFileName fd(60) -> /product/media/audio/ringtones/Perseus.ogg
10-31 13:10:43.549 1283 1836 V MediaCodec: TunnelPeekState: BufferRendered -> BufferRendered
10-31 13:10:43.551 3625 3625 D Diag_OnBoot: Started Successfully
10-31 13:10:43.555 1112 1112 I Telecom : DefaultDialerCache: Refreshing default dialer for user 0: now null: DDC.oR@ABU
10-31 13:10:43.556 1112 1112 I Telecom : MissedCallNotifierImpl: reloadAfterBootComplete: user=0: TSBCR.oR@ABY
10-31 13:10:43.557 1112 1112 I Telecom : MissedCallNotifierImpl: reloadAfterBootComplete: user=0: TSBCR.oR@ABY
10-31 13:10:43.560 647 662 I mpu_uart: [TIME-:0]:create
10-31 13:10:43.560 647 658 V mpu_uart: send data buf:[0x3c, 0x7, 0x0, 0x11, 0x14, 0x83, 0xbd, ], send_res=7
10-31 13:10:43.560 3625 3625 E DiagJNIInterface: Trying to load libDiagService
10-31 13:10:43.562 1112 1194 I am_pss : [2541,1000,com.thundercomm.tcservice,8474624,6332416,0,95891456,2,0,12]
10-31 13:10:43.563 647 659 V mpu_uart: [MSG-P:SYNC]:sync resp:62
10-31 13:10:43.563 647 662 I mpu_uart: [TIME-:0]:delete
10-31 13:10:43.563 1112 1139 I am_uid_running: 10037
10-31 13:10:43.563 2541 2630 D ProtectUartService: send mpu boot completed res=0
10-31 13:10:43.564 1112 1139 D CompatibilityChangeReporter: Compat change id reported: 135634846; UID 10037; state: DISABLED
10-31 13:10:43.567 1112 1139 D CompatibilityChangeReporter: Compat change id reported: 177438394; UID 10037; state: DISABLED
10-31 13:10:43.567 1112 1139 D CompatibilityChangeReporter: Compat change id reported: 135772972; UID 10037; state: DISABLED
10-31 13:10:43.567 1112 1139 D CompatibilityChangeReporter: Compat change id reported: 135754954; UID 10037; state: ENABLED
10-31 13:10:43.568 1112 1199 D CompatibilityChangeReporter: Compat change id reported: 143937733; UID 10037; state: ENABLED
10-31 13:10:43.581 1430 1460 D LOWI-9.0.0.87.a: [LOWINetlinkSocketReceiver] unpackRTMLinkMessage: RTM_NEWLINK - ifname vlan4, flags 0x1003 ([UP])
10-31 13:10:43.582 1112 1194 I am_pss : [2508,1000,com.thundercomm.remotecontrolservice,9683968,7012352,0,101777408,2,0,12]
10-31 13:10:43.583 1283 1836 V MediaCodec: TunnelPeekState: BufferRendered -> BufferRendered
10-31 13:10:43.583 1112 1181 I EthernetTracker: interfaceLinkStateChanged, iface: vlan4, up: false
10-31 13:10:43.597 1112 1194 I am_pss : [2495,1068,com.android.se,6351872,4218880,0,93941760,2,0,12]
10-31 13:10:43.612 1112 1194 I am_pss : [2457,10095,com.qti.qualcomm.mstatssystemservice,5679104,3747840,0,89817088,2,0,11]
10-31 13:10:43.615 1283 1836 V MediaCodec: TunnelPeekState: BufferRendered -> BufferRendered
10-31 13:10:43.619 672 672 D Zygote : Forked child process 3688
10-31 13:10:43.619 1112 1199 W ActivityManager: Slow operation: 55ms so far, now at startProcess: returned from zygote!
10-31 13:10:43.619 1112 1199 W ActivityManager: Slow operation: 55ms so far, now at startProcess: done updating battery stats
10-31 13:10:43.620 1112 1199 I am_proc_start: [0,3688,10037,com.hryt.hiphishowfsecontrol,broadcast,{com.hryt.hiphishowfsecontrol/com.hryt.hiphishowfsecontrol.receivers.HiPhiShowReceiver}]
10-31 13:10:43.620 1112 1199 W ActivityManager: Slow operation: 55ms so far, now at startProcess: building log message
10-31 13:10:43.620 1112 1199 I ActivityManager: Start proc 3688:com.hryt.hiphishowfsecontrol/u0a37 for broadcast {com.hryt.hiphishowfsecontrol/com.hryt.hiphishowfsecontrol.receivers.HiPhiShowReceiver}
10-31 13:10:43.620 1112 1199 W ActivityManager: Slow operation: 55ms so far, now at startProcess: starting to update pids map
10-31 13:10:43.620 1112 1199 W ActivityManager: Slow operation: 56ms so far, now at startProcess: done updating pids map
10-31 13:10:43.624 1283 1836 V MediaCodec: -- Looking at startdata. presentation 10033333, start 52946521801
10-31 13:10:43.624 1283 1836 V MediaCodec: -- match entry for 10033333, hits our frame of 10033333
10-31 13:10:43.624 1283 1836 V MediaCodec: -- Looking at startdata. presentation 10066666, start 52950056645
10-31 13:10:43.624 1283 1836 V MediaCodec: -- match entry for 10066666, hits our frame of 10066666
10-31 13:10:43.628 1112 1194 I am_pss : [2413,1000,vendor.qti.qesdk.sysservice,5739520,3731456,0,91508736,2,0,12]
10-31 13:10:43.629 1283 1836 V MediaCodec: -- Looking at startdata. presentation 10100000, start 52961594249
10-31 13:10:43.629 1283 1836 V MediaCodec: -- match entry for 10100000, hits our frame of 10100000
10-31 13:10:43.629 1283 1836 V MediaCodec: -- Looking at startdata. presentation 10133333, start 52962180603
10-31 13:10:43.629 1283 1836 V MediaCodec: -- match entry for 10133333, hits our frame of 10133333
10-31 13:10:43.629 1430 1460 D LOWI-9.0.0.87.a: [LOWINetlinkSocketReceiver] unpackRTMLinkMessage: RTM_NEWLINK - ifname vlan4, flags 0x1003 ([UP])
10-31 13:10:43.629 1283 1836 V MediaCodec: -- Looking at startdata. presentation 10166666, start 53137950030
10-31 13:10:43.629 1283 1836 V MediaCodec: -- match entry for 10166666, hits our frame of 10166666
10-31 13:10:43.629 1283 1836 V MediaCodec: -- Looking at startdata. presentation 10200000, start 53139259145
10-31 13:10:43.629 1283 1836 V MediaCodec: -- match entry for 10200000, hits our frame of 10200000
10-31 13:10:43.630 1276 1837 I MMParserExtractor: Created(0xb40000715a355a10)
10-31 13:10:43.631 1112 1181 I EthernetTracker: interfaceLinkStateChanged, iface: vlan4, up: false
10-31 13:10:43.641 3341 3681 I cr_VariationsUtils: Failed reading seed file "/data/user/0/com.baidu.input/app_webview/variations_seed_new"
10-31 13:10:43.644 1112 1194 I am_pss : [2372,1073,com.android.networkstack.process,13562880,10403840,0,109637632,2,0,12]
10-31 13:10:43.653 1283 1836 V MediaCodec: TunnelPeekState: BufferRendered -> BufferRendered
10-31 13:10:43.657 1276 1837 V Utils : did not find channel-count and/or sample-rate
10-31 13:10:43.659 1276 2953 V Utils : did not find channel-count and/or sample-rate
10-31 13:10:43.664 1430 1460 D LOWI-9.0.0.87.a: [LOWINetlinkSocketReceiver] unpackRTMLinkMessage: RTM_NEWLINK - ifname vlan4, flags 0x1003 ([UP])
10-31 13:10:43.669 1112 1181 I EthernetTracker: interfaceLinkStateChanged, iface: vlan4, up: false
10-31 13:10:43.679 1112 1194 I am_pss : [2391,1000,com.thundercomm.tcsetupwizard,7050240,5144576,0,91058176,2,0,12]
10-31 13:10:43.683 1283 1836 V MediaCodec: TunnelPeekState: BufferRendered -> BufferRendered
10-31 13:10:43.696 1283 1816 V MediaPlayerService: Create new media retriever from pid 3203
10-31 13:10:43.697 1112 1194 I am_pss : [2351,1000,com.tc.logclient,6657024,4747264,0,90677248,2,0,12]
10-31 13:10:43.697 1283 1378 I ExtendedUtils: printFileName fd(60) -> /product/media/audio/ringtones/UrsaMinor.ogg
10-31 13:10:43.701 3688 3688 I ishowfsecontro: Late-enabling -Xcheck:jni
10-31 13:10:43.710 3625 3625 I Diag_Lib: Diag_LSM_Init call succeeded
10-31 13:10:43.715 1283 1836 V MediaCodec: TunnelPeekState: BufferRendered -> BufferRendered
10-31 13:10:43.715 1430 1460 D LOWI-9.0.0.87.a: [LOWINetlinkSocketReceiver] unpackRTMLinkMessage: RTM_NEWLINK - ifname vlan4, flags 0x1003 ([UP])
10-31 13:10:43.717 1112 1194 I am_pss : [2322,1000,com.thundercomm.tchttpserver,7352320,5447680,0,91402240,2,0,12]
10-31 13:10:43.717 1112 1181 I EthernetTracker: interfaceLinkStateChanged, iface: vlan4, up: false
10-31 13:10:43.733 1112 1194 I am_pss : [2300,10055,.qtidataservices,6139904,4161536,0,91574272,2,0,13]
10-31 13:10:43.747 3688 3688 D ProcessState: Binder ioctl to enable oneway spam detection failed: Invalid argument
10-31 13:10:43.748 1283 1836 V MediaCodec: TunnelPeekState: BufferRendered -> BufferRendered
10-31 13:10:43.749 2882 2900 I adbd : jdwp connection from 3688
10-31 13:10:43.749 1112 1194 I am_pss : [2297,1001,.dataservices,8424448,6172672,0,96129024,2,0,13]
10-31 13:10:43.750 1276 1837 I MMParserExtractor: Created(0xb40000715a355a10)
01-01 09:55:07.368 0 0 I binder : 3688:3688 ioctl 40046210 7ff99ba2c4 returned -22
10-31 13:10:43.755 1112 1140 I am_proc_bound: [0,3688,com.hryt.hiphishowfsecontrol]
10-31 13:10:43.756 1276 1837 V Utils : did not find channel-count and/or sample-rate
10-31 13:10:43.757 1112 1140 I service_manager_stats: [118,532,5203]
10-31 13:10:43.757 1276 1837 V Utils : did not find channel-count and/or sample-rate
10-31 13:10:43.757 1112 1140 D CompatibilityChangeReporter: Compat change id reported: 168419799; UID 10037; state: DISABLED
10-31 13:10:43.757 1112 1140 D CompatibilityInfo: mCompatibilityFlags - 4
10-31 13:10:43.757 1112 1140 D CompatibilityInfo: applicationDensity - 240
10-31 13:10:43.757 1112 1140 D CompatibilityInfo: applicationScale - 1.0
10-31 13:10:43.762 1112 1140 I am_uid_active: 10037
10-31 13:10:43.767 808 1840 D audio_hw_primary: copl(0xf044a7e0):out of compress_wait
10-31 13:10:43.768 808 2077 I btaudio_offload_qti: audio_get_a2dp_sink_latency_qti: Sink Latency = 0
10-31 13:10:43.770 808 2077 I btaudio_offload_qti: audio_get_a2dp_sink_latency_qti: Sink Latency = 0
10-31 13:10:43.769 1112 1194 I am_pss : [2270,1000,com.thundercomm.microsettings,28599296,18763776,0,129712128,2,0,12]
10-31 13:10:43.771 808 2077 D audio_hw_primary: No space available in compress driver, post msg to cb thread
10-31 13:10:43.771 808 1840 D audio_hw_primary: copl(0xf044a7e0):calling compress_wait
10-31 13:10:43.772 808 1810 I btaudio_offload_qti: audio_get_a2dp_sink_latency_qti: Sink Latency = 0
10-31 13:10:43.772 1283 1838 V AudioSink: getPlayedOutDurationUs(9686330) nowUs(53688568) frames(427228) framesAt(53689947)
10-31 13:10:43.772 1283 1815 V NuPlayer: kWhatMediaClockNotify
10-31 13:10:43.772 1283 1815 V NuPlayerDriver: notifyListener_l(0xf09419b0), (211, 0, 0, 20), loop setting(0, 0)
10-31 13:10:43.772 1283 1815 V MediaPlayerService: [1] notify (211, 0, 0)
10-31 13:10:43.772 1098 2063 V MediaPlayerNative: message received msg=211, ext1=0, ext2=0
10-31 13:10:43.773 1098 2063 V MediaPlayerNative: unrecognized message: (211, 0, 0)
10-31 13:10:43.773 1098 2063 V MediaPlayerNative: callback application
10-31 13:10:43.773 1098 2063 V MediaPlayerNative: back from callback
10-31 13:10:43.773 808 2077 I btaudio_offload_qti: audio_get_a2dp_sink_latency_qti: Sink Latency = 0
10-31 13:10:43.778 1430 1460 D LOWI-9.0.0.87.a: [LOWINetlinkSocketReceiver] unpackRTMLinkMessage: RTM_NEWLINK - ifname vlan4, flags 0x1003 ([UP])
10-31 13:10:43.779 1112 1181 I EthernetTracker: interfaceLinkStateChanged, iface: vlan4, up: false
10-31 13:10:43.782 1112 1140 D CompatibilityInfo: mCompatibilityFlags - 4
10-31 13:10:43.782 1112 1140 D CompatibilityInfo: applicationDensity - 240
10-31 13:10:43.782 1112 1140 D CompatibilityInfo: applicationScale - 1.0
