10-31 13:10:39.814 1430 2906 D LOWI-9.0.0.87.a: [LOWI-Scan] BSS 18:6f:2d:0a:ae:03 (wlan0) ASSO: NO AddInfo: 0x1, TSF 0, 00:00:48.766, RSSI: -166, CPL: 127, AGE: 940, SSID ZXHY, TSFDelta: 0xbdd11aca, TXRate: 0
10-31 13:10:39.815 1430 2906 D LOWI-9.0.0.87.a: [LOWI-Scan]
10-31 13:10:39.815 1430 2906 D LOWI-9.0.0.87.a: [LOWI-Scan] print_bss_handler: Report beacon TSF 48766763 as it greater than probe TSF 48766763
10-31 13:10:39.815 1430 2906 D LOWI-9.0.0.87.a: [LOWI-Scan] decode_rsn_wpa_ie: LOWI_ENCRYPTION_TYPE_WPA_PSK
10-31 13:10:39.815 1430 2906 D LOWI-9.0.0.87.a: [LOWI-Scan] is_qcom_ie, bss_age: 0
10-31 13:10:39.815 1430 2906 D LOWI-9.0.0.87.a: [LOWI-Scan] BSS 18:6f:2d:0a:ae:04 LOWI_PHY_MODE_11NG_HT20(5), Beacon Interval: 100, LOWI_ENCRYPTION_TYPE_WPA_PSK 11mcRanging: No, ANQP: No, LCI: No, Civic: No, capability(0x0531): ESS Privacy ShortPreamble SpectrumMgmt ShortSlotTime
10-31 13:10:39.815 1430 2906 D LOWI-9.0.0.87.a: [LOWI-Scan] BSS 18:6f:2d:0a:ae:04 FREQ: 2427, cFreq1[40:80:160] = [2427:0:0] cFreq2 = 0 Country Code = CN
10-31 13:10:39.815 1430 2906 D LOWI-9.0.0.87.a: [LOWI-Scan] BSS 18:6f:2d:0a:ae:04 (wlan0) ASSO: NO AddInfo: 0x1, TSF 0, 00:00:48.766, RSSI: -168, CPL: 127, AGE: 940, SSID Fanya, TSFDelta: 0xbdd48be9, TXRate: 0
10-31 13:10:39.815 1283 1836 V MediaCodec: TunnelPeekState: BufferRendered -> BufferRendered
10-31 13:10:39.815 1430 2906 D LOWI-9.0.0.87.a: [LOWI-Scan]
10-31 13:10:39.815 1430 2906 D LOWI-9.0.0.87.a: [LOWI-Scan] print_bss_handler: Report beacon TSF 49042324 as it greater than probe TSF 49042324
10-31 13:10:39.815 1430 2906 D LOWI-9.0.0.87.a: [LOWI-Scan] decode_rsn_wpa_ie: LOWI_ENCRYPTION_TYPE_WPA_PSK
10-31 13:10:39.815 1430 2906 D LOWI-9.0.0.87.a: [LOWI-Scan] is_qcom_ie, bss_age: 0
10-31 13:10:39.815 1430 2906 D LOWI-9.0.0.87.a: [LOWI-Scan] BSS 18:6f:2d:80:dd:70 LOWI_PHY_MODE_11AC_VHT20(8), Beacon Interval: 100, LOWI_ENCRYPTION_TYPE_WPA_PSK 11mcRanging: No, ANQP: No, LCI: No, Civic: No, capability(0x0111): ESS Privacy SpectrumMgmt
10-31 13:10:39.815 1430 2906 D LOWI-9.0.0.87.a: [LOWI-Scan] BSS 18:6f:2d:80:dd:70 FREQ: 5260, cFreq1[40:80:160] = [5260:0:0] cFreq2 = 0 Country Code = CN
10-31 13:10:39.815 1430 2906 D LOWI-9.0.0.87.a: [LOWI-Scan] BSS 18:6f:2d:80:dd:70 (wlan0) ASSO: NO AddInfo: 0x1, TSF 0, 00:00:49.042, RSSI: -128, CPL: 127, AGE: 664, SSID Testing , TSFDelta: 0x9bc9fec9, TXRate: 0
10-31 13:10:39.816 2553 2553 I QCC:Collector: deleteDir: /data/misc/qdma/down/51 already disabled
10-31 13:10:39.816 1430 2906 D LOWI-9.0.0.87.a: [LOWI-Scan]
10-31 13:10:39.816 1430 2906 D LOWI-9.0.0.87.a: [LOWI-Scan] print_bss_handler: Report beacon TSF 49042831 as it greater than probe TSF 49042831
10-31 13:10:39.816 1430 2906 D LOWI-9.0.0.87.a: [LOWI-Scan] is_qcom_ie, bss_age: 0
10-31 13:10:39.816 1430 2906 D LOWI-9.0.0.87.a: [LOWI-Scan] BSS 18:6f:2d:80:dd:71 LOWI_PHY_MODE_11AC_VHT20(8), Beacon Interval: 100, LOWI_ENCRYPTION_TYPE_OPEN 11mcRanging: No, ANQP: No, LCI: No, Civic: No, capability(0x0101): ESS SpectrumMgmt
10-31 13:10:39.816 1430 2906 D LOWI-9.0.0.87.a: [LOWI-Scan] BSS 18:6f:2d:80:dd:71 FREQ: 5260, cFreq1[40:80:160] = [5260:0:0] cFreq2 = 0 Country Code = CN
10-31 13:10:39.816 1430 2906 D LOWI-9.0.0.87.a: [LOWI-Scan] BSS 18:6f:2d:80:dd:71 (wlan0) ASSO: NO AddInfo: 0x1, TSF 0, 00:00:49.042, RSSI: -126, CPL: 127, AGE: 664, SSID Guest, TSFDelta: 0x9bcc6578, TXRate: 0
10-31 13:10:39.818 1112 1181 I EthernetTracker: interfaceLinkStateChanged, iface: vlan0, up: false
10-31 13:10:39.818 1430 2906 D LOWI-9.0.0.87.a: [LOWI-Scan]
10-31 13:10:39.818 1430 2906 D LOWI-9.0.0.87.a: [LOWI-Scan] print_bss_handler: Report beacon TSF 49043292 as it greater than probe TSF 49043292
10-31 13:10:39.818 1430 2906 D LOWI-9.0.0.87.a: [LOWI-Scan] decode_rsn_wpa_ie: LOWI_ENCRYPTION_TYPE_WPA_PSK
10-31 13:10:39.818 1430 2906 D LOWI-9.0.0.87.a: [LOWI-Scan] is_qcom_ie, bss_age: 0
10-31 13:10:39.818 1430 2906 D LOWI-9.0.0.87.a: [LOWI-Scan] BSS 18:6f:2d:80:dd:72 LOWI_PHY_MODE_11AC_VHT20(8), Beacon Interval: 100, LOWI_ENCRYPTION_TYPE_WPA_PSK 11mcRanging: No, ANQP: No, LCI: No, Civic: No, capability(0x0111): ESS Privacy SpectrumMgmt
10-31 13:10:39.818 1430 2906 D LOWI-9.0.0.87.a: [LOWI-Scan] BSS 18:6f:2d:80:dd:72 FREQ: 5260, cFreq1[40:80:160] = [5260:0:0] cFreq2 = 0 Country Code = CN
10-31 13:10:39.818 1430 2906 D LOWI-9.0.0.87.a: [LOWI-Scan] BSS 18:6f:2d:80:dd:72 (wlan0) ASSO: NO AddInfo: 0x1, TSF 0, 00:00:49.043, RSSI: -126, CPL: 127, AGE: 664, SSID ZXHY, TSFDelta: 0x9bceb1e7, TXRate: 0
10-31 13:10:39.819 2631 3092 E FrameEvents: updateAcquireFence: Did not find frame.
10-31 13:10:39.819 1283 1836 V MediaCodec: -- Looking at startdata. presentation 6233333, start 49184678730
10-31 13:10:39.819 1283 1836 V MediaCodec: -- match entry for 6233333, hits our frame of 6233333
10-31 13:10:39.819 1430 2906 D LOWI-9.0.0.87.a: [LOWI-Scan]
10-31 13:10:39.819 1430 2906 D LOWI-9.0.0.87.a: [LOWI-Scan] print_bss_handler: Report beacon TSF 49043736 as it greater than probe TSF 49043736
10-31 13:10:39.819 1430 2906 D LOWI-9.0.0.87.a: [LOWI-Scan] decode_rsn_wpa_ie: LOWI_ENCRYPTION_TYPE_WPA_PSK
10-31 13:10:39.819 1430 2906 D LOWI-9.0.0.87.a: [LOWI-Scan] is_qcom_ie, bss_age: 0
10-31 13:10:39.819 1430 2906 D LOWI-9.0.0.87.a: [LOWI-Scan] BSS 18:6f:2d:80:dd:73 LOWI_PHY_MODE_11AC_VHT20(8), Beacon Interval: 100, LOWI_ENCRYPTION_TYPE_WPA_PSK 11mcRanging: No, ANQP: No, LCI: No, Civic: No, capability(0x0111): ESS Privacy SpectrumMgmt
10-31 13:10:39.819 1430 2906 D LOWI-9.0.0.87.a: [LOWI-Scan] BSS 18:6f:2d:80:dd:73 FREQ: 5260, cFreq1[40:80:160] = [5260:0:0] cFreq2 = 0 Country Code = CN
10-31 13:10:39.819 1430 2906 D LOWI-9.0.0.87.a: [LOWI-Scan] BSS 18:6f:2d:80:dd:73 (wlan0) ASSO: NO AddInfo: 0x1, TSF 0, 00:00:49.043, RSSI: -126, CPL: 127, AGE: 664, SSID Fanya, TSFDelta: 0x9bd13a23, TXRate: 0
10-31 13:10:39.822 2553 2553 I QCC:OmaDMNative: qcc_hidl_update_vendor_dropbox(), path=/data/misc/qdma/down/51 isEnabled=0
10-31 13:10:39.822 967 967 D QCC:qccvndhal: /data/vendor/qdma/down/51 is null
10-31 13:10:39.823 2553 2553 I QCC:OmaDMNative: qcc_hidl_update_vendor_dropbox() res=0
10-31 13:10:39.823 2553 2553 I QCC:Collector: deleteDir: /data/misc/qdma/down/102 already disabled
10-31 13:10:39.824 2553 2553 I QCC:Collector: deleteDir: /data/misc/qdma/down/104 already disabled
10-31 13:10:39.824 2553 2553 I QCC:Collector: deleteDir: /data/misc/qdma/down/1501 already disabled
10-31 13:10:39.825 1430 2906 D LOWI-9.0.0.87.a: [LOWI-Scan]
10-31 13:10:39.825 499 3135 W libc : Unable to set property "ctl.interface_start" to "vendor.qti.hardware.iop@2.0::IIop/default": error code: 0x20
10-31 13:10:39.825 1283 1836 V MediaCodec: -- Looking at startdata. presentation 6266666, start 49185153053
10-31 13:10:39.825 1283 1836 V MediaCodec: -- match entry for 6266666, hits our frame of 6266666
10-31 13:10:39.825 1430 2906 D LOWI-9.0.0.87.a: [LOWI-Scan] print_bss_handler: Report beacon TSF 49044272 as it greater than probe TSF 49044272
10-31 13:10:39.825 1430 2906 D LOWI-9.0.0.87.a: [LOWI-Scan] decode_rsn_wpa_ie: LOWI_ENCRYPTION_TYPE_WPA_PSK
10-31 13:10:39.825 1430 2906 D LOWI-9.0.0.87.a: [LOWI-Scan] is_qcom_ie, bss_age: 0
10-31 13:10:39.825 1430 2906 D LOWI-9.0.0.87.a: [LOWI-Scan] BSS 18:6f:2d:80:dd:74 LOWI_PHY_MODE_11AC_VHT20(8), Beacon Interval: 100, LOWI_ENCRYPTION_TYPE_WPA_PSK 11mcRanging: No, ANQP: No, LCI: No, Civic: No, capability(0x0111): ESS Privacy SpectrumMgmt
10-31 13:10:39.825 1430 2906 D LOWI-9.0.0.87.a: [LOWI-Scan] BSS 18:6f:2d:80:dd:74 FREQ: 5260, cFreq1[40:80:160] = [5260:0:0] cFreq2 = 0 Country Code = CN
10-31 13:10:39.825 1430 2906 D LOWI-9.0.0.87.a: [LOWI-Scan] BSS 18:6f:2d:80:dd:74 (wlan0) ASSO: NO AddInfo: 0x1, TSF 0, 00:00:49.044, RSSI: -124, CPL: 127, AGE: 660, SSID ThunderSoft, TSFDelta: 0x9bd3a0ca, TXRate: 0
10-31 13:10:39.825 499 3135 I hwservicemanager: Tried to start vendor.qti.hardware.iop@2.0::IIop/default as a lazy service, but was unable to. Usually this happens when a service is not installed, but if the service is intended to be used as a lazy service, then it may be configured incorrectly.
10-31 13:10:39.825 1430 2906 D LOWI-9.0.0.87.a: [LOWI-Scan]
10-31 13:10:39.825 1430 2906 D LOWI-9.0.0.87.a: [LOWI-Scan] print_bss_handler: Report beacon TSF 49044866 as it greater than probe TSF 49044866
10-31 13:10:39.825 1430 2906 D LOWI-9.0.0.87.a: [LOWI-Scan] decode_rsn_wpa_ie: LOWI_ENCRYPTION_TYPE_WPA_PSK
10-31 13:10:39.825 1430 2906 D LOWI-9.0.0.87.a: [LOWI-Scan] is_qcom_ie, bss_age: 0
10-31 13:10:39.825 1430 2906 D LOWI-9.0.0.87.a: [LOWI-Scan] BSS 18:6f:2d:80:dd:75 LOWI_PHY_MODE_11AC_VHT20(8), Beacon Interval: 100, LOWI_ENCRYPTION_TYPE_WPA_PSK 11mcRanging: No, ANQP: No, LCI: No, Civic: No, capability(0x0111): ESS Privacy SpectrumMgmt
10-31 13:10:39.825 1430 2906 D LOWI-9.0.0.87.a: [LOWI-Scan] BSS 18:6f:2d:80:dd:75 FREQ: 5260, cFreq1[40:80:160] = [5260:0:0] cFreq2 = 0 Country Code = CN
10-31 13:10:39.825 1430 2906 D LOWI-9.0.0.87.a: [LOWI-Scan] BSS 18:6f:2d:80:dd:75 (wlan0) ASSO: NO AddInfo: 0x1, TSF 0, 00:00:49.044, RSSI: -126, CPL: 127, AGE: 660, SSID GM, TSFDelta: 0x9bd5fe18, TXRate: 0
10-31 13:10:39.826 1430 2906 D LOWI-9.0.0.87.a: [LOWI-Scan]
10-31 13:10:39.826 1430 2906 D LOWI-9.0.0.87.a: [LOWI-Scan] print_bss_handler: Report beacon TSF 48933756 as it greater than probe TSF 48933756
10-31 13:10:39.826 1430 2906 D LOWI-9.0.0.87.a: [LOWI-Scan] decode_rsn_wpa_ie: LOWI_ENCRYPTION_TYPE_WPA_PSK
10-31 13:10:39.826 1430 2906 D LOWI-9.0.0.87.a: [LOWI-Scan] is_qcom_ie, bss_age: 0
10-31 13:10:39.826 1430 2906 D LOWI-9.0.0.87.a: [LOWI-Scan] BSS ec:88:8f:86:24:e0 LOWI_PHY_MODE_11NG_HT40(7), Beacon Interval: 100, LOWI_ENCRYPTION_TYPE_WPA_PSK 11mcRanging: No, ANQP: No, LCI: No, Civic: No, capability(0x0531): ESS Privacy ShortPreamble SpectrumMgmt ShortSlotTime
10-31 13:10:39.826 1430 2906 D LOWI-9.0.0.87.a: [LOWI-Scan] BSS ec:88:8f:86:24:e0 FREQ: 2437, cFreq1[40:80:160] = [2447:0:0] cFreq2 = 0 Country Code = US
10-31 13:10:39.826 1430 2906 D LOWI-9.0.0.87.a: [LOWI-Scan] BSS ec:88:8f:86:24:e0 (wlan0) ASSO: NO AddInfo: 0x1, TSF 0, 00:00:48.933, RSSI: -170, CPL: 127, AGE: 772, SSID FW_xts, TSFDelta: 0x2ccdc442, TXRate: 0
10-31 13:10:39.826 1430 2906 D LOWI-9.0.0.87.a: [LOWI-Scan]
10-31 13:10:39.826 1430 2906 D LOWI-9.0.0.87.a: [LOWI-Scan] print_bss_handler: Report beacon TSF 48968448 as it greater than probe TSF 48968448
10-31 13:10:39.826 1430 2906 D LOWI-9.0.0.87.a: [LOWI-Scan] decode_rsn_wpa_ie: LOWI_ENCRYPTION_TYPE_WPA_PSK
10-31 13:10:39.826 1430 2906 D LOWI-9.0.0.87.a: [LOWI-Scan] is_qcom_ie, bss_age: 0
10-31 13:10:39.826 1430 2906 D LOWI-9.0.0.87.a: [LOWI-Scan] BSS 18:6f:2d:81:25:40 LOWI_PHY_MODE_11NG_HT20(5), Beacon Interval: 100, LOWI_ENCRYPTION_TYPE_WPA_PSK 11mcRanging: No, ANQP: No, LCI: No, Civic: No, capability(0x0531): ESS Privacy ShortPreamble SpectrumMgmt ShortSlotTime
10-31 13:10:39.826 1430 2906 D LOWI-9.0.0.87.a: [LOWI-Scan] BSS 18:6f:2d:81:25:40 FREQ: 2437, cFreq1[40:80:160] = [2437:0:0] cFreq2 = 0 Country Code = CN
10-31 13:10:39.826 1430 2906 D LOWI-9.0.0.87.a: [LOWI-Scan] BSS 18:6f:2d:81:25:40 (wlan0) ASSO: NO AddInfo: 0x1, TSF 0, 00:00:48.968, RSSI: -172, CPL: 127, AGE: 736, SSID Testing , TSFDelta: 0x85a0a835, TXRate: 0
10-31 13:10:39.827 1430 2906 D LOWI-9.0.0.87.a: [LOWI-Scan]
10-31 13:10:39.827 1430 2906 D LOWI-9.0.0.87.a: [LOWI-Scan] print_bss_handler: Report beacon TSF 48968981 as it greater than probe TSF 48968981
10-31 13:10:39.827 1430 2906 D LOWI-9.0.0.87.a: [LOWI-Scan] decode_rsn_wpa_ie: LOWI_ENCRYPTION_TYPE_WPA_PSK
10-31 13:10:39.827 1430 2906 D LOWI-9.0.0.87.a: [LOWI-Scan] is_qcom_ie, bss_age: 0
10-31 13:10:39.827 1430 2906 D LOWI-9.0.0.87.a: [LOWI-Scan] BSS 18:6f:2d:81:25:42 LOWI_PHY_MODE_11NG_HT20(5), Beacon Interval: 100, LOWI_ENCRYPTION_TYPE_WPA_PSK 11mcRanging: No, ANQP: No, LCI: No, Civic: No, capability(0x0531): ESS Privacy ShortPreamble SpectrumMgmt ShortSlotTime
10-31 13:10:39.827 1430 2906 D LOWI-9.0.0.87.a: [LOWI-Scan] BSS 18:6f:2d:81:25:42 FREQ: 2437, cFreq1[40:80:160] = [2437:0:0] cFreq2 = 0 Country Code = CN
10-31 13:10:39.827 1430 2906 D LOWI-9.0.0.87.a: [LOWI-Scan] BSS 18:6f:2d:81:25:42 (wlan0) ASSO: NO AddInfo: 0x1, TSF 0, 00:00:48.968, RSSI: -170, CPL: 127, AGE: 736, SSID ThunderSoft_2.4G, TSFDelta: 0x85e4587f, TXRate: 0
10-31 13:10:39.827 1430 2906 D LOWI-9.0.0.87.a: [LOWI-Scan]
10-31 13:10:39.827 1430 2906 D LOWI-9.0.0.87.a: [LOWI-Scan] print_bss_handler: Report beacon TSF 48969361 as it greater than probe TSF 48969361
10-31 13:10:39.827 1430 2906 D LOWI-9.0.0.87.a: [LOWI-Scan] decode_rsn_wpa_ie: LOWI_ENCRYPTION_TYPE_WPA_PSK
10-31 13:10:39.827 1430 2906 D LOWI-9.0.0.87.a: [LOWI-Scan] is_qcom_ie, bss_age: 0
10-31 13:10:39.827 1430 2906 D LOWI-9.0.0.87.a: [LOWI-Scan] BSS 18:6f:2d:81:25:43 LOWI_PHY_MODE_11NG_HT20(5), Beacon Interval: 100, LOWI_ENCRYPTION_TYPE_WPA_PSK 11mcRanging: No, ANQP: No, LCI: No, Civic: No, capability(0x0531): ESS Privacy ShortPreamble SpectrumMgmt ShortSlotTime
10-31 13:10:39.827 1430 2906 D LOWI-9.0.0.87.a: [LOWI-Scan] BSS 18:6f:2d:81:25:43 FREQ: 2437, cFreq1[40:80:160] = [2437:0:0] cFreq2 = 0 Country Code = CN
10-31 13:10:39.828 1430 2906 D LOWI-9.0.0.87.a: [LOWI-Scan] BSS 18:6f:2d:81:25:43 (wlan0) ASSO: NO AddInfo: 0x1, TSF 0, 00:00:48.969, RSSI: -172, CPL: 127, AGE: 736, SSID ZXHY, TSFDelta: 0x85f0b727, TXRate: 0
10-31 13:10:39.828 1430 2906 D LOWI-9.0.0.87.a: [LOWI-Scan]
10-31 13:10:39.828 1430 2906 D LOWI-9.0.0.87.a: [LOWI-Scan] print_bss_handler: Report beacon TSF 49020296 as it greater than probe TSF 49020296
10-31 13:10:39.828 1430 2906 D LOWI-9.0.0.87.a: [LOWI-Scan] decode_rsn_wpa_ie: LOWI_ENCRYPTION_TYPE_WPA_PSK
10-31 13:10:39.828 1430 2906 D LOWI-9.0.0.87.a: [LOWI-Scan] is_qcom_ie, bss_age: 0
10-31 13:10:39.828 1430 2906 D LOWI-9.0.0.87.a: [LOWI-Scan] BSS 18:6f:2d:81:25:44 LOWI_PHY_MODE_11NG_HT20(5), Beacon Interval: 100, LOWI_ENCRYPTION_TYPE_WPA_PSK 11mcRanging: No, ANQP: No, LCI: No, Civic: No, capability(0x0531): ESS Privacy ShortPreamble SpectrumMgmt ShortSlotTime
10-31 13:10:39.828 1430 2906 D LOWI-9.0.0.87.a: [LOWI-Scan] BSS 18:6f:2d:81:25:44 FREQ: 2437, cFreq1[40:80:160] = [2437:0:0] cFreq2 = 0 Country Code = CN
10-31 13:10:39.828 1430 2906 D LOWI-9.0.0.87.a: [LOWI-Scan] BSS 18:6f:2d:81:25:44 (wlan0) ASSO: NO AddInfo: 0x1, TSF 0, 00:00:49.020, RSSI: -174, CPL: 127, AGE: 684, SSID Fanya, TSFDelta: 0x85fcd6d7, TXRate: 0
10-31 13:10:39.829 2916 3095 E OsAgent : Wifi Scan Always Available: 0
10-31 13:10:39.829 2553 2553 I QCC:OmaDMNative: qcc_hidl_update_vendor_dropbox(), path=/data/misc/qdma/down/1501 isEnabled=0
10-31 13:10:39.829 2916 3095 D OsAgent : [bool_dataitem_update][2966] [HC] =>> [HS]
10-31 13:10:39.830 967 967 D QCC:qccvndhal: /data/vendor/qdma/down/1501 is null
10-31 13:10:39.830 899 899 V LocSvc_HIDL_IzatSubscription: [boolDataItemUpdate][223] [HS] <<<<= [HC]
10-31 13:10:39.830 2553 2553 I QCC:OmaDMNative: qcc_hidl_update_vendor_dropbox() res=0
10-31 13:10:39.831 2553 2553 I QCC:Collector: deleteDir: /data/misc/qdma/down/1502 already disabled
10-31 13:10:39.836 899 899 V LocSvc_HIDL_HidlGnss: [getExtensionLocHidlFlpService_4_0][512] [HS] <<<<= [HC]
10-31 13:10:39.837 899 899 V LocSvc_HIDL_HidlGnss: [getExtensionLocHidlFlpService_4_0][512] [HS] <<<<= [HC]
10-31 13:10:39.837 899 899 V LocSvc_HIDL_FlpService: [init_4_0][122] [HS] <<<<= [HC]
10-31 13:10:39.843 1283 1836 V MediaCodec: -- Looking at startdata. presentation 6300000, start 49186162011
10-31 13:10:39.843 1283 1836 V MediaCodec: -- match entry for 6300000, hits our frame of 6300000
10-31 13:10:39.843 2631 3092 E FrameEvents: updateAcquireFence: Did not find frame.
10-31 13:10:39.843 1283 1836 V MediaCodec: -- Looking at startdata. presentation 6333333, start 49193107115
10-31 13:10:39.843 1283 1836 V MediaCodec: -- match entry for 6333333, hits our frame of 6333333
10-31 13:10:39.843 1283 1836 V MediaCodec: -- Looking at startdata. presentation 6366666, start 49339939146
10-31 13:10:39.843 1283 1836 V MediaCodec: -- match entry for 6366666, hits our frame of 6366666
10-31 13:10:39.843 1283 1836 V MediaCodec: -- Looking at startdata. presentation 6400000, start 49346350292
10-31 13:10:39.843 1283 1836 V MediaCodec: -- match entry for 6400000, hits our frame of 6400000
10-31 13:10:39.845 2916 3095 D RilInfoMonitor: handleMessage what - 601
10-31 13:10:39.845 2916 3095 D RilInfoMonitor: SGLTE with ES SUPL
10-31 13:10:39.845 2916 3095 D RilInfoMonitor: [init][321] [HC] =>> [HS]
10-31 13:10:39.846 899 899 V LocSvc_HIDL_RilInfoMonitor: [init][18] [HS] <<<<= [HC]
10-31 13:10:39.846 2916 3095 D LocSvc_java: [init][993] [HC] =>> [HS]
10-31 13:10:39.846 899 899 V LocSvc_HIDL_HidlGnss: [getExtensionLocHidlGnssNi][282] [HS] <<<<= [HC]
10-31 13:10:39.847 2916 3095 D LocSvc_java: getGnssNiIface, sGnssNi=vendor.qti.gnss@1.1::ILocHidlGnssNi@Proxy
10-31 13:10:39.847 899 899 V LocSvc_HIDL_HidlGnss: [getExtensionLocHidlAGnss_2_1][438] [HS] <<<<= [HC]
10-31 13:10:39.848 2916 3095 D LocSvc_java: getAGnssIface with instanceOf, sAGnss_2_1=vendor.qti.gnss@2.1::ILocHidlAGnss@Proxy
10-31 13:10:39.848 899 899 V LocSvc_HIDL_GnssNi: [setVendorCallback][36] [HS] <<<<= [HC]
10-31 13:10:39.848 899 899 V LocSvc_HIDL_HidlAGnss: [setCallbackExt][328] [HS] <<<<= [HC]
10-31 13:10:39.848 899 899 D LocSvc_HIDL_HidlAGnss: getGnssInterface]: loading libgnss.so::getGnssInterface ...
10-31 13:10:39.850 2916 3095 D GeocoderService: handleMessage what - 700
10-31 13:10:39.850 2916 3095 D GeocoderService: GeocoderProxy init
10-31 13:10:39.852 1283 1836 V MediaCodec: TunnelPeekState: BufferRendered -> BufferRendered
10-31 13:10:39.852 2553 2553 I QCC:OmaDMNative: qcc_hidl_update_vendor_dropbox(), path=/data/misc/qdma/down/1502 isEnabled=0
10-31 13:10:39.852 1112 2147 I am_proc_bound: [0,3115,com.qualcomm.qti.services.systemhelper:systemhelper_service]
10-31 13:10:39.853 967 967 D QCC:qccvndhal: /data/vendor/qdma/down/1502 is null
10-31 13:10:39.855 1112 2147 D CompatibilityChangeReporter: Compat change id reported: 168419799; UID 10079; state: DISABLED
10-31 13:10:39.855 2553 2553 I QCC:OmaDMNative: qcc_hidl_update_vendor_dropbox() res=0
10-31 13:10:39.855 1112 2147 D CompatibilityInfo: mCompatibilityFlags - 4
10-31 13:10:39.855 1112 2147 D CompatibilityInfo: applicationDensity - 240
10-31 13:10:39.855 1112 2147 D CompatibilityInfo: applicationScale - 1.0
10-31 13:10:39.855 1430 2906 D LOWI-9.0.0.87.a: [LOWI-Scan]
10-31 13:10:39.855 1430 2906 D LOWI-9.0.0.87.a: [LOWI-Scan] print_bss_handler: Report beacon TSF 49028101 as it greater than probe TSF 49028101
10-31 13:10:39.855 1430 2906 D LOWI-9.0.0.87.a: [LOWI-Scan] decode_rsn_wpa_ie: LOWI_ENCRYPTION_TYPE_WPA_PSK
10-31 13:10:39.855 1430 2906 D LOWI-9.0.0.87.a: [LOWI-Scan] is_qcom_ie, bss_age: 0
10-31 13:10:39.855 1430 2906 D LOWI-9.0.0.87.a: [LOWI-Scan] BSS 18:6f:2d:81:16:f0 LOWI_PHY_MODE_11AC_VHT20(8), Beacon Interval: 100, LOWI_ENCRYPTION_TYPE_WPA_PSK 11mcRanging: No, ANQP: No, LCI: No, Civic: No, capability(0x0111): ESS Privacy SpectrumMgmt
10-31 13:10:39.855 1430 2906 D LOWI-9.0.0.87.a: [LOWI-Scan] BSS 18:6f:2d:81:16:f0 FREQ: 5260, cFreq1[40:80:160] = [5260:0:0] cFreq2 = 0 Country Code = CN
10-31 13:10:39.855 1430 2906 D LOWI-9.0.0.87.a: [LOWI-Scan] BSS 18:6f:2d:81:16:f0 (wlan0) ASSO: NO AddInfo: 0x1, TSF 0, 00:00:49.028, RSSI: -168, CPL: 127, AGE: 696, SSID Testing , TSFDelta: 0x9a3547b3, TXRate: 0
10-31 13:10:39.856 1430 2906 D LOWI-9.0.0.87.a: [LOWI-Scan]
10-31 13:10:39.856 1430 2906 D LOWI-9.0.0.87.a: [LOWI-Scan] print_bss_handler: Report beacon TSF 49028508 as it greater than probe TSF 49028508
10-31 13:10:39.856 1430 2906 D LOWI-9.0.0.87.a: [LOWI-Scan] is_qcom_ie, bss_age: 0
10-31 13:10:39.856 1430 2906 D LOWI-9.0.0.87.a: [LOWI-Scan] BSS 18:6f:2d:81:16:f1 LOWI_PHY_MODE_11AC_VHT20(8), Beacon Interval: 100, LOWI_ENCRYPTION_TYPE_OPEN 11mcRanging: No, ANQP: No, LCI: No, Civic: No, capability(0x0101): ESS SpectrumMgmt
10-31 13:10:39.856 1430 2906 D LOWI-9.0.0.87.a: [LOWI-Scan] BSS 18:6f:2d:81:16:f1 FREQ: 5260, cFreq1[40:80:160] = [5260:0:0] cFreq2 = 0 Country Code = CN
10-31 13:10:39.856 1430 2906 D LOWI-9.0.0.87.a: [LOWI-Scan] BSS 18:6f:2d:81:16:f1 (wlan0) ASSO: NO AddInfo: 0x1, TSF 0, 00:00:49.028, RSSI: -168, CPL: 127, AGE: 696, SSID Guest, TSFDelta: 0x9a376abf, TXRate: 0
10-31 13:10:39.856 1430 2906 D LOWI-9.0.0.87.a: [LOWI-Scan]
10-31 13:10:39.856 1430 2906 D LOWI-9.0.0.87.a: [LOWI-Scan] print_bss_handler: Report beacon TSF 49028923 as it greater than probe TSF 49028923
10-31 13:10:39.856 1430 2906 D LOWI-9.0.0.87.a: [LOWI-Scan] decode_rsn_wpa_ie: LOWI_ENCRYPTION_TYPE_WPA_PSK
10-31 13:10:39.856 2631 3092 E FrameEvents: updateAcquireFence: Did not find frame.
10-31 13:10:39.857 2553 2553 I QCC:Collector: deleteDir: /data/misc/qdma/down/1503 already disabled
10-31 13:10:39.859 2916 3095 D OsAgent : [wifi_supplicant_status_update][3202] [HC] =>> [HS]
10-31 13:10:39.859 899 899 V LocSvc_HIDL_IzatSubscription: [wifiSupplicantStatusUpdate][682] [HS] <<<<= [HC]
10-31 13:10:39.860 2916 3095 D EsStatusReceiver: LOCHIDL version is lower than 4.1, or use LOCAIDL, initialize AFW client
10-31 13:10:39.860 1112 2147 I am_uid_active: 10079
10-31 13:10:39.856 1430 2906 D LOWI-9.0.0.87.a: [LOWI-Scan] is_qcom_ie, bss_age: 0
10-31 13:10:39.861 1430 2906 D LOWI-9.0.0.87.a: [LOWI-Scan] BSS 18:6f:2d:81:16:f2 LOWI_PHY_MODE_11AC_VHT20(8), Beacon Interval: 100, LOWI_ENCRYPTION_TYPE_WPA_PSK 11mcRanging: No, ANQP: No, LCI: No, Civic: No, capability(0x0111): ESS Privacy SpectrumMgmt
10-31 13:10:39.861 1430 2906 D LOWI-9.0.0.87.a: [LOWI-Scan] BSS 18:6f:2d:81:16:f2 FREQ: 5260, cFreq1[40:80:160] = [5260:0:0] cFreq2 = 0 Country Code = CN
10-31 13:10:39.861 1430 2906 D LOWI-9.0.0.87.a: [LOWI-Scan] BSS 18:6f:2d:81:16:f2 (wlan0) ASSO: NO AddInfo: 0x1, TSF 0, 00:00:49.028, RSSI: -168, CPL: 127, AGE: 696, SSID ZXHY, TSFDelta: 0x9a39414d, TXRate: 0
10-31 13:10:39.862 1430 2906 D LOWI-9.0.0.87.a: [LOWI-Scan]
10-31 13:10:39.862 1430 2906 D LOWI-9.0.0.87.a: [LOWI-Scan] print_bss_handler: Report beacon TSF 49029483 as it greater than probe TSF 49029483
10-31 13:10:39.862 1430 2906 D LOWI-9.0.0.87.a: [LOWI-Scan] decode_rsn_wpa_ie: LOWI_ENCRYPTION_TYPE_WPA_PSK
10-31 13:10:39.862 1430 2906 D LOWI-9.0.0.87.a: [LOWI-Scan] is_qcom_ie, bss_age: 0
10-31 13:10:39.862 1430 2906 D LOWI-9.0.0.87.a: [LOWI-Scan] BSS 18:6f:2d:81:16:f3 LOWI_PHY_MODE_11AC_VHT20(8), Beacon Interval: 100, LOWI_ENCRYPTION_TYPE_WPA_PSK 11mcRanging: No, ANQP: No, LCI: No, Civic: No, capability(0x0111): ESS Privacy SpectrumMgmt
10-31 13:10:39.862 1430 2906 D LOWI-9.0.0.87.a: [LOWI-Scan] BSS 18:6f:2d:81:16:f3 FREQ: 5260, cFreq1[40:80:160] = [5260:0:0] cFreq2 = 0 Country Code = CN
10-31 13:10:39.862 1430 2906 D LOWI-9.0.0.87.a: [LOWI-Scan] BSS 18:6f:2d:81:16:f3 (wlan0) ASSO: NO AddInfo: 0x1, TSF 0, 00:00:49.029, RSSI: -168, CPL: 127, AGE: 696, SSID Fanya, TSFDelta: 0x9a3b85e6, TXRate: 0
10-31 13:10:39.862 1430 2906 D LOWI-9.0.0.87.a: [LOWI-Scan]
10-31 13:10:39.862 1430 2906 D LOWI-9.0.0.87.a: [LOWI-Scan] print_bss_handler: Report beacon TSF 49041355 as it greater than probe TSF 49041355
10-31 13:10:39.862 1430 2906 D LOWI-9.0.0.87.a: [LOWI-Scan] decode_rsn_wpa_ie: LOWI_ENCRYPTION_TYPE_WPA_PSK
10-31 13:10:39.862 1430 2906 D LOWI-9.0.0.87.a: [LOWI-Scan] is_qcom_ie, bss_age: 1
10-31 13:10:39.862 1430 2906 D LOWI-9.0.0.87.a: [LOWI-Scan] BSS 18:6f:2d:81:16:f4 LOWI_PHY_MODE_11AC_VHT20(8), Beacon Interval: 100, LOWI_ENCRYPTION_TYPE_WPA_PSK 11mcRanging: No, ANQP: No, LCI: No, Civic: No, capability(0x0111): ESS Privacy SpectrumMgmt
10-31 13:10:39.862 1430 2906 D LOWI-9.0.0.87.a: [LOWI-Scan] BSS 18:6f:2d:81:16:f4 FREQ: 5260, cFreq1[40:80:160] = [5260:0:0] cFreq2 = 0 Country Code = CN
10-31 13:10:39.862 1430 2906 D LOWI-9.0.0.87.a: [LOWI-Scan] BSS 18:6f:2d:81:16:f4 (wlan0) ASSO: NO AddInfo: 0x1, TSF 0, 00:00:49.041, RSSI: -168, CPL: 127, AGE: 684, SSID ThunderSoft, TSFDelta: 0x9a3da951, TXRate: 0
10-31 13:10:39.862 1430 2906 D LOWI-9.0.0.87.a: [LOWI-Scan]
10-31 13:10:39.862 1430 2906 D LOWI-9.0.0.87.a: [LOWI-Scan] print_bss_handler: Report beacon TSF 49041905 as it greater than probe TSF 49041905
01-01 09:55:03.614 0 0 I binder : 3166:3166 ioctl 40046210 7ff99ba9a4 returned -22
01-01 09:55:03.615 0 0 W QSEECOM : __qseecom_unload_app: App (8) is unloaded
01-01 09:55:03.616 0 0 D qbt : qbt_release: entry minor_no=0 fd_available=0
01-01 09:55:03.616 0 0 D qbt : qbt_release: Releasing wakelock
01-01 09:55:03.616 0 0 D qbt : qbt_release: exit : fd_available=1
01-01 09:55:03.616 0 0 D qbt : qbt_release: entry minor_no=1 fd_available=1
01-01 09:55:03.616 0 0 D qbt : qbt_release: exit : fd_available=1
10-31 13:10:39.862 1430 2906 D LOWI-9.0.0.87.a: [LOWI-Scan] decode_rsn_wpa_ie: LOWI_ENCRYPTION_TYPE_WPA_PSK
10-31 13:10:39.862 1430 2906 D LOWI-9.0.0.87.a: [LOWI-Scan] is_qcom_ie, bss_age: 0
10-31 13:10:39.862 1430 2906 D LOWI-9.0.0.87.a: [LOWI-Scan] BSS 18:6f:2d:81:16:f5 LOWI_PHY_MODE_11AC_VHT20(8), Beacon Interval: 100, LOWI_ENCRYPTION_TYPE_WPA_PSK 11mcRanging: No, ANQP: No, LCI: No, Civic: No, capability(0x0111): ESS Privacy SpectrumMgmt
10-31 13:10:39.862 1430 2906 D LOWI-9.0.0.87.a: [LOWI-Scan] BSS 18:6f:2d:81:16:f5 FREQ: 5260, cFreq1[40:80:160] = [5260:0:0] cFreq2 = 0 Country Code = CN
10-31 13:10:39.862 1430 2906 D LOWI-9.0.0.87.a: [LOWI-Scan] BSS 18:6f:2d:81:16:f5 (wlan0) ASSO: NO AddInfo: 0x1, TSF 0, 00:00:49.041, RSSI: -166, CPL: 127, AGE: 684, SSID GM, TSFDelta: 0x9a3fe4e8, TXRate: 0
10-31 13:10:39.862 1430 2906 D LOWI-9.0.0.87.a: [LOWI-Scan]
10-31 13:10:39.862 1430 2906 D LOWI-9.0.0.87.a: [LOWI-Scan] print_bss_handler: Report beacon TSF 49065806 as it greater than probe TSF 49065806
10-31 13:10:39.862 1430 2906 D LOWI-9.0.0.87.a: [LOWI-Scan] decode_rsn_wpa_ie: LOWI_ENCRYPTION_TYPE_WPA_PSK
10-31 13:10:39.863 1430 2906 D LOWI-9.0.0.87.a: [LOWI-Scan] is_qcom_ie, bss_age: 0
10-31 13:10:39.863 1430 2906 D LOWI-9.0.0.87.a: [LOWI-Scan] BSS 18:6f:2d:0a:ae:10 LOWI_PHY_MODE_11AC_VHT20(8), Beacon Interval: 100, LOWI_ENCRYPTION_TYPE_WPA_PSK 11mcRanging: No, ANQP: No, LCI: No, Civic: No, capability(0x0111): ESS Privacy SpectrumMgmt
10-31 13:10:39.863 1430 2906 D LOWI-9.0.0.87.a: [LOWI-Scan] BSS 18:6f:2d:0a:ae:10 FREQ: 5280, cFreq1[40:80:160] = [5280:0:0] cFreq2 = 0 Country Code = CN
10-31 13:10:39.863 1430 2906 D LOWI-9.0.0.87.a: [LOWI-Scan] BSS 18:6f:2d:0a:ae:10 (wlan0) ASSO: NO AddInfo: 0x1, TSF 0, 00:00:49.065, RSSI: -174, CPL: 127, AGE: 660, SSID Testing , TSFDelta: 0x24f41995, TXRate: 0
10-31 13:10:39.863 1430 2906 D LOWI-9.0.0.87.a: [LOWI-Scan]
10-31 13:10:39.863 1430 2906 D LOWI-9.0.0.87.a: [LOWI-Scan] print_bss_handler: Report beacon TSF 49066193 as it greater than probe TSF 49066193
10-31 13:10:39.863 1430 2906 D LOWI-9.0.0.87.a: [LOWI-Scan] decode_rsn_wpa_ie: LOWI_ENCRYPTION_TYPE_WPA_PSK
10-31 13:10:39.863 1430 2906 D LOWI-9.0.0.87.a: [LOWI-Scan] is_qcom_ie, bss_age: 0
10-31 13:10:39.863 1430 2906 D LOWI-9.0.0.87.a: [LOWI-Scan] BSS 18:6f:2d:0a:ae:15 LOWI_PHY_MODE_11AC_VHT20(8), Beacon Interval: 100, LOWI_ENCRYPTION_TYPE_WPA_PSK 11mcRanging: No, ANQP: No, LCI: No, Civic: No, capability(0x0111): ESS Privacy SpectrumMgmt
10-31 13:10:39.863 1430 2906 D LOWI-9.0.0.87.a: [LOWI-Scan] BSS 18:6f:2d:0a:ae:15 FREQ: 5280, cFreq1[40:80:160] = [5280:0:0] cFreq2 = 0 Country Code = CN
10-31 13:10:39.863 1430 2906 D LOWI-9.0.0.87.a: [LOWI-Scan] BSS 18:6f:2d:0a:ae:15 (wlan0) ASSO: NO AddInfo: 0x1, TSF 0, 00:00:49.066, RSSI: -174, CPL: 127, AGE: 660, SSID GM, TSFDelta: 0x24feb6b2, TXRate: 0
10-31 13:10:39.863 1430 2906 D LOWI-9.0.0.87.a: [LOWI-Scan]
10-31 13:10:39.863 1430 2906 D LOWI-9.0.0.87.a: [LOWI-Scan] print_bss_handler: Report beacon TSF 49251599 as it greater than probe TSF 49251599
10-31 13:10:39.863 1430 2906 D LOWI-9.0.0.87.a: [LOWI-Scan] decode_rsn_wpa_ie: LOWI_ENCRYPTION_TYPE_WPA_PSK
10-31 13:10:39.863 1430 2906 D LOWI-9.0.0.87.a: [LOWI-Scan] is_qcom_ie, bss_age: 0
10-31 13:10:39.863 1430 2906 D LOWI-9.0.0.87.a: [LOWI-Scan] BSS 5c:02:14:f9:4f:d2 LOWI_PHY_MODE_11AC_VHT20_2G(11), Beacon Interval: 100, LOWI_ENCRYPTION_TYPE_WPA_PSK 11mcRanging: No, ANQP: Yes, LCI: No, Civic: No, capability(0x1431): ESS Privacy ShortPreamble ShortSlotTime
10-31 13:10:39.863 1430 2906 D LOWI-9.0.0.87.a: [LOWI-Scan] BSS 5c:02:14:f9:4f:d2 FREQ: 2452, cFreq1[40:80:160] = [0:0:0] cFreq2 = 0 Country Code = CN
10-31 13:10:39.863 1430 2906 D LOWI-9.0.0.87.a: [LOWI-Scan] BSS 5c:02:14:f9:4f:d2 (wlan0) ASSO: NO AddInfo: 0x1, TSF 0, 00:00:49.251, RSSI: -152, CPL: 127, AGE: 476, SSID ThunderSoft_XTS_2.4G, TSFDelta: 0xbf27b0a6, TXRate: 0
10-31 13:10:39.863 1430 2906 D LOWI-9.0.0.87.a: [LOWI-Scan]
10-31 13:10:39.863 1430 2906 D LOWI-9.0.0.87.a: [LOWI-Scan] print_bss_handler: Report beacon TSF 49563080 as it greater than probe TSF 49563080
10-31 13:10:39.863 1430 2906 D LOWI-9.0.0.87.a: [LOWI-Scan] decode_rsn_wpa_ie: LOWI_ENCRYPTION_TYPE_WPA_PSK
10-31 13:10:39.863 1430 2906 D LOWI-9.0.0.87.a: [LOWI-Scan] is_qcom_ie, bss_age: 0
10-31 13:10:39.863 1430 2906 D LOWI-9.0.0.87.a: [LOWI-Scan] BSS 18:6f:2d:80:dd:60 LOWI_PHY_MODE_11NG_HT20(5), Beacon Interval: 100, LOWI_ENCRYPTION_TYPE_WPA_PSK 11mcRanging: No, ANQP: No, LCI: No, Civic: No, capability(0x0531): ESS Privacy ShortPreamble SpectrumMgmt ShortSlotTime
10-31 13:10:39.863 1430 2906 D LOWI-9.0.0.87.a: [LOWI-Scan] BSS 18:6f:2d:80:dd:60 FREQ: 2472, cFreq1[40:80:160] = [2472:0:0] cFreq2 = 0 Country Code = CN
10-31 13:10:39.863 1430 2906 D LOWI-9.0.0.87.a: [LOWI-Scan] BSS 18:6f:2d:80:dd:60 (wlan0) ASSO: NO AddInfo: 0x1, TSF 0, 00:00:49.563, RSSI: -158, CPL: 127, AGE: 164, SSID Testing , TSFDelta: 0x98f5716b, TXRate: 0
10-31 13:10:39.863 1430 2906 D LOWI-9.0.0.87.a: [LOWI-Scan]
10-31 13:10:39.863 1430 2906 D LOWI-9.0.0.87.a: [LOWI-Scan] print_bss_handler: Report beacon TSF 49563226 as it greater than probe TSF 49563226
10-31 13:10:39.863 1430 2906 D LOWI-9.0.0.87.a: [LOWI-Scan] is_qcom_ie, bss_age: 0
10-31 13:10:39.863 1430 2906 D LOWI-9.0.0.87.a: [LOWI-Scan] BSS 18:6f:2d:80:dd:61 LOWI_PHY_MODE_11NG_HT20(5), Beacon Interval: 100, LOWI_ENCRYPTION_TYPE_OPEN 11mcRanging: No, ANQP: No, LCI: No, Civic: No, capability(0x0521): ESS ShortPreamble SpectrumMgmt ShortSlotTime
10-31 13:10:39.863 1430 2906 D LOWI-9.0.0.87.a: [LOWI-Scan] BSS 18:6f:2d:80:dd:61 FREQ: 2472, cFreq1[40:80:160] = [2472:0:0] cFreq2 = 0 Country Code = CN
10-31 13:10:39.863 899 940 I LocSvc_SystemStatusOsObserver: DataItem: Attach state: 0, Mac address valid: false, AP MAC address: [00:00:00:00:00:00], Wifi-Ap SSID Valid: false, SSID: >> Wiper
10-31 13:10:39.863 1430 2906 D LOWI-9.0.0.87.a: [LOWI-Scan] BSS 18:6f:2d:80:dd:61 (wlan0) ASSO: NO AddInfo: 0x1, TSF 0, 00:00:49.563, RSSI: -154, CPL: 127, AGE: 164, SSID Guest, TSFDelta: 0x98f8f70d, TXRate: 0
10-31 13:10:39.864 1430 2906 D LOWI-9.0.0.87.a: [LOWI-Scan]
10-31 13:10:39.864 1430 2906 D LOWI-9.0.0.87.a: [LOWI-Scan] print_bss_handler: Report beacon TSF 49563326 as it greater than probe TSF 49563326
10-31 13:10:39.864 1430 2906 D LOWI-9.0.0.87.a: [LOWI-Scan] decode_rsn_wpa_ie: LOWI_ENCRYPTION_TYPE_WPA_PSK
10-31 13:10:39.864 1430 2906 D LOWI-9.0.0.87.a: [LOWI-Scan] is_qcom_ie, bss_age: 0
10-31 13:10:39.864 1430 2906 D LOWI-9.0.0.87.a: [LOWI-Scan] BSS 18:6f:2d:80:dd:62 LOWI_PHY_MODE_11NG_HT20(5), Beacon Interval: 100, LOWI_ENCRYPTION_TYPE_WPA_PSK 11mcRanging: No, ANQP: No, LCI: No, Civic: No, capability(0x0531): ESS Privacy ShortPreamble SpectrumMgmt ShortSlotTime
10-31 13:10:39.864 1430 2906 D LOWI-9.0.0.87.a: [LOWI-Scan] BSS 18:6f:2d:80:dd:62 FREQ: 2472, cFreq1[40:80:160] = [2472:0:0] cFreq2 = 0 Country Code = CN
10-31 13:10:39.864 1430 2906 D LOWI-9.0.0.87.a: [LOWI-Scan] BSS 18:6f:2d:80:dd:62 (wlan0) ASSO: NO AddInfo: 0x1, TSF 0, 00:00:49.563, RSSI: -154, CPL: 127, AGE: 164, SSID ThunderSoft_2.4G, TSFDelta: 0x98fc49c7, TXRate: 0
10-31 13:10:39.864 1430 2906 D LOWI-9.0.0.87.a: [LOWI-Scan]
10-31 13:10:39.864 1430 2906 D LOWI-9.0.0.87.a: [LOWI-Scan] print_bss_handler: Report beacon TSF 49563425 as it greater than probe TSF 49563425
10-31 13:10:39.864 1430 2906 D LOWI-9.0.0.87.a: [LOWI-Scan] decode_rsn_wpa_ie: LOWI_ENCRYPTION_TYPE_WPA_PSK
10-31 13:10:39.864 1430 2906 D LOWI-9.0.0.87.a: [LOWI-Scan] is_qcom_ie, bss_age: 0
10-31 13:10:39.864 1430 2906 D LOWI-9.0.0.87.a: [LOWI-Scan] BSS 18:6f:2d:80:dd:63 LOWI_PHY_MODE_11NG_HT20(5), Beacon Interval: 100, LOWI_ENCRYPTION_TYPE_WPA_PSK 11mcRanging: No, ANQP: No, LCI: No, Civic: No, capability(0x0531): ESS Privacy ShortPreamble SpectrumMgmt ShortSlotTime
10-31 13:10:39.864 1430 2906 D LOWI-9.0.0.87.a: [LOWI-Scan] BSS 18:6f:2d:80:dd:63 FREQ: 2472, cFreq1[40:80:160] = [2472:0:0] cFreq2 = 0 Country Code = CN
10-31 13:10:39.864 1430 2906 D LOWI-9.0.0.87.a: [LOWI-Scan] BSS 18:6f:2d:80:dd:63 (wlan0) ASSO: NO AddInfo: 0x1, TSF 0, 00:00:49.563, RSSI: -154, CPL: 127, AGE: 164, SSID ZXHY, TSFDelta: 0x98ffd3b2, TXRate: 0
10-31 13:10:39.864 1430 2906 D LOWI-9.0.0.87.a: [LOWI-Scan]
10-31 13:10:39.864 1430 2906 D LOWI-9.0.0.87.a: [LOWI-Scan] print_bss_handler: Report beacon TSF 49563519 as it greater than probe TSF 49563519
10-31 13:10:39.864 1430 2906 D LOWI-9.0.0.87.a: [LOWI-Scan] decode_rsn_wpa_ie: LOWI_ENCRYPTION_TYPE_WPA_PSK
10-31 13:10:39.864 1430 2906 D LOWI-9.0.0.87.a: [LOWI-Scan] is_qcom_ie, bss_age: 0
10-31 13:10:39.864 1430 2906 D LOWI-9.0.0.87.a: [LOWI-Scan] BSS 18:6f:2d:80:dd:64 LOWI_PHY_MODE_11NG_HT20(5), Beacon Interval: 100, LOWI_ENCRYPTION_TYPE_WPA_PSK 11mcRanging: No, ANQP: No, LCI: No, Civic: No, capability(0x0531): ESS Privacy ShortPreamble SpectrumMgmt ShortSlotTime
10-31 13:10:39.864 1430 2906 D LOWI-9.0.0.87.a: [LOWI-Scan] BSS 18:6f:2d:80:dd:64 FREQ: 2472, cFreq1[40:80:160] = [2472:0:0] cFreq2 = 0 Country Code = CN
10-31 13:10:39.864 1430 2906 D LOWI-9.0.0.87.a: [LOWI-Scan] BSS 18:6f:2d:80:dd:64 (wlan0) ASSO: NO AddInfo: 0x1, TSF 0, 00:00:49.563, RSSI: -152, CPL: 127, AGE: 164, SSID Fanya, TSFDelta: 0x990370f1, TXRate: 0
10-31 13:10:39.864 1430 2906 D LOWI-9.0.0.87.a: [LOWIDiagLog] Log: lowiMeasResult->request: invalid null argument
10-31 13:10:39.864 1430 2906 I LOWI-9.0.0.87.a: [LOWI-Scan] lowi_close_record:Scan done in 2657ms, 33 APs in scan results
10-31 13:10:39.864 1430 2906 D LOWI-9.0.0.87.a: [LOWI-Scan] WipsScanUsingNL: passive scan cached 0, took 1550 ms, err 0
10-31 13:10:39.864 1430 2906 D LOWI-9.0.0.87.a: [LOWI-Scan] lowi_proc_req_passive_scan_with_live_meas - No WLAN Frames to be parsed
10-31 13:10:39.864 1430 2906 D LOWI-9.0.0.87.a: [LOWIScanResultReceiver] Send scan meas to listener
10-31 13:10:39.864 1430 2906 D LOWI-9.0.0.87.a: [LOWIScanResultReceiver] Enter passive listening mode
10-31 13:10:39.864 1430 2906 D LOWI-9.0.0.87.a: [LOWIWifiDriverInterface] getMeasurements - Passive listening mode
10-31 13:10:39.865 1430 2906 D LOWI-9.0.0.87.a: [LOWI-Scan] WipsScanUsingNL:wait -1 sec for netlink message
10-31 13:10:39.866 3115 3115 D CompatibilityChangeReporter: Compat change id reported: 171979766; UID 10079; state: DISABLED
10-31 13:10:39.866 1430 1466 D LOWI-9.0.0.87.a: [LOWIEventReceiver] handleEvent:FROM:NA, TO:NA, REQ:NA, IREQ:NA, REQ_ID:0, RESP:NA, INFO:NA
10-31 13:10:39.866 1430 1466 D LOWI-9.0.0.87.a: [LOWIBackgroundScanMgr] isRspForBgScanMgr: evt(LOWI_NO_EVT) - not handled
10-31 13:10:39.866 1430 1466 D LOWI-9.0.0.87.a: [LOWIScheduler] manageMsg: NULL results or NULL request in results
10-31 13:10:39.866 1430 1466 D LOWI-9.0.0.87.a: [LOWIController] Measurements received
10-31 13:10:39.866 1430 1466 D LOWI-9.0.0.87.a: [LOWICacheManager] putInCache:Num of Meas to add: 33
10-31 13:10:39.867 1430 1466 D LOWI-9.0.0.87.a: [LOWIController] processMeasurementResults: No current Request. Cache measurements
10-31 13:10:39.867 1430 1466 I LOWI-9.0.0.87.a: [LOWIController] sendAsyncScanResponse: Request FreeWifiScanObserver_0 timeout! Report error!
10-31 13:10:39.867 1430 1466 D LOWI-9.0.0.87.a: [LOWIController] generateResponse: Type (ASYNC_DISCOVERY_SCAN_RESULTS) ScanStatus (6) request FreeWifiScanObserver_0
10-31 13:10:39.868 2553 2553 I QCC:OmaDMNative: qcc_hidl_update_vendor_dropbox(), path=/data/misc/qdma/down/1503 isEnabled=0
10-31 13:10:39.869 967 967 D QCC:qccvndhal: /data/vendor/qdma/down/1503 is null
10-31 13:10:39.869 2553 2553 I QCC:OmaDMNative: qcc_hidl_update_vendor_dropbox() res=0
10-31 13:10:39.876 1112 1181 I EthernetTracker: interfaceLinkStateChanged, iface: vlan0, up: false
10-31 13:10:39.878 3115 3115 D ApplicationLoaders: Returning zygote-cached class loader: /system/framework/android.test.base.jar
10-31 13:10:39.883 1283 1836 V MediaCodec: TunnelPeekState: BufferRendered -> BufferRendered
10-31 13:10:39.886 2553 2553 I QCC:OperationMode: bQDMAUIEnabled : false
10-31 13:10:39.888 1112 2153 D CompatibilityChangeReporter: Compat change id reported: 157233955; UID 10078; state: DISABLED
10-31 13:10:39.889 2882 2900 I adbd : jdwp connection from 3125
10-31 13:10:39.891 1486 2993 E QFP : qfpCommand: error from send_command_to_tz: 0, QFP result -11 on (0 0)
10-31 13:10:39.891 1486 2993 I QFP : close: close, usecase 3 options 0
10-31 13:10:39.891 1486 2993 I QFP : closeHandle: closeHandle (0 0)
10-31 13:10:39.905 2553 2553 I QCC:OperationMode: prepareProvisioned nProvisioned = 1
10-31 13:10:39.905 2553 2553 I QCC:OperationMode: readOpMode operationMode: 1
10-31 13:10:39.905 2553 2553 I QCC:OperationMode: DEVICE_PROVISIONED done or need to opmode as 3
10-31 13:10:39.905 3125 3125 D ProcessState: Binder ioctl to enable oneway spam detection failed: Invalid argument
10-31 13:10:39.906 1486 2993 D QSEECOMAPI: QSEECom_dealloc_memory
10-31 13:10:39.906 1486 2993 D QSEECOMAPI: QSEECom_shutdown_app, app_id = 8
10-31 13:10:39.897 672 672 D Zygote : Forked child process 3166
01-01 09:55:03.682 0 0 I [schedu][0x40da7c3e][13:10:40.061628] wlan: [2546:I:HIF] Deinitializing Runtime PM wakelock &vdev->vdev_set_key_runtime_wakelock
10-31 13:10:39.906 2553 2553 W ContextImpl: Calling a method in the system process without a qualified user: android.app.ContextImpl.startService:1816 android.content.ContextWrapper.startService:774 android.content.ContextWrapper.startService:774 com.qualcomm.qti.qdma.app.BootReceiver.onBootReceived:115 com.qualcomm.qti.innodme.InnoBootReceiver.onReceive:22
10-31 13:10:39.908 2631 2631 V Launcher: LauncherAppState initiated
10-31 13:10:39.908 2541 2541 D WifiDebugService: onScanResultsAvailable
10-31 13:10:39.912 1112 1199 W ActivityManager: Slow operation: 1009ms so far, now at startProcess: returned from zygote!
10-31 13:10:39.912 1112 1199 W ActivityManager: Slow operation: 1009ms so far, now at startProcess: done updating battery stats
10-31 13:10:39.912 1112 1199 I am_proc_start: [0,3166,10093,com.qualcomm.qti.workloadclassifier,added application,com.qualcomm.qti.workloadclassifier]
10-31 13:10:39.912 1112 1199 W ActivityManager: Slow operation: 1009ms so far, now at startProcess: building log message
10-31 13:10:39.912 1112 1199 I ActivityManager: Start proc 3166:com.qualcomm.qti.workloadclassifier/u0a93 for added application com.qualcomm.qti.workloadclassifier
10-31 13:10:39.912 1112 1199 W ActivityManager: Slow operation: 1009ms so far, now at startProcess: starting to update pids map
10-31 13:10:39.913 1112 1199 W ActivityManager: Slow operation: 1010ms so far, now at startProcess: done updating pids map
10-31 13:10:39.913 1112 1199 W ActivityManager: Slow operation: 981ms so far, now at startProcess: asking zygote to start proc
10-31 13:10:39.913 1112 1199 D CompatibilityChangeReporter: Compat change id reported: 143937733; UID 10100; state: ENABLED
10-31 13:10:39.918 1283 1836 V MediaCodec: TunnelPeekState: BufferRendered -> BufferRendered
10-31 13:10:39.919 1112 2465 D CompatibilityInfo: mCompatibilityFlags - 4
10-31 13:10:39.919 1112 2465 D CompatibilityInfo: applicationDensity - 240
10-31 13:10:39.920 1112 2465 D CompatibilityInfo: applicationScale - 1.0
10-31 13:10:39.940 2631 2631 D DeviceProfile: updateIconDrawableOffset: folderIconSizePx=68
10-31 13:10:39.940 1283 2952 V AudioSink: getPlayedOutDurationUs(720174) nowUs(49858064) frames(34320) framesAt(49852890)
10-31 13:10:39.940 1283 2955 V MediaCodec: -- Looking at startdata. presentation 1121000, start 49609590396
10-31 13:10:39.940 1283 2955 V MediaCodec: -- match entry for 1121000, hits our frame of 1121000
10-31 13:10:39.941 1283 2955 V MediaCodec: -- Looking at startdata. presentation 1142000, start 49610984719
10-31 13:10:39.941 1283 2955 V MediaCodec: -- match entry for 1142000, hits our frame of 1142000
10-31 13:10:39.941 1283 2955 V MediaCodec: -- Looking at startdata. presentation 1164000, start 49611700032
10-31 13:10:39.941 1283 2955 V MediaCodec: -- match entry for 1164000, hits our frame of 1164000
10-31 13:10:39.946 1283 2955 V MediaCodec: -- Looking at startdata. presentation 1185000, start 49862856750
10-31 13:10:39.946 1283 2955 V MediaCodec: -- match entry for 1185000, hits our frame of 1185000
01-01 09:55:03.699 0 0 I [schedu][0x40df6a0a][13:10:40.078453] wlan: [2546:I:HIF] Initializing Runtime PM wakelock &vdev->vdev_set_key_runtime_wakelock
01-01 09:55:03.790 0 0 I binder : 3203:3203 ioctl 40046210 7ff99ba9a4 returned -22
10-31 13:10:39.949 1283 1836 V MediaCodec: TunnelPeekState: BufferRendered -> BufferRendered
10-31 13:10:39.950 2969 2969 E ThermalEngine: thermal_monitor_init_data: ERROR Uknown device
10-31 13:10:39.950 2969 2969 E ThermalEngine: ss_init_data: ERROR Uknown device
10-31 13:10:39.951 2969 2969 I ThermalEngine: Loading config file for virtual sensor
10-31 13:10:39.951 2969 2969 I ThermalEngine: Loading configuration file /vendor/etc/thermal-engine.conf
10-31 13:10:39.951 1283 2955 V MediaCodec: -- Looking at startdata. presentation 1206000, start 49864427271
10-31 13:10:39.951 1283 2955 V MediaCodec: -- match entry for 1206000, hits our frame of 1206000
10-31 13:10:39.951 1283 2955 V MediaCodec: -- Looking at startdata. presentation 1228000, start 49865450604
10-31 13:10:39.951 1283 2955 V MediaCodec: -- match entry for 1228000, hits our frame of 1228000
10-31 13:10:39.952 1283 2955 V MediaCodec: -- Looking at startdata. presentation 1249000, start 49868684302
10-31 13:10:39.952 1283 2955 V MediaCodec: -- match entry for 1249000, hits our frame of 1249000
10-31 13:10:39.952 1112 1918 W UnsafeUtil: platform method missing - proto runtime falling back to safer methods: java.lang.NoSuchMethodException: sun.misc.Unsafe.copyMemory [class java.lang.Object, long, class java.lang.Object, long, long]
10-31 13:10:39.952 2969 2969 I ThermalEngine: Parsing section global
10-31 13:10:39.952 2969 2969 E ThermalEngine: virtual_sensors_init: Error getting virtual sensors set
10-31 13:10:39.952 2969 2969 I ThermalEngine: Loading configuration file /vendor/etc/thermal-engine.conf
10-31 13:10:39.953 2969 2969 I ThermalEngine: Parsing section global
10-31 13:10:39.954 2969 2969 E ThermalEngine: Failed to setup at least one sensor for monitoring
10-31 13:10:39.954 2969 2969 I ThermalEngine: ss_algo_init: No SS's configured.
10-31 13:10:39.954 2969 2969 E ThermalEngine: open/sys/module/msm_thermal/parameters/enabled failed2
10-31 13:10:39.960 1112 1918 D WifiScoreReport: setShouldReduceNetworkScore=false mNetworkAgent is null? true
10-31 13:10:39.960 1112 1918 D WifiClientModeImpl[wlan0]: CMD_START_CONNECT my state DisconnectedState nid=0 roam=false
10-31 13:10:39.960 1283 2955 V MediaCodec: -- Looking at startdata. presentation 1270000, start 49873396594
10-31 13:10:39.960 1283 2955 V MediaCodec: -- match entry for 1270000, hits our frame of 1270000
10-31 13:10:39.961 1283 2955 V MediaCodec: -- Looking at startdata. presentation 1292000, start 49874431073
10-31 13:10:39.961 1283 2955 V MediaCodec: -- match entry for 1292000, hits our frame of 1292000
10-31 13:10:39.962 2541 2541 D WifiDebugService: connect wifi SSID is :
10-31 13:10:39.962 1283 2955 V MediaCodec: -- Looking at startdata. presentation 1313000, start 49875959406
10-31 13:10:39.962 1283 2955 V MediaCodec: -- match entry for 1313000, hits our frame of 1313000
10-31 13:10:39.962 1283 2955 V MediaCodec: -- Looking at startdata. presentation 1334000, start 49879529875
10-31 13:10:39.962 1283 2955 V MediaCodec: -- match entry for 1334000, hits our frame of 1334000
10-31 13:10:39.966 1283 2952 V AudioSink: getPlayedOutDurationUs(746341) nowUs(49884243) frames(35280) framesAt(49872902)
10-31 13:10:39.968 1430 1460 I liblog : 5
10-31 13:10:39.968 1430 1460 D LOWI-9.0.0.87.a: [LOWINetlinkSocketReceiver] unpackRTMLinkMessage: RTM_NEWLINK - ifname vlan0, flags 0x1003 ([UP])
10-31 13:10:39.971 1283 2955 V MediaCodec: -- Looking at startdata. presentation 1356000, start 49886118625
10-31 13:10:39.971 1283 2955 V MediaCodec: -- match entry for 1356000, hits our frame of 1356000
10-31 13:10:39.972 1283 2955 V MediaCodec: -- Looking at startdata. presentation 1377000, start 49887329875
10-31 13:10:39.972 1283 2955 V MediaCodec: -- match entry for 1377000, hits our frame of 1377000
10-31 13:10:39.973 2969 3181 I ThermalEngine: limits_write_data_to_partition: thread exit
10-31 13:10:39.973 1112 2153 D CompatibilityInfo: mCompatibilityFlags - 4
10-31 13:10:39.973 1112 2153 D CompatibilityInfo: applicationDensity - 240
10-31 13:10:39.973 1112 2153 D CompatibilityInfo: applicationScale - 1.0
10-31 13:10:39.975 1112 2217 I am_proc_bound: [0,3125,com.qualcomm.qti.qccnetstat]
10-31 13:10:39.975 2882 2895 I adbd : adbd_auth: received a new framework connection
10-31 13:10:39.975 2882 2895 I adbd : adbd_auth: received new framework fd 53 (current = -1)
10-31 13:10:39.977 1112 1181 I EthernetTracker: interfaceLinkStateChanged, iface: vlan0, up: false
10-31 13:10:39.982 2553 3176 I QCC:ActiveCareService: onStartCommand :Intent: Intent { act=com.qualcomm.qti.qdma.DEVICE_BOOTED cmp=com.qualcomm.qti.qdma/.app.ActiveCareService }
10-31 13:10:39.983 2553 3176 I QCC:ApplicationManager: isItDMSessionRecovery, Invoked.?
10-31 13:10:39.983 2553 3176 I QCC:ApplicationManager: isItDMSessionRecovery, return false.
10-31 13:10:39.983 2553 3176 I QCC:PeriodicCI: PeriodicCI.start()
10-31 13:10:39.983 1283 1836 V MediaCodec: TunnelPeekState: BufferRendered -> BufferRendered
10-31 13:10:39.984 2553 3176 I QCC:PeriodicCI: sw_ver is changed
10-31 13:10:39.984 2553 3176 I QCC:PeriodicCI: PeriodicCI.run() invoked, status=0, use wifi=false
10-31 13:10:39.984 2553 3176 I QCC:PeriodicCI: Starting Registration session...
10-31 13:10:39.984 2553 3176 W ContextImpl: Calling a method in the system process without a qualified user: android.app.ContextImpl.startService:1816 android.content.ContextWrapper.startService:774 com.qualcomm.qti.qdma.util.PeriodicCI.run:477 com.qualcomm.qti.qdma.util.PeriodicCI.start:390 com.qualcomm.qti.qdma.app.ActiveCareService$ProcessSessionRequest.run:457
10-31 13:10:39.985 1112 2217 D CompatibilityChangeReporter: Compat change id reported: 168419799; UID 10094; state: DISABLED
10-31 13:10:39.985 1112 2217 D CompatibilityInfo: mCompatibilityFlags - 4
10-31 13:10:39.985 1112 2217 D CompatibilityInfo: applicationDensity - 240
10-31 13:10:39.985 1112 2217 D CompatibilityInfo: applicationScale - 1.0
10-31 13:10:39.989 3115 3115 I Perf : Connecting to perf service.
10-31 13:10:39.990 1112 2217 I am_uid_active: 10094
10-31 13:10:39.993 3166 3166 D ProcessState: Binder ioctl to enable oneway spam detection failed: Invalid argument
10-31 13:10:39.995 2631 2631 D CompatibilityChangeReporter: Compat change id reported: 171228096; UID 10081; state: ENABLED
10-31 13:10:39.995 1486 2993 E QFP : Dropping unsupported QBT command
10-31 13:10:39.995 1486 2993 I QFP : openFramework:QFP TZ VERSION: 3.0.3.39
10-31 13:10:39.995 1486 2993 E QFP : releaseWakelock: qbt sensor handle is invalid
10-31 13:10:39.995 1486 2993 E QFP : qfp_init failed -1
10-31 13:10:39.995 1486 2993 I QFP : QfpThreadOptimize::invoke: entry.
10-31 13:10:39.995 1486 2993 I QFP : QfpThreadOptimize::invoke: QFP not initialized, exiting Optimize thread
10-31 13:10:39.995 1486 2993 I QFP : QfpThreadErieEvent::invoke: entry.
10-31 13:10:39.995 1486 2993 I QFP : QfpThreadErieEvent::invoke: QFP not initialized, exiting ErieEvent thread
10-31 13:10:39.996 1486 1486 I QFP : notifyPowerState: 2
10-31 13:10:39.996 1486 1486 I QFP : notifyPowerState: 2
10-31 13:10:39.996 1486 1486 I QFP : notifyPowerState: screen state 2
10-31 13:10:39.996 1486 1486 E QFP : set active group call error -1
10-31 13:10:39.997 1112 1112 W Looper : Slow dispatch took 1030ms main h=android.os.Handler c=com.android.server.biometrics.sensors.BiometricScheduler$InternalCallback$$ExternalSyntheticLambda0@f41bd45 m=0
10-31 13:10:40.001 2882 2900 I adbd : jdwp connection from 3166
10-31 13:10:40.002 1112 1112 I sysui_multi_action: [757,1501,758,1,793,2265,794,0,795,2265,796,55,806,android,857,DEVELOPER,858,2,947,0,1500,0]
10-31 13:10:40.002 1112 1112 I sysui_multi_action: [757,804,799,note_interruptive,801,0,802,1]
10-31 13:10:40.003 1112 1112 I GameModeConfig: isGameModeOn = false
10-31 13:10:40.006 2297 2297 D RCSService BC-Receiver: Boot Complete Event Received. Is IMS RCS Single Reg enabled0
10-31 13:10:40.006 2297 2297 D RCSService BC-Receiver: START RCS SERVICE ON BOOTUP
10-31 13:10:40.007 1112 2465 D CompatibilityInfo: mCompatibilityFlags - 4
10-31 13:10:40.007 1112 2465 D CompatibilityInfo: applicationDensity - 240
10-31 13:10:40.007 1112 2465 D CompatibilityInfo: applicationScale - 1.0
10-31 13:10:40.010 1112 1112 W NotificationHistory: Attempted to add notif for locked/gone/disabled user 0
10-31 13:10:40.012 2591 2591 D GameModeIF_GameModeSettings: getUriFor setting_content_uri_root = content://com.thundercomm.gamemode.api/gamemode_settings , name = gamemode_enable
10-31 13:10:40.017 1112 2217 I am_uid_running: 10088
10-31 13:10:40.017 1112 2217 D CompatibilityChangeReporter: Compat change id reported: 135634846; UID 10088; state: DISABLED
10-31 13:10:40.018 1112 2217 D CompatibilityChangeReporter: Compat change id reported: 177438394; UID 10088; state: DISABLED
10-31 13:10:40.018 1112 2217 D CompatibilityChangeReporter: Compat change id reported: 135772972; UID 10088; state: DISABLED
10-31 13:10:40.018 1112 2217 D CompatibilityChangeReporter: Compat change id reported: 135754954; UID 10088; state: ENABLED
10-31 13:10:40.020 1283 1836 V MediaCodec: TunnelPeekState: BufferRendered -> BufferRendered
10-31 13:10:40.026 1283 1836 V MediaCodec: -- Looking at startdata. presentation 6433333, start 49347336698
