01-01 09:54:53.476 1112 1701 W PackageParsing: Ignoring duplicate uses-permissions/uses-permissions-sdk-m: android.permission.CONFIGURE_WIFI_DISPLAY in package: com.android.systemui at: Binary XML file line #160
01-01 09:54:53.502 1112 1701 I PackageParsing: Parse times for '/system_ext/priv-app/SystemUI': parse=142ms, update_cache=2 ms
01-01 09:54:53.522 0 0 E : msm_pcm_volume_ctl_get substream not found
01-01 09:54:53.522 0 0 E i2c_geni 980000.i2c: i2c error :-107
01-01 09:54:53.523 0 0 E swr-wcd wsa_swr_ctrl: swrm_runtime_suspend: clk stop mode not supported or SSR entry
01-01 09:54:53.544 0 0 E : [MAX975X:max96755g_write_bytes] *ERROR* i2c master send 0x8E err
01-01 09:54:53.559 0 0 E init : Control message: Could not find 'android.frameworks.sensorservice@1.0::ISensorManager/default' for ctl.interface_start from pid: 499 (/system/bin/hwservicemanager)
01-01 09:54:53.584 0 0 E init : Control message: Could not find 'android.frameworks.sensorservice@1.0::ISensorManager/default' for ctl.interface_start from pid: 499 (/system/bin/hwservicemanager)
01-01 09:54:53.621 1291 1291 E storaged: getService package_native failed
01-01 09:54:53.626 1291 1710 I storaged: storaged: Start
01-01 09:54:53.813 1112 1703 I PackageParsing: Parse times for '/system_ext/priv-app/Settings': parse=396ms, update_cache=3 ms
01-01 09:54:53.814 1112 1112 I PackageManager: /system_ext/priv-app/Settings changed; collecting certs
01-01 09:54:53.831 1714 1714 I auditd : type=1400 audit(0.0:116): avc: denied { read } for comm="app_process" name="u:object_r:odsign_prop:s0" dev="tmpfs" ino=28481 scontext=u:r:shell:s0 tcontext=u:object_r:odsign_prop:s0 tclass=file permissive=0
01-01 09:54:53.844 1112 1702 W PackageParsing: No actions in intent-filter at /system_ext/app/SnapdragonMusic/SnapdragonMusic.apk Binary XML file line #83
01-01 09:54:53.845 1112 1702 W PackageParsing: No actions in intent-filter at /system_ext/app/SnapdragonMusic/SnapdragonMusic.apk Binary XML file line #206
01-01 09:54:53.879 1112 1700 W PackageParsing: Ignoring duplicate uses-permissions/uses-permissions-sdk-m: android.permission.INTERACT_ACROSS_USERS in package: com.thundercomm.microsettings at: Binary XML file line #13
01-01 09:54:53.879 1112 1700 W PackageParsing: Ignoring duplicate uses-permissions/uses-permissions-sdk-m: android.permission.SET_TIME_ZONE in package: com.thundercomm.microsettings at: Binary XML file line #31
01-01 09:54:53.879 1112 1700 W PackageParsing: Ignoring duplicate uses-permissions/uses-permissions-sdk-m: android.permission.WRITE_EXTERNAL_STORAGE in package: com.thundercomm.microsettings at: Binary XML file line #37
01-01 09:54:53.942 1112 1112 W PackageManager: Skipping provider name com.android.permissioncontroller (in package com.android.permissioncontroller): name already used by com.android.settings
01-01 09:54:53.942 1112 1112 W PackageManager: Skipping provider name com.android.permissioncontroller.role (in package com.android.permissioncontroller): name already used by com.android.settings
01-01 09:54:53.988 1112 1112 I PackageManager: Finished scanning system apps. Time: 1474 ms, packageCount: 144 , timePerPackage: 10 , cached: 0
01-01 09:54:53.989 1112 1112 I boot_progress_pms_data_scan_start: 40286
01-01 09:54:54.009 1112 1700 W PackageParsing: No actions in intent-filter at /data/app/~~x_8d33tTTqCoD-00IOqcxg==/com.miHoYo.Yuanshen-C5Htm85bbY_FjybaD6MOdQ==/base.apk Binary XML file line #657
01-01 09:54:54.010 1112 1700 W PackageParsing: No actions in intent-filter at /data/app/~~x_8d33tTTqCoD-00IOqcxg==/com.miHoYo.Yuanshen-C5Htm85bbY_FjybaD6MOdQ==/base.apk Binary XML file line #682
01-01 09:54:54.012 1112 1112 D CompatibilityChangeReporter: Compat change id reported: 133396946; UID -1; state: ENABLED
01-01 09:54:54.013 1112 1112 I PackageManager: Finished scanning non-system apps. Time: 24 ms, packageCount: 1 , timePerPackage: 24 , cached: 0
01-01 09:54:54.014 1112 1112 E PackageManager: updateAllSharedLibrariesLPw failed: Package com.qualcomm.embms requires unavailable shared library com.qualcomm.qcrilhook; failing!
01-01 09:54:54.014 1112 1112 E PackageManager: updateAllSharedLibrariesLPw failed: Package com.android.systemui requires unavailable shared library com.qti.extphone.extphonelib; failing!
01-01 09:54:54.015 1112 1112 E PackageManager: updateAllSharedLibrariesLPw failed: Package com.android.settings requires unavailable shared library com.qti.extphone.extphonelib; failing!
01-01 09:54:54.015 1112 1112 E PackageManager: updateAllSharedLibrariesLPw failed: Package com.qualcomm.qti.devicestatisticsservice requires unavailable shared library qti-telephony-hidl-wrapper-prd; failing!
01-01 09:54:54.015 1112 1112 E PackageManager: updateAllSharedLibrariesLPw failed: Package com.qti.snapdragon.qdcm_ff requires unavailable shared library vendor.display.color.V1_0.IDisplayColor; failing!
01-01 09:54:54.015 1112 1112 E PackageManager: updateAllSharedLibrariesLPw failed: Package com.qti.pasrservice requires unavailable shared library vendor.qti.power.pasrmanager.V1_0.IPasrManager; failing!
01-01 09:54:54.015 1112 1112 E PackageManager: updateAllSharedLibrariesLPw failed: Package com.qualcomm.wfd.service requires unavailable shared library .WfdService; failing!
01-01 09:54:54.016 1112 1112 E PackageManager: updateAllSharedLibrariesLPw failed: Package com.qualcomm.uimremoteserver requires unavailable shared library qti-telephony-hidl-wrapper-prd; failing!
01-01 09:54:54.016 1112 1112 E PackageManager: updateAllSharedLibrariesLPw failed: Package com.qualcomm.uimremoteclient requires unavailable shared library qti-telephony-hidl-wrapper-prd; failing!
01-01 09:54:54.022 1112 1112 I boot_progress_pms_scan_end: 40319
01-01 09:54:54.022 1112 1112 I PackageManager: Time to scan packages: 1.507 seconds
01-01 09:54:54.022 1112 1112 I PackageManager: Permission ownership changed. Updating all permissions.
01-01 09:54:54.027 0 0 I binder : 1714:1714 ioctl 40046210 7fd43f6b14 returned -22
01-01 09:54:54.037 0 0 I binder : 1714:1714 ioctl 40046210 7fd43f6ac4 returned -22 --------- beginning of crash
01-01 09:54:54.038 1714 1714 E AndroidRuntime: FATAL EXCEPTION: main
01-01 09:54:54.038 1714 1714 E AndroidRuntime: PID: 1714
01-01 09:54:54.038 1714 1714 E AndroidRuntime: java.lang.AssertionError: java.lang.NullPointerException: Attempt to invoke virtual method 'java.lang.Class java.lang.Object.getClass()' on a null object reference
01-01 09:54:54.038 1714 1714 E AndroidRuntime: at com.genymobile.scrcpy.wrappers.WindowManager.registerRotationWatcher(WindowManager.java:108)
01-01 09:54:54.038 1714 1714 E AndroidRuntime: at com.genymobile.scrcpy.Device.(Device.java:82)
01-01 09:54:54.038 1714 1714 E AndroidRuntime: at com.genymobile.scrcpy.Server.scrcpy(Server.java:64)
01-01 09:54:54.038 1714 1714 E AndroidRuntime: at com.genymobile.scrcpy.Server.main(Server.java:334)
01-01 09:54:54.038 1714 1714 E AndroidRuntime: at com.android.internal.os.RuntimeInit.nativeFinishInit(Native Method)
01-01 09:54:54.038 1714 1714 E AndroidRuntime: at com.android.internal.os.RuntimeInit.main(RuntimeInit.java:355)
01-01 09:54:54.038 1714 1714 E AndroidRuntime: Caused by: java.lang.NullPointerException: Attempt to invoke virtual method 'java.lang.Class java.lang.Object.getClass()' on a null object reference
01-01 09:54:54.038 1714 1714 E AndroidRuntime: at com.genymobile.scrcpy.wrappers.WindowManager.registerRotationWatcher(WindowManager.java:98)
01-01 09:54:54.038 1714 1714 E AndroidRuntime: ... 5 more
01-01 09:54:54.056 1112 1112 V PackageManager: reconcileAppsData for null u0 0x1 migrateAppData=true
01-01 09:54:54.088 1225 1225 W iorapd : Reconnect to package manager service: 2 times
01-01 09:54:54.196 1112 1112 V PackageManager: reconcileAppsData finished 27 packages
01-01 09:54:54.196 1112 1112 I PackageManagerTiming: write settings
01-01 09:54:54.197 1112 1737 I SystemServerTimingAsync: InitThreadPoolExec:prepareAppData
01-01 09:54:54.197 1112 1737 D SystemServerInitThreadPool: Started executing prepareAppData
01-01 09:54:54.252 1112 1112 I commit_sys_config_file: [package-user-0,3]
01-01 09:54:54.252 1112 1112 I commit_sys_config_file: [package,55]
01-01 09:54:54.252 1112 1112 D PackageManagerTiming: write settings took to complete: 56ms
01-01 09:54:54.252 1112 1112 I boot_progress_pms_ready: 40549
01-01 09:54:54.252 1112 1112 W PackageManager: Intent filter verifier not found
01-01 09:54:54.252 1112 1112 W PackageManager: Domain verification agent not found
01-01 09:54:54.257 1112 1112 D PackageManager: Ephemeral resolver NOT found; no matching intent filters
01-01 09:54:54.257 1112 1112 D PackageManager: Instant App installer not found with android.intent.action.INSTALL_INSTANT_APP_PACKAGE
01-01 09:54:54.257 1112 1112 D PackageManager: Clear ephemeral installer activity
01-01 09:54:54.263 1112 1112 I PackageManagerTiming: GC
01-01 09:54:54.263 1112 1112 D PackageManagerTiming: GC took to complete: 0ms
01-01 09:54:54.263 1112 1112 I PackageManager: Fix for b/169414761 is applied
01-01 09:54:54.263 1112 1112 D PackageManagerTiming: create package manager took to complete: 2099ms
01-01 09:54:54.263 1112 1112 V UserManagerService: Checking that all system packages are whitelisted.
01-01 09:54:54.266 1112 1112 W UserManagerService: checkWhitelistedSystemPackages(mode=ENFORCE|IMPLICIT_WHITELIST|IMPLICIT_WHITELIST_SYSTEM) has 68 warnings:
01-01 09:54:54.266 1112 1112 W UserManagerService: com.android.internal.display.cutout.emulation.corner is allowlisted but not present.
01-01 09:54:54.266 1112 1112 W UserManagerService: com.android.internal.display.cutout.emulation.double is allowlisted but not present.
01-01 09:54:54.266 1112 1112 W UserManagerService: com.android.theme.color.amethyst is allowlisted but not present.
01-01 09:54:54.266 1112 1112 W UserManagerService: com.android.theme.icon.pebble is allowlisted but not present.
01-01 09:54:54.266 1112 1112 W UserManagerService: com.android.theme.color.sand is allowlisted but not present.
01-01 09:54:54.266 1112 1112 W UserManagerService: com.android.theme.icon.vessel is allowlisted but not present.
01-01 09:54:54.266 1112 1112 W UserManagerService: com.android.theme.color.cinnamon is allowlisted but not present.
01-01 09:54:54.266 1112 1112 W UserManagerService: com.android.theme.icon_pack.victor.settings is allowlisted but not present.
01-01 09:54:54.266 1112 1112 W UserManagerService: com.android.theme.icon_pack.rounded.systemui is allowlisted but not present.
01-01 09:54:54.266 1112 1112 W UserManagerService: com.android.theme.icon.taperedrect is allowlisted but not present.
01-01 09:54:54.266 1112 1112 W UserManagerService: com.android.theme.icon_pack.rounded.android is allowlisted but not present.
01-01 09:54:54.266 1112 1112 W UserManagerService: com.qualcomm.qti.euiccresource is allowlisted but not present.
01-01 09:54:54.266 1112 1112 W UserManagerService: com.qualcomm.qti.telephonyservice is allowlisted but not present.
01-01 09:54:54.266 1112 1112 W UserManagerService: com.android.theme.icon_pack.victor.systemui is allowlisted but not present.
01-01 09:54:54.266 1112 1112 W UserManagerService: com.android.theme.icon_pack.circular.themepicker is allowlisted but not present.
01-01 09:54:54.266 1112 1112 W UserManagerService: com.android.theme.color.tangerine is allowlisted but not present.
01-01 09:54:54.266 1112 1112 W UserManagerService: com.android.theme.color.aquamarine is allowlisted but not present.
01-01 09:54:54.266 1112 1112 W UserManagerService: com.android.internal.display.cutout.emulation.hole is allowlisted but not present.
01-01 09:54:54.266 1112 1112 W UserManagerService: com.android.internal.display.cutout.emulation.tall is allowlisted but not present.
01-01 09:54:54.266 1112 1112 W UserManagerService: com.android.theme.color.black is allowlisted but not present.
01-01 09:54:54.266 1112 1112 W UserManagerService: com.android.theme.color.green is allowlisted but not present.
01-01 09:54:54.266 1112 1112 W UserManagerService: com.android.theme.color.ocean is allowlisted but not present.
01-01 09:54:54.266 1112 1112 W UserManagerService: com.android.theme.color.space is allowlisted but not present.
01-01 09:54:54.266 1112 1112 W UserManagerService: com.android.internal.systemui.navbar.threebutton is allowlisted but not present.
01-01 09:54:54.266 1112 1112 W UserManagerService: com.qti.qualcomm.datastatusnotification is allowlisted but not present.
01-01 09:54:54.267 1112 1112 W UserManagerService: com.qualcomm.qti.callfeaturessetting is allowlisted but not present.
01-01 09:54:54.267 1112 1112 W UserManagerService: com.android.theme.icon_pack.rounded.launcher is allowlisted but not present.
01-01 09:54:54.267 1112 1112 W UserManagerService: com.qti.qualcomm.deviceinfo is allowlisted but not present.
01-01 09:54:54.267 1112 1112 W UserManagerService: com.android.theme.icon_pack.kai.settings is allowlisted but not present.
01-01 09:54:54.267 1112 1112 W UserManagerService: com.android.internal.systemui.navbar.twobutton is allowlisted but not present.
01-01 09:54:54.267 1112 1112 W UserManagerService: org.codeaurora.ims is allowlisted but not present.
01-01 09:54:54.267 1112 1112 W UserManagerService: com.android.theme.icon_pack.sam.settings is allowlisted but not present.
01-01 09:54:54.267 1112 1112 W UserManagerService: com.android.theme.icon_pack.kai.themepicker is allowlisted but not present.
01-01 09:54:54.267 1112 1112 W UserManagerService: com.qualcomm.qcrilmsgtunnel is allowlisted but not present.
01-01 09:54:54.267 1112 1112 W UserManagerService: com.android.theme.icon_pack.victor.launcher is allowlisted but not present.
01-01 09:54:54.267 1112 1112 W UserManagerService: com.android.theme.icon_pack.filled.settings is allowlisted but not present.
01-01 09:54:54.267 1112 1112 W UserManagerService: com.android.theme.icon_pack.kai.systemui is allowlisted but not present.
01-01 09:54:54.267 1112 1112 W UserManagerService: com.android.theme.icon_pack.circular.settings is allowlisted but not present.
01-01 09:54:54.267 1112 1112 W UserManagerService: com.qti.xdivert is allowlisted but not present.
01-01 09:54:54.267 1112 1112 W UserManagerService: com.android.theme.icon_pack.sam.systemui is allowlisted but not present.
01-01 09:54:54.267 1112 1112 W UserManagerService: com.android.theme.icon.teardrop is allowlisted but not present.
01-01 09:54:54.267 1112 1112 W UserManagerService: com.android.theme.icon_pack.rounded.themepicker is allowlisted but not present.
01-01 09:54:54.267 1112 1112 W UserManagerService: com.android.theme.icon_pack.filled.systemui is allowlisted but not present.
01-01 09:54:54.267 1112 1112 W UserManagerService: com.qualcomm.qti.imsiprivacy.tests is allowlisted but not present.
01-01 09:54:54.267 1112 1112 W UserManagerService: com.android.theme.icon_pack.sam.android is allowlisted but not present.
01-01 09:54:54.267 1112 1112 W UserManagerService: com.android.theme.icon_pack.filled.android is allowlisted but not present.
01-01 09:54:54.267 1112 1112 W UserManagerService: com.android.theme.icon_pack.circular.systemui is allowlisted but not present.
01-01 09:54:54.267 1112 1112 W UserManagerService: com.android.theme.icon_pack.kai.android is allowlisted but not present.
01-01 09:54:54.267 1112 1112 W UserManagerService: com.android.theme.icon_pack.kai.launcher is allowlisted but not present.
01-01 09:54:54.267 1112 1112 W UserManagerService: com.qualcomm.qti.sam.service is allowlisted but not present.
01-01 09:54:54.267 1112 1112 W UserManagerService: com.android.theme.icon_pack.sam.launcher is allowlisted but not present.
01-01 09:54:54.267 1112 1112 W UserManagerService: com.android.theme.icon.squircle is allowlisted but not present.
01-01 09:54:54.267 1112 1112 W UserManagerService: com.android.theme.icon_pack.victor.android is allowlisted but not present.
01-01 09:54:54.267 1112 1112 W UserManagerService: com.android.theme.color.palette is allowlisted but not present.
01-01 09:54:54.267 1112 1112 W UserManagerService: com.android.theme.icon_pack.filled.launcher is allowlisted but not present.
01-01 09:54:54.267 1112 1112 W UserManagerService: com.android.theme.color.carbon is allowlisted but not present.
01-01 09:54:54.268 1112 1112 W UserManagerService: com.android.theme.icon_pack.circular.launcher is allowlisted but not present.
01-01 09:54:54.268 1112 1112 W UserManagerService: com.android.theme.icon_pack.filled.themepicker is allowlisted but not present.
01-01 09:54:54.268 1112 1112 W UserManagerService: com.android.theme.icon_pack.victor.themepicker is allowlisted but not present.
01-01 09:54:54.268 1112 1112 W UserManagerService: com.android.theme.color.orchid is allowlisted but not present.
01-01 09:54:54.268 1112 1112 W UserManagerService: com.android.theme.color.purple is allowlisted but not present.
01-01 09:54:54.268 1112 1112 W UserManagerService: com.qualcomm.qti.confdialer is allowlisted but not present.
01-01 09:54:54.268 1112 1112 W UserManagerService: com.android.theme.icon_pack.sam.themepicker is allowlisted but not present.
01-01 09:54:54.268 1112 1112 W UserManagerService: com.qualcomm.atfwd is allowlisted but not present.
01-01 09:54:54.268 1112 1112 W UserManagerService: com.android.theme.icon.roundedrect is allowlisted but not present.
01-01 09:54:54.268 1112 1112 W UserManagerService: com.android.theme.icon_pack.rounded.settings is allowlisted but not present.
01-01 09:54:54.268 1112 1112 W UserManagerService: org.codeaurora.qti.nrNetworkSettingApp is allowlisted but not present.
01-01 09:54:54.268 1112 1112 W UserManagerService: com.android.theme.icon_pack.circular.android is allowlisted but not present.
01-01 09:54:54.270 1112 1112 I Watchdog: Resuming HandlerChecker: main thread for reason: packagemanagermain. Pause count: 0
01-01 09:54:54.270 1112 1112 I SystemServerDexLoadReporter: Configuring system server dex reporter
01-01 09:54:54.276 1112 1112 D SystemServerTiming: StartPackageManagerService took to complete: 2114ms
01-01 09:54:54.277 1112 1112 I SystemServerTiming: StartOtaDexOptService
01-01 09:54:54.277 1112 1112 I Watchdog: Pausing HandlerChecker: main thread for reason: moveab. Pause count: 1
01-01 09:54:54.279 1112 1112 D OTADexopt: No upgrade, skipping A/B artifacts check.
01-01 09:54:54.279 1112 1112 I Watchdog: Resuming HandlerChecker: main thread for reason: moveab. Pause count: 0
01-01 09:54:54.279 1112 1112 D SystemServerTiming: StartOtaDexOptService took to complete: 2ms
01-01 09:54:54.279 1112 1112 I SystemServerTiming: StartUserManagerService
01-01 09:54:54.279 1112 1112 I SystemServiceManager: Starting com.android.server.pm.UserManagerService$LifeCycle
01-01 09:54:54.280 1112 1112 D SystemServerTiming: StartUserManagerService took to complete: 1ms
01-01 09:54:54.280 1112 1112 I SystemServerTiming: InitAttributerCache
01-01 09:54:54.280 1112 1112 D SystemServerTiming: InitAttributerCache took to complete: 0ms
01-01 09:54:54.280 1112 1112 I SystemServerTiming: SetSystemProcess
01-01 09:54:54.283 1112 1140 V HistoricalRegistry: Interaction before persistence initialized
01-01 09:54:54.294 1112 1112 I am_uid_running: 1000
01-01 09:54:54.296 1112 1203 I ActivityManager: Connection with lmkd established
01-01 09:54:54.300 1112 1112 I am_uid_active: 1000
01-01 09:54:54.301 1112 1112 D SystemServerTiming: SetSystemProcess took to complete: 21ms
01-01 09:54:54.302 1112 1112 I SystemServerTiming: InitWatchdog
01-01 09:54:54.302 1112 1112 D SystemServerTiming: InitWatchdog took to complete: 0ms
01-01 09:54:54.306 1112 1112 I SystemServerTiming: StartOverlayManagerService
01-01 09:54:54.316 0 0 I init : Control message: Processed ctl.start for 'idmap2d' from pid: 1112 (system_server)
01-01 09:54:54.393 1112 1112 I commit_sys_config_file: [overlays,2]
01-01 09:54:54.396 1112 1112 D SystemServerTiming: StartOverlayManagerService took to complete: 90ms
01-01 09:54:54.396 1112 1112 I SystemServerTiming: StartSensorPrivacyService
01-01 09:54:54.398 1112 1181 W ActivityTaskManager: Skip updateConfiguration because mWindowManager isn't set
01-01 09:54:54.400 1112 1112 D SystemServerTiming: StartSensorPrivacyService took to complete: 4ms
01-01 09:54:54.400 1112 1112 I SystemServerTiming: StartThunderBoostPerfService
01-01 09:54:54.401 1112 1112 D SystemServerTiming: StartThunderBoostPerfService took to complete: 1ms
01-01 09:54:54.401 1112 1112 I SystemServerTiming: StartSensorService
01-01 09:54:54.401 1112 1112 I SystemServiceManager: Starting com.android.server.sensors.SensorService
01-01 09:54:54.402 1112 1112 D SystemServerTiming: StartSensorService took to complete: 1ms
01-01 09:54:54.402 1112 1112 D SystemServerTiming: startBootstrapServices took to complete: 6986ms
01-01 09:54:54.402 1112 1112 I SystemServerTiming: startCoreServices
01-01 09:54:54.402 1112 1112 I SystemServerTiming: StartSystemConfigService
01-01 09:54:54.402 1112 1112 I SystemServiceManager: Starting com.android.server.SystemConfigService
01-01 09:54:54.402 1112 1757 I SystemServerTimingAsync: InitThreadPoolExec:StartNativeSensorService
01-01 09:54:54.402 1112 1757 D SystemServerInitThreadPool: Started executing StartNativeSensorService
01-01 09:54:54.402 1112 1757 I SystemServerTimingAsync: StartNativeSensorService
01-01 09:54:54.403 1112 1112 D SystemServerTiming: StartSystemConfigService took to complete: 1ms
01-01 09:54:54.403 1112 1112 I SystemServerTiming: StartBatteryService
01-01 09:54:54.403 1112 1112 I SystemServiceManager: Starting com.android.server.BatteryService
01-01 09:54:54.413 0 0 W healthd : battery none chg=
01-01 09:54:54.413 1112 1195 I battery_status: [1,1,0,0,]
01-01 09:54:54.417 1112 1112 I HealthServiceWrapper: health: HealthServiceWrapper listening to instance default
01-01 09:54:54.417 1112 1112 I BatteryService: health: Waited 0ms and received the update.
01-01 09:54:54.420 1112 1757 D SystemServerTimingAsync: StartNativeSensorService took to complete: 17ms
01-01 09:54:54.420 1112 1757 D SystemServerInitThreadPool: Finished executing StartNativeSensorService
01-01 09:54:54.420 1112 1757 D SystemServerTimingAsync: InitThreadPoolExec:StartNativeSensorService took to complete: 18ms
01-01 09:54:54.420 1112 1112 D SystemServerTiming: StartBatteryService took to complete: 17ms
01-01 09:54:54.420 1112 1112 I SystemServerTiming: StartUsageService
01-01 09:54:54.420 1112 1112 I SystemServiceManager: Starting com.android.server.usage.UsageStatsService
01-01 09:54:54.429 1112 1112 D SystemServerTiming: StartUsageService took to complete: 9ms
01-01 09:54:54.429 1112 1112 I SystemServerTiming: StartWebViewUpdateService
01-01 09:54:54.430 1112 1112 I SystemServiceManager: Starting com.android.server.webkit.WebViewUpdateService
01-01 09:54:54.431 1112 1112 D SystemServerTiming: StartWebViewUpdateService took to complete: 1ms
01-01 09:54:54.431 1112 1112 I SystemServerTiming: StartCachedDeviceStateService
01-01 09:54:54.431 1112 1112 I SystemServiceManager: Starting com.android.server.CachedDeviceStateService
01-01 09:54:54.432 1112 1112 D SystemServerTiming: StartCachedDeviceStateService took to complete: 1ms
01-01 09:54:54.432 1112 1112 I SystemServerTiming: StartBinderCallsStatsService
01-01 09:54:54.432 1112 1112 I SystemServiceManager: Starting com.android.server.BinderCallsStatsService$LifeCycle
01-01 09:54:54.433 1112 1112 D SystemServerTiming: StartBinderCallsStatsService took to complete: 1ms
01-01 09:54:54.433 1112 1112 I SystemServerTiming: StartLooperStatsService
01-01 09:54:54.433 1112 1112 I SystemServiceManager: Starting com.android.server.LooperStatsService$Lifecycle
01-01 09:54:54.435 1112 1112 D SystemServerTiming: StartLooperStatsService took to complete: 1ms
01-01 09:54:54.435 1112 1112 I SystemServerTiming: StartRollbackManagerService
01-01 09:54:54.435 1112 1112 I SystemServiceManager: Starting com.android.server.rollback.RollbackManagerService
01-01 09:54:54.443 1112 1112 I PackageWatchdog: Syncing state, reason: added new observer
01-01 09:54:54.443 1112 1112 I PackageWatchdog: Not pruning observers, elapsed time: 0ms
01-01 09:54:54.443 1112 1194 I PackageWatchdog: Saving observer state to file
01-01 09:54:54.446 1112 1112 D SystemServerTiming: StartRollbackManagerService took to complete: 11ms
01-01 09:54:54.446 1112 1112 I SystemServerTiming: StartNativeTombstoneManagerService
01-01 09:54:54.446 1112 1112 I SystemServiceManager: Starting com.android.server.os.NativeTombstoneManagerService
01-01 09:54:54.448 1112 1112 D SystemServerTiming: StartNativeTombstoneManagerService took to complete: 2ms
01-01 09:54:54.448 1112 1112 I SystemServerTiming: StartBugreportManagerService
01-01 09:54:54.448 1112 1112 I SystemServiceManager: Starting com.android.server.os.BugreportManagerService
01-01 09:54:54.449 1112 1112 D SystemServerTiming: StartBugreportManagerService took to complete: 0ms
01-01 09:54:54.449 1112 1112 I SystemServerTiming: GpuService
01-01 09:54:54.450 1112 1112 I SystemServiceManager: Starting com.android.server.gpu.GpuService
01-01 09:54:54.450 1112 1112 D SystemServerTiming: GpuService took to complete: 0ms
01-01 09:54:54.450 1112 1112 D SystemServerTiming: startCoreServices took to complete: 48ms
01-01 09:54:54.450 1112 1112 I SystemServerTiming: startOtherServices
01-01 09:54:54.450 1112 1112 I SystemServerTiming: StartKeyAttestationApplicationIdProviderService
01-01 09:54:54.451 1112 1112 D SystemServerTiming: StartKeyAttestationApplicationIdProviderService took to complete: 1ms
01-01 09:54:54.451 1112 1112 I SystemServerTiming: StartKeyChainSystemService
01-01 09:54:54.451 1112 1112 I SystemServiceManager: Starting com.android.server.security.KeyChainSystemService
01-01 09:54:54.452 1112 1771 I SystemServerTimingAsync: InitThreadPoolExec:SecondaryZygotePreload
01-01 09:54:54.452 1112 1112 D SystemServerTiming: StartKeyChainSystemService took to complete: 0ms
01-01 09:54:54.452 1112 1112 I SystemServerTiming: StartSchedulingPolicyService
01-01 09:54:54.452 1112 1771 D SystemServerInitThreadPool: Started executing SecondaryZygotePreload
01-01 09:54:54.452 1112 1771 I SystemServer: SecondaryZygotePreload
01-01 09:54:54.452 1112 1771 I SystemServerTimingAsync: SecondaryZygotePreload
01-01 09:54:54.453 1112 1112 D SystemServerTiming: StartSchedulingPolicyService took to complete: 1ms
01-01 09:54:54.453 1112 1112 I SystemServerTiming: StartTelecomLoaderService
01-01 09:54:54.453 1112 1112 I SystemServiceManager: Starting com.android.server.telecom.TelecomLoaderService
01-01 09:54:54.453 1112 1112 D SystemServerTiming: StartTelecomLoaderService took to complete: 0ms
01-01 09:54:54.453 1112 1112 I SystemServerTiming: StartTelephonyRegistry
01-01 09:54:54.453 1112 1772 I SystemServerTimingAsync: InitThreadPoolExec:SchedulingPolicyService.
01-01 09:54:54.453 1112 1772 D SystemServerInitThreadPool: Started executing SchedulingPolicyService.
01-01 09:54:54.454 1112 1112 D SystemServerTiming: StartTelephonyRegistry took to complete: 1ms
01-01 09:54:54.454 1112 1112 I SystemServerTiming: StartEntropyMixer
01-01 09:54:54.455 1112 1112 I EntropyMixer: Writing entropy...
01-01 09:54:54.457 1112 1112 D SystemServerTiming: StartEntropyMixer took to complete: 3ms
01-01 09:54:54.457 1112 1112 I SystemServerTiming: StartAccountManagerService
01-01 09:54:54.457 1112 1112 I SystemServiceManager: Starting com.android.server.accounts.AccountManagerService$Lifecycle
01-01 09:54:54.464 1112 1112 D SystemServerTiming: StartAccountManagerService took to complete: 7ms
01-01 09:54:54.464 1112 1112 I SystemServerTiming: StartContentService
01-01 09:54:54.465 1112 1112 I SystemServiceManager: Starting com.android.server.content.ContentService$Lifecycle
01-01 09:54:54.465 1112 1112 D SystemServerTiming: StartContentService took to complete: 1ms
01-01 09:54:54.466 1112 1112 I SystemServerTiming: InstallSystemProviders
01-01 09:54:54.510 1112 1772 D SystemServerInitThreadPool: Finished executing SchedulingPolicyService.
01-01 09:54:54.510 1112 1772 D SystemServerTimingAsync: InitThreadPoolExec:SchedulingPolicyService. took to complete: 57ms
01-01 09:54:54.512 675 675 D ZygoteInitTiming_lazy: BeginPreload took to complete: 56ms
01-01 09:54:54.573 1112 1198 D ActivityManager: Freezer enabled
01-01 09:54:54.573 1112 1198 D ActivityManager: freezer override set to false
01-01 09:54:54.564 0 0 E init : Control message: Could not find 'android.frameworks.sensorservice@1.0::ISensorManager/default' for ctl.interface_start from pid: 499 (/system/bin/hwservicemanager)
01-01 09:54:54.583 1112 1112 D SystemServerTiming: InstallSystemProviders took to complete: 117ms
01-01 09:54:54.583 1112 1112 I SystemServerTiming: StartDropBoxManager
01-01 09:54:54.583 1112 1112 I SystemServiceManager: Starting com.android.server.DropBoxManagerService
01-01 09:54:54.584 1112 1112 D SystemServerTiming: StartDropBoxManager took to complete: 1ms
01-01 09:54:54.584 1112 1112 I SystemServerTiming: StartRoleManagerService
01-01 09:54:54.584 1112 1112 I SystemServiceManager: Starting com.android.role.RoleService
01-01 09:54:54.587 1112 1112 D SystemServerTiming: StartRoleManagerService took to complete: 3ms
01-01 09:54:54.587 1112 1112 I SystemServerTiming: StartVibratorManagerService
01-01 09:54:54.587 1112 1112 I SystemServiceManager: Starting com.android.server.vibrator.VibratorManagerService$Lifecycle
01-01 09:54:54.594 1112 1112 D SystemServerTiming: StartVibratorManagerService took to complete: 8ms
01-01 09:54:54.594 1112 1112 I SystemServerTiming: StartDynamicSystemService
01-01 09:54:54.595 1112 1112 D SystemServerTiming: StartDynamicSystemService took to complete: 0ms
01-01 09:54:54.595 1112 1112 I SystemServerTiming: StartConsumerIrService
01-01 09:54:54.596 1112 1112 D SystemServerTiming: StartConsumerIrService took to complete: 1ms
01-01 09:54:54.596 1112 1112 I SystemServerTiming: StartAlarmManagerService
01-01 09:54:54.597 1112 1112 I SystemServiceManager: Starting com.android.server.alarm.AlarmManagerService
01-01 09:54:54.583 0 0 E init : Control message: Could not find 'android.frameworks.sensorservice@1.0::ISensorManager/default' for ctl.interface_start from pid: 499 (/system/bin/hwservicemanager)
01-01 09:54:54.620 1112 1112 I AlarmManager: Current time only 6894620, advancing to build time 1667193031000
10-31 13:10:31.004 1112 1112 D SystemServerTiming: StartAlarmManagerService took to complete: 28ms
10-31 13:10:31.004 1112 1112 I SystemServerTiming: StartInputManagerService
10-31 13:10:31.004 1112 1112 I InputManager: Initializing input manager, mUseDevInputEventForAudioJack=true
10-31 13:10:31.012 1112 1112 D SystemServerTiming: StartInputManagerService took to complete: 8ms
10-31 13:10:31.012 1112 1112 I SystemServerTiming: DeviceStateManagerService
10-31 13:10:31.012 1112 1112 I SystemServiceManager: Starting com.android.server.devicestate.DeviceStateManagerService
10-31 13:10:31.018 1112 1112 D SystemServerTiming: DeviceStateManagerService took to complete: 6ms
10-31 13:10:31.018 1112 1112 I SystemServerTiming: StartCameraServiceProxy
10-31 13:10:31.019 1112 1112 I SystemServiceManager: Starting com.android.server.camera.CameraServiceProxy
10-31 13:10:31.022 1112 1112 D SystemServerTiming: StartCameraServiceProxy took to complete: 3ms
10-31 13:10:31.022 1112 1112 I SystemServerTiming: StartWindowManagerService
10-31 13:10:31.022 1112 1112 I SystemServiceManager: Starting phase 200
10-31 13:10:31.022 1112 1112 I SystemServerTiming: OnBootPhase_200
10-31 13:10:31.022 1112 1112 I SystemServerTiming: OnBootPhase_200_com.android.server.security.FileIntegrityService
10-31 13:10:31.022 1112 1112 D SystemServerTiming: OnBootPhase_200_com.android.server.security.FileIntegrityService took to complete: 0ms
10-31 13:10:31.022 1112 1112 I SystemServerTiming: OnBootPhase_200_com.android.server.pm.Installer
10-31 13:10:31.022 1112 1112 D SystemServerTiming: OnBootPhase_200_com.android.server.pm.Installer took to complete: 0ms
10-31 13:10:31.022 1112 1112 I SystemServerTiming: OnBootPhase_200_com.android.server.os.DeviceIdentifiersPolicyService
10-31 13:10:31.022 1112 1112 D SystemServerTiming: OnBootPhase_200_com.android.server.os.DeviceIdentifiersPolicyService took to complete: 0ms
10-31 13:10:31.022 1112 1112 I SystemServerTiming: OnBootPhase_200_com.android.server.uri.UriGrantsManagerService$Lifecycle
10-31 13:10:31.022 1112 1112 D SystemServerTiming: OnBootPhase_200_com.android.server.uri.UriGrantsManagerService$Lifecycle took to complete: 0ms
10-31 13:10:31.022 1112 1112 I SystemServerTiming: OnBootPhase_200_com.android.server.powerstats.PowerStatsService
10-31 13:10:31.022 1112 1112 D SystemServerTiming: OnBootPhase_200_com.android.server.powerstats.PowerStatsService took to complete: 0ms
10-31 13:10:31.022 1112 1112 I SystemServerTiming: OnBootPhase_200_com.android.server.wm.ActivityTaskManagerService$Lifecycle
10-31 13:10:31.022 1112 1112 D SystemServerTiming: OnBootPhase_200_com.android.server.wm.ActivityTaskManagerService$Lifecycle took to complete: 0ms
10-31 13:10:31.022 1112 1112 I SystemServerTiming: OnBootPhase_200_com.android.server.am.ActivityManagerService$Lifecycle
10-31 13:10:31.022 1112 1112 D SystemServerTiming: OnBootPhase_200_com.android.server.am.ActivityManagerService$Lifecycle took to complete: 0ms
10-31 13:10:31.022 1112 1112 I SystemServerTiming: OnBootPhase_200_com.android.server.pm.DataLoaderManagerService
10-31 13:10:31.022 1112 1112 D SystemServerTiming: OnBootPhase_200_com.android.server.pm.DataLoaderManagerService took to complete: 0ms
10-31 13:10:31.022 1112 1112 I SystemServerTiming: OnBootPhase_200_com.android.server.power.PowerManagerService
10-31 13:10:31.022 1112 1112 D SystemServerTiming: OnBootPhase_200_com.android.server.power.PowerManagerService took to complete: 0ms
10-31 13:10:31.022 1112 1112 I SystemServerTiming: OnBootPhase_200_com.android.server.power.ThermalManagerService
10-31 13:10:31.022 1112 1112 D SystemServerTiming: OnBootPhase_200_com.android.server.power.ThermalManagerService took to complete: 0ms
10-31 13:10:31.022 1112 1112 I SystemServerTiming: OnBootPhase_200_com.android.server.power.hint.HintManagerService
10-31 13:10:31.023 1112 1112 D SystemServerTiming: OnBootPhase_200_com.android.server.power.hint.HintManagerService took to complete: 0ms
10-31 13:10:31.023 1112 1112 I SystemServerTiming: OnBootPhase_200_com.android.server.recoverysystem.RecoverySystemService$Lifecycle
10-31 13:10:31.023 1112 1112 D SystemServerTiming: OnBootPhase_200_com.android.server.recoverysystem.RecoverySystemService$Lifecycle took to complete: 0ms
10-31 13:10:31.023 1112 1112 I SystemServerTiming: OnBootPhase_200_com.android.server.lights.LightsService
10-31 13:10:31.023 1112 1112 D SystemServerTiming: OnBootPhase_200_com.android.server.lights.LightsService took to complete: 0ms
10-31 13:10:31.023 1112 1112 I SystemServerTiming: OnBootPhase_200_com.android.server.display.DisplayManagerService
10-31 13:10:31.023 1112 1112 D SystemServerTiming: OnBootPhase_200_com.android.server.display.DisplayManagerService took to complete: 0ms
10-31 13:10:31.023 1112 1112 I SystemServerTiming: OnBootPhase_200_com.android.server.pm.verify.domain.DomainVerificationService
10-31 13:10:31.023 1112 1112 D SystemServerTiming: OnBootPhase_200_com.android.server.pm.verify.domain.DomainVerificationService took to complete: 0ms
10-31 13:10:31.023 1112 1112 I SystemServerTiming: OnBootPhase_200_com.android.server.pm.PackageInstallerService$Lifecycle
10-31 13:10:31.023 1112 1112 D SystemServerTiming: OnBootPhase_200_com.android.server.pm.PackageInstallerService$Lifecycle took to complete: 0ms
10-31 13:10:31.023 1112 1112 I SystemServerTiming: OnBootPhase_200_com.android.server.pm.UserManagerService$LifeCycle
10-31 13:10:31.023 1112 1112 D SystemServerTiming: OnBootPhase_200_com.android.server.pm.UserManagerService$LifeCycle took to complete: 0ms
10-31 13:10:31.023 1112 1112 I SystemServerTiming: OnBootPhase_200_com.android.server.om.OverlayManagerService
10-31 13:10:31.023 1112 1112 D SystemServerTiming: OnBootPhase_200_com.android.server.om.OverlayManagerService took to complete: 0ms
10-31 13:10:31.023 1112 1112 I SystemServerTiming: OnBootPhase_200_com.android.server.SensorPrivacyService
10-31 13:10:31.023 1112 1112 D SystemServerTiming: OnBootPhase_200_com.android.server.SensorPrivacyService took to complete: 0ms
10-31 13:10:31.025 1112 1112 I SystemServerTiming: OnBootPhase_200_com.android.server.thunderperf.ThunderBoostPerfService
10-31 13:10:31.025 1112 1112 D SystemServerTiming: OnBootPhase_200_com.android.server.thunderperf.ThunderBoostPerfService took to complete: 0ms
10-31 13:10:31.025 1112 1112 I SystemServerTiming: OnBootPhase_200_com.android.server.sensors.SensorService
10-31 13:10:31.025 1112 1112 D SystemServerTiming: OnBootPhase_200_com.android.server.sensors.SensorService took to complete: 0ms
10-31 13:10:31.025 1112 1112 I SystemServerTiming: OnBootPhase_200_com.android.server.SystemConfigService
10-31 13:10:31.025 1112 1112 D SystemServerTiming: OnBootPhase_200_com.android.server.SystemConfigService took to complete: 0ms
10-31 13:10:31.025 1112 1112 I SystemServerTiming: OnBootPhase_200_com.android.server.BatteryService
10-31 13:10:31.025 1112 1112 D SystemServerTiming: OnBootPhase_200_com.android.server.BatteryService took to complete: 0ms
10-31 13:10:31.025 1112 1112 I SystemServerTiming: OnBootPhase_200_com.android.server.usage.UsageStatsService
10-31 13:10:31.025 1112 1112 D SystemServerTiming: OnBootPhase_200_com.android.server.usage.UsageStatsService took to complete: 0ms
10-31 13:10:31.025 1112 1112 I SystemServerTiming: OnBootPhase_200_com.android.server.webkit.WebViewUpdateService
10-31 13:10:31.026 1112 1112 D SystemServerTiming: OnBootPhase_200_com.android.server.webkit.WebViewUpdateService took to complete: 0ms
10-31 13:10:31.026 1112 1112 I SystemServerTiming: OnBootPhase_200_com.android.server.CachedDeviceStateService
10-31 13:10:31.026 1112 1112 D SystemServerTiming: OnBootPhase_200_com.android.server.CachedDeviceStateService took to complete: 0ms
10-31 13:10:31.026 1112 1112 I SystemServerTiming: OnBootPhase_200_com.android.server.BinderCallsStatsService$LifeCycle
10-31 13:10:31.026 1112 1112 D SystemServerTiming: OnBootPhase_200_com.android.server.BinderCallsStatsService$LifeCycle took to complete: 0ms
10-31 13:10:31.026 1112 1112 I SystemServerTiming: OnBootPhase_200_com.android.server.LooperStatsService$Lifecycle
10-31 13:10:31.026 1112 1112 D SystemServerTiming: OnBootPhase_200_com.android.server.LooperStatsService$Lifecycle took to complete: 0ms
10-31 13:10:31.026 1112 1112 I SystemServerTiming: OnBootPhase_200_com.android.server.rollback.RollbackManagerService
10-31 13:10:31.026 1112 1112 D SystemServerTiming: OnBootPhase_200_com.android.server.rollback.RollbackManagerService took to complete: 0ms
10-31 13:10:31.026 1112 1112 I SystemServerTiming: OnBootPhase_200_com.android.server.os.NativeTombstoneManagerService
10-31 13:10:31.026 1112 1112 D SystemServerTiming: OnBootPhase_200_com.android.server.os.NativeTombstoneManagerService took to complete: 0ms
10-31 13:10:31.026 1112 1112 I SystemServerTiming: OnBootPhase_200_com.android.server.os.BugreportManagerService
10-31 13:10:31.026 1112 1112 D SystemServerTiming: OnBootPhase_200_com.android.server.os.BugreportManagerService took to complete: 0ms
10-31 13:10:31.026 1112 1112 I SystemServerTiming: OnBootPhase_200_com.android.server.gpu.GpuService
10-31 13:10:31.026 1112 1112 D SystemServerTiming: OnBootPhase_200_com.android.server.gpu.GpuService took to complete: 0ms
10-31 13:10:31.026 1112 1112 I SystemServerTiming: OnBootPhase_200_com.android.server.security.KeyChainSystemService
10-31 13:10:31.026 1112 1112 D SystemServerTiming: OnBootPhase_200_com.android.server.security.KeyChainSystemService took to complete: 0ms
10-31 13:10:31.026 1112 1140 V HistoricalRegistry: Interaction before persistence initialized
10-31 13:10:31.027 1112 1112 I SystemServerTiming: OnBootPhase_200_com.android.server.telecom.TelecomLoaderService
10-31 13:10:31.027 1112 1112 D SystemServerTiming: OnBootPhase_200_com.android.server.telecom.TelecomLoaderService took to complete: 0ms
10-31 13:10:31.027 1112 1112 I SystemServerTiming: OnBootPhase_200_com.android.server.accounts.AccountManagerService$Lifecycle
10-31 13:10:31.027 1112 1112 D SystemServerTiming: OnBootPhase_200_com.android.server.accounts.AccountManagerService$Lifecycle took to complete: 0ms
10-31 13:10:31.027 1112 1112 I SystemServerTiming: OnBootPhase_200_com.android.server.content.ContentService$Lifecycle
10-31 13:10:31.027 1112 1112 D SystemServerTiming: OnBootPhase_200_com.android.server.content.ContentService$Lifecycle took to complete: 0ms
10-31 13:10:31.027 1112 1112 I SystemServerTiming: OnBootPhase_200_com.android.server.DropBoxManagerService
10-31 13:10:31.028 1112 1112 D SystemServerTiming: OnBootPhase_200_com.android.server.DropBoxManagerService took to complete: 0ms
10-31 13:10:31.028 1112 1112 I SystemServerTiming: OnBootPhase_200_com.android.role.RoleService
10-31 13:10:31.028 1112 1112 D SystemServerTiming: OnBootPhase_200_com.android.role.RoleService took to complete: 0ms
10-31 13:10:31.028 1112 1112 I SystemServerTiming: OnBootPhase_200_com.android.server.vibrator.VibratorManagerService$Lifecycle
10-31 13:10:31.028 1112 1112 D SystemServerTiming: OnBootPhase_200_com.android.server.vibrator.VibratorManagerService$Lifecycle took to complete: 0ms
10-31 13:10:31.028 1112 1112 I SystemServerTiming: OnBootPhase_200_com.android.server.alarm.AlarmManagerService
10-31 13:10:31.028 1112 1112 D SystemServerTiming: OnBootPhase_200_com.android.server.alarm.AlarmManagerService took to complete: 0ms
10-31 13:10:31.028 1112 1112 I SystemServerTiming: OnBootPhase_200_com.android.server.devicestate.DeviceStateManagerService
10-31 13:10:31.028 1112 1112 D SystemServerTiming: OnBootPhase_200_com.android.server.devicestate.DeviceStateManagerService took to complete: 0ms
10-31 13:10:31.028 1112 1112 I SystemServerTiming: OnBootPhase_200_com.android.server.camera.CameraServiceProxy
10-31 13:10:31.028 1112 1112 D SystemServerTiming: OnBootPhase_200_com.android.server.camera.CameraServiceProxy took to complete: 0ms
10-31 13:10:31.028 1112 1112 D SystemServerTiming: OnBootPhase_200 took to complete: 6ms
10-31 13:10:31.029 1112 1112 I WindowManager: No existing display settings, starting empty
10-31 13:10:31.029 1112 1112 I WindowManager: No existing display settings, starting empty
10-31 13:10:31.047 1112 1112 D SystemServerTiming: StartWindowManagerService took to complete: 26ms
10-31 13:10:31.047 1112 1112 I SystemServerTiming: SetWindowManagerService
10-31 13:10:31.084 1112 1112 I ActivityTaskManager: Loaded persisted task ids for user 0
10-31 13:10:31.085 1112 1112 I wm_task_created: [1,-1]
10-31 13:10:31.086 1112 1112 D SystemServerTiming: SetWindowManagerService took to complete: 39ms
10-31 13:10:31.087 1112 1112 I SystemServerTiming: WindowManagerServiceOnInitReady
10-31 13:10:31.104 1112 1184 I sysui_multi_action: [757,1594,758,4,759,0,806,NULL]
10-31 13:10:31.108 1112 1737 D SystemServerTimingAsync: AppDataFixup took to complete: 532ms
10-31 13:10:31.108 1112 1112 D SystemServerTiming: WindowManagerServiceOnInitReady took to complete: 22ms
10-31 13:10:31.109 1112 1112 I SystemServerTiming: StartInputManager
10-31 13:10:31.109 1112 1112 I InputManager: Starting input manager
10-31 13:10:31.112 1112 1112 D SystemServerTiming: StartInputManager took to complete: 2ms
10-31 13:10:31.112 1112 1112 I SystemServerTiming: DisplayManagerWindowManagerAndInputReady
10-31 13:10:31.112 1112 1112 D SystemServerTiming: DisplayManagerWindowManagerAndInputReady took to complete: 0ms
10-31 13:10:31.112 1112 1112 I SystemServerTiming: StartBluetoothService
10-31 13:10:31.112 1112 1112 I SystemServiceManager: Starting com.android.server.BluetoothService
10-31 13:10:31.112 1112 1184 I LogicalDisplayMapper: Requesting Transition to state: 0
10-31 13:10:31.112 1112 1184 I LogicalDisplayMapper: Applying layout: [{addr: {port=129, model=0x40446d97fee5e6}, dispId: 0(ON)}], Previous layout: [{addr: {port=129, model=0x40446d97fee5e6}, dispId: 0(ON)}]
10-31 13:10:31.114 1112 1112 D BluetoothManagerService: Loading stored name and address
10-31 13:10:31.114 1112 1112 D BluetoothManagerService: Stored bluetooth Name=QCOM-BTD,Address=22:22:A2:CE:C0:34
10-31 13:10:31.114 1112 1112 D BluetoothManagerService: Bluetooth persisted state: 1
10-31 13:10:31.114 1112 1112 D BluetoothManagerService: Startup: Bluetooth persisted state is ON.
10-31 13:10:31.114 1112 1112 D BluetoothManagerService: Detected SystemUiUid: 10087
10-31 13:10:31.114 1112 1112 D SystemServerTiming: StartBluetoothService took to complete: 2ms
10-31 13:10:31.114 1112 1112 I SystemServerTiming: IpConnectivityMetrics
10-31 13:10:31.114 1112 1112 I SystemServiceManager: Starting com.android.server.connectivity.IpConnectivityMetrics
10-31 13:10:31.115 1112 1112 D SystemServerTiming: IpConnectivityMetrics took to complete: 0ms
10-31 13:10:31.115 1112 1112 I SystemServerTiming: NetworkWatchlistService
10-31 13:10:31.115 1112 1112 I SystemServiceManager: Starting com.android.server.net.watchlist.NetworkWatchlistService$Lifecycle
10-31 13:10:31.115 1112 1805 I SystemServerTimingAsync: InitThreadPoolExec:StartHidlServices
10-31 13:10:31.115 1112 1805 D SystemServerInitThreadPool: Started executing StartHidlServices
10-31 13:10:31.115 1112 1805 I SystemServerTimingAsync: StartHidlServices
10-31 13:10:31.123 1112 1112 I WatchlistSettings: Reload watchlist settings done
10-31 13:10:31.124 1112 1112 D SystemServerTiming: NetworkWatchlistService took to complete: 10ms
10-31 13:10:31.125 1112 1112 I SystemServerTiming: PinnerService
10-31 13:10:31.125 1112 1112 I SystemServiceManager: Starting com.android.server.PinnerService
10-31 13:10:31.125 1112 1112 V HistoricalRegistry: Interaction before persistence initialized
10-31 13:10:31.127 1112 1809 I WatchlistLoggingHandler: Last report time is larger than current time, reset report
10-31 13:10:31.131 1112 1112 D SystemServerTiming: PinnerService took to complete: 7ms
10-31 13:10:31.131 1112 1112 I SystemServerTiming: IorapForwardingService
10-31 13:10:31.131 1112 1112 I SystemServiceManager: Starting com.google.android.startop.iorap.IorapForwardingService
10-31 13:10:31.131 1112 1194 D PinnerService: pinRangeStream: null
10-31 13:10:31.133 1112 1112 D SystemServerTiming: IorapForwardingService took to complete: 1ms
10-31 13:10:31.133 1112 1112 I SystemServiceManager: Starting com.android.server.ActivityTriggerService
10-31 13:10:31.133 1112 1112 I ActivityTriggerService: Starting ActivityTriggerService
10-31 13:10:31.160 1112 1194 D PinnerService: pinRangeStream: null
10-31 13:10:31.161 1112 1805 D SystemServerTimingAsync: StartHidlServices took to complete: 45ms
10-31 13:10:31.161 1112 1805 D SystemServerInitThreadPool: Finished executing StartHidlServices
10-31 13:10:31.161 1112 1805 D SystemServerTimingAsync: InitThreadPoolExec:StartHidlServices took to complete: 45ms
10-31 13:10:31.161 1112 1112 I SystemServerTiming: SignedConfigService
10-31 13:10:31.161 1112 1112 D SystemServerTiming: SignedConfigService took to complete: 0ms
10-31 13:10:31.161 1112 1112 I SystemServerTiming: AppIntegrityService
10-31 13:10:31.161 1112 1112 I SystemServiceManager: Starting com.android.server.integrity.AppIntegrityManagerService
10-31 13:10:31.163 1112 1112 E IntegrityFileManager: Error creating staging and rules directory
10-31 13:10:31.177 1112 1194 D PinnerService: pinRangeStream: null
10-31 13:10:31.194 1112 1194 D PinnerService: pinRangeStream: null
10-31 13:10:31.195 1112 1112 D SystemServerTiming: AppIntegrityService took to complete: 33ms
10-31 13:10:31.201 1112 1112 I WindowManager: SAFE MODE not enabled
10-31 13:10:31.201 1112 1112 I SystemServerTiming: StartInputMethodManagerLifecycle
10-31 13:10:31.201 1112 1112 I SystemServiceManager: Starting com.android.server.inputmethod.InputMethodManagerService$Lifecycle
10-31 13:10:31.204 1112 1112 D SystemServerTiming: StartInputMethodManagerLifecycle took to complete: 3ms
10-31 13:10:31.204 1112 1112 I SystemServerTiming: StartAccessibilityManagerService
10-31 13:10:31.204 1112 1112 I SystemServiceManager: Starting com.android.server.accessibility.AccessibilityManagerService$Lifecycle
10-31 13:10:31.232 1112 1112 D SystemServerTiming: StartAccessibilityManagerService took to complete: 28ms
10-31 13:10:31.232 1112 1112 I SystemServerTiming: MakeDisplayReady
10-31 13:10:31.242 1112 1112 I configuration_changed: 536894968
10-31 13:10:31.244 1112 1112 I ActivityTaskManager: Config changes=20005df8 {1.0 ?mcc?mnc [zh_CN] ldltr sw720dp w1706dp h624dp 240dpi lrg long land ?uimode ?night -touch -keyb/v/h -nav/h winConfig={ mBounds=Rect(0, 0 - 2560, 1080) mAppBounds=Rect(0, 0 - 2560, 1008) mMaxBounds=Rect(0, 0 - 2560, 1080) mWindowingMode=fullscreen mDisplayWindowingMode=fullscreen mActivityType=undefined mAlwaysOnTop=undefined mRotation=ROTATION_0} s.2 ?fontWeightAdjustment}
10-31 13:10:31.247 1112 1112 I WindowManager: Override config changes=60007dfc {1.0 ?mcc?mnc [zh_CN] ldltr sw720dp w1706dp h624dp 240dpi lrg long land ?uimode ?night -touch -keyb/v/h -nav/h winConfig={ mBounds=Rect(0, 0 - 2560, 1080) mAppBounds=Rect(0, 0 - 2560, 1008) mMaxBounds=Rect(0, 0 - 2560, 1080) mWindowingMode=fullscreen mDisplayWindowingMode=fullscreen mActivityType=undefined mAlwaysOnTop=undefined mRotation=ROTATION_0} s.2 ?fontWeightAdjustment} for displayId=0
10-31 13:10:31.249 1112 1112 I sysui_multi_action: [757,1659,758,4,759,2,1660,0]
10-31 13:10:31.256 1112 1194 D PinnerService: pinRangeStream: null
10-31 13:10:31.257 1112 1194 D PinnerService: pinRangeStream: null
10-31 13:10:31.259 1112 1112 D SystemServerTiming: MakeDisplayReady took to complete: 27ms
10-31 13:10:31.259 1112 1112 I SystemServerTiming: StartStorageManagerService
10-31 13:10:31.259 1112 1809 I WatchlistLoggingHandler: No need to aggregate record yet.
10-31 13:10:31.260 1112 1809 I WatchlistLoggingHandler: Milliseconds spent on tryAggregateRecords(): 133
10-31 13:10:31.260 1112 1112 I SystemServiceManager: Starting com.android.server.StorageManagerService$Lifecycle
