01-01 09:54:52.071 0 0 I : rpm_suspend+0x468/0x820
01-01 09:54:52.071 0 0 I : rpm_idle+0x5bc/0x600
01-01 09:54:52.071 0 0 I : pm_runtime_work+0x7c/0xa8
01-01 09:54:52.071 0 0 I : process_one_work+0x38c/0x660
01-01 09:54:52.071 0 0 I : worker_thread+0x268/0x4b8
01-01 09:54:52.071 0 0 I : kthread+0x140/0x150
01-01 09:54:52.071 0 0 I : ret_from_fork+0x10/0x1c
01-01 09:54:52.071 0 0 I : irq event stamp: 33016
01-01 09:54:52.071 0 0 I : hardirqs last enabled at (33015): [] _raw_spin_unlock_irqrestore+0x44/0x88
01-01 09:54:52.071 0 0 I : hardirqs last disabled at (33016): [] _raw_spin_lock_irqsave+0x28/0x98
01-01 09:54:52.071 0 0 I : softirqs last enabled at (31704): [] __do_softirq+0x50c/0x554
01-01 09:54:52.071 0 0 I : softirqs last disabled at (31693): [] irq_exit+0xfc/0x120
01-01 09:54:52.071 0 0 W : ---[ end trace 00b4b2f98e0ef8b9 ]---
01-01 09:54:52.080 0 0 W QSEECOM : qseecom_load_app: App with id 6 (fingerpr) now loaded
01-01 09:54:52.083 0 0 W subsys-pil-tz soc: qcom,kgsl-hyp: Falling back to syfs fallback for: a650_zap.b02
01-01 09:54:52.088 0 0 D cnss : Downloading BDF: qca6390/bdwlan.elf, size: 57908
01-01 09:54:52.093 1112 1112 D SystemServerTiming: StartPowerManager took to complete: 27ms
01-01 09:54:52.093 1112 1112 I SystemServerTiming: StartThermalManager
01-01 09:54:52.093 1112 1112 I SystemServiceManager: Starting com.android.server.power.ThermalManagerService
01-01 09:54:52.094 1112 1112 D SystemServerTiming: StartThermalManager took to complete: 1ms
01-01 09:54:52.094 1112 1112 I SystemServerTiming: StartHintManager
01-01 09:54:52.094 1112 1112 I SystemServiceManager: Starting com.android.server.power.hint.HintManagerService
01-01 09:54:52.095 1112 1112 D SystemServerTiming: StartHintManager took to complete: 2ms
01-01 09:54:52.096 1112 1112 I SystemServerTiming: InitPowerManagement
01-01 09:54:52.097 1112 1112 D SystemServerTiming: InitPowerManagement took to complete: 1ms
01-01 09:54:52.097 1112 1112 I SystemServerTiming: StartRecoverySystemService
01-01 09:54:52.098 1112 1112 I SystemServiceManager: Starting com.android.server.recoverysystem.RecoverySystemService$Lifecycle
01-01 09:54:52.099 1112 1112 D SystemServerTiming: StartRecoverySystemService took to complete: 1ms
01-01 09:54:52.101 1112 1112 I rescue_note: [0,1,38397]
01-01 09:54:52.101 1112 1112 I SystemServerTiming: StartLightsService
01-01 09:54:52.101 1112 1112 I SystemServiceManager: Starting com.android.server.lights.LightsService
01-01 09:54:52.105 1112 1112 D SystemServerTiming: StartLightsService took to complete: 5ms
01-01 09:54:52.106 1112 1112 I SystemServerTiming: StartSidekickService
01-01 09:54:52.106 1112 1112 D SystemServerTiming: StartSidekickService took to complete: 0ms
01-01 09:54:52.106 1112 1112 I SystemServerTiming: StartDisplayManager
01-01 09:54:52.106 1112 1112 I SystemServiceManager: Starting com.android.server.display.DisplayManagerService
01-01 09:54:52.126 1112 1112 D SystemServerTiming: StartDisplayManager took to complete: 20ms
01-01 09:54:52.126 1112 1112 I SystemServerTiming: WaitForDisplay
01-01 09:54:52.126 1112 1112 I SystemServiceManager: Starting phase 100
01-01 09:54:52.127 1112 1112 I SystemServerTiming: OnBootPhase_100
01-01 09:54:52.127 1112 1112 I SystemServerTiming: OnBootPhase_100_com.android.server.security.FileIntegrityService
01-01 09:54:52.127 1112 1112 D SystemServerTiming: OnBootPhase_100_com.android.server.security.FileIntegrityService took to complete: 0ms
01-01 09:54:52.127 1112 1112 I SystemServerTiming: OnBootPhase_100_com.android.server.pm.Installer
01-01 09:54:52.127 1112 1112 D SystemServerTiming: OnBootPhase_100_com.android.server.pm.Installer took to complete: 0ms
01-01 09:54:52.127 1112 1112 I SystemServerTiming: OnBootPhase_100_com.android.server.os.DeviceIdentifiersPolicyService
01-01 09:54:52.123 0 0 I subsys-pil-tz soc: qcom,kgsl-hyp: a650_zap: Brought out of reset
01-01 09:54:52.127 1112 1112 D SystemServerTiming: OnBootPhase_100_com.android.server.os.DeviceIdentifiersPolicyService took to complete: 0ms
01-01 09:54:52.127 1112 1112 I SystemServerTiming: OnBootPhase_100_com.android.server.uri.UriGrantsManagerService$Lifecycle
01-01 09:54:52.127 1112 1112 D SystemServerTiming: OnBootPhase_100_com.android.server.uri.UriGrantsManagerService$Lifecycle took to complete: 0ms
01-01 09:54:52.127 1112 1112 I SystemServerTiming: OnBootPhase_100_com.android.server.powerstats.PowerStatsService
01-01 09:54:52.127 1112 1112 D SystemServerTiming: OnBootPhase_100_com.android.server.powerstats.PowerStatsService took to complete: 0ms
01-01 09:54:52.127 1112 1112 I SystemServerTiming: OnBootPhase_100_com.android.server.wm.ActivityTaskManagerService$Lifecycle
01-01 09:54:52.127 1112 1112 D SystemServerTiming: OnBootPhase_100_com.android.server.wm.ActivityTaskManagerService$Lifecycle took to complete: 0ms
01-01 09:54:52.128 1112 1112 I SystemServerTiming: OnBootPhase_100_com.android.server.am.ActivityManagerService$Lifecycle
01-01 09:54:52.128 1112 1112 D SystemServerTiming: OnBootPhase_100_com.android.server.am.ActivityManagerService$Lifecycle took to complete: 0ms
01-01 09:54:52.128 1112 1112 I SystemServerTiming: OnBootPhase_100_com.android.server.pm.DataLoaderManagerService
01-01 09:54:52.128 1112 1112 D SystemServerTiming: OnBootPhase_100_com.android.server.pm.DataLoaderManagerService took to complete: 0ms
01-01 09:54:52.128 1112 1112 I SystemServerTiming: OnBootPhase_100_com.android.server.power.PowerManagerService
01-01 09:54:52.128 1112 1112 D SystemServerTiming: OnBootPhase_100_com.android.server.power.PowerManagerService took to complete: 0ms
01-01 09:54:52.128 1112 1112 I SystemServerTiming: OnBootPhase_100_com.android.server.power.ThermalManagerService
01-01 09:54:52.128 1112 1112 D SystemServerTiming: OnBootPhase_100_com.android.server.power.ThermalManagerService took to complete: 0ms
01-01 09:54:52.128 1112 1112 I SystemServerTiming: OnBootPhase_100_com.android.server.power.hint.HintManagerService
01-01 09:54:52.128 1112 1112 D SystemServerTiming: OnBootPhase_100_com.android.server.power.hint.HintManagerService took to complete: 0ms
01-01 09:54:52.128 1112 1112 I SystemServerTiming: OnBootPhase_100_com.android.server.recoverysystem.RecoverySystemService$Lifecycle
01-01 09:54:52.128 1112 1112 D SystemServerTiming: OnBootPhase_100_com.android.server.recoverysystem.RecoverySystemService$Lifecycle took to complete: 0ms
01-01 09:54:52.128 1112 1112 I SystemServerTiming: OnBootPhase_100_com.android.server.lights.LightsService
01-01 09:54:52.129 1112 1112 D SystemServerTiming: OnBootPhase_100_com.android.server.lights.LightsService took to complete: 0ms
01-01 09:54:52.129 1112 1112 I SystemServerTiming: OnBootPhase_100_com.android.server.display.DisplayManagerService
01-01 09:54:52.133 0 0 D cnss : FW name added with prefix: qca6390/m3.bin
01-01 09:54:52.133 0 0 W cnss_pci 0000: 01:00.0: Falling back to syfs fallback for: qca6390/m3.bin
01-01 09:54:52.144 1112 1184 I DisplayDeviceRepository: Display device added: DisplayDeviceInfo{"内置屏幕": uniqueId="local:4630946816427681409", 2560 x 1080, modeId 1, defaultModeId 1, supportedModes [{id=1, width=2560, height=1080, fps=60.000004, alternativeRefreshRates=[]}], colorMode 0, supportedColorModes [0], hdrCapabilities HdrCapabilities{mSupportedHdrTypes=[2, 3, 4], mMaxLuminance=500.0, mMaxAverageLuminance=500.0, mMinLuminance=0.0}, allmSupported false, gameContentTypeSupported false, density 240, 320.315 x 318.976 dpi, appVsyncOff 1000000, presDeadline 16666666, touch INTERNAL, rotation 0, type INTERNAL, address {port=129, model=0x40446d97fee5e6}, deviceProductInfo DeviceProductInfo{name=, manufacturerPnpId=QCM, productId=1, modelYear=null, manufactureDate=ManufactureDate{week=27, year=2006}, connectionToSinkType=0}, state UNKNOWN, frameRateOverride , brightnessMinimum 0.0, brightnessMaximum 1.0, brightnessDefault 1.0, FLAG_DEFAULT_DISPLAY, FLAG_ROTATES_WITH_CONTENT, FLAG_SECURE, FLAG_SUPPORTS_PROTECTED_BUFFERS}
01-01 09:54:52.146 1112 1184 I LogicalDisplayMapper: Applying layout: [{addr: {port=129, model=0x40446d97fee5e6}, dispId: 0(ON)}], Previous layout: null
01-01 09:54:52.151 1112 1184 I LogicalDisplayMapper: Adding new display: 0: DisplayInfo{"内置屏幕", displayId 0", displayGroupId -1, FLAG_SECURE, FLAG_SUPPORTS_PROTECTED_BUFFERS, FLAG_TRUSTED, real 2560 x 1080, largest app 2560 x 1080, smallest app 2560 x 1080, appVsyncOff 1000000, presDeadline 16666666, mode 1, defaultMode 1, modes [{id=1, width=2560, height=1080, fps=60.000004, alternativeRefreshRates=[]}], hdrCapabilities HdrCapabilities{mSupportedHdrTypes=[2, 3, 4], mMaxLuminance=500.0, mMaxAverageLuminance=500.0, mMinLuminance=0.0}, userDisabledHdrTypes [], minimalPostProcessingSupported false, rotation 0, state UNKNOWN, type INTERNAL, uniqueId "local:4630946816427681409", app 2560 x 1080, density 240 (320.315 x 318.976) dpi, layerStack 0, colorMode 0, supportedColorModes [0], address {port=129, model=0x40446d97fee5e6}, deviceProductInfo DeviceProductInfo{name=, manufacturerPnpId=QCM, productId=1, modelYear=null, manufactureDate=ManufactureDate{week=27, year=2006}, connectionToSinkType=0}, removeMode 0, refreshRateOverride 0.0, brightnessMinimum 0.0, brightnessMaximum 1.0, brightnessDefault 1.0}
01-01 09:54:52.152 1112 1184 I LogicalDisplayMapper: Setting new display group 0 for display 0, from previous group: null
01-01 09:54:52.155 1112 1184 E DisplayDeviceConfig: requesting nits when no mapping exists.
01-01 09:54:52.156 1112 1184 I am_wtf : [0,1112,system_server,-1,DisplayDeviceConfig,requesting nits when no mapping exists.]
01-01 09:54:52.157 1112 1184 E DisplayDeviceConfig: requesting nits when no mapping exists.
01-01 09:54:52.157 1112 1184 I am_wtf : [0,1112,system_server,-1,DisplayDeviceConfig,requesting nits when no mapping exists.]
01-01 09:54:52.158 1112 1112 D SystemServerTiming: OnBootPhase_100_com.android.server.display.DisplayManagerService took to complete: 29ms
01-01 09:54:52.159 1112 1112 D SystemServerTiming: OnBootPhase_100 took to complete: 32ms
01-01 09:54:52.159 1112 1112 D SystemServerTiming: WaitForDisplay took to complete: 33ms
01-01 09:54:52.159 1112 1112 I SystemServerTiming: StartDomainVerificationService
01-01 09:54:52.162 1112 1112 D SystemServerTiming: StartDomainVerificationService took to complete: 3ms
01-01 09:54:52.162 1112 1112 I SystemServerTiming: StartPackageManagerService
01-01 09:54:52.162 1112 1112 I Watchdog: Pausing HandlerChecker: main thread for reason: packagemanagermain. Pause count: 1
01-01 09:54:52.163 1112 1112 I PackageManagerTiming: create package manager
01-01 09:54:52.165 1112 1184 I DisplayDeviceRepository: Display device changed state: "内置屏幕", ON
01-01 09:54:52.166 0 0 D cnss : Sending M3 information message, state: 0xb
01-01 09:54:52.166 0 0 D cnss : M3 memory, va: 0xffffff80210c6000, pa: 0x00000000a1800000, size: 0x411bc
01-01 09:54:52.170 0 0 I binder : 1098:1126 ioctl 40046210 7b2c80e144 returned -22
01-01 09:54:52.171 0 0 D cnss : PM relax, state: 0xb, count: 0
01-01 09:54:52.172 0 0 D cnss : Received QMI WLFW FW initialization done indication
01-01 09:54:52.172 0 0 D cnss : Posting event: FW_READY(4), state: 0xb flags: 0x0
01-01 09:54:52.172 0 0 D cnss : PM stay awake, state: 0xb, count: 1
01-01 09:54:52.172 0 0 D cnss : PM relax, state: 0xb, count: 0
01-01 09:54:52.172 0 0 D cnss : PM stay awake, state: 0xb, count: 1
01-01 09:54:52.172 0 0 D cnss : Processing driver event: FW_READY(4), state: 0xb
01-01 09:54:52.172 0 0 D cnss : PCIE Gen speed not setup
01-01 09:54:52.172 0 0 D cnss : Sending antenna switch sync request, state: 0xf
01-01 09:54:52.173 1112 1112 I boot_progress_pms_start: 38470
01-01 09:54:52.173 1112 1112 I PackageManagerTiming: readListOfPackagesToBeDisabled
01-01 09:54:52.173 1112 1112 D PackageManager: Disabling packages for wifi-only device, source: /vendor/etc/telephony_packages.xml
01-01 09:54:52.174 1112 1112 D PackageManagerTiming: readListOfPackagesToBeDisabled took to complete: 1ms
01-01 09:54:52.174 1112 1112 I PackageManagerTiming: createSubComponents
01-01 09:54:52.178 0 0 E cnss : Antenna switch request failed, result: 1, err: 94
01-01 09:54:52.185 0 0 D cnss : Sending mode message, mode: CALIBRATION(7), state: 0xf
01-01 09:54:52.195 0 0 E diag : In diag_ioctl_set_buffering_mode, invalid peripheral = -22
01-01 09:54:52.211 1112 1112 D PackageManagerTiming: createSubComponents took to complete: 37ms
01-01 09:54:52.211 1112 1112 I PackageManagerTiming: addSharedUsers
01-01 09:54:52.211 1112 1112 D PackageManagerTiming: addSharedUsers took to complete: 1ms
01-01 09:54:52.212 1112 1112 I PackageManagerTiming: get system config
01-01 09:54:52.212 1112 1112 D PackageManagerTiming: get system config took to complete: 0ms
01-01 09:54:52.218 1112 1112 D PackageManager: Directories scanned as system partitions: [/system:0, /vendor:524288, /odm:4194304, /oem:262144, /product:1048576, /system_ext:2097152, /apex/com.android.vndk.v30:8388608, /apex/com.android.wifi:8388608, /apex/com.android.vndk.v31:8388608, /apex/com.android.tzdata:8388608, /apex/com.android.tethering:8388608, /apex/com.android.sdkext:8388608, /apex/com.android.scheduling:8388608, /apex/com.android.runtime:8388608, /apex/com.android.resolv:8388608, /apex/com.android.permission:8388608, /apex/com.android.os.statsd:8388608, /apex/com.android.neuralnetworks:8388608, /apex/com.android.mediaprovider:8388608, /apex/com.android.media.swcodec:8388608, /apex/com.android.media:8388608, /apex/com.android.ipsec:8388608, /apex/com.android.i18n:8388608, /apex/com.android.extservices:8388608, /apex/com.android.conscrypt:8388608, /apex/com.android.art:8388608, /apex/com.android.appsearch:8388608, /apex/com.android.adbd:8388608]
01-01 09:54:52.242 1112 1112 D SELinuxMMAC: Using policy file /system/etc/selinux/plat_mac_permissions.xml
01-01 09:54:52.244 1112 1112 D SELinuxMMAC: Using policy file /system_ext/etc/selinux/system_ext_mac_permissions.xml
01-01 09:54:52.246 1112 1112 D SELinuxMMAC: Using policy file /product/etc/selinux/product_mac_permissions.xml
01-01 09:54:52.249 1112 1112 D SELinuxMMAC: Using policy file /vendor/etc/selinux/vendor_mac_permissions.xml
01-01 09:54:52.256 1112 1112 D SELinuxMMAC: Using policy file /odm/etc/selinux/odm_mac_permissions.xml
01-01 09:54:52.261 1112 1112 I PackageManagerTiming: loadFallbacks
01-01 09:54:52.262 1112 1112 D PackageManagerTiming: loadFallbacks took to complete: 1ms
01-01 09:54:52.262 0 0 W QSEECOM : __qseecom_unload_app: App (6) is unloaded
01-01 09:54:52.262 1112 1112 I PackageManagerTiming: read user settings
01-01 09:54:52.266 0 0 D qbt : qbt_release: entry minor_no=0 fd_available=0
01-01 09:54:52.266 0 0 D qbt : qbt_release: Releasing wakelock
01-01 09:54:52.266 0 0 D qbt : qbt_release: exit : fd_available=1
01-01 09:54:52.266 0 0 D qbt : qbt_release: entry minor_no=1 fd_available=1
01-01 09:54:52.266 0 0 D qbt : qbt_release: exit : fd_available=1
01-01 09:54:52.319 1112 1112 W android.permission.PermissionManager: Missing ActivityManager; assuming 1000 holds android.permission.SET_PREFERRED_APPLICATIONS
01-01 09:54:52.320 1112 1112 W android.permission.PermissionManager: Missing ActivityManager; assuming 1000 holds android.permission.SET_PREFERRED_APPLICATIONS
01-01 09:54:52.322 1112 1112 W android.permission.PermissionManager: Missing ActivityManager; assuming 1000 holds android.permission.SET_PREFERRED_APPLICATIONS
01-01 09:54:52.323 1112 1112 W android.permission.PermissionManager: Missing ActivityManager; assuming 1000 holds android.permission.SET_PREFERRED_APPLICATIONS
01-01 09:54:52.324 1112 1112 W android.permission.PermissionManager: Missing ActivityManager; assuming 1000 holds android.permission.SET_PREFERRED_APPLICATIONS
01-01 09:54:52.325 1112 1112 W android.permission.PermissionManager: Missing ActivityManager; assuming 1000 holds android.permission.SET_PREFERRED_APPLICATIONS
01-01 09:54:52.325 1112 1112 W android.permission.PermissionManager: Missing ActivityManager; assuming 1000 holds android.permission.SET_PREFERRED_APPLICATIONS
01-01 09:54:52.326 1112 1112 W android.permission.PermissionManager: Missing ActivityManager; assuming 1000 holds android.permission.SET_PREFERRED_APPLICATIONS
01-01 09:54:52.327 1112 1112 W android.permission.PermissionManager: Missing ActivityManager; assuming 1000 holds android.permission.SET_PREFERRED_APPLICATIONS
01-01 09:54:52.328 1112 1112 W android.permission.PermissionManager: Missing ActivityManager; assuming 1000 holds android.permission.SET_PREFERRED_APPLICATIONS
01-01 09:54:52.329 1112 1112 W android.permission.PermissionManager: Missing ActivityManager; assuming 1000 holds android.permission.SET_PREFERRED_APPLICATIONS
01-01 09:54:52.330 1112 1112 W android.permission.PermissionManager: Missing ActivityManager; assuming 1000 holds android.permission.SET_PREFERRED_APPLICATIONS
01-01 09:54:52.331 1112 1112 W android.permission.PermissionManager: Missing ActivityManager; assuming 1000 holds android.permission.SET_PREFERRED_APPLICATIONS
01-01 09:54:52.331 1112 1112 W android.permission.PermissionManager: Missing ActivityManager; assuming 1000 holds android.permission.SET_PREFERRED_APPLICATIONS
01-01 09:54:52.332 1112 1112 W android.permission.PermissionManager: Missing ActivityManager; assuming 1000 holds android.permission.SET_PREFERRED_APPLICATIONS
01-01 09:54:52.332 1112 1112 W android.permission.PermissionManager: Missing ActivityManager; assuming 1000 holds android.permission.SET_PREFERRED_APPLICATIONS
01-01 09:54:52.332 1112 1112 W android.permission.PermissionManager: Missing ActivityManager; assuming 1000 holds android.permission.SET_PREFERRED_APPLICATIONS
01-01 09:54:52.336 1112 1112 W android.permission.PermissionManager: Missing ActivityManager; assuming 1000 holds android.permission.SET_PREFERRED_APPLICATIONS
01-01 09:54:52.336 1112 1112 W android.permission.PermissionManager: Missing ActivityManager; assuming 1000 holds android.permission.SET_PREFERRED_APPLICATIONS
01-01 09:54:52.342 1112 1112 W android.permission.PermissionManager: Missing ActivityManager; assuming 1000 holds android.permission.SET_PREFERRED_APPLICATIONS
01-01 09:54:52.344 1112 1112 W android.permission.PermissionManager: Missing ActivityManager; assuming 1000 holds android.permission.SET_PREFERRED_APPLICATIONS
01-01 09:54:52.345 1112 1112 W android.permission.PermissionManager: Missing ActivityManager; assuming 1000 holds android.permission.SET_PREFERRED_APPLICATIONS
01-01 09:54:52.345 1112 1112 W android.permission.PermissionManager: Missing ActivityManager; assuming 1000 holds android.permission.SET_PREFERRED_APPLICATIONS
01-01 09:54:52.346 1112 1112 W android.permission.PermissionManager: Missing ActivityManager; assuming 1000 holds android.permission.SET_PREFERRED_APPLICATIONS
01-01 09:54:52.346 1112 1112 W android.permission.PermissionManager: Missing ActivityManager; assuming 1000 holds android.permission.SET_PREFERRED_APPLICATIONS
01-01 09:54:52.347 1112 1112 W android.permission.PermissionManager: Missing ActivityManager; assuming 1000 holds android.permission.SET_PREFERRED_APPLICATIONS
01-01 09:54:52.347 1112 1112 W android.permission.PermissionManager: Missing ActivityManager; assuming 1000 holds android.permission.SET_PREFERRED_APPLICATIONS
01-01 09:54:52.348 1112 1112 W android.permission.PermissionManager: Missing ActivityManager; assuming 1000 holds android.permission.SET_PREFERRED_APPLICATIONS
01-01 09:54:52.348 1112 1112 W android.permission.PermissionManager: Missing ActivityManager; assuming 1000 holds android.permission.SET_PREFERRED_APPLICATIONS
01-01 09:54:52.349 1112 1112 W android.permission.PermissionManager: Missing ActivityManager; assuming 1000 holds android.permission.SET_PREFERRED_APPLICATIONS
01-01 09:54:52.349 1112 1112 W android.permission.PermissionManager: Missing ActivityManager; assuming 1000 holds android.permission.SET_PREFERRED_APPLICATIONS
01-01 09:54:52.351 0 0 D cnss : Removing vote for Regulator vdd-wlan-rfa2
01-01 09:54:52.349 1112 1112 W android.permission.PermissionManager: Missing ActivityManager; assuming 1000 holds android.permission.SET_PREFERRED_APPLICATIONS
01-01 09:54:52.350 1112 1112 W android.permission.PermissionManager: Missing ActivityManager; assuming 1000 holds android.permission.SET_PREFERRED_APPLICATIONS
01-01 09:54:52.351 1112 1112 W android.permission.PermissionManager: Missing ActivityManager; assuming 1000 holds android.permission.SET_PREFERRED_APPLICATIONS
01-01 09:54:52.351 0 0 D cnss : Received QMI WLFW pin connect result indication
01-01 09:54:52.351 0 0 D cnss : Pin connect Result: pwr_pin: 0x1 phy_io_pin: 0x0 rf_io_pin: 0x0
01-01 09:54:52.351 0 0 D cnss : Removing vote for Regulator vdd-wlan-rfa1
01-01 09:54:52.351 0 0 D cnss : Removing vote for Regulator vdd-wlan-dig
01-01 09:54:52.351 0 0 I qcom_rpmh DRV: apps_rsc TCS Busy, retrying RPMH message send: addr=0x43200
01-01 09:54:52.351 0 0 D cnss : Removing vote for Regulator vdd-wlan-aon
01-01 09:54:52.351 0 0 D cnss : Removing vote for Regulator vdd-wlan-io
01-01 09:54:52.351 0 0 D cnss : PM relax, state: 0xf, count: 0
01-01 09:54:52.352 1112 1668 W ProcessCpuTracker: Failed to stat(/proc/1675): android.system.ErrnoException: stat failed: ENOENT (No such file or directory)
01-01 09:54:52.352 1112 1668 W ProcessCpuTracker: Skipping unknown process pid 1675
01-01 09:54:52.353 1112 1112 W android.permission.PermissionManager: Missing ActivityManager; assuming 1000 holds android.permission.SET_PREFERRED_APPLICATIONS
01-01 09:54:52.353 1112 1112 W android.permission.PermissionManager: Missing ActivityManager; assuming 1000 holds android.permission.SET_PREFERRED_APPLICATIONS
01-01 09:54:52.353 1112 1112 W android.permission.PermissionManager: Missing ActivityManager; assuming 1000 holds android.permission.SET_PREFERRED_APPLICATIONS
01-01 09:54:52.354 1112 1112 W android.permission.PermissionManager: Missing ActivityManager; assuming 1000 holds android.permission.SET_PREFERRED_APPLICATIONS
01-01 09:54:52.355 1112 1112 W android.permission.PermissionManager: Missing ActivityManager; assuming 1000 holds android.permission.SET_PREFERRED_APPLICATIONS
01-01 09:54:52.355 1112 1112 W android.permission.PermissionManager: Missing ActivityManager; assuming 1000 holds android.permission.SET_PREFERRED_APPLICATIONS
01-01 09:54:52.355 1112 1112 W android.permission.PermissionManager: Missing ActivityManager; assuming 1000 holds android.permission.SET_PREFERRED_APPLICATIONS
01-01 09:54:52.356 1112 1112 W android.permission.PermissionManager: Missing ActivityManager; assuming 1000 holds android.permission.SET_PREFERRED_APPLICATIONS
01-01 09:54:52.356 1112 1112 W android.permission.PermissionManager: Missing ActivityManager; assuming 1000 holds android.permission.SET_PREFERRED_APPLICATIONS
01-01 09:54:52.356 1112 1112 W android.permission.PermissionManager: Missing ActivityManager; assuming 1000 holds android.permission.SET_PREFERRED_APPLICATIONS
01-01 09:54:52.357 1112 1112 W android.permission.PermissionManager: Missing ActivityManager; assuming 1000 holds android.permission.SET_PREFERRED_APPLICATIONS
01-01 09:54:52.357 1112 1112 W android.permission.PermissionManager: Missing ActivityManager; assuming 1000 holds android.permission.SET_PREFERRED_APPLICATIONS
01-01 09:54:52.358 1112 1112 W android.permission.PermissionManager: Missing ActivityManager; assuming 1000 holds android.permission.SET_PREFERRED_APPLICATIONS
01-01 09:54:52.358 1112 1112 W android.permission.PermissionManager: Missing ActivityManager; assuming 1000 holds android.permission.SET_PREFERRED_APPLICATIONS
01-01 09:54:52.359 1112 1112 W android.permission.PermissionManager: Missing ActivityManager; assuming 1000 holds android.permission.SET_PREFERRED_APPLICATIONS
01-01 09:54:52.360 1112 1112 W android.permission.PermissionManager: Missing ActivityManager; assuming 1000 holds android.permission.SET_PREFERRED_APPLICATIONS
01-01 09:54:52.360 1112 1112 W android.permission.PermissionManager: Missing ActivityManager; assuming 1000 holds android.permission.SET_PREFERRED_APPLICATIONS
01-01 09:54:52.361 1112 1112 W android.permission.PermissionManager: Missing ActivityManager; assuming 1000 holds android.permission.SET_PREFERRED_APPLICATIONS
01-01 09:54:52.361 1112 1112 W android.permission.PermissionManager: Missing ActivityManager; assuming 1000 holds android.permission.SET_PREFERRED_APPLICATIONS
01-01 09:54:52.361 1112 1112 W android.permission.PermissionManager: Missing ActivityManager; assuming 1000 holds android.permission.SET_PREFERRED_APPLICATIONS
01-01 09:54:52.362 1112 1112 W android.permission.PermissionManager: Missing ActivityManager; assuming 1000 holds android.permission.SET_PREFERRED_APPLICATIONS
01-01 09:54:52.362 1112 1112 W android.permission.PermissionManager: Missing ActivityManager; assuming 1000 holds android.permission.SET_PREFERRED_APPLICATIONS
01-01 09:54:52.363 1112 1112 W android.permission.PermissionManager: Missing ActivityManager; assuming 1000 holds android.permission.SET_PREFERRED_APPLICATIONS
01-01 09:54:52.363 1112 1112 W android.permission.PermissionManager: Missing ActivityManager; assuming 1000 holds android.permission.SET_PREFERRED_APPLICATIONS
01-01 09:54:52.363 1112 1112 W android.permission.PermissionManager: Missing ActivityManager; assuming 1000 holds android.permission.SET_PREFERRED_APPLICATIONS
01-01 09:54:52.364 1112 1112 W android.permission.PermissionManager: Missing ActivityManager; assuming 1000 holds android.permission.SET_PREFERRED_APPLICATIONS
01-01 09:54:52.364 1112 1112 W android.permission.PermissionManager: Missing ActivityManager; assuming 1000 holds android.permission.SET_PREFERRED_APPLICATIONS
01-01 09:54:52.365 1112 1112 W android.permission.PermissionManager: Missing ActivityManager; assuming 1000 holds android.permission.SET_PREFERRED_APPLICATIONS
01-01 09:54:52.365 1112 1112 W android.permission.PermissionManager: Missing ActivityManager; assuming 1000 holds android.permission.SET_PREFERRED_APPLICATIONS
01-01 09:54:52.365 1112 1112 W android.permission.PermissionManager: Missing ActivityManager; assuming 1000 holds android.permission.SET_PREFERRED_APPLICATIONS
01-01 09:54:52.366 1112 1112 W android.permission.PermissionManager: Missing ActivityManager; assuming 1000 holds android.permission.SET_PREFERRED_APPLICATIONS
01-01 09:54:52.366 1112 1112 W android.permission.PermissionManager: Missing ActivityManager; assuming 1000 holds android.permission.SET_PREFERRED_APPLICATIONS
01-01 09:54:52.367 1112 1112 W android.permission.PermissionManager: Missing ActivityManager; assuming 1000 holds android.permission.SET_PREFERRED_APPLICATIONS
01-01 09:54:52.367 1112 1112 W android.permission.PermissionManager: Missing ActivityManager; assuming 1000 holds android.permission.SET_PREFERRED_APPLICATIONS
01-01 09:54:52.367 1112 1112 W android.permission.PermissionManager: Missing ActivityManager; assuming 1000 holds android.permission.SET_PREFERRED_APPLICATIONS
01-01 09:54:52.368 1112 1112 W android.permission.PermissionManager: Missing ActivityManager; assuming 1000 holds android.permission.SET_PREFERRED_APPLICATIONS
01-01 09:54:52.368 1112 1112 W android.permission.PermissionManager: Missing ActivityManager; assuming 1000 holds android.permission.SET_PREFERRED_APPLICATIONS
01-01 09:54:52.369 1112 1112 W android.permission.PermissionManager: Missing ActivityManager; assuming 1000 holds android.permission.SET_PREFERRED_APPLICATIONS
01-01 09:54:52.369 1112 1112 W android.permission.PermissionManager: Missing ActivityManager; assuming 1000 holds android.permission.SET_PREFERRED_APPLICATIONS
01-01 09:54:52.370 1112 1112 W android.permission.PermissionManager: Missing ActivityManager; assuming 1000 holds android.permission.SET_PREFERRED_APPLICATIONS
01-01 09:54:52.370 1112 1112 W android.permission.PermissionManager: Missing ActivityManager; assuming 1000 holds android.permission.SET_PREFERRED_APPLICATIONS
01-01 09:54:52.371 1112 1112 W android.permission.PermissionManager: Missing ActivityManager; assuming 1000 holds android.permission.SET_PREFERRED_APPLICATIONS
01-01 09:54:52.371 1112 1112 W android.permission.PermissionManager: Missing ActivityManager; assuming 1000 holds android.permission.SET_PREFERRED_APPLICATIONS
01-01 09:54:52.372 1112 1112 W android.permission.PermissionManager: Missing ActivityManager; assuming 1000 holds android.permission.SET_PREFERRED_APPLICATIONS
01-01 09:54:52.372 1112 1112 W android.permission.PermissionManager: Missing ActivityManager; assuming 1000 holds android.permission.SET_PREFERRED_APPLICATIONS
01-01 09:54:52.373 1112 1112 W android.permission.PermissionManager: Missing ActivityManager; assuming 1000 holds android.permission.SET_PREFERRED_APPLICATIONS
01-01 09:54:52.375 1112 1112 W android.permission.PermissionManager: Missing ActivityManager; assuming 1000 holds android.permission.SET_PREFERRED_APPLICATIONS
01-01 09:54:52.376 1112 1112 W android.permission.PermissionManager: Missing ActivityManager; assuming 1000 holds android.permission.SET_PREFERRED_APPLICATIONS
01-01 09:54:52.377 1112 1112 W android.permission.PermissionManager: Missing ActivityManager; assuming 1000 holds android.permission.SET_PREFERRED_APPLICATIONS
01-01 09:54:52.379 1112 1112 W android.permission.PermissionManager: Missing ActivityManager; assuming 1000 holds android.permission.SET_PREFERRED_APPLICATIONS
01-01 09:54:52.381 1112 1112 W android.permission.PermissionManager: Missing ActivityManager; assuming 1000 holds android.permission.SET_PREFERRED_APPLICATIONS
01-01 09:54:52.382 1112 1112 W android.permission.PermissionManager: Missing ActivityManager; assuming 1000 holds android.permission.SET_PREFERRED_APPLICATIONS
01-01 09:54:52.384 1112 1112 W android.permission.PermissionManager: Missing ActivityManager; assuming 1000 holds android.permission.SET_PREFERRED_APPLICATIONS
01-01 09:54:52.385 1112 1112 W android.permission.PermissionManager: Missing ActivityManager; assuming 1000 holds android.permission.SET_PREFERRED_APPLICATIONS
01-01 09:54:52.387 1112 1112 W android.permission.PermissionManager: Missing ActivityManager; assuming 1000 holds android.permission.SET_PREFERRED_APPLICATIONS
01-01 09:54:52.388 1112 1112 W android.permission.PermissionManager: Missing ActivityManager; assuming 1000 holds android.permission.SET_PREFERRED_APPLICATIONS
01-01 09:54:52.388 1112 1112 W android.permission.PermissionManager: Missing ActivityManager; assuming 1000 holds android.permission.SET_PREFERRED_APPLICATIONS
01-01 09:54:52.389 1112 1112 W android.permission.PermissionManager: Missing ActivityManager; assuming 1000 holds android.permission.SET_PREFERRED_APPLICATIONS
01-01 09:54:52.389 1112 1112 W android.permission.PermissionManager: Missing ActivityManager; assuming 1000 holds android.permission.SET_PREFERRED_APPLICATIONS
01-01 09:54:52.390 1112 1112 W android.permission.PermissionManager: Missing ActivityManager; assuming 1000 holds android.permission.SET_PREFERRED_APPLICATIONS
01-01 09:54:52.392 1112 1112 W android.permission.PermissionManager: Missing ActivityManager; assuming 1000 holds android.permission.SET_PREFERRED_APPLICATIONS
01-01 09:54:52.393 1112 1112 W android.permission.PermissionManager: Missing ActivityManager; assuming 1000 holds android.permission.SET_PREFERRED_APPLICATIONS
01-01 09:54:52.393 1112 1112 W android.permission.PermissionManager: Missing ActivityManager; assuming 1000 holds android.permission.SET_PREFERRED_APPLICATIONS
01-01 09:54:52.393 1112 1112 W android.permission.PermissionManager: Missing ActivityManager; assuming 1000 holds android.permission.SET_PREFERRED_APPLICATIONS
01-01 09:54:52.394 1112 1112 W android.permission.PermissionManager: Missing ActivityManager; assuming 1000 holds android.permission.SET_PREFERRED_APPLICATIONS
01-01 09:54:52.395 1112 1112 W android.permission.PermissionManager: Missing ActivityManager; assuming 1000 holds android.permission.SET_PREFERRED_APPLICATIONS
01-01 09:54:52.396 1112 1112 W android.permission.PermissionManager: Missing ActivityManager; assuming 1000 holds android.permission.SET_PREFERRED_APPLICATIONS
01-01 09:54:52.396 1112 1112 W android.permission.PermissionManager: Missing ActivityManager; assuming 1000 holds android.permission.SET_PREFERRED_APPLICATIONS
01-01 09:54:52.396 1112 1112 W android.permission.PermissionManager: Missing ActivityManager; assuming 1000 holds android.permission.SET_PREFERRED_APPLICATIONS
01-01 09:54:52.397 1112 1112 W android.permission.PermissionManager: Missing ActivityManager; assuming 1000 holds android.permission.SET_PREFERRED_APPLICATIONS
01-01 09:54:52.398 1112 1112 W android.permission.PermissionManager: Missing ActivityManager; assuming 1000 holds android.permission.SET_PREFERRED_APPLICATIONS
01-01 09:54:52.399 1112 1112 W android.permission.PermissionManager: Missing ActivityManager; assuming 1000 holds android.permission.SET_PREFERRED_APPLICATIONS
01-01 09:54:52.399 1112 1112 W android.permission.PermissionManager: Missing ActivityManager; assuming 1000 holds android.permission.SET_PREFERRED_APPLICATIONS
01-01 09:54:52.400 1112 1112 W android.permission.PermissionManager: Missing ActivityManager; assuming 1000 holds android.permission.SET_PREFERRED_APPLICATIONS
01-01 09:54:52.401 1112 1112 W android.permission.PermissionManager: Missing ActivityManager; assuming 1000 holds android.permission.SET_PREFERRED_APPLICATIONS
01-01 09:54:52.401 1112 1112 W android.permission.PermissionManager: Missing ActivityManager; assuming 1000 holds android.permission.SET_PREFERRED_APPLICATIONS
01-01 09:54:52.402 1112 1112 W android.permission.PermissionManager: Missing ActivityManager; assuming 1000 holds android.permission.SET_PREFERRED_APPLICATIONS
01-01 09:54:52.402 1112 1112 W android.permission.PermissionManager: Missing ActivityManager; assuming 1000 holds android.permission.SET_PREFERRED_APPLICATIONS
01-01 09:54:52.402 1112 1112 W android.permission.PermissionManager: Missing ActivityManager; assuming 1000 holds android.permission.SET_PREFERRED_APPLICATIONS
01-01 09:54:52.403 1112 1112 W android.permission.PermissionManager: Missing ActivityManager; assuming 1000 holds android.permission.SET_PREFERRED_APPLICATIONS
01-01 09:54:52.403 1112 1112 W android.permission.PermissionManager: Missing ActivityManager; assuming 1000 holds android.permission.SET_PREFERRED_APPLICATIONS
01-01 09:54:52.404 1112 1112 W android.permission.PermissionManager: Missing ActivityManager; assuming 1000 holds android.permission.SET_PREFERRED_APPLICATIONS
01-01 09:54:52.404 1112 1112 W android.permission.PermissionManager: Missing ActivityManager; assuming 1000 holds android.permission.SET_PREFERRED_APPLICATIONS
01-01 09:54:52.405 1112 1112 W android.permission.PermissionManager: Missing ActivityManager; assuming 1000 holds android.permission.SET_PREFERRED_APPLICATIONS
01-01 09:54:52.405 1112 1112 W android.permission.PermissionManager: Missing ActivityManager; assuming 1000 holds android.permission.SET_PREFERRED_APPLICATIONS
01-01 09:54:52.406 1112 1112 W android.permission.PermissionManager: Missing ActivityManager; assuming 1000 holds android.permission.SET_PREFERRED_APPLICATIONS
01-01 09:54:52.406 1112 1112 W android.permission.PermissionManager: Missing ActivityManager; assuming 1000 holds android.permission.SET_PREFERRED_APPLICATIONS
01-01 09:54:52.406 1112 1112 W android.permission.PermissionManager: Missing ActivityManager; assuming 1000 holds android.permission.SET_PREFERRED_APPLICATIONS
01-01 09:54:52.407 1112 1112 W android.permission.PermissionManager: Missing ActivityManager; assuming 1000 holds android.permission.SET_PREFERRED_APPLICATIONS
01-01 09:54:52.408 1112 1112 W android.permission.PermissionManager: Missing ActivityManager; assuming 1000 holds android.permission.SET_PREFERRED_APPLICATIONS
01-01 09:54:52.408 1112 1112 W android.permission.PermissionManager: Missing ActivityManager; assuming 1000 holds android.permission.SET_PREFERRED_APPLICATIONS
01-01 09:54:52.408 1112 1112 W android.permission.PermissionManager: Missing ActivityManager; assuming 1000 holds android.permission.SET_PREFERRED_APPLICATIONS
01-01 09:54:52.409 1112 1112 W android.permission.PermissionManager: Missing ActivityManager; assuming 1000 holds android.permission.SET_PREFERRED_APPLICATIONS
01-01 09:54:52.410 1112 1112 W android.permission.PermissionManager: Missing ActivityManager; assuming 1000 holds android.permission.SET_PREFERRED_APPLICATIONS
01-01 09:54:52.410 1112 1112 W android.permission.PermissionManager: Missing ActivityManager; assuming 1000 holds android.permission.SET_PREFERRED_APPLICATIONS
01-01 09:54:52.410 1112 1112 W android.permission.PermissionManager: Missing ActivityManager; assuming 1000 holds android.permission.SET_PREFERRED_APPLICATIONS
01-01 09:54:52.411 1112 1112 W android.permission.PermissionManager: Missing ActivityManager; assuming 1000 holds android.permission.SET_PREFERRED_APPLICATIONS
01-01 09:54:52.411 1112 1112 W android.permission.PermissionManager: Missing ActivityManager; assuming 1000 holds android.permission.SET_PREFERRED_APPLICATIONS
01-01 09:54:52.412 1112 1112 W android.permission.PermissionManager: Missing ActivityManager; assuming 1000 holds android.permission.SET_PREFERRED_APPLICATIONS
01-01 09:54:52.413 1112 1112 W android.permission.PermissionManager: Missing ActivityManager; assuming 1000 holds android.permission.SET_PREFERRED_APPLICATIONS
01-01 09:54:52.413 1112 1112 W android.permission.PermissionManager: Missing ActivityManager; assuming 1000 holds android.permission.SET_PREFERRED_APPLICATIONS
01-01 09:54:52.414 1112 1112 W android.permission.PermissionManager: Missing ActivityManager; assuming 1000 holds android.permission.SET_PREFERRED_APPLICATIONS
01-01 09:54:52.414 1112 1112 W android.permission.PermissionManager: Missing ActivityManager; assuming 1000 holds android.permission.SET_PREFERRED_APPLICATIONS
01-01 09:54:52.415 1112 1112 W android.permission.PermissionManager: Missing ActivityManager; assuming 1000 holds android.permission.SET_PREFERRED_APPLICATIONS
01-01 09:54:52.416 1112 1112 W android.permission.PermissionManager: Missing ActivityManager; assuming 1000 holds android.permission.SET_PREFERRED_APPLICATIONS
01-01 09:54:52.418 1112 1112 W android.permission.PermissionManager: Missing ActivityManager; assuming 1000 holds android.permission.SET_PREFERRED_APPLICATIONS
01-01 09:54:52.419 1112 1112 W android.permission.PermissionManager: Missing ActivityManager; assuming 1000 holds android.permission.SET_PREFERRED_APPLICATIONS
01-01 09:54:52.420 1112 1112 W android.permission.PermissionManager: Missing ActivityManager; assuming 1000 holds android.permission.SET_PREFERRED_APPLICATIONS
01-01 09:54:52.421 1112 1112 W android.permission.PermissionManager: Missing ActivityManager; assuming 1000 holds android.permission.SET_PREFERRED_APPLICATIONS
01-01 09:54:52.422 1112 1112 W android.permission.PermissionManager: Missing ActivityManager; assuming 1000 holds android.permission.SET_PREFERRED_APPLICATIONS
01-01 09:54:52.423 1112 1112 W android.permission.PermissionManager: Missing ActivityManager; assuming 1000 holds android.permission.SET_PREFERRED_APPLICATIONS
01-01 09:54:52.440 1112 1112 W PackageSettings: Missing permission state for package: android.frameworkres.overlay
01-01 09:54:52.440 1112 1112 W PackageSettings: Missing permission state for package: com.android.cts.priv.ctsshim
01-01 09:54:52.440 1112 1112 W PackageSettings: Missing permission state for package: com.thundercomm.gamemode.provider
01-01 09:54:52.441 1112 1112 W PackageSettings: Missing permission state for package: com.android.internal.systemui.navbar.gestural_wide_back
01-01 09:54:52.441 1112 1112 W PackageSettings: Missing permission state for package: com.qualcomm.qti.gpudrivers.kona.api30
01-01 09:54:52.441 1112 1112 W PackageSettings: Missing permission state for package: com.android.htmlviewer
01-01 09:54:52.441 1112 1112 W PackageSettings: Missing permission state for package: com.android.internal.systemui.onehanded.gestural
01-01 09:54:52.441 1112 1112 W PackageSettings: Missing permission state for package: com.qualcomm.qti.optinoverlay
01-01 09:54:52.441 1112 1112 W PackageSettings: Missing permission state for package: android.qvaoverlay.common
01-01 09:54:52.441 1112 1112 W PackageSettings: Missing permission state for package: android.overlay.common
01-01 09:54:52.441 1112 1112 W PackageSettings: Missing permission state for package: com.android.connectivity.resources
01-01 09:54:52.441 1112 1112 W PackageSettings: Missing permission state for package: com.android.modulemetadata
01-01 09:54:52.442 1112 1112 W PackageSettings: Missing permission state for package: android.overlay.target
01-01 09:54:52.442 1112 1112 W PackageSettings: Missing permission state for package: com.android.internal.systemui.navbar.gestural_extra_wide_back
01-01 09:54:52.443 1112 1112 W PackageSettings: Missing permission state for package: com.android.wifi.resources.overlay.common
01-01 09:54:52.443 1112 1112 W PackageSettings: Missing permission state for package: com.android.dreams.basic
01-01 09:54:52.443 1112 1112 W PackageSettings: Missing permission state for package: com.android.settings.overlay.common
01-01 09:54:52.443 1112 1112 W PackageSettings: Missing permission state for package: android.ext.shared
01-01 09:54:52.443 1112 1112 W PackageSettings: Missing permission state for package: com.android.wifi.resources.overlay.target
01-01 09:54:52.443 1112 1112 W PackageSettings: Missing permission state for package: com.android.wifi.resources
01-01 09:54:52.443 1112 1112 W PackageSettings: Missing permission state for package: com.android.systemui.overlay.common
01-01 09:54:52.443 1112 1112 W PackageSettings: Missing permission state for package: com.android.cameraextensions
01-01 09:54:52.443 1112 1112 W PackageSettings: Missing permission state for package: com.android.theme.font.notoserifsource
01-01 09:54:52.443 1112 1112 W PackageSettings: Missing permission state for package: com.android.internal.display.cutout.emulation.waterfall
01-01 09:54:52.443 1112 1112 W PackageSettings: Missing permission state for package: com.android.providers.settings.overlay
01-01 09:54:52.444 1112 1112 W PackageSettings: Missing permission state for package: com.android.bookmarkprovider
01-01 09:54:52.444 1112 1112 W PackageSettings: Missing permission state for package: com.android.cts.ctsshim
01-01 09:54:52.444 1112 1112 W PackageSettings: Missing permission state for package: com.qualcomm.qti.xrcb
01-01 09:54:52.444 1112 1112 W PackageSettings: Missing permission state for package: com.android.internal.systemui.navbar.gestural
01-01 09:54:52.444 1112 1112 W PackageSettings: Missing permission state for package: com.android.internal.systemui.navbar.gestural_narrow_back
01-01 09:54:52.444 1112 1112 W PackageSettings: Missing permission state for package: com.android.cellbroadcastreceiver.overlay.common
01-01 09:54:52.445 1112 1112 W PackageSettings: Missing permission state for shared user: android.uid.log
01-01 09:54:52.445 1112 1112 W PackageSettings: Missing permission state for shared user: android.uid.uwb
01-01 09:54:52.456 808 924 I liblog : 28
01-01 09:54:52.501 1112 1112 D PackageManagerTiming: read user settings took to complete: 239ms
01-01 09:54:52.515 1112 1112 I boot_progress_pms_system_scan_start: 38812
01-01 09:54:52.519 1112 1112 D PackageManager: Keeping known cache c59f24fc171f005bfbd4034ce0d5e0832920ddbe
01-01 09:54:52.522 1112 1112 W PackageManager: Wiping cache directory because the system partition changed.
01-01 09:54:52.559 0 0 E init : Control message: Could not find 'android.frameworks.sensorservice@1.0::ISensorManager/default' for ctl.interface_start from pid: 499 (/system/bin/hwservicemanager)
01-01 09:54:52.579 0 0 E init : Control message: Could not find 'android.frameworks.sensorservice@1.0::ISensorManager/default' for ctl.interface_start from pid: 499 (/system/bin/hwservicemanager)
01-01 09:54:52.653 1112 1112 W android.permission.PermissionManager: Missing ActivityManager; assuming 1000 holds android.permission.WATCH_APPOPS
01-01 09:54:52.654 1112 1112 W android.permission.PermissionManager: Missing ActivityManager; assuming 1000 holds android.permission.WATCH_APPOPS
01-01 09:54:52.673 1112 1112 D CompatibilityChangeReporter: Compat change id reported: 143539591; UID -1; state: ENABLED
01-01 09:54:52.686 0 0 E : msm_qti_pp_get_rms_value_control, back not active to query rms be_idx:3
01-01 09:54:52.715 1112 1112 D CompatibilityChangeReporter: Compat change id reported: 143539591; UID -1; state: DISABLED
01-01 09:54:52.716 1112 1112 D CompatibilityChangeReporter: Compat change id reported: 168782947; UID -1; state: ENABLED
01-01 09:54:52.727 1112 1112 W PackageManager: Failed to parse /system/framework/arm64: Missing base APK in /system/framework/arm64
01-01 09:54:52.727 1112 1112 W PackageManager: Failed to parse /system/framework/arm: Missing base APK in /system/framework/arm
01-01 09:54:52.727 1112 1112 W PackageManager: Failed to parse /system/framework/oat: Missing base APK in /system/framework/oat
01-01 09:54:52.716 0 0 I core_get_license_status: cmdrsp_license_result.result = 0x15 for module 0x131ff
01-01 09:54:52.717 0 0 E msm_ext_disp_update_audio_ops: Display not found (EXT_DISPLAY_TYPE_DP) ctld (0) stream (0)
01-01 09:54:52.727 0 0 E msm_ext_disp_update_audio_ops: Display not found (EXT_DISPLAY_TYPE_HDMI) ctld (0) stream (0)
01-01 09:54:52.737 0 0 E msm_ext_disp_update_audio_ops: Display not found (EXT_DISPLAY_TYPE_DP) ctld (0) stream (0)
01-01 09:54:52.747 0 0 E msm_ext_disp_update_audio_ops: Display not found (EXT_DISPLAY_TYPE_DP) ctld (0) stream (0)
01-01 09:54:52.757 0 0 E msm_ext_disp_update_audio_ops: Display not found (EXT_DISPLAY_TYPE_DP) ctld (0) stream (0)
01-01 09:54:52.767 0 0 E msm-ext-disp-audio-codec-rx soc: qcom,msm-ext-disp:qcom,msm-ext-disp-audio-codec-rx: msm_ext_disp_audio_type_get: get_audio_edid_blk() or get_intf_id is NULL
01-01 09:54:52.784 0 0 E msm_ext_disp_update_audio_ops: Display not found (EXT_DISPLAY_TYPE_DP) ctld (0) stream (0)
01-01 09:54:52.793 0 0 E msm-ext-disp-audio-codec-rx soc: qcom,msm-ext-disp:qcom,msm-ext-disp-audio-codec-rx: msm_ext_disp_audio_type_get: get_audio_edid_blk() or get_intf_id is NULL
01-01 09:54:52.812 0 0 E msm_ext_disp_update_audio_ops: Display not found (EXT_DISPLAY_TYPE_DP) ctld (0) stream (0)
01-01 09:54:52.818 1112 1703 D CompatibilityChangeReporter: Compat change id reported: 150232615; UID -1; state: DISABLED
01-01 09:54:52.822 0 0 E msm-ext-disp-audio-codec-rx soc: qcom,msm-ext-disp:qcom,msm-ext-disp-audio-codec-rx: msm_ext_disp_audio_type_get: get_audio_edid_blk() or get_intf_id is NULL
01-01 09:54:52.824 1112 1112 D CompatibilityChangeReporter: Compat change id reported: 168782947; UID -1; state: DISABLED
01-01 09:54:52.842 0 0 E msm-ext-disp-audio-codec-rx soc: qcom,msm-ext-disp:qcom,msm-ext-disp-audio-codec-rx: msm_ext_disp_audio_device_get: invalid dai id: 4
01-01 09:54:52.880 1112 1703 W PackageParsing: No actions in intent-filter at /system/priv-app/BuiltInPrintService/BuiltInPrintService.apk Binary XML file line #53
01-01 09:54:53.001 1112 1702 W PackageParsing: No actions in intent-filter at /system/priv-app/baidu_ime-mainLine-release/baidu_ime-mainLine-release.apk Binary XML file line #1529
01-01 09:54:53.026 1112 1703 W PackageParsing: Ignoring duplicate uses-permissions/uses-permissions-sdk-m: android.permission.ACCESS_WIFI_STATE in package: com.microsoft.emmx at: Binary XML file line #105
01-01 09:54:53.026 0 0 E : msm_pcm_volume_ctl_get substream not found
01-01 09:54:53.042 1112 1703 I PackageParsing: Parse times for '/system/priv-app/com.microsoft.emmx_134305015': parse=99ms, update_cache=3 ms
01-01 09:54:53.088 1225 1225 E iorapd : Cannot get package manager service!
01-01 09:54:53.100 1112 1701 W PackageParsing: No actions in intent-filter at /system/app/Bluetooth/Bluetooth.apk Binary XML file line #186
01-01 09:54:53.100 1112 1701 W PackageParsing: No actions in intent-filter at /system/app/Bluetooth/Bluetooth.apk Binary XML file line #210
01-01 09:54:53.100 1112 1701 W PackageParsing: No actions in intent-filter at /system/app/Bluetooth/Bluetooth.apk Binary XML file line #284
01-01 09:54:53.185 1112 1112 W PackageManager: Failed to parse /vendor/app/CneApp: Missing base APK in /vendor/app/CneApp/lib/arm64
01-01 09:54:53.235 0 0 E : msm_qti_pp_get_rms_value_control, back not active to query rms be_idx:3
01-01 09:54:53.263 0 0 I core_get_license_status: cmdrsp_license_result.result = 0x15 for module 0x131ff
01-01 09:54:53.266 0 0 E msm_ext_disp_update_audio_ops: Display not found (EXT_DISPLAY_TYPE_DP) ctld (0) stream (0)
01-01 09:54:53.279 0 0 E msm_ext_disp_update_audio_ops: Display not found (EXT_DISPLAY_TYPE_HDMI) ctld (0) stream (0)
01-01 09:54:53.289 0 0 E msm_ext_disp_update_audio_ops: Display not found (EXT_DISPLAY_TYPE_DP) ctld (0) stream (0)
01-01 09:54:53.299 0 0 E msm_ext_disp_update_audio_ops: Display not found (EXT_DISPLAY_TYPE_DP) ctld (0) stream (0)
01-01 09:54:53.309 0 0 E msm_ext_disp_update_audio_ops: Display not found (EXT_DISPLAY_TYPE_DP) ctld (0) stream (0)
01-01 09:54:53.320 0 0 E msm-ext-disp-audio-codec-rx soc: qcom,msm-ext-disp:qcom,msm-ext-disp-audio-codec-rx: msm_ext_disp_audio_type_get: get_audio_edid_blk() or get_intf_id is NULL
01-01 09:54:53.337 0 0 E msm_ext_disp_update_audio_ops: Display not found (EXT_DISPLAY_TYPE_DP) ctld (0) stream (0)
01-01 09:54:53.347 0 0 E msm-ext-disp-audio-codec-rx soc: qcom,msm-ext-disp:qcom,msm-ext-disp-audio-codec-rx: msm_ext_disp_audio_type_get: get_audio_edid_blk() or get_intf_id is NULL
01-01 09:54:53.364 0 0 E msm_ext_disp_update_audio_ops: Display not found (EXT_DISPLAY_TYPE_DP) ctld (0) stream (0)
01-01 09:54:53.374 0 0 E msm-ext-disp-audio-codec-rx soc: qcom,msm-ext-disp:qcom,msm-ext-disp-audio-codec-rx: msm_ext_disp_audio_type_get: get_audio_edid_blk() or get_intf_id is NULL
01-01 09:54:53.395 0 0 E msm-ext-disp-audio-codec-rx soc: qcom,msm-ext-disp:qcom,msm-ext-disp-audio-codec-rx: msm_ext_disp_audio_device_get: invalid dai id: 4
