10-31 13:10:42.136 1112 1199 I ActivityManager: Start proc 3495:com.android.localtransport/1000 for service {com.android.localtransport/com.android.localtransport.LocalTransportService}
10-31 13:10:42.137 1112 1199 W ActivityManager: Slow operation: 94ms so far, now at startProcess: starting to update pids map
10-31 13:10:42.137 671 671 I netd : setProcSysNet(4, 2, wlan0, ucast_solicit, 10) <0.13ms>
10-31 13:10:42.137 3203 3342 I ExternalStorageServiceImpl: Ignoring volume state for vol:external_primary. State: checking
10-31 13:10:42.137 1112 1199 W ActivityManager: Slow operation: 95ms so far, now at startProcess: done updating pids map
10-31 13:10:42.136 2065 2205 D a2dp_codec: A2DP_GetCodecType:
10-31 13:10:42.137 2065 2205 D a2dp_codec: A2DP_GetCodecType:
10-31 13:10:42.137 2065 2205 E bt_btif : bta_av_co_get_active_peer: active peer index: 0
10-31 13:10:42.137 2065 2205 D a2dp_codec: getCodecConfigAndCapabilities: current_codec_config_ not null, getCodecConfig()
10-31 13:10:42.137 2065 2205 W bt_btif : BT controller doesn't support scrambling
10-31 13:10:42.137 2065 2205 D a2dp_codec: A2DP_GetCodecType:
10-31 13:10:42.137 671 671 I netd : setProcSysNet(6, 2, wlan0, retrans_time_ms, 750) <0.18ms>
10-31 13:10:42.137 2065 2205 I bt_stack: [INFO:a2dp_encoding.cc(1418)] a2dp_get_selected_hal_codec_config: codec_type
10-31 13:10:42.138 2065 2205 E a2dp_sbc_encoder: a2dp_sbc_calulate_offload_bitrate is peer edr = 1
10-31 13:10:42.138 2065 2205 D a2dp_codec: A2DP_GetCodecType:
10-31 13:10:42.138 2065 2205 D a2dp_sbc_encoder: a2dp_sbc_calulate_offload_bitrate: sample_rate=44100 bits_per_sample=16 channel_count=2 min_bitpool=2 max_bitpool=35
10-31 13:10:42.138 2065 2205 D a2dp_sbc_encoder: a2dp_sbc_offload_source_rate
10-31 13:10:42.138 2065 2205 D a2dp_sbc_encoder: a2dp_sbc_offload_source_rate rate = 345
10-31 13:10:42.138 2065 2205 W a2dp_sbc_encoder: initial bitrate = 345
10-31 13:10:42.138 2065 2205 D a2dp_sbc_encoder: a2dp_sbc_calulate_offload_bitrate: bitpool candidate: 56 (345 kbps)
10-31 13:10:42.138 671 671 I netd : setProcSysNet(6, 2, wlan0, ucast_solicit, 10) <0.11ms>
10-31 13:10:42.138 671 733 I netd : trafficSwapActiveStatsMap() <10.13ms>
10-31 13:10:42.140 2065 2087 D HearingAidService: getActiveDevices
10-31 13:10:42.140 2065 2205 D a2dp_sbc_encoder: a2dp_sbc_calulate_offload_bitrate: computed bitpool too large (56)
10-31 13:10:42.140 2065 2205 D a2dp_sbc_encoder: a2dp_sbc_calulate_offload_bitrate: bitpool candidate: 55 (340 kbps)
10-31 13:10:42.140 2065 2205 D a2dp_sbc_encoder: a2dp_sbc_calulate_offload_bitrate: computed bitpool too large (55)
10-31 13:10:42.140 2065 2205 D a2dp_sbc_encoder: a2dp_sbc_calulate_offload_bitrate: bitpool candidate: 54 (335 kbps)
10-31 13:10:42.140 2065 2205 D a2dp_sbc_encoder: a2dp_sbc_calulate_offload_bitrate: computed bitpool too large (54)
10-31 13:10:42.140 2065 2205 D a2dp_sbc_encoder: a2dp_sbc_calulate_offload_bitrate: bitpool candidate: 53 (330 kbps)
10-31 13:10:42.140 2065 2205 E a2dp_sbc_encoder: offload_bitrate for sbc = 330
10-31 13:10:42.140 2065 2205 I bt_stack: [INFO:a2dp_encoding.cc(1423)] a2dp_get_selected_hal_codec_configSBC bitrate330
10-31 13:10:42.140 2065 2205 I bt_stack: [INFO:a2dp_encoding.cc(1466)] a2dp_get_selected_hal_codec_config: CodecConfiguration={.codecType = SBC, .encodedAudioBitrate = 330000, .peerMtu = 659, .isScmstEnabled = 0, .isScramblingEnabled = 0, .config = {.sbcConfig = {.sampleRate = RATE_44100, .channelMode = JOINT_STEREO, .blockLength = BLOCKS_16, .numSubbands = SUBBAND_8, .allocMethod = ALLOC_MD_L, .bitsPerSample = BITS_16, .minBitpool = 2, .maxBitpool = 53}, .aacConfig = {.objectType = 0x1, .sampleRate = 0x1041001, .channelMode = MONO, .variableBitRateEnabled = 0x2, .bitsPerSample = 0x35, .frameControlEnabled = 0}, .ldacConfig = {.sampleRate = RATE_44100, .channelMode = STEREO, .qualityIndex = 0x10, .bitsPerSample = BITS_32}, .aptxConfig = {.sampleRate = RATE_44100, .channelMode = MONO, .bitsPerSample = 0x10}, .aptxAdaptiveConfig = {.sampleRate = RATE_44100, .channelMode = 0x1041001, .bitsPerSample = BITS_16, .aptxMode = UNKNOWN, .sinkBuffering = {.minSinkBuff_LL = 0, .maxSinkBuff_LL = 0, .minSinkBuff_HQ = 0, .maxSinkBuff_HQ = 0, .minSinkBuff_TWS = 0, .maxSinkBuff_TWS = 0}, .ttp = {.TTP_LL_low = 0, .TTP_LL_high = 0, .TTP_HQ_low = 0, .TTP_HQ_high = 0, .TTP_TWS_low = 0, .TTP_TWS_high = 0}, .inputMode = STEREO, .inputFadeDuration = 0, .aptxAdaptiveConfigStream = [25]{0, 0, 0, 0, 0, 0, 0, 0, 0, 0, 0, 0, 0, 0, 0, 0, 0, 0, 0, 0, 0, 0, 0, 0, 0}}, .aptxTwsConfig = {.sampleRate = RATE_44100, .channelMode = MONO, .syncMode = 16}, .baCeltConfig = {.sampleRate = RATE_44100, .channelMode = MONO, .frameSize = 260, .complexity = 513, .predictionMode = 53, .vbrFlag = 0}}}
10-31 13:10:42.140 2065 2807 D a2dp_codec: A2DP_GetCodecType:
10-31 13:10:42.140 2065 2807 E bt_btif : bta_av_co_get_active_peer: active peer index: 0
10-31 13:10:42.140 2065 2807 I a2dp_sbc_encoder: sbc is running in offload mode
10-31 13:10:42.140 2065 2807 I a2dp_sbc_encoder: a2dp_sbc_get_encoder_interval_ms:sbc is running in offload mode
10-31 13:10:42.140 2065 2205 W bt_stack: [WARNING:a2dp_encoding.cc(2564)] start_session
10-31 13:10:42.141 3203 3342 V MediaStore: Examining volume emulated;0 with name external_primary and state mounted
10-31 13:10:42.141 499 499 I hwservicemanager: getTransport: Cannot find entry vendor.qti.hardware.bluetooth_audio@2.1::IBluetoothAudioProvidersFactory/default in either framework or device VINTF manifest.
10-31 13:10:42.145 2065 2205 I bt_stack: [INFO:client_interface.cc(398)] IBluetoothAudioProvidersFactory::getService() returned 0xb40000788a8c0850 (remote)
10-31 13:10:42.146 808 2069 I BTAudioProvidersFactory: getProviderCapabilities - SessionType=A2DP_HARDWARE_OFFLOAD_DATAPATH supports 6 codecs
10-31 13:10:42.146 671 733 I netd : tetherGetStats() -> {[]} <5.73ms>
10-31 13:10:42.146 2065 2205 I bt_stack: [INFO:client_interface.cc(429)] fetch_audio_provider: BluetoothAudioHal SessionType=A2DP_HARDWARE_OFFLOAD_DATAPATH has 6 AudioCapabilities
10-31 13:10:42.146 808 2069 I BTAudioProvidersFactory: openProvider - SessionType=A2DP_HARDWARE_OFFLOAD_DATAPATH
10-31 13:10:42.147 2065 2205 I bt_stack: [INFO:client_interface.cc(439)] openProvider_cb(SUCCESS)
10-31 13:10:42.148 1283 1836 V MediaCodec: TunnelPeekState: BufferRendered -> BufferRendered
10-31 13:10:42.149 1112 1940 W BestClock: java.time.DateTimeException: Missing NTP fix
10-31 13:10:42.149 2065 2205 I bt_stack: [INFO:client_interface.cc(454)] IBluetoothAudioProvidersFactory::openProvider() returned 0xb40000788a8bd910 (remote)
10-31 13:10:42.149 1112 1940 I netstats_mobile_sample: [0,0,0,0,0,0,0,0,0,0,0,0,1667193042149]
10-31 13:10:42.149 1112 1940 I netstats_wifi_sample: [0,0,0,0,0,0,0,0,0,0,0,0,1667193042149]
10-31 13:10:42.150 808 2069 I BTAudioProviderStub: startSession - SessionType=A2DP_HARDWARE_OFFLOAD_DATAPATH, AudioConfiguration=[{.pcmConfig = {.sampleRate = RATE_44100, .channelMode = 0x10, .bitsPerSample = 0x9}, .codecConfig = {.codecType = SBC, .encodedAudioBitrate = 330000, .peerMtu = 659, .isScmstEnabled = 0, .isScramblingEnabled = 0, .config = {.sbcConfig = {.sampleRate = RATE_44100, .channelMode = JOINT_STEREO, .blockLength = BLOCKS_16, .numSubbands = SUBBAND_8, .allocMethod = ALLOC_MD_L, .bitsPerSample = BITS_16, .minBitpool = 2, .maxBitpool = 53}, .aacConfig = {.objectType = 0x1, .sampleRate = 0x1041001, .channelMode = MONO, .variableBitRateEnabled = 0x2, .bitsPerSample = 0x35, .frameControlEnabled = 0}, .ldacConfig = {.sampleRate = RATE_44100, .channelMode = STEREO, .qualityIndex = 0x10, .bitsPerSample = BITS_32}, .aptxConfig = {.sampleRate = RATE_44100, .channelMode = MONO, .bitsPerSample = 0x10}, .aptxAdaptiveConfig = {.sampleRate = RATE_44100, .channelMode = 0x1041001, .bitsPerSample = BITS_16, .aptxMode = UNKNOWN, .sinkBuffering = {.minSinkBuff_LL = 0, .maxSinkBuff_LL = 0, .minSinkBuff_HQ = 0, .maxSinkBuff_HQ = 0, .minSinkBuff_TWS = 0, .maxSinkBuff_TWS = 0}, .ttp = {.TTP_LL_low = 0, .TTP_LL_high = 0, .TTP_HQ_low = 0, .TTP_HQ_high = 0, .TTP_TWS_low = 0, .TTP_TWS_high = 0}, .inputMode = STEREO, .inputFadeDuration = 0, .aptxAdaptiveConfigStream = [25]{0, 0, 0, 0, 0, 0, 0, 0, 0, 0, 0, 0, 0, 0, 0, 0, 0, 0, 0, 0, 0, 0, 0, 0, 0}}, .aptxTwsConfig = {.sampleRate = RATE_44100, .channelMode = MONO, .syncMode = 16}, .baCeltConfig = {.sampleRate = RATE_44100, .channelMode = MONO, .frameSize = 260, .complexity = 513, .predictionMode = 53, .vbrFlag = 0}}}}]
10-31 13:10:42.150 808 2069 I BTAudioProviderSession: OnSessionStarted - SessionType=A2DP_HARDWARE_OFFLOAD_DATAPATH, AudioConfiguration={.pcmConfig = {.sampleRate = RATE_44100, .channelMode = 0x10, .bitsPerSample = 0x9}, .codecConfig = {.codecType = SBC, .encodedAudioBitrate = 330000, .peerMtu = 659, .isScmstEnabled = 0, .isScramblingEnabled = 0, .config = {.sbcConfig = {.sampleRate = RATE_44100, .channelMode = JOINT_STEREO, .blockLength = BLOCKS_16, .numSubbands = SUBBAND_8, .allocMethod = ALLOC_MD_L, .bitsPerSample = BITS_16, .minBitpool = 2, .maxBitpool = 53}, .aacConfig = {.objectType = 0x1, .sampleRate = 0x1041001, .channelMode = MONO, .variableBitRateEnabled = 0x2, .bitsPerSample = 0x35, .frameControlEnabled = 0}, .ldacConfig = {.sampleRate = RATE_44100, .channelMode = STEREO, .qualityIndex = 0x10, .bitsPerSample = BITS_32}, .aptxConfig = {.sampleRate = RATE_44100, .channelMode = MONO, .bitsPerSample = 0x10}, .aptxAdaptiveConfig = {.sampleRate = RATE_44100, .channelMode = 0x1041001, .bitsPerSample = BITS_16, .aptxMode = UNKNOWN, .sinkBuffering = {.minSinkBuff_LL = 0, .maxSinkBuff_LL = 0, .minSinkBuff_HQ = 0, .maxSinkBuff_HQ = 0, .minSinkBuff_TWS = 0, .maxSinkBuff_TWS = 0}, .ttp = {.TTP_LL_low = 0, .TTP_LL_high = 0, .TTP_HQ_low = 0, .TTP_HQ_high = 0, .TTP_TWS_low = 0, .TTP_TWS_high = 0}, .inputMode = STEREO, .inputFadeDuration = 0, .aptxAdaptiveConfigStream = [25]{0, 0, 0, 0, 0, 0, 0, 0, 0, 0, 0, 0, 0, 0, 0, 0, 0, 0, 0, 0, 0, 0, 0, 0, 0}}, .aptxTwsConfig = {.sampleRate = RATE_44100, .channelMode = MONO, .syncMode = 16}, .baCeltConfig = {.sampleRate = RATE_44100, .channelMode = MONO, .frameSize = 260, .complexity = 513, .predictionMode = 53, .vbrFlag = 0}}}}
10-31 13:10:42.150 808 2069 I BTAudioProviderSession: ReportSessionStatus - SessionType=A2DP_HARDWARE_OFFLOAD_DATAPATH has NO port state observer
10-31 13:10:42.150 2065 2205 I bt_stack: [INFO:client_interface.cc(526)] startSession_cb(SUCCESS)
10-31 13:10:42.150 2065 2205 E bt_btif : bta_av_co_get_active_peer: active peer index: 0
10-31 13:10:42.150 2065 2205 I bt_stack: [INFO:a2dp_encoding.cc(2738)] set_remote_delay: DELAY 0 ms
10-31 13:10:42.150 808 2069 I BluetoothA2dpControl: updateSinkLatency Latency update from stack: 0
10-31 13:10:42.150 1112 1852 I StorageSessionController: Notifying volume state changed for session with id: emulated;0
10-31 13:10:42.150 808 2069 I BTAudioProviderSession: OnSessionParamUpdate Update Sink Latency: 0
10-31 13:10:42.151 2065 2205 D bt_btif : btif_av_state_opened_handler: event: UNKNOWN_EVENT, flags: 0, peer_sep: 1, index: 0 reconfig_event: 0, codec_cfg_change: 0, reconfig_pending: 0, reconfig_a2dp: 0, is_retry_reconfig: 0
10-31 13:10:42.151 2065 2205 W bt_btif : btif_av_state_opened_handler : unhandled event:UNKNOWN_EVENT
10-31 13:10:42.151 2065 2205 D bt_btif : Process BTIF_AV_SOURCE_CONFIG_UPDATED_EVT on idx = 0
10-31 13:10:42.151 2065 2205 D bt_btif : btif_av_state_opened_handler: event: BTIF_AV_SOURCE_CONFIG_UPDATED_EVT, flags: 0, peer_sep: 1, index: 0 reconfig_event: 0, codec_cfg_change: 0, reconfig_pending: 0, reconfig_a2dp: 0, is_retry_reconfig: 0
10-31 13:10:42.151 2065 2205 E bt_btif : bta_av_get_peer_a2dp_codecs() i = 0
10-31 13:10:42.151 2065 2205 D a2dp_codec: getCodecConfigAndCapabilities: current_codec_config_ not null, getCodecConfig()
10-31 13:10:42.151 2065 2205 I btif_av : isBATEnabled: 0
10-31 13:10:42.151 2065 2205 E bt_btif : bta_av_co_get_active_peer: active peer index: 0
10-31 13:10:42.151 2065 2205 E bt_btif : bta_av_co_get_active_peer: active peer index: 0
10-31 13:10:42.151 2065 2205 E bt_btif : bta_av_co_get_active_peer: active peer index: 0
10-31 13:10:42.151 671 3488 D resolv : Calling SSL_connect with mark 0xf0064
10-31 13:10:42.151 2065 2205 E bt_stack: [ERROR:a2dp_encoding.cc(578)] a2dp_is_audio_codec_config_params_changed: current codec_type=0: hidl codec type=1
10-31 13:10:42.151 671 3488 D resolv : SSL_connect returned -1 with mark 0xf0064
10-31 13:10:42.151 2065 2205 D a2dp_codec: A2DP_GetCodecType:
10-31 13:10:42.151 671 3488 W resolv : SSL_connect ssl error =5, mark 0xf0064: Connection refused
10-31 13:10:42.151 2065 2205 D a2dp_codec: A2DP_GetCodecType:
10-31 13:10:42.151 2065 2205 D a2dp_codec: A2DP_GetCodecType:
10-31 13:10:42.151 671 3488 W resolv : TLS Handshake failed
10-31 13:10:42.151 671 3488 D resolv : Initialization failed.
10-31 13:10:42.151 671 3488 D resolv : Destructor
10-31 13:10:42.151 671 3488 D resolv : Destructor completed
10-31 13:10:42.151 671 3488 D resolv : Failing all pending queries.
10-31 13:10:42.151 671 3488 W resolv : query failed
10-31 13:10:42.151 671 3488 D resolv : Destructor
10-31 13:10:42.151 671 3488 D resolv : Locked destruction procedure
10-31 13:10:42.152 671 3488 D resolv : Destructor completed
10-31 13:10:42.152 671 3488 W resolv : validateDnsTlsServer returned 0 for 192.168.31.1
10-31 13:10:42.152 671 3488 D resolv : Sending validation failure event on netId 100 for 192.168.31.1 with hostname {}
10-31 13:10:42.152 671 3488 W resolv : Validation failed
10-31 13:10:42.156 1112 1911 W BestClock: java.time.DateTimeException: Missing NTP fix
10-31 13:10:42.157 3203 3203 V MediaStore: Examining volume emulated;0 with name external_primary and state mounted
10-31 13:10:42.158 1112 1911 W BestClock: java.time.DateTimeException: Missing NTP fix
10-31 13:10:42.164 1112 1918 D WifiClientModeImpl[wlan0]: Received signal strength thresholds: []
10-31 13:10:42.164 1112 1940 D ConnectivityService: NetReassign [27 : null → 100, 21 : null → 100, 31 : null → 100, 23 : null → 100, 29 : null → 100, 25 : null → 100, 15 : null → 100, 17 : null → 100, 1 : null → 100, 7 : null → 100]
10-31 13:10:42.165 1112 1918 E WifiVendorHal: stopRssiMonitoring(l.2617) failed {.code = ERROR_NOT_AVAILABLE, .description = }
10-31 13:10:42.165 1112 1940 D ConnectivityService: Switching to new default network for: uid/pid:1000/1112 activeRequest: 1 callbackRequest: 1 [NetworkRequest [ REQUEST id=1, [ Capabilities: INTERNET&NOT_RESTRICTED&TRUSTED&NOT_VPN&NOT_VCN_MANAGED RequestorUid: 1000 RequestorPkg: android] ]] callback flags: 1 priority: 2147483647 using NetworkAgentInfo{network{100} handle{432902426637} ni{WIFI CONNECTED extra: } Score(53 ; KeepConnected : 1 ; Policies : TRANSPORT_PRIMARY&IS_UNMETERED) lp{{InterfaceName: wlan0 LinkAddresses: [ fe80::c8b9:99ff:fe11:5bde/64,192.168.31.71/24 ] DnsAddresses: [ /192.168.31.1 ] Domains: null MTU: 0 ServerAddress: /192.168.31.1 TcpBufferSizes: 524288,1048576,2097152,262144,524288,1048576 Routes: [ fe80::/64 -> :: wlan0 mtu 0,192.168.31.0/24 -> 0.0.0.0 wlan0 mtu 0,0.0.0.0/0 -> 192.168.31.1 wlan0 mtu 0 ]}} nc{[ Transports: WIFI Capabilities: NOT_METERED&INTERNET&NOT_RESTRICTED&TRUSTED&NOT_VPN&NOT_ROAMING&FOREGROUND&NOT_CONGESTED&NOT_SUSPENDED&NOT_VCN_MANAGED LinkUpBandwidth>=12000Kbps LinkDnBandwidth>=42366Kbps Specifier: TransportInfo: SignalStrength: -77 OwnerUid: 1000 AdminUids: [1000] SSID: "ThunderSoft_XTS_5G"]}}
10-31 13:10:42.166 671 733 I netd : networkSetDefault(100) <0.48ms>
10-31 13:10:42.169 2065 2242 D A2dpService: updateAndBroadcastActiveDevice(A4:77:58:71:7A:9A)
10-31 13:10:42.173 2372 3496 D NetworkMonitor/100: Validation disabled.
10-31 13:10:42.176 671 721 E NetlinkEvent: NetlinkEvent::FindParam(): Parameter 'INTERFACE' not found
10-31 13:10:42.176 671 721 E NetlinkEvent: NetlinkEvent::FindParam(): Parameter 'STATE' not found
10-31 13:10:42.176 671 721 E NetlinkEvent: NetlinkEvent::FindParam(): Parameter 'TIME_NS' not found
10-31 13:10:42.176 671 721 E NetlinkEvent: NetlinkEvent::FindParam(): Parameter 'UID' not found
10-31 13:10:42.177 2065 2205 I BluetoothA2dpServiceJni: bta2dp_audio_config_callback
10-31 13:10:42.179 2065 2205 D A2dpNativeInterface: onCodecConfigChanged: A2dpStackEvent {type:EVENT_TYPE_CODEC_CONFIG_CHANGED, device:A4:77:58:71:7A:9A, value1:0, codecStatus:{mCodecConfig:{codecName:SBC,mCodecType:0,mCodecPriority:1001,mSampleRate:0x1(44100),mBitsPerSample:0x1(16),mChannelMode:0x2(STEREO),mCodecSpecific1:0,mCodecSpecific2:0,mCodecSpecific3:0,mCodecSpecific4:0},mCodecsLocalCapabilities:[{codecName:AAC,mCodecType:1,mCodecPriority:2001,mSampleRate:0x1(44100),mBitsPerSample:0x1(16),mChannelMode:0x2(STEREO),mCodecSpecific1:0,mCodecSpecific2:0,mCodecSpecific3:0,mCodecSpecific4:0}, {codecName:SBC,mCodecType:0,mCodecPriority:1001,mSampleRate:0x1(44100),mBitsPerSample:0x1(16),mChannelMode:0x3(MONO|STEREO),mCodecSpecific1:0,mCodecSpecific2:0,mCodecSpecific3:0,mCodecSpecific4:0}],mCodecsSelectableCapabilities:[{codecName:SBC,mCodecType:0,mCodecPriority:1001,mSampleRate:0x1(44100),mBitsPerSample:0x1(16),mChannelMode:0x3(MONO|STEREO),mCodecSpecific1:0,mCodecSpecific2:0,mCodecSpecific3:0,mCodecSpecific4:0}]}}
10-31 13:10:42.181 2065 2205 D A2dpService: messageFromNative: Going to acquire mVariableLock.
10-31 13:10:42.181 2065 2205 D A2dpService: messageFromNative: Acquired mVariableLock
10-31 13:10:42.181 2065 2205 D A2dpService: messageFromNative: Released mVariableLock
10-31 13:10:42.182 2065 2205 D A2dpService: messageFromNative: Sending STACK_EVENT: A2dpStackEvent {type:EVENT_TYPE_CODEC_CONFIG_CHANGED, device:A4:77:58:71:7A:9A, value1:0, codecStatus:{mCodecConfig:{codecName:SBC,mCodecType:0,mCodecPriority:1001,mSampleRate:0x1(44100),mBitsPerSample:0x1(16),mChannelMode:0x2(STEREO),mCodecSpecific1:0,mCodecSpecific2:0,mCodecSpecific3:0,mCodecSpecific4:0},mCodecsLocalCapabilities:[{codecName:AAC,mCodecType:1,mCodecPriority:2001,mSampleRate:0x1(44100),mBitsPerSample:0x1(16),mChannelMode:0x2(STEREO),mCodecSpecific1:0,mCodecSpecific2:0,mCodecSpecific3:0,mCodecSpecific4:0}, {codecName:SBC,mCodecType:0,mCodecPriority:1001,mSampleRate:0x1(44100),mBitsPerSample:0x1(16),mChannelMode:0x3(MONO|STEREO),mCodecSpecific1:0,mCodecSpecific2:0,mCodecSpecific3:0,mCodecSpecific4:0}],mCodecsSelectableCapabilities:[{codecName:SBC,mCodecType:0,mCodecPriority:1001,mSampleRate:0x1(44100),mBitsPerSample:0x1(16),mChannelMode:0x3(MONO|STEREO),mCodecSpecific1:0,mCodecSpecific2:0,mCodecSpecific3:0,mCodecSpecific4:0}]}} to sm.
10-31 13:10:42.182 1283 1836 V MediaCodec: TunnelPeekState: BufferRendered -> BufferRendered
10-31 13:10:42.183 2065 2796 D HearingAidService: getActiveDevices
10-31 13:10:42.183 2065 2242 D A2dpService: setActiveDevice(A4:77:58:71:7A:9A): completed
10-31 13:10:42.183 2065 2242 W Avrcp_ext: setActiveDevice call for device A4:77:58:71:7A:9A
10-31 13:10:42.183 2065 2799 V Avrcp_ext: AvrcpMessageHandler: received message=35
10-31 13:10:42.183 2065 2799 D Avrcp_ext: MSG_SET_ACTIVE_DEVICE
10-31 13:10:42.184 2065 2799 E Avrcp_ext: returning invalid index
10-31 13:10:42.184 2065 2242 D A2dpService: broadcastCodecConfig(A4:77:58:71:7A:9A): {mCodecConfig:{codecName:SBC,mCodecType:0,mCodecPriority:1001,mSampleRate:0x1(44100),mBitsPerSample:0x1(16),mChannelMode:0x2(STEREO),mCodecSpecific1:0,mCodecSpecific2:0,mCodecSpecific3:0,mCodecSpecific4:0},mCodecsLocalCapabilities:[{codecName:AAC,mCodecType:1,mCodecPriority:2001,mSampleRate:0x1(44100),mBitsPerSample:0x1(16),mChannelMode:0x2(STEREO),mCodecSpecific1:0,mCodecSpecific2:0,mCodecSpecific3:0,mCodecSpecific4:0}, {codecName:SBC,mCodecType:0,mCodecPriority:1001,mSampleRate:0x1(44100),mBitsPerSample:0x1(16),mChannelMode:0x3(MONO|STEREO),mCodecSpecific1:0,mCodecSpecific2:0,mCodecSpecific3:0,mCodecSpecific4:0}],mCodecsSelectableCapabilities:[{codecName:SBC,mCodecType:0,mCodecPriority:1001,mSampleRate:0x1(44100),mBitsPerSample:0x1(16),mChannelMode:0x3(MONO|STEREO),mCodecSpecific1:0,mCodecSpecific2:0,mCodecSpecific3:0,mCodecSpecific4:0}]}
10-31 13:10:42.184 2065 2799 E Avrcp_ext: Invalid device index for setActiveDevice
10-31 13:10:42.184 2065 2799 V Avrcp_ext: Exit handleMessage
10-31 13:10:42.184 3341 3491 I MMKV : page size:4096
10-31 13:10:42.184 2065 2205 I btif_av : isBATEnabled: 0
10-31 13:10:42.185 2065 2806 D A2dpStateMachine: handleMessage: E msg.what=101
10-31 13:10:42.185 2065 2806 D A2dpStateMachine: processMsg: Connected
10-31 13:10:42.186 671 733 I netd : idletimerAddInterface(wlan0, 15, 1) <18.97ms>
10-31 13:10:42.186 2065 2065 I BluetoothPhonePolicy: processActiveDeviceChanged, device=A4:77:58:71:7A:9A, profile=2
10-31 13:10:42.186 2065 2065 D BluetoothDatabase: setConnection: device=A4:77:58:71:7A:9A and isA2dpDevice=true
10-31 13:10:42.186 2065 2205 E bt_btif : bta_av_co_get_active_peer: active peer index: 0
10-31 13:10:42.186 2065 2205 E bt_btif : bta_av_co_get_active_peer: active peer index: 0
10-31 13:10:42.186 2065 2205 W bt_btif : btif_av_handle_event: device a4:77:58:71:7a:9a
10-31 13:10:42.186 2065 2205 E bt_btif : btif_rc_get_device_by_bda: device not found, returning NULL!
10-31 13:10:42.186 2065 2205 E bt_btif : btif_rc_check_handle_pending_play: p_dev NULL
10-31 13:10:42.187 2065 2205 D bt_btif : btif_av_state_opened_handler: event: UNKNOWN_EVENT, flags: 0, peer_sep: 1, index: 0 reconfig_event: 0, codec_cfg_change: 0, reconfig_pending: 0, reconfig_a2dp: 0, is_retry_reconfig: 0
10-31 13:10:42.187 2065 2205 W bt_btif : btif_av_state_opened_handler : unhandled event:UNKNOWN_EVENT
10-31 13:10:42.188 3341 3491 I MMKV : root dir: /data/user/0/com.baidu.input/files/mmkv
10-31 13:10:42.189 671 733 I netd : setTcpRWmemorySize(524288 1048576 2097152, 262144 524288 1048576) <0.30ms>
10-31 13:10:42.191 2065 2796 E HeadsetStateMachine: returning mCurrentState as Connected
10-31 13:10:42.194 2065 2242 W Avrcp_ext: getVolume: Couldn't find volume preference for device: A4:77:58:71:7A:9A
10-31 13:10:42.194 2065 2806 D A2dpStateMachine: Connected process message(A4:77:58:71:7A:9A): STACK_EVENT
10-31 13:10:42.195 2065 2806 D A2dpStateMachine: Connected: stack event: A2dpStackEvent {type:EVENT_TYPE_CODEC_CONFIG_CHANGED, device:A4:77:58:71:7A:9A, value1:0, codecStatus:{mCodecConfig:{codecName:SBC,mCodecType:0,mCodecPriority:1001,mSampleRate:0x1(44100),mBitsPerSample:0x1(16),mChannelMode:0x2(STEREO),mCodecSpecific1:0,mCodecSpecific2:0,mCodecSpecific3:0,mCodecSpecific4:0},mCodecsLocalCapabilities:[{codecName:AAC,mCodecType:1,mCodecPriority:2001,mSampleRate:0x1(44100),mBitsPerSample:0x1(16),mChannelMode:0x2(STEREO),mCodecSpecific1:0,mCodecSpecific2:0,mCodecSpecific3:0,mCodecSpecific4:0}, {codecName:SBC,mCodecType:0,mCodecPriority:1001,mSampleRate:0x1(44100),mBitsPerSample:0x1(16),mChannelMode:0x3(MONO|STEREO),mCodecSpecific1:0,mCodecSpecific2:0,mCodecSpecific3:0,mCodecSpecific4:0}],mCodecsSelectableCapabilities:[{codecName:SBC,mCodecType:0,mCodecPriority:1001,mSampleRate:0x1(44100),mBitsPerSample:0x1(16),mChannelMode:0x3(MONO|STEREO),mCodecSpecific1:0,mCodecSpecific2:0,mCodecSpecific3:0,mCodecSpecific4:0}]}}
10-31 13:10:42.195 2065 2806 V A2dpStateMachine: isSplitA2dpEnabled: true
10-31 13:10:42.196 2065 2806 W A2dpStateMachine: processCodecConfigEvent: new_codec_type = 0
10-31 13:10:42.196 2065 2806 D A2dpStateMachine: A2DP Codec Config: {codecName:SBC,mCodecType:0,mCodecPriority:1001,mSampleRate:0x1(44100),mBitsPerSample:0x1(16),mChannelMode:0x2(STEREO),mCodecSpecific1:0,mCodecSpecific2:0,mCodecSpecific3:0,mCodecSpecific4:0}->{codecName:SBC,mCodecType:0,mCodecPriority:1001,mSampleRate:0x1(44100),mBitsPerSample:0x1(16),mChannelMode:0x2(STEREO),mCodecSpecific1:0,mCodecSpecific2:0,mCodecSpecific3:0,mCodecSpecific4:0}
10-31 13:10:42.196 1112 1940 W BestClock: java.time.DateTimeException: Missing NTP fix
10-31 13:10:42.196 2372 3387 W UnsafeUtil: platform method missing - proto runtime falling back to safer methods: java.lang.NoSuchMethodException: sun.misc.Unsafe.copyMemory [class java.lang.Object, long, class java.lang.Object, long, long]
10-31 13:10:42.196 2065 2806 D A2dpStateMachine: A2DP Codec Local Capability: {codecName:AAC,mCodecType:1,mCodecPriority:2001,mSampleRate:0x1(44100),mBitsPerSample:0x1(16),mChannelMode:0x2(STEREO),mCodecSpecific1:0,mCodecSpecific2:0,mCodecSpecific3:0,mCodecSpecific4:0}
10-31 13:10:42.196 2065 2806 D A2dpStateMachine: A2DP Codec Local Capability: {codecName:SBC,mCodecType:0,mCodecPriority:1001,mSampleRate:0x1(44100),mBitsPerSample:0x1(16),mChannelMode:0x3(MONO|STEREO),mCodecSpecific1:0,mCodecSpecific2:0,mCodecSpecific3:0,mCodecSpecific4:0}
10-31 13:10:42.196 2065 2806 D A2dpStateMachine: A2DP Codec Selectable Capability: {codecName:SBC,mCodecType:0,mCodecPriority:1001,mSampleRate:0x1(44100),mBitsPerSample:0x1(16),mChannelMode:0x3(MONO|STEREO),mCodecSpecific1:0,mCodecSpecific2:0,mCodecSpecific3:0,mCodecSpecific4:0}
10-31 13:10:42.197 3341 3491 I MMKV : loading [mmkv.default] with 2970 size in total, file size is 4096
10-31 13:10:42.197 3341 3491 I MMKV : loading [mmkv.default] with crc 3079352347 sequence 12
10-31 13:10:42.197 2065 2806 D A2dpStateMachine: handleMessage: X
10-31 13:10:42.197 2065 2065 D BluetoothDatabase: resetActiveA2dpDevice()
10-31 13:10:42.197 3341 3491 I MMKV : loaded [mmkv.default] with 34 values
10-31 13:10:42.197 2065 2065 D BluetoothDatabase: resetActiveA2dpDevice
10-31 13:10:42.197 2065 2065 D BluetoothDatabase: updateDatabase A4:77:58:71:7A:9A
10-31 13:10:42.198 2065 2065 D BluetoothDatabase: Updating last connected time for device: A4:77:58:71:7A:9A to 4
10-31 13:10:42.198 2065 2065 D BluetoothDatabase: updateDatabase A4:77:58:71:7A:9A
10-31 13:10:42.198 2065 2087 D BluetoothDatabase: getBondedDevicesOrdered: Invalid address for device LocalStorage
10-31 13:10:42.199 2065 2242 D A2dpService: volume = 19
10-31 13:10:42.199 2065 2242 E AudioManager: ts_debug handleBluetoothA2dpActiveDeviceChange a2dpVolume= 19
10-31 13:10:42.199 2065 2242 E AudioManager: java.lang.Throwable
10-31 13:10:42.199 2065 2242 E AudioManager: at android.media.AudioManager.handleBluetoothA2dpActiveDeviceChange(AudioManager.java:5891)
10-31 13:10:42.199 2065 2242 E AudioManager: at com.android.bluetooth.a2dp.A2dpService.setActiveDeviceInternal(A2dpService.java:1135)
10-31 13:10:42.199 2065 2242 E AudioManager: at com.android.bluetooth.a2dp.A2dpService.startSHO(A2dpService.java:1033)
10-31 13:10:42.199 2065 2242 E AudioManager: at com.android.bluetooth.avrcp.Avrcp_ext.startSHO(Avrcp_ext.java:5237)
10-31 13:10:42.199 2065 2242 E AudioManager: at com.android.bluetooth.a2dp.A2dpService.setActiveDevice(A2dpService.java:997)
10-31 13:10:42.199 2065 2242 E AudioManager: at com.android.bluetooth.btservice.ActiveDeviceManager.setA2dpActiveDevice(ActiveDeviceManager.java:550)
10-31 13:10:42.199 2065 2242 E AudioManager: at com.android.bluetooth.btservice.ActiveDeviceManager.access$400(ActiveDeviceManager.java:106)
10-31 13:10:42.199 2065 2242 E AudioManager: at com.android.bluetooth.btservice.ActiveDeviceManager$ActiveDeviceManagerHandler.handleMessage(ActiveDeviceManager.java:232)
10-31 13:10:42.199 2065 2242 E AudioManager: at android.os.Handler.dispatchMessage(Handler.java:106)
10-31 13:10:42.199 2065 2242 E AudioManager: at android.os.Looper.loopOnce(Looper.java:201)
10-31 13:10:42.199 2065 2242 E AudioManager: at android.os.Looper.loop(Looper.java:288)
10-31 13:10:42.199 2065 2242 E AudioManager: at android.os.HandlerThread.run(HandlerThread.java:67)
10-31 13:10:42.199 1112 1140 E AS.AudioService: ts_debug handleBluetoothA2dpActiveDeviceChange: a2dpVolume = 19
10-31 13:10:42.200 1112 1968 I AS.AudioDeviceBroker: handleBluetoothA2dpActiveDeviceChangeExt state=2 addr=A4:77:58:71:7A:9A prof=2 supprNoisy=true vol=19
10-31 13:10:42.200 1112 1968 D BluetoothA2dp: getCodecStatus(A4:77:58:71:7A:9A)
10-31 13:10:42.200 2065 2242 V A2dpService: isSplitA2dpEnabled: true
10-31 13:10:42.200 2065 2242 E Avrcp_ext: returning invalid index
10-31 13:10:42.200 2065 2242 W Avrcp_ext: getVolume: Couldn't find volume preference for device: A4:77:58:71:7A:9A
10-31 13:10:42.200 2065 2242 D Avrcp_ext: device allocated for abs volume support true
10-31 13:10:42.201 2065 2242 D Avrcp_ext: Returning abs volume support true
10-31 13:10:42.201 2065 2242 E Avrcp_ext: Invalid device index for setAbsVolumeFlag
10-31 13:10:42.201 2065 2242 D Avrcp_ext: 6: SHO complete
10-31 13:10:42.201 2065 2242 D BluetoothActiveDeviceManager: handleMessage(MESSAGE_A2DP_ACTION_ACTIVE_DEVICE_CHANGED): device= A4:77:58:71:7A:9A
10-31 13:10:42.201 2065 2242 D BluetoothActiveDeviceManager: set mA2dpActiveDevice to A4:77:58:71:7A:9A
10-31 13:10:42.201 2065 3379 D A2dpService: getCodecStatus(A4:77:58:71:7A:9A)
10-31 13:10:42.201 2065 3379 D BATService: getBATService(): service is NULL
10-31 13:10:42.202 2065 2796 W BluetoothDatabase: Invalid metadata key 17
10-31 13:10:42.202 2065 2796 E BluetoothDatabase: getCustomMeta: meta key invalid 17
10-31 13:10:42.202 671 733 I netd : trafficSwapActiveStatsMap() <5.91ms>
10-31 13:10:42.205 1280 2359 D AudioAnalytics: (key=audio.device.postBluetoothA2dpDeviceConnectionStateSuppressNoisyIntent) a2dp connection name:Happy Plugs Wireless request atNs:1667193042205160620
10-31 13:10:42.205 1112 1139 D CompatibilityInfo: mCompatibilityFlags - 4
10-31 13:10:42.205 1112 1139 D CompatibilityInfo: applicationDensity - 240
10-31 13:10:42.205 1112 1139 D CompatibilityInfo: applicationScale - 1.0
10-31 13:10:42.207 808 1810 D audio_hw_primary: out_set_volume: called with left_vol=0.000000, right_vol=0.000000
10-31 13:10:42.207 808 1810 E audio_hw_primary: out_set_compr_volume:ctl for mixer cmd - Compress Playback 7 Volume, left 0.000000, right 0.000000
10-31 13:10:42.209 671 733 I netd : tetherGetStats() -> {[]} <2.61ms>
10-31 13:10:42.209 3203 3342 V MediaStore: Examining volume emulated;0 with name external_primary and state mounted
10-31 13:10:42.210 2065 2087 E HeadsetStateMachine: returning mCurrentState as Connected
10-31 13:10:42.213 2065 2796 D BluetoothPbapService: getConnectionState: A4:77:58:71:7A:9A
10-31 13:10:42.214 1283 1836 V MediaCodec: TunnelPeekState: BufferRendered -> BufferRendered
10-31 13:10:42.215 2065 2796 E HeadsetStateMachine: returning mCurrentState as Connected
10-31 13:10:42.215 844 2777 I vendor.qti.bluetooth@1.0-ibs_handler: ProcessIbsCmd: Received IBS_SLEEP_IND: 0xFE
10-31 13:10:42.216 1112 1940 W BestClock: java.time.DateTimeException: Missing NTP fix
10-31 13:10:42.217 1112 1940 I netstats_mobile_sample: [0,0,0,0,0,0,0,0,0,0,0,0,1667193042216]
10-31 13:10:42.217 1112 1940 I netstats_wifi_sample: [40,1,0,0,40,1,0,0,40,1,0,0,1667193042216]
10-31 13:10:42.217 2065 2796 E HeadsetStateMachine: returning mCurrentState as Connected
10-31 13:10:42.220 1283 1836 V MediaCodec: -- Looking at startdata. presentation 8633333, start 51550363364
10-31 13:10:42.220 1273 1273 D installd: Found quota mount /dev/block/dm-6 at /data
10-31 13:10:42.220 1283 1836 V MediaCodec: -- match entry for 8633333, hits our frame of 8633333
10-31 13:10:42.220 1273 1273 D installd: Found quota mount /dev/block/dm-6 at /data/user/0
10-31 13:10:42.221 2065 2796 E HeadsetStateMachine: returning mCurrentState as Connected
10-31 13:10:42.222 1112 1852 D StorageManagerService: Volume emulated;0 broadcasting mounted to UserHandle{0}
10-31 13:10:42.223 2065 2087 E HeadsetStateMachine: returning mCurrentState as Connected
10-31 13:10:42.223 1273 1273 D installd: Found storage mount /data/media at /mnt/pass_through/0/emulated
10-31 13:10:42.223 1283 1836 V MediaCodec: -- Looking at startdata. presentation 8666666, start 51551282375
10-31 13:10:42.223 1283 1836 V MediaCodec: -- match entry for 8666666, hits our frame of 8666666
10-31 13:10:42.223 1283 1836 V MediaCodec: -- Looking at startdata. presentation 8700000, start 51551637114
10-31 13:10:42.223 1283 1836 V MediaCodec: -- match entry for 8700000, hits our frame of 8700000
10-31 13:10:42.225 2065 3379 D BluetoothPbapService: getConnectionState: A4:77:58:71:7A:9A
10-31 13:10:42.226 1283 1836 V MediaCodec: -- Looking at startdata. presentation 8733333, start 51553630187
10-31 13:10:42.226 1283 1836 V MediaCodec: -- match entry for 8733333, hits our frame of 8733333
10-31 13:10:42.228 1283 1836 V MediaCodec: -- Looking at startdata. presentation 8766666, start 51742605552
10-31 13:10:42.228 1283 1836 V MediaCodec: -- match entry for 8766666, hits our frame of 8766666
10-31 13:10:42.228 2065 2087 E HeadsetStateMachine: returning mCurrentState as Connected
10-31 13:10:42.229 1283 1836 V MediaCodec: -- Looking at startdata. presentation 8800000, start 51743181906
10-31 13:10:42.229 1283 1836 V MediaCodec: -- match entry for 8800000, hits our frame of 8800000
10-31 13:10:42.230 1112 1911 W BestClock: java.time.DateTimeException: Missing NTP fix
10-31 13:10:42.231 2065 2087 E HeadsetStateMachine: returning mCurrentState as Connected
10-31 13:10:42.231 1112 1852 D StorageManagerService: Volume emulated;0 broadcasting mounted to UserHandle{0}
10-31 13:10:42.231 2065 3379 E HeadsetStateMachine: returning mCurrentState as Connected
10-31 13:10:42.232 1112 1911 W BestClock: java.time.DateTimeException: Missing NTP fix
10-31 13:10:42.233 2065 2090 D BluetoothPbapService: getConnectionState: A4:77:58:71:7A:9A
10-31 13:10:42.235 3203 3203 V MediaStore: Examining volume emulated;0 with name external_primary and state mounted
10-31 13:10:42.238 1112 2150 D NetworkTimeUpdateService: New default network 100; checking time.
10-31 13:10:42.239 2553 3248 I QCC:PeriodicCI: onAvailable()
10-31 13:10:42.239 2372 2525 D UpstreamNetworkMonitor: New default Internet network: 100
10-31 13:10:42.240 2553 3248 I QCC:NetworkStat: getActiveNetwork(ctx) invoked.
10-31 13:10:42.240 2065 2796 D BluetoothPbapService: getConnectionState: A4:77:58:71:7A:9A
10-31 13:10:42.241 1112 1940 D ConnectivityService: Sending CONNECTED broadcast for type 1 [100 WIFI] isDefaultNetwork=true
10-31 13:10:42.241 1112 1940 W ContextImpl: Calling a method in the system process without a qualified user: android.app.ContextImpl.sendStickyBroadcast:1559 com.android.server.ConnectivityService.sendStickyBroadcast:2811 com.android.server.ConnectivityService.sendGeneralBroadcast:2786 com.android.server.ConnectivityService.sendConnectedBroadcast:2759 com.android.server.ConnectivityService.sendLegacyNetworkBroadcast:8704
10-31 13:10:42.242 3203 3203 V MediaStore: Examining volume emulated;0 with name external_primary and state mounted
10-31 13:10:42.242 2065 3372 D HeadsetStateMachine: The current Network: 100 is avialable: true
10-31 13:10:42.243 1112 1968 I AS.AudioDeviceBroker: msg: setBluetoothA2dpDeviceConnectionStateSuppressNoisyIntent state=2 addr=A4:77:58:71:7A:9A prof=2 supprNoisy=true vol=19
10-31 13:10:42.243 1112 1140 I AS.BtHelper: setAvrcpAbsoluteVolumeSupported supported=true
10-31 13:10:42.244 1112 1968 D BluetoothA2dp: getCodecStatus(A4:77:58:71:7A:9A)
10-31 13:10:42.245 2553 3248 I QCC:NetworkStat: WIFI is available
10-31 13:10:42.245 2553 3248 I QCC:PeriodicCI: PeriodicCI.run() invoked, status=0, use wifi=false
10-31 13:10:42.246 1112 1940 D ConnectivityService: [100 WIFI] validation passed
10-31 13:10:42.247 1112 1940 D ConnectivityService: NetReassign [no changes]
10-31 13:10:42.247 2065 2796 D A2dpService: getCodecStatus(A4:77:58:71:7A:9A)
10-31 13:10:42.247 2065 2796 D BATService: getBATService(): service is NULL
10-31 13:10:42.248 1112 1911 W BestClock: java.time.DateTimeException: Missing NTP fix
10-31 13:10:42.248 1280 2359 D AudioAnalytics: (key=audio.device.a2dp) a2dp connected device: atNs:1667193042248741401
10-31 13:10:42.249 1283 1836 V MediaCodec: TunnelPeekState: BufferRendered -> BufferRendered
10-31 13:10:42.252 2553 3248 I QCC:PeriodicCI: Starting Registration session...
10-31 13:10:42.252 2553 3248 W ContextImpl: Calling a method in the system process without a qualified user: android.app.ContextImpl.startService:1816 android.content.ContextWrapper.startService:774 com.qualcomm.qti.qdma.util.PeriodicCI.run:477 com.qualcomm.qti.qdma.util.PeriodicCI.checkRun:435 com.qualcomm.qti.qdma.util.PeriodicCI$1.onAvailable:131
10-31 13:10:42.259 1112 1140 D CompatibilityInfo: mCompatibilityFlags - 4
10-31 13:10:42.260 1112 1140 D CompatibilityInfo: applicationDensity - 240
10-31 13:10:42.260 1112 1140 D CompatibilityInfo: applicationScale - 1.0
10-31 13:10:42.262 2553 3248 W ConnectivityManager.CallbackHandler: callback not found for CALLBACK_PRECHECK message
10-31 13:10:42.262 2553 3248 W ConnectivityManager.CallbackHandler: callback not found for CALLBACK_CAP_CHANGED message
10-31 13:10:42.262 1112 1940 D ConnectivityService: Setting DNS servers for network 100 to [/192.168.31.1]
10-31 13:10:42.263 1112 1940 D DnsManager: sendDnsConfigurationForNetwork(100, [192.168.31.1], [], 1800, 25, 8, 64, 0, 0, , [192.168.31.1])
10-31 13:10:42.263 1112 1911 W BestClock: java.time.DateTimeException: Missing NTP fix
10-31 13:10:42.263 671 733 D resolv : PrivateDnsConfiguration::set(100, 0xf0064, 1, )
10-31 13:10:42.263 671 733 I resolv : resolv_set_nameservers: netId = 100, numservers = 1
10-31 13:10:42.263 671 733 D resolv : android_getaddrinfofornetcontext: explore_numeric: ai_family=10 ai_socktype=2 ai_protocol=17
10-31 13:10:42.263 671 733 D resolv : explore_numeric_scope
10-31 13:10:42.264 671 733 D resolv : android_getaddrinfofornetcontext: explore_numeric: ai_family=2 ai_socktype=2 ai_protocol=17
10-31 13:10:42.264 671 733 D resolv : explore_numeric_scope
10-31 13:10:42.264 671 733 I netd : DnsResolverService::setResolverConfiguration(100, [192.168.31.1], [], 1800, 25, 8, 64, 0, 0, "", [192.168.31.1]) -> (0) (0.5ms)
10-31 13:10:42.264 671 733 I netd : setResolverConfiguration(ResolverParamsParcel{netId: 100, sampleValiditySeconds: 1800, successThreshold: 25, minSamples: 8, maxSamples: 64, baseTimeoutMsec: 0, retryCount: 0, servers: [192.168.31.1], domains: [], tlsName: , tlsServers: [192.168.31.1], tlsFingerprints: [], caCertificate: , tlsConnectTimeoutMs: 0, resolverOptions: (null), transportTypes: [1]}) <0.58ms>
10-31 13:10:42.264 1112 1940 W ContextImpl: Calling a method in the system process without a qualified user: android.app.ContextImpl.sendStickyBroadcast:1559 com.android.server.ConnectivityService.sendStickyBroadcast:2811 com.android.server.ConnectivityService.sendGeneralBroadcast:2786 com.android.server.ConnectivityService.sendInetConditionBroadcast:2763 com.android.server.ConnectivityService.updateInetCondition:8451
10-31 13:10:42.267 1112 1181 E TelephonyManager: Error calling #isDataEnabled, returning default (false).
10-31 13:10:42.267 1112 1181 E TelephonyManager: java.lang.IllegalStateException: telephony service is null.
10-31 13:10:42.267 1112 1181 E TelephonyManager: at android.telephony.TelephonyManager.isDataEnabledForReason(TelephonyManager.java:12461)
10-31 13:10:42.267 1112 1181 E TelephonyManager: at android.telephony.TelephonyManager.isDataEnabledForReason(TelephonyManager.java:12452)
10-31 13:10:42.267 1112 1181 E TelephonyManager: at android.telephony.TelephonyManager.isDataEnabled(TelephonyManager.java:10019)
10-31 13:10:42.267 1112 1181 E TelephonyManager: at android.telephony.TelephonyManager.getDataEnabled(TelephonyManager.java:9993)
10-31 13:10:42.267 1112 1181 E TelephonyManager: at com.android.server.location.gnss.GnssNetworkConnectivityHandler.handleUpdateNetworkState(GnssNetworkConnectivityHandler.java:436)
10-31 13:10:42.267 1112 1181 E TelephonyManager: at com.android.server.location.gnss.GnssNetworkConnectivityHandler.access$700(GnssNetworkConnectivityHandler.java:54)
10-31 13:10:42.267 1112 1181 E TelephonyManager: at com.android.server.location.gnss.GnssNetworkConnectivityHandler$2.onCapabilitiesChanged(GnssNetworkConnectivityHandler.java:369)
10-31 13:10:42.267 1112 1181 E TelephonyManager: at android.net.ConnectivityManager$NetworkCallback.onAvailable(ConnectivityManager.java:3565)
10-31 13:10:42.267 1112 1181 E TelephonyManager: at android.net.ConnectivityManager$NetworkCallback.onAvailable(ConnectivityManager.java:3542)
10-31 13:10:42.267 1112 1181 E TelephonyManager: at android.net.ConnectivityManager$CallbackHandler.handleMessage(ConnectivityManager.java:3866)
10-31 13:10:42.267 1112 1181 E TelephonyManager: at android.os.Handler.dispatchMessage(Handler.java:106)
10-31 13:10:42.267 1112 1181 E TelephonyManager: at android.os.Looper.loopOnce(Looper.java:201)
10-31 13:10:42.267 1112 1181 E TelephonyManager: at android.os.Looper.loop(Looper.java:288)
10-31 13:10:42.267 1112 1181 E TelephonyManager: at android.os.HandlerThread.run(HandlerThread.java:67)
10-31 13:10:42.267 1112 1181 E TelephonyManager: at com.android.server.ServiceThread.run(ServiceThread.java:44)
10-31 13:10:42.268 2882 2900 I adbd : jdwp connection from 3495
10-31 13:10:42.269 671 3514 W resolv : Validating DnsTlsServer 192.168.31.1 with mark 0xf0064
10-31 13:10:42.269 671 3514 D resolv : Beginning validation with mark f0064
10-31 13:10:42.269 671 3514 D resolv : No socket for query. Opening socket and sending.
10-31 13:10:42.269 1112 1911 W BestClock: java.time.DateTimeException: Missing NTP fix
10-31 13:10:42.270 2553 3512 I QCC:ActiveCareService: onStartCommand :Intent: Intent { act=com.qualcomm.qti.qdma.PERIODIC_CLIENT_INITIATED_REGISTRATION cmp=com.qualcomm.qti.qdma/.app.ActiveCareService }
10-31 13:10:42.272 808 2069 D audio_hw_primary: adev_set_parameters: enter: A4:77:58:71:7A:9A=;connect=128
10-31 13:10:42.272 3203 3507 I MediaProvider: Begin Intent { act=com.android.providers.media.action.SCAN_VOLUME (has extras) }
10-31 13:10:42.272 808 2069 D audio_hw_hfp: hfp_set_parameters: enter
10-31 13:10:42.272 808 2069 D a2dp_offload: Open A2DP source start
10-31 13:10:42.272 808 2069 D a2dp_offload: calling BT stream open
10-31 13:10:42.272 808 2069 I btaudio_offload_qti_2_1: audio_stream_open_qti
10-31 13:10:42.272 808 2069 I btaudio_offload_qti: audio_stream_open_qti
10-31 13:10:42.272 808 2069 I btaudio_offload_qti: a2dp_stream_common_init
10-31 13:10:42.272 808 2069 I btaudio_offload_qti: btapoffload_port_init
10-31 13:10:42.272 808 2069 I btaudio_offload_qti: audio_stream_open_qti: success
10-31 13:10:42.272 808 2069 D audio_hw_extn: audio_extn_fm_set_parameters: Enter
10-31 13:10:42.272 1112 1181 I GnssNetworkConnectivityHandler: updateNetworkState, state=CLOSED, connected=true, network=100, capabilities=[ Transports: WIFI Capabilities: NOT_METERED&INTERNET&NOT_RESTRICTED&TRUSTED&NOT_VPN&VALIDATED&NOT_ROAMING&FOREGROUND&NOT_CONGESTED&NOT_SUSPENDED&NOT_VCN_MANAGED LinkUpBandwidth>=12000Kbps LinkDnBandwidth>=42366Kbps TransportInfo: , BSSID: 02:00:00:00:00:00, MAC: 02:00:00:00:00:00, Security type: 2, Supplicant state: COMPLETED, HE Eight Max VHT Spatial Streams Supported AP: false, Eight Max VHT Spatial streams support: false, Wi-Fi standard: 6, RSSI: -77, Link speed: 36Mbps, Tx Link speed: 36Mbps, Max Supported Tx Link speed: 600Mbps, Rx Link speed: 36Mbps, Max Supported Rx Link speed: 600Mbps, Frequency: 5745MHz, Net ID: -1, Metered hint: false, score: 53, CarrierMerged: false, SubscriptionId: -1, IsPrimary: 1> SignalStrength: -77 SSID: "ThunderSoft_XTS_5G"], availableNetworkCount: 1
10-31 13:10:42.273 899 899 I LocSvc__AGnssRilInterface: ===> updateNetworkState_2_0 line 111
10-31 13:10:42.273 899 940 I LocSvc_SystemStatusOsObserver: DataItem: ACTIVE_NETWORK_INFO::TYPEs_MASK: 2, TYPE_NAME: , SUB_TYPE_NAME: , IS_AVAILABLE: true, IS_CONNECTED: true, IS_ROAMING: false, NETWORK_HANDLE_0: 432902426637:1, NETWORK_HANDLE_1: 18446744073709551615:10, NETWORK_HANDLE_2: 18446744073709551615:10, NETWORK_HANDLE_3: 18446744073709551615:10, NETWORK_HANDLE_4: 18446744073709551615:10, NETWORK_HANDLE_5: 18446744073709551615:10, NETWORK_HANDLE_6: 18446744073709551615:10, NETWORK_HANDLE_7: 18446744073709551615:10, NETWORK_HANDLE_8: 18446744073709551615:10, NETWORK_HANDLE_9: 18446744073709551615:10, APN_NAME: >> XtraSystemStatusObserver
10-31 13:10:42.273 899 940 I LocSvc_SystemStatusOsObserver: DataItem: ACTIVE_NETWORK_INFO::TYPEs_MASK: 2, TYPE_NAME: , SUB_TYPE_NAME: , IS_AVAILABLE: true, IS_CONNECTED: true, IS_ROAMING: false, NETWORK_HANDLE_0: 432902426637:1, NETWORK_HANDLE_1: 18446744073709551615:10, NETWORK_HANDLE_2: 18446744073709551615:10, NETWORK_HANDLE_3: 18446744073709551615:10, NETWORK_HANDLE_4: 18446744073709551615:10, NETWORK_HANDLE_5: 18446744073709551615:10, NETWORK_HANDLE_6: 18446744073709551615:10, NETWORK_HANDLE_7: 18446744073709551615:10, NETWORK_HANDLE_8: 18446744073709551615:10, NETWORK_HANDLE_9: 18446744073709551615:10, APN_NAME: >> NativeAgpsHandler
10-31 13:10:42.269 671 3514 D resolv : Constructing new socket
10-31 13:10:42.274 671 3514 D resolv : DnsTlsSocket is initialized with { mConnectTimeoutMs: 127000, mAsyncHandshake: 0 }
10-31 13:10:42.274 671 3514 D resolv : 983140 connecting TCP socket
10-31 13:10:42.275 1015 1811 I AudioFlinger: openOutput() this 0xb4000076d6078040, module 10 Device type:0x80,@:SUPPRESSED, SamplingRate 8000, Format 0x000001, Channels 0x1, flags 0x8001
10-31 13:10:42.275 1112 3508 E NtpTimeHelper: requestTime failed
10-31 13:10:42.275 808 2069 D audio_hw_primary: adev_open_output_stream: enter: format(0x1) sample_rate(8000) channel_mask(0x1) devices(0x80) flags(0x8001) stream_handle(0xf0454fb0) address(A4:77:58:71:7A:9A)
10-31 13:10:42.275 808 2069 D audio_hw_primary: adev_open_output_stream: Stream (0xf0454fb0) picks up usecase (audio-playback-voip)
10-31 13:10:42.275 808 2069 D audio_hw_primary: io_streams_map_insert: Added stream in io_streams_map with handle 109
10-31 13:10:42.277 671 3511 D resolv : GetAddrInfoHandler::run: {100 983140 100 983140 1000 1}
10-31 13:10:42.277 671 3511 D resolv : resolv_getaddrinfo: explore_fqdn(): ai_family=0 ai_socktype=1 ai_protocol=6
10-31 13:10:42.278 1015 1811 I AudioFlinger: HAL output buffer size 160 frames, normal sink buffer size 160 frames
10-31 13:10:42.281 1015 1811 D AudioFlinger: Failed to add event callback
10-31 13:10:42.285 1283 1836 V MediaCodec: TunnelPeekState: BufferRendered -> BufferRendered
10-31 13:10:42.287 2553 3512 I QCC:QDMAEmbargoesList: updateEmbargoesRequest
10-31 13:10:42.287 2553 3512 I QCC:QDMAEmbargoesList: makeRequest
10-31 13:10:42.287 671 3514 D resolv : No known sessions
10-31 13:10:42.287 671 3514 D resolv : No session available
10-31 13:10:42.287 671 3514 D resolv : Calling SSL_connect with mark 0xf0064
10-31 13:10:42.287 671 3514 D resolv : SSL_connect returned -1 with mark 0xf0064
10-31 13:10:42.287 2553 3512 I QCC:QDMAEmbargoesList: existEmbargoesReq
10-31 13:10:42.287 2553 3512 I QCC:QDMAEmbargoesList: existEmbargoesReq entryFile: /data/misc/qdma/down/100/100-1.0-EmbargoesList.key.0.req
10-31 13:10:42.287 2553 3512 I QCC:QDMAEmbargoesList: existEmbargoesReq existed request: /data/misc/qdma/down/100/100-1.0-EmbargoesList.key.0.req
10-31 13:10:42.287 2553 3512 I QCC:QDMAEmbargoesList: existEmbargoesReq ret: true
10-31 13:10:42.288 2553 3512 I QCC:UploaderPolicy: updateUploadPolicyRequest
10-31 13:10:42.288 672 672 D Zygote : Forked child process 3521
10-31 13:10:42.288 2553 3512 E QCC:OperationMode: isQDMAUIInstalled - non exist: android.content.pm.PackageManager$NameNotFoundException: com.qualcomm.qti.smq
10-31 13:10:42.288 1112 1199 W ActivityManager: Slow operation: 190ms so far, now at startProcess: returned from zygote!
10-31 13:10:42.288 2553 3512 I QCC:OperationMode: isQDMAUIInstalled : false
10-31 13:10:42.289 2553 3512 I QCC:Collector: calling forceDisableQdmaStatsD
10-31 13:10:42.289 2553 3512 I QCC:Collector: calling forceDisabledAllCollectors
10-31 13:10:42.289 1112 1199 W ActivityManager: Slow operation: 191ms so far, now at startProcess: done updating battery stats
10-31 13:10:42.279 3495 3495 D ProcessState: Binder ioctl to enable oneway spam detection failed: Invalid argument
10-31 13:10:42.289 1112 1199 I am_proc_start: [0,3521,1000,com.qualcomm.qti.qmmi,broadcast,{com.qualcomm.qti.qmmi/com.qualcomm.qti.qmmi.framework.QmmiReceiver}]
10-31 13:10:42.289 1112 1199 W ActivityManager: Slow operation: 191ms so far, now at startProcess: building log message
10-31 13:10:42.289 1112 1199 I ActivityManager: Start proc 3521:com.qualcomm.qti.qmmi/1000 for broadcast {com.qualcomm.qti.qmmi/com.qualcomm.qti.qmmi.framework.QmmiReceiver}
10-31 13:10:42.289 1112 1199 W ActivityManager: Slow operation: 191ms so far, now at startProcess: starting to update pids map
10-31 13:10:42.289 2553 3512 I QCC:Collector: deleteDir: /data/misc/qdma/down/1 already disabled
10-31 13:10:42.289 1112 1199 W ActivityManager: Slow operation: 191ms so far, now at startProcess: done updating pids map
10-31 13:10:42.291 671 3514 D resolv : Calling SSL_connect with mark 0xf0064
10-31 13:10:42.291 1015 3520 I AudioFlinger: AudioFlinger's thread 0xb40000778607a820 tid=3520 ready to run
10-31 13:10:42.291 671 3514 D resolv : SSL_connect returned -1 with mark 0xf0064
10-31 13:10:42.291 671 3514 W resolv : SSL_connect ssl error =5, mark 0xf0064: Connection refused
01-01 09:55:05.971 0 0 E [wifi@1][0x43792523][13:10:42.350811] wlan: [938:E:QDF] qdf_mem_malloc_debug: 1206: Cannot malloc 0 bytes @ csr_get_cfg_max_tx_power:14199
10-31 13:10:42.291 671 3514 W resolv : TLS Handshake failed
10-31 13:10:42.292 671 3514 D resolv : Initialization failed.
10-31 13:10:42.292 671 3514 D resolv : Destructor
10-31 13:10:42.292 671 3514 D resolv : Destructor completed
10-31 13:10:42.292 671 3514 D resolv : Failing all pending queries.
10-31 13:10:42.292 671 3514 W resolv : query failed
10-31 13:10:42.292 671 3514 D resolv : Destructor
10-31 13:10:42.292 671 3514 D resolv : Locked destruction procedure
10-31 13:10:42.292 2553 3512 I QCC:OmaDMNative: qcc_hidl_update_vendor_dropbox(), path=/data/misc/qdma/down/1 isEnabled=0
01-01 09:55:05.993 0 0 I [schedu][0x437f7b34][13:10:42.372439] wlan: [2546:I:WMI] LFR3:OKC enabled
01-01 09:55:05.993 0 0 I [schedu][0x437f7c1d][13:10:42.372451] wlan: [2546:I:WMI] LFR3:PMKSA caching enabled
10-31 13:10:42.292 671 3514 D resolv : Destructor completed
10-31 13:10:42.293 671 3514 W resolv : validateDnsTlsServer returned 0 for 192.168.31.1
10-31 13:10:42.293 671 3514 D resolv : Sending validation failure event on netId 100 for 192.168.31.1 with hostname {}
