10-31 13:10:34.022 1112 1112 D SystemServerTiming: ssm.onStartUser-0_com.android.server.biometrics.sensors.fingerprint.FingerprintService took to complete: 0ms
10-31 13:10:34.022 1112 1112 I SystemServerTiming: ssm.onStartUser-0_com.android.server.biometrics.BiometricService
10-31 13:10:34.022 1112 1112 D SystemServerTiming: ssm.onStartUser-0_com.android.server.biometrics.BiometricService took to complete: 0ms
10-31 13:10:34.022 1112 1112 I SystemServerTiming: ssm.onStartUser-0_com.android.server.biometrics.AuthService
10-31 13:10:34.022 1112 1112 D SystemServerTiming: ssm.onStartUser-0_com.android.server.biometrics.AuthService took to complete: 0ms
10-31 13:10:34.022 1112 1112 I SystemServerTiming: ssm.onStartUser-0_com.android.server.pm.ShortcutService$Lifecycle
10-31 13:10:34.022 1112 1112 D SystemServerTiming: ssm.onStartUser-0_com.android.server.pm.ShortcutService$Lifecycle took to complete: 0ms
10-31 13:10:34.022 1112 1112 I SystemServerTiming: ssm.onStartUser-0_com.android.server.pm.LauncherAppsService
10-31 13:10:34.022 1112 1112 D SystemServerTiming: ssm.onStartUser-0_com.android.server.pm.LauncherAppsService took to complete: 0ms
10-31 13:10:34.023 1112 1112 I SystemServerTiming: ssm.onStartUser-0_com.android.server.pm.CrossProfileAppsService
10-31 13:10:34.023 1112 1112 D SystemServerTiming: ssm.onStartUser-0_com.android.server.pm.CrossProfileAppsService took to complete: 0ms
10-31 13:10:34.023 1112 1112 I SystemServerTiming: ssm.onStartUser-0_com.android.server.people.PeopleService
10-31 13:10:34.023 1112 1112 D SystemServerTiming: ssm.onStartUser-0_com.android.server.people.PeopleService took to complete: 0ms
10-31 13:10:34.024 1112 1112 I SystemServerTiming: ssm.onStartUser-0_com.android.server.media.metrics.MediaMetricsManagerService
10-31 13:10:34.024 1112 1112 D SystemServerTiming: ssm.onStartUser-0_com.android.server.media.metrics.MediaMetricsManagerService took to complete: 0ms
10-31 13:10:34.024 1112 1112 I SystemServerTiming: ssm.onStartUser-0_com.android.server.media.projection.MediaProjectionManagerService
10-31 13:10:34.024 1112 1770 E NativeTombstoneManager: Tombstone's UID (0) not an app, ignoring
10-31 13:10:34.024 1112 1112 D SystemServerTiming: ssm.onStartUser-0_com.android.server.media.projection.MediaProjectionManagerService took to complete: 0ms
10-31 13:10:34.024 1112 1112 I SystemServerTiming: ssm.onStartUser-0_com.android.server.slice.SliceManagerService$Lifecycle
10-31 13:10:34.024 1112 1112 D SystemServerTiming: ssm.onStartUser-0_com.android.server.slice.SliceManagerService$Lifecycle took to complete: 0ms
10-31 13:10:34.024 1112 1112 I SystemServerTiming: ssm.onStartUser-0_com.android.server.stats.StatsCompanion$Lifecycle
10-31 13:10:34.024 1112 1112 D SystemServerTiming: ssm.onStartUser-0_com.android.server.stats.StatsCompanion$Lifecycle took to complete: 0ms
10-31 13:10:34.025 1112 1112 I SystemServerTiming: ssm.onStartUser-0_com.android.server.scheduling.RebootReadinessManagerService$Lifecycle
10-31 13:10:34.025 1112 1112 D SystemServerTiming: ssm.onStartUser-0_com.android.server.scheduling.RebootReadinessManagerService$Lifecycle took to complete: 0ms
10-31 13:10:34.025 1112 1112 I SystemServerTiming: ssm.onStartUser-0_com.android.server.stats.pull.StatsPullAtomService
10-31 13:10:34.025 1112 1112 D SystemServerTiming: ssm.onStartUser-0_com.android.server.stats.pull.StatsPullAtomService took to complete: 0ms
10-31 13:10:34.025 1112 1112 I SystemServerTiming: ssm.onStartUser-0_com.android.server.incident.IncidentCompanionService
10-31 13:10:34.025 1112 1112 D SystemServerTiming: ssm.onStartUser-0_com.android.server.incident.IncidentCompanionService took to complete: 0ms
10-31 13:10:34.025 1112 1112 I SystemServerTiming: ssm.onStartUser-0_com.android.server.MmsServiceBroker
10-31 13:10:34.025 1112 1112 D SystemServerTiming: ssm.onStartUser-0_com.android.server.MmsServiceBroker took to complete: 0ms
10-31 13:10:34.025 1112 1112 I SystemServerTiming: ssm.onStartUser-0_com.android.server.autofill.AutofillManagerService
10-31 13:10:34.026 1112 1112 D SystemServerTiming: ssm.onStartUser-0_com.android.server.autofill.AutofillManagerService took to complete: 0ms
10-31 13:10:34.026 1112 1112 I SystemServerTiming: ssm.onStartUser-0_com.android.server.clipboard.ClipboardService
10-31 13:10:34.026 1112 1112 D SystemServerTiming: ssm.onStartUser-0_com.android.server.clipboard.ClipboardService took to complete: 0ms
10-31 13:10:34.026 1112 1112 I SystemServerTiming: ssm.onStartUser-0_com.android.server.appbinding.AppBindingService$Lifecycle
10-31 13:10:34.027 1112 1112 W AppBindingService: [Default SMS app] u0 Target package not found
10-31 13:10:34.027 1112 1112 D SystemServerTiming: ssm.onStartUser-0_com.android.server.appbinding.AppBindingService$Lifecycle took to complete: 1ms
10-31 13:10:34.027 1112 1112 I SystemServerTiming: ssm.onStartUser-0_com.android.server.tracing.TracingServiceProxy
10-31 13:10:34.027 1112 1112 D SystemServerTiming: ssm.onStartUser-0_com.android.server.tracing.TracingServiceProxy took to complete: 0ms
10-31 13:10:34.027 1112 1112 I SystemServerTiming: ssm.onStartUser-0_com.android.server.policy.PermissionPolicyService
10-31 13:10:34.027 1112 1112 D SystemServerTiming: ssm.onStartUser-0_com.android.server.policy.PermissionPolicyService took to complete: 0ms
10-31 13:10:34.028 1112 1112 I SystemServerTiming: ssm.onStartUser-0_com.android.server.pm.StagingManager$Lifecycle
10-31 13:10:34.028 1112 1112 D SystemServerTiming: ssm.onStartUser-0_com.android.server.pm.StagingManager$Lifecycle took to complete: 0ms
10-31 13:10:34.028 1112 1112 I SystemServerTiming: ssm.onStartUser-0_com.android.server.app.GameManagerService$Lifecycle
10-31 13:10:34.030 1112 1112 V GameManagerService: Settings file doesn't exists, skip reading
10-31 13:10:34.030 1112 1112 D SystemServerTiming: ssm.onStartUser-0_com.android.server.app.GameManagerService$Lifecycle took to complete: 2ms
10-31 13:10:34.030 1112 1112 I SystemServerTiming: ssm.onStartUser-0_com.android.server.appsearch.AppSearchManagerService
10-31 13:10:34.030 1112 1112 D SystemServerTiming: ssm.onStartUser-0_com.android.server.appsearch.AppSearchManagerService took to complete: 0ms
10-31 13:10:34.030 1112 1112 I SystemServerTiming: ssm.onStartUser-0_com.android.server.media.MediaCommunicationService
10-31 13:10:34.030 1112 1112 D SystemServerTiming: ssm.onStartUser-0_com.android.server.media.MediaCommunicationService took to complete: 0ms
10-31 13:10:34.030 1112 1112 D SystemServerTiming: ssm.StartUser-0 took to complete: 90ms
10-31 13:10:34.030 1112 1112 I SystemServerTiming: startPersistentApps
10-31 13:10:34.030 1112 1770 I DropBoxManagerService: add tag=SYSTEM_TOMBSTONE_PROTO isTagEnabled=true flags=0x4
10-31 13:10:34.034 1112 1194 I netstats_mobile_sample: [0,0,0,0,0,0,0,0,0,0,0,0,1667193034034]
10-31 13:10:34.034 1112 1194 I netstats_wifi_sample: [0,0,0,0,0,0,0,0,0,0,0,0,1667193034034]
10-31 13:10:34.035 1112 1112 D CompatibilityChangeReporter: Compat change id reported: 135634846; UID 1000; state: DISABLED
10-31 13:10:34.035 1112 1112 D CompatibilityChangeReporter: Compat change id reported: 177438394; UID 1000; state: DISABLED
10-31 13:10:34.036 1112 1112 D CompatibilityChangeReporter: Compat change id reported: 135772972; UID 1000; state: DISABLED
10-31 13:10:34.036 1112 1112 D CompatibilityChangeReporter: Compat change id reported: 135754954; UID 1000; state: ENABLED
10-31 13:10:34.038 1112 1112 I am_uid_running: 1001
10-31 13:10:34.042 1112 1112 D CompatibilityChangeReporter: Compat change id reported: 135634846; UID 1001; state: DISABLED
10-31 13:10:34.043 1112 1112 D CompatibilityChangeReporter: Compat change id reported: 177438394; UID 1001; state: DISABLED
10-31 13:10:34.043 1112 1112 D CompatibilityChangeReporter: Compat change id reported: 135772972; UID 1001; state: DISABLED
10-31 13:10:34.044 1112 1112 D CompatibilityChangeReporter: Compat change id reported: 135754954; UID 1001; state: ENABLED
10-31 13:10:34.044 1112 1112 I am_uid_running: 10055
10-31 13:10:34.045 1112 1112 D CompatibilityChangeReporter: Compat change id reported: 135634846; UID 10055; state: DISABLED
10-31 13:10:34.046 1112 1112 D CompatibilityChangeReporter: Compat change id reported: 177438394; UID 10055; state: DISABLED
10-31 13:10:34.047 1112 1112 D CompatibilityChangeReporter: Compat change id reported: 135772972; UID 10055; state: DISABLED
10-31 13:10:34.048 1112 1112 D CompatibilityChangeReporter: Compat change id reported: 135754954; UID 10055; state: DISABLED
10-31 13:10:34.060 1112 1112 I am_uid_running: 10095
10-31 13:10:34.061 1112 1112 D CompatibilityChangeReporter: Compat change id reported: 135634846; UID 10095; state: DISABLED
10-31 13:10:34.061 1112 1112 D CompatibilityChangeReporter: Compat change id reported: 177438394; UID 10095; state: DISABLED
10-31 13:10:34.062 1112 1112 D CompatibilityChangeReporter: Compat change id reported: 135772972; UID 10095; state: DISABLED
10-31 13:10:34.062 1112 1112 D CompatibilityChangeReporter: Compat change id reported: 135754954; UID 10095; state: DISABLED
10-31 13:10:34.062 1112 1112 I am_uid_running: 1068
10-31 13:10:34.063 1112 1112 D CompatibilityChangeReporter: Compat change id reported: 135634846; UID 1068; state: DISABLED
10-31 13:10:34.066 1112 1770 I commit_sys_config_file: [log-files,914]
10-31 13:10:34.068 1112 1112 I am_uid_running: 10065
10-31 13:10:34.069 1112 1112 D CompatibilityChangeReporter: Compat change id reported: 135634846; UID 10065; state: DISABLED
10-31 13:10:34.069 1112 1112 D CompatibilityChangeReporter: Compat change id reported: 177438394; UID 10065; state: DISABLED
10-31 13:10:34.070 1112 1112 D CompatibilityChangeReporter: Compat change id reported: 135772972; UID 10065; state: DISABLED
10-31 13:10:34.070 1112 1112 D CompatibilityChangeReporter: Compat change id reported: 135754954; UID 10065; state: ENABLED
10-31 13:10:34.072 1112 1112 D SystemServerTiming: startPersistentApps took to complete: 42ms
10-31 13:10:34.073 1112 1112 I SystemServerTiming: startHomeOnAllDisplays
10-31 13:10:34.075 1112 1194 I netstats_mobile_sample: [0,0,0,0,0,0,0,0,0,0,0,0,1667193034075]
10-31 13:10:34.075 1112 1194 I netstats_wifi_sample: [0,0,0,0,0,0,0,0,0,0,0,0,1667193034075]
10-31 13:10:34.075 1112 1112 I ActivityTaskManager: START u0 {act=android.intent.action.MAIN cat=[android.intent.category.HOME] flg=0x10000100 cmp=com.android.settings/.FallbackHome (has extras)} from uid 0
01-01 09:54:57.706 0 0 I binder : 2157:2157 ioctl 40046210 7ff99ba9a4 returned -22
10-31 13:10:34.079 1112 1770 I commit_sys_config_file: [log-files,927]
10-31 13:10:34.090 2065 2170 I bt_config_source: 1
10-31 13:10:34.091 2065 2170 I bt_config_source: 1
10-31 13:10:34.100 2157 2157 I service_manager_slow: [10,activity]
10-31 13:10:34.104 1112 1199 W ActivityManager: Slow operation: 70ms so far, now at startProcess: returned from zygote!
10-31 13:10:34.108 1112 1112 D CompatibilityChangeReporter: Compat change id reported: 174042980; UID 1000; state: DISABLED
10-31 13:10:34.109 1112 1770 E NativeTombstoneManager: Tombstone's UID (0) not an app, ignoring
10-31 13:10:34.110 1112 1770 I DropBoxManagerService: add tag=SYSTEM_TOMBSTONE_PROTO isTagEnabled=true flags=0x4
01-01 09:54:57.748 0 0 E init : Control message: Could not find 'vendor.qti.hardware.iop@2.0::IIop/default' for ctl.interface_start from pid: 499 (/system/bin/hwservicemanager)
10-31 13:10:34.127 1112 1112 I wm_task_created: [2,-1]
10-31 13:10:34.130 1112 1112 I wm_task_moved: [2,1,2147483647]
10-31 13:10:34.132 1112 1112 I wm_task_moved: [1,1,0]
10-31 13:10:34.132 1112 1112 I wm_create_task: [0,2]
10-31 13:10:34.132 1112 1112 I wm_create_activity: [0,2251216,2,com.android.settings/.FallbackHome,android.intent.action.MAIN,NULL,NULL,276824320]
10-31 13:10:34.132 1112 1112 I wm_task_moved: [1,1,0]
10-31 13:10:34.132 1112 1112 I wm_task_moved: [2,1,2147483647]
10-31 13:10:34.132 1112 1112 I wm_task_to_front: [0,2]
10-31 13:10:34.143 1112 1194 I netstats_mobile_sample: [0,0,0,0,0,0,0,0,0,0,0,0,1667193034143]
10-31 13:10:34.143 1112 1194 I netstats_wifi_sample: [0,0,0,0,0,0,0,0,0,0,0,0,1667193034143]
10-31 13:10:34.169 1112 1770 I commit_sys_config_file: [log-files,1018]
10-31 13:10:34.173 1112 1194 I netstats_mobile_sample: [0,0,0,0,0,0,0,0,0,0,0,0,1667193034173]
10-31 13:10:34.173 1112 1194 I netstats_wifi_sample: [0,0,0,0,0,0,0,0,0,0,0,0,1667193034173]
10-31 13:10:34.176 1112 1770 I commit_sys_config_file: [log-files,1025]
10-31 13:10:34.186 1112 1770 E NativeTombstoneManager: Tombstone's UID (0) not an app, ignoring
10-31 13:10:34.187 1112 1770 I DropBoxManagerService: add tag=SYSTEM_TOMBSTONE_PROTO isTagEnabled=true flags=0x4
01-01 09:54:57.821 0 0 I binder : 2194:2194 ioctl 40046210 7ff99ba9a4 returned -22
10-31 13:10:34.205 1112 1112 D CompatibilityChangeReporter: Compat change id reported: 168419799; UID 1000; state: DISABLED
10-31 13:10:34.206 1112 2211 W ContextImpl: Calling a method in the system process without a qualified user: android.app.ContextImpl.bindService:1895 android.content.ContextWrapper.bindService:810 com.qualcomm.qti.activityextension.ActivityNotifier.bindToDynamicDDSService:103 com.qualcomm.qti.activityextension.ActivityNotifier.handleSendActivityInvokeNotification:184 com.qualcomm.qti.activityextension.ActivityNotifier.access$300:26
10-31 13:10:34.207 1112 1112 I ActivityTaskManager: FOREGROUND_APPLICATION_CHANGED to com.android.settings.FallbackHome
10-31 13:10:34.208 1112 1770 I commit_sys_config_file: [log-files,1057]
10-31 13:10:34.209 1112 1112 D SystemServerTiming: startHomeOnAllDisplays took to complete: 137ms
10-31 13:10:34.209 1112 1112 I SystemServerTiming: showSystemReadyErrorDialogs
10-31 13:10:34.217 1112 1194 I netstats_mobile_sample: [0,0,0,0,0,0,0,0,0,0,0,0,1667193034217]
10-31 13:10:34.217 1112 1194 I netstats_wifi_sample: [0,0,0,0,0,0,0,0,0,0,0,0,1667193034217]
10-31 13:10:34.218 1112 1770 I commit_sys_config_file: [log-files,1067]
10-31 13:10:34.231 1112 1194 I netstats_mobile_sample: [0,0,0,0,0,0,0,0,0,0,0,0,1667193034231]
10-31 13:10:34.231 1112 1194 I netstats_wifi_sample: [0,0,0,0,0,0,0,0,0,0,0,0,1667193034231]
10-31 13:10:34.232 1112 1770 E NativeTombstoneManager: Tombstone's UID (0) not an app, ignoring
10-31 13:10:34.233 1112 1770 I DropBoxManagerService: add tag=SYSTEM_TOMBSTONE_PROTO isTagEnabled=true flags=0x4
10-31 13:10:34.254 1112 1194 I netstats_mobile_sample: [0,0,0,0,0,0,0,0,0,0,0,0,1667193034254]
10-31 13:10:34.254 1112 1770 I commit_sys_config_file: [log-files,1103]
10-31 13:10:34.254 1112 1194 I netstats_wifi_sample: [0,0,0,0,0,0,0,0,0,0,0,0,1667193034254]
10-31 13:10:34.260 1112 1770 I commit_sys_config_file: [log-files,1109]
10-31 13:10:34.262 1112 1112 D SystemServerTiming: showSystemReadyErrorDialogs took to complete: 53ms
10-31 13:10:34.262 1112 1185 I dvm_lock_sample: [system_server,1,android.anim,53,WindowAnimator.java,103,void com.android.server.wm.WindowAnimator.lambda$new$1$WindowAnimator(long),ActivityTaskManagerService.java,5568,void com.android.server.wm.ActivityTaskManagerService$LocalService.showSystemReadyErrorDialogsIfNeeded(),10]
10-31 13:10:34.263 1112 1112 I SystemServerTiming: sendUserStartBroadcast
10-31 13:10:34.264 1112 1112 D SystemServerTiming: sendUserStartBroadcast took to complete: 0ms
10-31 13:10:34.264 1112 1112 I SystemServerTiming: resumeTopActivities
10-31 13:10:34.267 1112 1112 D SystemServerTiming: resumeTopActivities took to complete: 3ms
10-31 13:10:34.267 1112 1112 I SystemServerTiming: sendUserSwitchBroadcasts
10-31 13:10:34.268 1112 1112 I uc_send_user_broadcast: [0,android.intent.action.USER_FOREGROUND]
10-31 13:10:34.268 1112 1112 I uc_send_user_broadcast: [0,android.intent.action.USER_SWITCHED]
10-31 13:10:34.268 1112 1112 D SystemServerTiming: sendUserSwitchBroadcasts took to complete: 1ms
10-31 13:10:34.268 1112 1112 I SystemServerTiming: setBinderProxies
10-31 13:10:34.268 1112 1112 D SystemServerTiming: setBinderProxies took to complete: 0ms
10-31 13:10:34.268 1112 1112 D SystemServerTiming: ActivityManagerStartApps took to complete: 332ms
10-31 13:10:34.269 1112 1112 D SystemServerTiming: PhaseActivityManagerReady took to complete: 1207ms
10-31 13:10:34.269 1112 1112 I SystemServerTiming: StartSystemUI
10-31 13:10:34.269 1112 1908 I dvm_lock_sample: [system_server,0,NetworkStats,235,ActivityManagerService.java,13713,int com.android.server.am.ActivityManagerService.broadcastIntentWithFeature(android.app.IApplicationThread, java.lang.String, android.content.Intent, java.lang.String, android.content.IIntentReceiver, int, java.lang.String, android.os.Bundle, java.lang.String[], java.lang.String[], int, android.os.Bundle, boolean, boolean, int),UserController.java,2938,int com.android.server.am.UserController$Injector.broadcastIntent(android.content.Intent, java.lang.String, android.content.IIntentReceiver, int, java.lang.String, android.os.Bundle, java.lang.String[], int, android.os.Bundle, boolean, boolean, int, int, int, int, int),47]
10-31 13:10:34.271 1112 1181 I dvm_lock_sample: [system_server,0,android.fg,210,ActivityManagerService.java,13713,int com.android.server.am.ActivityManagerService.broadcastIntentWithFeature(android.app.IApplicationThread, java.lang.String, android.content.Intent, java.lang.String, android.content.IIntentReceiver, int, java.lang.String, android.os.Bundle, java.lang.String[], java.lang.String[], int, android.os.Bundle, boolean, boolean, int),,0,null,42]
10-31 13:10:34.271 1112 1181 W Looper : Slow dispatch took 211ms android.fg h=com.android.server.DropBoxManagerService$DropBoxManagerBroadcastHandler c=null m=1
10-31 13:10:34.272 1112 1199 W ActivityManager: Slow operation: 238ms so far, now at startProcess: done updating battery stats
10-31 13:10:34.272 1112 1199 I am_proc_start: [0,2194,1000,com.thundercomm.microservice,added application,com.thundercomm.microservice]
10-31 13:10:34.272 1112 1199 W ActivityManager: Slow operation: 239ms so far, now at startProcess: building log message
10-31 13:10:34.272 1112 1199 I ActivityManager: Start proc 2194:com.thundercomm.microservice/1000 for added application com.thundercomm.microservice
10-31 13:10:34.272 1112 1199 W ActivityManager: Slow operation: 239ms so far, now at startProcess: starting to update pids map
10-31 13:10:34.273 1112 1199 W ActivityManager: Slow operation: 240ms so far, now at startProcess: done updating pids map
10-31 13:10:34.273 1112 1199 W ActivityManager: Slow operation: 237ms so far, now at startProcess: asking zygote to start proc
10-31 13:10:34.274 1112 2153 I dvm_lock_sample: [system_server,1,Binder:1112_6,90,ActivityManagerService.java,13713,int com.android.server.am.ActivityManagerService.broadcastIntentWithFeature(android.app.IApplicationThread, java.lang.String, android.content.Intent, java.lang.String, android.content.IIntentReceiver, int, java.lang.String, android.os.Bundle, java.lang.String[], java.lang.String[], int, android.os.Bundle, boolean, boolean, int),,0,null,18]
10-31 13:10:34.276 1112 2211 I dvm_lock_sample: [system_server,0,EventHandler,69,ActivityManagerService.java,12126,int com.android.server.am.ActivityManagerService.bindIsolatedService(android.app.IApplicationThread, android.os.IBinder, android.content.Intent, java.lang.String, android.app.IServiceConnection, int, java.lang.String, java.lang.String, int),,0,null,13]
10-31 13:10:34.275 1112 1770 E NativeTombstoneManager: Tombstone's UID (0) not an app, ignoring
10-31 13:10:34.279 1112 2147 I ActivityManager: Process WebViewLoader-armeabi-v7a (pid 2112) has died: psvc PER
10-31 13:10:34.281 1112 2211 W ContextImpl: Calling a method in the system process without a qualified user: android.app.ContextImpl.bindService:1895 android.content.ContextWrapper.bindService:810 com.qualcomm.qti.activityextension.ActivityNotifier.bindToDynamicDDSService:103 com.qualcomm.qti.activityextension.ActivityNotifier.handleSendActivityInvokeNotification:184 com.qualcomm.qti.activityextension.ActivityNotifier.access$300:26
10-31 13:10:34.283 1112 2153 I wm_task_created: [3,-1]
10-31 13:10:34.283 1112 2147 I am_proc_died: [0,2112,WebViewLoader-armeabi-v7a,-700,0]
10-31 13:10:34.285 1112 1770 I DropBoxManagerService: add tag=SYSTEM_TOMBSTONE_PROTO isTagEnabled=true flags=0x4
10-31 13:10:34.290 1112 2153 I wm_task_created: [4,-1]
10-31 13:10:34.293 1112 2147 I am_low_memory: 4
10-31 13:10:34.295 1112 2217 I am_proc_bound: [0,2194,com.thundercomm.microservice]
10-31 13:10:34.299 1112 1194 I netstats_mobile_sample: [0,0,0,0,0,0,0,0,0,0,0,0,1667193034298]
10-31 13:10:34.299 1112 1194 I netstats_wifi_sample: [0,0,0,0,0,0,0,0,0,0,0,0,1667193034298]
01-01 09:54:57.913 0 0 E init : Control message: Could not find 'vendor.qti.hardware.iop@2.0::IIop/default' for ctl.interface_start from pid: 499 (/system/bin/hwservicemanager)
10-31 13:10:34.313 1112 1211 E KernelCpuSpeedReader: Failed to read cpu-freq: /sys/devices/system/cpu/cpu4/cpufreq/stats/time_in_state: open failed: ENOENT (No such file or directory)
10-31 13:10:34.314 1112 1211 E KernelCpuSpeedReader: Failed to read cpu-freq: /sys/devices/system/cpu/cpu0/cpufreq/stats/time_in_state: open failed: ENOENT (No such file or directory)
10-31 13:10:34.316 1112 1209 I dvm_lock_sample: [system_server,0,batterystats-handler,16,BatteryStatsService.java,687,void com.android.server.am.BatteryStatsService.lambda$noteUidProcessState$12$BatteryStatsService(int, int, long, long),BatteryExternalStatsWorker.java,696,void com.android.server.am.BatteryExternalStatsWorker.updateExternalStatsLocked(java.lang.String, int, boolean, boolean, int, boolean),3]
10-31 13:10:34.316 1112 1770 I commit_sys_config_file: [log-files,1165]
10-31 13:10:34.320 1112 2211 W ContextImpl: Calling a method in the system process without a qualified user: android.app.ContextImpl.bindService:1895 android.content.ContextWrapper.bindService:810 com.qualcomm.qti.activityextension.ActivityNotifier.bindToDynamicDDSService:103 com.qualcomm.qti.activityextension.ActivityNotifier.handleSendActivityInvokeNotification:184 com.qualcomm.qti.activityextension.ActivityNotifier.access$300:26
10-31 13:10:34.320 1112 1770 I commit_sys_config_file: [log-files,1169]
10-31 13:10:34.320 1112 1139 W ActivityManager: No pending application record for pid 2157 (IApplicationThread android.app.IApplicationThread$Stub$Proxy@20c83c0); dropping process
10-31 13:10:34.320 1112 1139 I am_drop_process: 2157
10-31 13:10:34.327 1112 1770 E NativeTombstoneManager: Tombstone's UID (0) not an app, ignoring
10-31 13:10:34.328 1112 1770 I DropBoxManagerService: add tag=SYSTEM_TOMBSTONE_PROTO isTagEnabled=true flags=0x4
10-31 13:10:34.334 1112 1112 D SystemServerTiming: StartSystemUI took to complete: 65ms
10-31 13:10:34.334 1112 1112 I SystemServerTiming: startMicroService
10-31 13:10:34.339 1112 1194 I netstats_mobile_sample: [0,0,0,0,0,0,0,0,0,0,0,0,1667193034339]
10-31 13:10:34.339 1112 1194 I netstats_wifi_sample: [0,0,0,0,0,0,0,0,0,0,0,0,1667193034339]
10-31 13:10:34.340 1112 1911 I dvm_lock_sample: [system_server,0,NetworkPolicy,21,NetworkStatsService.java,1026,void com.android.server.net.NetworkStatsService.advisePersistThreshold(long),-,1506,void com.android.server.net.NetworkStatsService.performPoll(int),4]
10-31 13:10:34.340 1112 1112 D SystemServerTiming: startMicroService took to complete: 6ms
10-31 13:10:34.340 1112 1112 I SystemServerTiming: startRemoteControlService
10-31 13:10:34.344 1112 1112 D SystemServerTiming: startRemoteControlService took to complete: 4ms
10-31 13:10:34.344 1112 1112 I SystemServerTiming: startTcService
10-31 13:10:34.345 1112 1112 D SystemServerTiming: startTcService took to complete: 1ms
10-31 13:10:34.345 1112 1112 I SystemServerTiming: startBoostPerfService
10-31 13:10:34.348 1112 1112 D CompatibilityChangeReporter: Compat change id reported: 135634846; UID 1000; state: DISABLED
10-31 13:10:34.348 1112 1112 D CompatibilityChangeReporter: Compat change id reported: 177438394; UID 1000; state: DISABLED
10-31 13:10:34.348 1112 1112 D CompatibilityChangeReporter: Compat change id reported: 135772972; UID 1000; state: DISABLED
10-31 13:10:34.348 1112 1112 D CompatibilityChangeReporter: Compat change id reported: 135754954; UID 1000; state: ENABLED
10-31 13:10:34.349 1112 1112 D SystemServerTiming: startBoostPerfService took to complete: 3ms
10-31 13:10:34.349 1112 1112 D SystemServerTiming: startOtherServices took to complete: 3519ms
10-31 13:10:34.349 1112 1112 D SystemServerTiming: StartServices took to complete: 10553ms
10-31 13:10:34.352 1112 1770 I commit_sys_config_file: [log-files,1201]
10-31 13:10:34.355 1112 1112 W Looper : Slow delivery took 5727ms main h=android.app.PropertyInvalidatedCache$AutoCorker$1 c=null m=0
10-31 13:10:34.356 1112 1770 I commit_sys_config_file: [log-files,1205]
10-31 13:10:34.360 1112 1770 E NativeTombstoneManager: Tombstone's UID (0) not an app, ignoring
10-31 13:10:34.361 1112 1770 I DropBoxManagerService: add tag=SYSTEM_TOMBSTONE_PROTO isTagEnabled=true flags=0x4
10-31 13:10:34.365 1112 1112 D ConditionProviders.SCP: onConnected
10-31 13:10:34.366 1112 1112 I GameModeConfig: isGameModeOn = false
10-31 13:10:34.368 1112 1112 D ConditionProviders: Subscribing to condition://android/event?userId=-10000&calendar=&reply=1 with ComponentInfo{android/com.android.server.notification.EventConditionProvider}
10-31 13:10:34.368 1112 1112 D ConditionProviders: Subscribing to condition://android/schedule?days=1.2.3.4.5.6.7&start=22.0&end=7.0&exitAtAlarm=true with ComponentInfo{android/com.android.server.notification.ScheduleConditionProvider}
10-31 13:10:34.368 1112 1112 I notification_cancel_all: [1000,1112,android,0,0,0,20,NULL]
10-31 13:10:34.375 1112 1112 I am_uid_running: 10101
10-31 13:10:34.377 1112 1112 D CompatibilityChangeReporter: Compat change id reported: 135634846; UID 10101; state: DISABLED
10-31 13:10:34.377 1112 1112 D CompatibilityChangeReporter: Compat change id reported: 177438394; UID 10101; state: DISABLED
10-31 13:10:34.378 1112 1112 D CompatibilityChangeReporter: Compat change id reported: 135772972; UID 10101; state: DISABLED
10-31 13:10:34.378 1112 1112 D CompatibilityChangeReporter: Compat change id reported: 135754954; UID 10101; state: ENABLED
10-31 13:10:34.382 1112 1112 I GameModeConfig: isGameModeOn = false
01-01 09:54:58.019 0 0 I binder : 2065:2065 ioctl 40046210 7ff99ba014 returned -22
10-31 13:10:34.398 1112 1770 I commit_sys_config_file: [log-files,1247]
10-31 13:10:34.399 1112 1194 I netstats_mobile_sample: [0,0,0,0,0,0,0,0,0,0,0,0,1667193034399]
10-31 13:10:34.399 1112 1194 I netstats_wifi_sample: [0,0,0,0,0,0,0,0,0,0,0,0,1667193034399]
10-31 13:10:34.407 1112 1770 I commit_sys_config_file: [log-files,1256]
01-01 09:54:58.035 0 0 E init : Control message: Could not find 'vendor.qti.hardware.iop@2.0::IIop/default' for ctl.interface_start from pid: 499 (/system/bin/hwservicemanager)
10-31 13:10:34.418 1112 1770 E NativeTombstoneManager: Tombstone's UID (0) not an app, ignoring
10-31 13:10:34.421 1112 1770 I DropBoxManagerService: add tag=SYSTEM_TOMBSTONE_PROTO isTagEnabled=true flags=0x4
10-31 13:10:34.428 1112 2217 I wm_task_created: [5,-1]
10-31 13:10:34.440 1112 2217 I wm_task_created: [6,-1]
10-31 13:10:34.450 1112 2217 I wm_task_created: [7,-1]
10-31 13:10:34.461 1112 1770 I commit_sys_config_file: [log-files,1309]
10-31 13:10:34.468 1112 1770 I commit_sys_config_file: [log-files,1317]
10-31 13:10:34.472 1112 1770 E NativeTombstoneManager: Tombstone's UID (0) not an app, ignoring
10-31 13:10:34.473 1112 1770 I DropBoxManagerService: add tag=SYSTEM_TOMBSTONE_PROTO isTagEnabled=true flags=0x4
10-31 13:10:34.474 1112 1194 I netstats_mobile_sample: [0,0,0,0,0,0,0,0,0,0,0,0,1667193034474]
10-31 13:10:34.474 1112 1194 I netstats_wifi_sample: [0,0,0,0,0,0,0,0,0,0,0,0,1667193034474]
10-31 13:10:34.482 1112 2217 I ActivityManager: Process WebViewLoader-arm64-v8a (pid 2120) has died: psvc PER
10-31 13:10:34.483 1112 1770 I commit_sys_config_file: [log-files,1332]
10-31 13:10:34.491 1112 2217 I am_proc_died: [0,2120,WebViewLoader-arm64-v8a,-700,0]
10-31 13:10:34.492 1112 2217 I am_uid_stopped: 1037
10-31 13:10:34.497 1112 2217 I am_low_memory: 4
10-31 13:10:34.498 1112 1194 I netstats_mobile_sample: [0,0,0,0,0,0,0,0,0,0,0,0,1667193034498]
10-31 13:10:34.498 1112 1194 I netstats_wifi_sample: [0,0,0,0,0,0,0,0,0,0,0,0,1667193034498]
10-31 13:10:34.499 1112 1770 I commit_sys_config_file: [log-files,1348]
01-01 09:54:58.124 0 0 E init : Control message: Could not find 'vendor.qti.hardware.iop@2.0::IIop/default' for ctl.interface_start from pid: 499 (/system/bin/hwservicemanager)
10-31 13:10:34.504 1112 1199 W ActivityManager: Slow operation: 467ms so far, now at startProcess: returned from zygote!
10-31 13:10:34.504 1112 1199 W ActivityManager: Slow operation: 468ms so far, now at startProcess: done updating battery stats
10-31 13:10:34.504 1112 1199 I am_proc_start: [0,2270,1000,com.thundercomm.microsettings,added application,com.thundercomm.microsettings]
10-31 13:10:34.504 1112 1199 W ActivityManager: Slow operation: 468ms so far, now at startProcess: building log message
10-31 13:10:34.504 1112 1199 I ActivityManager: Start proc 2270:com.thundercomm.microsettings/1000 for added application com.thundercomm.microsettings
10-31 13:10:34.504 1112 1199 W ActivityManager: Slow operation: 468ms so far, now at startProcess: starting to update pids map
10-31 13:10:34.505 1112 1199 W ActivityManager: Slow operation: 469ms so far, now at startProcess: done updating pids map
10-31 13:10:34.505 1112 1199 W ActivityManager: Slow operation: 467ms so far, now at startProcess: asking zygote to start proc
10-31 13:10:34.517 1112 1139 D CompatibilityChangeReporter: Compat change id reported: 171306433; UID 1000; state: ENABLED
10-31 13:10:34.519 1112 1770 E NativeTombstoneManager: Tombstone's UID (0) not an app, ignoring
10-31 13:10:34.519 1112 1770 I DropBoxManagerService: add tag=SYSTEM_TOMBSTONE_PROTO isTagEnabled=true flags=0x4
01-01 09:54:58.177 0 0 I binder : 2270:2270 ioctl 40046210 7ff99ba9a4 returned -22
01-01 09:54:58.194 0 0 I binder : undelivered TRANSACTION_COMPLETE
01-01 09:54:58.195 0 0 I binder : undelivered transaction 21567, process died.
10-31 13:10:34.533 1112 1112 W Looper : Slow dispatch took 146ms main h=android.app.ActivityThread$H c=null m=114
10-31 13:10:34.534 1112 1112 I PackageWatchdog: Syncing health check requests for packages: {}
10-31 13:10:34.535 1112 1112 I ExplicitHealthCheckController: Service not ready to get health check supported packages. Binding...
10-31 13:10:34.541 1112 1112 I ExplicitHealthCheckController: Explicit health check service is bound
10-31 13:10:34.545 1112 1194 I netstats_mobile_sample: [0,0,0,0,0,0,0,0,0,0,0,0,1667193034544]
10-31 13:10:34.545 1112 1194 I netstats_wifi_sample: [0,0,0,0,0,0,0,0,0,0,0,0,1667193034544]
10-31 13:10:34.547 1112 1770 I commit_sys_config_file: [log-files,1396]
10-31 13:10:34.556 1112 1194 D TelephonyRegistry: listen oscl: mHasNotifySubscriptionInfoChangedOccurred==false no callback
10-31 13:10:34.564 1112 1770 I commit_sys_config_file: [log-files,1413]
10-31 13:10:34.565 1112 1194 D CountryDetector: Using custom country detector class: com.android.server.location.ComprehensiveCountryDetector
10-31 13:10:34.565 1112 1194 E CountryDetector: Could not instantiate the custom country detector class
10-31 13:10:34.565 1112 1194 D CountryDetector: Using default country detector
10-31 13:10:34.569 2079 2079 W OneHandedController: Device doesn't support OneHanded feature
10-31 13:10:34.579 1112 1770 E NativeTombstoneManager: Tombstone's UID (0) not an app, ignoring
10-31 13:10:34.580 1112 1770 I DropBoxManagerService: add tag=SYSTEM_TOMBSTONE_PROTO isTagEnabled=true flags=0x4
10-31 13:10:34.582 2270 2270 I service_manager_slow: [20,activity]
10-31 13:10:34.583 1112 2153 I am_proc_bound: [0,2270,com.thundercomm.microsettings]
10-31 13:10:34.586 1112 2153 D CompatibilityChangeReporter: Compat change id reported: 168419799; UID 1000; state: DISABLED
10-31 13:10:34.588 1112 2153 D CompatibilityChangeReporter: Compat change id reported: 181136395; UID 1000; state: DISABLED
10-31 13:10:34.589 1112 2153 D CompatibilityChangeReporter: Compat change id reported: 174042936; UID 1000; state: DISABLED
10-31 13:10:34.594 1112 1770 I commit_sys_config_file: [log-files,1443]
10-31 13:10:34.600 1112 1770 I commit_sys_config_file: [log-files,1449]
10-31 13:10:34.606 1112 1199 W ActivityManager: Slow operation: 568ms so far, now at startProcess: returned from zygote!
10-31 13:10:34.606 1112 1199 W ActivityManager: Slow operation: 568ms so far, now at startProcess: done updating battery stats
10-31 13:10:34.606 1112 1199 I am_proc_start: [0,2297,1001,.dataservices,added application,.dataservices]
10-31 13:10:34.606 1112 1199 W ActivityManager: Slow operation: 568ms so far, now at startProcess: building log message
10-31 13:10:34.606 1112 1199 I ActivityManager: Start proc 2297:.dataservices/1001 for added application .dataservices
10-31 13:10:34.606 1112 1199 W ActivityManager: Slow operation: 568ms so far, now at startProcess: starting to update pids map
10-31 13:10:34.607 1112 1199 W ActivityManager: Slow operation: 568ms so far, now at startProcess: done updating pids map
10-31 13:10:34.607 1112 1199 W ActivityManager: Slow operation: 562ms so far, now at startProcess: asking zygote to start proc
10-31 13:10:34.607 1112 1199 D CompatibilityChangeReporter: Compat change id reported: 143937733; UID 10055; state: DISABLED
10-31 13:10:34.610 1112 1770 E NativeTombstoneManager: Tombstone's UID (0) not an app, ignoring
10-31 13:10:34.610 1112 1770 I DropBoxManagerService: add tag=SYSTEM_TOMBSTONE_PROTO isTagEnabled=true flags=0x4
10-31 13:10:34.621 1112 1112 I SystemServerTiming: ManagedServices.unbindOtherUserServices_current0
10-31 13:10:34.622 1112 1112 D SystemServerTiming: ManagedServices.unbindOtherUserServices_current0 took to complete: 0ms
10-31 13:10:34.622 1112 1112 I SystemServerTiming: ManagedServices.unbindOtherUserServices_current0
10-31 13:10:34.622 1112 1112 D SystemServerTiming: ManagedServices.unbindOtherUserServices_current0 took to complete: 0ms
10-31 13:10:34.623 1112 1112 I SystemServerTiming: ManagedServices.unbindOtherUserServices_current0
10-31 13:10:34.623 1112 1112 D SystemServerTiming: ManagedServices.unbindOtherUserServices_current0 took to complete: 0ms
10-31 13:10:34.623 1112 1112 V NotificationAssistants: enabling notification assistant for 0: ComponentInfo{android.ext.services/android.ext.services.notification.Assistant}
10-31 13:10:34.624 1112 1112 V NotificationAssistants: binding: Intent { act=android.service.notification.NotificationAssistantService cmp=android.ext.services/.notification.Assistant (has extras) }
10-31 13:10:34.624 1112 1770 I commit_sys_config_file: [log-files,1473]
10-31 13:10:34.628 1112 1770 I commit_sys_config_file: [log-files,1477]
10-31 13:10:34.639 1112 1770 E NativeTombstoneManager: Tombstone's UID (0) not an app, ignoring
10-31 13:10:34.640 1112 1770 I DropBoxManagerService: add tag=SYSTEM_TOMBSTONE_PROTO isTagEnabled=true flags=0x4
01-01 09:54:58.313 0 0 I binder : 2297:2297 ioctl 40046210 7ff99ba9a4 returned -22
10-31 13:10:34.648 1112 1199 W ActivityManager: Slow operation: 604ms so far, now at startProcess: returned from zygote!
10-31 13:10:34.648 1112 1199 W ActivityManager: Slow operation: 604ms so far, now at startProcess: done updating battery stats
10-31 13:10:34.648 1112 1199 I am_proc_start: [0,2300,10055,.qtidataservices,added application,.qtidataservices]
10-31 13:10:34.648 1112 1199 W ActivityManager: Slow operation: 604ms so far, now at startProcess: building log message
10-31 13:10:34.648 1112 1199 I ActivityManager: Start proc 2300:.qtidataservices/u0a55 for added application .qtidataservices
10-31 13:10:34.648 1112 1199 W ActivityManager: Slow operation: 604ms so far, now at startProcess: starting to update pids map
10-31 13:10:34.649 1112 1199 W ActivityManager: Slow operation: 604ms so far, now at startProcess: done updating pids map
10-31 13:10:34.649 1112 1199 W ActivityManager: Slow operation: 600ms so far, now at startProcess: asking zygote to start proc
10-31 13:10:34.656 1112 1770 I commit_sys_config_file: [log-files,1505]
10-31 13:10:34.665 1112 1770 I commit_sys_config_file: [log-files,1514]
10-31 13:10:34.679 1112 1139 D TelephonyRegistry: listen oscl: mHasNotifySubscriptionInfoChangedOccurred==false no callback
10-31 13:10:34.685 1112 1770 E NativeTombstoneManager: Tombstone's UID (0) not an app, ignoring
10-31 13:10:34.686 1112 1770 I DropBoxManagerService: add tag=SYSTEM_TOMBSTONE_PROTO isTagEnabled=true flags=0x4
10-31 13:10:34.700 1112 1770 I commit_sys_config_file: [log-files,1549]
10-31 13:10:34.703 1112 1770 I commit_sys_config_file: [log-files,1552]
10-31 13:10:34.705 1112 1770 E NativeTombstoneManager: Tombstone's UID (0) not an app, ignoring
10-31 13:10:34.706 1112 1770 I DropBoxManagerService: add tag=SYSTEM_TOMBSTONE_PROTO isTagEnabled=true flags=0x4
10-31 13:10:34.711 1112 1199 W ActivityManager: Slow operation: 662ms so far, now at startProcess: returned from zygote!
10-31 13:10:34.715 1112 1199 W ActivityManager: Slow operation: 666ms so far, now at startProcess: done updating battery stats
10-31 13:10:34.715 1112 1199 I am_proc_start: [0,2322,1000,com.thundercomm.tchttpserver,added application,com.thundercomm.tchttpserver]
10-31 13:10:34.715 1112 1199 W ActivityManager: Slow operation: 666ms so far, now at startProcess: building log message
10-31 13:10:34.715 1112 1199 I ActivityManager: Start proc 2322:com.thundercomm.tchttpserver/1000 for added application com.thundercomm.tchttpserver
10-31 13:10:34.715 1112 1199 W ActivityManager: Slow operation: 666ms so far, now at startProcess: starting to update pids map
10-31 13:10:34.716 1112 1199 W ActivityManager: Slow operation: 667ms so far, now at startProcess: done updating pids map
10-31 13:10:34.716 1112 1199 W ActivityManager: Slow operation: 663ms so far, now at startProcess: asking zygote to start proc
10-31 13:10:34.717 2297 2297 I service_manager_slow: [11,activity]
10-31 13:10:34.717 1112 1139 I am_proc_bound: [0,2297,.dataservices]
10-31 13:10:34.719 1112 1770 I commit_sys_config_file: [log-files,1568]
10-31 13:10:34.719 1112 1139 D CompatibilityChangeReporter: Compat change id reported: 168419799; UID 1001; state: DISABLED
10-31 13:10:34.721 1112 1139 I am_uid_active: 1001
01-01 09:54:58.345 0 0 I binder : 2300:2300 ioctl 40046210 7ff99ba9a4 returned -22
10-31 13:10:34.725 1112 1770 I commit_sys_config_file: [log-files,1574]
10-31 13:10:34.729 1112 1139 D CompatibilityChangeReporter: Compat change id reported: 168419799; UID 1001; state: DISABLED
10-31 13:10:34.730 1112 2217 D CompatibilityChangeReporter: Compat change id reported: 157233955; UID 10087; state: ENABLED
01-01 09:54:58.353 0 0 I cnss-daemon: DMS thread joined succesfully
01-01 09:54:58.353 0 0 I cnss-daemon: wlfw_stop: Stop done: 0
10-31 13:10:34.733 1112 1770 E NativeTombstoneManager: Tombstone's UID (0) not an app, ignoring
10-31 13:10:34.734 1112 1770 I DropBoxManagerService: add tag=SYSTEM_TOMBSTONE_PROTO isTagEnabled=true flags=0x4
01-01 09:54:58.353 0 0 I cnss-daemon: wlfw_start: Starting
01-01 09:54:58.365 0 0 I cnss-daemon: ro.baseband : [apq]
01-01 09:54:58.365 0 0 I cnss-daemon: Hardware supports external modem
10-31 13:10:34.779 1112 2153 I am_proc_bound: [0,2300,.qtidataservices]
10-31 13:10:34.783 1112 2153 D CompatibilityChangeReporter: Compat change id reported: 168419799; UID 10055; state: DISABLED
10-31 13:10:34.788 1112 2153 I am_uid_active: 10055
10-31 13:10:34.790 1112 1770 I commit_sys_config_file: [log-files,1638]
01-01 09:54:58.368 0 0 I cnss-daemon: wlfw_service_request: Start the pthread: 0x0K
10-31 13:10:34.809 1112 1770 I commit_sys_config_file: [log-files,1658]
01-01 09:54:58.423 0 0 I cnss-daemon: pm_release_vote: pm_handle is NULL
01-01 09:54:58.432 0 0 D cnss : Received QMI WLFW request memory indication
01-01 09:54:58.432 0 0 D cnss : FW requests for memory, size: 0x5e0000, type: 1
01-01 09:54:58.432 0 0 D cnss : FW requests for memory, size: 0xd8000, type: 4
01-01 09:54:58.432 0 0 D cnss : Posting event: REQUEST_MEM(2), state: 0x11 flags: 0x0
01-01 09:54:58.432 0 0 D cnss : PM stay awake, state: 0x11, count: 1
01-01 09:54:58.432 0 0 D cnss : PM relax, state: 0x11, count: 0
01-01 09:54:58.432 0 0 D cnss : PM stay awake, state: 0x11, count: 1
01-01 09:54:58.432 0 0 D cnss : Processing driver event: REQUEST_MEM(2), state: 0x11
01-01 09:54:58.432 0 0 D cnss : Sending respond memory message, state: 0x11
01-01 09:54:58.432 0 0 D cnss : Memory for FW, va: 0xffffff8026195000, pa: 0x00000000a1000000, size: 0x5e0000, type: 1
01-01 09:54:58.432 0 0 D cnss : Memory for FW, va: 0xffffff801f631000, pa: 0x00000000a1600000, size: 0xd8000, type: 4
01-01 09:54:58.437 0 0 D cnss : PM relax, state: 0x11, count: 0
01-01 09:54:58.440 0 0 D cnss : Received QMI WLFW FW memory ready indication
01-01 09:54:58.440 0 0 D cnss : Posting event: FW_MEM_READY(3), state: 0x11 flags: 0x0
01-01 09:54:58.440 0 0 D cnss : PM stay awake, state: 0x11, count: 1
01-01 09:54:58.440 0 0 D cnss : PM relax, state: 0x11, count: 0
01-01 09:54:58.440 0 0 D cnss : PM stay awake, state: 0x11, count: 1
01-01 09:54:58.440 0 0 D cnss : Processing driver event: FW_MEM_READY(3), state: 0x11
01-01 09:54:58.440 0 0 D cnss : Sending target capability message, state: 0x13
01-01 09:54:58.446 0 0 I binder : 2322:2322 ioctl 40046210 7ff99ba9a4 returned -22
01-01 09:54:58.458 0 0 D cnss : Voltage for CPR: 948mV
10-31 13:10:34.826 1112 1770 E NativeTombstoneManager: Tombstone's UID (0) not an app, ignoring
10-31 13:10:34.827 1112 1770 I DropBoxManagerService: add tag=SYSTEM_TOMBSTONE_PROTO isTagEnabled=true flags=0x4
10-31 13:10:34.837 1112 2217 I am_proc_bound: [0,2322,com.thundercomm.tchttpserver]
10-31 13:10:34.837 1112 1199 W ActivityManager: Slow operation: 784ms so far, now at startProcess: returned from zygote!
01-01 09:54:58.458 0 0 D cnss : Update TCS CMD data address 0x000000000b2e5844 with voltage 950mV
01-01 09:54:58.458 0 0 D cnss : Device frequency is 24000000 HZ
01-01 09:54:58.458 0 0 D cnss : Target capability: chip_id: 0x0, chip_family: 0xb, board_id: 0xff, soc_id: 0xffffffff, fw_version: 0x101a0521, fw_build_timestamp: 2021-12-20 07:54, fw_build_id: QC_IMAGE_VERSION_STRING=WLAN.HST.1.0.1.r1-01313-QCAHSTSWPL_SILICONZ-1, otp_version: 0x480020
01-01 09:54:58.458 0 0 D cnss : Sending BDF download message, state: 0x13, type: 4
10-31 13:10:34.838 1112 2217 D CompatibilityChangeReporter: Compat change id reported: 168419799; UID 1000; state: DISABLED
10-31 13:10:34.841 1112 1199 W ActivityManager: Slow operation: 788ms so far, now at startProcess: done updating battery stats
10-31 13:10:34.841 1112 1199 I am_proc_start: [0,2351,1000,com.tc.logclient,added application,com.tc.logclient]
10-31 13:10:34.841 1112 1199 W ActivityManager: Slow operation: 788ms so far, now at startProcess: building log message
10-31 13:10:34.841 1112 1199 I ActivityManager: Start proc 2351:com.tc.logclient/1000 for added application com.tc.logclient
10-31 13:10:34.841 1112 1199 W ActivityManager: Slow operation: 788ms so far, now at startProcess: starting to update pids map
10-31 13:10:34.841 1112 1199 W ActivityManager: Slow operation: 788ms so far, now at startProcess: done updating pids map
10-31 13:10:34.841 1112 1199 W ActivityManager: Slow operation: 786ms so far, now at startProcess: asking zygote to start proc
10-31 13:10:34.845 1112 1770 I commit_sys_config_file: [log-files,1693]
10-31 13:10:34.853 1112 1770 I commit_sys_config_file: [log-files,1702]
10-31 13:10:34.858 1112 1770 E NativeTombstoneManager: Tombstone's UID (0) not an app, ignoring
10-31 13:10:34.858 1112 1770 I DropBoxManagerService: add tag=SYSTEM_TOMBSTONE_PROTO isTagEnabled=true flags=0x4
10-31 13:10:34.871 1112 1770 I commit_sys_config_file: [log-files,1720]
10-31 13:10:34.882 1112 1770 I commit_sys_config_file: [log-files,1730]
10-31 13:10:34.895 1112 1770 E NativeTombstoneManager: Tombstone's UID (0) not an app, ignoring
10-31 13:10:34.895 1112 1770 I DropBoxManagerService: add tag=SYSTEM_TOMBSTONE_PROTO isTagEnabled=true flags=0x4
10-31 13:10:34.926 2270 2270 W ContextImpl: Calling a method in the system process without a qualified user: android.app.ContextImpl.startService:1816 android.content.ContextWrapper.startService:774 com.thundercomm.microsettings.service.SettingsApplication.onCreate:30 android.app.Instrumentation.callApplicationOnCreate:1212 android.app.ActivityThread.handleBindApplication:6744
10-31 13:10:34.926 1112 2153 W ActivityManager: Unable to start service Intent { act=com.thundercomm.microsettings.SETTING_SERVICE pkg=com.thundercomm.microsettings } U=0: not found
10-31 13:10:34.926 2270 2270 W ContextImpl: Calling a method in the system process without a qualified user: android.app.ContextImpl.startService:1816 android.content.ContextWrapper.startService:774 com.thundercomm.microsettings.service.SettingsApplication.onCreate:36 android.app.Instrumentation.callApplicationOnCreate:1212 android.app.ActivityThread.handleBindApplication:6744
10-31 13:10:34.927 1112 2153 W ActivityManager: Unable to start service Intent { act=com.thundercomm.microsettings.EOL_SERVICE pkg=com.thundercomm.microsettings } U=0: not found
10-31 13:10:34.935 1112 1770 I commit_sys_config_file: [log-files,1784]
10-31 13:10:34.950 1112 1770 I commit_sys_config_file: [log-files,1799]
10-31 13:10:34.959 2079 2079 D SystemUIBootTiming: DependencyInjection took to complete: 1ms
01-01 09:54:58.458 0 0 D cnss : FW name added with prefix: qca6390/regdb.bin
01-01 09:54:58.458 0 0 W cnss2 b0000000.qcom,cnss-qca6390: Falling back to syfs fallback for: qca6390/regdb.bin
01-01 09:54:58.487 0 0 E init : Control message: Could not find 'vendor.qti.hardware.iop@2.0::IIop/default' for ctl.interface_start from pid: 499 (/system/bin/hwservicemanager)
10-31 13:10:34.974 1112 1199 W ActivityManager: Slow operation: 919ms so far, now at startProcess: returned from zygote!
10-31 13:10:34.974 1112 1199 W ActivityManager: Slow operation: 919ms so far, now at startProcess: done updating battery stats
10-31 13:10:34.974 1112 1199 I am_proc_start: [0,2372,1073,com.android.networkstack.process,added application,com.android.networkstack.process]
10-31 13:10:34.974 1112 1199 W ActivityManager: Slow operation: 919ms so far, now at startProcess: building log message
10-31 13:10:34.974 1112 1199 I ActivityManager: Start proc 2372:com.android.networkstack.process/1073 for added application com.android.networkstack.process
10-31 13:10:34.974 1112 1199 W ActivityManager: Slow operation: 919ms so far, now at startProcess: starting to update pids map
10-31 13:10:34.975 1112 1199 W ActivityManager: Slow operation: 920ms so far, now at startProcess: done updating pids map
10-31 13:10:34.975 1112 1199 W ActivityManager: Slow operation: 918ms so far, now at startProcess: asking zygote to start proc
10-31 13:10:34.981 2079 2079 D SystemUIBootTiming: StartServicescom.android.systemui.util.NotificationChannels took to complete: 5ms
10-31 13:10:34.986 2270 2270 D MicroServiceManager: add linkToDeath
10-31 13:10:34.986 2270 2270 D MicroServiceManager: bindMicroService: called already get service
10-31 13:10:34.986 1112 1770 E NativeTombstoneManager: Tombstone's UID (0) not an app, ignoring
10-31 13:10:34.998 1112 1770 I DropBoxManagerService: add tag=SYSTEM_TOMBSTONE_PROTO isTagEnabled=true flags=0x4
10-31 13:10:35.009 2270 2270 I MicroServiceManager: addCommonCallbackListener add listener
10-31 13:10:35.009 2270 2270 I MicroServiceManager: addConnectChangedListener add listener
01-01 09:54:58.494 0 0 I ueventd : firmware: loading 'qca6390/regdb.bin' for '/devices/platform/soc/b0000000.qcom,cnss-qca6390/firmware/qca6390!regdb.bin'
01-01 09:54:58.505 0 0 E ueventd : firmware: could not find firmware for qca6390/regdb.bin
01-01 09:54:58.512 0 0 E ueventd : firmware: attempted /etc/firmware/qca6390/regdb.bin, open failed: No such file or directory
01-01 09:54:58.523 0 0 E ueventd : firmware: attempted /odm/firmware/qca6390/regdb.bin, open failed: No such file or directory
01-01 09:54:58.530 0 0 E init : Control message: Could not find 'vendor.qti.hardware.iop@2.0::IIop/default' for ctl.interface_start from pid: 499 (/system/bin/hwservicemanager)
01-01 09:54:58.534 0 0 E ueventd : firmware: attempted /vendor/firmware/qca6390/regdb.bin, open failed: No such file or directory
01-01 09:54:58.534 0 0 E ueventd : firmware: attempted /firmware/image/qca6390/regdb.bin, open failed: No such file or directory
01-01 09:54:58.534 0 0 E ueventd : firmware: attempted /vendor/firmware_mnt/image/qca6390/regdb.bin, open failed: No such file or directory
01-01 09:54:58.534 0 0 I ueventd : loading /devices/platform/soc/b0000000.qcom,cnss-qca6390/firmware/qca6390!regdb.bin took 64ms
01-01 09:54:58.536 0 0 E cnss : Failed to load BDF: qca6390/regdb.bin
01-01 09:54:58.536 0 0 D cnss : Sending BDF download message, state: 0x13, type: 1
01-01 09:54:58.536 0 0 D cnss : FW name added with prefix: qca6390/bdwlan.elf
01-01 09:54:58.536 0 0 W cnss2 b0000000.qcom,cnss-qca6390: Falling back to syfs fallback for: qca6390/bdwlan.elf
01-01 09:54:58.561 0 0 E init : Control message: Could not find 'vendor.qti.hardware.iop@2.0::IIop/default' for ctl.interface_start from pid: 499 (/system/bin/hwservicemanager)
01-01 09:54:58.562 0 0 I ueventd : firmware: loading 'qca6390/bdwlan.elf' for '/devices/platform/soc/b0000000.qcom,cnss-qca6390/firmware/qca6390!bdwlan.elf'
01-01 09:54:58.572 0 0 I binder : 2297:2366 ioctl 40046210 77bfb01f54 returned -22
01-01 09:54:58.572 0 0 I ueventd : loading /devices/platform/soc/b0000000.qcom,cnss-qca6390/firmware/qca6390!bdwlan.elf took 10ms
01-01 09:54:58.573 0 0 D cnss : Downloading BDF: qca6390/bdwlan.elf, size: 57908
01-01 09:54:58.604 0 0 E init : Control message: Could not find 'vendor.qti.hardware.iop@2.0::IIop/default' for ctl.interface_start from pid: 499 (/system/bin/hwservicemanager)
