10-31 13:10:42.293 967 967 D QCC:qccvndhal: /data/vendor/qdma/down/1 is null
10-31 13:10:42.293 2553 3512 I QCC:OmaDMNative: qcc_hidl_update_vendor_dropbox() res=0
10-31 13:10:42.293 2553 3512 I QCC:Collector: deleteDir: /data/misc/qdma/down/3 already disabled
10-31 13:10:42.293 671 3514 W resolv : Validation failed
10-31 13:10:42.295 2553 3512 I QCC:OmaDMNative: qcc_hidl_update_vendor_dropbox(), path=/data/misc/qdma/down/3 isEnabled=0
10-31 13:10:42.296 967 967 D QCC:qccvndhal: /data/vendor/qdma/down/3 is null
10-31 13:10:42.296 2553 3512 I QCC:OmaDMNative: qcc_hidl_update_vendor_dropbox() res=0
10-31 13:10:42.297 2553 3512 I QCC:Collector: deleteDir: /data/misc/qdma/down/1500 already disabled
10-31 13:10:42.297 1112 1140 D WifiMemoryStoreImpl: Set cluster G53cf5dde22fface5 for Wee8b46b95d3dd6ce: SUCCESS
10-31 13:10:42.298 671 3523 D resolv : doQuery: (1, 1)
10-31 13:10:42.298 671 3523 D resolv : res_nmkquery: (QUERY, IN, A)
10-31 13:10:42.298 671 3523 D resolv : res_nsend
10-31 13:10:42.298 671 3523 I resolv : resolv_cache_lookup: lookup
10-31 13:10:42.298 671 3523 I resolv : resolv_cache_lookup: NOT IN CACHE
10-31 13:10:42.298 671 3523 I resolv : resolv_populate_res_for_net: netid=100
10-31 13:10:42.298 671 3523 I resolv : res_stats_usable_server: NS stats: S 0 + E 0 + T 0 + I 0 = 0, rtt = -1, min_samples = 8
10-31 13:10:42.298 671 3523 D resolv : res_nsend: Querying server (# 1) address = 192.168.31.1:53
10-31 13:10:42.298 671 3523 D resolv : send_dg: new DG socket
10-31 13:10:42.301 671 3523 I resolv : get_timeout: using timeout of 5000 msec
10-31 13:10:42.301 671 3523 I resolv : retrying_poll: 54 retrying_poll
10-31 13:10:42.301 2079 2947 W FrameTracker: Missed App frame:72
10-31 13:10:42.301 2079 2947 W FrameTracker: Missed App frame:72
10-31 13:10:42.301 2079 2947 W FrameTracker: Missed App frame:8
10-31 13:10:42.301 2079 2947 W FrameTracker: Missed App frame:72
10-31 13:10:42.303 1430 1460 D LOWI-9.0.0.87.a: [LOWINetlinkSocketReceiver] unpackRTMLinkMessage: RTM_NEWLINK - ifname vlan2, flags 0x1003 ([UP])
10-31 13:10:42.304 2079 3354 V PerfettoTrigger: Triggering /system/bin/trigger_perfetto com.android.telemetry.interaction-jank-monitor-12
10-31 13:10:42.304 1015 3520 D AudioFlinger: ro.audio.silent is ignored since no output device is set
10-31 13:10:42.304 808 2069 D audio_hw_primary: out_set_parameters: enter: usecase(33: audio-playback-voip) kvpairs: a2dp_sink_address=A4:77:58:71:7A:9A
10-31 13:10:42.305 808 1810 D audio_hw_primary: out_standby: enter: stream (0xf0454fb0) usecase(33: audio-playback-voip)
10-31 13:10:42.305 808 1810 D audio_hw_primary: out_standby: exit
10-31 13:10:42.306 1112 1181 I EthernetTracker: interfaceLinkStateChanged, iface: vlan2, up: false
10-31 13:10:42.310 1015 3520 D AudioFlinger: ro.audio.silent is ignored since no output device is set
10-31 13:10:42.316 1112 1918 I WifiClientModeImpl: Default Gateway MAC address of 5c:02:14:f9:4f:d3 from routes is : 5c:02:14:f9:4f:d1
10-31 13:10:42.317 1283 1836 V MediaCodec: TunnelPeekState: BufferRendered -> BufferRendered
10-31 13:10:42.317 2553 3512 I QCC:OmaDMNative: qcc_hidl_update_vendor_dropbox(), path=/data/misc/qdma/down/1500 isEnabled=0
10-31 13:10:42.317 967 967 D QCC:qccvndhal: /data/vendor/qdma/down/1500 is null
10-31 13:10:42.317 2553 3512 I QCC:OmaDMNative: qcc_hidl_update_vendor_dropbox() res=0
10-31 13:10:42.317 2553 3512 I QCC:Collector: deleteDir: /data/misc/qdma/down/1504 already disabled
10-31 13:10:42.327 2553 3512 I QCC:OmaDMNative: qcc_hidl_update_vendor_dropbox(), path=/data/misc/qdma/down/1504 isEnabled=0
10-31 13:10:42.327 967 967 D QCC:qccvndhal: /data/vendor/qdma/down/1504 is null
10-31 13:10:42.327 2553 3512 I QCC:OmaDMNative: qcc_hidl_update_vendor_dropbox() res=0
10-31 13:10:42.327 2553 3512 I QCC:Collector: deleteDir: /data/misc/qdma/down/6 already disabled
10-31 13:10:42.338 1015 1811 I AudioFlinger: openOutput() this 0xb4000076d6078040, module 10 Device type:0x80,@:SUPPRESSED, SamplingRate 8000, Format 0x000003, Channels 0x1, flags 0x1
10-31 13:10:42.338 808 1810 D audio_hw_primary: adev_open_output_stream: enter: format(0x3) sample_rate(8000) channel_mask(0x1) devices(0x80) flags(0x1) stream_handle(0xf0457140) address(A4:77:58:71:7A:9A)
10-31 13:10:42.338 808 1810 I audio_hw_utils: PCM offload Fragment size to 2560 bytes
10-31 13:10:42.338 808 1810 D audio_hw_primary: adev_open_output_stream: Stream (0xf0457140) picks up usecase (compress-offload-playback2)
10-31 13:10:42.338 808 1810 D audio_hw_primary: io_streams_map_insert: Added stream in io_streams_map with handle 117
10-31 13:10:42.340 1015 1811 I AudioFlinger: HAL output buffer size 640 frames, normal sink buffer size 640 frames
10-31 13:10:42.340 808 1810 D audio_hw_utils: audio_extn_utils_compress_get_dsp_latency:: Using Fix DSP delay
10-31 13:10:42.340 808 1810 D audio_hw_utils: audio_extn_utils_compress_get_dsp_latency:: delay in ms is 62
10-31 13:10:42.341 1015 1811 D AudioFlinger: Failed to add event callback
10-31 13:10:42.342 2553 3512 I QCC:OmaDMNative: qcc_hidl_update_vendor_dropbox(), path=/data/misc/qdma/down/6 isEnabled=0
10-31 13:10:42.342 967 967 D QCC:qccvndhal: /data/vendor/qdma/down/6 is null
10-31 13:10:42.342 2553 3512 I QCC:OmaDMNative: qcc_hidl_update_vendor_dropbox() res=0
10-31 13:10:42.342 808 1810 D audio_hw_utils: audio_extn_utils_compress_get_dsp_latency:: Using Fix DSP delay
10-31 13:10:42.342 808 1810 D audio_hw_utils: audio_extn_utils_compress_get_dsp_latency:: delay in ms is 62
10-31 13:10:42.343 2553 3512 I QCC:Collector: deleteDir: /data/misc/qdma/down/51 already disabled
10-31 13:10:42.343 808 1810 D audio_hw_utils: audio_extn_utils_compress_get_dsp_latency:: Using Fix DSP delay
10-31 13:10:42.343 808 1810 D audio_hw_utils: audio_extn_utils_compress_get_dsp_latency:: delay in ms is 62
10-31 13:10:42.345 2553 3512 I QCC:OmaDMNative: qcc_hidl_update_vendor_dropbox(), path=/data/misc/qdma/down/51 isEnabled=0
10-31 13:10:42.345 967 967 D QCC:qccvndhal: /data/vendor/qdma/down/51 is null
10-31 13:10:42.345 1112 2149 I am_proc_bound: [0,3495,com.android.localtransport]
10-31 13:10:42.347 1112 1918 D WifiConfigStore: Writing to stores completed in 15 ms.
10-31 13:10:42.348 671 3523 I resolv : retrying_poll: 54 retrying_poll returning 1
10-31 13:10:42.348 671 3523 I resolv : res_nsend: used send_dg 98 terrno: 0
10-31 13:10:42.348 671 3523 I resolv : res_stats_set_sample: rcode = 0, sec = 47
10-31 13:10:42.348 671 3523 I resolv : res_cache_add_stats_sample_locked: adding sample to stats, next = 0, count = 0
10-31 13:10:42.348 671 3523 D resolv : res_nsend: got answer:
10-31 13:10:42.348 671 3523 I resolv : answer_getTTL: TTL = 156
10-31 13:10:42.348 671 3523 I resolv : _cache_add_p: entry 1 added (count=1)
10-31 13:10:42.348 671 3523 I resolv : cache_dump_mru_locked: MRU LIST ( 1): 1
10-31 13:10:42.348 671 3523 D resolv : doQuery: rcode=0, ancount=4
10-31 13:10:42.349 1112 1918 I SupplicantStaIfaceHal: cleared linked networks
10-31 13:10:42.349 671 3511 I ResolverController: No valid NAT64 prefix (100, /0)
10-31 13:10:42.350 1112 2149 D CompatibilityInfo: mCompatibilityFlags - 4
10-31 13:10:42.350 1112 2149 D CompatibilityInfo: applicationDensity - 240
10-31 13:10:42.350 1112 2149 D CompatibilityInfo: applicationScale - 1.0
10-31 13:10:42.351 1283 1836 V MediaCodec: TunnelPeekState: BufferRendered -> BufferRendered
10-31 13:10:42.355 1015 3532 I AudioFlinger: AudioFlinger's thread 0xb400007786076010 tid=3532 ready to run
10-31 13:10:42.356 1015 3532 D AudioFlinger: ro.audio.silent is ignored since no output device is set
10-31 13:10:42.357 808 1810 D audio_hw_primary: out_set_parameters: enter: usecase(4: compress-offload-playback2) kvpairs: a2dp_sink_address=A4:77:58:71:7A:9A
10-31 13:10:42.357 1112 2149 D CompatibilityInfo: mCompatibilityFlags - 4
10-31 13:10:42.357 1112 2149 D CompatibilityInfo: applicationDensity - 240
10-31 13:10:42.357 1112 2149 D CompatibilityInfo: applicationScale - 1.0
10-31 13:10:42.358 808 1810 D audio_hw_primary: out_standby: enter: stream (0xf0457140) usecase(4: compress-offload-playback2)
10-31 13:10:42.358 808 1810 D audio_hw_primary: out_standby: exit
10-31 13:10:42.356 2553 3512 I QCC:OmaDMNative: qcc_hidl_update_vendor_dropbox() res=0
10-31 13:10:42.359 2553 3512 I QCC:Collector: deleteDir: /data/misc/qdma/down/102 already disabled
10-31 13:10:42.359 2553 3512 I QCC:Collector: deleteDir: /data/misc/qdma/down/104 already disabled
10-31 13:10:42.359 2553 3512 I QCC:Collector: deleteDir: /data/misc/qdma/down/1501 already disabled
10-31 13:10:42.360 1015 3532 D AudioFlinger: ro.audio.silent is ignored since no output device is set
10-31 13:10:42.361 3495 3495 D CompatibilityChangeReporter: Compat change id reported: 171979766; UID 1000; state: ENABLED
10-31 13:10:42.365 2553 3512 I QCC:OmaDMNative: qcc_hidl_update_vendor_dropbox(), path=/data/misc/qdma/down/1501 isEnabled=0
10-31 13:10:42.366 967 967 D QCC:qccvndhal: /data/vendor/qdma/down/1501 is null
10-31 13:10:42.366 2553 3512 I QCC:OmaDMNative: qcc_hidl_update_vendor_dropbox() res=0
10-31 13:10:42.367 2553 3512 I QCC:Collector: deleteDir: /data/misc/qdma/down/1502 already disabled
10-31 13:10:42.370 2553 3512 I QCC:OmaDMNative: qcc_hidl_update_vendor_dropbox(), path=/data/misc/qdma/down/1502 isEnabled=0
10-31 13:10:42.370 967 967 D QCC:qccvndhal: /data/vendor/qdma/down/1502 is null
10-31 13:10:42.371 2553 3512 I QCC:OmaDMNative: qcc_hidl_update_vendor_dropbox() res=0
10-31 13:10:42.371 2553 3512 I QCC:Collector: deleteDir: /data/misc/qdma/down/1503 already disabled
10-31 13:10:42.371 3521 3521 I libc : SetHeapTaggingLevel: tag level set to 0
10-31 13:10:42.373 2553 3512 I QCC:OmaDMNative: qcc_hidl_update_vendor_dropbox(), path=/data/misc/qdma/down/1503 isEnabled=0
10-31 13:10:42.374 967 967 D QCC:qccvndhal: /data/vendor/qdma/down/1503 is null
10-31 13:10:42.375 2553 3512 I QCC:OmaDMNative: qcc_hidl_update_vendor_dropbox() res=0
10-31 13:10:42.375 2553 3512 I QCC:QccLicenseListGen: qccCheckInstalledIsv
10-31 13:10:42.375 3203 3507 V MediaProvider: onConfigure() for internal.db
10-31 13:10:42.377 3203 3507 V MediaProvider: onOpen() for internal.db
10-31 13:10:42.377 3203 3507 V MediaProvider: onOpen() finished for internal.db
10-31 13:10:42.379 2746 2766 D QCCAuthMgr: SMQContentProvider query uri: content://com.qti.smq.Feedback.provider/IsvAppTbl, selection: null, uri_matcher: 5
10-31 13:10:42.379 2746 2766 D QCCAuthMgr: SMQContentProvider query tableName: IsvAppTbl
10-31 13:10:42.382 1283 1836 V MediaCodec: TunnelPeekState: BufferRendered -> BufferRendered
10-31 13:10:42.383 3341 3341 I Helios : provider onCreate
10-31 13:10:42.392 2553 3512 I QCC:QccLicenseListGen: qccCheckLicenseExpiredIsv
01-01 09:55:05.996 0 0 E [wifi@1][0x43805f6d][13:10:42.375482] wlan: [938:E:QDF] qdf_mem_malloc_debug: 1206: Cannot malloc 0 bytes @ csr_get_cfg_max_tx_power:14199
01-01 09:55:06.015 0 0 I [schedu][0x4385e25b][13:10:42.394294] wlan: [2546:I:WMI] LFR3:OKC enabled
01-01 09:55:06.015 0 0 I [schedu][0x4385e332][13:10:42.394306] wlan: [2546:I:WMI] LFR3:PMKSA caching enabled
10-31 13:10:42.393 2746 2766 D QCCAuthMgr: SMQContentProvider query uri: content://com.qti.smq.Feedback.provider/IsvLicenseTbl, selection: null, uri_matcher: 3
10-31 13:10:42.393 2746 2766 D QCCAuthMgr: SMQContentProvider query tableName: IsvLicenseTbl
10-31 13:10:42.396 2553 3512 I QCC:OperationMode: prepareProvisioned nProvisioned = 1
10-31 13:10:42.396 2553 3512 I QCC:OperationMode: readOpMode operationMode: 1
10-31 13:10:42.396 2553 3512 I QCC:OperationMode: DEVICE_PROVISIONED done or need to opmode as 3
10-31 13:10:42.396 2553 3512 I QCC:QDMAEmbargoesList: checkEmbargoesListFile
10-31 13:10:42.397 2553 3512 I QCC:QDMAEmbargoesList: QDMAEmbargoesIsDeviceInRegulatedArea regulated:false
10-31 13:10:42.397 2553 3512 I QCC:OperationMode: isRestrictedEmbargoesState - : false
10-31 13:10:42.397 2553 3512 I QCC:OperationMode: readOpMode operationMode: 1
10-31 13:10:42.397 2553 3512 I QCC:NetworkStat: getActiveNetwork(ctx) invoked.
10-31 13:10:42.398 2553 3512 I QCC:NetworkStat: WIFI is available
10-31 13:10:42.400 2553 3512 W QCC:PeriodicCI: [WARNING] Current time is wrong, status=1
10-31 13:10:42.400 2553 3512 I QCC:PeriodicCI: Waiting for the time change
10-31 13:10:42.404 808 1810 D audio_hw_primary: adev_get_parameters:A4:77:58:71:7A:9A;routing=128;supEncapsulationMetadataTypes;supEncapsulationModes
10-31 13:10:42.404 808 1810 D audio_hw_spkr_prot: fbsp_get_parameters: Speaker protection disabled
10-31 13:10:42.404 808 1810 D soundtrigger: audio_extn_sound_trigger_get_parameters input string
10-31 13:10:42.404 808 1810 D soundtrigger: extract_sm_handle input string param string
10-31 13:10:42.404 808 1810 D soundtrigger: extract_sm_handle SVA sm handle<=77>
10-31 13:10:42.404 808 1810 D audio_hw_extn: audio_extn_fm_get_parameters: Enter
10-31 13:10:42.404 808 1810 D audio_hw_extn: audio_extn_get_parameters: returns
10-31 13:10:42.404 808 1810 D audio_hw_primary: adev_get_parameters: exit: returns -
10-31 13:10:42.404 1015 1811 I hash_map_utils: system/bt/osi/src/hash_map_utils.cc:81 hash_map_utils_dump_string_keys_string_values: key: 'supEncapsulationModes' value: ''
10-31 13:10:42.405 1015 1811 I hash_map_utils: system/bt/osi/src/hash_map_utils.cc:81 hash_map_utils_dump_string_keys_string_values: key: 'supEncapsulationMetadataTypes' value: ''
10-31 13:10:42.405 1015 1811 I hash_map_utils: system/bt/osi/src/hash_map_utils.cc:81 hash_map_utils_dump_string_keys_string_values: key: 'routing' value: '128'
10-31 13:10:42.405 1015 1811 I hash_map_utils: system/bt/osi/src/hash_map_utils.cc:81 hash_map_utils_dump_string_keys_string_values: key: 'A4:77:58:71:7A:9A' value: ''
10-31 13:10:42.405 2553 2553 I QCC:ActiveCareService: ActiveCareService onDestroy
10-31 13:10:42.412 3495 3495 I Perf : Connecting to perf service.
10-31 13:10:42.416 808 1810 D audio_hw_primary: out_set_parameters: enter: usecase(33: audio-playback-voip) kvpairs: closing=true
10-31 13:10:42.417 1283 1836 V MediaCodec: TunnelPeekState: BufferRendered -> BufferRendered
10-31 13:10:42.419 1112 3334 D CompatibilityChangeReporter: Compat change id reported: 149924527; UID 10100; state: ENABLED
10-31 13:10:42.420 1112 3334 D CompatibilityChangeReporter: Compat change id reported: 132649864; UID 10100; state: DISABLED
10-31 13:10:42.420 3495 3495 V GraphicsEnvironment: ANGLE Developer option for 'com.android.localtransport' set to: 'default'
10-31 13:10:42.421 3495 3495 V GraphicsEnvironment: ANGLE GameManagerService for com.android.localtransport: false
10-31 13:10:42.423 3495 3495 D NetworkSecurityConfig: No Network Security Config specified, using platform default
10-31 13:10:42.423 1112 3334 D CompatibilityChangeReporter: Compat change id reported: 182734110; UID 10100; state: DISABLED
10-31 13:10:42.423 3495 3495 D NetworkSecurityConfig: No Network Security Config specified, using platform default
10-31 13:10:42.423 1283 1836 V MediaCodec: -- Looking at startdata. presentation 8833333, start 51748266645
10-31 13:10:42.423 1283 1836 V MediaCodec: -- match entry for 8833333, hits our frame of 8833333
10-31 13:10:42.425 1283 1836 V MediaCodec: -- Looking at startdata. presentation 8866666, start 51749983624
10-31 13:10:42.426 1283 1836 V MediaCodec: -- match entry for 8866666, hits our frame of 8866666
10-31 13:10:42.426 1283 1836 V MediaCodec: -- Looking at startdata. presentation 8900000, start 51756219770
10-31 13:10:42.426 1283 1836 V MediaCodec: -- match entry for 8900000, hits our frame of 8900000
10-31 13:10:42.426 1283 1836 V MediaCodec: -- Looking at startdata. presentation 8933333, start 51757655031
10-31 13:10:42.426 1283 1836 V MediaCodec: -- match entry for 8933333, hits our frame of 8933333
10-31 13:10:42.426 1283 1836 V MediaCodec: -- Looking at startdata. presentation 8966666, start 51950791749
10-31 13:10:42.426 1283 1836 V MediaCodec: -- match entry for 8966666, hits our frame of 8966666
10-31 13:10:42.431 808 1810 D audio_hw_primary: out_set_parameters: enter: usecase(33: audio-playback-voip) kvpairs: exiting=1
10-31 13:10:42.431 808 1810 D audio_hw_primary: adev_close_output_stream: enter:stream_handle(audio-playback-voip)
10-31 13:10:42.432 808 1810 D audio_hw_primary: io_streams_map_remove: Removed stream with handle 109
10-31 13:10:42.432 808 1810 D audio_hw_primary: out_standby: enter: stream (0xf0454fb0) usecase(33: audio-playback-voip)
10-31 13:10:42.432 808 1810 D audio_hw_primary: out_standby: exit
10-31 13:10:42.433 808 1810 D audio_hw_primary: out_set_parameters: enter: usecase(4: compress-offload-playback2) kvpairs: closing=true
10-31 13:10:42.435 1283 1836 V MediaCodec: -- Looking at startdata. presentation 9000000, start 51951603624
10-31 13:10:42.435 1283 1836 V MediaCodec: -- match entry for 9000000, hits our frame of 9000000
10-31 13:10:42.440 1112 2150 I ntp_success: [time.android.com/216.239.35.0,73,6647695902]
10-31 13:10:42.440 1112 2150 D SntpClient: round trip: 73ms, clock offset: 6647695902ms
10-31 13:10:42.441 808 1810 D audio_hw_primary: out_set_parameters: enter: usecase(4: compress-offload-playback2) kvpairs: exiting=1
10-31 13:10:42.442 1430 1460 D LOWI-9.0.0.87.a: [LOWINetlinkSocketReceiver] unpackRTMLinkMessage: RTM_NEWLINK - ifname vlan2, flags 0x1003 ([UP])
10-31 13:10:42.442 808 1810 D audio_hw_primary: adev_close_output_stream: enter:stream_handle(compress-offload-playback2)
10-31 13:10:42.442 808 1810 D audio_hw_primary: io_streams_map_remove: Removed stream with handle 117
10-31 13:10:42.442 808 1810 D audio_hw_primary: out_standby: enter: stream (0xf0457140) usecase(4: compress-offload-playback2)
10-31 13:10:42.442 808 1810 D audio_hw_primary: out_standby: exit
10-31 13:10:42.443 1112 1181 I EthernetTracker: interfaceLinkStateChanged, iface: vlan2, up: false
10-31 13:10:42.450 1283 1836 V MediaCodec: TunnelPeekState: BufferRendered -> BufferRendered
01-01 09:55:06.085 0 0 I binder : 3521:3521 ioctl 40046210 7ff99ba9a4 returned -22
10-31 13:10:42.464 1112 1112 I backup_transport_connection: [com.android.localtransport/.LocalTransportService,1]
10-31 13:10:42.464 1112 1112 I TransportClient: LocalTransportService#0: Notifying [TransportManager.registerTransport()] transport = IBackupTransport
10-31 13:10:42.464 3521 3521 D ProcessState: Binder ioctl to enable oneway spam detection failed: Invalid argument
10-31 13:10:42.470 2882 2900 I adbd : jdwp connection from 3521
10-31 13:10:42.474 1112 2945 D BackupTransportManager: Transport com.android.localtransport/.LocalTransportService registered
10-31 13:10:42.474 1112 2945 D BackupManagerService: [UserID:0] Transport com.android.localtransport/.LocalTransport registered 3460ms after first request (delay = 3000ms)
10-31 13:10:42.478 1112 2945 I backup_transport_lifecycle: [com.android.localtransport/.LocalTransportService,0]
10-31 13:10:42.479 647 660 I mpu_uart: [MSG-P:RECV]:No message received in 1000 ms
10-31 13:10:42.482 647 659 I mpu_uart: [MSG-P:R]:recv sync frame timeout
10-31 13:10:42.484 1283 1836 V MediaCodec: TunnelPeekState: BufferRendered -> BufferRendered
10-31 13:10:42.485 1112 2945 I backup_transport_connection: [com.android.localtransport/.LocalTransportService,0]
10-31 13:10:42.492 3521 3521 I service_manager_slow: [18,activity]
10-31 13:10:42.493 1112 3334 I am_proc_bound: [0,3521,com.qualcomm.qti.qmmi]
10-31 13:10:42.496 1112 3334 D CompatibilityChangeReporter: Compat change id reported: 168419799; UID 1000; state: DISABLED
10-31 13:10:42.496 1112 3334 D CompatibilityInfo: mCompatibilityFlags - 4
10-31 13:10:42.496 1112 3334 D CompatibilityInfo: applicationDensity - 240
10-31 13:10:42.496 1112 3334 D CompatibilityInfo: applicationScale - 1.0
10-31 13:10:42.498 1112 2945 I BackupManagerService: [UserID:0] Found 36 stale backup journal(s), scheduling.
10-31 13:10:42.499 1112 2945 V BackupManagerConstants: getKeyValueBackupIntervalMilliseconds(...) returns 14400000
10-31 13:10:42.499 1112 2945 V BackupManagerConstants: getKeyValueBackupFuzzMilliseconds(...) returns 600000
10-31 13:10:42.499 1112 2945 V BackupManagerConstants: getKeyValueBackupRequiredNetworkType(...) returns 1
10-31 13:10:42.500 1112 2945 V BackupManagerConstants: getKeyValueBackupRequireCharging(...) returns true
10-31 13:10:42.500 1112 2945 V KeyValueBackupJob: Scheduling k/v pass in 245 minutes
10-31 13:10:42.502 1112 3334 D CompatibilityInfo: mCompatibilityFlags - 4
10-31 13:10:42.502 1112 3334 D CompatibilityInfo: applicationDensity - 240
10-31 13:10:42.502 1112 3334 D CompatibilityInfo: applicationScale - 1.0
10-31 13:10:42.516 3203 3507 I MediaProvider: Scanned internal due to REASON_MOUNTED, found 2 items in 135ms, 0 inserts 0 updates 0 deletes
10-31 13:10:42.518 1283 1836 V MediaCodec: TunnelPeekState: BufferRendered -> BufferRendered
10-31 13:10:42.519 3203 3507 W ModernMediaScanner: Failed to visit /oem/media: java.nio.file.NoSuchFileException: /oem/media
10-31 13:10:42.521 3203 3507 I MediaProvider: Scanned internal due to REASON_MOUNTED, found 0 items in 2ms, 0 inserts 0 updates 0 deletes
10-31 13:10:42.524 3341 3341 W UnsafeUtil: platform method missing - proto runtime falling back to safer methods: java.lang.NoSuchMethodException: sun.misc.Unsafe.copyMemory [class java.lang.Object, long, class java.lang.Object, long, long]
10-31 13:10:42.533 3521 3521 D CompatibilityChangeReporter: Compat change id reported: 171979766; UID 1000; state: DISABLED
10-31 13:10:42.548 808 1810 D msm8974_platform: platform_split_snd_device: snd_device(2) num devices(1) new_snd_devices(0)
10-31 13:10:42.548 808 1810 D ACDB-LOADER: ACDB -> send_audvoltable
10-31 13:10:42.548 808 1810 D ACDB-LOADER: ACDB -> ACDB_CMD_GET_AUDPROC_INSTANCE_GAIN_DEP_STEP_TABLE_SIZE
10-31 13:10:42.548 808 1810 D ACDB-LOADER: ACDB -> ACDB_CMD_GET_AUDPROC_INSTANCE_GAIN_DEP_STEP_TABLE, vol index 0
10-31 13:10:42.548 808 1810 D ACDB-LOADER: ACDB -> AUDIO_SET_VOL_CAL cal type = 40
10-31 13:10:42.549 1283 1836 V MediaCodec: TunnelPeekState: BufferRendered -> BufferRendered
10-31 13:10:42.552 808 1810 D msm8974_platform: platform_split_snd_device: snd_device(2) num devices(1) new_snd_devices(0)
10-31 13:10:42.552 808 1810 D ACDB-LOADER: ACDB -> send_audvoltable
10-31 13:10:42.552 808 1810 D ACDB-LOADER: ACDB -> ACDB_CMD_GET_AUDPROC_INSTANCE_GAIN_DEP_STEP_TABLE_SIZE
10-31 13:10:42.552 808 1810 D ACDB-LOADER: ACDB -> ACDB_CMD_GET_AUDPROC_INSTANCE_GAIN_DEP_STEP_TABLE, vol index 0
10-31 13:10:42.552 808 1810 D ACDB-LOADER: ACDB -> AUDIO_SET_VOL_CAL cal type = 40
10-31 13:10:42.554 808 1733 D audio_hw_primary: adev_create_audio_patch: enter: num sources 1, num_sinks 1, handle 6
10-31 13:10:42.554 808 1733 D audio_hw_primary: adev_create_audio_patch: Playback patch from mix handle 85 to device 80
10-31 13:10:42.554 808 1733 D audio_hw_primary: update_patch: enter
10-31 13:10:42.554 808 1733 D audio_hw_primary: route_output_stream: enter: usecase(3: compress-offload-playback) devices 80
10-31 13:10:42.554 808 1733 I btaudio_offload_qti: audio_check_a2dp_ready_qti: state = AUDIO_A2DP_STATE_STANDBY
10-31 13:10:42.554 808 1733 I btaudio_offload_qti: audio_check_a2dp_ready_qti: session ready = 1
10-31 13:10:42.554 808 1733 W btaudio_offload_qti: audio_check_a2dp_ready_qti: return
10-31 13:10:42.554 808 1733 D audio_hw_primary: select_devices for use case (compress-offload-playback)
10-31 13:10:42.554 808 1733 I btaudio_offload_qti: audio_check_a2dp_ready_qti: state = AUDIO_A2DP_STATE_STANDBY
10-31 13:10:42.554 808 1733 I btaudio_offload_qti: audio_check_a2dp_ready_qti: session ready = 1
10-31 13:10:42.554 808 1733 W btaudio_offload_qti: audio_check_a2dp_ready_qti: return
10-31 13:10:42.554 808 1733 D audio_hw_primary: select_devices: changing use case compress-offload-playback output device from(2: speaker, acdb 15) to (45: bt-a2dp, acdb 20)
10-31 13:10:42.554 808 1733 D audio_hw_primary: disable_audio_route: reset and update mixer path: compress-offload-playback
10-31 13:10:42.560 3521 3521 D ApplicationLoaders: Returning zygote-cached class loader: /system/framework/android.test.base.jar
10-31 13:10:42.560 3521 3521 D ApplicationLoaders: Returning zygote-cached class loader: /system/framework/android.hidl.manager-V1.0-java.jar
10-31 13:10:42.560 3521 3521 D ApplicationLoaders: Returning zygote-cached class loader: /system/framework/android.hidl.base-V1.0-java.jar
10-31 13:10:42.561 808 1733 E soundtrigger: audio_extn_sound_trigger_update_stream_status: invalid input device 0x0, for event 2
10-31 13:10:42.561 808 1733 D soundtrigger: audio_extn_sound_trigger_update_stream_status: uc_info->id 3 of type 0 for Event 2, with Raise=1
10-31 13:10:42.561 808 1733 I sound_trigger_platform: platform_stdev_check_and_update_concurrency: Received STREAM event, event type 2, usecase type 0
10-31 13:10:42.561 808 1733 D sound_trigger_platform: platform_stdev_get_capture_device: Device = 0x80000004
10-31 13:10:42.561 808 1733 D sound_trigger_platform: platform_stdev_get_capture_device: Available device = 0x80000004
10-31 13:10:42.561 808 1733 D sound_trigger_platform: platform_stdev_check_and_update_concurrency: dedicated path 1, reset backend 1, tx 0, rx 0, concurrency session allowed
10-31 13:10:42.561 808 1733 D msm8974_platform: platform_split_snd_device: snd_device(2) num devices(0) new_snd_devices(0)
10-31 13:10:42.561 808 1733 I msm8974_platform: platform_get_custom_mtmx_params: no matching param with id 0 ip_ch 2 op_ch 2 uc_id 3 snd_dev 2
10-31 13:10:42.561 808 1733 D hardware_info: hw_info_append_hw_type : device_name = speaker
10-31 13:10:42.561 808 1733 D msm8974_platform: platform_split_snd_device: snd_device(2) num devices(0) new_snd_devices(0)
10-31 13:10:42.561 808 1733 I msm8974_platform: platform_check_and_set_codec_backend_cfg:becf: afe: bitwidth 16, samplerate 44100 channels 2, backend_idx 0 usecase = 3 device (bt-a2dp)
10-31 13:10:42.561 808 1733 D msm8974_platform: platform_split_snd_device: snd_device(45) num devices(1) new_snd_devices(0)
10-31 13:10:42.561 808 1733 I msm8974_platform: platform_check_and_set_codec_backend_cfg: new_snd_devices[0] is 45
10-31 13:10:42.561 808 1733 D audio_hw_primary: check_usecases_codec_backend:becf: force routing 1
10-31 13:10:42.561 808 1733 D audio_hw_primary: check_usecases_codec_backend:becf: (78) check_usecases curr device: bt-a2dp, usecase device:speaker backends match 0
10-31 13:10:42.561 808 1733 D audio_hw_primary: check_usecases_codec_backend:becf: (78) check_usecases curr device: bt-a2dp, usecase device:speaker backends match 0
10-31 13:10:42.561 808 1733 D audio_hw_primary: check_usecases_codec_backend:becf: check_usecases (low-latency-playback) is active on (speaker) - disabling ..
10-31 13:10:42.561 808 1733 D audio_hw_primary: disable_audio_route: reset and update mixer path: low-latency-playback
10-31 13:10:42.570 1430 1460 D LOWI-9.0.0.87.a: [LOWINetlinkSocketReceiver] unpackRTMLinkMessage: RTM_NEWLINK - ifname vlan2, flags 0x1003 ([UP])
01-01 09:55:06.191 0 0 I afe_close: port_id = 0x9000
10-31 13:10:42.572 1112 1181 I EthernetTracker: interfaceLinkStateChanged, iface: vlan2, up: false
10-31 13:10:42.574 3341 3552 I DpmTcmClient: RegisterTcmMonitor from: $Proxy2
10-31 13:10:42.579 808 1733 E soundtrigger: audio_extn_sound_trigger_update_stream_status: invalid input device 0x0, for event 2
10-31 13:10:42.579 808 1733 D soundtrigger: audio_extn_sound_trigger_update_stream_status: uc_info->id 1 of type 0 for Event 2, with Raise=0
10-31 13:10:42.579 808 1733 D msm8974_platform: platform_split_snd_device: snd_device(2) num devices(0) new_snd_devices(0)
10-31 13:10:42.579 808 1733 I msm8974_platform: platform_get_custom_mtmx_params: no matching param with id 0 ip_ch 2 op_ch 2 uc_id 1 snd_dev 2
10-31 13:10:42.579 808 1733 D audio_hw_primary: check_usecases_codec_backend:becf: check_usecases num.of Usecases to switch 1
10-31 13:10:42.579 808 1733 D msm8974_platform: platform_split_snd_device: snd_device(2) num devices(0) new_snd_devices(0)
10-31 13:10:42.579 808 1733 D hardware_info: hw_info_append_hw_type : device_name = speaker
10-31 13:10:42.579 808 1733 D audio_hw_primary: disable_snd_device: snd_device(2: speaker)
10-31 13:10:42.579 808 1733 D msm8974_platform: platform_split_snd_device: snd_device(2) num devices(0) new_snd_devices(0)
10-31 13:10:42.579 808 1733 I soundtrigger: audio_extn_sound_trigger_update_device_status: device 0x2 of type 0 for Event 0, with Raise=0
10-31 13:10:42.580 808 1733 D msm8974_platform: platform_split_snd_device: snd_device(2) num devices(0) new_snd_devices(0)
10-31 13:10:42.580 808 1733 D hardware_info: hw_info_append_hw_type : device_name = speaker
10-31 13:10:42.580 808 1733 D msm8974_platform: platform_split_snd_device: snd_device(2) num devices(0) new_snd_devices(0)
10-31 13:10:42.580 808 1733 D audio_hw_primary: enable_snd_device: snd_device(2: speaker)
10-31 13:10:42.580 808 1733 D msm8974_platform: platform_get_island_cfg_on_device:island cfg status on snd_device = (speaker 0)
10-31 13:10:42.580 808 1733 I soundtrigger: audio_extn_sound_trigger_update_device_status: device 0x2 of type 0 for Event 1, with Raise=0
10-31 13:10:42.580 808 1733 D audio_route: Apply path: speaker
10-31 13:10:42.580 808 1733 D audio_hw_primary: check_usecases_codec_backend:becf: enabling usecase (low-latency-playback) on (speaker)
10-31 13:10:42.580 808 1733 E soundtrigger: audio_extn_sound_trigger_update_stream_status: invalid input device 0x0, for event 3
10-31 13:10:42.580 808 1733 D soundtrigger: audio_extn_sound_trigger_update_stream_status: uc_info->id 1 of type 0 for Event 3, with Raise=0
10-31 13:10:42.580 808 1733 D audio_hw_utils: audio_extn_utils_send_app_type_cfg: usecase->out_snd_device speaker
10-31 13:10:42.580 808 1733 D msm8974_platform: platform_split_snd_device: snd_device(2) num devices(0) new_snd_devices(0)
10-31 13:10:42.580 808 1733 D audio_hw_utils: audio_extn_btsco_get_sample_rate:Not a BT SCO device, need not update sampling rate
10-31 13:10:42.580 808 1733 I audio_hw_utils: send_app_type_cfg_for_device PLAYBACK app_type 69937, acdb_dev_id 15, sample_rate 48000, snd_device_be_idx 179
10-31 13:10:42.580 808 1733 D msm8974_platform: platform_split_snd_device: snd_device(2) num devices(1) new_snd_devices(0)
10-31 13:10:42.580 808 1733 D audio_hw_utils: audio_extn_btsco_get_sample_rate:Not a BT SCO device, need not update sampling rate
10-31 13:10:42.580 808 1733 D ACDB-LOADER: ACDB -> send_audio_cal, acdb_id = 15, path = 0, app id = 0x11131, sample rate = 48000, afe_sample_rate = 48000
10-31 13:10:42.580 808 1733 D ACDB-LOADER: ACDB -> send_asm_topology
10-31 13:10:42.581 808 1733 D ACDB-LOADER: ACDB -> ACDB_CMD_GET_AUDPROC_STREAM_TOPOLOGY_ID
10-31 13:10:42.581 808 1733 D ACDB-LOADER: ACDB -> send_adm_topology
10-31 13:10:42.581 808 1733 D ACDB-LOADER: ACDB -> ACDB_CMD_GET_AUDPROC_COMMON_TOPOLOGY_ID
10-31 13:10:42.581 808 1733 D ACDB-LOADER: ACDB -> send_audtable
10-31 13:10:42.581 808 1733 D ACDB-LOADER: ACDB -> ACDB_CMD_GET_AUDPROC_INSTANCE_COMMON_TABLE_SIZE
10-31 13:10:42.581 808 1733 D ACDB-LOADER: ACDB -> ACDB_CMD_GET_AUDPROC_INSTANCE_COMMON_TABLE
10-31 13:10:42.581 808 1733 D ACDB-LOADER: ACDB -> AUDIO_SET_AUDPROC_CAL cal_type[11] acdb_id[15] app_type[69937]
10-31 13:10:42.581 808 1733 D ACDB-LOADER: ACDB -> send_audvoltable
10-31 13:10:42.581 808 1733 D ACDB-LOADER: ACDB -> ACDB_CMD_GET_AUDPROC_INSTANCE_GAIN_DEP_STEP_TABLE_SIZE
10-31 13:10:42.581 808 1733 D ACDB-LOADER: ACDB -> ACDB_CMD_GET_AUDPROC_INSTANCE_GAIN_DEP_STEP_TABLE, vol index 0
10-31 13:10:42.581 808 1733 D ACDB-LOADER: ACDB -> AUDIO_SET_VOL_CAL cal type = 12
10-31 13:10:42.581 808 1733 D ACDB-LOADER: ACDB -> ACDB_CMD_GET_AUDPROC_INSTANCE_STREAM_TABLE_SIZE
10-31 13:10:42.581 808 1733 D ACDB-LOADER: ACDB -> send_audstrmtable
10-31 13:10:42.581 808 1733 D ACDB-LOADER: ACDB -> ACDB_CMD_GET_AUDPROC_INSTANCE_STREAM_TABLE
10-31 13:10:42.581 808 1733 D ACDB-LOADER: ACDB -> audstrm_cal->cal_type.cal_data.cal_size = 20
10-31 13:10:42.581 808 1733 D ACDB-LOADER: ACDB -> send_afe_topology
10-31 13:10:42.581 808 1733 D ACDB-LOADER: ACDB -> ACDB_CMD_GET_AFE_TOPOLOGY_ID
10-31 13:10:42.581 808 1733 D ACDB-LOADER: ACDB -> GET_AFE_TOPOLOGY_ID for adcd_id 15, Topology Id 112fc
10-31 13:10:42.581 808 1733 D ACDB-LOADER: ACDB -> send_afe_cal
10-31 13:10:42.581 808 1733 D ACDB-LOADER: ACDB -> ACDB_CMD_GET_AFE_INSTANCE_COMMON_TABLE_SIZE
10-31 13:10:42.581 808 1733 D android.hardware.audio.service: Failed to fetch the lookup information of the device 0000000F
10-31 13:10:42.581 808 1733 D ACDB-LOADER: Error: ACDB_CMD_GET_AFE_INSTANCE_COMMON_TABLE_SIZE Returned = -19
10-31 13:10:42.581 808 1733 D ACDB-LOADER: ACDB -> ACDB_CMD_GET_AFE_INSTANCE_COMMON_TABLE
10-31 13:10:42.581 808 1733 D android.hardware.audio.service: Failed to fetch the lookup information of the device 0000000F
10-31 13:10:42.581 808 1733 D ACDB-LOADER: Error: ACDB AFE returned = -19
10-31 13:10:42.581 808 1733 D ACDB-LOADER: ACDB -> AUDIO_SET_AFE_CAL cal_type[16] acdb_id[15]
10-31 13:10:42.581 808 1733 D ACDB-LOADER: ACDB -> send_hw_delay : acdb_id = 15 path = 0
10-31 13:10:42.581 808 1733 D ACDB-LOADER: ACDB -> ACDB_AVSYNC_INFO: ACDB_CMD_GET_DEVICE_PROPERTY
10-31 13:10:42.581 808 1733 D msm8974_platform: platform_split_snd_device: snd_device(2) num devices(0) new_snd_devices(0)
10-31 13:10:42.581 808 1733 I msm8974_platform: platform_get_custom_mtmx_params: no matching param with id 0 ip_ch 2 op_ch 2 uc_id 1 snd_dev 2
10-31 13:10:42.581 808 1733 D audio_hw_primary: enable_audio_route: apply mixer and update path: low-latency-playback
10-31 13:10:42.581 808 1733 D audio_route: Apply path: low-latency-playback
10-31 13:10:42.582 671 3566 D resolv : GetAddrInfoHandler::run: {100 262244 100 983140 10026 0}
10-31 13:10:42.583 671 3566 D resolv : resolv_getaddrinfo: explore_fqdn(): ai_family=0 ai_socktype=1 ai_protocol=6
10-31 13:10:42.583 1283 1836 V MediaCodec: TunnelPeekState: BufferRendered -> BufferRendered
10-31 13:10:42.586 671 3568 D resolv : doQuery: (1, 1)
10-31 13:10:42.586 671 3568 D resolv : res_nmkquery: (QUERY, IN, A)
10-31 13:10:42.587 671 3568 D resolv : res_nsend
10-31 13:10:42.587 671 3568 I resolv : resolv_cache_lookup: lookup
10-31 13:10:42.587 671 3568 I resolv : resolv_cache_lookup: NOT IN CACHE
10-31 13:10:42.587 671 3568 I resolv : resolv_populate_res_for_net: netid=100
10-31 13:10:42.587 671 3568 I resolv : res_stats_usable_server: NS stats: S 1 + E 0 + T 0 + I 0 = 1, rtt = 47, min_samples = 8
10-31 13:10:42.587 671 3568 D resolv : res_nsend: Querying server (# 1) address = 192.168.31.1:53
10-31 13:10:42.588 671 3568 D resolv : send_dg: new DG socket
10-31 13:10:42.588 671 3568 I resolv : get_timeout: using timeout of 5000 msec
10-31 13:10:42.588 671 3568 I resolv : retrying_poll: 54 retrying_poll
01-01 09:55:06.220 0 0 I afe_find_cal_topo_id_by_port: port id: 0x9000, dev_acdb_id: 0
01-01 09:55:06.220 0 0 I afe_find_cal_topo_id_by_port: top_id:112fc acdb_id:15 afe_port:0x9000
01-01 09:55:06.220 0 0 I afe_get_cal_topology_id: port_id = 0x9000 acdb_id = 15 topology_id = 0x112fc cal_type_index=8 ret=0
01-01 09:55:06.220 0 0 I afe_send_port_topology_id: AFE set topology id 0x112fc enable for port 0x9000 ret 0
01-01 09:55:06.220 0 0 I send_afe_cal_type: cal_index is 0
01-01 09:55:06.220 0 0 I send_afe_cal_type: dev_acdb_id[55] is 0
01-01 09:55:06.220 0 0 I send_afe_cal_type: Sending cal_index cal 0
01-01 09:55:06.220 0 0 E send_afe_cal_type: No cal sent for cal_index 0, port_id = 0x9000! ret -22
01-01 09:55:06.230 0 0 I afe_send_hw_delay: port_id 0x9000 rate 48000 delay_usec 474 status 0
10-31 13:10:42.618 1283 1836 V MediaCodec: TunnelPeekState: BufferRendered -> BufferRendered
10-31 13:10:42.621 1430 1460 D LOWI-9.0.0.87.a: [LOWINetlinkSocketReceiver] unpackRTMLinkMessage: RTM_NEWLINK - ifname vlan2, flags 0x1003 ([UP])
10-31 13:10:42.621 808 1733 D hardware_info: hw_info_append_hw_type : device_name = bt-a2dp
10-31 13:10:42.621 808 1733 D msm8974_platform: platform_split_snd_device: snd_device(45) num devices(0) new_snd_devices(0)
10-31 13:10:42.621 808 1733 D audio_hw_primary: enable_snd_device: snd_device(45: bt-a2dp)
10-31 13:10:42.621 808 1733 D msm8974_platform: platform_get_island_cfg_on_device:island cfg status on snd_device = (bt-a2dp 0)
10-31 13:10:42.621 808 1733 D a2dp_offload: a2dp_start_playback start
10-31 13:10:42.621 808 1733 D a2dp_offload: calling BT module stream start
10-31 13:10:42.621 808 1733 D btaudio_offload_qti: audio_stream_start_qti: state = AUDIO_A2DP_STATE_STANDBY
10-31 13:10:42.621 808 1733 W btaudio_offload_qti: handle_hidl_request: starting audio stream
10-31 13:10:42.622 2065 2466 D bt_btif : btif_dispatch_sm_event: event: 50, len: 4
10-31 13:10:42.622 1112 1181 I EthernetTracker: interfaceLinkStateChanged, iface: vlan2, up: false
10-31 13:10:42.622 2065 2466 D bt_btif : btif_dispatch_sm_event: event 50 sent
10-31 13:10:42.622 808 1733 W btaudio_offload_qti: wait_for_stack_response: conditional wait: ack_recvd = 0
10-31 13:10:42.623 2065 2205 W bt_btif : BTHF: btif_hf_check_if_sco_connected(): No SCO connection up
10-31 13:10:42.623 2065 2205 I bt_btif_vendor: btif_ba_is_active: 0
10-31 13:10:42.623 2065 2205 D bt_btif : btif_dispatch_sm_event: event: 32, len: 0
10-31 13:10:42.623 2065 2205 D bt_btif : btif_dispatch_sm_event: event 32 sent
10-31 13:10:42.623 2065 2205 I bt_stack: [INFO:a2dp_encoding.cc(2657)] ack_stream_started: result=PENDING
10-31 13:10:42.623 808 1810 I BTAudioProviderStub: streamStarted - SessionType=A2DP_HARDWARE_OFFLOAD_DATAPATH, status=SINK_NOT_READY
10-31 13:10:42.623 808 1810 I BTAudioProviderSession: ReportControlStatus - status=SINK_NOT_READY for SessionType=A2DP_HARDWARE_OFFLOAD_DATAPATH, bluetooth_audio=0x0200 started
10-31 13:10:42.623 808 1810 I btaudio_offload_qti: stack_resp_cb: status = 3
10-31 13:10:42.623 808 1733 I btaudio_offload_qti: wait_for_stack_response:ret = 0(Success)
10-31 13:10:42.623 808 1733 W btaudio_offload_qti: wait_for_stack_response: conditional wait done : ack_recvd = 1
10-31 13:10:42.623 808 1733 I btaudio_offload_qti: handle_hidl_request: ack status = A2DP_CTRL_ACK_PENDING
10-31 13:10:42.623 808 1733 W btaudio_offload_qti: wait_for_stack_response: conditional wait: ack_recvd = 0
10-31 13:10:42.623 2065 2205 D bt_btif : btif_av_state_opened_handler: event: UNKNOWN_EVENT, flags: 0, peer_sep: 1, index: 0 reconfig_event: 0, codec_cfg_change: 0, reconfig_pending: 0, reconfig_a2dp: 0, is_retry_reconfig: 0
10-31 13:10:42.623 2065 2205 W bt_btif : btif_av_state_opened_handler : unhandled event:UNKNOWN_EVENT
10-31 13:10:42.623 2065 2205 I btif_av : isBATEnabled: 0
10-31 13:10:42.623 2065 2205 D bt_btif : btif_av_state_opened_handler: event: BTIF_AV_START_STREAM_REQ_EVT, flags: 0, peer_sep: 1, index: 0 reconfig_event: 0, codec_cfg_change: 0, reconfig_pending: 0, reconfig_a2dp: 0, is_retry_reconfig: 0
10-31 13:10:42.624 2065 2781 D bt_btif : bta_av_ssm_execute(): AV Sevent(0x41)=0x120b(AP_START) state=3(OPEN)
10-31 13:10:42.624 2065 2781 W bt_btm : BTM: Local device role : 0x00
10-31 13:10:42.624 2065 2781 W bt_btm : BTM: RemBdAddr: a4:77:58:71:7a:9a
10-31 13:10:42.624 2065 2781 W bt_btif : bta_dm_rm_cback:1, status:7
10-31 13:10:42.624 2065 2781 W bt_btif : new conn_srvc id:18, app_id:0
10-31 13:10:42.624 2065 2781 W bt_btif : bta_dm_pm_cback: new conn_srvc id:18, app_id:0 count:3
10-31 13:10:42.626 844 2777 I vendor.qti.bluetooth@1.0-ibs_handler: ProcessIbsCmd: Received IBS_WAKE_IND: 0xFD
10-31 13:10:42.626 844 2777 I vendor.qti.bluetooth@1.0-ibs_handler: ProcessIbsCmd: Writing IBS_WAKE_ACK
10-31 13:10:42.626 1283 1836 V MediaCodec: -- Looking at startdata. presentation 9033333, start 51954238051
10-31 13:10:42.626 1283 1836 V MediaCodec: -- match entry for 9033333, hits our frame of 9033333
10-31 13:10:42.633 1283 1836 V MediaCodec: -- Looking at startdata. presentation 9066666, start 51960051593
10-31 13:10:42.634 1283 1836 V MediaCodec: -- match entry for 9066666, hits our frame of 9066666
10-31 13:10:42.634 1283 1836 V MediaCodec: -- Looking at startdata. presentation 9100000, start 51960591593
10-31 13:10:42.634 1283 1836 V MediaCodec: -- match entry for 9100000, hits our frame of 9100000
10-31 13:10:42.634 1283 1836 V MediaCodec: -- Looking at startdata. presentation 9133333, start 51960767062
10-31 13:10:42.634 1283 1836 V MediaCodec: -- match entry for 9133333, hits our frame of 9133333
10-31 13:10:42.635 1283 1836 V MediaCodec: -- Looking at startdata. presentation 9166666, start 52138789666
10-31 13:10:42.635 1283 1836 V MediaCodec: -- match entry for 9166666, hits our frame of 9166666
10-31 13:10:42.638 1112 2945 I BackupManagerService: [UserID:0] Stale backup journals: Scheduled 9 package(s) total
10-31 13:10:42.639 1283 1836 V MediaCodec: -- Looking at startdata. presentation 9200000, start 52142165239
10-31 13:10:42.639 1283 1836 V MediaCodec: -- match entry for 9200000, hits our frame of 9200000
10-31 13:10:42.641 671 3568 I resolv : retrying_poll: 54 retrying_poll returning 1
10-31 13:10:42.641 671 3568 I resolv : res_nsend: used send_dg 80 terrno: 0
10-31 13:10:42.641 671 3568 I resolv : res_stats_set_sample: rcode = 0, sec = 53
10-31 13:10:42.641 671 3568 I resolv : res_cache_add_stats_sample_locked: adding sample to stats, next = 1, count = 1
10-31 13:10:42.641 671 3568 D resolv : res_nsend: got answer:
10-31 13:10:42.641 671 3568 I resolv : answer_getTTL: TTL = 25
10-31 13:10:42.641 671 3568 I resolv : _cache_add_p: entry 2 added (count=2)
10-31 13:10:42.641 671 3568 I resolv : cache_dump_mru_locked: MRU LIST ( 2): 2 1
10-31 13:10:42.641 671 3568 D resolv : doQuery: rcode=0, ancount=2
10-31 13:10:42.642 671 3566 I ResolverController: No valid NAT64 prefix (100, /0)
10-31 13:10:42.651 1283 1836 V MediaCodec: TunnelPeekState: BufferRendered -> BufferRendered
10-31 13:10:42.670 1430 1460 D LOWI-9.0.0.87.a: [LOWINetlinkSocketReceiver] unpackRTMLinkMessage: RTM_NEWLINK - ifname vlan2, flags 0x1003 ([UP])
10-31 13:10:42.673 1112 1181 I EthernetTracker: interfaceLinkStateChanged, iface: vlan2, up: false
10-31 13:10:42.680 2065 2781 E bt_avp : avdt_ad_tc_data_ind: type: x0, tcid: 0, ccb_idx: 0
10-31 13:10:42.680 2065 2781 D bt_btif : bta_av_ssm_execute(): AV Sevent(0x41)=0x121c(STR_START_OK) state=3(OPEN)
10-31 13:10:42.680 2065 2781 D a2dp_codec: A2DP_GetCodecType:
10-31 13:10:42.680 2065 2781 E bt_btif : bta_av_co_get_active_peer: active peer index: 0
10-31 13:10:42.680 2065 2781 W bt_btif : bta_av_start_ok: Resetting/Removing packet type limit for non-aptX codec stream
10-31 13:10:42.680 2065 2781 W bt_btm : BTM: Local device role : 0x00
10-31 13:10:42.680 2065 2781 W bt_btm : BTM: RemBdAddr: a4:77:58:71:7a:9a
10-31 13:10:42.680 2065 2781 I bt_bta_av: bta_av_link_role_ok hndl:x41 role:0 conn_audio:x1 bits:1 features:x8e5b
10-31 13:10:42.681 2065 2781 W bt_btif : bta_dm_rm_cback:1, status:0
10-31 13:10:42.681 2065 2781 W bt_l2cap: L2CA_SetDesireRole() new:x0, disallow_switch:0
10-31 13:10:42.681 2065 2781 V bt_stack: [VERBOSE1:btm_acl.cc(654)] BTM_SwitchRole BDA: a4:77:58:71:7a:9a
10-31 13:10:42.681 2065 2781 W bt_btif : bta_dm_rm_cback:2, status:7
10-31 13:10:42.681 2065 2781 I btif_av : isBATEnabled: 0
10-31 13:10:42.681 2065 2781 E bt_btif : bta_av_co_get_active_peer: active peer index: 0
10-31 13:10:42.681 2065 2781 E bt_btif : bta_av_co_get_active_peer: active peer index: 0
10-31 13:10:42.681 2065 2781 W bt_btm : BTM: Local device role : 0x00
10-31 13:10:42.681 2065 2781 W bt_btm : BTM: RemBdAddr: a4:77:58:71:7a:9a
10-31 13:10:42.683 2065 2205 D bt_btif : btif_av_state_opened_handler: event: BTA_AV_START_EVT, flags: 4, peer_sep: 1, index: 0 reconfig_event: 0, codec_cfg_change: 0, reconfig_pending: 0, reconfig_a2dp: 0, is_retry_reconfig: 0
10-31 13:10:42.683 2065 2205 D bt_btif : btif_av_state_opened_handler: event: BTIF_SM_EXIT_EVT, flags: 4, peer_sep: 1, index: 0 reconfig_event: 0, codec_cfg_change: 0, reconfig_pending: 0, reconfig_a2dp: 0, is_retry_reconfig: 0
10-31 13:10:42.683 2065 2205 D bt_btif : btif_av_state_started_handler: event: BTIF_SM_ENTER_EVT flags: 0 index = 0, reconfig_event: 0, codec_cfg_change: 0
10-31 13:10:42.683 2065 2205 D bt_btif : btif_av_state_started_handler update media task on DUT initiated start for index =0
10-31 13:10:42.683 2065 2205 W bt_btif : ## ON A2DP STARTED ##
10-31 13:10:42.683 2065 2205 I btif_av : isBATEnabled: 0
10-31 13:10:42.683 2065 2205 E bt_btif : bta_av_co_get_active_peer: active peer index: 0
10-31 13:10:42.683 2065 2205 E bt_btif : bta_av_co_get_active_peer: active peer index: 0
10-31 13:10:42.683 2065 2205 W bt_btif : BTHF: btif_hf_check_if_sco_connected(): No SCO connection up
10-31 13:10:42.683 2065 2205 D bt_btif : btif_dispatch_sm_event: event: 38, len: 1
10-31 13:10:42.683 2065 2205 D bt_btif : btif_dispatch_sm_event: event 38 sent
10-31 13:10:42.683 2065 2205 I BluetoothA2dpServiceJni: bta2dp_audio_state_callback
10-31 13:10:42.684 2065 2781 I bt_stack: [INFO:btsnoop.cc(603)] whitelist_l2c_channel: Whitelisting l2cap channel. conn_handle=1 cid=69:108
10-31 13:10:42.684 2065 2205 D A2dpNativeInterface: onAudioStateChanged: A2dpStackEvent {type:EVENT_TYPE_AUDIO_STATE_CHANGED, device:A4:77:58:71:7A:9A, value1:STARTED}
10-31 13:10:42.684 2065 2781 W bt_l2cap: L2CAP - LCID: 0x0045 st: CLOSED evt: PEER_CONNECT_REQ
10-31 13:10:42.684 2065 2781 W bt_l2cap: L2CAP - LCID: 0x0045 st: TERM_W4_SEC_COMP evt: SECURITY_COMPLETE
10-31 13:10:42.684 2065 2205 D A2dpService: messageFromNative: Going to acquire mVariableLock.
10-31 13:10:42.684 2065 2781 W bt_avp : avct_lcb_alloc 1
10-31 13:10:42.684 2065 2205 D A2dpService: messageFromNative: Acquired mVariableLock
10-31 13:10:42.684 2065 2205 D A2dpService: messageFromNative: Released mVariableLock
10-31 13:10:42.684 2065 2781 W bt_l2cap: L2CAP - LCID: 0x0045 st: W4_L2CA_CON_RSP evt: UPPER_LAYER_CONNECT_RSP
10-31 13:10:42.684 2065 2205 D A2dpService: messageFromNative: Sending STACK_EVENT: A2dpStackEvent {type:EVENT_TYPE_AUDIO_STATE_CHANGED, device:A4:77:58:71:7A:9A, value1:STARTED} to sm.
10-31 13:10:42.685 2065 2781 W bt_l2cap: L2CAP - LCID: 0x0045 st: CONFIG evt: UPPER_LAYER_CONFIG_REQ
10-31 13:10:42.685 2065 2205 I btif_av : isBATEnabled: 0
10-31 13:10:42.685 2065 2205 E bt_btif : bta_av_co_get_active_peer: active peer index: 0
10-31 13:10:42.685 3521 3521 I Perf : Connecting to perf service.
10-31 13:10:42.685 2065 2205 E bt_btif : bta_av_co_get_active_peer: active peer index: 0
10-31 13:10:42.685 2065 2205 D bt_btif : btif_av_state_started_handler Remote Start, Not updating current playing for index = 0
10-31 13:10:42.685 2065 2205 I btif_av : isBATEnabled: 0
10-31 13:10:42.685 2065 2205 E bt_btif : bta_av_co_get_active_peer: active peer index: 0
10-31 13:10:42.685 2065 2205 E bt_btif : bta_av_co_get_active_peer: active peer index: 0
10-31 13:10:42.685 2065 2205 D bt_btif : btif_av_state_started_handler: event: BTIF_AV_OFFLOAD_START_REQ_EVT flags: 0 index = 0, reconfig_event: 0, codec_cfg_change: 0
10-31 13:10:42.685 2065 2205 E bt_btif : bta_av_co_get_active_peer: active peer index: 0
10-31 13:10:42.685 2065 2205 D a2dp_codec: getCodecConfigAndCapabilities: current_codec_config_ not null, getCodecConfig()
10-31 13:10:42.685 2065 2205 W bt_btif : BT controller doesn't support scrambling
10-31 13:10:42.685 2065 2205 W bt_btif : btif_av_state_started_handler:is_scrambling_enabled 0
10-31 13:10:42.685 2065 2205 W bt_btif : btif_av_state_started_handler:is_44p1kFreq_supported 1
10-31 13:10:42.685 2065 2781 D bt_btif : bta_av_ssm_execute(): AV Sevent(0x41)=0x122b(unknown) state=3(OPEN)
10-31 13:10:42.685 2065 2781 D a2dp_codec: A2DP_GetCodecType:
10-31 13:10:42.685 2065 2781 D a2dp_codec: A2DP_GetCodecType:
10-31 13:10:42.685 2065 2781 D a2dp_codec: A2DP_GetCodecType:
10-31 13:10:42.686 2065 2781 D bt_btif : bta_av_vendor_offload_start: vsc flags:-vs_configs_exchanged:0 tx_started:0 tx_start_initiated:0tx_enc_update_initiated:0 tx_stop_initiated: 0
10-31 13:10:42.687 3341 3581 I MMKV : loading [noti_center_version] with 0 size in total, file size is 4096
10-31 13:10:42.688 3341 3581 I MMKV : loaded [noti_center_version] with 0 values
10-31 13:10:42.687 2065 2806 D A2dpStateMachine: handleMessage: E msg.what=101
10-31 13:10:42.688 2065 2806 D A2dpStateMachine: processMsg: Connected
10-31 13:10:42.688 2065 2806 D A2dpStateMachine: Connected process message(A4:77:58:71:7A:9A): STACK_EVENT
10-31 13:10:42.688 2065 2806 D A2dpStateMachine: Connected: stack event: A2dpStackEvent {type:EVENT_TYPE_AUDIO_STATE_CHANGED, device:A4:77:58:71:7A:9A, value1:STARTED}
10-31 13:10:42.688 2065 2806 I A2dpStateMachine: Connected: processAudioStateEvent: state: 2mIsPlaying: false
10-31 13:10:42.688 2065 2806 I A2dpStateMachine: Connected: started playing: A4:77:58:71:7A:9A
10-31 13:10:42.689 2065 2806 D A2dpStateMachine: A2DP Playing state : device: A4:77:58:71:7A:9A State:NOT_PLAYING->PLAYING
10-31 13:10:42.689 1283 1836 V MediaCodec: TunnelPeekState: BufferRendered -> BufferRendered
10-31 13:10:42.691 2065 2205 D bt_btif : btif_av_state_started_handler: event: BTA_AV_OFFLOAD_START_RSP_EVT flags: 0 index = 0, reconfig_event: 0, codec_cfg_change: 0
10-31 13:10:42.691 2065 2205 I btif_av : isBATEnabled: 0
10-31 13:10:42.691 2065 2205 E bt_btif : bta_av_co_get_active_peer: active peer index: 0
10-31 13:10:42.691 2065 2205 E bt_btif : bta_av_co_get_active_peer: active peer index: 0
01-01 09:55:06.319 0 0 I btfm_slim_hw_init: PGD Enum Addr: 00:01:20:02:17: 02
10-31 13:10:42.691 2065 2205 I bt_stack: [INFO:a2dp_encoding.cc(2657)] ack_stream_started: result=SUCCESS_FINISHED
01-01 09:55:06.319 0 0 I btfm_slim_hw_init: IFD Enum Addr: 00:00:20:02:17: 02
01-01 09:55:06.319 0 0 I btfm_slim_hw_init: chipset soc version:400a0200
10-31 13:10:42.691 2065 2799 V Avrcp_ext: AvrcpMessageHandler: received message=18
01-01 09:55:06.319 0 0 I btfm_slim_hw_init: chipset is hastings 2.0, overwriting EA
01-01 09:55:06.319 0 0 I btfm_slim_hw_init: PGD Enum Addr: 00:01:20:02:17: 02
10-31 13:10:42.691 2065 2799 V Avrcp_ext: MSG_SET_A2DP_AUDIO_STATE:10
01-01 09:55:06.319 0 0 I btfm_slim_hw_init: IFD Enum Addr: 00:00:20:02:17: 02
