10-31 13:10:40.026 1283 1836 V MediaCodec: -- match entry for 6433333, hits our frame of 6433333
10-31 13:10:40.029 1283 1836 V MediaCodec: -- Looking at startdata. presentation 6466666, start 49347530032
10-31 13:10:40.029 1283 1836 V MediaCodec: -- match entry for 6466666, hits our frame of 6466666
10-31 13:10:40.029 1261 1274 I CNSS : cnss_log_timeout_handler: cnss log timeout 0x61ec5ce9a0
10-31 13:10:40.031 1283 1836 V MediaCodec: -- Looking at startdata. presentation 6500000, start 49347790813
10-31 13:10:40.031 1283 1836 V MediaCodec: -- match entry for 6500000, hits our frame of 6500000
10-31 13:10:40.032 1283 1836 V MediaCodec: -- Looking at startdata. presentation 6533333, start 49352973521
10-31 13:10:40.032 1283 1836 V MediaCodec: -- match entry for 6533333, hits our frame of 6533333
10-31 13:10:40.035 672 672 D Zygote : Forked child process 3203
01-01 09:55:03.851 0 0 I display_panel_avdd: disabling
10-31 13:10:40.036 1112 1199 W ActivityManager: Slow operation: 1104ms so far, now at startProcess: returned from zygote!
10-31 13:10:40.037 1112 1199 W ActivityManager: Slow operation: 1104ms so far, now at startProcess: done updating battery stats
10-31 13:10:40.037 1112 1199 I am_proc_start: [0,3203,10100,com.android.providers.media.module,service,{com.android.providers.media.module/com.android.providers.media.fuse.ExternalStorageServiceImpl}]
10-31 13:10:40.037 1112 1199 I Watchdog: Interesting Java process com.android.providers.media.module started. Pid 3203
10-31 13:10:40.037 1112 1199 W ActivityManager: Slow operation: 1104ms so far, now at startProcess: building log message
10-31 13:10:40.037 1112 1199 I ActivityManager: Start proc 3203:com.android.providers.media.module/u0a100 for service {com.android.providers.media.module/com.android.providers.media.fuse.ExternalStorageServiceImpl}
10-31 13:10:40.037 1112 1199 W ActivityManager: Slow operation: 1105ms so far, now at startProcess: starting to update pids map
10-31 13:10:40.037 1112 1199 W ActivityManager: Slow operation: 1105ms so far, now at startProcess: done updating pids map
10-31 13:10:40.037 1112 1199 W ActivityManager: Slow operation: 558ms so far, now at startProcess: asking zygote to start proc
10-31 13:10:40.038 1283 1836 V MediaCodec: -- Looking at startdata. presentation 6566666, start 49541816750
10-31 13:10:40.038 1283 1836 V MediaCodec: -- match entry for 6566666, hits our frame of 6566666
10-31 13:10:40.038 1283 1836 V MediaCodec: -- Looking at startdata. presentation 6600000, start 49543456125
10-31 13:10:40.038 1283 1836 V MediaCodec: -- match entry for 6600000, hits our frame of 6600000
10-31 13:10:40.039 2079 2079 D InterruptionStateProvider: No bubble up: not allowed to bubble: -1|android|26|null|1000
10-31 13:10:40.039 2297 2297 I QRCSService: onCreate: Attempt to start service
10-31 13:10:40.043 1112 1112 I NotificationHistory: Attempted to unlock gone/disabled user 0
10-31 13:10:40.046 1486 3199 I QFP : QfpThreadOptimize::invoke: entry.
10-31 13:10:40.046 1486 3199 I QFP : QfpThreadOptimize::invoke: QFP not initialized, exiting Optimize thread
10-31 13:10:40.046 1486 3199 I QFP : QfpThreadErieEvent::invoke: entry.
10-31 13:10:40.046 1486 3199 I QFP : QfpThreadErieEvent::invoke: QFP not initialized, exiting ErieEvent thread
10-31 13:10:40.047 2553 3201 I QCC:ActiveCareService: onStartCommand :Intent: Intent { act=com.qualcomm.qti.qdma.PERIODIC_CLIENT_INITIATED_REGISTRATION cmp=com.qualcomm.qti.qdma/.app.ActiveCareService }
10-31 13:10:40.047 2553 3201 I QCC:QDMAEmbargoesList: updateEmbargoesRequest
10-31 13:10:40.048 2553 3201 I QCC:QDMAEmbargoesList: makeRequest
10-31 13:10:40.048 1112 2165 D BufferPoolAccessor2.0: bufferpool2 0xb4000078ba8d51d8 : 0(0 size) total buffers - 0(0 size) used buffers - 3/7 (recycle/alloc) - 8/26 (fetch/transfer)
10-31 13:10:40.048 1112 2165 D BufferPoolAccessor2.0: bufferpool2 0xb4000078ba8d5428 : 0(0 size) total buffers - 0(0 size) used buffers - 3/7 (recycle/alloc) - 4/18 (fetch/transfer)
10-31 13:10:40.048 1112 2165 D BufferPoolAccessor2.0: bufferpool2 0xb4000078ba8d6b48 : 0(0 size) total buffers - 0(0 size) used buffers - 3/7 (recycle/alloc) - 4/24 (fetch/transfer)
10-31 13:10:40.048 1112 2165 D BufferPoolAccessor2.0: bufferpool2 0xb4000078ba8d4648 : 0(0 size) total buffers - 0(0 size) used buffers - 1/7 (recycle/alloc) - 9/34 (fetch/transfer)
10-31 13:10:40.048 1112 2165 D BufferPoolAccessor2.0: bufferpool2 0xb4000078ba8d5678 : 0(0 size) total buffers - 0(0 size) used buffers - 2/7 (recycle/alloc) - 5/34 (fetch/transfer)
10-31 13:10:40.049 1112 2165 D BufferPoolAccessor2.0: evictor expired: 5, evicted: 5
10-31 13:10:40.049 1283 1836 V MediaCodec: TunnelPeekState: BufferRendered -> BufferRendered
10-31 13:10:40.050 2079 2079 W NotifBindPipeline: Row is not set so pipeline will not run. notif = -1|android|26|null|1000
10-31 13:10:40.050 2553 3201 I QCC:QDMAEmbargoesList: existEmbargoesReq
10-31 13:10:40.051 2553 3201 I QCC:QDMAEmbargoesList: existEmbargoesReq entryFile: /data/misc/qdma/down/100/100-1.0-EmbargoesList.key.0.req
10-31 13:10:40.051 2553 3201 I QCC:QDMAEmbargoesList: existEmbargoesReq existed request: /data/misc/qdma/down/100/100-1.0-EmbargoesList.key.0.req
10-31 13:10:40.051 2553 3201 I QCC:QDMAEmbargoesList: existEmbargoesReq ret: true
10-31 13:10:40.051 1112 2153 I am_proc_bound: [0,3166,com.qualcomm.qti.workloadclassifier]
10-31 13:10:40.052 3115 3115 V GraphicsEnvironment: ANGLE Developer option for 'com.qualcomm.qti.services.systemhelper' set to: 'default'
10-31 13:10:40.053 3115 3115 V GraphicsEnvironment: ANGLE GameManagerService for com.qualcomm.qti.services.systemhelper: false
10-31 13:10:40.056 2591 2591 D GameModeIF_GameModeSettings: getUriFor setting_content_uri_root = content://com.thundercomm.gamemode.api/gamemode_settings , name = gamemode_bulletscreen
10-31 13:10:40.058 1377 1824 D BufferPoolAccessor2.0: bufferpool2 0xb40000749e038848 : 0(0 size) total buffers - 0(0 size) used buffers - 7/11 (recycle/alloc) - 4/10 (fetch/transfer)
10-31 13:10:40.058 1377 1824 D BufferPoolAccessor2.0: bufferpool2 0xb40000749e0350c8 : 0(0 size) total buffers - 0(0 size) used buffers - 14/15 (recycle/alloc) - 1/14 (fetch/transfer)
10-31 13:10:40.058 1377 1824 D BufferPoolAccessor2.0: bufferpool2 0xb40000749e033e48 : 0(0 size) total buffers - 0(0 size) used buffers - 10/15 (recycle/alloc) - 6/14 (fetch/transfer)
10-31 13:10:40.058 1377 1824 D BufferPoolAccessor2.0: bufferpool2 0xb40000749e0385f8 : 0(0 size) total buffers - 0(0 size) used buffers - 3/7 (recycle/alloc) - 4/6 (fetch/transfer)
10-31 13:10:40.058 1377 1824 D BufferPoolAccessor2.0: bufferpool2 0xb40000749e0360f8 : 0(0 size) total buffers - 0(0 size) used buffers - 8/10 (recycle/alloc) - 2/9 (fetch/transfer)
10-31 13:10:40.058 1377 1824 D BufferPoolAccessor2.0: evictor expired: 5, evicted: 5
10-31 13:10:40.058 1112 2153 D CompatibilityChangeReporter: Compat change id reported: 168419799; UID 10093; state: DISABLED
10-31 13:10:40.058 1112 2153 D CompatibilityInfo: mCompatibilityFlags - 4
10-31 13:10:40.058 1112 2153 D CompatibilityInfo: applicationDensity - 240
10-31 13:10:40.058 1112 2153 D CompatibilityInfo: applicationScale - 1.0
10-31 13:10:40.064 3115 3115 D NetworkSecurityConfig: No Network Security Config specified, using platform default
10-31 13:10:40.065 3115 3115 D NetworkSecurityConfig: No Network Security Config specified, using platform default
10-31 13:10:40.051 2553 3201 I QCC:UploaderPolicy: updateUploadPolicyRequest
10-31 13:10:40.066 2553 3201 E QCC:OperationMode: isQDMAUIInstalled - non exist: android.content.pm.PackageManager$NameNotFoundException: com.qualcomm.qti.smq
10-31 13:10:40.066 2553 3201 I QCC:OperationMode: isQDMAUIInstalled : false
10-31 13:10:40.066 2553 3201 I QCC:Collector: calling forceDisableQdmaStatsD
10-31 13:10:40.066 2553 3201 I QCC:Collector: calling forceDisabledAllCollectors
10-31 13:10:40.067 2553 3201 I QCC:Collector: deleteDir: /data/misc/qdma/down/1 already disabled
10-31 13:10:40.068 1112 1112 V NotificationAssistants: disabling notification assistant for user 0: ComponentInfo{android.ext.services/android.ext.services.notification.Assistant}
10-31 13:10:40.068 1112 1112 D NotificationListeners: Removing active service ComponentInfo{android.ext.services/android.ext.services.notification.Assistant}
10-31 13:10:40.073 3125 3125 D CompatibilityChangeReporter: Compat change id reported: 171979766; UID 10094; state: ENABLED
10-31 13:10:40.062 1112 2153 I am_uid_active: 10093
10-31 13:10:40.081 1112 1112 V NotificationAssistants: enabling notification assistant for 0: ComponentInfo{android.ext.services/android.ext.services.notification.Assistant}
10-31 13:10:40.081 1112 1112 V NotificationAssistants: binding: Intent { act=android.service.notification.NotificationAssistantService cmp=android.ext.services/.notification.Assistant (has extras) }
10-31 13:10:40.083 1283 1836 V MediaCodec: TunnelPeekState: BufferRendered -> BufferRendered
10-31 13:10:40.085 2553 3201 I QCC:OmaDMNative: qcc_hidl_update_vendor_dropbox(), path=/data/misc/qdma/down/1 isEnabled=0
10-31 13:10:40.085 967 967 D QCC:qccvndhal: /data/vendor/qdma/down/1 is null
10-31 13:10:40.085 2553 3201 I QCC:OmaDMNative: qcc_hidl_update_vendor_dropbox() res=0
10-31 13:10:40.085 2553 3201 I QCC:Collector: deleteDir: /data/misc/qdma/down/3 already disabled
10-31 13:10:40.087 1430 1460 D LOWI-9.0.0.87.a: [LOWINetlinkSocketReceiver] unpackRTMLinkMessage: RTM_NEWLINK - ifname wlan0, flags 0x1002 ()
01-01 09:55:03.852 0 0 I binder : 3208:3208 ioctl 40046210 7ff99ba9a4 returned -22
01-01 09:55:03.895 0 0 D qbt : qbt_open: entry minor_no=0 fd_available=1
01-01 09:55:03.895 0 0 D qbt : qbt_open: exit : 0 fd_available=0
01-01 09:55:03.895 0 0 D qbt : qbt_open: entry minor_no=1 fd_available=0
01-01 09:55:03.895 0 0 D qbt : qbt_open: exit : 0 fd_available=0
01-01 09:55:03.895 0 0 D qbt : qbt_ioctl: cmd received 107
01-01 09:55:03.895 0 0 D qbt : qbt_ioctl: Acquiring wakelock
01-01 09:55:03.901 0 0 I binder : 3231:3231 ioctl 40046210 7ff99ba9a4 returned -22
01-01 09:55:03.938 0 0 I [wifi@1][0x41257a6a][13:10:40.317604] wlan: [938:I:DP] dp_vdev_attach_wifi3: wlan_cfg_ap_bridge_enabled 0
01-01 09:55:03.944 0 0 I vdd_tof : disabling
01-01 09:55:03.966 0 0 W QSEECOM : qseecom_load_app: App (fingerpr) does'nt exist, loading apps for first time
01-01 09:55:04.034 0 0 E [wifi@1][0x4141ad0e][13:10:40.413852] wlan: [2827:E:wifipos] wifi_pos_process_app_reg_req: 608: Received App Req Req pid(1082131370), len(16)
10-31 13:10:40.087 1430 1460 D LOWI-9.0.0.87.a: [LOWINetlinkSocketReceiver] processNetlinkPacket: ifname(wlan0) status(0)
10-31 13:10:40.087 1430 1460 D LOWI-9.0.0.87.a: [LOWIController] intfStateReceived: ifname(wlan0) state(0)
10-31 13:10:40.087 1112 1112 D CompatibilityChangeReporter: Compat change id reported: 168419799; UID 10101; state: DISABLED
10-31 13:10:40.087 1112 1112 D CompatibilityInfo: mCompatibilityFlags - 4
10-31 13:10:40.087 1112 1112 D CompatibilityInfo: applicationDensity - 240
10-31 13:10:40.087 1112 1112 D CompatibilityInfo: applicationScale - 1.0
10-31 13:10:40.087 1430 1466 D LOWI-9.0.0.87.a: [LOWIEventReceiver] handleEvent:FROM:NA, TO:NA, REQ:NA, IREQ:NA, REQ_ID:0, RESP:NA, INFO:INTF-STATUS-UPDATE
10-31 13:10:40.087 1430 1466 D LOWI-9.0.0.87.a: [LOWIEventReceiver] Info to [INTF-STATUS-UPDATE]
10-31 13:10:40.087 1430 1466 D LOWI-9.0.0.87.a: [LOWIController] updateIntfState: WIFI enabled 0 mNlWifiStatus 1 mWifiStateEnabled 1
10-31 13:10:40.087 1430 1466 D LOWI-9.0.0.87.a: [LOWIController] isWifiEnabled: mNlWifiStatus 0 mWifiStateEnabled 1
10-31 13:10:40.087 1430 1466 I LOWI-9.0.0.87.a: [LOWIController] isWifiEnabled: Wifi is now disabled
10-31 13:10:40.087 1430 1466 D LOWI-9.0.0.87.a: [LOWIController] terminateScanResultReceiver
10-31 13:10:40.087 1430 2906 D LOWI-9.0.0.87.a: [LOWI-Scan] wips_wait_on_nl_socket: read returned 6, Received string: Close
10-31 13:10:40.087 1430 2906 D LOWI-9.0.0.87.a: [LOWI-Scan] do_listen_events: Select Error return - -301
10-31 13:10:40.087 1430 2906 D LOWI-9.0.0.87.a: [LOWI-Scan] No dump done. Error -301
10-31 13:10:40.087 1430 2906 D LOWI-9.0.0.87.a: [LOWI-Scan] WipsScanUsingNL: passive scan cached 0, took 223 ms, err -301
10-31 13:10:40.087 1430 2906 D LOWI-9.0.0.87.a: [LOWI-Scan] lowi_proc_req_passive_scan_with_live_meas - No WLAN Frames to be parsed
10-31 13:10:40.087 1430 2906 D LOWI-9.0.0.87.a: [LOWIWifiDriverInterface] Scan terminated for passive listening request
10-31 13:10:40.087 1430 2906 I LOWI-9.0.0.87.a: [LOWIScanResultReceiver] Thread terminate was requested
10-31 13:10:40.088 1112 1181 I EthernetTracker: interfaceLinkStateChanged, iface: wlan0, up: false
10-31 13:10:40.089 1430 2906 D LOWI-9.0.0.87.a: [LOWI-Scan] Closing the pipe
10-31 13:10:40.089 1430 1466 D LOWI-9.0.0.87.a: [LOWIScanResultReceiver] After join complete
10-31 13:10:40.089 1430 1466 D LOWI-9.0.0.87.a: [LOWI-ROME-RTT] RomeUnblockRangingThread
10-31 13:10:40.089 1430 2907 D LOWI-9.0.0.87.a: [LOWI-ROME-RTT] RomeWaitOnActivityOnSocketOrPipe: Ranging thread Received string: Close, request socket shutdown
10-31 13:10:40.089 1430 2907 D LOWI-9.0.0.87.a: [LOWIRangingFSM] FSM: Received Terminate Thread request from Controller
10-31 13:10:40.089 1430 2907 I LOWI-9.0.0.87.a: [LOWIScanResultReceiver] Thread terminate was requested
10-31 13:10:40.089 1430 2907 D LOWI-9.0.0.87.a: [LOWI-ROME-RTT] Closing the Ranging pipe
10-31 13:10:40.090 1112 1112 D GameModeIF_GameModeSettings: getUriFor setting_content_uri_root = content://com.thundercomm.gamemode.api/gamemode_settings , name = gamemode_enable
10-31 13:10:40.091 1112 1112 E Binder : Outgoing transactions from this process must be FLAG_ONEWAY
10-31 13:10:40.091 1112 1112 E Binder : java.lang.Throwable
10-31 13:10:40.091 1112 1112 E Binder : at android.os.BinderProxy.transact(BinderProxy.java:528)
10-31 13:10:40.091 1112 1112 E Binder : at android.content.ContentProviderProxy.query(ContentProviderNative.java:479)
10-31 13:10:40.091 1112 1112 E Binder : at android.content.ContentResolver.query(ContentResolver.java:1221)
10-31 13:10:40.091 1112 1112 E Binder : at android.content.ContentResolver.query(ContentResolver.java:1152)
10-31 13:10:40.091 1112 1112 E Binder : at android.content.ContentResolver.query(ContentResolver.java:1108)
10-31 13:10:40.091 1112 1112 E Binder : at com.thundercomm.gamemode.api.GameModeSettings$Settings.getInt(GameModeSettings.java:142)
10-31 13:10:40.091 1112 1112 E Binder : at com.thundercomm.gamemode.api.GameModeSettings$Settings.getBoolean(GameModeSettings.java:188)
10-31 13:10:40.091 1112 1112 E Binder : at com.android.server.notification.GameModeConfig.updateData(GameModeConfig.java:116)
10-31 13:10:40.091 1112 1112 E Binder : at com.android.server.notification.ZenModeHelper.onUserUnlocked(ZenModeHelper.java:265)
10-31 13:10:40.091 1112 1112 E Binder : at com.android.server.notification.NotificationManagerService$6.onReceive(NotificationManagerService.java:1855)
10-31 13:10:40.091 1112 1112 E Binder : at android.app.LoadedApk$ReceiverDispatcher$Args.lambda$getRunnable$0$LoadedApk$ReceiverDispatcher$Args(LoadedApk.java:1679)
10-31 13:10:40.091 1112 1112 E Binder : at android.app.LoadedApk$ReceiverDispatcher$Args$$ExternalSyntheticLambda0.run(Unknown Source:2)
10-31 13:10:40.091 1112 1112 E Binder : at android.os.Handler.handleCallback(Handler.java:938)
10-31 13:10:40.091 1112 1112 E Binder : at android.os.Handler.dispatchMessage(Handler.java:99)
10-31 13:10:40.091 1112 1112 E Binder : at android.os.Looper.loopOnce(Looper.java:201)
10-31 13:10:40.091 1112 1112 E Binder : at android.os.Looper.loop(Looper.java:288)
10-31 13:10:40.091 1112 1112 E Binder : at com.android.server.SystemServer.run(SystemServer.java:909)
10-31 13:10:40.091 1112 1112 E Binder : at com.android.server.SystemServer.main(SystemServer.java:616)
10-31 13:10:40.091 1112 1112 E Binder : at java.lang.reflect.Method.invoke(Native Method)
10-31 13:10:40.091 1112 1112 E Binder : at com.android.internal.os.RuntimeInit$MethodAndArgsCaller.run(RuntimeInit.java:548)
10-31 13:10:40.091 1112 1112 E Binder : at com.android.internal.os.ZygoteInit.main(ZygoteInit.java:987)
10-31 13:10:40.092 1112 1198 I am_wtf : [0,1112,system_server,-1,Binder,Outgoing transactions from this process must be FLAG_ONEWAY]
10-31 13:10:40.093 2297 2297 D CompatibilityChangeReporter: Compat change id reported: 147600208; UID 1001; state: ENABLED
10-31 13:10:40.097 3166 3166 D CompatibilityChangeReporter: Compat change id reported: 171979766; UID 10093; state: ENABLED
10-31 13:10:40.097 1112 1139 D CompatibilityChangeReporter: Compat change id reported: 182478738; UID 1001; state: DISABLED
10-31 13:10:40.098 1430 1466 D LOWI-9.0.0.87.a: [LOWIScanResultReceiver] After join complete
10-31 13:10:40.098 1430 1466 D LOWI-9.0.0.87.a: [LOWIController] terminateWifiDriver
10-31 13:10:40.098 1430 1466 I CLD80211: lowi-server: Sent msg on exit sock to unblock poll()
10-31 13:10:40.099 1112 1112 D GameModeIF_GameModeSettings: getUriFor setting_content_uri_root = content://com.thundercomm.gamemode.api/gamemode_settings , name = gamemode_dnd_notification
10-31 13:10:40.102 1112 1112 D GameModeIF_GameModeSettings: getUriFor setting_content_uri_root = content://com.thundercomm.gamemode.api/gamemode_settings , name = gamemode_isgaming
10-31 13:10:40.104 1112 1112 D GameModeIF_GameModeSettings: getUriFor setting_content_uri_root = content://com.thundercomm.gamemode.api/gamemode_settings , name = gamemode_dnd_voice
10-31 13:10:40.104 499 499 I hwservicemanager: Since vendor.qti.hardware.iop@2.0::IIop/default is not registered, trying to start it as a lazy HAL.
10-31 13:10:40.105 1298 1298 E ANDR-IOP: IIop:: Iop HAL Service is not available.
10-31 13:10:40.109 2553 3201 I QCC:OmaDMNative: qcc_hidl_update_vendor_dropbox(), path=/data/misc/qdma/down/3 isEnabled=0
10-31 13:10:40.109 967 967 D QCC:qccvndhal: /data/vendor/qdma/down/3 is null
10-31 13:10:40.109 2553 3201 I QCC:OmaDMNative: qcc_hidl_update_vendor_dropbox() res=0
10-31 13:10:40.109 2553 3201 I QCC:Collector: deleteDir: /data/misc/qdma/down/1500 already disabled
10-31 13:10:40.110 2591 2591 E GameMode_ActivityMonitoringService: sInstance is null!
10-31 13:10:40.111 2591 2591 W System.err: java.lang.NullPointerException: Attempt to read from field 'java.lang.String com.thundercomm.gamemode.ingame.services.ActivityMonitoringService.CurrTopPackageName' on a null object reference
10-31 13:10:40.112 2591 2591 W System.err: at com.thundercomm.gamemode.ingame.services.GameModeNotificationListenerService.onNotificationPosted(GameModeNotificationListenerService.java:69)
10-31 13:10:40.112 2591 2591 W System.err: at android.service.notification.NotificationListenerService.onNotificationPosted(NotificationListenerService.java:444)
10-31 13:10:40.112 2591 2591 W System.err: at android.service.notification.NotificationListenerService$MyHandler.handleMessage(NotificationListenerService.java:2305)
10-31 13:10:40.112 2591 2591 W System.err: at android.os.Handler.dispatchMessage(Handler.java:106)
10-31 13:10:40.112 2591 2591 W System.err: at android.os.Looper.loopOnce(Looper.java:201)
10-31 13:10:40.112 672 672 D Zygote : Forked child process 3208
01-01 09:55:04.078 0 0 I binder : 3271:3271 ioctl 40046210 7ff99ba9a4 returned -22
01-01 09:55:04.141 0 0 I [wpa_su][0x41610ed9][13:10:40.520969] wlan: [2834:I:SME] vdev-0: Connecting to ThunderSoft_XTS_5G 5c:02:14:f9:4f:d3 rssi: -75 freq: 5745 akm 9 cipher: uc 6 mc 6, CC:
10-31 13:10:40.112 2591 2591 W System.err: at android.os.Looper.loop(Looper.java:288)
10-31 13:10:40.113 2591 2591 W System.err: at android.app.ActivityThread.main(ActivityThread.java:7880)
10-31 13:10:40.113 2591 2591 W System.err: at java.lang.reflect.Method.invoke(Native Method)
10-31 13:10:40.113 2591 2591 W System.err: at com.android.internal.os.RuntimeInit$MethodAndArgsCaller.run(RuntimeInit.java:548)
10-31 13:10:40.113 1112 1199 W ActivityManager: Slow operation: 634ms so far, now at startProcess: returned from zygote!
10-31 13:10:40.113 2591 2591 W System.err: at com.android.internal.os.ZygoteInit.main(ZygoteInit.java:1009)
10-31 13:10:40.113 1112 1199 W ActivityManager: Slow operation: 634ms so far, now at startProcess: done updating battery stats
10-31 13:10:40.113 1112 1199 I am_proc_start: [0,3208,1000,com.android.keychain,service,{com.android.keychain/com.android.keychain.KeyChainService}]
10-31 13:10:40.113 1112 1199 W ActivityManager: Slow operation: 634ms so far, now at startProcess: building log message
10-31 13:10:40.113 1112 1199 I ActivityManager: Start proc 3208:com.android.keychain/1000 for service {com.android.keychain/com.android.keychain.KeyChainService}
01-01 09:55:04.142 0 0 E [wpa_su][0x41613566][13:10:40.521483] wlan: [2834:E:QDF] qdf_mem_malloc_debug: 1206: Cannot malloc 0 bytes @ csr_get_cfg_max_tx_power:14199
01-01 09:55:04.161 0 0 I [schedu][0x4166c9ba][13:10:40.540526] wlan: [2546:I:WMI] send_vdev_start_cmd_tlv: 1062: send_vdev_start_cmd_tlv: vdev_id 0 freq 5745 chanmode 18 ch_info: 0x12 is_dfs 0 beacon interval 100 dtim 0 center_chan 5775 center_freq2 0 reg_info_1: 0x180000 reg_info_2: 0x1800, req->max_txpow: 0x18 Tx SS 1, Rx SS 1, ldpc_rx: 0, cac 0, regd 4, HE ops: 0req->dis_hw_ack: 0
01-01 09:55:04.161 0 0 I [wifi@1][0x4166ed4f][13:10:40.541000] wlan: [2827:I:wifipos] wifi_pos_get_ch_info: 461: num channels: 26
01-01 09:55:04.163 0 0 I [wifi@1][0x4167939c][13:10:40.543218] wlan: [2827:I:wifipos] wifi_pos_get_ch_info: 461: num channels: 26
01-01 09:55:04.175 0 0 I [soft_i][0x416ad40f][13:10:40.554317] wlan: [0:I:TXRX] HTT_T2H_MSG_TYPE_PEER_MAP msg for peer id 8 vdev id 0 n
01-01 09:55:04.175 0 0 E [soft_i][0x416ad67e][13:10:40.554350] wlan: [0:E:DP] dp_peer_find_add_id: peer ffffffe287e80000 ID 8 vid 0 mac 5c:02:14:f9:4f:d3
01-01 09:55:04.188 0 0 I [soft_i][0x416eaa82][13:10:40.567417] wlan: [0:I:DP] dp_peer_find_add_id: ref_cnt: 2
01-01 09:55:04.188 0 0 E [soft_i][0x416eab77][13:10:40.567429] wlan: [0:E:DP] dp_peer_map_ast: peer ffffffe287e80000 ID 98 vid 0 mac 5c:02:14:f9:4f:d3
01-01 09:55:04.201 0 0 W QSEECOM : qseecom_load_app: App with id 9 (fingerpr) now loaded
10-31 13:10:40.113 1112 1199 W ActivityManager: Slow operation: 634ms so far, now at startProcess: starting to update pids map
10-31 13:10:40.114 1112 1199 W ActivityManager: Slow operation: 635ms so far, now at startProcess: done updating pids map
10-31 13:10:40.114 1112 1199 W ActivityManager: Slow operation: 480ms so far, now at startProcess: asking zygote to start proc
10-31 13:10:40.114 1112 1199 D CompatibilityChangeReporter: Compat change id reported: 143937733; UID 10021; state: ENABLED
10-31 13:10:40.115 1283 1836 V MediaCodec: TunnelPeekState: BufferRendered -> BufferRendered
10-31 13:10:40.116 2297 2297 I service_manager_slow: [11,isub]
10-31 13:10:40.117 2297 2297 I QRCSService: onCreate: isSimInserted[false]
10-31 13:10:40.118 2297 2297 I QRCSService: onStartCommand- Call
10-31 13:10:40.123 1112 1112 I AccountManagerService: User 0 is unlocked - opening CE database
10-31 13:10:40.126 499 3207 W libc : Unable to set property "ctl.interface_start" to "vendor.qti.hardware.iop@2.0::IIop/default": error code: 0x20
10-31 13:10:40.126 499 3207 I hwservicemanager: Tried to start vendor.qti.hardware.iop@2.0::IIop/default as a lazy service, but was unable to. Usually this happens when a service is not installed, but if the service is intended to be used as a lazy service, then it may be configured incorrectly.
10-31 13:10:40.132 2553 3201 I QCC:OmaDMNative: qcc_hidl_update_vendor_dropbox(), path=/data/misc/qdma/down/1500 isEnabled=0
10-31 13:10:40.132 967 967 D QCC:qccvndhal: /data/vendor/qdma/down/1500 is null
10-31 13:10:40.132 2553 3201 I QCC:OmaDMNative: qcc_hidl_update_vendor_dropbox() res=0
10-31 13:10:40.133 2553 3201 I QCC:Collector: deleteDir: /data/misc/qdma/down/1504 already disabled
10-31 13:10:40.137 3166 3166 I Perf : Connecting to perf service.
10-31 13:10:40.138 2553 3201 I QCC:OmaDMNative: qcc_hidl_update_vendor_dropbox(), path=/data/misc/qdma/down/1504 isEnabled=0
10-31 13:10:40.139 967 967 D QCC:qccvndhal: /data/vendor/qdma/down/1504 is null
10-31 13:10:40.139 2553 3201 I QCC:OmaDMNative: qcc_hidl_update_vendor_dropbox() res=0
10-31 13:10:40.139 2553 3201 I QCC:Collector: deleteDir: /data/misc/qdma/down/6 already disabled
10-31 13:10:40.144 2553 3201 I QCC:OmaDMNative: qcc_hidl_update_vendor_dropbox(), path=/data/misc/qdma/down/6 isEnabled=0
10-31 13:10:40.144 967 967 D QCC:qccvndhal: /data/vendor/qdma/down/6 is null
10-31 13:10:40.145 2553 3201 I QCC:OmaDMNative: qcc_hidl_update_vendor_dropbox() res=0
10-31 13:10:40.146 2553 3201 I QCC:Collector: deleteDir: /data/misc/qdma/down/51 already disabled
10-31 13:10:40.146 2297 3209 I QRCSService: start service isHidlServiceUp[false], isSimInserted[false], mHidlService is [false]
10-31 13:10:40.146 2297 3209 I QRCSService: Attempting to get HIDL-IUceService
10-31 13:10:40.146 2297 3209 D Aidl-shim UceServiceStub: getService start
10-31 13:10:40.146 2297 3209 D Aidl-shim UceServiceStub: Hal_2_3 bindToHal
10-31 13:10:40.148 1283 1836 V MediaCodec: TunnelPeekState: BufferRendered -> BufferRendered
10-31 13:10:40.150 3166 3166 V GraphicsEnvironment: ANGLE Developer option for 'com.qualcomm.qti.workloadclassifier' set to: 'default'
10-31 13:10:40.151 3166 3166 V GraphicsEnvironment: ANGLE GameManagerService for com.qualcomm.qti.workloadclassifier: false
10-31 13:10:40.152 1112 1183 W BluetoothManagerService: MESSAGE_BIND_PROFILE_SERVICE
10-31 13:10:40.152 1112 1183 W BluetoothManagerService: Calling psc.bindService from MESSAGE_BIND_PROFILE_SERVICE
10-31 13:10:40.152 3166 3166 D NetworkSecurityConfig: No Network Security Config specified, using platform default
10-31 13:10:40.153 3166 3166 D NetworkSecurityConfig: No Network Security Config specified, using platform default
10-31 13:10:40.153 2553 3201 I QCC:OmaDMNative: qcc_hidl_update_vendor_dropbox(), path=/data/misc/qdma/down/51 isEnabled=0
10-31 13:10:40.154 967 967 D QCC:qccvndhal: /data/vendor/qdma/down/51 is null
10-31 13:10:40.154 2553 3201 I QCC:OmaDMNative: qcc_hidl_update_vendor_dropbox() res=0
10-31 13:10:40.155 2553 3201 I QCC:Collector: deleteDir: /data/misc/qdma/down/102 already disabled
10-31 13:10:40.155 2553 3201 I QCC:Collector: deleteDir: /data/misc/qdma/down/104 already disabled
10-31 13:10:40.156 2553 3201 I QCC:Collector: deleteDir: /data/misc/qdma/down/1501 already disabled
10-31 13:10:40.157 2553 3164 I DrmHal : found instance=clearkey version=android.hardware.drm@1.3::IDrmFactory
10-31 13:10:40.157 2553 3164 I DrmHal : found instance=wfdhdcp version=android.hardware.drm@1.3::IDrmFactory
10-31 13:10:40.158 1299 1299 D HDCPManagerAdapter: getHDCPFactory get new Instance
10-31 13:10:40.159 2882 2900 I adbd : jdwp connection from 3203
10-31 13:10:40.162 499 499 I hwservicemanager: Since vendor.qti.hardware.iop@2.0::IIop/default is not registered, trying to start it as a lazy HAL.
10-31 13:10:40.162 1299 1299 D HDCPManagerAdapter: getHDCPFactory got new Instance
10-31 13:10:40.163 1298 1298 E ANDR-IOP: IIop:: Iop HAL Service is not available.
10-31 13:10:40.165 1299 1299 W HDCPManagerAdapter: HDCPManagerAdapter::isHDCPAvailable 0
10-31 13:10:40.166 2297 3209 I android_os_HwBinder: HwBinder: Starting thread pool for getting: com.qualcomm.qti.uceservice@2.3::IUceService/com.qualcomm.qti.uceservice
10-31 13:10:40.167 2553 3201 I QCC:OmaDMNative: qcc_hidl_update_vendor_dropbox(), path=/data/misc/qdma/down/1501 isEnabled=0
10-31 13:10:40.167 2297 3209 I QRCSService: Received HIDL-UCEService :VERSION_2_3
10-31 13:10:40.167 2297 3209 D Aidl-shim UceServiceStub: RCSStartRCSService setHidlUceService
10-31 13:10:40.168 967 967 D QCC:qccvndhal: /data/vendor/qdma/down/1501 is null
10-31 13:10:40.168 1299 1336 W HDCPManagerAdapter: HDCPManagerAdapter::isHDCPAvailable 0
10-31 13:10:40.168 2553 3201 I QCC:OmaDMNative: qcc_hidl_update_vendor_dropbox() res=0
10-31 13:10:40.169 2553 3201 I QCC:Collector: deleteDir: /data/misc/qdma/down/1502 already disabled
10-31 13:10:40.169 3203 3203 D ProcessState: Binder ioctl to enable oneway spam detection failed: Invalid argument
10-31 13:10:40.173 2553 3201 I QCC:OmaDMNative: qcc_hidl_update_vendor_dropbox(), path=/data/misc/qdma/down/1502 isEnabled=0
10-31 13:10:40.173 1299 1299 W HDCPManagerAdapter: HDCPManagerAdapter::isHDCPAvailable 0
10-31 13:10:40.173 967 967 D QCC:qccvndhal: /data/vendor/qdma/down/1502 is null
10-31 13:10:40.174 2553 3201 I QCC:OmaDMNative: qcc_hidl_update_vendor_dropbox() res=0
10-31 13:10:40.174 2553 3201 I QCC:Collector: deleteDir: /data/misc/qdma/down/1503 already disabled
10-31 13:10:40.175 1299 1336 W HDCPManagerAdapter: HDCPManagerAdapter::isHDCPAvailable 0
10-31 13:10:40.178 1112 1112 D BluetoothHeadset: Proxy object connected
10-31 13:10:40.178 1112 1112 D BluetoothHeadset: Proxy object connected
10-31 13:10:40.179 2079 2108 D BluetoothHeadset: Proxy object connected
10-31 13:10:40.179 2297 3209 I Aidl-shim UceServiceStub: ServiceStatus isRCSRegistered [true]
10-31 13:10:40.180 2297 3209 I QRCSService: startService: attempt BroadCast ServieUpIntent
10-31 13:10:40.180 2553 3201 I QCC:OmaDMNative: qcc_hidl_update_vendor_dropbox(), path=/data/misc/qdma/down/1503 isEnabled=0
10-31 13:10:40.180 967 967 D QCC:qccvndhal: /data/vendor/qdma/down/1503 is null
10-31 13:10:40.181 2553 3201 I QCC:OmaDMNative: qcc_hidl_update_vendor_dropbox() res=0
10-31 13:10:40.182 1283 1836 V MediaCodec: TunnelPeekState: BufferRendered -> BufferRendered
10-31 13:10:40.183 672 672 D Zygote : Forked child process 3231
10-31 13:10:40.183 2553 3201 I QCC:QccLicenseListGen: qccCheckInstalledIsv
10-31 13:10:40.185 2553 3164 E DrmHal : uuid=[edef8ba979d64ace a3c827dcd51d21ed] No supported hal instance found
10-31 13:10:40.186 2553 3164 E WidevineCollector: android.media.UnsupportedSchemeException: Failed to instantiate drm object: NO_INIT
10-31 13:10:40.186 2553 3164 E WidevineCollector: ============================== Beginning of DRM Plugin Log ==============================
10-31 13:10:40.186 2553 3164 E WidevineCollector:
10-31 13:10:40.157 I found instance=clearkey version=android.hardware.drm@1.3::IDrmFactory
10-31 13:10:40.186 2553 3164 E WidevineCollector:
10-31 13:10:40.157 I found instance=wfdhdcp version=android.hardware.drm@1.3::IDrmFactory
10-31 13:10:40.186 2553 3164 E WidevineCollector:
10-31 13:10:40.185 E uuid=[edef8ba979d64ace a3c827dcd51d21ed] No supported hal instance found
10-31 13:10:40.186 2553 3164 E WidevineCollector: ============================== End of DRM Plugin Log ==============================
10-31 13:10:40.186 2553 3164 E WidevineCollector: android.media.UnsupportedSchemeException: Failed to instantiate drm object: NO_INIT
10-31 13:10:40.186 2553 3164 E WidevineCollector: ============================== Beginning of DRM Plugin Log ==============================
10-31 13:10:40.186 2553 3164 E WidevineCollector:
10-31 13:10:40.157 I found instance=clearkey version=android.hardware.drm@1.3::IDrmFactory
10-31 13:10:40.186 2553 3164 E WidevineCollector:
10-31 13:10:40.157 I found instance=wfdhdcp version=android.hardware.drm@1.3::IDrmFactory
10-31 13:10:40.186 2553 3164 E WidevineCollector:
10-31 13:10:40.185 E uuid=[edef8ba979d64ace a3c827dcd51d21ed] No supported hal instance found
10-31 13:10:40.186 2553 3164 E WidevineCollector: ============================== End of DRM Plugin Log ==============================
10-31 13:10:40.186 2553 3164 E WidevineCollector: at android.media.MediaDrm.native_setup(Native Method)
10-31 13:10:40.186 2553 3164 E WidevineCollector: at android.media.MediaDrm.(MediaDrm.java:293)
10-31 13:10:40.186 2553 3164 E WidevineCollector: at com.qualcomm.qti.qdma.collector.WidevineCollector$1.run(WidevineCollector.java:81)
10-31 13:10:40.186 2553 3164 E WidevineCollector: at java.util.TimerThread.mainLoop(Timer.java:562)
10-31 13:10:40.186 2553 3164 E WidevineCollector: at java.util.TimerThread.run(Timer.java:512)
10-31 13:10:40.191 1112 2062 I SyncManager: Loaded persisted syncs: 0 periodic syncs, 0 oneshot syncs, 16 total system server jobs, JobStats: FirstLoad: 6/5/0 LastSave: -1/-1/-1
10-31 13:10:40.192 1112 1199 W ActivityManager: Slow operation: 557ms so far, now at startProcess: returned from zygote!
10-31 13:10:40.193 1112 1199 W ActivityManager: Slow operation: 559ms so far, now at startProcess: done updating battery stats
10-31 13:10:40.671 3297 3297 I auditd : type=1400 audit(0.0:118): avc: denied { read } for comm="ip" name="rt_tables" dev="dm-6" ino=353 scontext=u:r:ethernet:s0 tcontext=u:object_r:net_data_file:s0 tclass=file permissive=0
10-31 13:10:40.193 1112 1199 I am_proc_start: [0,3231,10021,android.process.media,broadcast,{com.android.mtp/com.android.mtp.MtpReceiver}]
10-31 13:10:40.671 3297 3297 W ip : type=1400 audit(0.0:118): avc: denied { read } for name="rt_tables" dev="dm-6" ino=353 scontext=u:r:ethernet:s0 tcontext=u:object_r:net_data_file:s0 tclass=file permissive=0
01-01 09:55:04.333 0 0 I [schedu][0x41995f17][13:10:40.713184] wlan: [2546:I:PE] Auth TX: seq 1 seq num 2049 status 0 WEP 0 to 5c:02:14:f9:4f:d3
01-01 09:55:04.336 0 0 I [schedu][0x4199fdc9][13:10:40.715300] wlan: [2546:I:PE] Auth TX: success
10-31 13:10:40.193 1112 1199 W ActivityManager: Slow operation: 559ms so far, now at startProcess: building log message
10-31 13:10:40.193 1112 1199 I ActivityManager: Start proc 3231:android.process.media/u0a21 for broadcast {com.android.mtp/com.android.mtp.MtpReceiver}
10-31 13:10:40.193 1112 1199 W ActivityManager: Slow operation: 559ms so far, now at startProcess: starting to update pids map
10-31 13:10:40.193 1112 1199 W ActivityManager: Slow operation: 559ms so far, now at startProcess: done updating pids map
10-31 13:10:40.193 1112 1199 W ActivityManager: Slow operation: 543ms so far, now at startProcess: asking zygote to start proc
10-31 13:10:40.194 1112 1199 D CompatibilityChangeReporter: Compat change id reported: 143937733; UID 10083; state: ENABLED
10-31 13:10:40.194 2746 2766 D QCCAuthMgr: SMQContentProvider query uri: content://com.qti.smq.Feedback.provider/IsvAppTbl, selection: null, uri_matcher: 5
10-31 13:10:40.194 2746 2766 D QCCAuthMgr: SMQContentProvider query tableName: IsvAppTbl
10-31 13:10:40.197 3125 3125 I Perf : Connecting to perf service.
10-31 13:10:40.198 1112 2217 I am_proc_bound: [0,3203,com.android.providers.media.module]
10-31 13:10:40.203 2065 2090 D BluetoothPbapService: getConnectionState: A4:77:58:71:7A:9A
10-31 13:10:40.205 1112 2217 D CompatibilityChangeReporter: Compat change id reported: 168419799; UID 10100; state: DISABLED
10-31 13:10:40.205 1112 2217 D CompatibilityInfo: mCompatibilityFlags - 4
10-31 13:10:40.205 1112 2217 D CompatibilityInfo: applicationDensity - 240
10-31 13:10:40.205 1112 2217 D CompatibilityInfo: applicationScale - 1.0
10-31 13:10:40.209 1112 2217 I am_uid_active: 10100
10-31 13:10:40.211 2882 2900 I adbd : jdwp connection from 3208
10-31 13:10:40.213 2553 3201 I QCC:QccLicenseListGen: qccCheckLicenseExpiredIsv
01-01 09:55:04.340 0 0 I [schedu][0x419b6317][13:10:40.720064] wlan: [2546:I:PE] Auth RX: vdev 0 sys role 3 lim_state 5 from 5c:02:14:f9:4f:d3 rssi -76 auth_alg 0 seq 0
10-31 13:10:40.214 1112 2217 D CompatibilityInfo: mCompatibilityFlags - 4
10-31 13:10:40.214 1112 2217 D CompatibilityInfo: applicationDensity - 240
10-31 13:10:40.215 1112 2217 D CompatibilityInfo: applicationScale - 1.0
01-01 09:55:04.341 0 0 I [schedu][0x419b7b6e][13:10:40.720389] wlan: [2546:I:PE] Assoc req TX: vdev 0 to 5c:02:14:f9:4f:d3 seq num 2050
01-01 09:55:04.344 0 0 I [schedu][0x419c8821][13:10:40.723971] wlan: [2546:I:PE] Assoc req TX: success
01-01 09:55:04.344 0 0 I [schedu][0x419c9bc7][13:10:40.724233] wlan: [2546:I:PE] Assoc rsp RX: subtype 0 vdev 0 sys role 3 lim state 10 rssi -77 from 5c:02:14:f9:4f:d3
10-31 13:10:40.216 1283 1836 V MediaCodec: TunnelPeekState: BufferRendered -> BufferRendered
10-31 13:10:40.217 1112 1183 I DropBoxManagerService: add tag=system_app_strictmode isTagEnabled=true flags=0x2
10-31 13:10:40.217 2746 2766 D QCCAuthMgr: SMQContentProvider query uri: content://com.qti.smq.Feedback.provider/IsvLicenseTbl, selection: null, uri_matcher: 3
10-31 13:10:40.218 2746 2766 D QCCAuthMgr: SMQContentProvider query tableName: IsvLicenseTbl
10-31 13:10:40.219 499 3223 W libc : Unable to set property "ctl.interface_start" to "vendor.qti.hardware.iop@2.0::IIop/default": error code: 0x20
10-31 13:10:40.219 499 3223 I hwservicemanager: Tried to start vendor.qti.hardware.iop@2.0::IIop/default as a lazy service, but was unable to. Usually this happens when a service is not installed, but if the service is intended to be used as a lazy service, then it may be configured incorrectly.
10-31 13:10:40.220 1283 2952 V AudioSink: getPlayedOutDurationUs(1000613) nowUs(50138504) frames(47760) framesAt(50132891)
10-31 13:10:40.222 1283 2955 V MediaCodec: -- Looking at startdata. presentation 1398000, start 49888742531
10-31 13:10:40.222 1283 2955 V MediaCodec: -- match entry for 1398000, hits our frame of 1398000
10-31 13:10:40.222 3203 3203 D CompatibilityChangeReporter: Compat change id reported: 171979766; UID 10100; state: DISABLED
10-31 13:10:40.225 1283 1836 V MediaCodec: -- Looking at startdata. presentation 6633333, start 49565167844
10-31 13:10:40.225 1283 1836 V MediaCodec: -- match entry for 6633333, hits our frame of 6633333
10-31 13:10:40.225 1283 1836 V MediaCodec: -- Looking at startdata. presentation 6666666, start 49566473521
10-31 13:10:40.225 1283 1836 V MediaCodec: -- match entry for 6666666, hits our frame of 6666666
10-31 13:10:40.225 1283 1836 V MediaCodec: -- Looking at startdata. presentation 6700000, start 49568988104
10-31 13:10:40.225 1283 1836 V MediaCodec: -- match entry for 6700000, hits our frame of 6700000
10-31 13:10:40.228 1283 2955 V MediaCodec: -- Looking at startdata. presentation 1420000, start 50144641906
10-31 13:10:40.228 1283 2955 V MediaCodec: -- match entry for 1420000, hits our frame of 1420000
10-31 13:10:40.228 2553 3201 I QCC:OperationMode: prepareProvisioned nProvisioned = 1
10-31 13:10:40.228 2553 3201 I QCC:OperationMode: readOpMode operationMode: 1
10-31 13:10:40.228 2553 3201 I QCC:OperationMode: DEVICE_PROVISIONED done or need to opmode as 3
10-31 13:10:40.228 2553 3201 I QCC:QDMAEmbargoesList: checkEmbargoesListFile
10-31 13:10:40.229 2553 3201 I QCC:QDMAEmbargoesList: QDMAEmbargoesIsDeviceInRegulatedArea regulated:false
10-31 13:10:40.229 2553 3201 I QCC:OperationMode: isRestrictedEmbargoesState - : false
10-31 13:10:40.229 2553 3201 I QCC:OperationMode: readOpMode operationMode: 1
10-31 13:10:40.229 2553 3201 I QCC:NetworkStat: getActiveNetwork(ctx) invoked.
10-31 13:10:40.230 2553 3201 I QCC:NetworkStat: no available network
10-31 13:10:40.232 3125 3125 V GraphicsEnvironment: ANGLE Developer option for 'com.qualcomm.qti.qccnetstat' set to: 'default'
10-31 13:10:40.232 3208 3208 D ProcessState: Binder ioctl to enable oneway spam detection failed: Invalid argument
10-31 13:10:40.235 1112 1183 I DropBoxManagerService: add tag=system_app_strictmode isTagEnabled=true flags=0x2
10-31 13:10:40.235 2553 3201 I QCC:PeriodicCI: >> startConnectionChangeListener()
10-31 13:10:40.237 1112 1183 I DropBoxManagerService: add tag=system_app_strictmode isTagEnabled=true flags=0x2
10-31 13:10:40.238 1283 1836 V MediaCodec: -- Looking at startdata. presentation 6733333, start 49569359823
10-31 13:10:40.238 1283 1836 V MediaCodec: -- match entry for 6733333, hits our frame of 6733333
10-31 13:10:40.238 1283 1836 V MediaCodec: -- Looking at startdata. presentation 6766666, start 49737830656
10-31 13:10:40.238 1283 1836 V MediaCodec: -- match entry for 6766666, hits our frame of 6766666
10-31 13:10:40.238 1283 1836 V MediaCodec: -- Looking at startdata. presentation 6800000, start 49743296542
10-31 13:10:40.238 1283 1836 V MediaCodec: -- match entry for 6800000, hits our frame of 6800000
10-31 13:10:40.241 1283 2955 V MediaCodec: -- Looking at startdata. presentation 1441000, start 50147728625
10-31 13:10:40.241 1283 2955 V MediaCodec: -- match entry for 1441000, hits our frame of 1441000
10-31 13:10:40.241 1283 2952 V AudioSink: getPlayedOutDurationUs(1021221) nowUs(50159129) frames(48720) framesAt(50152908)
10-31 13:10:40.241 1283 2955 V MediaCodec: -- Looking at startdata. presentation 1462000, start 50150995240
10-31 13:10:40.241 1283 2955 V MediaCodec: -- match entry for 1462000, hits our frame of 1462000
10-31 13:10:40.243 2553 3201 I QCC:PeriodicCI: -- Waiting for WiFi for up to 172800seconds
10-31 13:10:40.246 3125 3125 V GraphicsEnvironment: ANGLE GameManagerService for com.qualcomm.qti.qccnetstat: false
10-31 13:10:40.246 1283 2955 V MediaCodec: -- Looking at startdata. presentation 1484000, start 50157438729
10-31 13:10:40.247 1283 2955 V MediaCodec: -- match entry for 1484000, hits our frame of 1484000
10-31 13:10:40.251 1283 1836 V MediaCodec: TunnelPeekState: BufferRendered -> BufferRendered
10-31 13:10:40.255 1112 2153 D ConnectivityService: requestNetwork for uid/pid:1000/2553 activeRequest: null callbackRequest: 28 [NetworkRequest [ REQUEST id=29, [ Capabilities: INTERNET&NOT_RESTRICTED&TRUSTED&NOT_VCN_MANAGED Uid: 1000 RequestorUid: 1000 RequestorPkg: com.qualcomm.qti.qdma] ]] callback flags: 0 priority: 2147483647
10-31 13:10:40.257 1283 2955 V MediaCodec: -- Looking at startdata. presentation 1505000, start 50162993573
10-31 13:10:40.257 1283 2955 V MediaCodec: -- match entry for 1505000, hits our frame of 1505000
10-31 13:10:40.257 1112 1940 D ConnectivityService: NetReassign [no changes]
10-31 13:10:40.259 1283 2955 V MediaCodec: -- Looking at startdata. presentation 1526000, start 50164681438
10-31 13:10:40.259 1112 1112 D BiometricScheduler/Fingerprint21: [Finishing] {[1] FingerprintUpdateActiveUserClient, proto=1, owner=android, cookie=0, requestId=-1, userId=0}, success: true
10-31 13:10:40.259 1283 2955 V MediaCodec: -- match entry for 1526000, hits our frame of 1526000
10-31 13:10:40.259 3125 3125 D NetworkSecurityConfig: Using Network Security Config from resource network_security_config debugBuild: false
10-31 13:10:40.259 1112 1112 D BiometricScheduler/Fingerprint21: [Polled] {[2] FingerprintInternalCleanupClient, proto=7, owner=android, cookie=0, requestId=-1, userId=0}, State: 0
10-31 13:10:40.259 1112 1112 D BiometricScheduler/Fingerprint21: [Starting] {[2] FingerprintInternalCleanupClient, proto=7, owner=android, cookie=0, requestId=-1, userId=0}, State: 0
10-31 13:10:40.260 1112 2033 D Ethernet: got request NetworkRequest [ REQUEST id=29, [ Capabilities: INTERNET&NOT_RESTRICTED&TRUSTED&NOT_VCN_MANAGED Uid: 1000 RequestorUid: 1000 RequestorPkg: com.qualcomm.qti.qdma] ]
10-31 13:10:40.260 1112 1112 D BiometricScheduler/Fingerprint21: [Started] {[2] FingerprintInternalCleanupClient, proto=7, owner=android, cookie=0, requestId=-1, userId=0}
10-31 13:10:40.260 1112 2033 D EthernetNetworkFactory: acceptRequest, request: NetworkRequest [ REQUEST id=29, [ Capabilities: INTERNET&NOT_RESTRICTED&TRUSTED&NOT_VCN_MANAGED Uid: 1000 RequestorUid: 1000 RequestorPkg: com.qualcomm.qti.qdma] ]
10-31 13:10:40.260 1112 1112 D Biometrics/InternalCleanupClient: Starting enumerate: {[3] FingerprintInternalEnumerateClient, proto=6, owner=android, cookie=0, requestId=-1, userId=0}
10-31 13:10:40.260 1112 2033 I EthernetNetworkFactory: networkForRequest, request: NetworkRequest [ REQUEST id=29, [ Capabilities: INTERNET&NOT_RESTRICTED&TRUSTED&NOT_VCN_MANAGED Uid: 1000 RequestorUid: 1000 RequestorPkg: com.qualcomm.qti.qdma] ], network: null
10-31 13:10:40.260 1486 1486 I QFP : notifyPowerState: 2
10-31 13:10:40.260 3125 3125 D NetworkSecurityConfig: Using Network Security Config from resource network_security_config debugBuild: false
10-31 13:10:40.260 1486 1486 I QFP : notifyPowerState: 2
10-31 13:10:40.260 1486 1486 I QFP : notifyPowerState: 2
10-31 13:10:40.260 1486 1486 I QFP : notifyPowerState: screen state 2
10-31 13:10:40.261 1283 2955 V MediaCodec: -- Looking at startdata. presentation 1548000, start 50170394563
10-31 13:10:40.261 1112 1112 D MediaSessionService: Media button session is changed to com.android.systemui/MediaSession (userId=0)
10-31 13:10:40.261 1283 2955 V MediaCodec: -- match entry for 1548000, hits our frame of 1548000
10-31 13:10:40.261 1283 2955 V MediaCodec: -- Looking at startdata. presentation 1569000, start 50173747427
10-31 13:10:40.261 1283 2955 V MediaCodec: -- match entry for 1569000, hits our frame of 1569000
10-31 13:10:40.262 1283 2952 V AudioSink: getPlayedOutDurationUs(1042526) nowUs(50180418) frames(49680) framesAt(50172892)
10-31 13:10:40.262 2065 2800 W Avrcp_ext: onMediaKeyEventSessionChanged(Token): Addressed Player changed to a player we didn't have a session for
10-31 13:10:40.263 2065 2800 W Avrcp_ext: playState object null, sending STOPPED
10-31 13:10:40.263 2065 2800 V Avrcp_ext: isBrowseSupported for com.android.systemui: false
10-31 13:10:40.264 1112 1112 V NotificationAssistants: 0 notification assistant service connected: ComponentInfo{android.ext.services/android.ext.services.notification.Assistant}
10-31 13:10:40.264 1112 1112 I AS.BtHelper: In onServiceConnected(), profile: 1, proxy: android.bluetooth.BluetoothHeadset@a856b44
10-31 13:10:40.264 1283 2955 V MediaCodec: -- Looking at startdata. presentation 1569000, start 50179102844
10-31 13:10:40.264 1283 2955 V MediaCodec: -- match entry for 1569000, hits our frame of 1569000
10-31 13:10:40.264 1112 1112 I Telecom : BluetoothDeviceManager: Got BluetoothHeadset: com.android.server.telecom.BluetoothHeadsetProxy@23fd62: BMSL.oSC@AAs
10-31 13:10:40.265 1112 1112 W Looper : Drained
10-31 13:10:40.266 2882 2900 I adbd : jdwp connection from 3231
10-31 13:10:40.269 2591 2591 E GameMode_ActivityMonitoringService: sInstance is null!
10-31 13:10:40.270 2591 2591 W System.err: java.lang.NullPointerException: Attempt to read from field 'java.lang.String com.thundercomm.gamemode.ingame.services.ActivityMonitoringService.CurrTopPackageName' on a null object reference
10-31 13:10:40.270 2591 2591 W System.err: at com.thundercomm.gamemode.ingame.services.GameModeNotificationListenerService.onNotificationPosted(GameModeNotificationListenerService.java:69)
10-31 13:10:40.270 2591 2591 W System.err: at android.service.notification.NotificationListenerService.onNotificationPosted(NotificationListenerService.java:444)
10-31 13:10:40.270 2591 2591 W System.err: at android.service.notification.NotificationListenerService$MyHandler.handleMessage(NotificationListenerService.java:2305)
10-31 13:10:40.271 2591 2591 W System.err: at android.os.Handler.dispatchMessage(Handler.java:106)
10-31 13:10:40.271 2591 2591 W System.err: at android.os.Looper.loopOnce(Looper.java:201)
10-31 13:10:40.271 2591 2591 W System.err: at android.os.Looper.loop(Looper.java:288)
10-31 13:10:40.271 2591 2591 W System.err: at android.app.ActivityThread.main(ActivityThread.java:7880)
10-31 13:10:40.271 2591 2591 W System.err: at java.lang.reflect.Method.invoke(Native Method)
10-31 13:10:40.271 2591 2591 W System.err: at com.android.internal.os.RuntimeInit$MethodAndArgsCaller.run(RuntimeInit.java:548)
10-31 13:10:40.272 2591 2591 W System.err: at com.android.internal.os.ZygoteInit.main(ZygoteInit.java:1009)
10-31 13:10:40.274 1486 3257 I QFP : Initializing QFP framework, container 0 handle 0
10-31 13:10:40.274 1486 3257 I QFP : getPersistPropVal: persist.vendor.qfp.qbt_fd_name = /dev/qbt_fd (default /dev/qbt_fd)
10-31 13:10:40.274 1486 3257 I QFP : getPersistPropVal: persist.vendor.qfp.qbt_ipc_name = /dev/qbt_ipc (default /dev/qbt_ipc)
10-31 13:10:40.274 1486 3257 E QFP : Dropping unsupported QBT command
10-31 13:10:40.276 3208 3208 I service_manager_slow: [31,activity]
10-31 13:10:40.276 1486 3257 D QSEECOMAPI: QSEECom_get_handle sb_length = 0x40000
10-31 13:10:40.277 1486 3257 D QSEECOMAPI: App is not loaded in QSEE
10-31 13:10:40.277 1486 3257 D QSEECOMAPI: app_arch = 2, total_files = 9
10-31 13:10:40.277 1486 3257 E ion : ioctl c0044901 failed with code -1: Inappropriate ioctl for device
10-31 13:10:40.278 1112 1968 I AS.BtHelper: setBtScoActiveDevice: (null) -> (null)
10-31 13:10:40.278 1112 1968 I AS.BtHelper: In checkScoAudioState(), mScoAudioState: 0
10-31 13:10:40.279 2553 2553 I QCC:ActiveCareService: ActiveCareService onDestroy
10-31 13:10:40.281 3231 3231 D ProcessState: Binder ioctl to enable oneway spam detection failed: Invalid argument
10-31 13:10:40.281 1283 1836 V MediaCodec: TunnelPeekState: BufferRendered -> BufferRendered
10-31 13:10:40.282 1283 2955 V MediaCodec: -- Looking at startdata. presentation 1609000, start 50181703729
10-31 13:10:40.283 1283 2955 V MediaCodec: -- match entry for 1609000, hits our frame of 1609000
10-31 13:10:40.283 1112 2153 I am_proc_bound: [0,3208,com.android.keychain]
10-31 13:10:40.283 1283 2955 V MediaCodec: -- Looking at startdata. presentation 1629000, start 50195275240
10-31 13:10:40.283 1283 2955 V MediaCodec: -- match entry for 1629000, hits our frame of 1629000
10-31 13:10:40.284 1283 2952 V AudioSink: getPlayedOutDurationUs(1064033) nowUs(50201898) frames(50640) framesAt(50192865)
10-31 13:10:40.284 1283 2889 V NuPlayer: kWhatMediaClockNotify
10-31 13:10:40.284 1283 2889 V NuPlayerDriver: notifyListener_l(0xf0941870), (211, 0, 0, 20), loop setting(0, 0)
10-31 13:10:40.284 1283 2889 V MediaPlayerService: [2] notify (211, 0, 0)
10-31 13:10:40.285 2079 2108 V MediaPlayerNative: message received msg=211, ext1=0, ext2=0
10-31 13:10:40.285 3125 3125 I QCC-Netstat: qccnetstat initiated
10-31 13:10:40.285 2079 2108 V MediaPlayerNative: unrecognized message: (211, 0, 0)
10-31 13:10:40.285 2079 2108 V MediaPlayerNative: callback application
10-31 13:10:40.285 2079 2108 V MediaPlayerNative: back from callback
10-31 13:10:40.286 1430 1460 D LOWI-9.0.0.87.a: [LOWINetlinkSocketReceiver] unpackRTMLinkMessage: RTM_NEWLINK - ifname vlan0, flags 0x1003 ([UP])
10-31 13:10:40.287 1112 2153 D CompatibilityInfo: mCompatibilityFlags - 4
10-31 13:10:40.287 1112 2153 D CompatibilityInfo: applicationDensity - 240
