01-01 09:54:32.633 0 0 I can : controller area network core (rev 20170425 abi 9)
01-01 09:54:32.640 0 0 I NET : Registered protocol family 29
01-01 09:54:32.645 0 0 I can : raw protocol (rev 20170425)
01-01 09:54:32.649 0 0 I can : broadcast manager protocol (rev 20170425 t)
01-01 09:54:32.655 0 0 I can : netlink gateway (rev 20170425) max_hops=1
01-01 09:54:32.661 0 0 I l2tp_core: L2TP core driver, V2.0
01-01 09:54:32.666 0 0 I l2tp_ppp: PPPoL2TP kernel driver, V2.0
01-01 09:54:32.670 0 0 I l2tp_ip : L2TP IP encapsulation support (L2TPv3)
01-01 09:54:32.676 0 0 I l2tp_netlink: L2TP netlink interface
01-01 09:54:32.681 0 0 I l2tp_eth: L2TP ethernet pseudowire support (L2TPv3)
01-01 09:54:32.687 0 0 I l2tp_debugfs: L2TP debugfs support
01-01 09:54:32.692 0 0 I l2tp_ip6: L2TP IP encapsulation support for IPv6 (L2TPv3)
01-01 09:54:32.699 0 0 I 8021q : 802.1Q VLAN Support v1.8
01-01 09:54:32.704 0 0 I sctp : Hash tables configured (bind 32/46)
01-01 09:54:32.710 0 0 I : Key type dns_resolver registered
01-01 09:54:32.716 0 0 E register_client_adhoc: find path.src 1 dest 589
01-01 09:54:32.716 0 0 E register_client_adhoc: Failed to find path.src 1 dest 589
01-01 09:54:32.724 0 0 E : minidump-id not found for npu
01-01 09:54:32.735 0 0 I subsys-pil-tz 9800000.qcom,npu: for npu segments only will be dumped.
01-01 09:54:32.743 0 0 I subsys-pil-tz 9800000.qcom,npu: for md_npu segments only will be dumped.
01-01 09:54:32.755 0 0 I platform 3d6a000.qcom,gmu: Linked as a consumer to regulator.69
01-01 09:54:32.762 0 0 I platform 3d6a000.qcom,gmu: Linked as a consumer to regulator.70
01-01 09:54:32.771 0 0 I platform 3d6a000.qcom,gmu: gmu_user: Linked as a consumer to 3da0000.kgsl-smmu
01-01 09:54:32.780 0 0 I iommu : Adding device 3d6a000.qcom,gmu:gmu_user to group 31
01-01 09:54:32.788 0 0 W NPU_WARN: npu_bridge_mbox_work: 1216 NPU fw is not loaded
01-01 09:54:32.795 0 0 I platform 3d6a000.qcom,gmu: gmu_kernel: Linked as a consumer to 3da0000.kgsl-smmu
01-01 09:54:32.804 0 0 I iommu : Adding device 3d6a000.qcom,gmu:gmu_kernel to group 32
01-01 09:54:32.813 0 0 E register_client_adhoc: find path.src 26 dest 512
01-01 09:54:32.814 0 0 E register_client_adhoc: Client handle 50 grp3d
01-01 09:54:32.819 0 0 E register_client_adhoc: find path.src 26 dest 10036
01-01 09:54:32.826 0 0 E register_client_adhoc: Client handle 52 cnoc
01-01 09:54:32.832 0 0 E query_client_usecase_all: query_start
01-01 09:54:32.837 0 0 E query_client_usecase_all: query_start
01-01 09:54:32.843 0 0 I kgsl-3d 3d00000.qcom,kgsl-3d0: Linked as a consumer to regulator.69
01-01 09:54:32.854 0 0 E i2c_geni 980000.i2c: i2c error :-107
01-01 09:54:32.855 0 0 I kgsl-3d 3d00000.qcom,kgsl-3d0: Linked as a consumer to regulator.70
01-01 09:54:32.860 0 0 E : [MAX975X:max96755g_write_bytes] *ERROR* i2c master send 0x8E err
01-01 09:54:32.869 0 0 I platform 3da0000.qcom,kgsl-iommu: gfx3d_user: Linked as a consumer to 3da0000.kgsl-smmu
01-01 09:54:32.886 0 0 I iommu : Adding device 3da0000.qcom,kgsl-iommu:gfx3d_user to group 33
01-01 09:54:32.895 0 0 I platform 3da0000.qcom,kgsl-iommu: gfx3d_secure: Linked as a consumer to 3da0000.kgsl-smmu
01-01 09:54:32.904 0 0 I iommu : Adding device 3da0000.qcom,kgsl-iommu:gfx3d_secure to group 34
01-01 09:54:32.918 0 0 I qcom_rpmh DRV: apps_rsc TCS Busy, retrying RPMH message send: addr=0x41b08
01-01 09:54:32.985 0 0 E register_client_adhoc: find path.src 1 dest 589
01-01 09:54:32.985 0 0 E register_client_adhoc: Failed to find path.src 1 dest 589
01-01 09:54:32.991 0 0 I core_ctl: Creating CPU group 0
01-01 09:54:33.002 0 0 I core_ctl: Init CPU0 state
01-01 09:54:33.006 0 0 I core_ctl: Init CPU1 state
01-01 09:54:33.010 0 0 I core_ctl: Init CPU2 state
01-01 09:54:33.014 0 0 I core_ctl: Init CPU3 state
01-01 09:54:33.018 0 0 I core_ctl: Creating CPU group 4
01-01 09:54:33.023 0 0 I core_ctl: Init CPU4 state
01-01 09:54:33.026 0 0 I core_ctl: Init CPU5 state
01-01 09:54:33.030 0 0 I core_ctl: Init CPU6 state
01-01 09:54:33.035 0 0 I core_ctl: Creating CPU group 7
01-01 09:54:33.039 0 0 I core_ctl: Init CPU7 state
01-01 09:54:33.045 0 0 I : registered taskstats version 1
01-01 09:54:33.049 0 0 I : Loading compiled-in X.509 certificates
01-01 09:54:33.057 0 0 I : Key type ._fscrypt registered
01-01 09:54:33.061 0 0 I : Key type .fscrypt registered
01-01 09:54:33.065 0 0 I : Key type fscrypt-provisioning registered
01-01 09:54:33.071 0 0 I pstore : Using compression: deflate
01-01 09:54:33.090 0 0 E : Please check if `measure` clk is registered.
01-01 09:54:33.183 0 0 I spss_utils [spss_parse_dt]: iar_buf_addr [0x8bef0000].
01-01 09:54:33.190 0 0 I spss_utils [spss_probe]: Initialization completed ok, firmware_name [spss2p].
01-01 09:54:33.207 0 0 I fastrpc soc: qcom,msm-adsprpc-mem: for adsp_rh segments only will be dumped.
01-01 09:54:33.215 0 0 I adsprpc : init_secure_vmid_list: secure VMID = 22
01-01 09:54:33.221 0 0 I adsprpc : init_secure_vmid_list: secure VMID = 37
01-01 09:54:33.228 0 0 I adsprpc : fastrpc_probe: service location enabled for avs/audio (audio_pdr_adsprpc)
01-01 09:54:33.237 0 0 I adsprpc : fastrpc_probe: service location enabled for tms/servreg (sensors_pdr_adsprpc)
01-01 09:54:33.247 0 0 I fastrpc soc: qcom,msm_fastrpc:qcom,msm_fastrpc_compute_cb1: Linked as a consumer to 15000000.apps-smmu
01-01 09:54:33.258 0 0 I iommu : Adding device soc:qcom,msm_fastrpc:qcom,msm_fastrpc_compute_cb1 to group 35
01-01 09:54:33.268 0 0 I fastrpc soc: qcom,msm_fastrpc:qcom,msm_fastrpc_compute_cb2: Linked as a consumer to 15000000.apps-smmu
01-01 09:54:33.280 0 0 I iommu : Adding device soc:qcom,msm_fastrpc:qcom,msm_fastrpc_compute_cb2 to group 36
01-01 09:54:33.289 0 0 W : Error: swapper/0: fastrpc_cb_probe: failed to create debugfs global file
01-01 09:54:33.298 0 0 I fastrpc soc: qcom,msm_fastrpc:qcom,msm_fastrpc_compute_cb3: Linked as a consumer to 15000000.apps-smmu
01-01 09:54:33.309 0 0 I iommu : Adding device soc:qcom,msm_fastrpc:qcom,msm_fastrpc_compute_cb3 to group 37
01-01 09:54:33.318 0 0 W : Error: swapper/0: fastrpc_cb_probe: failed to create debugfs global file
01-01 09:54:33.327 0 0 I fastrpc soc: qcom,msm_fastrpc:qcom,msm_fastrpc_compute_cb4: Linked as a consumer to 15000000.apps-smmu
01-01 09:54:33.338 0 0 I iommu : Adding device soc:qcom,msm_fastrpc:qcom,msm_fastrpc_compute_cb4 to group 38
01-01 09:54:33.348 0 0 W : Error: swapper/0: fastrpc_cb_probe: failed to create debugfs global file
01-01 09:54:33.356 0 0 I fastrpc soc: qcom,msm_fastrpc:qcom,msm_fastrpc_compute_cb5: Linked as a consumer to 15000000.apps-smmu
01-01 09:54:33.368 0 0 I iommu : Adding device soc:qcom,msm_fastrpc:qcom,msm_fastrpc_compute_cb5 to group 39
01-01 09:54:33.377 0 0 W : Error: swapper/0: fastrpc_cb_probe: failed to create debugfs global file
01-01 09:54:33.386 0 0 I fastrpc soc: qcom,msm_fastrpc:qcom,msm_fastrpc_compute_cb6: Linked as a consumer to 15000000.apps-smmu
01-01 09:54:33.397 0 0 I iommu : Adding device soc:qcom,msm_fastrpc:qcom,msm_fastrpc_compute_cb6 to group 40
01-01 09:54:33.406 0 0 W : Error: swapper/0: fastrpc_cb_probe: failed to create debugfs global file
01-01 09:54:33.415 0 0 I fastrpc soc: qcom,msm_fastrpc:qcom,msm_fastrpc_compute_cb7: Linked as a consumer to 15000000.apps-smmu
01-01 09:54:33.427 0 0 I iommu : Adding device soc:qcom,msm_fastrpc:qcom,msm_fastrpc_compute_cb7 to group 41
01-01 09:54:33.436 0 0 W : Error: swapper/0: fastrpc_cb_probe: failed to create debugfs global file
01-01 09:54:33.444 0 0 I fastrpc soc: qcom,msm_fastrpc:qcom,msm_fastrpc_compute_cb8: Linked as a consumer to 15000000.apps-smmu
01-01 09:54:33.456 0 0 I iommu : Adding device soc:qcom,msm_fastrpc:qcom,msm_fastrpc_compute_cb8 to group 42
01-01 09:54:33.465 0 0 W : Error: swapper/0: fastrpc_cb_probe: failed to create debugfs global file
01-01 09:54:33.474 0 0 I fastrpc soc: qcom,msm_fastrpc:qcom,msm_fastrpc_compute_cb9: Linked as a consumer to 15000000.apps-smmu
01-01 09:54:33.486 0 0 I iommu : Adding device soc:qcom,msm_fastrpc:qcom,msm_fastrpc_compute_cb9 to group 43
01-01 09:54:33.495 0 0 W : Error: swapper/0: fastrpc_cb_probe: failed to create debugfs global file
01-01 09:54:33.504 0 0 I fastrpc soc: qcom,msm_fastrpc:qcom,msm_fastrpc_compute_cb10: Linked as a consumer to 15000000.apps-smmu
01-01 09:54:33.515 0 0 I iommu : Adding device soc:qcom,msm_fastrpc:qcom,msm_fastrpc_compute_cb10 to group 44
01-01 09:54:33.525 0 0 W : Error: swapper/0: fastrpc_cb_probe: failed to create debugfs global file
01-01 09:54:33.533 0 0 I fastrpc soc: qcom,msm_fastrpc:qcom,msm_fastrpc_compute_cb11: Linked as a consumer to 15000000.apps-smmu
01-01 09:54:33.545 0 0 I iommu : Adding device soc:qcom,msm_fastrpc:qcom,msm_fastrpc_compute_cb11 to group 45
01-01 09:54:33.554 0 0 W : Error: swapper/0: fastrpc_cb_probe: failed to create debugfs global file
01-01 09:54:33.563 0 0 I fastrpc soc: qcom,msm_fastrpc:qcom,msm_fastrpc_compute_cb12: Linked as a consumer to 15000000.apps-smmu
01-01 09:54:33.574 0 0 I iommu : Adding device soc:qcom,msm_fastrpc:qcom,msm_fastrpc_compute_cb12 to group 46
01-01 09:54:33.584 0 0 W : Error: swapper/0: fastrpc_cb_probe: failed to create debugfs global file
01-01 09:54:33.593 0 0 I fastrpc soc: qcom,msm_fastrpc:qcom,msm_fastrpc_compute_cb13: Linked as a consumer to 15000000.apps-smmu
01-01 09:54:33.604 0 0 I iommu : Adding device soc:qcom,msm_fastrpc:qcom,msm_fastrpc_compute_cb13 to group 47
01-01 09:54:33.614 0 0 W : Error: swapper/0: fastrpc_cb_probe: failed to create debugfs global file
01-01 09:54:33.622 0 0 I fastrpc soc: qcom,msm_fastrpc:qcom,msm_fastrpc_compute_cb14: Linked as a consumer to 15000000.apps-smmu
01-01 09:54:33.634 0 0 I iommu : Adding device soc:qcom,msm_fastrpc:qcom,msm_fastrpc_compute_cb14 to group 48
01-01 09:54:33.644 0 0 W : Error: swapper/0: fastrpc_cb_probe: failed to create debugfs global file
01-01 09:54:33.652 0 0 I fastrpc soc: qcom,msm_fastrpc:qcom,msm_fastrpc_compute_cb15: Linked as a consumer to 15000000.apps-smmu
01-01 09:54:33.664 0 0 I iommu : Adding device soc:qcom,msm_fastrpc:qcom,msm_fastrpc_compute_cb15 to group 49
01-01 09:54:33.673 0 0 W : Error: swapper/0: fastrpc_cb_probe: failed to create debugfs global file
01-01 09:54:33.682 0 0 I adsprpc : fastrpc_device_init: SSR notifier registered for adsp
01-01 09:54:33.689 0 0 I adsprpc : fastrpc_device_init: SSR notifier registered for modem
01-01 09:54:33.697 0 0 I adsprpc : fastrpc_device_init: SSR notifier registered for slpi
01-01 09:54:33.704 0 0 I adsprpc : fastrpc_device_init: SSR notifier registered for cdsp
01-01 09:54:33.711 0 0 E register_client_adhoc: find path.src 1 dest 589
01-01 09:54:33.712 0 0 E register_client_adhoc: Failed to find path.src 1 dest 589
01-01 09:54:33.719 0 0 E register_client_adhoc: find path.src 1 dest 589
01-01 09:54:33.726 0 0 E register_client_adhoc: Failed to find path.src 1 dest 589
01-01 09:54:33.732 0 0 I ngd_msm_ctrl 3ac0000.slim: Linked as a consumer to 15000000.apps-smmu
01-01 09:54:33.747 0 0 I iommu : Adding device 3ac0000.slim to group 50
01-01 09:54:33.757 0 0 E register_client_adhoc: find path.src 1 dest 589
01-01 09:54:33.757 0 0 E register_client_adhoc: Failed to find path.src 1 dest 589
01-01 09:54:33.761 0 0 I input : gpio-keys as /devices/platform/soc/soc:gpio_keys/input/input2
01-01 09:54:33.778 0 0 E register_client_adhoc: find path.src 1 dest 589
01-01 09:54:33.778 0 0 E register_client_adhoc: Failed to find path.src 1 dest 589
01-01 09:54:33.780 0 0 E : [NVT-ts] nvt_driver_init 1962: start
01-01 09:54:33.795 0 0 E : [NVT-ts] nvt_driver_init 1970: finished
01-01 09:54:33.801 0 0 E register_client_adhoc: find path.src 1 dest 589
01-01 09:54:33.802 0 0 E register_client_adhoc: Failed to find path.src 1 dest 589
01-01 09:54:33.814 0 0 E register_client_adhoc: find path.src 1 dest 589
01-01 09:54:33.821 0 0 E register_client_adhoc: Failed to find path.src 1 dest 589
01-01 09:54:33.821 0 0 I : rmnet_ipa3 started initialization
01-01 09:54:33.828 0 0 E register_client_adhoc: find path.src 1 dest 589
01-01 09:54:33.828 0 0 E register_client_adhoc: Failed to find path.src 1 dest 589
01-01 09:54:33.835 0 0 I : RNDIS_IPA module is loaded.
01-01 09:54:33.839 0 0 E register_client_adhoc: find path.src 1 dest 589
01-01 09:54:33.839 0 0 E register_client_adhoc: Failed to find path.src 1 dest 589
01-01 09:54:33.844 0 0 E : [drm:dp_display_init_aux_switch][msm-dp-err][1 ]failed to register notifier (-22)
01-01 09:54:33.876 0 0 I : msm notifier probed successfully
01-01 09:54:33.882 0 0 E register_client_adhoc: find path.src 1 dest 589
01-01 09:54:33.882 0 0 E register_client_adhoc: Failed to find path.src 1 dest 589
01-01 09:54:33.888 0 0 E : [drm:dp_display_init_aux_switch][msm-dp-err][70 ]failed to register notifier (-22)
01-01 09:54:33.889 0 0 I cfg80211: Loading compiled-in X.509 certificates for regulatory database
01-01 09:54:33.915 0 0 I : cryptomgr_probe (442) used greatest stack depth: 13400 bytes left
01-01 09:54:33.915 0 0 I cfg80211: Loaded X.509 cert 'sforshee: 00b28ddf47aef9cea7'
01-01 09:54:33.932 0 0 E msm_bus_late_init: Remove handoff bw requests
01-01 09:54:33.939 0 0 I regulator_proxy_consumer_remove_all: removing regulator proxy consumer requests
01-01 09:54:33.949 0 0 I : ALSA device list:
01-01 09:54:33.953 0 0 I : No soundcards found.
01-01 09:54:33.975 0 0 I : Freeing unused kernel memory: 9152K
01-01 09:54:33.980 0 0 I : Run /init as init process
01-01 09:54:33.989 0 0 I init : init first stage started!
01-01 09:54:33.994 0 0 I init : Unable to open /lib/modules, skipping module loading.
01-01 09:54:34.002 0 0 I init : [libfs_mgr]dt_fstab: Skip disabled entry for partition vendor
01-01 09:54:34.009 0 0 I init : [libfs_mgr]ReadFstabFromDt(): failed to read fstab from dt
01-01 09:54:34.017 0 0 I init : [libfs_mgr]dt_fstab: Skip disabled entry for partition vendor
01-01 09:54:34.026 0 0 W init : [libfs_mgr]Warning: unknown flag: resize
01-01 09:54:34.032 0 0 I init : Using Android DT directory /proc/device-tree/firmware/android/
01-01 09:54:34.239 0 0 I init : [libfs_mgr]superblock s_max_mnt_count:65535,/dev/block/by-name/metadata
01-01 09:54:34.247 0 0 I init : [libfs_mgr]check_fs(): mount(/dev/block/by-name/metadata,/metadata,ext4)=-1: No such file or directory
01-01 09:54:34.258 0 0 I init : [libfs_mgr]Running /system/bin/e2fsck on /dev/block/sda11
01-01 09:54:34.281 0 0 I e2fsck : e2fsck 1.45.4 (23-Sep-2019)
01-01 09:54:34.297 0 0 I e2fsck : Pass 1: Checking inodes, blocks, and sizes
01-01 09:54:34.305 0 0 I e2fsck : Pass 2: Checking directory structure
01-01 09:54:34.311 0 0 I e2fsck : Pass 3: Checking directory connectivity
01-01 09:54:34.317 0 0 I e2fsck : Pass 4: Checking reference counts
01-01 09:54:34.322 0 0 I e2fsck : Pass 5: Checking group summary information
01-01 09:54:34.324 0 0 I : e2fsck (444) used greatest stack depth: 11624 bytes left
01-01 09:54:34.328 0 0 I e2fsck : /dev/block/by-name/metadata: 39/4096 files (0.0% non-contiguous), 1204/4096 blocks
01-01 09:54:34.351 0 0 I EXT4-fs (sda11): mounted filesystem with ordered data mode. Opts: discard
01-01 09:54:34.398 0 0 I EXT4-fs (dm-2): mounted filesystem without journal. Opts: barrier=1,discard
01-01 09:54:34.422 0 0 I EXT4-fs (dm-3): mounted filesystem without journal. Opts: barrier=1,discard
01-01 09:54:34.437 0 0 I EXT4-fs (dm-1): mounted filesystem without journal. Opts: barrier=1,discard
01-01 09:54:34.455 0 0 I EXT4-fs (dm-4): mounted filesystem without journal. Opts: barrier=1,discard
01-01 09:54:34.470 0 0 I EXT4-fs (dm-0): mounted filesystem without journal. Opts: barrier=1,discard
01-01 09:54:34.675 0 0 E i2c_geni 980000.i2c: i2c error :-107
01-01 09:54:34.680 0 0 E : [MAX975X:max96755g_write_bytes] *ERROR* i2c master send 0x8E err
01-01 09:54:35.145 0 0 I fsck.f2fs: executing /system/bin/fsck.f2fs failed: No such file or directory
01-01 09:54:35.148 0 0 I : init (458) used greatest stack depth: 10840 bytes left
01-01 09:54:35.152 0 0 I fsck.f2fs: fsck.f2fs terminated by exit(255)
01-01 09:54:35.269 0 0 I F2FS-fs (dm-5): recover fsync data on readonly fs
01-01 09:54:35.277 0 0 I F2FS-fs (dm-5): Mounted with checkpoint version = 9267590
01-01 09:54:35.310 0 0 I fsck.f2fs: executing /system/bin/fsck.f2fs failed: No such file or directory
01-01 09:54:35.414 0 0 I F2FS-fs (dm-5): Mounted with checkpoint version = 9267590
01-01 09:54:35.448 0 0 W init : 1 output lines suppressed due to ratelimiting
01-01 09:54:35.455 0 0 W init : 50 output lines suppressed due to ratelimiting
01-01 09:54:35.592 0 0 I init : [libfs_mgr]dt_fstab: Skip disabled entry for partition vendor
01-01 09:54:35.600 0 0 I init : [libfs_mgr]GetFstabPath()fstab_path:/odm/etc/fstab.default
01-01 09:54:35.609 0 0 I init : [libfs_mgr]GetFstabPath()fstab_path:/vendor/etc/fstab.default
01-01 09:54:35.619 0 0 I init : [libfs_mgr]GetFstabPath()fstab_path:/system/etc/fstab.default
01-01 09:54:35.626 0 0 I init : [libfs_mgr]GetFstabPath()fstab_path:/first_stage_ramdisk/system/etc/fstab.default
01-01 09:54:35.636 0 0 I init : [libfs_mgr]GetFstabPath()fstab_path:/fstab.default
01-01 09:54:35.642 0 0 I init : [libfs_mgr]GetFstabPath()fstab_path:/first_stage_ramdisk/fstab.default
01-01 09:54:35.651 0 0 I init : [libfs_mgr]GetFstabPath()fstab_path:/odm/etc/fstab.qcom
01-01 09:54:35.658 0 0 I init : [libfs_mgr]GetFstabPath()fstab_path:/vendor/etc/fstab.qcom
01-01 09:54:35.668 0 0 I init : [libfs_mgr]GetFstabPath()fstab_path.c_str():/vendor/etc/fstab.qcom
01-01 09:54:36.499 0 0 E i2c_geni 980000.i2c: i2c error :-107
01-01 09:54:36.504 0 0 E : [MAX975X:max96755g_write_bytes] *ERROR* i2c master send 0x8E err
01-01 09:54:37.495 0 0 I SELinux : policy capability network_peer_controls=1
01-01 09:54:37.509 0 0 I SELinux : policy capability open_perms=1
01-01 09:54:37.514 0 0 I SELinux : policy capability extended_socket_class=1
01-01 09:54:37.520 0 0 I SELinux : policy capability always_check_network=0
01-01 09:54:37.526 0 0 I SELinux : policy capability cgroup_seclabel=0
01-01 09:54:37.532 0 0 I SELinux : policy capability nnp_nosuid_transition=1
01-01 09:54:37.879 496 496 I auditd : type=1403 audit(0.0:2): auid=4294967295 ses=4294967295 lsm=selinux res=1
01-01 09:54:37.883 496 496 I auditd : type=1404 audit(0.0:3): enforcing=1 old_enforcing=0 auid=4294967295 ses=4294967295 enabled=1 old-enabled=1 lsm=selinux res=1
01-01 09:54:37.910 0 0 W init : 8 output lines suppressed due to ratelimiting
01-01 09:54:37.942 0 0 I init : init second stage started!
01-01 09:54:38.022 0 0 I init : Using Android DT directory /proc/device-tree/firmware/android/
01-01 09:54:38.039 0 0 W init : Overriding previous property 'persist.sys.usb.config':'adb' with new value 'none'
01-01 09:54:38.053 0 0 E init : Do not have permissions to set 'persist.backup.ntpServer' to '0.pool.ntp.org' in property file '/vendor/build.prop': SELinux permission check failed
01-01 09:54:38.068 0 0 W init : Overriding previous property 'dalvik.vm.heapsize':'36m' with new value '512m'
01-01 09:54:38.078 0 0 E init : Do not have permissions to set 'persist.vendor.bt.a2dp_offload_cap' to 'sbc-aptx-aptxtws-aptxhd-aac-ldac' in property file '/vendor/build.prop': SELinux permission check failed
01-01 09:54:38.096 0 0 E init : Do not have permissions to set 'vendor.mm.enable.qcom_parser' to '16777215' in property file '/vendor/build.prop': SELinux permission check failed
01-01 09:54:38.112 0 0 E init : Do not have permissions to set 'persist.demo.hdmirotationlock' to 'false' in property file '/vendor/build.prop': SELinux permission check failed
01-01 09:54:38.130 0 0 W init : Couldn't load property file '/vendor_dlkm/etc/build.prop': open() failed: No such file or directory: No such file or directory
01-01 09:54:38.145 0 0 W init : Couldn't load property file '/odm_dlkm/etc/build.prop': open() failed: No such file or directory: No such file or directory
01-01 09:54:38.235 1 1 I auditd : type=1107 audit(0.0:4): uid=0 auid=4294967295 ses=4294967295 subj=u:r:init:s0 msg='avc: denied { read } for property=persist.debug.trace pid=0 uid=0 gid=0 scontext=u:r:vendor_init:s0 tcontext=u:object_r:persist_debug_prop:s0 tclass=file permissive=0'
01-01 09:54:38.324 0 0 E i2c_geni 980000.i2c: i2c error :-107
01-01 09:54:38.329 0 0 E : [MAX975X:max96755g_write_bytes] *ERROR* i2c master send 0x8E err
01-01 09:54:38.588 0 0 I : linkerconfig (467) used greatest stack depth: 10288 bytes left
01-01 09:54:38.666 0 0 I ueventd : ueventd started!
01-01 09:54:38.673 0 0 I selinux : SELinux: Loaded file_contexts
01-01 09:54:38.678 0 0 I selinux :
01-01 09:54:38.681 0 0 I ueventd : Parsing file /system/etc/ueventd.rc...
01-01 09:54:38.688 0 0 I ueventd : Added '/vendor/etc/ueventd.rc' to import list
01-01 09:54:38.694 0 0 I ueventd : Added '/odm/etc/ueventd.rc' to import list
01-01 09:54:38.700 0 0 I ueventd : Parsing file /vendor/etc/ueventd.rc...
01-01 09:54:38.706 0 0 I ueventd : Unable to read config file '/vendor/etc/ueventd.rc': open() failed: No such file or directory
01-01 09:54:38.717 0 0 I ueventd : Parsing file /odm/etc/ueventd.rc...
01-01 09:54:38.722 0 0 I ueventd : Unable to read config file '/odm/etc/ueventd.rc': open() failed: No such file or directory
01-01 09:54:38.866 0 0 I : boringssl_self_ (470) used greatest stack depth: 9960 bytes left
01-01 09:54:38.951 1 1 I auditd : type=1400 audit(0.0:5): avc: denied { mounton } for comm="init" path="/sys/kernel/tracing" dev="tracefs" ino=1 scontext=u:r:init:s0 tcontext=u:object_r:debugfs_tracing_debug:s0 tclass=dir permissive=0
01-01 09:54:38.957 0 0 W is_dc_online: 15 callbacks suppressed
01-01 09:54:38.957 0 0 E HL6111R : is_dc_online: DC psy unavailable
01-01 09:54:38.987 0 0 E HL6111R : is_dc_online: DC psy unavailable
01-01 09:54:38.992 0 0 E HL6111R : is_dc_online: DC psy unavailable
01-01 09:54:38.998 0 0 E HL6111R : is_dc_online: DC psy unavailable
01-01 09:54:39.003 0 0 E HL6111R : is_dc_online: DC psy unavailable
01-01 09:54:39.008 0 0 E HL6111R : is_dc_online: DC psy unavailable
01-01 09:54:39.013 0 0 E HL6111R : is_dc_online: DC psy unavailable
01-01 09:54:39.019 0 0 E HL6111R : is_dc_online: DC psy unavailable
01-01 09:54:39.024 0 0 E HL6111R : is_dc_online: DC psy unavailable
01-01 09:54:39.029 0 0 E HL6111R : is_dc_online: DC psy unavailable
01-01 09:54:39.040 0 0 W msm_11ad soc: qcom,wil6210: GPIO not found, dc GPIO not used
01-01 09:54:39.048 0 0 W msm_11ad soc: qcom,wil6210: GPIO not found, enable GPIO not used
01-01 09:54:39.057 0 0 W msm_11ad soc: qcom,wil6210: GPIO not found, sleep clock not used
01-01 09:54:39.066 0 0 W msm_11ad soc: qcom,wil6210: soc:qcom,wil6210 supply vdd not found, using dummy regulator
01-01 09:54:39.076 0 0 I msm_11ad soc: qcom,wil6210: Linked as a consumer to regulator.0
01-01 09:54:39.083 0 0 I msm_11ad soc: qcom,wil6210: Linked as a consumer to regulator.8
01-01 09:54:39.090 0 0 I msm_11ad soc: qcom,wil6210: Linked as a consumer to regulator.26
01-01 09:54:39.098 0 0 E msm_pcie_enumerate: PCIe: RC1: has already been enumerated.
01-01 09:54:39.105 0 0 E msm_11ad soc: qcom,wil6210: Wigig device not found
01-01 09:54:39.111 0 0 I qcom_rpmh DRV: apps_rsc TCS Busy, retrying RPMH message send: addr=0x40104
01-01 09:54:39.120 0 0 I msm_11ad soc: qcom,wil6210: Dropping the link to regulator.26
01-01 09:54:39.127 0 0 I msm_11ad soc: qcom,wil6210: Dropping the link to regulator.0
01-01 09:54:39.134 0 0 I msm_11ad soc: qcom,wil6210: Dropping the link to regulator.8
01-01 09:54:39.199 0 0 W q6_pdr_dlkm: loading out-of-tree module taints kernel.
01-01 09:54:39.214 0 0 W apr_dlkm: no symbol version for snd_event_notify
01-01 09:54:39.225 0 0 E register_client_adhoc: find path.src 1 dest 589
01-01 09:54:39.225 0 0 E register_client_adhoc: Failed to find path.src 1 dest 589
01-01 09:54:39.232 0 0 E : [drm:dp_display_init_aux_switch][msm-dp-err][76 ]failed to register notifier (-22)
01-01 09:54:39.249 0 0 E register_client_adhoc: find path.src 1 dest 589
01-01 09:54:39.249 0 0 E register_client_adhoc: Failed to find path.src 1 dest 589
01-01 09:54:39.256 0 0 E : [drm:dp_display_init_aux_switch][msm-dp-err][76 ]failed to register notifier (-22)
01-01 09:54:39.275 0 0 W : **********************************************************
01-01 09:54:39.282 0 0 W : ** NOTICE NOTICE NOTICE NOTICE NOTICE NOTICE NOTICE **
01-01 09:54:39.289 0 0 W : ** **
01-01 09:54:39.295 0 0 W : ** trace_printk() being used. Allocating extra memory. **
01-01 09:54:39.302 0 0 W : ** **
01-01 09:54:39.309 0 0 W : ** This means that this is a DEBUG kernel and it is **
01-01 09:54:39.316 0 0 W : ** unsafe for production use. **
01-01 09:54:39.322 0 0 W : ** **
01-01 09:54:39.329 0 0 W : ** If you see this message and you are not debugging **
01-01 09:54:39.336 0 0 W : ** the kernel, report this immediately to your vendor! **
01-01 09:54:39.343 0 0 W : ** **
01-01 09:54:39.349 0 0 W : ** NOTICE NOTICE NOTICE NOTICE NOTICE NOTICE NOTICE **
01-01 09:54:39.356 0 0 W : **********************************************************
01-01 09:54:39.428 0 0 E register_client_adhoc: find path.src 1 dest 589
01-01 09:54:39.428 0 0 E register_client_adhoc: Failed to find path.src 1 dest 589
01-01 09:54:39.435 0 0 E : [drm:dp_display_init_aux_switch][msm-dp-err][77 ]failed to register notifier (-22)
01-01 09:54:39.502 0 0 E register_client_adhoc: find path.src 1 dest 589
01-01 09:54:39.502 0 0 E register_client_adhoc: Failed to find path.src 1 dest 589
01-01 09:54:39.509 0 0 E : [drm:dp_display_init_aux_switch][msm-dp-err][70 ]failed to register notifier (-22)
01-01 09:54:39.539 0 0 E register_client_adhoc: find path.src 1 dest 589
01-01 09:54:39.540 0 0 E register_client_adhoc: Failed to find path.src 1 dest 589
01-01 09:54:39.546 0 0 E : [drm:dp_display_init_aux_switch][msm-dp-err][70 ]failed to register notifier (-22)
01-01 09:54:39.563 0 0 E register_client_adhoc: find path.src 1 dest 589
01-01 09:54:39.563 0 0 E register_client_adhoc: Failed to find path.src 1 dest 589
01-01 09:54:39.570 0 0 E : [drm:dp_display_init_aux_switch][msm-dp-err][70 ]failed to register notifier (-22)
01-01 09:54:39.587 0 0 E register_client_adhoc: find path.src 1 dest 589
01-01 09:54:39.587 0 0 E register_client_adhoc: Failed to find path.src 1 dest 589
01-01 09:54:39.593 0 0 E : [drm:dp_display_init_aux_switch][msm-dp-err][70 ]failed to register notifier (-22)
01-01 09:54:39.610 0 0 E register_client_adhoc: find path.src 1 dest 589
01-01 09:54:39.610 0 0 E register_client_adhoc: Failed to find path.src 1 dest 589
01-01 09:54:39.617 0 0 E : [drm:dp_display_init_aux_switch][msm-dp-err][70 ]failed to register notifier (-22)
01-01 09:54:39.633 0 0 E register_client_adhoc: find path.src 1 dest 589
01-01 09:54:39.634 0 0 E register_client_adhoc: Failed to find path.src 1 dest 589
01-01 09:54:39.640 0 0 E : [drm:dp_display_init_aux_switch][msm-dp-err][70 ]failed to register notifier (-22)
01-01 09:54:39.658 0 0 E register_client_adhoc: find path.src 1 dest 589
01-01 09:54:39.658 0 0 E register_client_adhoc: Failed to find path.src 1 dest 589
01-01 09:54:39.686 0 0 E : [drm:dp_display_init_aux_switch][msm-dp-err][77 ]failed to register notifier (-22)
01-01 09:54:39.704 0 0 E register_client_adhoc: find path.src 1 dest 589
01-01 09:54:39.705 0 0 E register_client_adhoc: Failed to find path.src 1 dest 589
01-01 09:54:39.712 0 0 E : [drm:dp_display_init_aux_switch][msm-dp-err][77 ]failed to register notifier (-22)
01-01 09:54:39.714 0 0 E kona-pinctrl f000000.pinctrl: invalid function func2 in map table
01-01 09:54:39.735 0 0 E kona-pinctrl f000000.pinctrl: invalid function func2 in map table
01-01 09:54:39.743 0 0 E kona-pinctrl f000000.pinctrl: invalid function func2 in map table
01-01 09:54:39.745 0 0 E register_client_adhoc: find path.src 1 dest 589
01-01 09:54:39.745 0 0 E register_client_adhoc: Failed to find path.src 1 dest 589
01-01 09:54:39.750 0 0 E kona-pinctrl f000000.pinctrl: invalid function func2 in map table
01-01 09:54:39.770 0 0 E : [drm:dp_display_init_aux_switch][msm-dp-err][77 ]failed to register notifier (-22)
01-01 09:54:39.783 0 0 E register_client_adhoc: find path.src 1 dest 589
01-01 09:54:39.784 0 0 E register_client_adhoc: Failed to find path.src 1 dest 589
01-01 09:54:39.791 0 0 E : [drm:dp_display_init_aux_switch][msm-dp-err][77 ]failed to register notifier (-22)
01-01 09:54:39.838 0 0 E register_client_adhoc: find path.src 1 dest 589
01-01 09:54:39.838 0 0 E register_client_adhoc: Failed to find path.src 1 dest 589
01-01 09:54:39.846 0 0 E : [drm:dp_display_init_aux_switch][msm-dp-err][46 ]failed to register notifier (-22)
01-01 09:54:39.864 0 0 E register_client_adhoc: find path.src 1 dest 589
01-01 09:54:39.865 0 0 E register_client_adhoc: Failed to find path.src 1 dest 589
01-01 09:54:39.872 0 0 E : [drm:dp_display_init_aux_switch][msm-dp-err][46 ]failed to register notifier (-22)
01-01 09:54:40.110 0 0 E : Trying to create more than 6 SchedTune boosting groups
01-01 09:54:40.117 0 0 E : Trying to create more than 6 SchedTune boosting groups
01-01 09:54:40.147 0 0 E i2c_geni 980000.i2c: i2c error :-107
01-01 09:54:40.152 0 0 E : [MAX975X:max96755g_write_bytes] *ERROR* i2c master send 0x8E err
01-01 09:54:40.167 0 0 I : Registered swp emulation handler
01-01 09:54:40.251 0 0 I logd.auditd: start
01-01 09:54:40.277 498 498 I snet_event_log: [121035042,-1,]
01-01 09:54:40.281 498 498 I auditd : SELinux: Loaded service_contexts from:
01-01 09:54:40.281 498 498 I auditd : /system/etc/selinux/plat_service_contexts
01-01 09:54:40.281 498 498 I auditd : /system_ext/etc/selinux/system_ext_service_contexts
01-01 09:54:40.281 498 498 I auditd : /product/etc/selinux/product_service_contexts
01-01 09:54:40.282 498 498 I auditd : /vendor/etc/selinux/vendor_service_contexts
01-01 09:54:40.269 0 0 I binder : 498:498 ioctl 40046210 7fd801d554 returned -22
01-01 09:54:40.281 0 0 I binder : 499:499 ioctl 40046210 7fe5f8b634 returned -22
01-01 09:54:40.316 500 500 I snet_event_log: [121035042,-1,]
01-01 09:54:40.334 0 0 I binder : 497:497 ioctl 40046210 7fce915804 returned -22
01-01 09:54:40.517 0 0 I init : wait for '/dev/block/platform/soc/1d84000.ufshc' took 0ms
01-01 09:54:40.873 0 0 I : tsnv tsnv_init register TSNV Driver v0.01
01-01 09:54:40.881 0 0 I init : wait for '/dev/qseecom' took 0ms
01-01 09:54:40.961 0 0 I EXT4-fs (sda2): mounted filesystem with ordered data mode. Opts: barrier=1
01-01 09:54:40.973 0 0 E FAT-fs (sde51): bogus number of reserved sectors
01-01 09:54:40.979 0 0 I FAT-fs (sde51): Can't find a valid FAT filesystem --------- beginning of system
01-01 09:54:41.002 542 556 I QISL : QSEE Interrupt Service Listener Thread is started
01-01 09:54:41.005 542 556 I QISL : QSEE Interrupt Service Listener was activated successfully
01-01 09:54:41.006 542 542 D SPL : Call QSEECom_register_listener()
01-01 09:54:41.007 542 542 D SPL : Registered listener sucessfully!
01-01 09:54:41.007 542 542 D SPL : pipe read-fd [32] write-fd [33]
01-01 09:54:41.007 542 542 D SPL : Create thread
01-01 09:54:41.007 542 542 D SPL : Thread created sucessfully.
01-01 09:54:41.007 542 557 D SPL : spl_dispatch() started
01-01 09:54:41.007 542 557 D SPL : ==== Wait For Request ======
01-01 09:54:41.010 544 544 I vold : Vold 3.0 (the awakening) firing up
01-01 09:54:41.011 544 544 D vold : Detected support for: ext4 f2fs vfat
01-01 09:54:41.018 544 544 D vold : Found unmanaged dm device named system_ext_a
01-01 09:54:41.018 544 544 D vold : Found unmanaged dm device named odm_a
01-01 09:54:41.018 544 544 D vold : Found unmanaged dm device named system_a
01-01 09:54:41.018 544 544 D vold : Found unmanaged dm device named vendor_a
01-01 09:54:41.018 544 544 D vold : Found unmanaged dm device named scratch
01-01 09:54:41.018 544 544 D vold : Found unmanaged dm device named product_a
01-01 09:54:41.021 544 544 I vold : [libfs_mgr]dt_fstab: Skip disabled entry for partition vendor
01-01 09:54:41.021 544 544 I vold : [libfs_mgr]GetFstabPath()fstab_path:/odm/etc/fstab.default
01-01 09:54:41.021 544 544 I vold : [libfs_mgr]GetFstabPath()fstab_path:/vendor/etc/fstab.default
01-01 09:54:41.021 544 544 I vold : [libfs_mgr]GetFstabPath()fstab_path:/system/etc/fstab.default
01-01 09:54:41.021 544 544 I vold : [libfs_mgr]GetFstabPath()fstab_path:/first_stage_ramdisk/system/etc/fstab.default
01-01 09:54:41.021 544 544 I vold : [libfs_mgr]GetFstabPath()fstab_path:/fstab.default
01-01 09:54:41.021 544 544 I vold : [libfs_mgr]GetFstabPath()fstab_path:/first_stage_ramdisk/fstab.default
01-01 09:54:41.022 544 544 I vold : [libfs_mgr]GetFstabPath()fstab_path:/odm/etc/fstab.qcom
01-01 09:54:41.022 544 544 I vold : [libfs_mgr]GetFstabPath()fstab_path:/vendor/etc/fstab.qcom
01-01 09:54:41.022 544 544 I vold : [libfs_mgr]GetFstabPath()fstab_path.c_str():/vendor/etc/fstab.qcom
01-01 09:54:41.028 544 544 D vold : VoldNativeService::start() completed OK
01-01 09:54:41.018 0 0 I fsck_msdos: ** /dev/block/bootdevice/by-name/spunvm
01-01 09:54:41.024 0 0 I fsck_msdos: Can't open `/dev/block/bootdevice/by-name/spunvm'
01-01 09:54:41.027 0 0 I binder : 544:544 ioctl 40046210 7fe548a714 returned -22
01-01 09:54:41.027 0 0 I binder : 544:544 ioctl 40046210 7fe548a6b4 returned -22
01-01 09:54:41.011 554 554 I auditd : type=1400 audit(0.0:6): avc: denied { read write } for comm="fsck_msdos" name="sde51" dev="tmpfs" ino=7305 scontext=u:r:fsck:s0 tcontext=u:object_r:block_device:s0 tclass=blk_file permissive=0
01-01 09:54:41.050 0 0 I fsck_msdos: fsck_msdos terminated by exit(8)
01-01 09:54:41.011 554 554 I auditd : type=1400 audit(0.0:7): avc: denied { read } for comm="fsck_msdos" name="sde51" dev="tmpfs" ino=7305 scontext=u:r:fsck:s0 tcontext=u:object_r:block_device:s0 tclass=blk_file permissive=0
01-01 09:54:41.015 554 554 I auditd : type=1400 audit(0.0:8): avc: denied { kill } for comm="fsck_msdos" capability=5 scontext=u:r:fsck:s0 tcontext=u:r:fsck:s0 tclass=capability permissive=0
01-01 09:54:41.070 0 0 E FAT-fs (sde51): bogus number of reserved sectors
01-01 09:54:41.110 0 0 I FAT-fs (sde51): Can't find a valid FAT filesystem
01-01 09:54:41.134 0 0 I EXT4-fs (sde9): mounted filesystem with ordered data mode. Opts: barrier=1
01-01 09:54:41.187 566 566 I auditd : type=1400 audit(0.0:9): avc: denied { kill } for comm="fsck.f2fs" capability=5 scontext=u:r:fsck:s0 tcontext=u:r:fsck:s0 tclass=capability permissive=0
01-01 09:54:41.191 0 0 I fsck.f2fs: Info: Fix the reported corruption.
01-01 09:54:41.196 0 0 I fsck.f2fs: Info: Mounted device!
01-01 09:54:41.216 0 0 I fsck.f2fs: Error: Not available on mounted device!
01-01 09:54:41.223 0 0 I fsck.f2fs: fsck.f2fs terminated by exit(8)
01-01 09:54:41.278 0 0 I binder : 567:567 ioctl 40046210 7ff43aa444 returned -22
01-01 09:54:41.284 0 0 D ProcessState: Binder ioctl to enable oneway spam detection failed: Invalid argument
01-01 09:54:41.285 0 0 D vdc : Waited 0ms for vold
01-01 09:54:41.337 0 0 W subsys-pil-tz soc: qcom,ipa_fws: Falling back to syfs fallback for: ipa_fws.mdt
01-01 09:54:41.346 0 0 I init : wait for '/mnt/vendor/spunvm' took 0ms
01-01 09:54:41.408 569 569 D spdaemon: Firmware Name [spss2p].
01-01 09:54:41.408 569 569 D spdaemon: Prod FW.
01-01 09:54:41.408 569 569 D spdaemon: firmware_type [p].
01-01 09:54:41.408 569 569 D spdaemon: open() file [/sys/devices/soc0/machine] Failed, ret =-1.
01-01 09:54:41.408 569 569 D spdaemon: soc_type 1048576
01-01 09:54:41.409 569 569 E iardb : [iar_db_get_iar_state] failed to open file /mnt/vendor/spunvm/iar_db/iar_state.bin [13] [Permission denied]
01-01 09:54:41.409 569 569 D iarlib : [iar_get_state] Can't get iar_state, return DISABLED
01-01 09:54:41.409 569 569 I spdaemon: IAR is not activated
01-01 09:54:41.409 569 569 D spdaemon: ------ going to start SP From kernel ------
01-01 09:54:41.409 569 569 I spcomlib: [spcom_restart_sp_subsystem] restart_sp starts
01-01 09:54:41.409 569 569 D spcomlib: [spcom_restart_sp_subsystem] restart_sp - Send PIL request [1]
01-01 09:54:41.409 0 0 I : SW_INIT_DONE - 2nd phase loading [spss] completed ok
01-01 09:54:41.415 0 0 I binder : 570:570 ioctl 40046210 7ff17c67c4 returned -22
01-01 09:54:41.418 0 0 I : PBL_DONE - 1st phase loading [spss] completed ok
01-01 09:54:41.423 0 0 I binder : 570:570 ioctl 40046210 7ff17c6704 returned -22
01-01 09:54:41.433 569 569 D spcomlib: [spcom_restart_sp_subsystem] restart_sp - Restart SP command ok.
01-01 09:54:41.434 569 569 D spcomlib: [spcom_signal_event] event [0] [pil_called] EVENT_STATUS_SIGNALED
01-01 09:54:41.434 569 569 I spcomlib: [spcom_reset_all_app_loaded_prop] start reset all spcomlib apploaded props.
01-01 09:54:41.432 0 0 E register_client_adhoc: find path.src 1 dest 589
01-01 09:54:41.432 0 0 E register_client_adhoc: Failed to find path.src 1 dest 589
01-01 09:54:41.442 0 0 E : [drm:dp_display_init_aux_switch][msm-dp-err][70 ]failed to register notifier (-22)
01-01 09:54:41.480 0 0 I subsys-pil-tz soc: qcom,ipa_fws: ipa_fws: loading from 0x0000000086810000 to 0x0000000086819000
01-01 09:54:41.502 0 0 W subsys-pil-tz soc: qcom,ipa_fws: Falling back to syfs fallback for: ipa_fws.b02
01-01 09:54:41.503 0 0 W subsys-pil-tz soc: qcom,ipa_fws: Falling back to syfs fallback for: ipa_fws.b03
01-01 09:54:41.511 0 0 W subsys-pil-tz soc: qcom,ipa_fws: Falling back to syfs fallback for: ipa_fws.b04
01-01 09:54:41.558 0 0 I subsys-pil-tz soc: qcom,ipa_fws: ipa_fws: Brought out of reset
01-01 09:54:41.566 0 0 I : IPA FW loaded successfully
01-01 09:54:41.581 0 0 I binder : 571:571 ioctl 40046210 7ff56c8b24 returned -22
01-01 09:54:41.585 0 0 E gsi soc : qcom,msm_gsi: gsi_register_device:1203 GSI irq is wake enabled 34
01-01 09:54:41.595 0 0 I binder : 571:571 ioctl 40046210 7ff56c8084 returned -22
01-01 09:54:41.599 0 0 I wait_for_keymaster: Waiting for Keymaster device
01-01 09:54:41.608 0 0 I binder : 587:587 ioctl 40046210 7ffae84354 returned -22
01-01 09:54:41.615 0 0 D ProcessState: Binder ioctl to enable oneway spam detection failed: Invalid argument
01-01 09:54:41.626 0 0 I wait_for_keymaster: Keymaster device ready
01-01 09:54:41.631 0 0 I : rmnet_ipa3 started initialization
01-01 09:54:41.636 0 0 I : IPA driver initialization was successful.
01-01 09:54:41.641 0 0 I : IPA SSR support = True
01-01 09:54:41.645 0 0 I : IPA SG support = True
01-01 09:54:41.645 0 0 W subsys-pil-tz soc: qcom,ipa_uc: Falling back to syfs fallback for: ipa_uc.mdt
01-01 09:54:41.648 0 0 I : IPA Napi Enable = True
01-01 09:54:41.648 0 0 I : using default for wan-rx-desc-size = 256
01-01 09:54:41.660 0 0 E ipa-wan ipa3_wwan_probe: 2530 rmnet_ipa completed initialization
01-01 09:54:41.667 0 0 I binder : 605:605 ioctl 40046210 7ffc85b164 returned -22
01-01 09:54:41.670 0 0 I subsys-pil-tz soc: qcom,ipa_uc: ipa_uc: loading from 0x0000000086800000 to 0x0000000086810000
01-01 09:54:41.672 0 0 W subsys-pil-tz soc: qcom,ipa_uc: Falling back to syfs fallback for: ipa_uc.b02
01-01 09:54:41.683 0 0 I subsys-pil-tz soc: qcom,ipa_uc: ipa_uc: Brought out of reset
01-01 09:54:41.684 0 0 E ipa3_uc_wdi_event_log_info_handler: 351 WDI protocol missing 0x21
01-01 09:54:41.684 0 0 E ipa3_uc_ntn_event_log_info_handler: 34 NTN stats ofst=0x500e0
01-01 09:54:41.689 0 0 D ProcessState: Binder ioctl to enable oneway spam detection failed: Invalid argument
01-01 09:54:41.720 0 0 D vdc : Waited 0ms for vold
01-01 09:54:41.723 605 605 I auditd : type=1400 audit(0.0:10): avc: denied { kill } for comm="vdc" capability=5 scontext=u:r:vdc:s0 tcontext=u:r:vdc:s0 tclass=capability permissive=0
01-01 09:54:41.799 0 0 I binder : 610:610 ioctl 40046210 7ff579b284 returned -22
01-01 09:54:41.805 0 0 D ProcessState: Binder ioctl to enable oneway spam detection failed: Invalid argument
01-01 09:54:41.806 0 0 D vdc : Waited 0ms for vold
01-01 09:54:41.806 544 544 D vold : fscrypt_mount_metadata_encrypted: /data encrypt: 0 format: 0 with null
01-01 09:54:41.807 544 544 D vold : metadata_key_dir/key: /metadata/vold/metadata_encryption/key
01-01 09:54:41.808 544 544 D vold : Key exists, using: /metadata/vold/metadata_encryption/key
01-01 09:54:41.814 571 602 I auditd : SELinux: Loaded keystore2_key_contexts from:
01-01 09:54:41.815 571 602 I auditd : /system/etc/selinux/plat_keystore2_key_contexts
01-01 09:54:41.831 544 544 D vold : Mounting metadata-encrypted filesystem:/data
01-01 09:54:41.836 544 544 I vold : [libfs_mgr]Running /system/bin/fsck.f2fs -a -c 10000 --debug-cache /dev/block/dm-6
01-01 09:54:41.860 0 0 I fsck.f2fs: Info: Fix the reported corruption.
01-01 09:54:41.866 0 0 I fsck.f2fs: Info: No support kernel version!
01-01 09:54:41.871 0 0 I fsck.f2fs: Info: Segments per section = 1
01-01 09:54:41.876 0 0 I fsck.f2fs: Info: Sections per zone = 1
01-01 09:54:41.881 0 0 I fsck.f2fs: Info: sector size = 4096
01-01 09:54:41.875 611 611 I auditd : type=1400 audit(0.0:11): avc: denied { kill } for comm="fsck.f2fs" capability=5 scontext=u:r:fsck:s0 tcontext=u:r:fsck:s0 tclass=capability permissive=0
01-01 09:54:41.902 0 0 I fsck.f2fs: Info: total sectors = 28958163 (113117 MB)
01-01 09:54:41.908 0 0 I fsck.f2fs: Info: MKFS version
01-01 09:54:41.912 0 0 I fsck.f2fs: "4.15.0-197-generic #208-Ubuntu SMP Tue Nov 1 17:23:37 UTC 2022"
01-01 09:54:41.921 0 0 I fsck.f2fs: Info: FSCK version
01-01 09:54:41.925 0 0 I fsck.f2fs: from "4.19.157+"
01-01 09:54:41.971 0 0 E i2c_geni 980000.i2c: i2c error :-107
01-01 09:54:41.976 0 0 E : [MAX975X:max96755g_write_bytes] *ERROR* i2c master send 0x8E err
01-01 09:54:42.202 0 0 I F2FS-fs (dm-6): Mounted with checkpoint version = 6b3b692c
01-01 09:54:42.217 544 544 I vold : [libfs_mgr]__mount(source=/dev/block/dm-6,target=/data,type=f2fs)=0: Success
01-01 09:54:42.218 544 544 D vold : Mounted /data
01-01 09:54:42.219 544 562 D vold : Disk at 252:6 changed
01-01 09:54:42.215 610 610 I auditd : type=1400 audit(0.0:12): avc: denied { kill } for comm="vdc" capability=5 scontext=u:r:vdc:s0 tcontext=u:r:vdc:s0 tclass=capability permissive=0
01-01 09:54:42.263 0 0 I fsck.f2fs: Info: Fix the reported corruption.
01-01 09:54:42.269 0 0 I fsck.f2fs: Info: Mounted device!
01-01 09:54:42.269 0 0 I fsck.f2fs: Error: Not available on mounted device!
01-01 09:54:42.259 616 616 I auditd : type=1400 audit(0.0:13): avc: denied { kill } for comm="fsck.f2fs" capability=5 scontext=u:r:fsck:s0 tcontext=u:r:fsck:s0 tclass=capability permissive=0
01-01 09:54:42.317 0 0 I binder : 618:618 ioctl 40046210 7fdc5e8204 returned -22
01-01 09:54:42.323 0 0 D ProcessState: Binder ioctl to enable oneway spam detection failed: Invalid argument
01-01 09:54:42.324 0 0 D vdc : Waited 0ms for vold
01-01 09:54:42.324 544 544 I Checkpoint: cp_prepareCheckpoint called
01-01 09:54:42.349 617 619 D spcomlib: [spcom_register_service] spcom_register_service() name [sp_keymaster_ssr] pid [532589481136]
01-01 09:54:42.349 617 619 D spcomlib: [spcom_open] ch [sp_keymaster_ssr] doesn't exist, create it.
01-01 09:54:42.349 617 619 D spcomlib: [spcom_create_channel] Create Channel [sp_keymaster_ssr].
01-01 09:54:42.356 0 0 I binder : 620:620 ioctl 40046210 7fd4ba7414 returned -22
01-01 09:54:42.362 0 0 D ProcessState: Binder ioctl to enable oneway spam detection failed: Invalid argument
01-01 09:54:42.363 617 619 D spcomlib: [add_ssr_cb] ssr cb added!
01-01 09:54:42.363 617 619 D spcomlib: [start_ssr_thread] ch [spcom] ready!
01-01 09:54:42.363 617 619 D spcomlib: [start_ssr_thread] main pthread self_id [0xce8cb0].
01-01 09:54:42.363 617 619 D spcomlib: [start_ssr_thread] pthread_create() ret [0] thread-id [0xffbeacb0].
01-01 09:54:42.363 617 619 D spcomlib: [start_ssr_thread] Wait for SSR thread to run.
01-01 09:54:42.363 617 621 D spcomlib: [notify_ssr_thread] SSR pthread self_id [0xffbeacb0].
01-01 09:54:42.363 617 619 D spcomlib: [start_ssr_thread] pthread_cond_wait() ret [0].
01-01 09:54:42.363 617 619 D spcomlib: [start_ssr_thread] done.
01-01 09:54:42.363 617 619 D spcomlib: [add_ch] add ch [sp_keymaster_ssr].
01-01 09:54:42.363 617 619 D spcomlib: [spcom_register_service] spcom_register_service() name [sp_keymaster_ssr] pid [532589481136] done
01-01 09:54:42.363 544 544 I vold : fscrypt_initialize_systemwide_keys
01-01 09:54:42.365 544 544 D vold : Key exists, using: /data/unencrypted/key
01-01 09:54:42.363 0 0 D vdc : Waited 0ms for vold
01-01 09:54:42.381 544 544 D vold : Installed fscrypt key with ref bbb8702287996f011ffb6e08df6f6d05 to /data
01-01 09:54:42.381 544 544 D vold : Added fscrypt-provisioning key for bbb8702287996f011ffb6e08df6f6d05 to session keyring
01-01 09:54:42.386 544 544 I vold : Wrote system DE key reference to:/data/unencrypted/ref
01-01 09:54:42.386 544 544 D vold : Generating wrapped storage key
01-01 09:54:42.389 544 544 E vold : keystore2 Keystore generateKey returned service specific error: -67
01-01 09:54:42.389 544 544 W vold : Failed to generate rollback-resistant key. This is expected if keymaster doesn't support rollback resistance. Falling back to non-rollback-resistant key.
01-01 09:54:42.401 544 544 D vold : Installed fscrypt key with ref b7bb31325d3fbd347abb438819de2ddc to /data
01-01 09:54:42.401 544 544 D vold : Added fscrypt-provisioning key for b7bb31325d3fbd347abb438819de2ddc to session keyring
01-01 09:54:42.402 544 544 I vold : Wrote per boot key reference to:/data/unencrypted/per_boot_ref
01-01 09:54:42.410 0 0 I fscrypt : AES-256-CTS-CBC using implementation "cts(cbc-aes-ce)"
01-01 09:54:42.471 0 0 I binder : 629:629 ioctl 40046210 7fc399e864 returned -22
01-01 09:54:42.477 0 0 D ProcessState: Binder ioctl to enable oneway spam detection failed: Invalid argument
01-01 09:54:42.478 0 0 D vdc : Waited 0ms for vold
01-01 09:54:42.479 544 544 I incfs : Initial API level of the device: 30
01-01 09:54:42.479 544 544 I incfs : ro.incremental.enable: 1
01-01 09:54:42.479 544 544 I incfs : isFsAvailable: true
01-01 09:54:42.479 544 544 I incfs : isFsAvailable: true
01-01 09:54:42.479 544 544 I incfs : IncFs_Features: v1
01-01 09:54:42.499 544 544 E vold : keystore2 Keystore earlyBootEnded returned service specific error: -68
01-01 09:54:42.542 0 0 I apexd : This device does not support updatable APEX. Exiting
01-01 09:54:42.549 0 0 I apexd : Marking APEXd as activated
01-01 09:54:42.713 0 0 I binder : 635:635 ioctl 40046210 7ff5c61924 returned -22
01-01 09:54:42.720 0 0 D ProcessState: Binder ioctl to enable oneway spam detection failed: Invalid argument
01-01 09:54:42.721 0 0 D vdc : Waited 0ms for vold
01-01 09:54:42.721 544 544 D vold : fscrypt_init_user0
01-01 09:54:42.721 544 544 D vold : Preparing: /data/misc/vold/user_keys
01-01 09:54:42.722 544 544 D vold : Preparing: /data/misc/vold/user_keys/ce
01-01 09:54:42.723 544 544 D vold : Preparing: /data/misc/vold/user_keys/de
01-01 09:54:42.742 544 544 D vold : Installed fscrypt key with ref 4b7b12aa23823820d0317922c912f588 to /data
01-01 09:54:42.743 544 544 D vold : Added fscrypt-provisioning key for 4b7b12aa23823820d0317922c912f588 to session keyring
01-01 09:54:42.743 544 544 D vold : Installed de key for user 0
01-01 09:54:42.743 544 544 D vold : fscrypt_prepare_user_storage for volume null, user 0, serial 0, flags 1
01-01 09:54:42.743 544 544 D vold : Preparing: /data/system/users/0
01-01 09:54:42.744 544 544 D vold : Preparing: /data/misc/profiles/cur/0
01-01 09:54:42.744 544 544 D vold : Preparing: /data/system_de/0
01-01 09:54:42.745 544 544 D vold : Preparing: /data/misc_de/0
01-01 09:54:42.746 544 544 D vold : Preparing: /data/vendor_de/0
01-01 09:54:42.746 544 544 D vold : Preparing: /data/user_de/0
01-01 09:54:42.747 544 544 I vold : Verified that /data/system_de/0 has the encryption policy 4b7b12aa23823820d0317922c912f588 v2 modes 1/4 flags 0xa
01-01 09:54:42.747 544 544 I vold : Verified that /data/misc_de/0 has the encryption policy 4b7b12aa23823820d0317922c912f588 v2 modes 1/4 flags 0xa
01-01 09:54:42.747 544 544 I vold : Verified that /data/vendor_de/0 has the encryption policy 4b7b12aa23823820d0317922c912f588 v2 modes 1/4 flags 0xa
01-01 09:54:42.747 544 544 I vold : Verified that /data/user_de/0 has the encryption policy 4b7b12aa23823820d0317922c912f588 v2 modes 1/4 flags 0xa
01-01 09:54:42.747 544 544 D vold : /system/bin/vold_prepare_subdirs
01-01 09:54:42.747 544 544 D vold : prepare
01-01 09:54:42.747 544 544 D vold :
01-01 09:54:42.747 544 544 D vold : 0
01-01 09:54:42.747 544 544 D vold : 1
01-01 09:54:42.809 544 544 D vold : Detected support for FS_IOC_ADD_ENCRYPTION_KEY
01-01 09:54:42.965 0 0 I apexd : This device does not support updatable APEX. Exiting
01-01 09:54:42.972 0 0 I apexd : Marking APEXd as ready
01-01 09:54:42.980 0 0 I init : Service 'apexd-snapshotde' (pid 641) exited with status 0 waiting took 0.041000 seconds
01-01 09:54:42.990 0 0 I init : Sending signal 9 to service 'apexd-snapshotde' (pid 641) process group...
01-01 09:54:42.999 0 0 I libprocessgroup: Successfully killed process cgroup uid 0 pid 641 in 0ms
01-01 09:54:43.008 0 0 I init : starting service 'exec 16 (/system/bin/tzdatacheck /apex/com.android.tzdata/etc/tz /data/misc/zoneinfo)'...
01-01 09:54:43.028 0 0 I init : SVC_EXEC service 'exec 16 (/system/bin/tzdatacheck /apex/com.android.tzdata/etc/tz /data/misc/zoneinfo)' pid 642 (uid 1000 gid 1000+0 context default) started; waiting...
01-01 09:54:43.048 0 0 I init : Service 'exec 16 (/system/bin/tzdatacheck /apex/com.android.tzdata/etc/tz /data/misc/zoneinfo)' (pid 642) exited with status 0 waiting took 0.022000 seconds
01-01 09:54:43.064 0 0 I init : Sending signal 9 to service 'exec 16 (/system/bin/tzdatacheck /apex/com.android.tzdata/etc/tz /data/misc/zoneinfo)' (pid 642) process group...
01-01 09:54:43.079 0 0 I libprocessgroup: Successfully killed process cgroup uid 1000 pid 642 in 0ms
01-01 09:54:43.089 0 0 I init : processing action (post-fs-data) from (/system/etc/init/hw/init.usb.rc:6)
01-01 09:54:43.100 0 0 I init : Verified that /data/adb has the encryption policy bbb8702287996f011ffb6e08df6f6d05 v2 modes 1/4 flags 0xa
01-01 09:54:43.161 0 0 D cnss : File system is ready, fs_ready is 1, count is 1
01-01 09:54:43.161 0 0 D cnss : Posting event: COLD_BOOT_CAL_START(5), state: 0x0 flags: 0x0
01-01 09:54:43.161 0 0 D cnss : PM stay awake, state: 0x0, count: 1
01-01 09:54:43.161 0 0 D cnss : PM relax, state: 0x0, count: 0
01-01 09:54:43.161 0 0 D cnss : PM stay awake, state: 0x0, count: 1
