01-01 09:54:56.772 0 0 I : ret_from_fork+0x10/0x1c
10-31 13:10:33.154 1112 1112 D SystemServerTiming: OnBootPhase_550_com.android.server.content.ContentService$Lifecycle took to complete: 10ms
10-31 13:10:33.154 1112 1112 I SystemServerTiming: OnBootPhase_550_com.android.server.DropBoxManagerService
10-31 13:10:33.154 1112 1112 D SystemServerTiming: OnBootPhase_550_com.android.server.DropBoxManagerService took to complete: 0ms
10-31 13:10:33.155 1112 1112 I SystemServerTiming: OnBootPhase_550_com.android.role.RoleService
10-31 13:10:33.155 1112 1112 D SystemServerTiming: OnBootPhase_550_com.android.role.RoleService took to complete: 0ms
10-31 13:10:33.155 1112 1112 I SystemServerTiming: OnBootPhase_550_com.android.server.vibrator.VibratorManagerService$Lifecycle
10-31 13:10:33.155 1112 1112 D SystemServerTiming: OnBootPhase_550_com.android.server.vibrator.VibratorManagerService$Lifecycle took to complete: 0ms
10-31 13:10:33.155 1112 1112 I SystemServerTiming: OnBootPhase_550_com.android.server.alarm.AlarmManagerService
10-31 13:10:33.155 1112 1770 I commit_sys_config_file: [log-files,4]
10-31 13:10:33.155 1112 1112 D SystemServerTiming: OnBootPhase_550_com.android.server.alarm.AlarmManagerService took to complete: 0ms
10-31 13:10:33.155 1112 1112 I SystemServerTiming: OnBootPhase_550_com.android.server.devicestate.DeviceStateManagerService
10-31 13:10:33.155 1112 1112 D SystemServerTiming: OnBootPhase_550_com.android.server.devicestate.DeviceStateManagerService took to complete: 0ms
10-31 13:10:33.155 1112 1112 I SystemServerTiming: OnBootPhase_550_com.android.server.camera.CameraServiceProxy
10-31 13:10:33.155 1112 1112 D SystemServerTiming: OnBootPhase_550_com.android.server.camera.CameraServiceProxy took to complete: 0ms
10-31 13:10:33.155 1112 1112 I SystemServerTiming: OnBootPhase_550_com.android.server.BluetoothService
10-31 13:10:33.156 1112 1112 D BluetoothManagerService: Bluetooth boot completed
10-31 13:10:33.156 1112 1112 D BluetoothManagerService: Auto-enabling Bluetooth.
10-31 13:10:33.159 1112 1183 D BluetoothManagerService: MESSAGE_ENABLE(0): mBluetooth = null
10-31 13:10:33.160 1112 1183 D BluetoothManagerService: MESSAGE_ENABLE: handleEnable
10-31 13:10:33.160 1112 1183 D BluetoothManagerService: binding Bluetooth service
10-31 13:10:33.163 1112 1112 D SystemServerTiming: OnBootPhase_550_com.android.server.BluetoothService took to complete: 8ms
10-31 13:10:33.163 1112 1112 I SystemServerTiming: OnBootPhase_550_com.android.server.connectivity.IpConnectivityMetrics
10-31 13:10:33.163 1112 1112 D SystemServerTiming: OnBootPhase_550_com.android.server.connectivity.IpConnectivityMetrics took to complete: 0ms
10-31 13:10:33.163 1112 1112 I SystemServerTiming: OnBootPhase_550_com.android.server.net.watchlist.NetworkWatchlistService$Lifecycle
10-31 13:10:33.164 1112 1183 I am_uid_running: 1002
10-31 13:10:33.165 1112 1183 D CompatibilityChangeReporter: Compat change id reported: 135634846; UID 1002; state: DISABLED
10-31 13:10:33.165 1112 1183 D CompatibilityChangeReporter: Compat change id reported: 177438394; UID 1002; state: DISABLED
10-31 13:10:33.165 1112 1183 D CompatibilityChangeReporter: Compat change id reported: 135772972; UID 1002; state: DISABLED
10-31 13:10:33.165 1112 1183 D CompatibilityChangeReporter: Compat change id reported: 135754954; UID 1002; state: ENABLED
10-31 13:10:33.166 1112 1183 D BluetoothManagerService: Binding BT service. Current user: 0
10-31 13:10:33.168 1112 1112 D SystemServerTiming: OnBootPhase_550_com.android.server.net.watchlist.NetworkWatchlistService$Lifecycle took to complete: 4ms
10-31 13:10:33.168 1112 1112 I SystemServerTiming: OnBootPhase_550_com.android.server.PinnerService
10-31 13:10:33.168 1112 1112 D SystemServerTiming: OnBootPhase_550_com.android.server.PinnerService took to complete: 0ms
10-31 13:10:33.168 1112 1112 I SystemServerTiming: OnBootPhase_550_com.google.android.startop.iorap.IorapForwardingService
10-31 13:10:33.168 1112 1112 D SystemServerTiming: OnBootPhase_550_com.google.android.startop.iorap.IorapForwardingService took to complete: 0ms
10-31 13:10:33.169 1112 1112 I SystemServerTiming: OnBootPhase_550_com.android.server.ActivityTriggerService
10-31 13:10:33.169 1112 1112 D SystemServerTiming: OnBootPhase_550_com.android.server.ActivityTriggerService took to complete: 0ms
10-31 13:10:33.169 1112 1112 I SystemServerTiming: OnBootPhase_550_com.android.server.integrity.AppIntegrityManagerService
10-31 13:10:33.169 1112 1112 D SystemServerTiming: OnBootPhase_550_com.android.server.integrity.AppIntegrityManagerService took to complete: 1ms
10-31 13:10:33.169 1112 1112 I SystemServerTiming: OnBootPhase_550_com.android.server.inputmethod.InputMethodManagerService$Lifecycle
01-01 09:54:56.780 0 0 E : INFO: trying to register non-static key.
01-01 09:54:56.785 0 0 E : the code is fine but needs lockdep annotation.
01-01 09:54:56.790 0 0 I : CPU: 7 PID: 331 Comm: kworker/u16:9 Tainted: G S W O 4.19.157+ #1
01-01 09:54:56.790 0 0 I Hardware name: Qualcomm Technologies, Inc. kona MTP-RmPM8150b. VC1(FSE) EVT1 (DT)
01-01 09:54:56.790 0 0 I Workqueue: events_unbound ion_system_secure_heap_prefetch_work
01-01 09:54:56.790 0 0 I Call trace:
01-01 09:54:56.790 0 0 I : dump_backtrace+0x0/0x258
01-01 09:54:56.790 0 0 I : show_stack+0x20/0x30
01-01 09:54:56.790 0 0 I : dump_stack+0xd8/0x12c
01-01 09:54:56.790 0 0 I : register_lock_class+0x4d0/0x5c8
01-01 09:54:56.790 0 0 I : __lock_acquire+0xbc/0x1e58
01-01 09:54:56.790 0 0 I : lock_acquire+0x1cc/0x218
01-01 09:54:56.790 0 0 I : _raw_spin_lock_irqsave+0x54/0x98
01-01 09:54:56.790 0 0 I : ion_system_secure_heap_prefetch_work+0x94/0x2c0
01-01 09:54:56.790 0 0 I : process_one_work+0x38c/0x660
01-01 09:54:56.790 0 0 I : worker_thread+0x268/0x4b8
01-01 09:54:56.790 0 0 I : kthread+0x140/0x150
01-01 09:54:56.790 0 0 I : ret_from_fork+0x10/0x1c
10-31 13:10:33.169 1112 1770 E NativeTombstoneManager: Tombstone's UID (0) not an app, ignoring
10-31 13:10:33.171 1112 1770 I DropBoxManagerService: add tag=SYSTEM_TOMBSTONE_PROTO isTagEnabled=true flags=0x4
10-31 13:10:33.174 1112 1112 W InputMethodManagerService: Default IME is uninstalled. Choose new default IME.
01-01 09:54:56.799 0 0 E : INFO: trying to register non-static key.
01-01 09:54:56.805 0 0 E : the code is fine but needs lockdep annotation.
01-01 09:54:56.810 0 0 I : CPU: 7 PID: 331 Comm: kworker/u16:9 Tainted: G S W O 4.19.157+ #1
01-01 09:54:56.810 0 0 I Hardware name: Qualcomm Technologies, Inc. kona MTP-RmPM8150b. VC1(FSE) EVT1 (DT)
01-01 09:54:56.810 0 0 I Workqueue: events_unbound ion_system_secure_heap_prefetch_work
01-01 09:54:56.810 0 0 I Call trace:
01-01 09:54:56.810 0 0 I : dump_backtrace+0x0/0x258
01-01 09:54:56.810 0 0 I : show_stack+0x20/0x30
01-01 09:54:56.810 0 0 I : dump_stack+0xd8/0x12c
01-01 09:54:56.810 0 0 I : register_lock_class+0x4d0/0x5c8
01-01 09:54:56.810 0 0 I : __lock_acquire+0xbc/0x1e58
01-01 09:54:56.810 0 0 I : lock_acquire+0x1cc/0x218
01-01 09:54:56.810 0 0 I : _raw_spin_lock_irqsave+0x54/0x98
01-01 09:54:56.810 0 0 I : ion_system_secure_heap_prefetch_work+0x94/0x2c0
01-01 09:54:56.810 0 0 I : process_one_work+0x38c/0x660
01-01 09:54:56.810 0 0 I : worker_thread+0x268/0x4b8
01-01 09:54:56.810 0 0 I : kthread+0x140/0x150
01-01 09:54:56.810 0 0 I : ret_from_fork+0x10/0x1c
10-31 13:10:33.198 1112 1770 I commit_sys_config_file: [log-files,47]
10-31 13:10:33.203 1112 1112 D SystemServerTiming: OnBootPhase_550_com.android.server.inputmethod.InputMethodManagerService$Lifecycle took to complete: 33ms
10-31 13:10:33.203 1112 1112 I SystemServerTiming: OnBootPhase_550_com.android.server.accessibility.AccessibilityManagerService$Lifecycle
10-31 13:10:33.203 1112 1112 D SystemServerTiming: OnBootPhase_550_com.android.server.accessibility.AccessibilityManagerService$Lifecycle took to complete: 0ms
10-31 13:10:33.203 1112 1112 I SystemServerTiming: OnBootPhase_550_com.android.server.StorageManagerService$Lifecycle
10-31 13:10:33.203 1112 1112 D SystemServerTiming: OnBootPhase_550_com.android.server.StorageManagerService$Lifecycle took to complete: 0ms
10-31 13:10:33.203 1112 1112 I SystemServerTiming: OnBootPhase_550_com.android.server.usage.StorageStatsService$Lifecycle
10-31 13:10:33.203 1112 1112 D SystemServerTiming: OnBootPhase_550_com.android.server.usage.StorageStatsService$Lifecycle took to complete: 0ms
10-31 13:10:33.203 1112 1112 I SystemServerTiming: OnBootPhase_550_com.android.server.UiModeManagerService
10-31 13:10:33.203 1112 1112 D SystemServerTiming: OnBootPhase_550_com.android.server.UiModeManagerService took to complete: 0ms
10-31 13:10:33.203 1112 1112 I SystemServerTiming: OnBootPhase_550_com.android.server.locksettings.LockSettingsService$Lifecycle
10-31 13:10:33.204 1112 1112 I RebootEscrowManager: No reboot escrow data found for users, skipping loading escrow data
10-31 13:10:33.206 1112 1112 D SystemServerTiming: OnBootPhase_550_com.android.server.locksettings.LockSettingsService$Lifecycle took to complete: 2ms
10-31 13:10:33.206 1112 1112 I SystemServerTiming: OnBootPhase_550_com.android.server.PersistentDataBlockService
10-31 13:10:33.206 1112 1112 D SystemServerTiming: OnBootPhase_550_com.android.server.PersistentDataBlockService took to complete: 0ms
10-31 13:10:33.206 1112 1112 I SystemServerTiming: OnBootPhase_550_com.android.server.testharness.TestHarnessModeService
10-31 13:10:33.206 1112 1112 D SystemServerTiming: OnBootPhase_550_com.android.server.testharness.TestHarnessModeService took to complete: 0ms
10-31 13:10:33.206 1112 1112 I SystemServerTiming: OnBootPhase_550_com.android.server.oemlock.OemLockService
10-31 13:10:33.206 1112 1112 D SystemServerTiming: OnBootPhase_550_com.android.server.oemlock.OemLockService took to complete: 0ms
10-31 13:10:33.206 1112 1112 I SystemServerTiming: OnBootPhase_550_com.android.server.DeviceIdleController
10-31 13:10:33.206 1112 1112 D SystemServerTiming: OnBootPhase_550_com.android.server.DeviceIdleController took to complete: 0ms
10-31 13:10:33.206 1112 1112 I SystemServerTiming: OnBootPhase_550_com.android.server.devicepolicy.DevicePolicyManagerService$Lifecycle
10-31 13:10:33.206 1112 1112 D SystemServerTiming: OnBootPhase_550_com.android.server.devicepolicy.DevicePolicyManagerService$Lifecycle took to complete: 0ms
10-31 13:10:33.206 1112 1112 I SystemServerTiming: OnBootPhase_550_com.android.server.texttospeech.TextToSpeechManagerService
10-31 13:10:33.206 1112 1112 D SystemServerTiming: OnBootPhase_550_com.android.server.texttospeech.TextToSpeechManagerService took to complete: 0ms
10-31 13:10:33.206 1112 1112 I SystemServerTiming: OnBootPhase_550_com.android.server.speech.SpeechRecognitionManagerService
10-31 13:10:33.206 1112 1112 D SystemServerTiming: OnBootPhase_550_com.android.server.speech.SpeechRecognitionManagerService took to complete: 0ms
10-31 13:10:33.206 1112 1112 I SystemServerTiming: OnBootPhase_550_com.android.server.searchui.SearchUiManagerService
10-31 13:10:33.207 1112 1112 D SystemServerTiming: OnBootPhase_550_com.android.server.searchui.SearchUiManagerService took to complete: 0ms
10-31 13:10:33.207 1112 1112 I SystemServerTiming: OnBootPhase_550_com.android.server.smartspace.SmartspaceManagerService
10-31 13:10:33.207 1112 1112 D SystemServerTiming: OnBootPhase_550_com.android.server.smartspace.SmartspaceManagerService took to complete: 0ms
10-31 13:10:33.207 1112 1112 I SystemServerTiming: OnBootPhase_550_com.android.server.graphics.fonts.FontManagerService$Lifecycle
10-31 13:10:33.207 1112 1112 D SystemServerTiming: OnBootPhase_550_com.android.server.graphics.fonts.FontManagerService$Lifecycle took to complete: 0ms
10-31 13:10:33.207 1112 1112 I SystemServerTiming: OnBootPhase_550_com.android.server.textservices.TextServicesManagerService$Lifecycle
10-31 13:10:33.207 1112 1112 D SystemServerTiming: OnBootPhase_550_com.android.server.textservices.TextServicesManagerService$Lifecycle took to complete: 0ms
10-31 13:10:33.207 1112 1112 I SystemServerTiming: OnBootPhase_550_com.android.server.textclassifier.TextClassificationManagerService$Lifecycle
10-31 13:10:33.207 1112 1112 D SystemServerTiming: OnBootPhase_550_com.android.server.textclassifier.TextClassificationManagerService$Lifecycle took to complete: 0ms
10-31 13:10:33.207 1112 1112 I SystemServerTiming: OnBootPhase_550_com.android.server.NetworkScoreService$Lifecycle
10-31 13:10:33.207 1112 1112 D SystemServerTiming: OnBootPhase_550_com.android.server.NetworkScoreService$Lifecycle took to complete: 0ms
10-31 13:10:33.207 1112 1112 I SystemServerTiming: OnBootPhase_550_com.android.server.wifi.WifiService
10-31 13:10:33.207 1112 1112 D SystemServerTiming: OnBootPhase_550_com.android.server.wifi.WifiService took to complete: 0ms
10-31 13:10:33.207 1112 1112 I SystemServerTiming: OnBootPhase_550_com.android.server.wifi.scanner.WifiScanningService
10-31 13:10:33.207 1112 1112 D SystemServerTiming: OnBootPhase_550_com.android.server.wifi.scanner.WifiScanningService took to complete: 0ms
10-31 13:10:33.207 1112 1112 I SystemServerTiming: OnBootPhase_550_com.android.server.wifi.rtt.RttService
10-31 13:10:33.207 1112 1112 D SystemServerTiming: OnBootPhase_550_com.android.server.wifi.rtt.RttService took to complete: 0ms
10-31 13:10:33.207 1112 1112 I SystemServerTiming: OnBootPhase_550_com.android.server.wifi.aware.WifiAwareService
10-31 13:10:33.207 1112 1112 D SystemServerTiming: OnBootPhase_550_com.android.server.wifi.aware.WifiAwareService took to complete: 0ms
10-31 13:10:33.207 1112 1112 I SystemServerTiming: OnBootPhase_550_com.android.server.wifi.p2p.WifiP2pService
10-31 13:10:33.207 1112 1112 D SystemServerTiming: OnBootPhase_550_com.android.server.wifi.p2p.WifiP2pService took to complete: 0ms
10-31 13:10:33.207 1112 1112 I SystemServerTiming: OnBootPhase_550_com.android.server.ethernet.EthernetService
10-31 13:10:33.207 1112 1112 D SystemServerTiming: OnBootPhase_550_com.android.server.ethernet.EthernetService took to complete: 0ms
10-31 13:10:33.207 1112 1112 I SystemServerTiming: OnBootPhase_550_com.android.server.ConnectivityServiceInitializer
10-31 13:10:33.207 1112 1112 D SystemServerTiming: OnBootPhase_550_com.android.server.ConnectivityServiceInitializer took to complete: 0ms
10-31 13:10:33.207 1112 1112 I SystemServerTiming: OnBootPhase_550_com.android.server.notification.NotificationManagerService
10-31 13:10:33.207 1112 1112 D SystemServerTiming: OnBootPhase_550_com.android.server.notification.NotificationManagerService took to complete: 0ms
10-31 13:10:33.208 1112 1112 I SystemServerTiming: OnBootPhase_550_com.android.server.storage.DeviceStorageMonitorService
10-31 13:10:33.208 1112 1112 D SystemServerTiming: OnBootPhase_550_com.android.server.storage.DeviceStorageMonitorService took to complete: 0ms
10-31 13:10:33.208 1112 1112 I SystemServerTiming: OnBootPhase_550_com.android.server.location.LocationManagerService$Lifecycle
10-31 13:10:33.208 1112 1112 D SystemServerTiming: OnBootPhase_550_com.android.server.location.LocationManagerService$Lifecycle took to complete: 0ms
10-31 13:10:33.208 1112 1112 I SystemServerTiming: OnBootPhase_550_com.android.server.timedetector.TimeDetectorService$Lifecycle
10-31 13:10:33.208 1112 1112 D SystemServerTiming: OnBootPhase_550_com.android.server.timedetector.TimeDetectorService$Lifecycle took to complete: 0ms
10-31 13:10:33.208 1112 1112 I SystemServerTiming: OnBootPhase_550_com.android.server.timezonedetector.TimeZoneDetectorService$Lifecycle
10-31 13:10:33.208 1112 1112 D SystemServerTiming: OnBootPhase_550_com.android.server.timezonedetector.TimeZoneDetectorService$Lifecycle took to complete: 0ms
10-31 13:10:33.208 1112 1112 I SystemServerTiming: OnBootPhase_550_com.android.server.timezonedetector.location.LocationTimeZoneManagerService$Lifecycle
10-31 13:10:33.208 1112 1112 D SystemServerTiming: OnBootPhase_550_com.android.server.timezonedetector.location.LocationTimeZoneManagerService$Lifecycle took to complete: 0ms
10-31 13:10:33.208 1112 1112 I SystemServerTiming: OnBootPhase_550_com.android.server.search.SearchManagerService$Lifecycle
10-31 13:10:33.208 1112 1112 D SystemServerTiming: OnBootPhase_550_com.android.server.search.SearchManagerService$Lifecycle took to complete: 0ms
10-31 13:10:33.208 1112 1112 I SystemServerTiming: OnBootPhase_550_com.android.server.wallpaper.WallpaperManagerService$Lifecycle
10-31 13:10:33.211 1112 1112 I WallpaperManagerService: No static wallpaper imagery; defaults will be shown
10-31 13:10:33.211 1112 1112 V WallpaperManagerService: bindWallpaperComponentLocked: componentName=ComponentInfo{com.android.systemui/com.android.systemui.ImageWallpaper}
01-01 09:54:56.832 0 0 E : INFO: trying to register non-static key.
01-01 09:54:56.838 0 0 E : the code is fine but needs lockdep annotation.
01-01 09:54:56.843 0 0 I : CPU: 7 PID: 331 Comm: kworker/u16:9 Tainted: G S W O 4.19.157+ #1
01-01 09:54:56.843 0 0 I Hardware name: Qualcomm Technologies, Inc. kona MTP-RmPM8150b. VC1(FSE) EVT1 (DT)
01-01 09:54:56.843 0 0 I Workqueue: events_unbound ion_system_secure_heap_prefetch_work
01-01 09:54:56.843 0 0 I Call trace:
01-01 09:54:56.843 0 0 I : dump_backtrace+0x0/0x258
01-01 09:54:56.843 0 0 I : show_stack+0x20/0x30
01-01 09:54:56.843 0 0 I : dump_stack+0xd8/0x12c
01-01 09:54:56.843 0 0 I : register_lock_class+0x4d0/0x5c8
01-01 09:54:56.843 0 0 I : __lock_acquire+0xbc/0x1e58
01-01 09:54:56.843 0 0 I : lock_acquire+0x1cc/0x218
01-01 09:54:56.843 0 0 I : _raw_spin_lock_irqsave+0x54/0x98
01-01 09:54:56.843 0 0 I : ion_system_secure_heap_prefetch_work+0x94/0x2c0
01-01 09:54:56.843 0 0 I : process_one_work+0x38c/0x660
01-01 09:54:56.843 0 0 I : worker_thread+0x268/0x4b8
01-01 09:54:56.843 0 0 I : kthread+0x140/0x150
01-01 09:54:56.843 0 0 I : ret_from_fork+0x10/0x1c
10-31 13:10:33.232 1112 1199 W ActivityManager: Slow operation: 67ms so far, now at startProcess: returned from zygote!
10-31 13:10:33.235 1112 1770 I commit_sys_config_file: [log-files,84]
01-01 09:54:56.852 0 0 E : INFO: trying to register non-static key.
01-01 09:54:56.857 0 0 E : the code is fine but needs lockdep annotation.
01-01 09:54:56.863 0 0 I : CPU: 7 PID: 331 Comm: kworker/u16:9 Tainted: G S W O 4.19.157+ #1
01-01 09:54:56.863 0 0 I Hardware name: Qualcomm Technologies, Inc. kona MTP-RmPM8150b. VC1(FSE) EVT1 (DT)
01-01 09:54:56.863 0 0 I Workqueue: events_unbound ion_system_secure_heap_prefetch_work
01-01 09:54:56.863 0 0 I Call trace:
01-01 09:54:56.863 0 0 I : dump_backtrace+0x0/0x258
01-01 09:54:56.863 0 0 I : show_stack+0x20/0x30
01-01 09:54:56.863 0 0 I : dump_stack+0xd8/0x12c
01-01 09:54:56.863 0 0 I : register_lock_class+0x4d0/0x5c8
01-01 09:54:56.863 0 0 I : __lock_acquire+0xbc/0x1e58
01-01 09:54:56.863 0 0 I : lock_acquire+0x1cc/0x218
01-01 09:54:56.863 0 0 I : _raw_spin_lock_irqsave+0x54/0x98
01-01 09:54:56.863 0 0 I : ion_system_secure_heap_prefetch_work+0x94/0x2c0
01-01 09:54:56.863 0 0 I : process_one_work+0x38c/0x660
01-01 09:54:56.863 0 0 I : worker_thread+0x268/0x4b8
01-01 09:54:56.863 0 0 I : kthread+0x140/0x150
01-01 09:54:56.863 0 0 I : ret_from_fork+0x10/0x1c
10-31 13:10:33.244 1112 1770 E NativeTombstoneManager: Tombstone's UID (0) not an app, ignoring
10-31 13:10:33.245 1112 1770 I DropBoxManagerService: add tag=SYSTEM_TOMBSTONE_PROTO isTagEnabled=true flags=0x4
10-31 13:10:33.245 1112 1199 W ActivityManager: Slow operation: 80ms so far, now at startProcess: done updating battery stats
10-31 13:10:33.245 1112 1199 I am_proc_start: [0,2065,1002,com.android.bluetooth,service,{com.android.bluetooth/com.android.bluetooth.btservice.AdapterService}]
10-31 13:10:33.245 1112 1199 W ActivityManager: Slow operation: 81ms so far, now at startProcess: building log message
10-31 13:10:33.245 1112 1199 I ActivityManager: Start proc 2065:com.android.bluetooth/1002 for service {com.android.bluetooth/com.android.bluetooth.btservice.AdapterService}
10-31 13:10:33.245 1112 1199 W ActivityManager: Slow operation: 81ms so far, now at startProcess: starting to update pids map
10-31 13:10:33.247 1112 1199 W ActivityManager: Slow operation: 83ms so far, now at startProcess: done updating pids map
10-31 13:10:33.254 1112 1112 I am_uid_running: 10087
10-31 13:10:33.255 1112 1112 D CompatibilityChangeReporter: Compat change id reported: 135634846; UID 10087; state: DISABLED
10-31 13:10:33.255 1112 1112 D CompatibilityChangeReporter: Compat change id reported: 177438394; UID 10087; state: DISABLED
10-31 13:10:33.256 1112 1112 D CompatibilityChangeReporter: Compat change id reported: 135772972; UID 10087; state: DISABLED
10-31 13:10:33.256 1112 1112 D CompatibilityChangeReporter: Compat change id reported: 135754954; UID 10087; state: ENABLED
10-31 13:10:33.256 1112 1199 D CompatibilityChangeReporter: Compat change id reported: 143937733; UID 10087; state: ENABLED
10-31 13:10:33.259 1112 1112 W WallpaperManagerService: Invalid wallpaper data
10-31 13:10:33.259 1112 1112 E WallpaperManagerService: Unable to apply new wallpaper
10-31 13:10:33.259 1112 1112 W SystemServiceManager: Service com.android.server.wallpaper.WallpaperManagerService$Lifecycle took 51 ms in onBootPhase
10-31 13:10:33.259 1112 1112 D SystemServerTiming: OnBootPhase_550_com.android.server.wallpaper.WallpaperManagerService$Lifecycle took to complete: 51ms
10-31 13:10:33.259 1112 1112 I SystemServerTiming: OnBootPhase_550_com.android.server.audio.AudioService$Lifecycle
10-31 13:10:33.259 1112 1112 D SystemServerTiming: OnBootPhase_550_com.android.server.audio.AudioService$Lifecycle took to complete: 0ms
10-31 13:10:33.260 1112 1112 I SystemServerTiming: OnBootPhase_550_com.android.server.soundtrigger_middleware.SoundTriggerMiddlewareService$Lifecycle
10-31 13:10:33.260 1112 1112 D SystemServerTiming: OnBootPhase_550_com.android.server.soundtrigger_middleware.SoundTriggerMiddlewareService$Lifecycle took to complete: 0ms
10-31 13:10:33.260 1112 1112 I SystemServerTiming: OnBootPhase_550_com.android.server.DockObserver
10-31 13:10:33.260 1112 1112 D SystemServerTiming: OnBootPhase_550_com.android.server.DockObserver took to complete: 0ms
10-31 13:10:33.260 1112 1112 I SystemServerTiming: OnBootPhase_550_com.android.server.midi.MidiService$Lifecycle
10-31 13:10:33.260 1112 1112 D SystemServerTiming: OnBootPhase_550_com.android.server.midi.MidiService$Lifecycle took to complete: 0ms
10-31 13:10:33.260 1112 1112 I SystemServerTiming: OnBootPhase_550_com.android.server.adb.AdbService$Lifecycle
10-31 13:10:33.260 1112 1112 D SystemServerTiming: OnBootPhase_550_com.android.server.adb.AdbService$Lifecycle took to complete: 0ms
10-31 13:10:33.260 1112 1112 I SystemServerTiming: OnBootPhase_550_com.android.server.usb.UsbService$Lifecycle
10-31 13:10:33.261 1112 1112 D SystemServerTiming: OnBootPhase_550_com.android.server.usb.UsbService$Lifecycle took to complete: 1ms
10-31 13:10:33.261 1112 1112 I SystemServerTiming: OnBootPhase_550_com.android.server.twilight.TwilightService
10-31 13:10:33.261 1112 1112 D SystemServerTiming: OnBootPhase_550_com.android.server.twilight.TwilightService took to complete: 0ms
10-31 13:10:33.261 1112 1112 I SystemServerTiming: OnBootPhase_550_com.android.server.display.color.ColorDisplayService
10-31 13:10:33.261 1112 1112 D SystemServerTiming: OnBootPhase_550_com.android.server.display.color.ColorDisplayService took to complete: 0ms
10-31 13:10:33.261 1112 1112 I SystemServerTiming: OnBootPhase_550_com.android.server.job.JobSchedulerService
10-31 13:10:33.261 1112 1112 D SystemServerTiming: OnBootPhase_550_com.android.server.job.JobSchedulerService took to complete: 0ms
10-31 13:10:33.261 1112 1112 I SystemServerTiming: OnBootPhase_550_com.android.server.soundtrigger.SoundTriggerService
10-31 13:10:33.261 1112 1112 D SoundTriggerService: onBootPhase: 550 : false
10-31 13:10:33.261 1112 1112 D SystemServerTiming: OnBootPhase_550_com.android.server.soundtrigger.SoundTriggerService took to complete: 0ms
10-31 13:10:33.261 1112 1112 I SystemServerTiming: OnBootPhase_550_com.android.server.trust.TrustManagerService
10-31 13:10:33.261 1112 1112 D SystemServerTiming: OnBootPhase_550_com.android.server.trust.TrustManagerService took to complete: 0ms
10-31 13:10:33.261 1112 1112 I SystemServerTiming: OnBootPhase_550_com.android.server.backup.BackupManagerService$Lifecycle
10-31 13:10:33.261 1112 1112 D SystemServerTiming: OnBootPhase_550_com.android.server.backup.BackupManagerService$Lifecycle took to complete: 0ms
10-31 13:10:33.261 1112 1112 I SystemServerTiming: OnBootPhase_550_com.android.server.appwidget.AppWidgetService
10-31 13:10:33.261 1112 1112 D SystemServerTiming: OnBootPhase_550_com.android.server.appwidget.AppWidgetService took to complete: 0ms
10-31 13:10:33.261 1112 1112 I SystemServerTiming: OnBootPhase_550_com.android.server.voiceinteraction.VoiceInteractionManagerService
10-31 13:10:33.262 1112 1112 D SystemServerTiming: OnBootPhase_550_com.android.server.voiceinteraction.VoiceInteractionManagerService took to complete: 0ms
10-31 13:10:33.262 1112 1112 I SystemServerTiming: OnBootPhase_550_com.android.server.apphibernation.AppHibernationService
10-31 13:10:33.262 1112 1112 D SystemServerTiming: OnBootPhase_550_com.android.server.apphibernation.AppHibernationService took to complete: 0ms
10-31 13:10:33.262 1112 1112 I SystemServerTiming: OnBootPhase_550_com.android.server.GestureLauncherService
10-31 13:10:33.262 1112 1112 D SystemServerTiming: OnBootPhase_550_com.android.server.GestureLauncherService took to complete: 0ms
10-31 13:10:33.262 1112 1112 I SystemServerTiming: OnBootPhase_550_com.android.server.SensorNotificationService
10-31 13:10:33.262 1112 1112 D SystemServerTiming: OnBootPhase_550_com.android.server.SensorNotificationService took to complete: 0ms
10-31 13:10:33.262 1112 1112 I SystemServerTiming: OnBootPhase_550_com.android.server.emergency.EmergencyAffordanceService
10-31 13:10:33.262 1112 1112 D SystemServerTiming: OnBootPhase_550_com.android.server.emergency.EmergencyAffordanceService took to complete: 0ms
10-31 13:10:33.262 1112 1112 I SystemServerTiming: OnBootPhase_550_com.android.server.blob.BlobStoreManagerService
10-31 13:10:33.262 1112 1881 I SystemServerTimingAsync: InitThreadPoolExec:UsbService$Lifecycle#onBootPhase
10-31 13:10:33.262 1112 1881 D SystemServerInitThreadPool: Started executing UsbService$Lifecycle#onBootPhase
10-31 13:10:33.263 1112 1112 D SystemServerTiming: OnBootPhase_550_com.android.server.blob.BlobStoreManagerService took to complete: 0ms
10-31 13:10:33.263 1112 1112 I SystemServerTiming: OnBootPhase_550_com.android.server.dreams.DreamManagerService
10-31 13:10:33.263 1112 1112 D SystemServerTiming: OnBootPhase_550_com.android.server.dreams.DreamManagerService took to complete: 0ms
10-31 13:10:33.263 1112 1112 I SystemServerTiming: OnBootPhase_550_com.android.server.companion.CompanionDeviceManagerService
10-31 13:10:33.263 1112 1112 D SystemServerTiming: OnBootPhase_550_com.android.server.companion.CompanionDeviceManagerService took to complete: 0ms
10-31 13:10:33.263 1112 1112 I SystemServerTiming: OnBootPhase_550_com.android.server.restrictions.RestrictionsManagerService
10-31 13:10:33.263 1112 1112 D SystemServerTiming: OnBootPhase_550_com.android.server.restrictions.RestrictionsManagerService took to complete: 0ms
10-31 13:10:33.263 1112 1112 I SystemServerTiming: OnBootPhase_550_com.android.server.media.MediaSessionService
10-31 13:10:33.263 1112 1112 D SystemServerTiming: OnBootPhase_550_com.android.server.media.MediaSessionService took to complete: 0ms
10-31 13:10:33.263 1112 1112 I SystemServerTiming: OnBootPhase_550_com.android.server.media.MediaResourceMonitorService
10-31 13:10:33.263 1112 1112 D SystemServerTiming: OnBootPhase_550_com.android.server.media.MediaResourceMonitorService took to complete: 0ms
10-31 13:10:33.263 1112 1112 I SystemServerTiming: OnBootPhase_550_com.android.server.biometrics.sensors.fingerprint.FingerprintService
10-31 13:10:33.263 1112 1112 D SystemServerTiming: OnBootPhase_550_com.android.server.biometrics.sensors.fingerprint.FingerprintService took to complete: 0ms
10-31 13:10:33.263 1112 1112 I SystemServerTiming: OnBootPhase_550_com.android.server.biometrics.BiometricService
10-31 13:10:33.263 1112 1112 D SystemServerTiming: OnBootPhase_550_com.android.server.biometrics.BiometricService took to complete: 0ms
10-31 13:10:33.263 1112 1112 I SystemServerTiming: OnBootPhase_550_com.android.server.biometrics.AuthService
10-31 13:10:33.264 1112 1112 D SystemServerTiming: OnBootPhase_550_com.android.server.biometrics.AuthService took to complete: 0ms
10-31 13:10:33.264 1112 1112 I SystemServerTiming: OnBootPhase_550_com.android.server.pm.ShortcutService$Lifecycle
01-01 09:54:56.875 0 0 E : INFO: trying to register non-static key.
01-01 09:54:56.880 0 0 E : the code is fine but needs lockdep annotation.
01-01 09:54:56.885 0 0 I : CPU: 7 PID: 331 Comm: kworker/u16:9 Tainted: G S W O 4.19.157+ #1
01-01 09:54:56.885 0 0 I Hardware name: Qualcomm Technologies, Inc. kona MTP-RmPM8150b. VC1(FSE) EVT1 (DT)
01-01 09:54:56.885 0 0 I Workqueue: events_unbound ion_system_secure_heap_prefetch_work
01-01 09:54:56.885 0 0 I Call trace:
01-01 09:54:56.885 0 0 I : dump_backtrace+0x0/0x258
01-01 09:54:56.885 0 0 I : show_stack+0x20/0x30
01-01 09:54:56.885 0 0 I : dump_stack+0xd8/0x12c
01-01 09:54:56.885 0 0 I : register_lock_class+0x4d0/0x5c8
01-01 09:54:56.885 0 0 I : __lock_acquire+0xbc/0x1e58
01-01 09:54:56.885 0 0 I : lock_acquire+0x1cc/0x218
01-01 09:54:56.885 0 0 I : _raw_spin_lock_irqsave+0x54/0x98
01-01 09:54:56.885 0 0 I : ion_system_secure_heap_prefetch_work+0x94/0x2c0
01-01 09:54:56.885 0 0 I : process_one_work+0x38c/0x660
01-01 09:54:56.885 0 0 I : worker_thread+0x268/0x4b8
01-01 09:54:56.885 0 0 I : kthread+0x140/0x150
01-01 09:54:56.885 0 0 I : ret_from_fork+0x10/0x1c
01-01 09:54:56.894 0 0 E : INFO: trying to register non-static key.
10-31 13:10:33.264 1112 1112 D SystemServerTiming: OnBootPhase_550_com.android.server.pm.ShortcutService$Lifecycle took to complete: 0ms
10-31 13:10:33.264 1112 1112 I SystemServerTiming: OnBootPhase_550_com.android.server.pm.LauncherAppsService
10-31 13:10:33.264 1112 1112 D SystemServerTiming: OnBootPhase_550_com.android.server.pm.LauncherAppsService took to complete: 0ms
10-31 13:10:33.264 1112 1112 I SystemServerTiming: OnBootPhase_550_com.android.server.pm.CrossProfileAppsService
10-31 13:10:33.264 1112 1112 D SystemServerTiming: OnBootPhase_550_com.android.server.pm.CrossProfileAppsService took to complete: 0ms
10-31 13:10:33.264 1112 1112 I SystemServerTiming: OnBootPhase_550_com.android.server.people.PeopleService
10-31 13:10:33.264 1112 1112 D SystemServerTiming: OnBootPhase_550_com.android.server.people.PeopleService took to complete: 0ms
10-31 13:10:33.264 1112 1112 I SystemServerTiming: OnBootPhase_550_com.android.server.media.metrics.MediaMetricsManagerService
10-31 13:10:33.264 1112 1112 D SystemServerTiming: OnBootPhase_550_com.android.server.media.metrics.MediaMetricsManagerService took to complete: 0ms
10-31 13:10:33.264 1112 1112 I SystemServerTiming: OnBootPhase_550_com.android.server.media.projection.MediaProjectionManagerService
10-31 13:10:33.264 1112 1112 D SystemServerTiming: OnBootPhase_550_com.android.server.media.projection.MediaProjectionManagerService took to complete: 0ms
10-31 13:10:33.264 1112 1112 I SystemServerTiming: OnBootPhase_550_com.android.server.slice.SliceManagerService$Lifecycle
10-31 13:10:33.264 1112 1112 D SystemServerTiming: OnBootPhase_550_com.android.server.slice.SliceManagerService$Lifecycle took to complete: 0ms
10-31 13:10:33.264 1112 1112 I SystemServerTiming: OnBootPhase_550_com.android.server.stats.StatsCompanion$Lifecycle
10-31 13:10:33.264 1112 1112 D SystemServerTiming: OnBootPhase_550_com.android.server.stats.StatsCompanion$Lifecycle took to complete: 0ms
10-31 13:10:33.264 1112 1112 I SystemServerTiming: OnBootPhase_550_com.android.server.scheduling.RebootReadinessManagerService$Lifecycle
10-31 13:10:33.264 1112 1112 D SystemServerTiming: OnBootPhase_550_com.android.server.scheduling.RebootReadinessManagerService$Lifecycle took to complete: 0ms
10-31 13:10:33.264 1112 1112 I SystemServerTiming: OnBootPhase_550_com.android.server.stats.pull.StatsPullAtomService
10-31 13:10:33.264 1112 1112 D SystemServerTiming: OnBootPhase_550_com.android.server.stats.pull.StatsPullAtomService took to complete: 0ms
10-31 13:10:33.264 1112 1112 I SystemServerTiming: OnBootPhase_550_com.android.server.incident.IncidentCompanionService
10-31 13:10:33.265 1112 1112 D SystemServerTiming: OnBootPhase_550_com.android.server.incident.IncidentCompanionService took to complete: 0ms
10-31 13:10:33.265 1112 1112 I SystemServerTiming: OnBootPhase_550_com.android.server.MmsServiceBroker
10-31 13:10:33.265 1112 1112 D SystemServerTiming: OnBootPhase_550_com.android.server.MmsServiceBroker took to complete: 0ms
10-31 13:10:33.265 1112 1112 I SystemServerTiming: OnBootPhase_550_com.android.server.autofill.AutofillManagerService
10-31 13:10:33.265 1112 1112 D SystemServerTiming: OnBootPhase_550_com.android.server.autofill.AutofillManagerService took to complete: 0ms
10-31 13:10:33.265 1112 1112 I SystemServerTiming: OnBootPhase_550_com.android.server.clipboard.ClipboardService
10-31 13:10:33.265 1112 1112 D SystemServerTiming: OnBootPhase_550_com.android.server.clipboard.ClipboardService took to complete: 0ms
10-31 13:10:33.265 1112 1112 I SystemServerTiming: OnBootPhase_550_com.android.server.appbinding.AppBindingService$Lifecycle
10-31 13:10:33.265 1112 1112 I AppBindingService: Updating constants with: null
10-31 13:10:33.265 1112 1112 D SystemServerTiming: OnBootPhase_550_com.android.server.appbinding.AppBindingService$Lifecycle took to complete: 0ms
10-31 13:10:33.265 1112 1112 I SystemServerTiming: OnBootPhase_550_com.android.server.tracing.TracingServiceProxy
10-31 13:10:33.266 1112 1112 D SystemServerTiming: OnBootPhase_550_com.android.server.tracing.TracingServiceProxy took to complete: 0ms
10-31 13:10:33.266 1112 1112 I SystemServerTiming: OnBootPhase_550_com.android.server.policy.PermissionPolicyService
10-31 13:10:33.267 1112 1881 D SystemServerInitThreadPool: Finished executing UsbService$Lifecycle#onBootPhase
10-31 13:10:33.267 1112 1881 D SystemServerTimingAsync: InitThreadPoolExec:UsbService$Lifecycle#onBootPhase took to complete: 5ms
10-31 13:10:33.268 1112 1979 I UsbPortManager: ClientCallback V1_2:
10-31 13:10:33.269 1112 1181 I UsbPortManager: USB port added: port=UsbPort{id=, supportedModes=nonesupportedContaminantProtectionModes=0supportsEnableContaminantPresenceProtection=falsesupportsEnableContaminantPresenceDetection=false, status=UsbPortStatus{connected=false, currentMode=none, currentPowerRole=no-power, currentDataRole=no-data, supportedRoleCombinations=[no-power:no-data], contaminantDetectionStatus=0, contaminantProtectionStatus=0}, canChangeMode=false, canChangePowerRole=false, canChangeDataRole=false, connectedAtMillis=0, lastConnectDurationMillis=0
10-31 13:10:33.282 1112 1112 I PackageManager: Permission ownership changed. Updating all permissions.
01-01 09:54:56.899 0 0 E : the code is fine but needs lockdep annotation.
01-01 09:54:56.904 0 0 I : CPU: 7 PID: 331 Comm: kworker/u16:9 Tainted: G S W O 4.19.157+ #1
01-01 09:54:56.904 0 0 I Hardware name: Qualcomm Technologies, Inc. kona MTP-RmPM8150b. VC1(FSE) EVT1 (DT)
01-01 09:54:56.904 0 0 I Workqueue: events_unbound ion_system_secure_heap_prefetch_work
01-01 09:54:56.904 0 0 I Call trace:
01-01 09:54:56.904 0 0 I : dump_backtrace+0x0/0x258
01-01 09:54:56.904 0 0 I : show_stack+0x20/0x30
01-01 09:54:56.904 0 0 I : dump_stack+0xd8/0x12c
01-01 09:54:56.904 0 0 I : register_lock_class+0x4d0/0x5c8
01-01 09:54:56.904 0 0 I : __lock_acquire+0xbc/0x1e58
01-01 09:54:56.904 0 0 I : lock_acquire+0x1cc/0x218
01-01 09:54:56.904 0 0 I : _raw_spin_lock_irqsave+0x54/0x98
01-01 09:54:56.904 0 0 I : ion_system_secure_heap_prefetch_work+0x94/0x2c0
01-01 09:54:56.904 0 0 I : process_one_work+0x38c/0x660
01-01 09:54:56.904 0 0 I : worker_thread+0x268/0x4b8
01-01 09:54:56.904 0 0 I : kthread+0x140/0x150
01-01 09:54:56.904 0 0 I : ret_from_fork+0x10/0x1c
10-31 13:10:33.296 1112 1770 I commit_sys_config_file: [log-files,145]
01-01 09:54:56.913 0 0 E : INFO: trying to register non-static key.
01-01 09:54:56.918 0 0 E : the code is fine but needs lockdep annotation.
01-01 09:54:56.923 0 0 I : CPU: 7 PID: 331 Comm: kworker/u16:9 Tainted: G S W O 4.19.157+ #1
01-01 09:54:56.923 0 0 I Hardware name: Qualcomm Technologies, Inc. kona MTP-RmPM8150b. VC1(FSE) EVT1 (DT)
01-01 09:54:56.923 0 0 I Workqueue: events_unbound ion_system_secure_heap_prefetch_work
01-01 09:54:56.923 0 0 I Call trace:
01-01 09:54:56.923 0 0 I : dump_backtrace+0x0/0x258
01-01 09:54:56.923 0 0 I : show_stack+0x20/0x30
01-01 09:54:56.923 0 0 I : dump_stack+0xd8/0x12c
01-01 09:54:56.923 0 0 I : register_lock_class+0x4d0/0x5c8
01-01 09:54:56.923 0 0 I : __lock_acquire+0xbc/0x1e58
01-01 09:54:56.923 0 0 I : lock_acquire+0x1cc/0x218
01-01 09:54:56.923 0 0 I : _raw_spin_lock_irqsave+0x54/0x98
01-01 09:54:56.923 0 0 I : ion_system_secure_heap_prefetch_work+0x94/0x2c0
01-01 09:54:56.923 0 0 I : process_one_work+0x38c/0x660
01-01 09:54:56.923 0 0 I : worker_thread+0x268/0x4b8
01-01 09:54:56.923 0 0 I : kthread+0x140/0x150
01-01 09:54:56.923 0 0 I : ret_from_fork+0x10/0x1c
10-31 13:10:33.307 1112 1770 I commit_sys_config_file: [log-files,156]
10-31 13:10:33.312 1112 1112 D SystemServerTiming: OnBootPhase_550_com.android.server.policy.PermissionPolicyService took to complete: 47ms
10-31 13:10:33.312 1112 1112 I SystemServerTiming: OnBootPhase_550_com.android.server.pm.StagingManager$Lifecycle
10-31 13:10:33.312 1112 1112 D SystemServerTiming: OnBootPhase_550_com.android.server.pm.StagingManager$Lifecycle took to complete: 0ms
10-31 13:10:33.312 1112 1112 I SystemServerTiming: OnBootPhase_550_com.android.server.app.GameManagerService$Lifecycle
10-31 13:10:33.312 1112 1112 D SystemServerTiming: OnBootPhase_550_com.android.server.app.GameManagerService$Lifecycle took to complete: 0ms
10-31 13:10:33.312 1112 1112 I SystemServerTiming: OnBootPhase_550_com.android.server.appsearch.AppSearchManagerService
10-31 13:10:33.312 1112 1112 D SystemServerTiming: OnBootPhase_550_com.android.server.appsearch.AppSearchManagerService took to complete: 0ms
10-31 13:10:33.312 1112 1112 I SystemServerTiming: OnBootPhase_550_com.android.server.media.MediaCommunicationService
10-31 13:10:33.312 1112 1112 D SystemServerTiming: OnBootPhase_550_com.android.server.media.MediaCommunicationService took to complete: 0ms
10-31 13:10:33.312 1112 1112 D SystemServerTiming: OnBootPhase_550 took to complete: 191ms
10-31 13:10:33.312 1112 1112 D SystemServerTiming: StartActivityManagerReadyPhase took to complete: 191ms
10-31 13:10:33.313 1112 1112 I SystemServerTiming: StartObservingNativeCrashes
10-31 13:10:33.313 1112 1112 D SystemServerTiming: StartObservingNativeCrashes took to complete: 1ms
10-31 13:10:33.313 1112 1112 I SystemServerTiming: RegisterAppOpsPolicy
10-31 13:10:33.314 1112 1112 D SystemServerTiming: RegisterAppOpsPolicy took to complete: 1ms
10-31 13:10:33.315 1112 1112 I SystemServerTiming: MakeNetworkManagementServiceReady
10-31 13:10:33.315 1112 1771 I SystemServerTimingAsync: InitThreadPoolExec:WebViewFactoryPreparation
10-31 13:10:33.315 1112 1771 D SystemServerInitThreadPool: Started executing WebViewFactoryPreparation
10-31 13:10:33.315 1112 1771 I SystemServer: WebViewFactoryPreparation
10-31 13:10:33.315 1112 1771 I SystemServerTimingAsync: WebViewFactoryPreparation
10-31 13:10:33.317 1112 1771 I am_uid_running: 1037
10-31 13:10:33.318 1112 1771 D CompatibilityChangeReporter: Compat change id reported: 135634846; UID 1000; state: DISABLED
10-31 13:10:33.318 1112 1771 D CompatibilityChangeReporter: Compat change id reported: 177438394; UID 1000; state: DISABLED
10-31 13:10:33.319 1112 1771 D CompatibilityChangeReporter: Compat change id reported: 135772972; UID 1000; state: DISABLED
10-31 13:10:33.319 1112 1771 D CompatibilityChangeReporter: Compat change id reported: 178038272; UID 1000; state: DISABLED
10-31 13:10:33.320 1112 1112 D SystemServerTiming: MakeNetworkManagementServiceReady took to complete: 6ms
10-31 13:10:33.320 1112 1112 I SystemServerTiming: MakeIpSecServiceReady
01-01 09:54:56.931 0 0 E : INFO: trying to register non-static key.
01-01 09:54:56.936 0 0 E : the code is fine but needs lockdep annotation.
01-01 09:54:56.942 0 0 I : CPU: 7 PID: 331 Comm: kworker/u16:9 Tainted: G S W O 4.19.157+ #1
01-01 09:54:56.942 0 0 I Hardware name: Qualcomm Technologies, Inc. kona MTP-RmPM8150b. VC1(FSE) EVT1 (DT)
01-01 09:54:56.942 0 0 I Workqueue: events_unbound ion_system_secure_heap_prefetch_work
01-01 09:54:56.942 0 0 I Call trace:
01-01 09:54:56.942 0 0 I : dump_backtrace+0x0/0x258
01-01 09:54:56.942 0 0 I : show_stack+0x20/0x30
01-01 09:54:56.942 0 0 I : dump_stack+0xd8/0x12c
01-01 09:54:56.942 0 0 I : register_lock_class+0x4d0/0x5c8
01-01 09:54:56.942 0 0 I : __lock_acquire+0xbc/0x1e58
01-01 09:54:56.942 0 0 I : lock_acquire+0x1cc/0x218
01-01 09:54:56.942 0 0 I : _raw_spin_lock_irqsave+0x54/0x98
01-01 09:54:56.942 0 0 I : ion_system_secure_heap_prefetch_work+0x94/0x2c0
01-01 09:54:56.942 0 0 I : process_one_work+0x38c/0x660
01-01 09:54:56.942 0 0 I : worker_thread+0x268/0x4b8
01-01 09:54:56.942 0 0 I : kthread+0x140/0x150
01-01 09:54:56.942 0 0 I : ret_from_fork+0x10/0x1c
10-31 13:10:33.321 1112 1112 D IpSecService: IpSecService is ready
10-31 13:10:33.322 1112 1112 D SystemServerTiming: MakeIpSecServiceReady took to complete: 1ms
10-31 13:10:33.322 1112 1112 I SystemServerTiming: MakeNetworkStatsServiceReady
10-31 13:10:33.325 1112 1771 D SystemServerTimingAsync: WebViewFactoryPreparation took to complete: 10ms
10-31 13:10:33.325 1112 1771 D SystemServerInitThreadPool: Finished executing WebViewFactoryPreparation
10-31 13:10:33.325 1112 1771 D SystemServerTimingAsync: InitThreadPoolExec:WebViewFactoryPreparation took to complete: 10ms
01-01 09:54:56.950 0 0 E : INFO: trying to register non-static key.
10-31 13:10:33.337 1112 1770 E NativeTombstoneManager: Tombstone's UID (0) not an app, ignoring
10-31 13:10:33.338 1112 1770 I DropBoxManagerService: add tag=SYSTEM_TOMBSTONE_PROTO isTagEnabled=true flags=0x4
01-01 09:54:56.956 0 0 E : the code is fine but needs lockdep annotation.
01-01 09:54:56.961 0 0 I : CPU: 7 PID: 331 Comm: kworker/u16:9 Tainted: G S W O 4.19.157+ #1
01-01 09:54:56.961 0 0 I Hardware name: Qualcomm Technologies, Inc. kona MTP-RmPM8150b. VC1(FSE) EVT1 (DT)
01-01 09:54:56.961 0 0 I Workqueue: events_unbound ion_system_secure_heap_prefetch_work
01-01 09:54:56.961 0 0 I Call trace:
01-01 09:54:56.961 0 0 I : dump_backtrace+0x0/0x258
01-01 09:54:56.961 0 0 I : show_stack+0x20/0x30
01-01 09:54:56.961 0 0 I : dump_stack+0xd8/0x12c
01-01 09:54:56.961 0 0 I : register_lock_class+0x4d0/0x5c8
01-01 09:54:56.961 0 0 I : __lock_acquire+0xbc/0x1e58
01-01 09:54:56.961 0 0 I : lock_acquire+0x1cc/0x218
01-01 09:54:56.961 0 0 I : _raw_spin_lock_irqsave+0x54/0x98
01-01 09:54:56.961 0 0 I : ion_system_secure_heap_prefetch_work+0x94/0x2c0
01-01 09:54:56.961 0 0 I : process_one_work+0x38c/0x660
01-01 09:54:56.961 0 0 I : worker_thread+0x268/0x4b8
01-01 09:54:56.961 0 0 I : kthread+0x140/0x150
01-01 09:54:56.961 0 0 I : ret_from_fork+0x10/0x1c
01-01 09:54:56.961 0 0 E : INFO: trying to register non-static key.
01-01 09:54:56.966 0 0 E : the code is fine but needs lockdep annotation.
01-01 09:54:56.972 0 0 I : CPU: 7 PID: 331 Comm: kworker/u16:9 Tainted: G S W O 4.19.157+ #1
01-01 09:54:56.972 0 0 I Hardware name: Qualcomm Technologies, Inc. kona MTP-RmPM8150b. VC1(FSE) EVT1 (DT)
01-01 09:54:56.972 0 0 I Workqueue: events_unbound ion_system_secure_heap_prefetch_work
01-01 09:54:56.972 0 0 I Call trace:
01-01 09:54:56.972 0 0 I : dump_backtrace+0x0/0x258
01-01 09:54:56.972 0 0 I : show_stack+0x20/0x30
01-01 09:54:56.972 0 0 I : dump_stack+0xd8/0x12c
01-01 09:54:56.972 0 0 I : register_lock_class+0x4d0/0x5c8
01-01 09:54:56.972 0 0 I : __lock_acquire+0xbc/0x1e58
01-01 09:54:56.972 0 0 I : lock_acquire+0x1cc/0x218
01-01 09:54:56.972 0 0 I : _raw_spin_lock_irqsave+0x54/0x98
01-01 09:54:56.972 0 0 I : ion_system_secure_heap_prefetch_work+0x48/0x2c0
01-01 09:54:56.972 0 0 I : process_one_work+0x38c/0x660
01-01 09:54:56.972 0 0 I : worker_thread+0x33c/0x4b8
01-01 09:54:56.972 0 0 I : kthread+0x140/0x150
01-01 09:54:56.972 0 0 I : ret_from_fork+0x10/0x1c
10-31 13:10:33.359 1112 1211 W BatteryExternalStatsWorker: error reading modem stats:ERROR_PHONE_NOT_AVAILABLE
10-31 13:10:33.362 1112 1911 I commit_sys_config_file: [net-policy,3]
10-31 13:10:33.362 1112 1911 W NetworkPolicy: setRestrictBackgroundUL: already false
01-01 09:54:56.989 0 0 D cnss : MHI status cb is called with reason MISSION_MODE(6)
01-01 09:54:56.991 0 0 D cnss : Completed event: REGISTER_DRIVER(7), state: 0x10, ret: 0/0
01-01 09:54:57.001 0 0 D cnss : PM relax, state: 0x10, count: 0
01-01 09:54:57.002 0 0 D cnss : PM stay awake, state: 0x10, count: 1
01-01 09:54:57.002 0 0 D cnss : PM relax, state: 0x10, count: 0
10-31 13:10:33.385 1112 1770 I commit_sys_config_file: [log-files,234]
10-31 13:10:33.397 1112 1770 I commit_sys_config_file: [log-files,246]
10-31 13:10:33.401 1112 1908 D TelephonyRegistry: listen oscl: mHasNotifySubscriptionInfoChangedOccurred==false no callback
10-31 13:10:33.403 1112 1112 D SystemServerTiming: MakeNetworkStatsServiceReady took to complete: 80ms
10-31 13:10:33.403 1112 1112 I SystemServerTiming: MakeConnectivityServiceReady
01-01 09:54:57.004 0 0 E register_client_adhoc: find path.src 1 dest 589
01-01 09:54:57.005 0 0 E register_client_adhoc: Failed to find path.src 1 dest 589
01-01 09:54:57.021 0 0 E : [drm:dp_display_init_aux_switch][msm-dp-err][77 ]failed to register notifier (-22)
01-01 09:54:57.056 0 0 E swr-wcd rx_swr_ctrl: swrm_get_logical_dev_num: device 0xd01170224 is not ready
01-01 09:54:57.062 0 0 W : ------------[ cut here ]------------
01-01 09:54:57.064 0 0 W : WARNING: CPU: 6 PID: 2077 at sound/soc/soc-pcm.c:89 snd_soc_runtime_activate+0x8c/0x148
01-01 09:54:57.064 0 0 I : Modules linked in: cyttsp7_device_access cyttsp7_i2c cyttsp7 wlan(O) atmel_mxt_ts tsnv(O) machine_dlkm(O) wcd938x_slave_dlkm(O) wcd938x_dlkm(O) wcd9xxx_dlkm(O) mbhc_dlkm(O) tx_macro_dlkm(O) rx_macro_dlkm(O) va_macro_dlkm(O) wsa_macro_dlkm(O) swr_ctrl_dlkm(O) bolero_cdc_dlkm(O) wsa881x_dlkm(O) wcd_core_dlkm(O) stub_dlkm(O) hdmi_dlkm(O) swr_dlkm(O) pinctrl_lpi_dlkm(O) pinctrl_wcd_dlkm(O) usf_dlkm(O) native_dlkm(O) platform_dlkm(O) q6_dlkm(O) adsp_loader_dlkm(O) apr_dlkm(O) snd_event_dlkm(O) q6_notifier_dlkm(O) q6_pdr_dlkm(O) msm_11ad_proxy
01-01 09:54:57.064 0 0 I : CPU: 6 PID: 2077 Comm: writer Tainted: G S W O 4.19.157+ #1
01-01 09:54:57.064 0 0 I Hardware name: Qualcomm Technologies, Inc. kona MTP-RmPM8150b. VC1(FSE) EVT1 (DT)
01-01 09:54:57.064 0 0 I pstate : 60400005 (nZCv daif +PAN -UAO)
01-01 09:54:57.064 0 0 I pc : snd_soc_runtime_activate+0x8c/0x148
01-01 09:54:57.064 0 0 I lr : snd_soc_runtime_activate+0x8c/0x148
01-01 09:54:57.064 0 0 I sp : ffffff80230f3960
01-01 09:54:57.064 0 0 I : x29: ffffff80230f3960 x28: ffffffe24db8d088
01-01 09:54:57.064 0 0 I : x27: ffffffe24db8d088 x26: ffffffe24db8c880
01-01 09:54:57.064 0 0 I : x25: ffffffe24db8c880 x24: ffffffe280376700
01-01 09:54:57.064 0 0 I : x23: 0000000000000001 x22: ffffffe279d65480
01-01 09:54:57.064 0 0 I : x21: ffffffe279d65480 x20: 0000000000000000
01-01 09:54:57.064 0 0 I : x19: ffffffe24db8c880 x18: 0000000000000002
01-01 09:54:57.064 0 0 I : x17: ffffffa1cf387f0a x16: ffffffa1d02ec000
01-01 09:54:57.064 0 0 I : x15: ffffffa1cf3958d6 x14: 0000000000000086
01-01 09:54:57.064 0 0 I : x13: 0000000000000004 x12: 00000000319f00b3
01-01 09:54:57.064 0 0 I : x11: 0000000000000015 x10: 000000000682aaab
01-01 09:54:57.064 0 0 I : x9 : ec4831621d831e00 x8 : ec4831621d831e00
01-01 09:54:57.064 0 0 I : x7 : ffffffa1cd5826c0 x6 : 0000000000000000
01-01 09:54:57.064 0 0 I : x5 : 0000000000000080 x4 : 0000000000000001
01-01 09:54:57.064 0 0 I : x3 : ffffff80230f35d8 x2 : ffffffe2b8c0e1b0
01-01 09:54:57.064 0 0 I : x1 : ffffffa1cd582834 x0 : 0000000000000024
01-01 09:54:57.065 0 0 I Call trace:
01-01 09:54:57.065 0 0 I : snd_soc_runtime_activate+0x8c/0x148
01-01 09:54:57.065 0 0 I : soc_compr_open_fe+0x1e8/0x358
01-01 09:54:57.065 0 0 I : snd_compr_open+0x170/0x230
01-01 09:54:57.065 0 0 I : snd_open+0x148/0x178
01-01 09:54:57.065 0 0 I : chrdev_open+0x1c0/0x228
01-01 09:54:57.065 0 0 I : do_dentry_open+0x1ac/0x320
01-01 09:54:57.065 0 0 I : vfs_open+0x34/0x40
01-01 09:54:57.065 0 0 I : path_openat+0x964/0x14c0
01-01 09:54:57.065 0 0 I : do_filp_open+0x80/0x128
01-01 09:54:57.065 0 0 I : do_sys_open+0x140/0x250
01-01 09:54:57.065 0 0 I : __arm64_compat_sys_openat+0x28/0x38
01-01 09:54:57.065 0 0 I : el0_svc_common+0xa4/0x190
01-01 09:54:57.065 0 0 I : el0_svc_compat_handler+0x28/0x38
01-01 09:54:57.065 0 0 I : el0_svc_compat+0x8/0x34
01-01 09:54:57.065 0 0 I : irq event stamp: 1694
01-01 09:54:57.065 0 0 I : hardirqs last enabled at (1693): [] console_unlock+0x4bc/0x568
01-01 09:54:57.065 0 0 I : hardirqs last disabled at (1694): [] do_debug_exception+0x84/0x150
01-01 09:54:57.065 0 0 I : softirqs last enabled at (1690): [] __do_softirq+0x50c/0x554
01-01 09:54:57.065 0 0 I : softirqs last disabled at (1683): [] irq_exit+0xfc/0x120
01-01 09:54:57.065 0 0 W : ---[ end trace 00b4b2f98e0ef8ba ]---
01-01 09:54:57.067 0 0 E swr_get_logical_dev_num: Error -22 to get logical addr for device d01170224
10-31 13:10:33.409 1112 1770 E NativeTombstoneManager: Tombstone's UID (0) not an app, ignoring
10-31 13:10:33.410 1112 1770 I DropBoxManagerService: add tag=SYSTEM_TOMBSTONE_PROTO isTagEnabled=true flags=0x4
10-31 13:10:33.418 1112 1911 I service_manager_stats: [434,387,5030]
10-31 13:10:33.422 1112 1199 W ActivityManager: Slow operation: 168ms so far, now at startProcess: returned from zygote!
10-31 13:10:33.423 1112 1199 W ActivityManager: Slow operation: 169ms so far, now at startProcess: done updating battery stats
