10-31 13:10:40.287 1112 2153 D CompatibilityInfo: applicationScale - 1.0
10-31 13:10:40.288 1112 1181 I EthernetTracker: interfaceLinkStateChanged, iface: vlan0, up: false
10-31 13:10:40.288 1283 2955 V MediaCodec: -- Looking at startdata. presentation 1649000, start 50197381594
10-31 13:10:40.288 2065 2799 V Avrcp_ext: updateCurrentMediaState: mMediaController: null
10-31 13:10:40.288 1283 2955 V MediaCodec: -- match entry for 1649000, hits our frame of 1649000
10-31 13:10:40.288 2065 2799 W Avrcp_ext: isMusicActive: true getBluetoothPlayState: 2 A2dp State: 11 mAudioPlaybackIsActive: true
10-31 13:10:40.288 2065 2799 W Avrcp_ext: updateCurrentMediaState: isPlaying = false
10-31 13:10:40.288 2065 2799 V Avrcp_ext: Media update: id -1➡-1? [MediaAttributes: none] : [MediaAttributes: none]
10-31 13:10:40.288 2065 2799 D Avrcp_ext: isPackageNameValid: browsedPackage = isValid = false
10-31 13:10:40.288 2065 2799 V Avrcp_ext: updatePlaybackState, state: PlaybackState {state=2, position=-1, buffered position=0, speed=0.0, updated=50206, actions=0, custom actions=[], active item id=-1, error=null} device: null
10-31 13:10:40.288 2065 2799 V Avrcp_ext: Device: no name:
10-31 13:10:40.288 2065 2799 V Avrcp_ext: Device: no name:
10-31 13:10:40.288 2065 2799 V Avrcp_ext: Device: no name:
10-31 13:10:40.288 2065 2799 V Avrcp_ext: Device: no name:
10-31 13:10:40.288 2065 2799 V Avrcp_ext: Device: no name:
10-31 13:10:40.289 2065 2799 V Avrcp_ext: updatePlayerStateAndPosition, old=PlaybackState {state=2, position=-1, buffered position=0, speed=0.0, updated=48649, actions=0, custom actions=[], active item id=-1, error=null}, state=PlaybackState {state=2, position=-1, buffered position=0, speed=0.0, updated=50206, actions=0, custom actions=[], active item id=-1, error=null}
10-31 13:10:40.289 2065 2799 V Avrcp_ext: old state = PlaybackState {state=2, position=-1, buffered position=0, speed=0.0, updated=48649, actions=0, custom actions=[], active item id=-1, error=null}, new state= PlaybackState {state=2, position=-1, buffered position=0, speed=0.0, updated=50206, actions=0, custom actions=[], active item id=-1, error=null}
10-31 13:10:40.289 2065 2799 D HeadsetService: getHeadsetService(): returning com.android.bluetooth.hfp.HeadsetService@70ec136
10-31 13:10:40.289 2065 2799 D HeadsetService: isAudioOn: The number of audio connected devices 0
10-31 13:10:40.289 2065 2799 D HeadsetService: isScoOrCallActive(): Call Active:falseCall is Ringing:falseSCO is Active:false
10-31 13:10:40.289 2065 2799 D HeadsetService: isAudioOn: The number of audio connected devices 0
10-31 13:10:40.289 2065 2799 I Avrcp_ext: updatePlayStatusForDevice: device: null
10-31 13:10:40.289 2065 2799 V Avrcp_ext: updatePlaybackState (1): old=PlaybackState {state=2, position=-1, buffered position=0, speed=0.0, updated=48649, actions=0, custom actions=[], active item id=-1, error=null}(2), new=PlaybackState {state=2, position=-1, buffered position=0, speed=0.0, updated=50206, actions=0, custom actions=[], active item id=-1, error=null}(2)
10-31 13:10:40.289 2065 2799 I Avrcp_ext: Exit updatePlayStatusForDevice
10-31 13:10:40.289 2065 2799 D HeadsetService: isAudioOn: The number of audio connected devices 0
10-31 13:10:40.289 2065 2799 D HeadsetService: isScoOrCallActive(): Call Active:falseCall is Ringing:falseSCO is Active:false
10-31 13:10:40.289 2065 2799 D HeadsetService: isAudioOn: The number of audio connected devices 0
10-31 13:10:40.289 2065 2799 I Avrcp_ext: updatePlayStatusForDevice: device: null
10-31 13:10:40.289 2065 2799 V Avrcp_ext: updatePlaybackState (1): old=PlaybackState {state=2, position=-1, buffered position=0, speed=0.0, updated=48649, actions=0, custom actions=[], active item id=-1, error=null}(2), new=PlaybackState {state=2, position=-1, buffered position=0, speed=0.0, updated=50206, actions=0, custom actions=[], active item id=-1, error=null}(2)
10-31 13:10:40.289 2065 2799 I Avrcp_ext: Exit updatePlayStatusForDevice
10-31 13:10:40.289 2065 2799 D HeadsetService: isAudioOn: The number of audio connected devices 0
10-31 13:10:40.289 2065 2799 D HeadsetService: isScoOrCallActive(): Call Active:falseCall is Ringing:falseSCO is Active:false
10-31 13:10:40.289 2065 2799 D HeadsetService: isAudioOn: The number of audio connected devices 0
10-31 13:10:40.290 2065 2799 I Avrcp_ext: updatePlayStatusForDevice: device: null
10-31 13:10:40.290 2065 2799 V Avrcp_ext: updatePlaybackState (1): old=PlaybackState {state=2, position=-1, buffered position=0, speed=0.0, updated=48649, actions=0, custom actions=[], active item id=-1, error=null}(2), new=PlaybackState {state=2, position=-1, buffered position=0, speed=0.0, updated=50206, actions=0, custom actions=[], active item id=-1, error=null}(2)
10-31 13:10:40.290 2065 2799 I Avrcp_ext: Exit updatePlayStatusForDevice
10-31 13:10:40.290 2065 2799 D HeadsetService: isAudioOn: The number of audio connected devices 0
10-31 13:10:40.290 2065 2799 D HeadsetService: isScoOrCallActive(): Call Active:falseCall is Ringing:falseSCO is Active:false
10-31 13:10:40.290 2065 2799 D HeadsetService: isAudioOn: The number of audio connected devices 0
10-31 13:10:40.290 2065 2799 I Avrcp_ext: updatePlayStatusForDevice: device: null
10-31 13:10:40.290 2065 2799 V Avrcp_ext: updatePlaybackState (1): old=PlaybackState {state=2, position=-1, buffered position=0, speed=0.0, updated=48649, actions=0, custom actions=[], active item id=-1, error=null}(2), new=PlaybackState {state=2, position=-1, buffered position=0, speed=0.0, updated=50206, actions=0, custom actions=[], active item id=-1, error=null}(2)
10-31 13:10:40.290 2065 2799 I Avrcp_ext: Exit updatePlayStatusForDevice
10-31 13:10:40.291 2065 2799 D HeadsetService: isAudioOn: The number of audio connected devices 0
10-31 13:10:40.291 2065 2799 D HeadsetService: isScoOrCallActive(): Call Active:falseCall is Ringing:falseSCO is Active:false
10-31 13:10:40.291 2065 2799 D HeadsetService: isAudioOn: The number of audio connected devices 0
10-31 13:10:40.291 2065 2799 I Avrcp_ext: updatePlayStatusForDevice: device: null
10-31 13:10:40.291 2065 2799 V Avrcp_ext: updatePlaybackState (1): old=PlaybackState {state=2, position=-1, buffered position=0, speed=0.0, updated=48649, actions=0, custom actions=[], active item id=-1, error=null}(2), new=PlaybackState {state=2, position=-1, buffered position=0, speed=0.0, updated=50206, actions=0, custom actions=[], active item id=-1, error=null}(2)
10-31 13:10:40.291 2065 2799 I Avrcp_ext: Exit updatePlayStatusForDevice
10-31 13:10:40.291 2065 2799 D Avrcp_ext: Enter sendPlayPosNotificationRsp
10-31 13:10:40.291 2065 2799 D Avrcp_ext: sendPlayPosNotificationRsp: Not registered or requesting.
01-01 09:55:04.352 0 0 E [schedu][0x419ed4b5][13:10:40.731819] wlan: [2546:E:QDF] qdf_mem_malloc_debug: 1206: Cannot malloc 0 bytes @ csr_get_cfg_max_tx_power:14199
01-01 09:55:04.353 0 0 I binder : 3301:3301 ioctl 40046210 7ff99ba9a4 returned -22
01-01 09:55:04.384 0 0 E [schedu][0x41a83bc1][13:10:40.763914] wlan: [2546:E:QDF] qdf_mem_malloc_debug: 1206: Cannot malloc 0 bytes @ csr_get_cfg_max_tx_power:14199
01-01 09:55:04.386 0 0 I binder : 3271:3318 ioctl 40046210 77bfd16944 returned -22
10-31 13:10:40.291 2065 2799 D Avrcp_ext: Enter sendPlayPosNotificationRsp
10-31 13:10:40.291 2065 2799 D Avrcp_ext: sendPlayPosNotificationRsp: Not registered or requesting.
10-31 13:10:40.291 2065 2799 D Avrcp_ext: Enter sendPlayPosNotificationRsp
10-31 13:10:40.739 3317 3317 I auditd : type=1400 audit(0.0:119): avc: denied { read } for comm="ip" name="rt_tables" dev="dm-6" ino=353 scontext=u:r:ethernet:s0 tcontext=u:object_r:net_data_file:s0 tclass=file permissive=0
10-31 13:10:40.291 2065 2799 D Avrcp_ext: sendPlayPosNotificationRsp: Not registered or requesting.
10-31 13:10:40.291 2065 2799 D Avrcp_ext: Enter sendPlayPosNotificationRsp
10-31 13:10:40.291 2065 2799 D Avrcp_ext: sendPlayPosNotificationRsp: Not registered or requesting.
10-31 13:10:40.291 2065 2799 D Avrcp_ext: Enter sendPlayPosNotificationRsp
10-31 13:10:40.291 2065 2799 D Avrcp_ext: sendPlayPosNotificationRsp: Not registered or requesting.
10-31 13:10:40.291 2065 2799 V Avrcp_ext: Exit updatePlayerStateAndPosition
10-31 13:10:40.292 2065 2800 D Avrcp_ext: Adding media player info for com.android.systemui with id 1
10-31 13:10:40.294 1430 1460 D LOWI-9.0.0.87.a: [LOWINetlinkSocketReceiver] unpackRTMLinkMessage: RTM_NEWLINK - ifname wlan0, flags 0x1002 ()
10-31 13:10:40.294 1430 1460 D LOWI-9.0.0.87.a: [LOWINetlinkSocketReceiver] processNetlinkPacket: ifname(wlan0) status(0)
10-31 13:10:40.294 2065 2800 D Avrcp_ext: add #1:MediaPlayerInfo com.android.systemui (as '系统界面') Type = 1, SubType = 0, Status = 0 Feature Bits [40 41 42 44 45 47 48 58] Controller: MediaController (com.android.systemui@b8eb006) null
10-31 13:10:40.294 1430 1460 D LOWI-9.0.0.87.a: [LOWIController] intfStateReceived: ifname(wlan0) state(0)
10-31 13:10:40.294 2065 2800 I Avrcp_ext: onMediaKeyEventSessionChanged: token=com.android.systemui
10-31 13:10:40.294 2065 2800 W Avrcp_ext: No package name for player (0 not valid)
10-31 13:10:40.294 2065 2800 W Avrcp_ext: Changing addressed media session to com.android.systemui
10-31 13:10:40.294 2065 2800 V Avrcp_ext: getMediaPlayerInfo: Found com.android.systemui
10-31 13:10:40.295 1430 1466 D LOWI-9.0.0.87.a: [LOWIEventReceiver] handleEvent:FROM:NA, TO:NA, REQ:NA, IREQ:NA, REQ_ID:0, RESP:NA, INFO:INTF-STATUS-UPDATE
10-31 13:10:40.295 1430 1466 D LOWI-9.0.0.87.a: [LOWIEventReceiver] Info to [INTF-STATUS-UPDATE]
10-31 13:10:40.295 1430 1466 D LOWI-9.0.0.87.a: [LOWIController] updateIntfState: WIFI enabled 0 mNlWifiStatus 0 mWifiStateEnabled 0
10-31 13:10:40.295 1430 1466 D LOWI-9.0.0.87.a: [LOWIController] isWifiEnabled: mNlWifiStatus 0 mWifiStateEnabled 0
10-31 13:10:40.295 2065 2800 V Avrcp_ext: Set addressed #1 MediaPlayerInfo com.android.systemui (as '系统界面') Type = 1, SubType = 0, Status = 0 Feature Bits [40 41 42 44 45 47 48 58] Controller: MediaController (com.android.systemui@b8eb006) null
10-31 13:10:40.295 2065 2800 V Avrcp_ext: updateNewIds: Addressed:0 to 1, Browse:0 to 0
10-31 13:10:40.296 2065 2800 D Avrcp_ext: updateCurrentController: null to MediaController (com.android.systemui@b8eb006) null
10-31 13:10:40.297 3125 3125 D QCC-Netstats:native: JNI_OnLoad()
10-31 13:10:40.297 1283 2955 V MediaCodec: -- Looking at startdata. presentation 1668000, start 50207201021
10-31 13:10:40.297 3125 3125 I QCC-NetstatCollector: Loaded libqcc_netstats.so
10-31 13:10:40.297 1283 2955 V MediaCodec: -- match entry for 1668000, hits our frame of 1668000
10-31 13:10:40.297 3125 3125 I QCC-NetstatCollector: init
10-31 13:10:40.297 1283 2955 V MediaCodec: -- Looking at startdata. presentation 1688000, start 50207957167
10-31 13:10:40.297 1283 2955 V MediaCodec: -- match entry for 1688000, hits our frame of 1688000
10-31 13:10:40.297 1283 2955 V MediaCodec: presentation time: 0
10-31 13:10:40.298 1112 1139 W FreeFormWindowHelper: Current Display FreeFormTask is null
10-31 13:10:40.298 3125 3125 D QCC-NetstatCollector: QCCNetstatCollectServerSocket()
10-31 13:10:40.298 3125 3125 D QCC-NetstatCollector: QCCNetstatCollectServerSocket() address qdma_app.qdma-netstat
10-31 13:10:40.299 2079 2471 D BufferPoolAccessor2.0: bufferpool2 0xb4000078ba8b6798 : 0(0 size) total buffers - 0(0 size) used buffers - 3/7 (recycle/alloc) - 6/36 (fetch/transfer)
10-31 13:10:40.299 2079 2471 D BufferPoolAccessor2.0: evictor expired: 1, evicted: 1
10-31 13:10:40.299 2065 2800 V Avrcp_ext: updateCurrentMediaState: mMediaController: MediaController (com.android.systemui@b8eb006) null
10-31 13:10:40.299 2065 2800 W Avrcp_ext: isMusicActive: true getBluetoothPlayState: 2 A2dp State: 11 mAudioPlaybackIsActive: true
10-31 13:10:40.300 2065 2800 D Avrcp_ext: isMusicActive = true mAudioPlaybackIsActive = true player state = null
10-31 13:10:40.300 2065 2800 V Avrcp_ext: Media update: id -1➡-1? [MediaAttributes: none] : [MediaAttributes: none]
10-31 13:10:40.300 2065 2800 D Avrcp_ext: isPackageNameValid: browsedPackage = com.android.systemuiisValid = true
10-31 13:10:40.300 2065 2800 V Avrcp_ext: isBrowseSupported for com.android.systemui: false
10-31 13:10:40.300 2065 2800 V Avrcp_ext: updatePlaybackState, state: PlaybackState {state=3, position=-1, buffered position=0, speed=1.0, updated=50218, actions=0, custom actions=[], active item id=-1, error=null} device: null
10-31 13:10:40.301 2065 2800 V Avrcp_ext: Device: no name:
10-31 13:10:40.301 2065 2800 V Avrcp_ext: Device: no name:
10-31 13:10:40.301 2065 2800 V Avrcp_ext: Device: no name:
10-31 13:10:40.301 2065 2800 V Avrcp_ext: Device: no name:
10-31 13:10:40.301 2065 2800 V Avrcp_ext: Device: no name:
10-31 13:10:40.301 2065 2800 V Avrcp_ext: updatePlayerStateAndPosition, old=PlaybackState {state=2, position=-1, buffered position=0, speed=0.0, updated=50206, actions=0, custom actions=[], active item id=-1, error=null}, state=PlaybackState {state=3, position=-1, buffered position=0, speed=1.0, updated=50218, actions=0, custom actions=[], active item id=-1, error=null}
10-31 13:10:40.301 2065 2800 V Avrcp_ext: old state = PlaybackState {state=2, position=-1, buffered position=0, speed=0.0, updated=50206, actions=0, custom actions=[], active item id=-1, error=null}, new state= PlaybackState {state=3, position=-1, buffered position=0, speed=1.0, updated=50218, actions=0, custom actions=[], active item id=-1, error=null}
10-31 13:10:40.301 2065 2800 D HeadsetService: getHeadsetService(): returning com.android.bluetooth.hfp.HeadsetService@70ec136
01-01 09:55:04.420 0 0 E [soft_i][0x41b2dd8e][13:10:40.800204] wlan: [0:E:DP] dp_tx_initialize_threshold: tx flow control threshold is set, pool size is 4096
10-31 13:10:40.739 3317 3317 W ip : type=1400 audit(0.0:119): avc: denied { read } for name="rt_tables" dev="dm-6" ino=353 scontext=u:r:ethernet:s0 tcontext=u:object_r:net_data_file:s0 tclass=file permissive=0
01-01 09:55:04.442 0 0 I [schedu][0x41b94c76][13:10:40.822163] wlan: [2546:I:HDD] wlan0(vdevid-0): ca:b9:99:11:5b:de connected to 5c:02:14:f9:4f:d3
01-01 09:55:04.560 0 0 E i2c_geni 980000.i2c: i2c error :-107
10-31 13:10:40.301 2631 2631 E ThemeUtils: View class com.android.quickstep.views.ClearAllImageView is an AppCompat widget that can only be used with a Theme.AppCompat theme (or descendant).
10-31 13:10:40.301 2065 2800 D HeadsetService: isScoOrCallActive(): Call Active:falseCall is Ringing:falseSCO is Active:false
10-31 13:10:40.301 2065 2800 D HeadsetService: isAudioOn: The number of audio connected devices 0
10-31 13:10:40.301 2065 2800 V Avrcp_ext: isPlayStateTobeUpdated: device: null
10-31 13:10:40.301 2065 2800 V Avrcp_ext: Single connection exists
10-31 13:10:40.301 2065 2800 D HeadsetService: isAudioOn: The number of audio connected devices 0
10-31 13:10:40.301 2065 2800 D HeadsetService: isScoOrCallActive(): Call Active:falseCall is Ringing:falseSCO is Active:false
10-31 13:10:40.301 2065 2800 D HeadsetService: isAudioOn: The number of audio connected devices 0
10-31 13:10:40.301 499 499 I hwservicemanager: Since vendor.qti.hardware.iop@2.0::IIop/default is not registered, trying to start it as a lazy HAL.
10-31 13:10:40.301 2065 2800 V Avrcp_ext: isPlayStateTobeUpdated: device: null
10-31 13:10:40.302 1112 1181 I EthernetTracker: interfaceLinkStateChanged, iface: wlan0, up: false
10-31 13:10:40.302 2065 2800 V Avrcp_ext: Single connection exists
10-31 13:10:40.302 2065 2800 D HeadsetService: isAudioOn: The number of audio connected devices 0
10-31 13:10:40.302 2065 2800 D HeadsetService: isScoOrCallActive(): Call Active:falseCall is Ringing:falseSCO is Active:false
10-31 13:10:40.302 2065 2800 D HeadsetService: isAudioOn: The number of audio connected devices 0
10-31 13:10:40.302 2065 2800 V Avrcp_ext: isPlayStateTobeUpdated: device: null
10-31 13:10:40.302 2065 2800 V Avrcp_ext: Single connection exists
10-31 13:10:40.302 2065 2800 D HeadsetService: isAudioOn: The number of audio connected devices 0
10-31 13:10:40.302 2065 2800 D HeadsetService: isScoOrCallActive(): Call Active:falseCall is Ringing:falseSCO is Active:false
10-31 13:10:40.302 2065 2800 D HeadsetService: isAudioOn: The number of audio connected devices 0
10-31 13:10:40.302 2065 2800 V Avrcp_ext: isPlayStateTobeUpdated: device: null
10-31 13:10:40.302 2065 2800 V Avrcp_ext: Single connection exists
10-31 13:10:40.302 2065 2800 D HeadsetService: isAudioOn: The number of audio connected devices 0
10-31 13:10:40.302 2065 2800 D HeadsetService: isScoOrCallActive(): Call Active:falseCall is Ringing:falseSCO is Active:false
10-31 13:10:40.302 2065 2090 D BluetoothPbapService: getConnectionState: A4:77:58:71:7A:9A
10-31 13:10:40.303 1112 2153 D CompatibilityInfo: mCompatibilityFlags - 4
10-31 13:10:40.303 1112 2153 D CompatibilityInfo: applicationDensity - 240
10-31 13:10:40.303 1112 2153 D CompatibilityInfo: applicationScale - 1.0
10-31 13:10:40.304 3125 3265 D QCC-NetstatCollector: QCCNetstatCollectServerSocket recv thread start
10-31 13:10:40.304 3125 3265 D QCC-NetstatCollector: QCCNetstatCollectServerSocket begins to accept()
10-31 13:10:40.305 1298 1298 E ANDR-IOP: IIop:: Iop HAL Service is not available.
10-31 13:10:40.305 1112 2835 I am_proc_bound: [0,3231,android.process.media]
10-31 13:10:40.306 938 938 D android.hardware.wifi@1.0-service: Successfully SetMacAddress.
10-31 13:10:40.308 2065 2800 D HeadsetService: isAudioOn: The number of audio connected devices 0
10-31 13:10:40.308 2065 2800 V Avrcp_ext: isPlayStateTobeUpdated: device: null
10-31 13:10:40.308 2065 2800 V Avrcp_ext: Single connection exists
10-31 13:10:40.308 2065 2800 I Avrcp_ext: No active device found, update playstate to stack
10-31 13:10:40.308 2065 2800 E BluetoothAvrcpServiceJni: updatePlayStatusToStack
10-31 13:10:40.308 2065 2800 E bt_btif : update_play_status_to_stack:invalid index,remote suspend not set
10-31 13:10:40.308 2065 2800 E BluetoothAvrcpServiceJni: updatePlayStatusToStack: status: 1
10-31 13:10:40.308 2065 2800 D Avrcp_ext: Enter sendPlayPosNotificationRsp
10-31 13:10:40.308 2065 2800 D Avrcp_ext: sendPlayPosNotificationRsp: Not registered or requesting.
10-31 13:10:40.308 2065 2800 D Avrcp_ext: Enter sendPlayPosNotificationRsp
10-31 13:10:40.308 2065 2800 D Avrcp_ext: sendPlayPosNotificationRsp: Not registered or requesting.
10-31 13:10:40.309 2065 2800 D Avrcp_ext: Enter sendPlayPosNotificationRsp
10-31 13:10:40.309 2065 2800 D Avrcp_ext: sendPlayPosNotificationRsp: Not registered or requesting.
10-31 13:10:40.309 2065 2800 D Avrcp_ext: Enter sendPlayPosNotificationRsp
10-31 13:10:40.309 2065 2800 D Avrcp_ext: sendPlayPosNotificationRsp: Not registered or requesting.
10-31 13:10:40.309 2065 2800 D Avrcp_ext: Enter sendPlayPosNotificationRsp
10-31 13:10:40.309 2065 2800 D Avrcp_ext: sendPlayPosNotificationRsp: Not registered or requesting.
10-31 13:10:40.309 2065 2800 V Avrcp_ext: Exit updatePlayerStateAndPosition
10-31 13:10:40.310 2065 2800 V Avrcp_ext: updateCurrentMediaState: mMediaController: MediaController (com.android.systemui@b8eb006) null
10-31 13:10:40.310 2065 2800 W Avrcp_ext: isMusicActive: true getBluetoothPlayState: 1 A2dp State: 11 mAudioPlaybackIsActive: true
10-31 13:10:40.311 2065 2800 D Avrcp_ext: isMusicActive = true mAudioPlaybackIsActive = true player state = null
10-31 13:10:40.311 2065 2800 V Avrcp_ext: Media update: id -1➡-1? [MediaAttributes: none] : [MediaAttributes: none]
10-31 13:10:40.311 2065 2800 D Avrcp_ext: isPackageNameValid: browsedPackage = com.android.systemuiisValid = true
10-31 13:10:40.312 2065 2800 V Avrcp_ext: isBrowseSupported for com.android.systemui: false
10-31 13:10:40.312 2065 2800 V Avrcp_ext: updatePlaybackState, state: PlaybackState {state=3, position=-1, buffered position=0, speed=1.0, updated=50229, actions=0, custom actions=[], active item id=-1, error=null} device: null
10-31 13:10:40.312 2065 2800 V Avrcp_ext: Device: no name:
10-31 13:10:40.312 2065 2800 V Avrcp_ext: Device: no name:
10-31 13:10:40.312 2065 2800 V Avrcp_ext: Device: no name:
10-31 13:10:40.312 2065 2800 V Avrcp_ext: Device: no name:
10-31 13:10:40.312 2065 2800 V Avrcp_ext: Device: no name:
10-31 13:10:40.312 2065 2800 V Avrcp_ext: updatePlayerStateAndPosition, old=PlaybackState {state=3, position=-1, buffered position=0, speed=1.0, updated=50218, actions=0, custom actions=[], active item id=-1, error=null}, state=PlaybackState {state=3, position=-1, buffered position=0, speed=1.0, updated=50229, actions=0, custom actions=[], active item id=-1, error=null}
10-31 13:10:40.312 2065 2800 V Avrcp_ext: old state = PlaybackState {state=3, position=-1, buffered position=0, speed=1.0, updated=50218, actions=0, custom actions=[], active item id=-1, error=null}, new state= PlaybackState {state=3, position=-1, buffered position=0, speed=1.0, updated=50229, actions=0, custom actions=[], active item id=-1, error=null}
10-31 13:10:40.312 2065 2800 D HeadsetService: getHeadsetService(): returning com.android.bluetooth.hfp.HeadsetService@70ec136
10-31 13:10:40.312 2065 2800 D HeadsetService: isAudioOn: The number of audio connected devices 0
10-31 13:10:40.312 2065 2800 D HeadsetService: isScoOrCallActive(): Call Active:falseCall is Ringing:falseSCO is Active:false
10-31 13:10:40.312 2065 2800 D HeadsetService: isAudioOn: The number of audio connected devices 0
10-31 13:10:40.312 2065 2800 V Avrcp_ext: isPlayStateTobeUpdated: device: null
10-31 13:10:40.312 2065 2800 V Avrcp_ext: Single connection exists
10-31 13:10:40.312 2065 2800 D HeadsetService: isAudioOn: The number of audio connected devices 0
10-31 13:10:40.312 2065 2800 D HeadsetService: isScoOrCallActive(): Call Active:falseCall is Ringing:falseSCO is Active:false
10-31 13:10:40.312 2065 2800 D HeadsetService: isAudioOn: The number of audio connected devices 0
10-31 13:10:40.312 2065 2800 V Avrcp_ext: isPlayStateTobeUpdated: device: null
10-31 13:10:40.312 2065 2800 V Avrcp_ext: Single connection exists
10-31 13:10:40.313 2065 2800 D HeadsetService: isAudioOn: The number of audio connected devices 0
10-31 13:10:40.313 2065 2800 D HeadsetService: isScoOrCallActive(): Call Active:falseCall is Ringing:falseSCO is Active:false
10-31 13:10:40.313 2065 2800 D HeadsetService: isAudioOn: The number of audio connected devices 0
10-31 13:10:40.313 2065 2800 V Avrcp_ext: isPlayStateTobeUpdated: device: null
10-31 13:10:40.313 2065 2800 V Avrcp_ext: Single connection exists
10-31 13:10:40.313 2065 2800 D HeadsetService: isAudioOn: The number of audio connected devices 0
10-31 13:10:40.313 2065 2800 D HeadsetService: isScoOrCallActive(): Call Active:falseCall is Ringing:falseSCO is Active:false
10-31 13:10:40.313 2065 2800 D HeadsetService: isAudioOn: The number of audio connected devices 0
10-31 13:10:40.313 2065 2800 V Avrcp_ext: isPlayStateTobeUpdated: device: null
10-31 13:10:40.313 2065 2800 V Avrcp_ext: Single connection exists
10-31 13:10:40.313 2065 2800 D HeadsetService: isAudioOn: The number of audio connected devices 0
10-31 13:10:40.313 2065 2800 D HeadsetService: isScoOrCallActive(): Call Active:falseCall is Ringing:falseSCO is Active:false
10-31 13:10:40.313 2065 2800 D HeadsetService: isAudioOn: The number of audio connected devices 0
10-31 13:10:40.313 2065 2800 V Avrcp_ext: isPlayStateTobeUpdated: device: null
10-31 13:10:40.313 2065 2800 V Avrcp_ext: Single connection exists
10-31 13:10:40.313 3208 3208 D CompatibilityChangeReporter: Compat change id reported: 171979766; UID 1000; state: ENABLED
10-31 13:10:40.313 2065 2800 D Avrcp_ext: Enter sendPlayPosNotificationRsp
10-31 13:10:40.313 2065 2800 D Avrcp_ext: sendPlayPosNotificationRsp: Not registered or requesting.
10-31 13:10:40.313 2065 2800 D Avrcp_ext: Enter sendPlayPosNotificationRsp
10-31 13:10:40.313 2065 2800 D Avrcp_ext: sendPlayPosNotificationRsp: Not registered or requesting.
10-31 13:10:40.313 2065 2800 D Avrcp_ext: Enter sendPlayPosNotificationRsp
10-31 13:10:40.313 2065 2800 D Avrcp_ext: sendPlayPosNotificationRsp: Not registered or requesting.
10-31 13:10:40.314 2065 2800 D Avrcp_ext: Enter sendPlayPosNotificationRsp
10-31 13:10:40.314 2065 2800 D Avrcp_ext: sendPlayPosNotificationRsp: Not registered or requesting.
10-31 13:10:40.314 2065 2800 D Avrcp_ext: Enter sendPlayPosNotificationRsp
10-31 13:10:40.314 2065 2800 D Avrcp_ext: sendPlayPosNotificationRsp: Not registered or requesting.
10-31 13:10:40.314 2065 2800 V Avrcp_ext: Exit updatePlayerStateAndPosition
10-31 13:10:40.316 1283 1836 V MediaCodec: TunnelPeekState: BufferRendered -> BufferRendered
10-31 13:10:40.316 1112 2835 D CompatibilityChangeReporter: Compat change id reported: 168419799; UID 10021; state: DISABLED
10-31 13:10:40.317 1112 2835 D CompatibilityInfo: mCompatibilityFlags - 4
10-31 13:10:40.317 1112 2835 D CompatibilityInfo: applicationDensity - 240
10-31 13:10:40.317 1112 2835 D CompatibilityInfo: applicationScale - 1.0
10-31 13:10:40.318 1112 1183 I DropBoxManagerService: add tag=system_app_strictmode isTagEnabled=true flags=0x2
10-31 13:10:40.323 2065 2090 D BluetoothPbapService: getConnectionState: A4:77:58:71:7A:9A
10-31 13:10:40.325 2079 2079 D MediaRouter: onRestoreRoute() : route=RouteInfo{ name=平板电脑, description=null, status=null, category=RouteCategory{ name=系统 types=ROUTE_TYPE_LIVE_AUDIO ROUTE_TYPE_LIVE_VIDEO groupable=false }, supportedTypes=ROUTE_TYPE_LIVE_AUDIO ROUTE_TYPE_LIVE_VIDEO , presentationDisplay=null }
10-31 13:10:40.325 2079 2079 V MediaRouter: Selecting route: RouteInfo{ name=平板电脑, description=null, status=null, category=RouteCategory{ name=系统 types=ROUTE_TYPE_LIVE_AUDIO ROUTE_TYPE_LIVE_VIDEO groupable=false }, supportedTypes=ROUTE_TYPE_LIVE_AUDIO ROUTE_TYPE_LIVE_VIDEO , presentationDisplay=null }
10-31 13:10:40.325 1112 2835 D CompatibilityInfo: mCompatibilityFlags - 4
10-31 13:10:40.325 1112 2835 D CompatibilityInfo: applicationDensity - 240
10-31 13:10:40.325 1112 2835 D CompatibilityInfo: applicationScale - 1.0
10-31 13:10:40.328 3203 3203 I Perf : Connecting to perf service.
10-31 13:10:40.330 499 3266 W libc : Unable to set property "ctl.interface_start" to "vendor.qti.hardware.iop@2.0::IIop/default": error code: 0x20
10-31 13:10:40.331 1430 1460 D LOWI-9.0.0.87.a: [LOWINetlinkSocketReceiver] unpackRTMLinkMessage: RTM_NEWLINK - ifname wlan0, flags 0x1003 ([UP])
10-31 13:10:40.331 1430 1460 D LOWI-9.0.0.87.a: [LOWINetlinkSocketReceiver] processNetlinkPacket: ifname(wlan0) status(1)
10-31 13:10:40.332 1430 1460 D LOWI-9.0.0.87.a: [LOWIController] intfStateReceived: ifname(wlan0) state(1)
10-31 13:10:40.332 1430 1466 D LOWI-9.0.0.87.a: [LOWIEventReceiver] handleEvent:FROM:NA, TO:NA, REQ:NA, IREQ:NA, REQ_ID:0, RESP:NA, INFO:INTF-STATUS-UPDATE
10-31 13:10:40.332 1430 1466 D LOWI-9.0.0.87.a: [LOWIEventReceiver] Info to [INTF-STATUS-UPDATE]
10-31 13:10:40.332 1430 1466 D LOWI-9.0.0.87.a: [LOWIController] updateIntfState: WIFI enabled 1 mNlWifiStatus 0 mWifiStateEnabled 0
10-31 13:10:40.332 1430 1466 D LOWI-9.0.0.87.a: [LOWIController] isWifiEnabled: mNlWifiStatus 1 mWifiStateEnabled 0
10-31 13:10:40.332 1430 1466 I LOWI-9.0.0.87.a: [LOWIController] isWifiEnabled: Wifi is now enabled
10-31 13:10:40.332 1430 1466 D LOWI-9.0.0.87.a: [LOWIController] terminateScanResultReceiver
10-31 13:10:40.333 499 3266 I hwservicemanager: Tried to start vendor.qti.hardware.iop@2.0::IIop/default as a lazy service, but was unable to. Usually this happens when a service is not installed, but if the service is intended to be used as a lazy service, then it may be configured incorrectly.
10-31 13:10:40.334 3231 3231 D CompatibilityChangeReporter: Compat change id reported: 171979766; UID 10021; state: ENABLED
10-31 13:10:40.335 1112 1181 I EthernetTracker: interfaceLinkStateChanged, iface: wlan0, up: false
10-31 13:10:40.340 2631 2631 D EditModeHelper: setHotseatVisibility: 0
10-31 13:10:40.345 2079 2079 D InterruptionStateProvider: No bubble up: not allowed to bubble: -1|android|55|null|1000
10-31 13:10:40.346 2079 2079 D InterruptionStateProvider: No heads up: unimportant notification: -1|android|55|null|1000
10-31 13:10:40.347 2631 2631 D Launcher.Model: startLoader
10-31 13:10:40.347 2631 2631 D Launcher.Model: java.lang.Exception
10-31 13:10:40.347 2631 2631 D Launcher.Model: at com.android.launcher3.LauncherModel.startLoader(LauncherModel.java:353)
10-31 13:10:40.347 2631 2631 D Launcher.Model: at com.android.launcher3.LauncherModel.addCallbacksAndLoad(LauncherModel.java:333)
10-31 13:10:40.347 2631 2631 D Launcher.Model: at com.android.launcher3.Launcher.onCreate(Launcher.java:526)
10-31 13:10:40.347 2631 2631 D Launcher.Model: at com.android.launcher3.BaseQuickstepLauncher.onCreate(BaseQuickstepLauncher.java:146)
10-31 13:10:40.347 2631 2631 D Launcher.Model: at android.app.Activity.performCreate(Activity.java:8076)
10-31 13:10:40.347 2631 2631 D Launcher.Model: at android.app.Activity.performCreate(Activity.java:8056)
10-31 13:10:40.347 2631 2631 D Launcher.Model: at android.app.Instrumentation.callActivityOnCreate(Instrumentation.java:1330)
10-31 13:10:40.347 2631 2631 D Launcher.Model: at android.app.ActivityThread.performLaunchActivity(ActivityThread.java:3609)
10-31 13:10:40.347 2631 2631 D Launcher.Model: at android.app.ActivityThread.handleLaunchActivity(ActivityThread.java:3793)
10-31 13:10:40.347 2631 2631 D Launcher.Model: at android.app.servertransaction.LaunchActivityItem.execute(LaunchActivityItem.java:103)
10-31 13:10:40.347 2631 2631 D Launcher.Model: at android.app.servertransaction.TransactionExecutor.executeCallbacks(TransactionExecutor.java:135)
10-31 13:10:40.347 2631 2631 D Launcher.Model: at android.app.servertransaction.TransactionExecutor.execute(TransactionExecutor.java:95)
10-31 13:10:40.347 2631 2631 D Launcher.Model: at android.app.ActivityThread$H.handleMessage(ActivityThread.java:2211)
10-31 13:10:40.347 2631 2631 D Launcher.Model: at android.os.Handler.dispatchMessage(Handler.java:106)
10-31 13:10:40.347 2631 2631 D Launcher.Model: at android.os.Looper.loopOnce(Looper.java:201)
10-31 13:10:40.347 2631 2631 D Launcher.Model: at android.os.Looper.loop(Looper.java:288)
10-31 13:10:40.347 2631 2631 D Launcher.Model: at android.app.ActivityThread.main(ActivityThread.java:7880)
10-31 13:10:40.347 2631 2631 D Launcher.Model: at java.lang.reflect.Method.invoke(Native Method)
10-31 13:10:40.347 2631 2631 D Launcher.Model: at com.android.internal.os.RuntimeInit$MethodAndArgsCaller.run(RuntimeInit.java:548)
10-31 13:10:40.347 2631 2631 D Launcher.Model: at com.android.internal.os.ZygoteInit.main(ZygoteInit.java:1009)
10-31 13:10:40.349 1112 1918 D WifiClientModeImpl[wlan0]: ConnectedMacRandomization SSID(ThunderSoft_XTS_5G). setMacAddress(ca:b9:99:11:5b:de) from 2a:89:6f:5e:cc:14 = true
10-31 13:10:40.354 1283 1836 V MediaCodec: TunnelPeekState: BufferRendered -> BufferRendered
10-31 13:10:40.357 3203 3203 V GraphicsEnvironment: ANGLE Developer option for 'com.android.providers.media.module' set to: 'default'
10-31 13:10:40.367 1112 1199 I liblog : 5
10-31 13:10:40.368 1112 1199 I liblog : 1
10-31 13:10:40.368 1112 1199 W ActivityManager: Slow operation: 718ms so far, now at startProcess: done updating pids map
10-31 13:10:40.368 1112 1199 W ActivityManager: Slow operation: 351ms so far, now at startProcess: asking zygote to start proc
10-31 13:10:40.368 3203 3203 D NetworkSecurityConfig: No Network Security Config specified, using platform default
10-31 13:10:40.369 1112 1199 D CompatibilityChangeReporter: Compat change id reported: 143937733; UID 10088; state: ENABLED
10-31 13:10:40.369 1112 1918 I WifiClientModeImpl[wlan0]: Connecting with ca:b9:99:11:5b:de as the mac address
10-31 13:10:40.369 1294 1294 W wificond: Scan is not started. Ignore abort request
10-31 13:10:40.370 1112 1918 D SupplicantStaIfaceHal: connectToNetwork "ThunderSoft_XTS_5G"WPA_PSK isMixedGbkUtf=false
10-31 13:10:40.372 1112 1918 I SupplicantStaIfaceHal: addSupplicantStaNetwork via HIDL
10-31 13:10:40.374 1430 1466 D LOWI-9.0.0.87.a: [LOWIWpaInterface] OpenCtrl]61 Success for mCtrl
10-31 13:10:40.374 1430 1466 D LOWI-9.0.0.87.a: [LOWI-Scan] nl80211_init:SUCCESS
10-31 13:10:40.379 499 499 I hwservicemanager: getTransport: Cannot find entry android.hardware.wifi.supplicant@1.4::ISupplicant/default in either framework or device VINTF manifest.
10-31 13:10:40.382 1283 1836 V MediaCodec: TunnelPeekState: BufferRendered -> BufferRendered
10-31 13:10:40.384 1430 1466 D LOWI-9.0.0.87.a: [LOWI-Scan] nl_get_wiphy_info, done err = 0
10-31 13:10:40.385 499 499 I hwservicemanager: getTransport: Cannot find entry android.hardware.wifi.supplicant@1.4::ISupplicant/default in either framework or device VINTF manifest.
10-31 13:10:40.385 1430 1466 I LOWI-9.0.0.87.a: [LOWI-Scan] WipsGetSupportedChannels: return err = 0 num_2g_ch = 13 num_5g_ch = 13 num_6g_ch = 0
10-31 13:10:40.385 1430 1466 I LOWI-9.0.0.87.a: [LOWIWifiDriverUtils] set the band mask from wiphy 3
10-31 13:10:40.428 2631 2631 I liblog : 2
10-31 13:10:40.428 2631 2631 D TCServiceManager: add linkToDeath
10-31 13:10:40.428 2631 2631 D TCServiceManager: TCServiceManager bind TcService, status=success
10-31 13:10:40.429 2541 2586 D ProtectUartService: received RegisterListener token:LAUNCHER_VOLTAGE_PROTECT
10-31 13:10:40.430 2631 2631 I wm_on_create_called: [87282723,com.android.launcher3.uioverrides.QuickstepLauncher,performCreate]
10-31 13:10:40.431 2631 2631 I wm_on_start_called: [87282723,com.android.launcher3.uioverrides.QuickstepLauncher,handleStartActivity]
10-31 13:10:40.432 2631 2631 I wm_on_resume_called: [87282723,com.android.launcher3.uioverrides.QuickstepLauncher,RESUME_ACTIVITY]
10-31 13:10:40.432 1283 1836 V MediaCodec: TunnelPeekState: BufferRendered -> BufferRendered
10-31 13:10:40.433 1430 3272 I liblog : 16
10-31 13:10:40.433 1430 3272 D LOWI-9.0.0.87.a: [LOWI-Scan] Creating the pipe
10-31 13:10:40.433 1430 3272 D LOWI-9.0.0.87.a: [LOWIScanResultReceiver] Enter passive listening mode
10-31 13:10:40.433 1430 3272 D LOWI-9.0.0.87.a: [LOWIWifiDriverInterface] getMeasurements - Passive listening mode
10-31 13:10:40.433 1430 3272 D LOWI-9.0.0.87.a: [LOWI-Scan] WipsScanUsingNL:wait -1 sec for netlink message
10-31 13:10:40.439 1283 1836 V MediaCodec: -- Looking at startdata. presentation 6833333, start 49743552531
10-31 13:10:40.439 1283 1836 V MediaCodec: -- match entry for 6833333, hits our frame of 6833333
10-31 13:10:40.441 1283 1836 V MediaCodec: -- Looking at startdata. presentation 6866666, start 49761606490
10-31 13:10:40.441 1283 1836 V MediaCodec: -- match entry for 6866666, hits our frame of 6866666
10-31 13:10:40.444 1283 1836 V MediaCodec: -- Looking at startdata. presentation 6900000, start 49762749719
10-31 13:10:40.444 1283 1836 V MediaCodec: -- match entry for 6900000, hits our frame of 6900000
10-31 13:10:40.446 3231 3231 I Perf : Connecting to perf service.
10-31 13:10:40.448 938 2827 I WifiHAL : send_nl_data: sent cld80211 msg of len: 48 to driver
10-31 13:10:40.449 1430 3273 D LOWI-9.0.0.87.a: [LOWI-ROME-RTT] send_cld80211_nlmsg: sent cld80211 message for pid 1430
10-31 13:10:40.449 1430 3273 D LOWI-9.0.0.87.a: [LOWIRangingFSM] FSM: New FSM state: STATE_IDLE_START
10-31 13:10:40.449 1430 3273 D LOWI-9.0.0.87.a: [LOWI-ROME-RTT] RomeWaitOnActivityOnSocketOrPipe: issue timed select: TO: 5
10-31 13:10:40.450 1283 1836 V MediaCodec: TunnelPeekState: BufferRendered -> BufferRendered
10-31 13:10:40.450 1283 1836 V MediaCodec: -- Looking at startdata. presentation 6933333, start 49776166490
10-31 13:10:40.450 1283 1836 V MediaCodec: -- match entry for 6933333, hits our frame of 6933333
10-31 13:10:40.451 1015 1732 D AudioFlinger: mixer(0xb40000783607b010) throttle end: throttle time(7)
10-31 13:10:40.451 1283 1836 V MediaCodec: -- Looking at startdata. presentation 6966666, start 49944809875
10-31 13:10:40.451 1283 1836 V MediaCodec: -- match entry for 6966666, hits our frame of 6966666
10-31 13:10:40.451 2882 2900 I adbd : jdwp connection from 3271
10-31 13:10:40.451 938 2827 I WifiHAL : send oem msg of len : 40 to apps
10-31 13:10:40.453 1430 3273 D LOWI-9.0.0.87.a: [LOWI-ROME-RTT] RomeWaitOnActivityOnSocketOrPipe: timed select over: TO: 5 retVal: 1
10-31 13:10:40.453 1430 3273 D LOWI-9.0.0.87.a: [LOWI-ROME-RTT] event_handler: Valid data with length 11
10-31 13:10:40.453 1430 3273 D LOWI-9.0.0.87.a: [LOWI-HELIUM-RTT] RomeNLRecvMessage: The Received RomeMsgType: ROME_REG_RSP_MSG
10-31 13:10:40.453 1430 3273 D LOWI-9.0.0.87.a: [LOWIRangingFSM] FSM: Received Event EVENT_REGISTRATION_SUCCESS, Current state: STATE_IDLE_START
10-31 13:10:40.453 1430 3273 D LOWI-9.0.0.87.a: [LOWI-ROME-RTT] RomeExtractRegRsp: driver support nl packing for oem data
10-31 13:10:40.453 1430 3273 I LOWI-9.0.0.87.a: [LOWI-ROME-RTT] RomeExtractRegRsp: nl format oem data enabled
10-31 13:10:40.453 1430 3273 D LOWI-9.0.0.87.a: [LOWI-ROME-RTT] RomeExtractRegRsp: Registered with CLD, 1 vDevs. Using 0 for STA
10-31 13:10:40.453 2834 2834 I wpa_supplicant: wlan0: Trying to associate with SSID 'ThunderSoft_XTS_5G'
10-31 13:10:40.454 3208 3208 I Perf : Connecting to perf service.
10-31 13:10:40.456 1283 1836 V MediaCodec: -- Looking at startdata. presentation 7000000, start 49947191281
10-31 13:10:40.456 1283 1836 V MediaCodec: -- match entry for 7000000, hits our frame of 7000000
10-31 13:10:40.457 1112 1918 I liblog : 5
10-31 13:10:40.457 2631 2631 I wm_on_top_resumed_gained_called: [87282723,com.android.launcher3.uioverrides.QuickstepLauncher,topStateChangedWhenResumed]
10-31 13:10:40.457 1112 1918 D WifiCountryCode: evaluateAllCmmStateAndApplyIfAllReady: {ConcreteClientModeManager{id=45810 iface=wlan0 role=ROLE_CLIENT_PRIMARY}=false}
10-31 13:10:40.457 1112 1918 D WifiClientModeImpl[wlan0]: Start Connecting Watchdog 1
10-31 13:10:40.457 3271 3271 D ProcessState: Binder ioctl to enable oneway spam detection failed: Invalid argument
10-31 13:10:40.458 1112 1918 D WifiNetworkFactory: got request NetworkRequest [ REQUEST id=29, [ Capabilities: INTERNET&NOT_RESTRICTED&TRUSTED&NOT_VCN_MANAGED Uid: 1000 RequestorUid: 1000 RequestorPkg: com.qualcomm.qti.qdma] ]
10-31 13:10:40.458 2631 2631 D TouchInteractionService: Touch service destroyed: user=0
10-31 13:10:40.459 1112 2465 W InputManager-JNI: Input channel object 'recents_animation_input_consumer (client)' was disposed without first being removed with the input manager!
10-31 13:10:40.460 1112 1806 I InputDispatcher: Erasing monitor swipe-up (server) on display 0, pid=2631
10-31 13:10:40.464 3231 3231 V GraphicsEnvironment: ANGLE Developer option for 'com.android.mtp' set to: 'default'
10-31 13:10:40.465 3231 3231 V GraphicsEnvironment: ANGLE GameManagerService for com.android.mtp: false
10-31 13:10:40.471 3231 3231 D NetworkSecurityConfig: No Network Security Config specified, using platform default
10-31 13:10:40.472 1112 1918 D UntrustedWifiNetworkFactory: got request NetworkRequest [ REQUEST id=29, [ Capabilities: INTERNET&NOT_RESTRICTED&TRUSTED&NOT_VCN_MANAGED Uid: 1000 RequestorUid: 1000 RequestorPkg: com.qualcomm.qti.qdma] ]
10-31 13:10:40.472 1112 1918 D OemPaidWifiNetworkFactory: got request NetworkRequest [ REQUEST id=29, [ Capabilities: INTERNET&NOT_RESTRICTED&TRUSTED&NOT_VCN_MANAGED Uid: 1000 RequestorUid: 1000 RequestorPkg: com.qualcomm.qti.qdma] ]
10-31 13:10:40.476 2916 3095 D OsAgent : [wifi_supplicant_status_update][3202] [HC] =>> [HS]
10-31 13:10:40.476 899 899 V LocSvc_HIDL_IzatSubscription: [wifiSupplicantStatusUpdate][682] [HS] <<<<= [HC]
10-31 13:10:40.476 899 940 I LocSvc_SystemStatusOsObserver: DataItem: Attach state: 1, Mac address valid: false, AP MAC address: [00:00:00:00:00:00], Wifi-Ap SSID Valid: false, SSID: >> Wiper
10-31 13:10:40.477 647 660 I mpu_uart: [MSG-P:RECV]:No message received in 1000 ms
10-31 13:10:40.478 2916 3095 D OsAgent : [wifi_supplicant_status_update][3202] [HC] =>> [HS]
10-31 13:10:40.478 1112 2465 I InputDispatcher: Created monitor swipe-up for display 0, gesture=true, pid=2631
10-31 13:10:40.478 899 899 V LocSvc_HIDL_IzatSubscription: [wifiSupplicantStatusUpdate][682] [HS] <<<<= [HC]
10-31 13:10:40.479 3231 3231 D NetworkSecurityConfig: No Network Security Config specified, using platform default
10-31 13:10:40.480 1112 1140 I InputDispatcher: Created monitor swipe-up for display 0, gesture=true, pid=2631
10-31 13:10:40.483 1112 1806 I InputDispatcher: Erasing monitor swipe-up (server) on display 0, pid=2631
10-31 13:10:40.485 2631 2631 D TouchInteractionService: Touch service connected: user=0
10-31 13:10:40.485 899 940 I LocSvc_SystemStatusOsObserver: DataItem: Attach state: 0, Mac address valid: false, AP MAC address: [00:00:00:00:00:00], Wifi-Ap SSID Valid: false, SSID: >> Wiper
10-31 13:10:40.487 2631 2631 D TouchInteractionService: Touch service connected: user=0
10-31 13:10:40.478 2541 2541 W WifiDebugService: find wifi : Testing
10-31 13:10:40.488 2541 2541 W WifiDebugService: find wifi : Guest
10-31 13:10:40.488 2541 2541 W WifiDebugService: find wifi : GM
10-31 13:10:40.488 2541 2541 W WifiDebugService: find wifi : ThunderSoft_2.4G
10-31 13:10:40.488 2541 2541 W WifiDebugService: find wifi : ThunderSoft_2.4G
10-31 13:10:40.488 2541 2541 W WifiDebugService: can not find target wifi ap : hht_test_wifi_fc4318c9
10-31 13:10:40.490 1283 1836 V MediaCodec: TunnelPeekState: BufferRendered -> BufferRendered
10-31 13:10:40.492 844 2777 I vendor.qti.bluetooth@1.0-ibs_handler: ProcessIbsCmd: Received IBS_WAKE_IND: 0xFD
10-31 13:10:40.492 844 2777 D vendor.qti.bluetooth@1.0-ibs_handler: SerialClockVote: vote for UART CLK ON
10-31 13:10:40.495 1112 2153 W FreeFormWindowHelper: Current Display FreeFormTask is null
10-31 13:10:40.496 2631 2631 D FreeWindowContainer: reloadTask: null
10-31 13:10:40.501 2631 2631 D EditModeHelper: setHotseatVisibility: 0
10-31 13:10:40.504 3208 3208 I service_manager_slow: [39,game]
10-31 13:10:40.505 3208 3208 V GraphicsEnvironment: ANGLE Developer option for 'com.android.keychain' set to: 'default'
10-31 13:10:40.509 844 2777 D vendor.qti.bluetooth@1.0-wake_lock: Acquire wakelock is acquired
10-31 13:10:40.509 844 2777 I vendor.qti.bluetooth@1.0-ibs_handler: ProcessIbsCmd: Writing IBS_WAKE_ACK
10-31 13:10:40.511 2065 2781 I btif_av : isBATEnabled: 0
10-31 13:10:40.511 2065 2781 E bt_btif : bta_av_co_get_active_peer: peer index out of bounds: 5
10-31 13:10:40.511 2065 2781 E bt_btif : btif_av_is_split_a2dp_enabled: No active peer codec config found, by default splitmode
10-31 13:10:40.511 1112 1140 I am_proc_bound: [0,3271,com.qualcomm.location.XT]
10-31 13:10:40.511 2065 2781 W bt_l2cap: l2c_link_hci_conn_req:set link_role= 1
10-31 13:10:40.511 844 844 I vendor.qti.bluetooth@1.0-ibs_handler: DeviceWakeUp: Writing IBS_WAKE_IND
10-31 13:10:40.513 844 2777 I vendor.qti.bluetooth@1.0-ibs_handler: ProcessIbsCmd: Received IBS_WAKE_ACK: 0xFC
10-31 13:10:40.513 844 2777 I vendor.qti.bluetooth@1.0-ibs_handler: ProcessIbsCmd: Signal wack_cond_
10-31 13:10:40.514 844 844 D vendor.qti.bluetooth@1.0-ibs_handler: DeviceWakeUp: Unblocked from waiting for FC, pthread_cond_timedwait ret = 0
10-31 13:10:40.516 3208 3208 V GraphicsEnvironment: ANGLE GameManagerService for com.android.keychain: false
10-31 13:10:40.517 1283 1836 V MediaCodec: TunnelPeekState: BufferRendered -> BufferRendered
10-31 13:10:40.519 2631 2738 D BaseIconFactory: normalizeAndWrapToAdaptiveIcon: scale=0.80950594
10-31 13:10:40.522 3208 3208 D NetworkSecurityConfig: No Network Security Config specified, using platform default
10-31 13:10:40.522 3208 3208 D NetworkSecurityConfig: No Network Security Config specified, using platform default
10-31 13:10:40.528 1112 1946 I GameModeConfig: isGameModeOn = false
10-31 13:10:40.529 499 499 I hwservicemanager: Since vendor.qti.hardware.iop@2.0::IIop/default is not registered, trying to start it as a lazy HAL.
10-31 13:10:40.531 1298 1298 E ANDR-IOP: IIop:: Iop HAL Service is not available.
10-31 13:10:40.537 1283 2952 V AudioSink: getPlayedOutDurationUs(1316852) nowUs(50455623) frames(62352) framesAt(50437771)
10-31 13:10:40.599 2065 2781 I liblog : 18
10-31 13:10:40.599 2065 2781 W bt_l2cap: L2CAP - LCID: 0x0040 st: CONFIG evt: PEER_CONFIG_RSP
10-31 13:10:40.599 2065 2781 I bt_snoop: L2CAP channel is opened: handle=1(0x1), lcid=64(0x40), rcid=103(0x67), psm=0x1
10-31 13:10:40.599 2065 2781 W bt_l2cap: L2CAP-peer_Config_Rsp,Local CID: 0x0040,Remote CID: 0x0067,PSM: 1,peer MTU present: 0,peer MTU: 672
10-31 13:10:40.603 2065 2781 E bt_btif : bta_dm_acl_change new acl connetion:count = 1
10-31 13:10:40.603 2065 2781 W bt_btif : bta_dm_acl_change info: 0x0
10-31 13:10:40.604 2065 2781 W bt_l2cap: L2CA_SetDesireRole() new:x1, disallow_switch:0
10-31 13:10:40.604 2065 2205 D bt_btif_dm: remote version info [a4:77:58:71:7a:9a]: 7, 81, 13b3
10-31 13:10:40.607 2065 2781 W bt_device_profile: profile_feature_fetch:profile 3
10-31 13:10:40.607 2065 2781 W bt_device_profile: profile_feature_fetch:MAP_0104_SUPPORT found 1
10-31 13:10:40.607 2065 2781 E bt_btif : sdp_upgrade_mse_record
10-31 13:10:40.607 2065 2781 W bt_device_profile: profile_feature_fetch:profile 2
10-31 13:10:40.607 2065 2781 W bt_device_profile: profile_feature_fetch:PBAP_0102_SUPPORT found 1
01-01 09:55:04.568 0 0 E : [MAX975X:max96755g_write_bytes] *ERROR* i2c master send 0x8E err
01-01 09:55:04.616 0 0 I [dp_rx_][0x41ec1162][13:10:40.995457] wlan: [2768:I:QDF] EAPOL-1 RX: SA:5c:02:14:f9:4f:d3 DA:ca:b9:99:11:5b:de
01-01 09:55:04.644 0 0 W QSEECOM : __qseecom_unload_app: App (9) is unloaded
01-01 09:55:04.647 0 0 D qbt : qbt_release: entry minor_no=0 fd_available=0
01-01 09:55:04.647 0 0 D qbt : qbt_release: Releasing wakelock
01-01 09:55:04.647 0 0 D qbt : qbt_release: exit : fd_available=1
01-01 09:55:04.647 0 0 D qbt : qbt_release: entry minor_no=1 fd_available=1
01-01 09:55:04.648 0 0 D qbt : qbt_release: exit : fd_available=1
10-31 13:10:40.612 672 672 I liblog : 1
10-31 13:10:40.612 672 672 D Zygote : Forked child process 3301
10-31 13:10:40.613 1112 1199 I liblog : 18
10-31 13:10:40.613 1112 1199 W ActivityManager: Slow operation: 596ms so far, now at startProcess: returned from zygote!
10-31 13:10:40.614 1112 1199 W ActivityManager: Slow operation: 597ms so far, now at startProcess: done updating battery stats
10-31 13:10:40.614 1112 1199 I am_proc_start: [0,3301,10088,com.qualcomm.qtil.aptxui,broadcast,{com.qualcomm.qtil.aptxui/com.qualcomm.qtil.aptxui.aptxuiBootReceiver}]
10-31 13:10:40.614 1112 1199 W ActivityManager: Slow operation: 597ms so far, now at startProcess: building log message
10-31 13:10:40.614 1112 1199 I ActivityManager: Start proc 3301:com.qualcomm.qtil.aptxui/u0a88 for broadcast {com.qualcomm.qtil.aptxui/com.qualcomm.qtil.aptxui.aptxuiBootReceiver}
10-31 13:10:40.614 1112 1199 W ActivityManager: Slow operation: 597ms so far, now at startProcess: starting to update pids map
10-31 13:10:40.615 1112 1199 W ActivityManager: Slow operation: 597ms so far, now at startProcess: done updating pids map
10-31 13:10:40.622 1283 1836 I liblog : 13
10-31 13:10:40.622 1283 1836 V MediaCodec: TunnelPeekState: BufferRendered -> BufferRendered
10-31 13:10:40.624 3203 3203 I liblog : 6
10-31 13:10:40.624 3203 3203 V MediaStore: Examining volume emulated;0 with name external_primary and state checking
10-31 13:10:40.627 1486 3257 I liblog : 1
10-31 13:10:40.627 1486 3257 I QFP : qsc_start_app: Loading app [fingerpr] succeeded
10-31 13:10:40.627 1486 3257 I QFP : openFramework: entry with eeprom_buffer_size=0
10-31 13:10:40.635 1283 1836 V MediaCodec: -- Looking at startdata. presentation 7033333, start 49950430292
10-31 13:10:40.635 1283 1836 V MediaCodec: -- match entry for 7033333, hits our frame of 7033333
10-31 13:10:40.635 1283 1836 V MediaCodec: -- Looking at startdata. presentation 7066666, start 49950539250
10-31 13:10:40.636 1283 1836 V MediaCodec: -- match entry for 7066666, hits our frame of 7066666
10-31 13:10:40.640 1112 1185 I ActivityRecord: real home.....com.android.launcher3/.uioverrides.QuickstepLauncher
10-31 13:10:40.641 1112 1185 I WindowManager: ******* TELLING SURFACE FLINGER WE ARE BOOTED!
10-31 13:10:40.641 1039 1682 I liblog : 3
10-31 13:10:40.641 1039 1682 I SurfaceFlinger: Boot is finished (18016 ms)
10-31 13:10:40.642 2631 2631 I liblog : 4
10-31 13:10:40.642 2631 2631 W UnsafeUtil: platform method missing - proto runtime falling back to safer methods: java.lang.NoSuchMethodException: sun.misc.Unsafe.copyMemory [class java.lang.Object, long, class java.lang.Object, long, long]
10-31 13:10:40.643 542 552 D DrmLibTime: got the req here! ret=0
10-31 13:10:40.643 542 552 D DrmLibTime: command id, time_cmd_id = 770
10-31 13:10:40.643 542 552 D DrmLibTime: time_getutcsec starts!
10-31 13:10:40.643 542 552 D DrmLibTime: QSEE Time Listener: time_getutcsec
10-31 13:10:40.643 542 552 D DrmLibTime: QSEE Time Listener: get_utc_seconds
10-31 13:10:40.643 542 552 D DrmLibTime: QSEE Time Listener: time_get_modem_time
10-31 13:10:40.643 542 552 D DrmLibTime: QSEE Time Listener: Checking if ATS_MODEM is set or not.
10-31 13:10:40.643 542 552 D QC-time-services: Lib:time_genoff_operation: pargs->base = 13
10-31 13:10:40.644 542 552 D QC-time-services: Lib:time_genoff_operation: pargs->operation = 2
10-31 13:10:40.644 542 552 D QC-time-services: Lib:time_genoff_operation: pargs->ts_val = 0
10-31 13:10:40.644 542 552 D QC-time-services: Lib:time_genoff_operation: Send to server passed!!
10-31 13:10:40.645 644 1031 D QC-time-services: Daemon: Connection accepted:time_genoff
10-31 13:10:40.645 3203 3203 D CompatibilityChangeReporter: Compat change id reported: 148180766; UID 10100; state: ENABLED
10-31 13:10:40.647 1283 1836 V MediaCodec: -- Looking at startdata. presentation 7100000, start 49956975969
10-31 13:10:40.647 1283 1836 V MediaCodec: -- match entry for 7100000, hits our frame of 7100000
10-31 13:10:40.649 1283 1836 V MediaCodec: TunnelPeekState: BufferRendered -> BufferRendered
10-31 13:10:40.650 1283 1836 V MediaCodec: -- Looking at startdata. presentation 7133333, start 49957124771
10-31 13:10:40.650 1283 1836 V MediaCodec: -- match entry for 7133333, hits our frame of 7133333
