10-31 13:10:38.148 1283 1836 V MediaCodec: TunnelPeekState: BufferRendered -> BufferRendered
10-31 13:10:38.149 1276 1833 I MMParserExtractor: Created(0xb40000715a355a10)
10-31 13:10:38.151 844 2784 I vendor.qti.bluetooth@1.0-ibs_handler: DeviceSleep: TX Awake, Sending SLEEP_IND
10-31 13:10:38.151 1276 1833 V Utils : did not find channel-count and/or sample-rate
10-31 13:10:38.151 844 2784 D vendor.qti.bluetooth@1.0-ibs_handler: SerialClockVote: vote for UART CLK OFF
10-31 13:10:38.159 2079 2884 W ActivityThread: Failed to find provider info for media (user not unlocked)
10-31 13:10:38.159 2079 2884 V MediaPlayerNative: setDataSource(222, 0, 576460752303423487)
10-31 13:10:38.160 1283 1816 V MediaPlayerService: Client(2) constructor
10-31 13:10:38.160 1283 1816 V MediaPlayerService: Create new client(2) from AttributionSourceState{pid: 2079, uid: 10087, packageName: com.android.systemui, attributionTag: (null), token: {no toString() implemented}, renouncedPermissions: (null), next: []},
10-31 13:10:38.161 1283 1816 V MediaPlayerService: setDataSource fd=33, offset=0, length=576460752303423487
10-31 13:10:38.161 1283 1816 V MediaPlayerService: st_dev = 64518
10-31 13:10:38.161 1283 1816 V MediaPlayerService: st_mode = 33216
10-31 13:10:38.161 1283 1816 V MediaPlayerService: st_uid = 1000
10-31 13:10:38.161 1283 1816 V MediaPlayerService: st_gid = 1000
10-31 13:10:38.161 1283 1816 V MediaPlayerService: st_size = 16905
10-31 13:10:38.161 1283 1816 V MediaPlayerService: calculated length = 16905
10-31 13:10:38.161 1283 1816 V MediaPlayerService: player type = 4
10-31 13:10:38.162 1283 1816 D NuPlayerDriver: NuPlayerDriver(0xf0941870) created, clientPid(2079)
10-31 13:10:38.170 1458 1458 I update_engine: [INFO:cleanup_previous_update_action.cc(112)] Executing task 7
10-31 13:10:38.171 1283 1816 V AudioSink: AudioOutput(265)
10-31 13:10:38.171 1283 1816 V NuPlayerDriver: setDataSource(0xf0941870) file(33)
10-31 13:10:38.171 1283 2889 V NuPlayer: kWhatSetAudioSink
10-31 13:10:38.171 1283 1816 V GenericSource: GenericSource
10-31 13:10:38.172 1283 1816 V GenericSource: resetDataSource
10-31 13:10:38.172 1283 1816 V NuPlayer: setDataSourceAsync fd 33/0/16905 source: 0xf4609de0
10-31 13:10:38.172 1283 1816 V GenericSource: setDataSource 33/0/16905 (/data/system_de/0/ringtones/notification_sound_cache)
10-31 13:10:38.172 1283 1816 V GenericSource: resetDataSource
10-31 13:10:38.172 1283 2889 V NuPlayer: kWhatSetDataSource
10-31 13:10:38.172 1283 1816 I ExtendedNuUtils: printFileName fd(33) -> /data/system_de/0/ringtones/notification_sound_cache
10-31 13:10:38.172 1283 1816 V MediaPlayerService: setDataSource
10-31 13:10:38.173 2079 2884 V MediaPlayerNative: MediaPlayer::setLooping
10-31 13:10:38.174 1283 1813 V MediaPlayerService: [2] setLooping(0)
10-31 13:10:38.175 2079 2884 V MediaPlayerNative: setVideoSurfaceTexture
10-31 13:10:38.175 1283 1813 V MediaPlayerService: [2] setVideoSurfaceTexture(0x0)
10-31 13:10:38.175 1458 1458 I update_engine: [INFO:cleanup_previous_update_action.cc(189)] Boot completed, waiting on markBootSuccessful()
10-31 13:10:38.175 2079 2884 V MediaPlayerNative: prepare
10-31 13:10:38.175 1283 1813 V MediaPlayerService: [2] setParameter(1400)
10-31 13:10:38.176 1283 1813 V MediaPlayerService: setAudioAttributes_l() usage=5 content=4 flags=0x800 tags=
10-31 13:10:38.177 1283 1813 V MediaPlayerService: [2] prepareAsync
10-31 13:10:38.177 1283 1813 V NuPlayerDriver: prepareAsync(0xf0941870)
10-31 13:10:38.177 1283 1813 V NuPlayer: prepareAsync
10-31 13:10:38.177 1283 2889 V NuPlayer: onMessageReceived kWhatPrepare
10-31 13:10:38.177 1283 2889 V GenericSource: prepareAsync: (looper: 0)
10-31 13:10:38.179 1283 2891 V GenericSource: onPrepareAsync: mDataSource: 0
10-31 13:10:38.181 1283 1836 V MediaCodec: TunnelPeekState: BufferRendered -> BufferRendered
10-31 13:10:38.185 2882 2882 I adbd : persist.adb.watchdog set to ''
10-31 13:10:38.185 2882 2882 I adbd : persist.sys.test_harness set to ''
10-31 13:10:38.185 2882 2882 I adbd : adb watchdog timeout set to 600 seconds
01-01 09:55:01.810 0 0 I : read descriptors
01-01 09:55:01.810 0 0 I : read strings
10-31 13:10:38.188 1458 1458 I update_engine: EnsureMetadataMounted does nothing in Android mode.
10-31 13:10:38.188 2882 2882 I adbd : Setup mdns on port= 5555
10-31 13:10:38.188 2882 2882 I adbd : adbd listening on tcp:5555
10-31 13:10:38.188 2882 2882 I adbd : adbd listening on vsock:5555
10-31 13:10:38.188 2882 2882 I adbd : adbd started
10-31 13:10:38.189 1283 2891 D GenericSource: FileSource remote
10-31 13:10:38.189 2882 2894 I adbd : Waiting for persist.adb.tls_server.enable=1
10-31 13:10:38.189 2882 2896 I adbd : opening control endpoint /dev/usb-ffs/adb/ep0
10-31 13:10:38.190 1283 2891 V GenericSource: IDataSource(FileSource): 0xf4b48500 34 0 16905
10-31 13:10:38.192 1276 1833 I MMParserExtractor: Created(0xb40000715a355a10)
10-31 13:10:38.193 2882 2896 I adbd : UsbFfsConnection constructed
10-31 13:10:38.193 1276 1833 V Utils : did not find channel-count and/or sample-rate
10-31 13:10:38.193 2882 2901 I adbd : UsbFfs-monitor thread spawned
10-31 13:10:38.194 1276 1833 V Utils : did not find channel-count and/or sample-rate
10-31 13:10:38.195 1283 2891 V GenericSource: initFromDataSource track[0]: audio/vorbis
10-31 13:10:38.195 1283 2891 V GenericSource: initFromDataSource mSources.size(): 1 mIsSecure: 0 mime[0]: audio/vorbis
10-31 13:10:38.195 1283 2891 V GenericSource: checkDrmInfo: No PSSH
10-31 13:10:38.196 1283 2891 V GenericSource: finishPrepareAsync
10-31 13:10:38.196 1283 2889 V NuPlayer: onSourceNotify() kWhatFlagsChanged FLAG_CAN_PAUSE: 1 FLAG_CAN_SEEK_BACKWARD: 1
10-31 13:10:38.196 1283 2889 V NuPlayer: FLAG_CAN_SEEK_FORWARD: 1 FLAG_CAN_SEEK: 1 FLAG_DYNAMIC_DURATION: 0
10-31 13:10:38.196 1283 2889 V NuPlayer: FLAG_SECURE: 0 FLAG_PROTECTED: 0
10-31 13:10:38.196 1276 1833 D MediaBufferGroup: creating MemoryDealer
10-31 13:10:38.196 1283 2891 V NuPlayer: Source::notifyPrepared 0
10-31 13:10:38.196 1283 2891 V GenericSource: onPrepareAsync: Done
10-31 13:10:38.196 1283 2889 V NuPlayer: NuPlayer::onSourceNotify Source::kWhatPrepared source: 0xf4609de0
10-31 13:10:38.196 1283 2889 V NuPlayerDriver: notifyPrepareCompleted 0
10-31 13:10:38.196 1283 2889 V NuPlayerDriver: notifyListener_l(0xf0941870), (1, 0, 0, -1), loop setting(0, 0)
10-31 13:10:38.196 1283 2889 V MediaPlayerService: [2] notify (1, 0, 0)
10-31 13:10:38.197 2079 2543 V MediaPlayerNative: message received msg=1, ext1=0, ext2=0
10-31 13:10:38.197 2079 2543 V MediaPlayerNative: MediaPlayer::notify() prepared
10-31 13:10:38.197 2079 2543 V MediaPlayerNative: signal application thread
10-31 13:10:38.197 2079 2543 V MediaPlayerNative: callback application
10-31 13:10:38.197 2079 2543 V MediaPlayerNative: back from callback
10-31 13:10:38.197 499 499 I hwservicemanager: Since vendor.qti.hardware.iop@2.0::IIop/default is not registered, trying to start it as a lazy HAL.
10-31 13:10:38.197 2079 2884 V MediaPlayerNative: prepare complete - status=0
10-31 13:10:38.198 1298 1298 E ANDR-IOP: IIop:: Iop HAL Service is not available.
10-31 13:10:38.199 2853 2853 I AlarmClock: AlarmInitReceiver android.intent.action.LOCKED_BOOT_COMPLETED
10-31 13:10:38.200 1458 1458 I update_engine: Read merge statistics file failed: No such file or directory
10-31 13:10:38.202 2887 2887 I bootstat: Service started: /system/bin/bootstat --record_boot_complete --record_boot_reason --record_time_since_factory_reset -l
10-31 13:10:38.204 2079 2884 V MediaPlayerNative: invoke 76
10-31 13:10:38.205 2887 2887 E bootstat: Failed to read /data/misc/bootstat/post_decrypt_time_elapsed: No such file or directory
10-31 13:10:38.206 2887 2887 E bootstat: Failed to parse boot time record: /data/misc/bootstat/post_decrypt_time_elapsed
10-31 13:10:38.209 1458 1458 I update_engine: [INFO:cleanup_previous_update_action.cc(261)] Waiting for any previous merge request to complete. This can take up to several minutes.
10-31 13:10:38.210 1112 2835 I MediaFocusControl: requestAudioFocus() from uid/pid 10087/2079 AA=USAGE_NOTIFICATION/CONTENT_TYPE_SONIFICATION clientId=android.media.AudioManager@c17f0bd callingPack=com.android.systemui req=3 flags=0x0 sdk=31
10-31 13:10:38.216 1458 1458 E update_engine: Read state file failed: No such file or directory
10-31 13:10:38.216 1112 2835 I AudioService.FadeOutManager: unfadeOutUid() uid:10087
10-31 13:10:38.216 1283 1836 V MediaCodec: TunnelPeekState: BufferRendered -> BufferRendered
10-31 13:10:38.220 1283 1836 V MediaCodec: -- Looking at startdata. presentation 4633333, start 47542837949
10-31 13:10:38.220 1458 1458 E update_engine: Read state file failed: No such file or directory
10-31 13:10:38.220 1283 1836 V MediaCodec: -- match entry for 4633333, hits our frame of 4633333
10-31 13:10:38.223 1283 1836 V MediaCodec: -- Looking at startdata. presentation 4666666, start 47543706699
10-31 13:10:38.224 1283 1836 V MediaCodec: -- match entry for 4666666, hits our frame of 4666666
10-31 13:10:38.225 1283 1836 V MediaCodec: -- Looking at startdata. presentation 4700000, start 47547337532
10-31 13:10:38.225 1283 1836 V MediaCodec: -- match entry for 4700000, hits our frame of 4700000
10-31 13:10:38.225 1458 1458 I update_engine: CheckMergeState for snapshots returned: 0
10-31 13:10:38.225 2853 2905 I AlarmClock: Fixing alarm instances
10-31 13:10:38.232 1283 1836 V MediaCodec: -- Looking at startdata. presentation 4733333, start 47553831647
10-31 13:10:38.232 1283 1836 V MediaCodec: -- match entry for 4733333, hits our frame of 4733333
10-31 13:10:38.232 1283 1836 V MediaCodec: -- Looking at startdata. presentation 4766666, start 47741190136
10-31 13:10:38.232 1283 1836 V MediaCodec: -- match entry for 4766666, hits our frame of 4766666
10-31 13:10:38.235 1283 1836 V MediaCodec: -- Looking at startdata. presentation 4800000, start 47744626543
10-31 13:10:38.235 1283 1836 V MediaCodec: -- match entry for 4800000, hits our frame of 4800000
10-31 13:10:38.237 2887 2887 W bootstat: LogBootEvents, atomInfo not defined for events:last_boot_time_utc,build_date,ro.boottime.init.cold_boot_wait,boot_reason,system_boot_reason,time_since_last_boot
10-31 13:10:38.241 1458 1458 I update_engine: ProcessUpdateState handling state: 0
10-31 13:10:38.245 1458 1458 I update_engine: [INFO:cleanup_previous_update_action.cc(287)] Can't find any snapshot to merge.
10-31 13:10:38.248 1283 1836 V MediaCodec: TunnelPeekState: BufferRendered -> BufferRendered
10-31 13:10:38.253 1458 1458 E update_engine: Read state file failed: No such file or directory
10-31 13:10:38.263 1430 1460 D LOWI-9.0.0.87.a: [LOWINetlinkSocketReceiver] unpackRTMLinkMessage: RTM_NEWLINK - ifname wlan0, flags 0x1002 ()
10-31 13:10:38.264 1458 1458 I update_engine: [INFO:cleanup_previous_update_action.cc(130)] Stopping/suspending/completing CleanupPreviousUpdateAction
10-31 13:10:38.265 1430 1460 D LOWI-9.0.0.87.a: [LOWINetlinkSocketReceiver] processNetlinkPacket: ifname(wlan0) status(0)
10-31 13:10:38.265 1430 1460 D LOWI-9.0.0.87.a: [LOWIController] intfStateReceived: ifname(wlan0) state(0)
10-31 13:10:38.265 1430 1466 D LOWI-9.0.0.87.a: [LOWIEventReceiver] handleEvent:FROM:NA, TO:NA, REQ:NA, IREQ:NA, REQ_ID:0, RESP:NA, INFO:INTF-STATUS-UPDATE
10-31 13:10:38.265 1430 1466 D LOWI-9.0.0.87.a: [LOWIEventReceiver] Info to [INTF-STATUS-UPDATE]
10-31 13:10:38.265 1430 1466 D LOWI-9.0.0.87.a: [LOWIController] updateIntfState: WIFI enabled 0 mNlWifiStatus 0 mWifiStateEnabled 0
10-31 13:10:38.265 1430 1466 D LOWI-9.0.0.87.a: [LOWIController] isWifiEnabled: mNlWifiStatus 0 mWifiStateEnabled 0
10-31 13:10:38.273 1430 1460 D LOWI-9.0.0.87.a: [LOWINetlinkSocketReceiver] unpackRTMLinkMessage: RTM_NEWLINK - ifname wlan0, flags 0x1003 ([UP])
10-31 13:10:38.273 1430 1460 D LOWI-9.0.0.87.a: [LOWINetlinkSocketReceiver] processNetlinkPacket: ifname(wlan0) status(1)
10-31 13:10:38.273 1430 1460 D LOWI-9.0.0.87.a: [LOWIController] intfStateReceived: ifname(wlan0) state(1)
10-31 13:10:38.273 1430 1466 D LOWI-9.0.0.87.a: [LOWIEventReceiver] handleEvent:FROM:NA, TO:NA, REQ:NA, IREQ:NA, REQ_ID:0, RESP:NA, INFO:INTF-STATUS-UPDATE
10-31 13:10:38.273 1430 1466 D LOWI-9.0.0.87.a: [LOWIEventReceiver] Info to [INTF-STATUS-UPDATE]
10-31 13:10:38.273 1430 1466 D LOWI-9.0.0.87.a: [LOWIController] updateIntfState: WIFI enabled 1 mNlWifiStatus 0 mWifiStateEnabled 0
10-31 13:10:38.273 1430 1466 D LOWI-9.0.0.87.a: [LOWIController] isWifiEnabled: mNlWifiStatus 1 mWifiStateEnabled 0
10-31 13:10:38.274 1430 1466 I LOWI-9.0.0.87.a: [LOWIController] isWifiEnabled: Wifi is now enabled
10-31 13:10:38.274 1430 1466 D LOWI-9.0.0.87.a: [LOWIController] terminateScanResultReceiver
10-31 13:10:38.277 1430 1466 D LOWI-9.0.0.87.a: [LOWIWpaInterface] OpenCtrl]61 Success for mCtrl
10-31 13:10:38.277 1430 1466 D LOWI-9.0.0.87.a: [LOWI-Scan] nl80211_init:SUCCESS
10-31 13:10:38.280 1430 1466 D LOWI-9.0.0.87.a: [LOWI-Scan] nl_get_wiphy_info, done err = 0
10-31 13:10:38.280 1430 1466 I LOWI-9.0.0.87.a: [LOWI-Scan] WipsGetSupportedChannels: return err = 0 num_2g_ch = 13 num_5g_ch = 13 num_6g_ch = 0
10-31 13:10:38.280 1430 1466 I LOWI-9.0.0.87.a: [LOWIWifiDriverUtils] set the band mask from wiphy 3
10-31 13:10:38.280 1430 1466 D LOWI-9.0.0.87.a: [LOWIWifiDriverUtils] getWiFiIdentityFromIoctl: ioctl(GET_MAC_ADDR) return: 0, Mac = 2a:89:6f:5e:cc:14
10-31 13:10:38.282 1458 1458 I update_engine: [INFO:cleanup_previous_update_action.cc(469)] Not reporting merge stats because state is None
01-01 09:55:01.888 0 0 I [wifi@1][0x3ecd12b8][13:10:38.268219] wlan: [938:I:DP] dp_vdev_attach_wifi3: wlan_cfg_ap_bridge_enabled 0
10-31 13:10:38.283 1112 1918 E WifiScoringParams: Invalid frequency(-1), using 5G as default rssi array
10-31 13:10:38.285 1283 1836 V MediaCodec: TunnelPeekState: BufferRendered -> BufferRendered
10-31 13:10:38.286 938 938 V WifiHAL : WifiVendorCommand 0xb40000720cea1af0 created vendor_id:0x1374 subcmd:61
10-31 13:10:38.286 938 938 V WifiHAL : create: mVendor_id = 4980, Subcmd = 61.
10-31 13:10:38.286 1430 1466 I LOWI-9.0.0.87.a: [LOWI-ROME-RTT] RomeWipsOpen: libCld80211 found, load the symbols..
10-31 13:10:38.287 938 938 V WifiHAL : handleResponse: WLAN Driver version : 5.2.022.10G
10-31 13:10:38.287 938 938 V WifiHAL : WifiVendorCommand 0xb40000720cea1af0 created vendor_id:0x1374 subcmd:61
10-31 13:10:38.287 938 938 V WifiHAL : create: mVendor_id = 4980, Subcmd = 61.
10-31 13:10:38.287 938 938 V WifiHAL : handleResponse: WLAN Firmware version : FW:1.0.1.0.1313.0 HW:HW_VERSION=ffffffff.
10-31 13:10:38.289 1112 1918 I WifiVendorHal: Driver: 5.2.022.10G Firmware: FW:1.0.1.0.1313.0 HW:HW_VERSION=ffffffff.
10-31 13:10:38.291 1430 1466 I CLD80211: lowi-server: initialized exit socket pair
10-31 13:10:38.291 1430 1466 D LOWI-9.0.0.87.a: [LOWI-ROME-RTT] cld80211InitAndRegister: Init and Registration done
10-31 13:10:38.295 938 938 V WifiHAL : WifiVendorCommand 0xb40000720cea1af0 created vendor_id:0x1374 subcmd:62
10-31 13:10:38.295 938 938 V WifiHAL : create: mVendor_id = 4980, Subcmd = 62.
10-31 13:10:38.299 938 2827 V WifiHAL : event received NL80211_CMD_TRIGGER_SCAN
10-31 13:10:38.300 2853 2905 D CompatibilityChangeReporter: Compat change id reported: 160794467; UID 10075; state: DISABLED
10-31 13:10:38.301 1430 1466 D LOWI-9.0.0.87.a: [LOWIController] createWifiDriver: wifi driver created.
10-31 13:10:38.301 1430 1466 D LOWI-9.0.0.87.a: [LOWIController] getWifiCapabilities
10-31 13:10:38.301 1430 1466 D LOWI-9.0.0.87.a: [LOWIController] passContConfig
10-31 13:10:38.301 1430 1466 I LOWI-9.0.0.87.a: [LOWIWifiDriverUtils] return band_mask based on wiphy 3
10-31 13:10:38.301 1430 1466 D LOWI-9.0.0.87.a: [LOWIControllerExtn] createScanResultReceiver: scanbitmask(0x26)
10-31 13:10:38.301 1430 1466 D LOWI-9.0.0.87.a: [LOWIController] createScanResultReceiver: Capabilities: discovery(1), ranging(1), bgscan(0), scanbitmask(0x26)
10-31 13:10:38.301 1458 1458 I update_engine: [INFO:cleanup_previous_update_action.cc(130)] Stopping/suspending/completing CleanupPreviousUpdateAction
10-31 13:10:38.301 1430 1466 D LOWI-9.0.0.87.a: [LOWIController] created scanReceiver successfully
10-31 13:10:38.301 1430 2906 D LOWI-9.0.0.87.a: [LOWI-Scan] Creating the pipe
10-31 13:10:38.302 1430 1466 D LOWI-9.0.0.87.a: [LOWIController] created scanReceiver successfully
10-31 13:10:38.302 844 2467 E vendor.qti.bluetooth@1.0-wake_lock: Release wake lock not initialized/acquired
10-31 13:10:38.303 938 938 V WifiHAL : wifi_start_logging: Logging Started for power_events_rb. with verboselevel 0
10-31 13:10:38.304 2853 2905 V AlarmClock: AlarmInitReceiver finished
10-31 13:10:38.314 1430 2906 D LOWI-9.0.0.87.a: [LOWIScanResultReceiver] Enter passive listening mode
10-31 13:10:38.314 1430 2907 D LOWI-9.0.0.87.a: [LOWI-ROME-RTT] Creating pipe to Ranging Thread
10-31 13:10:38.314 1430 2906 D LOWI-9.0.0.87.a: [LOWIWifiDriverInterface] getMeasurements - Passive listening mode
10-31 13:10:38.315 1430 2906 D LOWI-9.0.0.87.a: [LOWI-Scan] WipsScanUsingNL:wait -1 sec for netlink message
10-31 13:10:38.315 1430 2906 D LOWI-9.0.0.87.a: [LOWI-Scan] wait_event:Wait done with Cmd 33
10-31 13:10:38.315 1430 2906 D LOWI-9.0.0.87.a: [LOWI-Scan] do_listen_events: Rcvd valid Netlink Cmd 0 Err 0
10-31 13:10:38.316 1430 2907 D LOWI-9.0.0.87.a: [LOWIScanResultReceiver] Enter passive listening mode
10-31 13:10:38.316 1430 2907 D LOWI-9.0.0.87.a: [LOWIRangingFSM] FSM: Received Event EVENT_START_THREAD, Current state: STATE_IDLE_START
10-31 13:10:38.316 1283 1836 V MediaCodec: TunnelPeekState: BufferRendered -> BufferRendered
10-31 13:10:38.322 1458 1458 I update_engine: [INFO:action_processor.cc(116)] ActionProcessor: finished last action CleanupPreviousUpdateAction with code ErrorCode::kSuccess
10-31 13:10:38.324 1112 2835 D CompatibilityChangeReporter: Compat change id reported: 168419799; UID 10095; state: DISABLED
10-31 13:10:38.324 1112 2835 D CompatibilityInfo: mCompatibilityFlags - 4
10-31 13:10:38.324 1112 2835 D CompatibilityInfo: applicationDensity - 240
10-31 13:10:38.324 1112 2835 D CompatibilityInfo: applicationScale - 1.0
10-31 13:10:38.327 2457 2457 I MStatsReceiver: prop ==
10-31 13:10:38.327 2457 2457 I MStatsReceiver: Received intent but prop is not set.
10-31 13:10:38.328 1112 2835 I am_uid_running: 10078
10-31 13:10:38.329 1112 2835 D CompatibilityChangeReporter: Compat change id reported: 135634846; UID 10078; state: DISABLED
10-31 13:10:38.329 1112 2835 D CompatibilityChangeReporter: Compat change id reported: 177438394; UID 10078; state: DISABLED
10-31 13:10:38.329 1112 2835 D CompatibilityChangeReporter: Compat change id reported: 135772972; UID 10078; state: DISABLED
10-31 13:10:38.329 1112 2835 D CompatibilityChangeReporter: Compat change id reported: 135754954; UID 10078; state: ENABLED
10-31 13:10:38.329 1112 1199 D CompatibilityChangeReporter: Compat change id reported: 143937733; UID 10078; state: ENABLED
10-31 13:10:38.331 1458 1458 I update_engine: [INFO:update_attempter_android.cc(546)] Processing Done.
01-01 09:55:01.937 0 0 E [wifi@1][0x3edb2f65][13:10:38.316388] wlan: [2827:E:wifipos] wifi_pos_process_app_reg_req: 608: Received App Req Req pid(1082131370), len(16)
10-31 13:10:38.340 938 2827 I WifiHAL : send_nl_data: sent cld80211 msg of len: 48 to driver
10-31 13:10:38.340 1430 2907 D LOWI-9.0.0.87.a: [LOWI-ROME-RTT] send_cld80211_nlmsg: sent cld80211 message for pid 1430
10-31 13:10:38.341 1430 2907 D LOWI-9.0.0.87.a: [LOWIRangingFSM] FSM: New FSM state: STATE_IDLE_START
10-31 13:10:38.341 1430 2907 D LOWI-9.0.0.87.a: [LOWI-ROME-RTT] RomeWaitOnActivityOnSocketOrPipe: issue timed select: TO: 5
10-31 13:10:38.341 1112 1918 D WifiDiags: startLogging() iface list is {wlan0} after adding wlan0
10-31 13:10:38.343 938 2827 I WifiHAL : send oem msg of len : 40 to apps
10-31 13:10:38.343 1430 2907 D LOWI-9.0.0.87.a: [LOWI-ROME-RTT] RomeWaitOnActivityOnSocketOrPipe: timed select over: TO: 5 retVal: 1
10-31 13:10:38.344 1430 2907 D LOWI-9.0.0.87.a: [LOWI-ROME-RTT] event_handler: Valid data with length 11
10-31 13:10:38.344 1430 2907 D LOWI-9.0.0.87.a: [LOWI-HELIUM-RTT] RomeNLRecvMessage: The Received RomeMsgType: ROME_REG_RSP_MSG
10-31 13:10:38.344 1430 2907 D LOWI-9.0.0.87.a: [LOWIRangingFSM] FSM: Received Event EVENT_REGISTRATION_SUCCESS, Current state: STATE_IDLE_START
10-31 13:10:38.344 1430 2907 D LOWI-9.0.0.87.a: [LOWI-ROME-RTT] RomeExtractRegRsp: driver support nl packing for oem data
10-31 13:10:38.344 1430 2907 I LOWI-9.0.0.87.a: [LOWI-ROME-RTT] RomeExtractRegRsp: nl format oem data enabled
10-31 13:10:38.344 1430 2907 D LOWI-9.0.0.87.a: [LOWI-ROME-RTT] RomeExtractRegRsp: Registered with CLD, 1 vDevs. Using 0 for STA
10-31 13:10:38.345 1458 1458 I update_engine: [INFO:update_attempter_android.cc(694)] Terminating cleanup previous update.
10-31 13:10:38.346 938 2827 I WifiHAL : send_nl_data: sent cld80211 msg of len: 32 to driver
01-01 09:55:01.966 0 0 I [wifi@1][0x3ee3c629][13:10:38.345707] wlan: [2827:I:wifipos] wifi_pos_get_ch_info: 461: num channels: 26
10-31 13:10:38.353 1430 2907 D LOWI-9.0.0.87.a: [LOWI-ROME-RTT] send_oem_nl_msg: sent cld80211 message with subcmd: 3
10-31 13:10:38.353 1430 2907 D LOWI-9.0.0.87.a: [LOWIRangingFSM] FSM: New FSM state: STATE_WAITING_OEM_CAP
10-31 13:10:38.353 1430 2907 D LOWI-9.0.0.87.a: [LOWI-ROME-RTT] RomeWaitOnActivityOnSocketOrPipe: issue timed select: TO: 5
10-31 13:10:38.353 1283 1836 V MediaCodec: TunnelPeekState: BufferRendered -> BufferRendered
10-31 13:10:38.355 938 2827 I WifiHAL : send oem msg of len : 148 to apps
10-31 13:10:38.356 1430 2907 D LOWI-9.0.0.87.a: [LOWI-ROME-RTT] RomeWaitOnActivityOnSocketOrPipe: timed select over: TO: 5 retVal: 1
10-31 13:10:38.356 1430 2907 D LOWI-9.0.0.87.a: [LOWI-ROME-RTT] event_handler: Valid data with length 116
10-31 13:10:38.356 1430 2907 D LOWI-9.0.0.87.a: [LOWI-HELIUM-RTT] RomeNLRecvMessage: The Received RomeMsgType: ROME_OEM_CAP_MSG
10-31 13:10:38.356 1430 2907 D LOWI-9.0.0.87.a: [LOWIRangingFSM] FSM: Received Event EVENT_OEM_CAP_INFO, Current state: STATE_WAITING_OEM_CAP
10-31 13:10:38.356 1430 2907 D LOWI-9.0.0.87.a: [LOWI-ROME-RTT] RomeExtractOemCapabilities: oem_target_signature(QUALCOMM) oem_target_type(23)oem_fw_version(270140705) driver_version(0xa120205)
10-31 13:10:38.356 1430 2907 D LOWI-9.0.0.87.a: [LOWI-ROME-RTT] allowed_dwell_time_min(20) allowed_dwell_time_max(40)curr_dwell_time_min(0) curr_dwell_time_max(0)supported_bands(3) num_channels(0)
01-01 09:55:01.978 0 0 I [wifi@1][0x3ee730ea][13:10:38.357370] wlan: [2827:I:wifipos] wifi_pos_get_ch_info: 461: num channels: 26
10-31 13:10:38.358 938 2827 I WifiHAL : send_nl_data: sent cld80211 msg of len: 32 to driver
10-31 13:10:38.359 1430 2907 D LOWI-9.0.0.87.a: [LOWI-ROME-RTT] send_oem_nl_msg: sent cld80211 message with subcmd: 4
10-31 13:10:38.359 1430 2907 D LOWI-9.0.0.87.a: [LOWIRangingFSM] FSM: New FSM state: STATE_WAITING_FOR_WIPHY_INFO
10-31 13:10:38.359 1430 2907 D LOWI-9.0.0.87.a: [LOWI-ROME-RTT] RomeWaitOnActivityOnSocketOrPipe: issue timed select: TO: 5
10-31 13:10:38.361 938 2827 I WifiHAL : send oem msg of len : 1608 to apps
10-31 13:10:38.362 1430 2907 D LOWI-9.0.0.87.a: [LOWI-ROME-RTT] RomeWaitOnActivityOnSocketOrPipe: timed select over: TO: 5 retVal: 1
10-31 13:10:38.362 1430 2907 D LOWI-9.0.0.87.a: [LOWI-ROME-RTT] event_handler: Valid data with length 1576
10-31 13:10:38.362 1430 2907 D LOWI-9.0.0.87.a: [LOWI-HELIUM-RTT] RomeNLRecvMessage: The Received RomeMsgType: ROME_CHANNEL_INFO_MSG
10-31 13:10:38.362 1430 2907 D LOWI-9.0.0.87.a: [LOWIRangingFSM] FSM: Received Event EVENT_CHANNEL_INFO, Current state: STATE_WAITING_FOR_WIPHY_INFO
10-31 13:10:38.362 1430 2907 I LOWI-9.0.0.87.a: [LOWI-ROME-RTT] ExtractNLChannelInfo: NumChan = 26
10-31 13:10:38.363 938 2827 I WifiHAL : send_nl_data: sent cld80211 msg of len: 64 to driver
10-31 13:10:38.363 1112 1918 I WifiClientModeImpl: Factory MAC address retrieved and stored in config store: 00:03:7f:12:06:70
10-31 13:10:38.364 1430 2907 D LOWI-9.0.0.87.a: [LOWI-ROME-RTT] send_oem_nl_msg: sent cld80211 message with subcmd: 5
10-31 13:10:38.364 1430 2907 D LOWI-9.0.0.87.a: [LOWIRangingFSM] FSM: New FSM state: STATE_WAITING_FOR_RANGING_CAP
10-31 13:10:38.364 1430 2907 D LOWI-9.0.0.87.a: [LOWI-ROME-RTT] RomeWaitOnActivityOnSocketOrPipe: issue timed select: TO: 5
10-31 13:10:38.375 1273 1739 W cutils : Expected path /data/data/com.baidu.input with mode 700 but found 701
10-31 13:10:38.378 672 672 D Zygote : Forked child process 2916
10-31 13:10:38.379 1112 1199 W ActivityManager: Slow operation: 51ms so far, now at startProcess: returned from zygote!
10-31 13:10:38.379 1112 1199 W ActivityManager: Slow operation: 51ms so far, now at startProcess: done updating battery stats
10-31 13:10:38.380 1112 1199 I am_proc_start: [0,2916,10078,com.qualcomm.location,broadcast,{com.qualcomm.location/com.qualcomm.location.LocationServiceReceiver}]
10-31 13:10:38.380 1112 1199 W ActivityManager: Slow operation: 51ms so far, now at startProcess: building log message
10-31 13:10:38.380 1112 1199 I ActivityManager: Start proc 2916:com.qualcomm.location/u0a78 for broadcast {com.qualcomm.location/com.qualcomm.location.LocationServiceReceiver}
10-31 13:10:38.380 1112 1199 W ActivityManager: Slow operation: 51ms so far, now at startProcess: starting to update pids map
10-31 13:10:38.380 1112 1199 W ActivityManager: Slow operation: 52ms so far, now at startProcess: done updating pids map
10-31 13:10:38.385 1283 1836 V MediaCodec: TunnelPeekState: BufferRendered -> BufferRendered
10-31 13:10:38.420 1283 1836 V MediaCodec: TunnelPeekState: BufferRendered -> BufferRendered
10-31 13:10:38.426 1283 1836 V MediaCodec: -- Looking at startdata. presentation 4833333, start 47747272220
10-31 13:10:38.426 1283 1836 V MediaCodec: -- match entry for 4833333, hits our frame of 4833333
10-31 13:10:38.430 1283 1836 V MediaCodec: -- Looking at startdata. presentation 4866666, start 47749447324
10-31 13:10:38.431 1283 1836 V MediaCodec: -- match entry for 4866666, hits our frame of 4866666
10-31 13:10:38.432 1283 1836 V MediaCodec: -- Looking at startdata. presentation 4900000, start 47755422897
10-31 13:10:38.433 1283 1836 V MediaCodec: -- match entry for 4900000, hits our frame of 4900000
10-31 13:10:38.433 1283 1836 V MediaCodec: -- Looking at startdata. presentation 4933333, start 47758186126
10-31 13:10:38.433 1283 1836 V MediaCodec: -- match entry for 4933333, hits our frame of 4933333
10-31 13:10:38.437 1283 1836 V MediaCodec: -- Looking at startdata. presentation 4966666, start 47970481438
10-31 13:10:38.437 1283 1836 V MediaCodec: -- match entry for 4966666, hits our frame of 4966666
10-31 13:10:38.438 1283 1836 V MediaCodec: -- Looking at startdata. presentation 5000000, start 47971069928
10-31 13:10:38.438 1283 1836 V MediaCodec: -- match entry for 5000000, hits our frame of 5000000
10-31 13:10:38.449 1283 1836 V MediaCodec: TunnelPeekState: BufferRendered -> BufferRendered
10-31 13:10:38.476 647 660 I mpu_uart: [MSG-P:RECV]:No message received in 1000 ms
10-31 13:10:38.488 2882 2900 I adbd : jdwp connection from 2508
10-31 13:10:38.489 1283 1836 V MediaCodec: TunnelPeekState: BufferRendered -> BufferRendered
10-31 13:10:38.492 2882 2900 I adbd : jdwp connection from 2351
10-31 13:10:38.492 2882 2900 I adbd : jdwp connection from 2065
10-31 13:10:38.494 2882 2900 I adbd : jdwp connection from 1112
10-31 13:10:38.494 2882 2900 I adbd : jdwp connection from 2297
10-31 13:10:38.495 2882 2900 I adbd : jdwp connection from 2391
10-31 13:10:38.496 2882 2900 I adbd : jdwp connection from 2577
10-31 13:10:38.496 2882 2900 I adbd : jdwp connection from 2746
10-31 13:10:38.497 2882 2900 I adbd : jdwp connection from 2300
10-31 13:10:38.498 2882 2900 I adbd : jdwp connection from 2413
10-31 13:10:38.499 2882 2900 I adbd : jdwp connection from 2551
10-31 13:10:38.499 2882 2900 I adbd : jdwp connection from 2457
10-31 13:10:38.500 2882 2900 I adbd : jdwp connection from 2079
10-31 13:10:38.500 2882 2900 I adbd : jdwp connection from 2194
10-31 13:10:38.501 2882 2900 I adbd : jdwp connection from 2270
10-31 13:10:38.502 2882 2900 I adbd : jdwp connection from 2553
10-31 13:10:38.502 2882 2900 I adbd : jdwp connection from 2372
10-31 13:10:38.502 2882 2900 I adbd : jdwp connection from 2631
10-31 13:10:38.503 2882 2900 I adbd : jdwp connection from 2322
10-31 13:10:38.503 2882 2900 I adbd : jdwp connection from 2495
10-31 13:10:38.503 2882 2900 I adbd : jdwp connection from 2706
10-31 13:10:38.503 2882 2900 I adbd : jdwp connection from 2541
10-31 13:10:38.508 1112 1181 V PackageManager: reconcileAppsData finished 145 packages
10-31 13:10:38.508 1112 1181 I ActivityManager: User 0 state changed from RUNNING_LOCKED to RUNNING_UNLOCKING
10-31 13:10:38.509 1112 1181 I am_user_state_changed: [0,2]
10-31 13:10:38.510 1112 1181 D ActivityManager: Unlocking user 0 progress 20
10-31 13:10:38.511 1112 1198 I ssm_user_unlocking: 0
10-31 13:10:38.511 1112 1181 W Looper : Slow dispatch took 774ms android.fg h=android.os.Handler c=com.android.server.am.UserController$$ExternalSyntheticLambda3@c9901cf m=0
10-31 13:10:38.511 1112 1181 W Looper : Slow delivery took 777ms android.fg h=android.os.Handler c=com.android.server.am.UserController$$ExternalSyntheticLambda1@cb25a65 m=0
10-31 13:10:38.511 1112 1181 I EthernetTracker: interfaceLinkStateChanged, iface: wifi-aware0, up: false
10-31 13:10:38.511 1112 1198 I SystemServerTimingAsync: ssm.UnlockingUser-0
10-31 13:10:38.511 1112 1198 I SystemServiceManager: Calling onUnlockingUser 0
10-31 13:10:38.511 1112 1198 I SystemServerTimingAsync: ssm.onUnlockingUser-0_com.android.server.security.FileIntegrityService
10-31 13:10:38.511 1112 1198 D SystemServerTimingAsync: ssm.onUnlockingUser-0_com.android.server.security.FileIntegrityService took to complete: 0ms
10-31 13:10:38.511 1112 1198 I SystemServerTimingAsync: ssm.onUnlockingUser-0_com.android.server.pm.Installer
10-31 13:10:38.512 1112 1181 I EthernetTracker: interfaceLinkStateChanged, iface: wlan0, up: false
10-31 13:10:38.512 1112 1198 D SystemServerTimingAsync: ssm.onUnlockingUser-0_com.android.server.pm.Installer took to complete: 0ms
10-31 13:10:38.512 2882 2900 I adbd : jdwp connection from 2618
10-31 13:10:38.512 1112 1181 I EthernetTracker: interfaceLinkStateChanged, iface: wlan0, up: false
10-31 13:10:38.513 1112 1198 I SystemServerTimingAsync: ssm.onUnlockingUser-0_com.android.server.os.DeviceIdentifiersPolicyService
10-31 13:10:38.513 1112 1198 D SystemServerTimingAsync: ssm.onUnlockingUser-0_com.android.server.os.DeviceIdentifiersPolicyService took to complete: 0ms
10-31 13:10:38.513 1112 1198 I SystemServerTimingAsync: ssm.onUnlockingUser-0_com.android.server.uri.UriGrantsManagerService$Lifecycle
10-31 13:10:38.513 1112 1198 D SystemServerTimingAsync: ssm.onUnlockingUser-0_com.android.server.uri.UriGrantsManagerService$Lifecycle took to complete: 0ms
10-31 13:10:38.513 1112 1198 I SystemServerTimingAsync: ssm.onUnlockingUser-0_com.android.server.powerstats.PowerStatsService
10-31 13:10:38.513 1112 1181 I EthernetTracker: interfaceLinkStateChanged, iface: wlan0, up: false
10-31 13:10:38.514 1112 1198 D SystemServerTimingAsync: ssm.onUnlockingUser-0_com.android.server.powerstats.PowerStatsService took to complete: 0ms
10-31 13:10:38.514 1112 1198 I SystemServerTimingAsync: ssm.onUnlockingUser-0_com.android.server.wm.ActivityTaskManagerService$Lifecycle
10-31 13:10:38.514 1112 1198 D SystemServerTimingAsync: ssm.onUnlockingUser-0_com.android.server.wm.ActivityTaskManagerService$Lifecycle took to complete: 0ms
10-31 13:10:38.514 1112 1198 I SystemServerTimingAsync: ssm.onUnlockingUser-0_com.android.server.am.ActivityManagerService$Lifecycle
10-31 13:10:38.514 1112 1198 D SystemServerTimingAsync: ssm.onUnlockingUser-0_com.android.server.am.ActivityManagerService$Lifecycle took to complete: 0ms
10-31 13:10:38.515 1283 1836 V MediaCodec: TunnelPeekState: BufferRendered -> BufferRendered
10-31 13:10:38.515 1112 1198 I SystemServerTimingAsync: ssm.onUnlockingUser-0_com.android.server.pm.DataLoaderManagerService
10-31 13:10:38.517 1112 1198 D SystemServerTimingAsync: ssm.onUnlockingUser-0_com.android.server.pm.DataLoaderManagerService took to complete: 0ms
10-31 13:10:38.517 1112 1198 I SystemServerTimingAsync: ssm.onUnlockingUser-0_com.android.server.power.PowerManagerService
10-31 13:10:38.517 1112 1198 D SystemServerTimingAsync: ssm.onUnlockingUser-0_com.android.server.power.PowerManagerService took to complete: 0ms
10-31 13:10:38.517 1112 1198 I SystemServerTimingAsync: ssm.onUnlockingUser-0_com.android.server.power.ThermalManagerService
10-31 13:10:38.517 1112 1198 D SystemServerTimingAsync: ssm.onUnlockingUser-0_com.android.server.power.ThermalManagerService took to complete: 0ms
10-31 13:10:38.517 1112 1198 I SystemServerTimingAsync: ssm.onUnlockingUser-0_com.android.server.power.hint.HintManagerService
10-31 13:10:38.518 1112 1198 D SystemServerTimingAsync: ssm.onUnlockingUser-0_com.android.server.power.hint.HintManagerService took to complete: 0ms
10-31 13:10:38.518 1112 1198 I SystemServerTimingAsync: ssm.onUnlockingUser-0_com.android.server.recoverysystem.RecoverySystemService$Lifecycle
10-31 13:10:38.518 1112 1198 D SystemServerTimingAsync: ssm.onUnlockingUser-0_com.android.server.recoverysystem.RecoverySystemService$Lifecycle took to complete: 0ms
10-31 13:10:38.518 1112 1198 I SystemServerTimingAsync: ssm.onUnlockingUser-0_com.android.server.lights.LightsService
10-31 13:10:38.518 1112 1198 D SystemServerTimingAsync: ssm.onUnlockingUser-0_com.android.server.lights.LightsService took to complete: 0ms
10-31 13:10:38.518 1112 1198 I SystemServerTimingAsync: ssm.onUnlockingUser-0_com.android.server.display.DisplayManagerService
10-31 13:10:38.518 1112 1198 D SystemServerTimingAsync: ssm.onUnlockingUser-0_com.android.server.display.DisplayManagerService took to complete: 0ms
10-31 13:10:38.518 1112 1198 I SystemServerTimingAsync: ssm.onUnlockingUser-0_com.android.server.pm.verify.domain.DomainVerificationService
10-31 13:10:38.518 1112 1198 D SystemServerTimingAsync: ssm.onUnlockingUser-0_com.android.server.pm.verify.domain.DomainVerificationService took to complete: 0ms
10-31 13:10:38.518 1112 1198 I SystemServerTimingAsync: ssm.onUnlockingUser-0_com.android.server.pm.PackageInstallerService$Lifecycle
10-31 13:10:38.518 1112 1198 D SystemServerTimingAsync: ssm.onUnlockingUser-0_com.android.server.pm.PackageInstallerService$Lifecycle took to complete: 0ms
10-31 13:10:38.518 1112 1198 I SystemServerTimingAsync: ssm.onUnlockingUser-0_com.android.server.pm.UserManagerService$LifeCycle
10-31 13:10:38.518 1112 1198 D SystemServerTimingAsync: ssm.onUnlockingUser-0_com.android.server.pm.UserManagerService$LifeCycle took to complete: 0ms
10-31 13:10:38.519 1112 1198 I SystemServerTimingAsync: ssm.onUnlockingUser-0_com.android.server.om.OverlayManagerService
10-31 13:10:38.519 1112 1198 D SystemServerTimingAsync: ssm.onUnlockingUser-0_com.android.server.om.OverlayManagerService took to complete: 0ms
10-31 13:10:38.519 1112 1198 I SystemServerTimingAsync: ssm.onUnlockingUser-0_com.android.server.SensorPrivacyService
10-31 13:10:38.519 1112 1198 D SystemServerTimingAsync: ssm.onUnlockingUser-0_com.android.server.SensorPrivacyService took to complete: 0ms
10-31 13:10:38.519 1112 1198 I SystemServerTimingAsync: ssm.onUnlockingUser-0_com.android.server.thunderperf.ThunderBoostPerfService
10-31 13:10:38.519 1112 1198 D SystemServerTimingAsync: ssm.onUnlockingUser-0_com.android.server.thunderperf.ThunderBoostPerfService took to complete: 0ms
10-31 13:10:38.519 1112 1198 I SystemServerTimingAsync: ssm.onUnlockingUser-0_com.android.server.sensors.SensorService
10-31 13:10:38.519 1112 1198 D SystemServerTimingAsync: ssm.onUnlockingUser-0_com.android.server.sensors.SensorService took to complete: 0ms
10-31 13:10:38.519 1112 1198 I SystemServerTimingAsync: ssm.onUnlockingUser-0_com.android.server.SystemConfigService
10-31 13:10:38.519 1112 1198 D SystemServerTimingAsync: ssm.onUnlockingUser-0_com.android.server.SystemConfigService took to complete: 0ms
10-31 13:10:38.519 1112 1198 I SystemServerTimingAsync: ssm.onUnlockingUser-0_com.android.server.BatteryService
10-31 13:10:38.519 1112 1198 D SystemServerTimingAsync: ssm.onUnlockingUser-0_com.android.server.BatteryService took to complete: 0ms
10-31 13:10:38.519 1112 1198 I SystemServerTimingAsync: ssm.onUnlockingUser-0_com.android.server.usage.UsageStatsService
10-31 13:10:38.520 1112 1198 D SystemServerTimingAsync: ssm.onUnlockingUser-0_com.android.server.usage.UsageStatsService took to complete: 0ms
10-31 13:10:38.520 1112 1198 I SystemServerTimingAsync: ssm.onUnlockingUser-0_com.android.server.webkit.WebViewUpdateService
10-31 13:10:38.520 1112 1198 D SystemServerTimingAsync: ssm.onUnlockingUser-0_com.android.server.webkit.WebViewUpdateService took to complete: 0ms
10-31 13:10:38.520 1112 1198 I SystemServerTimingAsync: ssm.onUnlockingUser-0_com.android.server.CachedDeviceStateService
10-31 13:10:38.520 1112 1198 D SystemServerTimingAsync: ssm.onUnlockingUser-0_com.android.server.CachedDeviceStateService took to complete: 0ms
10-31 13:10:38.520 1112 1198 I SystemServerTimingAsync: ssm.onUnlockingUser-0_com.android.server.BinderCallsStatsService$LifeCycle
10-31 13:10:38.520 1112 1198 D SystemServerTimingAsync: ssm.onUnlockingUser-0_com.android.server.BinderCallsStatsService$LifeCycle took to complete: 0ms
10-31 13:10:38.520 1112 1198 I SystemServerTimingAsync: ssm.onUnlockingUser-0_com.android.server.LooperStatsService$Lifecycle
10-31 13:10:38.520 1112 1198 D SystemServerTimingAsync: ssm.onUnlockingUser-0_com.android.server.LooperStatsService$Lifecycle took to complete: 0ms
10-31 13:10:38.520 1112 1198 I SystemServerTimingAsync: ssm.onUnlockingUser-0_com.android.server.rollback.RollbackManagerService
10-31 13:10:38.521 1112 1198 D SystemServerTimingAsync: ssm.onUnlockingUser-0_com.android.server.rollback.RollbackManagerService took to complete: 1ms
10-31 13:10:38.521 1112 1198 I SystemServerTimingAsync: ssm.onUnlockingUser-0_com.android.server.os.NativeTombstoneManagerService
10-31 13:10:38.521 1112 1198 D SystemServerTimingAsync: ssm.onUnlockingUser-0_com.android.server.os.NativeTombstoneManagerService took to complete: 0ms
10-31 13:10:38.521 1112 1198 I SystemServerTimingAsync: ssm.onUnlockingUser-0_com.android.server.os.BugreportManagerService
10-31 13:10:38.521 1112 1198 D SystemServerTimingAsync: ssm.onUnlockingUser-0_com.android.server.os.BugreportManagerService took to complete: 0ms
10-31 13:10:38.522 1112 1198 I SystemServerTimingAsync: ssm.onUnlockingUser-0_com.android.server.gpu.GpuService
10-31 13:10:38.522 1112 1198 D SystemServerTimingAsync: ssm.onUnlockingUser-0_com.android.server.gpu.GpuService took to complete: 0ms
10-31 13:10:38.522 1112 1198 I SystemServerTimingAsync: ssm.onUnlockingUser-0_com.android.server.security.KeyChainSystemService
10-31 13:10:38.522 1112 1198 D SystemServerTimingAsync: ssm.onUnlockingUser-0_com.android.server.security.KeyChainSystemService took to complete: 0ms
10-31 13:10:38.522 1112 1198 I SystemServerTimingAsync: ssm.onUnlockingUser-0_com.android.server.telecom.TelecomLoaderService
10-31 13:10:38.522 1112 1198 D SystemServerTimingAsync: ssm.onUnlockingUser-0_com.android.server.telecom.TelecomLoaderService took to complete: 0ms
10-31 13:10:38.522 1112 1198 I SystemServerTimingAsync: ssm.onUnlockingUser-0_com.android.server.accounts.AccountManagerService$Lifecycle
10-31 13:10:38.522 1112 1198 D SystemServerTimingAsync: ssm.onUnlockingUser-0_com.android.server.accounts.AccountManagerService$Lifecycle took to complete: 0ms
10-31 13:10:38.522 1112 1198 I SystemServerTimingAsync: ssm.onUnlockingUser-0_com.android.server.content.ContentService$Lifecycle
10-31 13:10:38.523 1112 1198 D SystemServerTimingAsync: ssm.onUnlockingUser-0_com.android.server.content.ContentService$Lifecycle took to complete: 0ms
10-31 13:10:38.523 1112 1198 I SystemServerTimingAsync: ssm.onUnlockingUser-0_com.android.server.DropBoxManagerService
10-31 13:10:38.523 1112 1198 D SystemServerTimingAsync: ssm.onUnlockingUser-0_com.android.server.DropBoxManagerService took to complete: 0ms
10-31 13:10:38.523 1112 1198 I SystemServerTimingAsync: ssm.onUnlockingUser-0_com.android.role.RoleService
10-31 13:10:38.523 1112 1198 D SystemServerTimingAsync: ssm.onUnlockingUser-0_com.android.role.RoleService took to complete: 0ms
10-31 13:10:38.523 1112 1198 I SystemServerTimingAsync: ssm.onUnlockingUser-0_com.android.server.vibrator.VibratorManagerService$Lifecycle
10-31 13:10:38.523 1112 1198 D SystemServerTimingAsync: ssm.onUnlockingUser-0_com.android.server.vibrator.VibratorManagerService$Lifecycle took to complete: 0ms
10-31 13:10:38.523 1112 1198 I SystemServerTimingAsync: ssm.onUnlockingUser-0_com.android.server.alarm.AlarmManagerService
10-31 13:10:38.523 1112 1198 D SystemServerTimingAsync: ssm.onUnlockingUser-0_com.android.server.alarm.AlarmManagerService took to complete: 0ms
10-31 13:10:38.523 1112 1198 I SystemServerTimingAsync: ssm.onUnlockingUser-0_com.android.server.devicestate.DeviceStateManagerService
10-31 13:10:38.523 1112 1198 D SystemServerTimingAsync: ssm.onUnlockingUser-0_com.android.server.devicestate.DeviceStateManagerService took to complete: 0ms
10-31 13:10:38.523 1112 1198 I SystemServerTimingAsync: ssm.onUnlockingUser-0_com.android.server.camera.CameraServiceProxy
10-31 13:10:38.524 1112 1198 D SystemServerTimingAsync: ssm.onUnlockingUser-0_com.android.server.camera.CameraServiceProxy took to complete: 0ms
10-31 13:10:38.524 1112 1198 I SystemServerTimingAsync: ssm.onUnlockingUser-0_com.android.server.BluetoothService
10-31 13:10:38.524 1112 1198 D BluetoothManagerService: User 0 unlocked
10-31 13:10:38.524 1112 1198 D SystemServerTimingAsync: ssm.onUnlockingUser-0_com.android.server.BluetoothService took to complete: 1ms
10-31 13:10:38.524 1112 1198 I SystemServerTimingAsync: ssm.onUnlockingUser-0_com.android.server.connectivity.IpConnectivityMetrics
10-31 13:10:38.524 1112 1198 D SystemServerTimingAsync: ssm.onUnlockingUser-0_com.android.server.connectivity.IpConnectivityMetrics took to complete: 0ms
10-31 13:10:38.524 1112 1198 I SystemServerTimingAsync: ssm.onUnlockingUser-0_com.android.server.net.watchlist.NetworkWatchlistService$Lifecycle
10-31 13:10:38.524 1112 1198 D SystemServerTimingAsync: ssm.onUnlockingUser-0_com.android.server.net.watchlist.NetworkWatchlistService$Lifecycle took to complete: 0ms
10-31 13:10:38.524 1112 1198 I SystemServerTimingAsync: ssm.onUnlockingUser-0_com.android.server.PinnerService
10-31 13:10:38.524 1112 1198 D SystemServerTimingAsync: ssm.onUnlockingUser-0_com.android.server.PinnerService took to complete: 0ms
10-31 13:10:38.524 1112 1198 I SystemServerTimingAsync: ssm.onUnlockingUser-0_com.google.android.startop.iorap.IorapForwardingService
10-31 13:10:38.524 1112 1198 D SystemServerTimingAsync: ssm.onUnlockingUser-0_com.google.android.startop.iorap.IorapForwardingService took to complete: 0ms
10-31 13:10:38.524 1112 1198 I SystemServerTimingAsync: ssm.onUnlockingUser-0_com.android.server.ActivityTriggerService
01-01 09:55:02.148 0 0 I [schedu][0x3f1917aa][13:10:38.527699] wlan: [2546:I:OSIF] scan start scan id 40961
10-31 13:10:38.525 1112 1198 D SystemServerTimingAsync: ssm.onUnlockingUser-0_com.android.server.ActivityTriggerService took to complete: 0ms
10-31 13:10:38.525 1112 1198 I SystemServerTimingAsync: ssm.onUnlockingUser-0_com.android.server.integrity.AppIntegrityManagerService
10-31 13:10:38.525 1112 1198 D SystemServerTimingAsync: ssm.onUnlockingUser-0_com.android.server.integrity.AppIntegrityManagerService took to complete: 0ms
10-31 13:10:38.525 1112 1183 D BluetoothManagerService: MESSAGE_USER_UNLOCKED
10-31 13:10:38.525 2882 2900 I adbd : jdwp connection from 2591
10-31 13:10:38.526 1112 1198 I SystemServerTimingAsync: ssm.onUnlockingUser-0_com.android.server.inputmethod.InputMethodManagerService$Lifecycle
10-31 13:10:38.526 1112 1198 D SystemServerTimingAsync: ssm.onUnlockingUser-0_com.android.server.inputmethod.InputMethodManagerService$Lifecycle took to complete: 0ms
10-31 13:10:38.526 1112 1198 I SystemServerTimingAsync: ssm.onUnlockingUser-0_com.android.server.accessibility.AccessibilityManagerService$Lifecycle
10-31 13:10:38.526 1112 1198 D SystemServerTimingAsync: ssm.onUnlockingUser-0_com.android.server.accessibility.AccessibilityManagerService$Lifecycle took to complete: 0ms
10-31 13:10:38.526 1112 1198 I SystemServerTimingAsync: ssm.onUnlockingUser-0_com.android.server.StorageManagerService$Lifecycle
10-31 13:10:38.526 1112 1198 D StorageManagerService: onUnlockUser 0
10-31 13:10:38.526 1112 1198 I StorageSessionController: On user unlock 0
10-31 13:10:38.526 1112 1198 I StorageSessionController: Initialialising...
10-31 13:10:38.528 2882 2900 I adbd : jdwp connection from 2853
10-31 13:10:38.543 544 637 I vold : onUserStarted: 0
10-31 13:10:38.545 1112 2835 V StorageManagerService: Found primary storage at VolumeInfo{emulated;0}:
10-31 13:10:38.545 1112 2835 V StorageManagerService: type=EMULATED diskId=null partGuid= mountFlags=0 mountUserId=0
10-31 13:10:38.545 1112 2835 V StorageManagerService: state=UNMOUNTED
10-31 13:10:38.545 1112 2835 V StorageManagerService: fsType=null fsUuid=null fsLabel=null
10-31 13:10:38.545 1112 2835 V StorageManagerService: path=null internalPath=null
10-31 13:10:38.546 1112 1852 I StorageManagerService: Mounting volume VolumeInfo{emulated;0}:
10-31 13:10:38.546 1112 1852 I StorageManagerService: type=EMULATED diskId=null partGuid= mountFlags=PRIMARY|VISIBLE
10-31 13:10:38.546 1112 1852 I StorageManagerService: mountUserId=0 state=UNMOUNTED
10-31 13:10:38.546 1112 1852 I StorageManagerService: fsType=null fsUuid=null fsLabel=null
10-31 13:10:38.546 1112 1852 I StorageManagerService: path=null internalPath=null
10-31 13:10:38.551 544 637 I vold : Executing sdcardfs
10-31 13:10:38.551 1112 1181 W Looper : Drained
10-31 13:10:38.551 1283 1836 V MediaCodec: TunnelPeekState: BufferRendered -> BufferRendered
10-31 13:10:38.552 938 2827 I WifiHAL : send oem msg of len : 112 to apps
10-31 13:10:38.553 1430 2907 D LOWI-9.0.0.87.a: [LOWI-ROME-RTT] RomeWaitOnActivityOnSocketOrPipe: timed select over: TO: 5 retVal: 1
10-31 13:10:38.553 1430 2907 D LOWI-9.0.0.87.a: [LOWI-ROME-RTT] event_handler: Valid data with length 80
10-31 13:10:38.553 1430 2907 D LOWI-9.0.0.87.a: [LOWI-HELIUM-RTT] storeNLFragment: new fragment group, tokenid(2), adding 72 chars @position 0
10-31 13:10:38.553 1430 2907 D LOWI-9.0.0.87.a: [LOWI-HELIUM-RTT] RomeNLRecvMessage: The Received OEMSubType: RTT_MSG_SUBTYPE_CAPABILITY_RSP
10-31 13:10:38.553 1430 2907 D LOWI-9.0.0.87.a: [LOWI-HELIUM-RTT] RomeNLRecvMessage: The Received RomeMsgType: ROME_RANGING_CAP_MSG
10-31 13:10:38.553 1112 1194 I service_manager_stats: [265,691,5135]
10-31 13:10:38.553 1430 2907 D LOWI-9.0.0.87.a: [LOWIRangingFSM] FSM: Received Event EVENT_RANGING_CAP_INFO, Current state: STATE_WAITING_FOR_RANGING_CAP
10-31 13:10:38.553 1430 2907 D LOWI-9.0.0.87.a: [LOWIWifiTlvHandler] processRspHeadTlv: reqId(1) measDone(1) rttStatus(RTT_STATUS_SUCCESS) subtype(RTT_MSG_SUBTYPE_CAPABILITY_RSP) isFrag(0) fragIdx(0) fragLen(0) tknId(0)
10-31 13:10:38.553 1430 2907 D LOWI-9.0.0.87.a: [LOWIWifiTlvHandler] checkTlvTag: Processing idx(0) received TLV: wmi_rtt_oem_rsp_head
10-31 13:10:38.553 1430 2907 D LOWI-9.0.0.87.a: [LOWIWifiTlvHandler] processIfPeerEvtHdrTag: Invalid Tag(33), not added to vector mPeerIdx(0)
10-31 13:10:38.553 1430 2907 D LOWI-9.0.0.87.a: [LOWIWifiTlvHandler] processIfPerFrmInfoTag: Invalid Tag(33) measurement not added for peer(0)
10-31 13:10:38.553 1430 2907 D LOWI-9.0.0.87.a: [LOWIWifiTlvHandler] checkTlvTag: Processing idx(1) received TLV: wmi_rtt_oem_cap_rsp_head
10-31 13:10:38.553 1430 2907 D LOWI-9.0.0.87.a: [LOWIWifiTlvHandler] processIfPeerEvtHdrTag: Invalid Tag(35), not added to vector mPeerIdx(0)
10-31 13:10:38.553 1430 2907 D LOWI-9.0.0.87.a: [LOWIWifiTlvHandler] processIfPerFrmInfoTag: Invalid Tag(35) measurement not added for peer(0)
10-31 13:10:38.553 1430 2907 D LOWI-9.0.0.87.a: [LOWIWifiTlvHandler] checkTlvTag: Processing idx(2) received TLV: wmi_rtt_oem_cap_rsp_event
10-31 13:10:38.553 1430 2907 D LOWI-9.0.0.87.a: [LOWIWifiTlvHandler] processIfPeerEvtHdrTag: Invalid Tag(36), not added to vector mPeerIdx(0)
10-31 13:10:38.553 1430 2907 D LOWI-9.0.0.87.a: [LOWIWifiTlvHandler] processIfPerFrmInfoTag: Invalid Tag(36) measurement not added for peer(0)
10-31 13:10:38.553 1430 2907 D LOWI-9.0.0.87.a: [LOWIWifiTlvHandler] printBssidInfo: No peer info from processing TLVs
10-31 13:10:38.553 1430 2907 D LOWI-9.0.0.87.a: [LOWI-HELIUM-RTT] parseRttCapabilitiesMsg: Skipping wmi_rtt_oem_rsp_head
10-31 13:10:38.553 1430 2907 D LOWI-9.0.0.87.a: [LOWI-HELIUM-RTT] parseRttCapabilitiesMsg: parsing wmi_rtt_oem_cap_rsp_head TLVversion(0x3) major(0x0) minor(0x10001) serviceBitMask[0](0x0) serviceBitMask[1](0x0) serviceBitMask[2](0x0) serviceBitMask[3](0x0)
10-31 13:10:38.553 1430 2907 D LOWI-9.0.0.87.a: [LOWI-HELIUM-RTT] parseRttCapabilitiesMsg: parsing wmi_rtt_oem_cap_rsp_event TLVrangingTypeMask(5) supportedFramesMask(11) maxDestPerReq(10) maxMeasPerDest(31) maxChannelsAllowed(1) maxBwAllowed(2) preambleSupportedMask(7) reportTypeSupportedMask(15) maxRfChains(3) facTypeMask(2) numPhys(1) fwMultiBurstSupport(1)
10-31 13:10:38.553 1430 2907 D LOWI-9.0.0.87.a: [LOWIRangingFSM] FSM: New FSM state: STATE_READY_AND_IDLE
10-31 13:10:38.553 1430 2907 D LOWI-9.0.0.87.a: [LOWI-ROME-RTT] RomeWaitOnActivityOnSocketOrPipe: issue blocking select
10-31 13:10:38.566 544 637 D vold : Waiting for sdcardfs to spin up...
10-31 13:10:38.567 671 733 I netd : interfaceGetCfg(wlan0) -> {InterfaceConfigurationParcel{ifName: wlan0, hwAddr: 2a:89:6f:5e:cc:14, ipv4Addr: 0.0.0.0, prefixLength: 0, flags: [up, broadcast, multicast]}} <0.44ms>
10-31 13:10:38.569 671 733 I netd : interfaceGetCfg(wlan0) -> {InterfaceConfigurationParcel{ifName: wlan0, hwAddr: 2a:89:6f:5e:cc:14, ipv4Addr: 0.0.0.0, prefixLength: 0, flags: [up, broadcast, multicast]}} <0.40ms>
10-31 13:10:38.570 1112 1918 D WifiService: Handle boot completed
