10-31 13:10:36.098 1112 1199 I am_proc_start: [0,2706,10066,com.thundercomm.gamemode.provider,content provider,{com.thundercomm.gamemode.provider/com.thundercomm.gamemode.provider.SettingsProvider}]
10-31 13:10:36.098 1112 1199 W ActivityManager: Slow operation: 107ms so far, now at startProcess: building log message
10-31 13:10:36.098 1112 1199 I ActivityManager: Start proc 2706:com.thundercomm.gamemode.provider/u0a66 for content provider {com.thundercomm.gamemode.provider/com.thundercomm.gamemode.provider.SettingsProvider}
10-31 13:10:36.098 1112 1199 W ActivityManager: Slow operation: 108ms so far, now at startProcess: starting to update pids map
10-31 13:10:36.101 1112 1199 W ActivityManager: Slow operation: 110ms so far, now at startProcess: done updating pids map
10-31 13:10:36.103 1112 2226 I am_wtf : [0,2577,com.android.settings,952647173,RoleParser,com.android.permissioncontroller.role.model.BrowserRoleBehavior]
10-31 13:10:36.106 1112 2217 I am_wtf : [0,2577,com.android.settings,952647173,RoleParser,com.android.permissioncontroller.role.model.DialerRoleBehavior]
10-31 13:10:36.111 1112 1784 I commit_sys_config_file: [settings-0-0,20]
10-31 13:10:36.111 1112 2226 I am_wtf : [0,2577,com.android.settings,952647173,RoleParser,com.android.permissioncontroller.role.model.SmsRoleBehavior]
10-31 13:10:36.117 1112 1139 I am_wtf : [0,2577,com.android.settings,952647173,RoleParser,com.android.permissioncontroller.role.model.EmergencyRoleBehavior]
10-31 13:10:36.122 1112 2217 I am_wtf : [0,2577,com.android.settings,952647173,RoleParser,com.android.permissioncontroller.role.model.HomeRoleBehavior]
10-31 13:10:36.125 1112 2465 I am_wtf : [0,2577,com.android.settings,952647173,RoleParser,com.android.permissioncontroller.role.model.SystemAutomotiveClusterRoleBehavior]
10-31 13:10:36.128 1112 2147 I am_wtf : [0,2577,com.android.settings,952647173,RoleParser,com.android.permissioncontroller.role.model.CompanionDeviceWatchRoleBehavior]
10-31 13:10:36.132 1112 2147 I am_wtf : [0,2577,com.android.settings,952647173,RoleParser,com.android.permissioncontroller.role.model.SystemShellRoleBehavior]
10-31 13:10:36.132 1112 1183 I DropBoxManagerService: add tag=system_app_strictmode isTagEnabled=true flags=0x2
10-31 13:10:36.133 1112 1183 I DropBoxManagerService: add tag=system_app_strictmode isTagEnabled=true flags=0x2
10-31 13:10:36.136 1112 2465 I am_wtf : [0,2577,com.android.settings,952647173,RoleParser,com.android.permissioncontroller.role.model.TelevisionRoleBehavior]
10-31 13:10:36.138 1112 1183 I DropBoxManagerService: add tag=system_app_strictmode isTagEnabled=true flags=0x2
10-31 13:10:36.139 1112 2465 I am_wtf : [0,2577,com.android.settings,952647173,RoleParser,com.android.permissioncontroller.role.model.TelevisionRoleBehavior]
10-31 13:10:36.142 1112 1183 I DropBoxManagerService: add tag=system_app_strictmode isTagEnabled=true flags=0x2
10-31 13:10:36.161 1112 1183 I DropBoxManagerService: add tag=system_app_strictmode isTagEnabled=true flags=0x2
01-01 09:54:59.788 0 0 I binder : 2706:2706 ioctl 40046210 7ff99ba9a4 returned -22
10-31 13:10:36.166 1112 1183 I DropBoxManagerService: add tag=system_app_strictmode isTagEnabled=true flags=0x2
10-31 13:10:36.173 1112 1183 I DropBoxManagerService: add tag=system_app_strictmode isTagEnabled=true flags=0x2
10-31 13:10:36.176 2577 2577 I wm_on_create_called: [2251216,com.android.settings.FallbackHome,performCreate]
10-31 13:10:36.177 2577 2577 I wm_on_start_called: [2251216,com.android.settings.FallbackHome,handleStartActivity]
10-31 13:10:36.177 1112 1183 I DropBoxManagerService: add tag=system_app_strictmode isTagEnabled=true flags=0x2
10-31 13:10:36.178 2577 2577 I wm_on_resume_called: [2251216,com.android.settings.FallbackHome,RESUME_ACTIVITY]
10-31 13:10:36.179 1112 1112 I ExplicitHealthCheckController: Explicit health check service is connected ComponentInfo{android.ext.services/android.ext.services.watchdog.ExplicitHealthCheckServiceImpl}
10-31 13:10:36.180 1112 1112 I ExplicitHealthCheckController: Service initialized, syncing requests
10-31 13:10:36.180 1112 1112 I PackageWatchdog: Syncing health check requests for packages: {}
10-31 13:10:36.180 1112 1112 D ExplicitHealthCheckController: Getting health check supported packages
10-31 13:10:36.181 1112 1139 I am_proc_bound: [0,2706,com.thundercomm.gamemode.provider]
10-31 13:10:36.184 1112 1139 D CompatibilityChangeReporter: Compat change id reported: 168419799; UID 10066; state: DISABLED
10-31 13:10:36.201 2577 2577 I wm_on_top_resumed_gained_called: [2251216,com.android.settings.FallbackHome,topStateChangedWhenResumed]
10-31 13:10:36.207 1112 2465 D CompatibilityChangeReporter: Compat change id reported: 168419799; UID 10087; state: DISABLED
10-31 13:10:36.209 1112 1112 V NotificationAssistants: 0 notification assistant service connected: ComponentInfo{android.ext.services/android.ext.services.notification.Assistant}
10-31 13:10:36.214 1112 2465 I ExplicitHealthCheckController: Explicit health check supported packages [PackageConfig{com.android.networkstack, 86400000}]
10-31 13:10:36.214 1112 2465 D PackageWatchdog: Received supported packages [PackageConfig{com.android.networkstack, 86400000}]
10-31 13:10:36.214 1112 2465 D ExplicitHealthCheckController: Getting health check requested packages
10-31 13:10:36.215 1112 1139 I ExplicitHealthCheckController: Explicit health check requested packages []
10-31 13:10:36.216 1112 1139 I ExplicitHealthCheckController: No more health check requests, unbinding...
10-31 13:10:36.217 1112 1139 I ExplicitHealthCheckController: Explicit health check service is unbound
10-31 13:10:36.220 1112 1185 I input_focus: [Focus request 96e90fb com.android.settings/com.android.settings.FallbackHome,reason=UpdateInputWindows]
10-31 13:10:36.269 1112 1183 I DropBoxManagerService: add tag=system_app_strictmode isTagEnabled=true flags=0x2
10-31 13:10:36.273 1112 1183 I DropBoxManagerService: add tag=system_app_strictmode isTagEnabled=true flags=0x2
10-31 13:10:36.281 1112 1183 I DropBoxManagerService: add tag=system_app_strictmode isTagEnabled=true flags=0x2
10-31 13:10:36.284 1112 1139 I am_uid_running: 10090
10-31 13:10:36.284 1112 1139 D CompatibilityChangeReporter: Compat change id reported: 135634846; UID 10090; state: DISABLED
10-31 13:10:36.285 1112 1139 D CompatibilityChangeReporter: Compat change id reported: 177438394; UID 10090; state: DISABLED
10-31 13:10:36.285 1112 1139 D CompatibilityChangeReporter: Compat change id reported: 135772972; UID 10090; state: DISABLED
10-31 13:10:36.285 1112 1139 D CompatibilityChangeReporter: Compat change id reported: 135754954; UID 10090; state: ENABLED
10-31 13:10:36.286 1112 1199 D CompatibilityChangeReporter: Compat change id reported: 143937733; UID 10090; state: ENABLED
01-01 09:54:59.914 0 0 I binder : 2577:2711 ioctl 40046210 77bfd171f4 returned -22
10-31 13:10:36.331 1112 1199 I am_proc_start: [0,2746,10090,com.qualcomm.qti.qccauthmgr,content provider,{com.qualcomm.qti.qccauthmgr/com.qualcomm.qti.qccauthmgr.providers.SMQContentProvider}]
10-31 13:10:36.332 1112 1199 I ActivityManager: Start proc 2746:com.qualcomm.qti.qccauthmgr/u0a90 for content provider {com.qualcomm.qti.qccauthmgr/com.qualcomm.qti.qccauthmgr.providers.SMQContentProvider}
10-31 13:10:36.339 1112 1199 W ActivityManager: Slow operation: 55ms so far, now at startProcess: done updating pids map
10-31 13:10:36.352 1112 1184 I ActivityManagerTiming: FinishBooting
10-31 13:10:36.352 1112 1184 I boot_progress_enable_screen: 46270
10-31 13:10:36.354 1112 1184 I screen_toggled: 1
10-31 13:10:36.354 1112 1184 W KeyguardServiceDelegate: onScreenTurningOn(): no keyguard service!
10-31 13:10:36.371 2079 2079 D SystemUIBootTiming: StartServicescom.android.systemui.statusbar.phone.StatusBar took to complete: 1040ms
10-31 13:10:36.381 2079 2079 D SystemUIBootTiming: StartServicescom.android.systemui.usb.StorageNotification took to complete: 9ms
10-31 13:10:36.385 2079 2357 W ActivityThread: Failed to find provider info for com.android.contacts (user not unlocked)
10-31 13:10:36.400 2079 2079 D SystemUIBootTiming: StartServicescom.android.systemui.power.PowerUI took to complete: 19ms
10-31 13:10:36.402 2079 2079 D SystemUIBootTiming: StartServicescom.android.systemui.media.RingtonePlayer took to complete: 2ms
01-01 09:55:00.025 0 0 I binder : 2746:2746 ioctl 40046210 7ff99ba9a4 returned -22
10-31 13:10:36.405 2079 2079 D SystemUIBootTiming: StartServicescom.android.systemui.keyboard.KeyboardUI took to complete: 3ms
10-31 13:10:36.407 2079 2079 D SystemUIBootTiming: StartServicescom.android.systemui.shortcut.ShortcutKeyDispatcher took to complete: 2ms
10-31 13:10:36.408 2079 2079 D SystemUIBootTiming: StartServicescom.android.systemui.VendorServices took to complete: 0ms
10-31 13:10:36.409 2079 2079 D SystemUIBootTiming: StartServicescom.android.systemui.util.leak.GarbageMonitor$Service took to complete: 1ms
10-31 13:10:36.409 2079 2079 D SystemUIBootTiming: StartServicescom.android.systemui.LatencyTester took to complete: 0ms
10-31 13:10:36.411 1112 1139 I am_proc_bound: [0,2746,com.qualcomm.qti.qccauthmgr]
10-31 13:10:36.411 2079 2079 D SystemUIBootTiming: StartServicescom.android.systemui.globalactions.GlobalActionsComponent took to complete: 2ms
10-31 13:10:36.412 1112 1139 D CompatibilityChangeReporter: Compat change id reported: 168419799; UID 10090; state: DISABLED
10-31 13:10:36.414 1112 1139 I am_uid_active: 10090
10-31 13:10:36.422 2079 2079 D SystemUIBootTiming: StartServicescom.android.systemui.ScreenDecorations took to complete: 11ms
10-31 13:10:36.425 2079 2079 D SystemUIBootTiming: StartServicescom.android.systemui.biometrics.AuthController took to complete: 2ms
10-31 13:10:36.425 2079 2079 D SystemUIBootTiming: StartServicescom.android.systemui.SliceBroadcastRelayHandler took to complete: 1ms
10-31 13:10:36.427 2079 2079 D SystemUIBootTiming: StartServicescom.android.systemui.statusbar.notification.InstantAppNotifier took to complete: 2ms
10-31 13:10:36.432 2079 2079 D SystemUIBootTiming: StartServicescom.android.systemui.theme.ThemeOverlayController took to complete: 5ms
10-31 13:10:36.432 2079 2079 D SystemUIBootTiming: StartServicescom.android.systemui.accessibility.WindowMagnification took to complete: 0ms
10-31 13:10:36.439 2079 2079 D SystemUIBootTiming: StartServicescom.android.systemui.accessibility.SystemActions took to complete: 7ms
10-31 13:10:36.440 2079 2079 D SystemUIBootTiming: StartServicescom.android.systemui.toast.ToastUI took to complete: 0ms
10-31 13:10:36.442 2079 2079 D SystemUIBootTiming: StartServicescom.android.systemui.wmshell.WMShell took to complete: 2ms
01-01 09:55:00.075 0 0 I [kworke][0x3cb9acd3][13:10:36.454381] wlan: [336:I:DP] Peer pool init
01-01 09:55:00.075 0 0 W [kworke][0x3cb9b90c][13:10:36.454544] wlan: [336:W:DP] dp_rx_pdev_mon_attach: pdev attach id=0
01-01 09:55:00.103 0 0 D cnss : Assign MSI to user: DP, num_vectors: 18, user_base_data: 814, base_vector: 14
01-01 09:55:00.103 0 0 D cnss : Get IRQ number 365 for vector index 14
01-01 09:55:00.103 0 0 D cnss : Assign MSI to user: DP, num_vectors: 18, user_base_data: 814, base_vector: 14
01-01 09:55:00.103 0 0 D cnss : Get IRQ number 366 for vector index 15
01-01 09:55:00.103 0 0 D cnss : Assign MSI to user: DP, num_vectors: 18, user_base_data: 814, base_vector: 14
01-01 09:55:00.103 0 0 D cnss : Get IRQ number 367 for vector index 16
01-01 09:55:00.103 0 0 D cnss : Assign MSI to user: DP, num_vectors: 18, user_base_data: 814, base_vector: 14
01-01 09:55:00.103 0 0 D cnss : Get IRQ number 368 for vector index 17
01-01 09:55:00.103 0 0 D cnss : Assign MSI to user: DP, num_vectors: 18, user_base_data: 814, base_vector: 14
01-01 09:55:00.103 0 0 D cnss : Assign MSI to user: DP, num_vectors: 18, user_base_data: 814, base_vector: 14
01-01 09:55:00.103 0 0 D cnss : Get IRQ number 370 for vector index 19
01-01 09:55:00.103 0 0 D cnss : Assign MSI to user: DP, num_vectors: 18, user_base_data: 814, base_vector: 14
01-01 09:55:00.103 0 0 D cnss : Get IRQ number 371 for vector index 20
01-01 09:55:00.114 0 0 E [kworke][0x3cc55021][13:10:36.494105] wlan: [336:E:HIF] hif_pci_ce_irq_set_affinity_hint: 3708: Unable to set cpu mask for offline CPU 0
01-01 09:55:00.135 0 0 I [kworke][0x3ccb6cea][13:10:36.514969] wlan: [341:I:WMA] wma_rx_service_ready_event: Firmware build version : 101a0521
01-01 09:55:00.135 0 0 I [kworke][0x3ccb6edb][13:10:36.514994] wlan: [341:I:WMA] wma_rx_service_ready_event: Board id: 0, Board version: 8 0 0 0 6
10-31 13:10:36.512 2079 2079 D SystemUIBootTiming: StartServicescom.android.systemui.ShowWindowUtil took to complete: 70ms
01-01 09:55:00.138 0 0 I [kworke][0x3ccc4984][13:10:36.517910] wlan: [341:I:WMA] wma_is_dbs_mandatory: 5417: MAC0 does not support both bands 2 DBS is mandatory
10-31 13:10:36.534 2079 2079 D SystemUIBootTiming: StartServices took to complete: 1558ms
01-01 09:55:00.138 0 0 E [kworke][0x3ccc5114][13:10:36.518011] wlan: [341:E:QDF] copy_fw_abi_version_tlv: 6979: copy_fw_abi_version_tlv: INIT_CMD version: 1, 0, 0x5f414351, 0x4c4d, 0x0, 0x0
10-31 13:10:36.548 1112 2147 D CompatibilityChangeReporter: Compat change id reported: 171306433; UID 1000; state: ENABLED
01-01 09:55:00.249 0 0 E bt_ioctl: BT_CMD_PWR_CTRL pwr_cntrl:2
01-01 09:55:00.254 0 0 E bt_vreg_unvote: vreg_unvote successful for : qca,bt-vdd-rfa2
01-01 09:55:00.261 0 0 E bt_vreg_unvote: vreg_unvote successful for : qca,bt-vdd-rfa1
01-01 09:55:00.268 0 0 E bt_vreg_unvote: vreg_unvote successful for : qca,bt-vdd-dig
01-01 09:55:00.275 0 0 E bt_vreg_unvote: vreg_unvote successful for : qca,bt-vdd-aon
10-31 13:10:36.740 2079 2416 W ActivityThread: Failed to find provider info for com.android.contacts (user not unlocked)
01-01 09:55:00.339 0 0 E [kworke][0x3d06fe5e][13:10:36.718295] wlan: [274:E:QDF] ready_extract_init_status_tlv: 8884: ready_extract_init_status_tlv:0
01-01 09:55:00.353 0 0 E [kworke][0x3d0b1b7b][13:10:36.732336] wlan: [274:E:QDF] cds_get_context: 1486: Module ID 65 context is Null
01-01 09:55:00.364 0 0 F [kworke][0x3d0e6faa][13:10:36.743700] wlan: [274:F:DP] cdp_ipa_set_uc_tx_partition_base invalid instance
01-01 09:55:00.375 0 0 I [kworke][0x3d11a002][13:10:36.754583] wlan: [274:I:WMA] wma_he_update_tgt_services: 996: 11ax is enabled
01-01 09:55:00.383 0 0 I [kworke][0x3d13e4df][13:10:36.762331] wlan: [274:I:HIF] Initializing Runtime PM wakelock &mgmt_txrx_pdev_ctx->wakelock_tx_runtime_cmp
01-01 09:55:00.384 0 0 I [kworke][0x3d14654f][13:10:36.764040] wlan: [274:I:dfs] WLAN_DEBUG_DFS_ALWAYS : wlan_dfs_pdev_obj_create_notification: 421: dfs_offload 1
01-01 09:55:00.384 0 0 I [kworke][0x3d146796][13:10:36.764071] wlan: [274:I:SPECTRAL] null_get_capability: 1715: SPECTRAL : get_capability not registered
01-01 09:55:00.384 0 0 I [kworke][0x3d146808][13:10:36.764077] wlan: [274:I:SPECTRAL] target_if_pdev_spectral_init: 2249: HAL_CAP_PHYDIAG : Capable
01-01 09:55:00.384 0 0 I [kworke][0x3d14687a][13:10:36.764083] wlan: [274:I:SPECTRAL] null_get_capability: 1715: SPECTRAL : get_capability not registered
01-01 09:55:00.384 0 0 I [kworke][0x3d1468e6][13:10:36.764088] wlan: [274:I:SPECTRAL] target_if_pdev_spectral_init: 2253: HAL_CAP_RADAR : Capable
01-01 09:55:00.384 0 0 I [kworke][0x3d146953][13:10:36.764094] wlan: [274:I:SPECTRAL] null_get_capability: 1715: SPECTRAL : get_capability not registered
01-01 09:55:00.384 0 0 I [kworke][0x3d1469bd][13:10:36.764099] wlan: [274:I:SPECTRAL] target_if_pdev_spectral_init: 2258: HAL_CAP_SPECTRAL_SCAN : Capable
01-01 09:55:00.384 0 0 I [kworke][0x3d146a5a][13:10:36.764108] wlan: [274:I:SPECTRAL] null_get_tsf64: 1703: SPECTRAL : get_tsf64 not registered
01-01 09:55:00.384 0 0 I [kworke][0x3d146c0b][13:10:36.764130] wlan: [274:I:GREEN_AP] wlan_green_ap_pdev_obj_create_notification: 106: Green AP creation successful, green ap ctx: ffffffe1f113c0e8, pdev: ffffffe20267a8e8
01-01 09:55:00.384 0 0 I [kworke][0x3d146f91][13:10:36.764177] wlan: [274:I:IPA] wlan_ipa_wdi_init: 540: ipa_over_gsi: 1, is_smmu_enabled: 1
10-31 13:10:36.774 1112 1112 D BluetoothManagerService: Bluetooth Adapter address changed to 22:22:A2:CE:C0:34
10-31 13:10:36.775 1112 1112 D BluetoothManagerService: Stored Bluetoothaddress: 22:22:A2:CE:C0:34
10-31 13:10:36.777 1112 1112 D BluetoothManagerService: Bluetooth Adapter name changed to QCOM-BTD by android
10-31 13:10:36.777 1112 1112 D BluetoothManagerService: Stored Bluetooth name: QCOM-BTD
01-01 09:55:00.387 0 0 I [kworke][0x3d154d3f][13:10:36.767133] wlan: [274:I:REGULATORY] reg_set_band: 483: set band bitmap: 3
01-01 09:55:00.388 0 0 I [kworke][0x3d1559e2][13:10:36.767301] wlan: [274:I:HIF] Initializing Runtime PM wakelock &ctx->dfs
01-01 09:55:00.388 0 0 I [kworke][0x3d155ab1][13:10:36.767312] wlan: [274:I:HIF] Initializing Runtime PM wakelock &ctx->connect
01-01 09:55:00.388 0 0 I [kworke][0x3d155b72][13:10:36.767322] wlan: [274:I:HIF] Initializing Runtime PM wakelock &ctx->user
01-01 09:55:00.388 0 0 I [kworke][0x3d155c46][13:10:36.767333] wlan: [274:I:HIF] Initializing Runtime PM wakelock &scan_priv->runtime_pm_lock
01-01 09:55:00.388 0 0 I [kworke][0x3d155dd2][13:10:36.767354] wlan: [274:I:GREEN_AP] target_if_green_ap_register_egap_event_handler: 131: Set the Enhance Green AP event handler
01-01 09:55:00.388 0 0 E [kworke][0x3d155e8d][13:10:36.767364] wlan: [274:E:QDF] dp_peer_map_attach_wifi3: 10048: dp_peer_map_attach_wifi3 max_peers 55, max_ast_index: 144
01-01 09:55:00.404 0 0 I [kworke][0x3d1a2a80][13:10:36.783737] wlan: [274:I:DP]
01-01 09:55:00.404 0 0 I : <=== cfg max peer id 55 ====>
01-01 09:55:00.404 0 0 I [kworke][0x3d1a2cb2][13:10:36.783765] wlan: [274:I:DP]
01-01 09:55:00.404 0 0 I : <=== cfg max ast idx 144 ====>
01-01 09:55:00.404 0 0 I [kworke][0x3d1a2dda][13:10:36.783781] wlan: [274:I:DP] ast hash_elems: 512, max_ast_idx: 144
10-31 13:10:36.783 2079 2416 W ActivityThread: Failed to find provider info for com.android.contacts (user not unlocked)
01-01 09:55:00.406 0 0 I [kworke][0x3d1aa1f2][13:10:36.785330] wlan: [336:I:WMA] wma_wait_for_ready_event: 6926: FW ready event received
10-31 13:10:36.802 1112 1112 D BluetoothManagerService: Bluetooth Adapter address changed to 22:22:A2:CE:C0:34
10-31 13:10:36.802 1112 1112 D BluetoothManagerService: Stored Bluetoothaddress: 22:22:A2:CE:C0:34
10-31 13:10:36.812 1112 1183 D BluetoothManagerService: MESSAGE_BLUETOOTH_STATE_CHANGE: BLE_TURNING_ON > BLE_ON
10-31 13:10:36.812 1112 1183 D BluetoothManagerService: Bluetooth is in LE only mode
10-31 13:10:36.812 1112 1183 D BluetoothManagerService: Binding Bluetooth GATT service
01-01 09:55:00.413 0 0 E [kworke][0x3d1cb07f][13:10:36.792349] wlan: [336:E:WMI] send_action_oui_cmd_tlv: 220: Invalid action id
01-01 09:55:00.423 0 0 E [kworke][0x3d1fdfe5][13:10:36.803222] wlan: [336:E:action_oui] ucfg_action_oui_send: 160: Failed to send: 7
01-01 09:55:00.435 0 0 E [kworke][0x3d232bd8][13:10:36.814474] wlan: [336:E:WMI] send_action_oui_cmd_tlv: 220: Invalid action id
10-31 13:10:36.814 1112 1183 D BluetoothManagerService: Sending BLE State Change: BLE_TURNING_ON > BLE_ON
10-31 13:10:36.816 2079 2416 W ActivityThread: Failed to find provider info for com.android.contacts (user not unlocked)
10-31 13:10:36.816 1112 1112 D CompanionDeviceManagerService: Received BT state transition broadcast: BLE_TURNING_ON -> BLE_ON
10-31 13:10:36.817 1112 1112 I CompanionDeviceManagerService: startBleScan()
10-31 13:10:36.818 1112 1112 I CompanionDeviceManagerService: Read associations from disk: {0=[]}
10-31 13:10:36.818 1112 1112 D BluetoothManagerService: BluetoothServiceConnection: com.android.bluetooth.gatt.GattService
10-31 13:10:36.818 1112 1183 D BluetoothManagerService: MESSAGE_BLUETOOTH_SERVICE_CONNECTED: 2
10-31 13:10:36.818 1112 1183 D BluetoothManagerService: continueFromBleOnState()
10-31 13:10:36.820 1112 1183 D BluetoothManagerService: Persisting Bluetooth Setting: 1
10-31 13:10:36.822 1112 1183 D BluetoothManagerService: MESSAGE_BLUETOOTH_STATE_CHANGE: BLE_ON > TURNING_ON
10-31 13:10:36.822 1112 1183 D BluetoothManagerService: Sending BLE State Change: BLE_ON > TURNING_ON
10-31 13:10:36.825 1112 1112 D CompanionDeviceManagerService: Received BT state transition broadcast: BLE_ON -> TURNING_ON
10-31 13:10:36.825 1112 1183 D BluetoothManagerService: Sending State Change: OFF > TURNING_ON
01-01 09:55:00.446 0 0 E [kworke][0x3d265b3e][13:10:36.825347] wlan: [336:E:action_oui] ucfg_action_oui_send: 160: Failed to send: 9
01-01 09:55:00.457 0 0 E [kworke][0x3d29ad2e][13:10:36.836679] wlan: [336:E:HDD] hdd_action_oui_send: 13281: Failed to send one or all action_ouis
10-31 13:10:36.857 1112 2147 D TelephonyRegistry: listen oscl: mHasNotifySubscriptionInfoChangedOccurred==false no callback
01-01 09:55:00.496 0 0 D cnss : dma-coherent is enabled
01-01 09:55:00.496 0 0 D cnss : IOMMU map: iova b0000000, len 4096
01-01 09:55:00.496 0 0 D cnss : IOMMU map: iova_addr b0000040
01-01 09:55:00.496 0 0 D cnss : dma-coherent is enabled
01-01 09:55:00.496 0 0 D cnss : IOMMU map: iova b0001000, len 4096
01-01 09:55:00.496 0 0 D cnss : IOMMU map: iova_addr b0001018
10-31 13:10:36.892 1112 1946 I GameModeConfig: isGameModeOn = false
10-31 13:10:36.893 1112 1946 I GameModeConfig: isGameModeOn = false
01-01 09:55:00.499 0 0 E [kworke][0x3d361d96][13:10:36.879137] wlan: [336:E:TXRX] dp_rxdma_ring_config: 5022: DBS enabled max_mac_rings 2
01-01 09:55:00.511 0 0 E [kworke][0x3d398757][13:10:36.890788] wlan: [336:E:TXRX] dp_rxdma_ring_config: 5033: pdev_id 0 max_mac_rings 2
01-01 09:55:00.523 0 0 E [kworke][0x3d3ce661][13:10:36.902295] wlan: [336:E:TXRX] dp_rxdma_ring_config: 5050: mac_id 0
01-01 09:55:00.533 0 0 E [kworke][0x3d3fd7e6][13:10:36.912342] wlan: [336:E:TXRX] dp_rxdma_ring_config: 5050: mac_id 1
01-01 09:55:00.543 0 0 I [kworke][0x3d430379][13:10:36.923163] wlan: [336:I:POLICY_MGR] policy_mgr_update_5g_scc_prefer: 398: overwrite pm_second_connection_pcl_dbs_2x2_table, index 2 mode 3 system prefer 0 new pcl 6
01-01 09:55:00.543 0 0 I [kworke][0x3d43043c][13:10:36.923173] wlan: [336:I:POLICY_MGR] policy_mgr_update_5g_scc_prefer: 404: overwrite pm_second_connection_pcl_dbs_2x2_table, index 3 mode 3 system prefer 0 new pcl 6
01-01 09:55:00.544 0 0 E [kworke][0x3d4352ae][13:10:36.924219] wlan: [336:E:REGULATORY] reg_freq_width_to_chan_op_class: 512: no op class for frequency 5745
01-01 09:55:00.559 0 0 I [kworke][0x3d47ae7b][13:10:36.939096] wlan: [336:I:HIF] hif_pm_runtime_start: Enabling RUNTIME PM, Delay: 500 ms
01-01 09:55:00.578 0 0 E cnss_utils: WLAN MAC address is not set, type 0
01-01 09:55:00.584 0 0 W cnss_pci 0000: 01:00.0: Falling back to syfs fallback for: wlan/qca_cld/qca6390/wlan_mac.bin
10-31 13:10:36.983 1112 1184 I dvm_lock_sample: [system_server,1,android.display,10,WindowManagerService.java,3575,void com.android.server.wm.WindowManagerService.performEnableScreen(),-,8167,void com.android.server.wm.WindowManagerService.onAnimationFinished(),2]
01-01 09:55:00.611 0 0 I [kworke][0x3d56eab4][13:10:36.991099] wlan: [336:I:HDD] hdd_initialize_mac_address: 12589: using default MAC address
01-01 09:55:00.627 0 0 I cnss-daemon: no interop issues ap currently
10-31 13:10:37.046 1112 1908 I netstats_mobile_sample: [0,0,0,0,0,0,0,0,0,0,0,0,1667193037046]
10-31 13:10:37.046 1112 1908 I netstats_wifi_sample: [0,0,0,0,0,0,0,0,0,0,0,0,1667193037046]
01-01 09:55:00.693 0 0 E [kworke][0x3d6ec44a][13:10:37.072507] wlan: [336:E:QDF] qdf_mutex_create: already initialized lock
01-01 09:55:00.704 0 0 E [kworke][0x3d71f57c][13:10:37.083403] wlan: [336:E:HDD] hdd_open_adapter: 6512: Interface p2p0 wow debug_fs init failed
10-31 13:10:37.093 1112 1908 I netstats_mobile_sample: [0,0,0,0,0,0,0,0,0,0,0,0,1667193037093]
10-31 13:10:37.093 1112 1908 I netstats_wifi_sample: [0,0,0,0,0,0,0,0,0,0,0,0,1667193037093]
10-31 13:10:37.101 1112 1112 I Telecom : BluetoothDeviceManager: Got BluetoothHearingAid: android.bluetooth.BluetoothHearingAid@475c3cc: BMSL.oSC@AAg
10-31 13:10:37.122 1112 1946 I GameModeConfig: isGameModeOn = false
10-31 13:10:37.123 1112 1112 I notification_cancel_all: [1002,2065,com.android.bluetooth,0,0,64,9,NULL]
10-31 13:10:37.123 1112 1946 I GameModeConfig: isGameModeOn = false
10-31 13:10:37.125 1112 2153 I am_uid_active: 10066
10-31 13:10:37.134 2065 2815 W ActivityThread: Failed to find provider info for com.android.contacts (user not unlocked)
01-01 09:55:00.735 0 0 E [kworke][0x3d7b079c][13:10:37.114365] wlan: [336:E:QDF] qdf_mutex_create: already initialized lock
01-01 09:55:00.745 0 0 E [kworke][0x3d7e2bca][13:10:37.125087] wlan: [336:E:HDD] hdd_open_adapter: 6512: Interface wifi-aware0 wow debug_fs init failed
10-31 13:10:37.144 938 938 I android.hardware.wifi@1.0-service: Wifi HAL started
10-31 13:10:37.146 1112 1183 D BluetoothManagerService: MESSAGE_BLUETOOTH_STATE_CHANGE: TURNING_ON > ON
10-31 13:10:37.146 1112 1183 D BluetoothManagerService: Broadcasting onBluetoothStateChange(true) to 10 receivers.
10-31 13:10:37.146 1112 1183 D BluetoothManagerService: Creating new ProfileServiceConnections object for profile: 1
01-01 09:55:00.763 0 0 W : ------------[ cut here ]------------
01-01 09:55:00.763 0 0 I : IRQs not enabled as expected
01-01 09:55:00.763 0 0 W : WARNING: CPU: 5 PID: 336 at kernel/softirq.c:161 __local_bh_enable_ip+0x140/0x158
01-01 09:55:00.763 0 0 I : Modules linked in: cyttsp7_device_access cyttsp7_i2c cyttsp7 wlan(O) atmel_mxt_ts tsnv(O) machine_dlkm(O) wcd938x_slave_dlkm(O) wcd938x_dlkm(O) wcd9xxx_dlkm(O) mbhc_dlkm(O) tx_macro_dlkm(O) rx_macro_dlkm(O) va_macro_dlkm(O) wsa_macro_dlkm(O) swr_ctrl_dlkm(O) bolero_cdc_dlkm(O) wsa881x_dlkm(O) wcd_core_dlkm(O) stub_dlkm(O) hdmi_dlkm(O) swr_dlkm(O) pinctrl_lpi_dlkm(O) pinctrl_wcd_dlkm(O) usf_dlkm(O) native_dlkm(O) platform_dlkm(O) q6_dlkm(O) adsp_loader_dlkm(O) apr_dlkm(O) snd_event_dlkm(O) q6_notifier_dlkm(O) q6_pdr_dlkm(O) msm_11ad_proxy
01-01 09:55:00.763 0 0 I : CPU: 5 PID: 336 Comm: kworker/u16:13 Tainted: G S W O 4.19.157+ #1
01-01 09:55:00.763 0 0 I Hardware name: Qualcomm Technologies, Inc. kona MTP-RmPM8150b. VC1(FSE) EVT1 (DT)
01-01 09:55:00.763 0 0 I Workqueue: cnss_driver_event cnss_driver_event_work
01-01 09:55:00.763 0 0 I pstate : 60c00085 (nZCv daIf +PAN +UAO)
01-01 09:55:00.763 0 0 I pc : __local_bh_enable_ip+0x140/0x158
01-01 09:55:00.763 0 0 I lr : __local_bh_enable_ip+0x140/0x158
01-01 09:55:00.763 0 0 I sp : ffffff801a56bb60
01-01 09:55:00.763 0 0 I : x29: ffffff801a56bb60 x28: dead000000000100
01-01 09:55:00.763 0 0 I : x27: ffffffa1cf61e33c x26: ffffffe287e18670
01-01 09:55:00.763 0 0 I : x25: ffffffe221f2cf80 x24: 000000000000003f
01-01 09:55:00.763 0 0 I : x23: ffffff801b50310c x22: 000000004000003f
01-01 09:55:00.763 0 0 I : x21: ffffffe2887fbe40 x20: ffffffa1cdef9f48
01-01 09:55:00.763 0 0 I : x19: 0000000000000201 x18: 000000000000002c
01-01 09:55:00.763 0 0 I : x17: ffffffa1d0f1c000 x16: 00000000fff9a7f0
01-01 09:55:00.763 0 0 I : x15: 000000000009a7f0 x14: 00000000000000c2
01-01 09:55:00.763 0 0 I : x13: 0000000000000000 x12: 00000000000000e0
01-01 09:55:00.763 0 0 I : x11: 0000000000000000 x10: 0000000000000000
01-01 09:55:00.763 0 0 I : x9 : ec4831621d831e00 x8 : ec4831621d831e00
01-01 09:55:00.763 0 0 I : x7 : ffffffa1cd5826c0 x6 : 0000000000000000
01-01 09:55:00.763 0 0 I : x5 : 0000000000000080 x4 : 0000000000000001
01-01 09:55:00.763 0 0 I : x3 : 0000000000000000 x2 : 0000000000000004
01-01 09:55:00.763 0 0 I : x1 : 0000000000000004 x0 : 000000000000001c
01-01 09:55:00.763 0 0 I Call trace:
01-01 09:55:00.763 0 0 I : __local_bh_enable_ip+0x140/0x158
01-01 09:55:00.763 0 0 I : _raw_spin_unlock_bh+0x3c/0x48
01-01 09:55:00.763 0 0 I : cnss_pci_reg_write+0xf0/0x1a8
01-01 09:55:00.763 0 0 I : cnss_pci_time_sync_work_hdlr+0x24c/0x6a8
01-01 09:55:00.763 0 0 I : cnss_pci_call_driver_probe+0x138/0x2d0
01-01 09:55:00.763 0 0 I : cnss_bus_call_driver_probe+0x28/0x80
01-01 09:55:00.763 0 0 I : cnss_driver_event_work+0x2e8/0xcb8
01-01 09:55:00.763 0 0 I : process_one_work+0x38c/0x660
01-01 09:55:00.763 0 0 I : worker_thread+0x268/0x4b8
01-01 09:55:00.763 0 0 I : kthread+0x140/0x150
01-01 09:55:00.763 0 0 I : ret_from_fork+0x10/0x1c
01-01 09:55:00.763 0 0 I : irq event stamp: 548425
01-01 09:55:00.763 0 0 I : hardirqs last enabled at (548423): [] _raw_spin_unlock_irqrestore+0x44/0x88
01-01 09:55:00.763 0 0 I : hardirqs last disabled at (548424): [] _raw_spin_lock_irqsave+0x28/0x98
01-01 09:55:00.763 0 0 I : softirqs last enabled at (548418): [] __do_softirq+0x50c/0x554
01-01 09:55:00.763 0 0 I : softirqs last disabled at (548425): [] cnss_pci_reg_write+0x58/0x1a8
01-01 09:55:00.763 0 0 W : ---[ end trace 00b4b2f98e0ef8bb ]---
01-01 09:55:00.763 0 0 D cnss : Host time = 53751190 us, device time = 4301670 us, offset = 49449520 us
01-01 09:55:00.763 0 0 D cnss : Updated time sync regs [0x984] = 0x2f28a30, [0x988] = 0x0
01-01 09:55:00.763 0 0 D cnss : Removing vote for Regulator vdd-wlan-rfa2
01-01 09:55:00.763 0 0 D cnss : Removing vote for Regulator vdd-wlan-rfa1
01-01 09:55:00.763 0 0 D cnss : Removing vote for Regulator vdd-wlan-dig
01-01 09:55:00.763 0 0 D cnss : Removing vote for Regulator vdd-wlan-aon
01-01 09:55:00.763 0 0 D cnss : Removing vote for Regulator vdd-wlan-io
01-01 09:55:00.763 0 0 D cnss : PM relax, state: 0x107, count: 0
01-01 09:55:00.764 0 0 D cnss : PM stay awake, state: 0x107, count: 1
01-01 09:55:00.764 0 0 D cnss : PM relax, state: 0x107, count: 0
10-31 13:10:37.151 1112 1183 W BluetoothManagerService: psc is not null in bindBluetoothProfileService
10-31 13:10:37.152 1112 1183 D BluetoothManagerService: Sending BLE State Change: TURNING_ON > ON
10-31 13:10:37.152 1112 1183 D BluetoothManagerService: Sending State Change: TURNING_ON > ON
10-31 13:10:37.152 1112 1112 D CompanionDeviceManagerService: Received BT state transition broadcast: TURNING_ON -> ON
10-31 13:10:37.153 1112 1112 I CompanionDeviceManagerService: startBleScan()
01-01 09:55:00.787 0 0 I : Wifi Turning On from UI
01-01 09:55:00.793 0 0 I [wifi@1][0x3d8c1c18][13:10:37.172664] wlan: [938:I:DP] dp_vdev_attach_wifi3: wlan_cfg_ap_bridge_enabled 0
01-01 09:55:00.793 0 0 I [wifi@1][0x3d8c364c][13:10:37.173014] wlan: [938:I:DP] 00000000: cb 42 67 ff b1 96 aa 58 52 08 68 6f 5b 7e c0 09
01-01 09:55:00.793 0 0 I [wifi@1][0x3d8c36ec][13:10:37.173022] wlan: [938:I:DP] 00000010: 50 f1 19 5f
01-01 09:55:00.793 0 0 I [wifi@1][0x3d8c3782][13:10:37.173030] wlan: [938:I:DP] 00000000: 6d 2a f5 14 9e 83 37 9a 89 cc 8d a4 2f 69 21 1a
01-01 09:55:00.793 0 0 I [wifi@1][0x3d8c37ee][13:10:37.173035] wlan: [938:I:DP] 00000010: a4 30 71 fc 1b 73 ee d5 b3 2a f1 18 96 1d 20 e6
01-01 09:55:00.793 0 0 I [wifi@1][0x3d8c3856][13:10:37.173041] wlan: [938:I:DP] 00000020: 4e e9 08 2a c5 80 33 14 43 3c 19 ec
10-31 13:10:37.179 1112 2217 W BluetoothManagerService: psc is not null in bindBluetoothProfileService
01-01 09:55:00.809 0 0 I IPv6 : ADDRCONF(NETDEV_UP): wlan0: link is not ready
01-01 09:55:00.818 0 0 I [lowi-s][0x3d935de8][13:10:37.197435] wlan: [1466:I:wifipos] wifi_pos_get_ch_info: 461: num channels: 26
10-31 13:10:37.199 938 938 I android.hardware.wifi@1.0-service: Adding interface handle for wlan0
10-31 13:10:37.199 938 938 I android.hardware.wifi@1.0-service: Adding interface handle for p2p0
10-31 13:10:37.199 938 938 I android.hardware.wifi@1.0-service: Adding interface handle for wifi-aware0
10-31 13:10:37.199 938 938 W android.hardware.wifi@1.0-service: No active wlan interfaces in use! Using default
10-31 13:10:37.200 938 938 W android.hardware.wifi@1.0-service: No active wlan interfaces in use! Using default
10-31 13:10:37.205 938 938 I android.hardware.wifi@1.0-service: Configured chip in mode 3
10-31 13:10:37.205 938 938 W android.hardware.wifi@1.0-service: No active wlan interfaces in use! Using default
10-31 13:10:37.211 938 938 W android.hardware.wifi@1.0-service: No active wlan interfaces in use! Using default
01-01 09:55:00.834 0 0 E [wifi@1][0x3d982556][13:10:37.213747] wlan: [2827:E:wifipos] wifi_pos_process_app_reg_req: 608: Received App Req Req pid(1082131370), len(16)
01-01 09:55:00.852 0 0 I [wifi@1][0x3d9d8af3][13:10:37.232169] wlan: [2827:I:wifipos] wifi_pos_get_ch_info: 461: num channels: 26
01-01 09:55:00.854 0 0 I [wifi@1][0x3d9e0190][13:10:37.233750] wlan: [2827:I:wifipos] wifi_pos_get_ch_info: 461: num channels: 26
01-01 09:55:00.873 0 0 E i2c_geni 980000.i2c: i2c error :-107
10-31 13:10:37.263 1294 1294 I wificond: createClientInterface: wiphy_index 0 iface_name wlan0
10-31 13:10:37.264 1294 1294 I wificond: create scanner for interface with index: 17
10-31 13:10:37.265 1294 1294 I wificond: subscribe scan result for interface with index: 17
10-31 13:10:37.265 1294 1294 I wificond: add channel type 0 support at wiphy index: 0
10-31 13:10:37.266 1294 1294 I wificond: add channel type 1 support at wiphy index: 0
10-31 13:10:37.494 1112 1184 I wm_boot_animation_done: 47412
10-31 13:10:37.494 1112 1184 I ActivityManagerTiming: FinishBooting
10-31 13:10:37.497 1112 1184 I ActivityManager: About to commit checkpoint
10-31 13:10:37.500 1112 1184 W ActivityManager: FinishBooting sync begin --------- beginning of main
10-31 13:10:37.512 2834 2834 D wpa_supplicant: nl80211: Supported vendor command: vendor_id=0x1374 subcmd=95
10-31 13:10:37.512 2834 2834 D wpa_supplicant: nl80211: Supported vendor command: vendor_id=0x1374 subcmd=96
10-31 13:10:37.512 2834 2834 D wpa_supplicant: nl80211: Supported vendor command: vendor_id=0x1374 subcmd=97
10-31 13:10:37.512 2834 2834 D wpa_supplicant: nl80211: Supported vendor command: vendor_id=0x1374 subcmd=98
10-31 13:10:37.512 2834 2834 D wpa_supplicant: nl80211: Supported vendor command: vendor_id=0x1374 subcmd=99
10-31 13:10:37.512 2834 2834 D wpa_supplicant: nl80211: Supported vendor command: vendor_id=0x1374 subcmd=101
10-31 13:10:37.512 2834 2834 D wpa_supplicant: nl80211: Supported vendor command: vendor_id=0x1374 subcmd=108
10-31 13:10:37.512 2834 2834 D wpa_supplicant: nl80211: Supported vendor command: vendor_id=0x1374 subcmd=102
10-31 13:10:37.512 2834 2834 D wpa_supplicant: nl80211: Supported vendor command: vendor_id=0x1374 subcmd=109
10-31 13:10:37.512 2834 2834 D wpa_supplicant: nl80211: Supported vendor command: vendor_id=0x1374 subcmd=115
10-31 13:10:37.512 2834 2834 D wpa_supplicant: nl80211: Supported vendor command: vendor_id=0x1374 subcmd=83
10-31 13:10:37.512 2834 2834 D wpa_supplicant: nl80211: Supported vendor command: vendor_id=0x1374 subcmd=116
10-31 13:10:37.512 2834 2834 D wpa_supplicant: nl80211: Supported vendor command: vendor_id=0x1374 subcmd=117
10-31 13:10:37.512 2834 2834 D wpa_supplicant: nl80211: Supported vendor command: vendor_id=0x1374 subcmd=10
10-31 13:10:37.512 2834 2834 D wpa_supplicant: nl80211: Supported vendor command: vendor_id=0x1374 subcmd=118
10-31 13:10:37.512 2834 2834 D wpa_supplicant: nl80211: Supported vendor command: vendor_id=0x1374 subcmd=122
10-31 13:10:37.512 2834 2834 D wpa_supplicant: nl80211: Supported vendor command: vendor_id=0x1374 subcmd=123
10-31 13:10:37.512 2834 2834 D wpa_supplicant: nl80211: Supported vendor command: vendor_id=0x1374 subcmd=124
10-31 13:10:37.512 2834 2834 D wpa_supplicant: nl80211: Supported vendor command: vendor_id=0x1374 subcmd=85
10-31 13:10:37.512 2834 2834 D wpa_supplicant: nl80211: Supported vendor command: vendor_id=0x1374 subcmd=84
10-31 13:10:37.512 2834 2834 D wpa_supplicant: nl80211: Supported vendor command: vendor_id=0x1374 subcmd=147
10-31 13:10:37.512 2834 2834 D wpa_supplicant: nl80211: Supported vendor command: vendor_id=0x1374 subcmd=105
10-31 13:10:37.512 2834 2834 D wpa_supplicant: nl80211: Supported vendor command: vendor_id=0x1374 subcmd=192
10-31 13:10:37.512 2834 2834 D wpa_supplicant: nl80211: Supported vendor command: vendor_id=0x1374 subcmd=9
10-31 13:10:37.512 2834 2834 D wpa_supplicant: nl80211: Supported vendor command: vendor_id=0x1374 subcmd=137
10-31 13:10:37.512 2834 2834 D wpa_supplicant: nl80211: Supported vendor command: vendor_id=0x1374 subcmd=143
10-31 13:10:37.512 2834 2834 D wpa_supplicant: nl80211: Supported vendor command: vendor_id=0x1374 subcmd=164
10-31 13:10:37.512 2834 2834 D wpa_supplicant: nl80211: Supported vendor command: vendor_id=0x1374 subcmd=180
10-31 13:10:37.512 2834 2834 D wpa_supplicant: nl80211: Supported vendor command: vendor_id=0x1374 subcmd=146
10-31 13:10:37.512 2834 2834 D wpa_supplicant: nl80211: Supported vendor command: vendor_id=0x1374 subcmd=152
10-31 13:10:37.512 2834 2834 D wpa_supplicant: nl80211: Supported vendor command: vendor_id=0x1374 subcmd=127
10-31 13:10:37.512 2834 2834 D wpa_supplicant: nl80211: Supported vendor command: vendor_id=0x1374 subcmd=149
10-31 13:10:37.512 2834 2834 D wpa_supplicant: nl80211: Supported vendor command: vendor_id=0x1374 subcmd=150
10-31 13:10:37.512 2834 2834 D wpa_supplicant: nl80211: Supported vendor command: vendor_id=0x1374 subcmd=151
10-31 13:10:37.512 2834 2834 D wpa_supplicant: nl80211: Supported vendor command: vendor_id=0x1374 subcmd=154
10-31 13:10:37.512 2834 2834 D wpa_supplicant: nl80211: Supported vendor command: vendor_id=0x1374 subcmd=155
10-31 13:10:37.512 2834 2834 D wpa_supplicant: nl80211: Supported vendor command: vendor_id=0x1374 subcmd=158
10-31 13:10:37.512 2834 2834 D wpa_supplicant: nl80211: Supported vendor command: vendor_id=0x1374 subcmd=159
10-31 13:10:37.512 2834 2834 D wpa_supplicant: nl80211: Supported vendor command: vendor_id=0x1374 subcmd=160
10-31 13:10:37.512 2834 2834 D wpa_supplicant: nl80211: Supported vendor command: vendor_id=0x1374 subcmd=161
10-31 13:10:37.512 2834 2834 D wpa_supplicant: nl80211: Supported vendor command: vendor_id=0x1374 subcmd=144
10-31 13:10:37.513 2834 2834 D wpa_supplicant: nl80211: Supported vendor command: vendor_id=0x1374 subcmd=138
10-31 13:10:37.513 2834 2834 D wpa_supplicant: nl80211: Supported vendor command: vendor_id=0x1374 subcmd=156
10-31 13:10:37.513 2834 2834 D wpa_supplicant: nl80211: Supported vendor command: vendor_id=0x1374 subcmd=171
10-31 13:10:37.513 2834 2834 D wpa_supplicant: nl80211: Supported vendor command: vendor_id=0x1374 subcmd=81
10-31 13:10:37.513 2834 2834 D wpa_supplicant: nl80211: Supported vendor command: vendor_id=0x1374 subcmd=177
10-31 13:10:37.513 2834 2834 D wpa_supplicant: nl80211: Supported vendor command: vendor_id=0x1374 subcmd=167
10-31 13:10:37.513 2834 2834 D wpa_supplicant: nl80211: Supported vendor command: vendor_id=0x1374 subcmd=125
10-31 13:10:37.513 2834 2834 D wpa_supplicant: nl80211: Supported vendor event: vendor_id=0x1374 subcmd=10
10-31 13:10:37.513 2834 2834 D wpa_supplicant: nl80211: Supported vendor event: vendor_id=0x1374 subcmd=12
10-31 13:10:37.513 2834 2834 D wpa_supplicant: nl80211: Supported vendor event: vendor_id=0x1374 subcmd=13
10-31 13:10:37.513 2834 2834 D wpa_supplicant: nl80211: Supported vendor event: vendor_id=0x1374 subcmd=14
10-31 13:10:37.513 2834 2834 D wpa_supplicant: nl80211: Supported vendor event: vendor_id=0x1374 subcmd=15
10-31 13:10:37.513 2834 2834 D wpa_supplicant: nl80211: Supported vendor event: vendor_id=0x1374 subcmd=16
10-31 13:10:37.513 2834 2834 D wpa_supplicant: nl80211: Supported vendor event: vendor_id=0x1374 subcmd=17
10-31 13:10:37.513 2834 2834 D wpa_supplicant: nl80211: Supported vendor event: vendor_id=0x1374 subcmd=18
10-31 13:10:37.513 2834 2834 D wpa_supplicant: nl80211: Supported vendor event: vendor_id=0x1374 subcmd=19
10-31 13:10:37.513 2834 2834 D wpa_supplicant: nl80211: Supported vendor event: vendor_id=0x1374 subcmd=127
10-31 13:10:37.513 2834 2834 D wpa_supplicant: nl80211: Supported vendor event: vendor_id=0x1374 subcmd=37
10-31 13:10:37.513 2834 2834 D wpa_supplicant: nl80211: Supported vendor event: vendor_id=0x1374 subcmd=54
10-31 13:10:37.513 2834 2834 D wpa_supplicant: nl80211: Supported vendor event: vendor_id=0x1374 subcmd=51
10-31 13:10:37.513 2834 2834 D wpa_supplicant: nl80211: Supported vendor event: vendor_id=0x1374 subcmd=56
10-31 13:10:37.513 2834 2834 D wpa_supplicant: nl80211: Supported vendor event: vendor_id=0x1374 subcmd=57
10-31 13:10:37.513 2834 2834 D wpa_supplicant: nl80211: Supported vendor event: vendor_id=0x1374 subcmd=58
10-31 13:10:37.513 2834 2834 D wpa_supplicant: nl80211: Supported vendor event: vendor_id=0x1374 subcmd=59
10-31 13:10:37.513 2834 2834 D wpa_supplicant: nl80211: Supported vendor event: vendor_id=0x1374 subcmd=60
10-31 13:10:37.513 2834 2834 D wpa_supplicant: nl80211: Supported vendor event: vendor_id=0x0 subcmd=0
10-31 13:10:37.513 2834 2834 D wpa_supplicant: nl80211: Supported vendor event: vendor_id=0x1374 subcmd=80
10-31 13:10:37.513 2834 2834 D wpa_supplicant: nl80211: Supported vendor event: vendor_id=0x1374 subcmd=100
10-31 13:10:37.513 2834 2834 D wpa_supplicant: nl80211: Supported vendor event: vendor_id=0x1374 subcmd=106
10-31 13:10:37.513 2834 2834 D wpa_supplicant: nl80211: Supported vendor event: vendor_id=0x1374 subcmd=107
10-31 13:10:37.513 2834 2834 D wpa_supplicant: nl80211: Supported vendor event: vendor_id=0x1374 subcmd=102
10-31 13:10:37.513 2834 2834 D wpa_supplicant: nl80211: Supported vendor event: vendor_id=0x1374 subcmd=181
10-31 13:10:37.514 2834 2834 D wpa_supplicant: nl80211: Supported vendor event: vendor_id=0x1374 subcmd=119
10-31 13:10:37.514 2834 2834 D wpa_supplicant: nl80211: Supported vendor event: vendor_id=0x1374 subcmd=81
10-31 13:10:37.514 2834 2834 D wpa_supplicant: nl80211: Supported vendor event: vendor_id=0x1374 subcmd=123
10-31 13:10:37.514 2834 2834 D wpa_supplicant: nl80211: Supported vendor event: vendor_id=0x1374 subcmd=124
10-31 13:10:37.514 2834 2834 D wpa_supplicant: nl80211: Supported vendor event: vendor_id=0x1374 subcmd=147
10-31 13:10:37.514 2834 2834 D wpa_supplicant: nl80211: Supported vendor event: vendor_id=0x1374 subcmd=148
10-31 13:10:37.514 2834 2834 D wpa_supplicant: nl80211: Supported vendor event: vendor_id=0x1374 subcmd=150
10-31 13:10:37.514 2834 2834 D wpa_supplicant: nl80211: Supported vendor event: vendor_id=0x1374 subcmd=157
10-31 13:10:37.514 2834 2834 D wpa_supplicant: nl80211: Supported vendor event: vendor_id=0x0 subcmd=0
10-31 13:10:37.514 2834 2834 D wpa_supplicant: nl80211: Supported vendor event: vendor_id=0x1374 subcmd=165
10-31 13:10:37.514 2834 2834 D wpa_supplicant: nl80211: Supported vendor event: vendor_id=0x1374 subcmd=171
10-31 13:10:37.514 2834 2834 D wpa_supplicant: nl80211: Supported vendor event: vendor_id=0x1374 subcmd=174
10-31 13:10:37.514 2834 2834 D wpa_supplicant: nl80211: Supported vendor event: vendor_id=0x1374 subcmd=101
10-31 13:10:37.514 2834 2834 D wpa_supplicant: nl80211: Supported vendor event: vendor_id=0x0 subcmd=0
10-31 13:10:37.514 2834 2834 D wpa_supplicant: nl80211: Supported vendor event: vendor_id=0x1374 subcmd=180
10-31 13:10:37.514 2834 2834 D wpa_supplicant: nl80211: Supported vendor event: vendor_id=0x1374 subcmd=64
10-31 13:10:37.514 2834 2834 D wpa_supplicant: nl80211: Supported vendor event: vendor_id=0x1374 subcmd=182
10-31 13:10:37.514 2834 2834 D wpa_supplicant: nl80211: Supported vendor event: vendor_id=0x1374 subcmd=187
10-31 13:10:37.514 2834 2834 D wpa_supplicant: nl80211: Supported vendor event: vendor_id=0x1374 subcmd=188
10-31 13:10:37.514 2834 2834 D wpa_supplicant: nl80211: STATION supported key_mgmt 0x3fff6f
10-31 13:10:37.514 2834 2834 D wpa_supplicant: nl80211: P2P_CLIENT supported key_mgmt 0x3fff6f
10-31 13:10:37.514 2834 2834 D wpa_supplicant: nl80211: AP supported key_mgmt 0x1040c
10-31 13:10:37.514 2834 2834 D wpa_supplicant: nl80211: P2P_GO supported key_mgmt 0x1040c
10-31 13:10:37.514 2834 2834 D wpa_supplicant: nl80211: Use separate P2P group interface (driver advertised support)
10-31 13:10:37.514 2834 2834 D wpa_supplicant: nl80211: Enable multi-channel concurrent (driver advertised support)
10-31 13:10:37.514 2834 2834 D wpa_supplicant: nl80211: key_mgmt=0x3fff6f enc=0x76f auth=0x7 flags=0x10ad7a769abcfbc4 rrm_flags=0x0 probe_resp_offloads=0x0 max_stations=32 max_remain_on_chan=5000 max_scan_ssids=10
10-31 13:10:37.514 2834 2834 D wpa_supplicant: nl80211: interface wlan0 in phy phy0
10-31 13:10:37.514 2834 2834 D wpa_supplicant: nl80211: Set mode ifindex 17 iftype 2 (STATION)
10-31 13:10:37.515 2834 2834 D wpa_supplicant: nl80211: Subscribe to mgmt frames with non-AP handle 0xb4000071b8aa0690
10-31 13:10:37.515 2834 2834 D wpa_supplicant: nl80211: Register frame type=0xb0 (WLAN_FC_STYPE_AUTH) nl_handle=0xb4000071b8aa0690 match=0300 multicast=0
10-31 13:10:37.515 2834 2834 D wpa_supplicant: nl80211: Register frame type=0xd0 (WLAN_FC_STYPE_ACTION) nl_handle=0xb4000071b8aa0690 match=0104 multicast=0
10-31 13:10:37.515 2834 2834 D wpa_supplicant: nl80211: Register frame type=0xd0 (WLAN_FC_STYPE_ACTION) nl_handle=0xb4000071b8aa0690 match=040a multicast=0
10-31 13:10:37.515 2834 2834 D wpa_supplicant: nl80211: Register frame type=0xd0 (WLAN_FC_STYPE_ACTION) nl_handle=0xb4000071b8aa0690 match=040b multicast=0
10-31 13:10:37.515 2834 2834 D wpa_supplicant: nl80211: Register frame type=0xd0 (WLAN_FC_STYPE_ACTION) nl_handle=0xb4000071b8aa0690 match=040c multicast=0
10-31 13:10:37.515 2834 2834 D wpa_supplicant: nl80211: Register frame type=0xd0 (WLAN_FC_STYPE_ACTION) nl_handle=0xb4000071b8aa0690 match=040d multicast=0
10-31 13:10:37.515 2834 2834 D wpa_supplicant: nl80211: Register frame type=0xd0 (WLAN_FC_STYPE_ACTION) nl_handle=0xb4000071b8aa0690 match=090a multicast=0
10-31 13:10:37.515 2834 2834 D wpa_supplicant: nl80211: Register frame type=0xd0 (WLAN_FC_STYPE_ACTION) nl_handle=0xb4000071b8aa0690 match=090b multicast=0
10-31 13:10:37.515 2834 2834 D wpa_supplicant: nl80211: Register frame type=0xd0 (WLAN_FC_STYPE_ACTION) nl_handle=0xb4000071b8aa0690 match=090c multicast=0
10-31 13:10:37.516 2834 2834 D wpa_supplicant: nl80211: Register frame type=0xd0 (WLAN_FC_STYPE_ACTION) nl_handle=0xb4000071b8aa0690 match=090d multicast=0
10-31 13:10:37.516 2834 2834 D wpa_supplicant: nl80211: Register frame type=0xd0 (WLAN_FC_STYPE_ACTION) nl_handle=0xb4000071b8aa0690 match=0409506f9a09 multicast=0
10-31 13:10:37.516 2834 2834 D wpa_supplicant: nl80211: Register frame type=0xd0 (WLAN_FC_STYPE_ACTION) nl_handle=0xb4000071b8aa0690 match=7f506f9a09 multicast=0
10-31 13:10:37.516 2834 2834 D wpa_supplicant: nl80211: Register frame type=0xd0 (WLAN_FC_STYPE_ACTION) nl_handle=0xb4000071b8aa0690 match=0409506f9a1a multicast=0
10-31 13:10:37.516 2834 2834 D wpa_supplicant: nl80211: Register frame type=0xd0 (WLAN_FC_STYPE_ACTION) nl_handle=0xb4000071b8aa0690 match=0801 multicast=0
10-31 13:10:37.516 2834 2834 D wpa_supplicant: nl80211: Register frame type=0xd0 (WLAN_FC_STYPE_ACTION) nl_handle=0xb4000071b8aa0690 match=040e multicast=0
10-31 13:10:37.516 2834 2834 D wpa_supplicant: nl80211: Register frame type=0xd0 (WLAN_FC_STYPE_ACTION) nl_handle=0xb4000071b8aa0690 match=12 multicast=0
10-31 13:10:37.516 2834 2834 D wpa_supplicant: nl80211: Register frame type=0xd0 (WLAN_FC_STYPE_ACTION) nl_handle=0xb4000071b8aa0690 match=06 multicast=0
10-31 13:10:37.517 2834 2834 D wpa_supplicant: nl80211: Register frame type=0xd0 (WLAN_FC_STYPE_ACTION) nl_handle=0xb4000071b8aa0690 match=0a07 multicast=0
10-31 13:10:37.517 2834 2834 D wpa_supplicant: nl80211: Register frame type=0xd0 (WLAN_FC_STYPE_ACTION) nl_handle=0xb4000071b8aa0690 match=0a11 multicast=0
10-31 13:10:37.517 2834 2834 D wpa_supplicant: nl80211: Register frame type=0xd0 (WLAN_FC_STYPE_ACTION) nl_handle=0xb4000071b8aa0690 match=0a0b multicast=0
10-31 13:10:37.517 2834 2834 D wpa_supplicant: nl80211: Register frame type=0xd0 (WLAN_FC_STYPE_ACTION) nl_handle=0xb4000071b8aa0690 match=0a1a multicast=0
10-31 13:10:37.517 2834 2834 D wpa_supplicant: nl80211: Register frame type=0xd0 (WLAN_FC_STYPE_ACTION) nl_handle=0xb4000071b8aa0690 match=1101 multicast=0
10-31 13:10:37.517 2834 2834 D wpa_supplicant: nl80211: Register frame type=0xd0 (WLAN_FC_STYPE_ACTION) nl_handle=0xb4000071b8aa0690 match=1102 multicast=0
10-31 13:10:37.517 2834 2834 D wpa_supplicant: nl80211: Register frame type=0xd0 (WLAN_FC_STYPE_ACTION) nl_handle=0xb4000071b8aa0690 match=0505 multicast=0
10-31 13:10:37.517 2834 2834 D wpa_supplicant: nl80211: Register frame type=0xd0 (WLAN_FC_STYPE_ACTION) nl_handle=0xb4000071b8aa0690 match=1305 multicast=0
10-31 13:10:37.518 2834 2834 I wpa_supplicant: rfkill: Cannot open RFKILL control device
10-31 13:10:37.518 2834 2834 D wpa_supplicant: nl80211: RFKILL status not available
10-31 13:10:37.518 2834 2834 D wpa_supplicant: netlink: Operstate: ifindex=17 linkmode=1 (userspace-control), operstate=5 (IF_OPER_DORMANT)
10-31 13:10:37.518 1430 1460 D LOWI-9.0.0.87.a: [LOWINetlinkSocketReceiver] unpackRTMLinkMessage: RTM_NEWLINK - ifname wlan0, flags 0x1003 ([UP])
10-31 13:10:37.518 1430 1460 D LOWI-9.0.0.87.a: [LOWINetlinkSocketReceiver] processNetlinkPacket: ifname(wlan0) status(1)
10-31 13:10:37.518 1430 1460 D LOWI-9.0.0.87.a: [LOWIController] intfStateReceived: ifname(wlan0) state(1)
10-31 13:10:37.519 1283 1836 V MediaCodec: TunnelPeekState: BufferRendered -> BufferRendered
10-31 13:10:37.519 1430 1466 D LOWI-9.0.0.87.a: [LOWIEventReceiver] handleEvent:FROM:NA, TO:NA, REQ:NA, IREQ:NA, REQ_ID:0, RESP:NA, INFO:INTF-STATUS-UPDATE
10-31 13:10:37.519 1430 1466 D LOWI-9.0.0.87.a: [LOWIEventReceiver] Info to [INTF-STATUS-UPDATE]
10-31 13:10:37.519 1430 1466 D LOWI-9.0.0.87.a: [LOWIController] updateIntfState: WIFI enabled 1 mNlWifiStatus 1 mWifiStateEnabled 1
10-31 13:10:37.519 1430 1466 D LOWI-9.0.0.87.a: [LOWIController] isWifiEnabled: mNlWifiStatus 1 mWifiStateEnabled 1
10-31 13:10:37.520 2194 2264 W System.err: java.net.NoRouteToHostException: Host unreachable
10-31 13:10:37.520 2194 2264 W System.err: at libcore.io.IoBridge.connect(IoBridge.java:183)
10-31 13:10:37.520 2194 2264 W System.err: at java.net.PlainSocketImpl.socketConnect(PlainSocketImpl.java:142)
10-31 13:10:37.520 2194 2264 W System.err: at java.net.AbstractPlainSocketImpl.doConnect(AbstractPlainSocketImpl.java:390)
10-31 13:10:37.521 2194 2264 W System.err: at java.net.AbstractPlainSocketImpl.connectToAddress(AbstractPlainSocketImpl.java:230)
10-31 13:10:37.521 2194 2264 W System.err: at java.net.AbstractPlainSocketImpl.connect(AbstractPlainSocketImpl.java:212)
