10-31 13:10:32.601 1112 1112 I SystemServerTiming: OnBootPhase_480_com.android.server.pm.LauncherAppsService
10-31 13:10:32.601 1112 1112 D SystemServerTiming: OnBootPhase_480_com.android.server.pm.LauncherAppsService took to complete: 0ms
10-31 13:10:32.601 1112 1112 I SystemServerTiming: OnBootPhase_480_com.android.server.pm.CrossProfileAppsService
10-31 13:10:32.601 1112 1112 D SystemServerTiming: OnBootPhase_480_com.android.server.pm.CrossProfileAppsService took to complete: 0ms
10-31 13:10:32.601 1112 1112 I SystemServerTiming: OnBootPhase_480_com.android.server.people.PeopleService
10-31 13:10:32.601 1112 1112 D SystemServerTiming: OnBootPhase_480_com.android.server.people.PeopleService took to complete: 0ms
10-31 13:10:32.601 1112 1112 I SystemServerTiming: OnBootPhase_480_com.android.server.media.metrics.MediaMetricsManagerService
10-31 13:10:32.601 1112 1112 D SystemServerTiming: OnBootPhase_480_com.android.server.media.metrics.MediaMetricsManagerService took to complete: 0ms
10-31 13:10:32.601 1112 1112 I SystemServerTiming: OnBootPhase_480_com.android.server.media.projection.MediaProjectionManagerService
10-31 13:10:32.601 1112 1112 D SystemServerTiming: OnBootPhase_480_com.android.server.media.projection.MediaProjectionManagerService took to complete: 0ms
10-31 13:10:32.601 1112 1112 I SystemServerTiming: OnBootPhase_480_com.android.server.slice.SliceManagerService$Lifecycle
10-31 13:10:32.601 1112 1112 D SystemServerTiming: OnBootPhase_480_com.android.server.slice.SliceManagerService$Lifecycle took to complete: 0ms
10-31 13:10:32.601 1112 1112 I SystemServerTiming: OnBootPhase_480_com.android.server.stats.StatsCompanion$Lifecycle
10-31 13:10:32.601 1112 1112 D SystemServerTiming: OnBootPhase_480_com.android.server.stats.StatsCompanion$Lifecycle took to complete: 0ms
10-31 13:10:32.601 1112 1112 I SystemServerTiming: OnBootPhase_480_com.android.server.scheduling.RebootReadinessManagerService$Lifecycle
10-31 13:10:32.602 1112 1112 D SystemServerTiming: OnBootPhase_480_com.android.server.scheduling.RebootReadinessManagerService$Lifecycle took to complete: 0ms
10-31 13:10:32.602 1112 1112 I SystemServerTiming: OnBootPhase_480_com.android.server.stats.pull.StatsPullAtomService
10-31 13:10:32.602 1112 1112 D SystemServerTiming: OnBootPhase_480_com.android.server.stats.pull.StatsPullAtomService took to complete: 0ms
10-31 13:10:32.602 1112 1112 I SystemServerTiming: OnBootPhase_480_com.android.server.incident.IncidentCompanionService
10-31 13:10:32.602 1112 1112 D SystemServerTiming: OnBootPhase_480_com.android.server.incident.IncidentCompanionService took to complete: 0ms
10-31 13:10:32.602 1112 1112 I SystemServerTiming: OnBootPhase_480_com.android.server.MmsServiceBroker
10-31 13:10:32.602 1112 1112 D SystemServerTiming: OnBootPhase_480_com.android.server.MmsServiceBroker took to complete: 0ms
10-31 13:10:32.602 1112 1112 I SystemServerTiming: OnBootPhase_480_com.android.server.autofill.AutofillManagerService
10-31 13:10:32.602 1112 1112 D SystemServerTiming: OnBootPhase_480_com.android.server.autofill.AutofillManagerService took to complete: 0ms
10-31 13:10:32.602 1112 1112 I SystemServerTiming: OnBootPhase_480_com.android.server.clipboard.ClipboardService
10-31 13:10:32.602 1112 1112 D SystemServerTiming: OnBootPhase_480_com.android.server.clipboard.ClipboardService took to complete: 0ms
10-31 13:10:32.602 1112 1112 I SystemServerTiming: OnBootPhase_480_com.android.server.appbinding.AppBindingService$Lifecycle
10-31 13:10:32.602 1112 1112 D SystemServerTiming: OnBootPhase_480_com.android.server.appbinding.AppBindingService$Lifecycle took to complete: 0ms
10-31 13:10:32.603 1112 1112 I SystemServerTiming: OnBootPhase_480_com.android.server.tracing.TracingServiceProxy
10-31 13:10:32.603 1112 1112 D SystemServerTiming: OnBootPhase_480_com.android.server.tracing.TracingServiceProxy took to complete: 0ms
10-31 13:10:32.603 1112 1112 D SystemServerTiming: OnBootPhase_480 took to complete: 35ms
10-31 13:10:32.603 1112 1112 D SystemServerTiming: StartBootPhaseLockSettingsReady took to complete: 36ms
10-31 13:10:32.603 1112 1112 I SystemServerTiming: StartBootPhaseSystemServicesReady
10-31 13:10:32.603 1112 1112 I SystemServiceManager: Starting phase 500
10-31 13:10:32.603 1112 1112 I SystemServerTiming: OnBootPhase_500
10-31 13:10:32.603 1112 1112 I SystemServerTiming: OnBootPhase_500_com.android.server.security.FileIntegrityService
10-31 13:10:32.603 1112 1112 D SystemServerTiming: OnBootPhase_500_com.android.server.security.FileIntegrityService took to complete: 0ms
10-31 13:10:32.603 1112 1112 I SystemServerTiming: OnBootPhase_500_com.android.server.pm.Installer
10-31 13:10:32.603 1112 1112 D SystemServerTiming: OnBootPhase_500_com.android.server.pm.Installer took to complete: 0ms
10-31 13:10:32.603 1112 1112 I SystemServerTiming: OnBootPhase_500_com.android.server.os.DeviceIdentifiersPolicyService
10-31 13:10:32.603 1112 1112 D SystemServerTiming: OnBootPhase_500_com.android.server.os.DeviceIdentifiersPolicyService took to complete: 0ms
10-31 13:10:32.603 1112 1112 I SystemServerTiming: OnBootPhase_500_com.android.server.uri.UriGrantsManagerService$Lifecycle
10-31 13:10:32.603 1112 1112 D SystemServerTiming: OnBootPhase_500_com.android.server.uri.UriGrantsManagerService$Lifecycle took to complete: 0ms
10-31 13:10:32.604 1112 1112 I SystemServerTiming: OnBootPhase_500_com.android.server.powerstats.PowerStatsService
10-31 13:10:32.604 1112 1112 E StatsPullAtomCallbackImpl: Failed to start PowerStatsService statsd pullers
10-31 13:10:32.605 1112 1112 D SystemServerTiming: OnBootPhase_500_com.android.server.powerstats.PowerStatsService took to complete: 2ms
10-31 13:10:32.605 1112 1112 I SystemServerTiming: OnBootPhase_500_com.android.server.wm.ActivityTaskManagerService$Lifecycle
10-31 13:10:32.605 1112 1112 D SystemServerTiming: OnBootPhase_500_com.android.server.wm.ActivityTaskManagerService$Lifecycle took to complete: 0ms
10-31 13:10:32.605 1112 1112 I SystemServerTiming: OnBootPhase_500_com.android.server.am.ActivityManagerService$Lifecycle
01-01 09:54:56.226 0 0 I msm_vidc: high: 00000001: vp8e: Closed video instance: ffffffe298868000
01-01 09:54:56.229 0 0 E : INFO: trying to register non-static key.
10-31 13:10:32.608 1112 1112 E BatteryStatsService: Could not register PowerStatsInternal
10-31 13:10:32.610 1112 1112 D SystemServerTiming: OnBootPhase_500_com.android.server.am.ActivityManagerService$Lifecycle took to complete: 5ms
10-31 13:10:32.610 1112 1112 I SystemServerTiming: OnBootPhase_500_com.android.server.pm.DataLoaderManagerService
10-31 13:10:32.610 1112 1112 D SystemServerTiming: OnBootPhase_500_com.android.server.pm.DataLoaderManagerService took to complete: 0ms
10-31 13:10:32.610 1112 1112 I SystemServerTiming: OnBootPhase_500_com.android.server.power.PowerManagerService
10-31 13:10:32.611 1112 1112 D SystemServerTiming: OnBootPhase_500_com.android.server.power.PowerManagerService took to complete: 0ms
10-31 13:10:32.611 1112 1112 I SystemServerTiming: OnBootPhase_500_com.android.server.power.ThermalManagerService
10-31 13:10:32.611 1112 1112 D SystemServerTiming: OnBootPhase_500_com.android.server.power.ThermalManagerService took to complete: 0ms
10-31 13:10:32.611 1112 1112 I SystemServerTiming: OnBootPhase_500_com.android.server.power.hint.HintManagerService
10-31 13:10:32.611 1112 1112 V HintManagerService: Initializing HintManager service...
10-31 13:10:32.611 1112 1112 V HistoricalRegistry: Interaction before persistence initialized
10-31 13:10:32.611 1112 1112 D SystemServerTiming: OnBootPhase_500_com.android.server.power.hint.HintManagerService took to complete: 1ms
10-31 13:10:32.611 1112 1112 I SystemServerTiming: OnBootPhase_500_com.android.server.recoverysystem.RecoverySystemService$Lifecycle
10-31 13:10:32.611 1112 1112 D SystemServerTiming: OnBootPhase_500_com.android.server.recoverysystem.RecoverySystemService$Lifecycle took to complete: 0ms
10-31 13:10:32.611 1112 1112 I SystemServerTiming: OnBootPhase_500_com.android.server.lights.LightsService
10-31 13:10:32.611 1112 1112 D SystemServerTiming: OnBootPhase_500_com.android.server.lights.LightsService took to complete: 0ms
10-31 13:10:32.611 1112 1112 I SystemServerTiming: OnBootPhase_500_com.android.server.display.DisplayManagerService
10-31 13:10:32.611 1112 1112 D SystemServerTiming: OnBootPhase_500_com.android.server.display.DisplayManagerService took to complete: 0ms
10-31 13:10:32.611 1112 1112 I SystemServerTiming: OnBootPhase_500_com.android.server.pm.verify.domain.DomainVerificationService
10-31 13:10:32.611 1112 1112 D SystemServerTiming: OnBootPhase_500_com.android.server.pm.verify.domain.DomainVerificationService took to complete: 0ms
10-31 13:10:32.611 1112 1112 I SystemServerTiming: OnBootPhase_500_com.android.server.pm.PackageInstallerService$Lifecycle
10-31 13:10:32.611 1112 1112 D SystemServerTiming: OnBootPhase_500_com.android.server.pm.PackageInstallerService$Lifecycle took to complete: 0ms
10-31 13:10:32.611 1112 1112 I SystemServerTiming: OnBootPhase_500_com.android.server.pm.UserManagerService$LifeCycle
10-31 13:10:32.611 1112 1112 D SystemServerTiming: OnBootPhase_500_com.android.server.pm.UserManagerService$LifeCycle took to complete: 0ms
10-31 13:10:32.612 1112 1112 I SystemServerTiming: OnBootPhase_500_com.android.server.om.OverlayManagerService
10-31 13:10:32.612 1112 1112 D SystemServerTiming: OnBootPhase_500_com.android.server.om.OverlayManagerService took to complete: 0ms
10-31 13:10:32.612 1112 1112 I SystemServerTiming: OnBootPhase_500_com.android.server.SensorPrivacyService
10-31 13:10:32.614 1112 1112 D SystemServerTiming: OnBootPhase_500_com.android.server.SensorPrivacyService took to complete: 3ms
10-31 13:10:32.614 1112 1112 I SystemServerTiming: OnBootPhase_500_com.android.server.thunderperf.ThunderBoostPerfService
10-31 13:10:32.614 1112 1112 D SystemServerTiming: OnBootPhase_500_com.android.server.thunderperf.ThunderBoostPerfService took to complete: 0ms
10-31 13:10:32.614 1112 1112 I SystemServerTiming: OnBootPhase_500_com.android.server.sensors.SensorService
10-31 13:10:32.614 1112 1112 D SystemServerTiming: OnBootPhase_500_com.android.server.sensors.SensorService took to complete: 0ms
10-31 13:10:32.614 1112 1112 I SystemServerTiming: OnBootPhase_500_com.android.server.SystemConfigService
10-31 13:10:32.614 1112 1112 D SystemServerTiming: OnBootPhase_500_com.android.server.SystemConfigService took to complete: 0ms
10-31 13:10:32.614 1112 1112 I SystemServerTiming: OnBootPhase_500_com.android.server.BatteryService
10-31 13:10:32.614 1112 1112 D SystemServerTiming: OnBootPhase_500_com.android.server.BatteryService took to complete: 0ms
10-31 13:10:32.615 1112 1112 I SystemServerTiming: OnBootPhase_500_com.android.server.usage.UsageStatsService
01-01 09:54:56.234 0 0 E : the code is fine but needs lockdep annotation.
01-01 09:54:56.240 0 0 I : CPU: 6 PID: 331 Comm: kworker/u16:9 Tainted: G S W O 4.19.157+ #1
01-01 09:54:56.240 0 0 I Hardware name: Qualcomm Technologies, Inc. kona MTP-RmPM8150b. VC1(FSE) EVT1 (DT)
01-01 09:54:56.240 0 0 I Workqueue: events_unbound ion_system_secure_heap_prefetch_work
01-01 09:54:56.240 0 0 I Call trace:
01-01 09:54:56.240 0 0 I : dump_backtrace+0x0/0x258
01-01 09:54:56.240 0 0 I : show_stack+0x20/0x30
01-01 09:54:56.240 0 0 I : dump_stack+0xd8/0x12c
01-01 09:54:56.240 0 0 I : register_lock_class+0x4d0/0x5c8
01-01 09:54:56.240 0 0 I : __lock_acquire+0xbc/0x1e58
01-01 09:54:56.240 0 0 I : lock_acquire+0x1cc/0x218
01-01 09:54:56.240 0 0 I : _raw_spin_lock_irqsave+0x54/0x98
01-01 09:54:56.240 0 0 I : ion_system_secure_heap_prefetch_work+0x94/0x2c0
01-01 09:54:56.240 0 0 I : process_one_work+0x38c/0x660
01-01 09:54:56.240 0 0 I : worker_thread+0x268/0x4b8
01-01 09:54:56.240 0 0 I : kthread+0x140/0x150
01-01 09:54:56.240 0 0 I : ret_from_fork+0x10/0x1c
10-31 13:10:32.618 1112 1112 D AppStandbyController: Setting app idle enabled state
10-31 13:10:32.621 1112 1112 V HistoricalRegistry: Interaction before persistence initialized
10-31 13:10:32.621 1112 1112 D SystemServerTiming: OnBootPhase_500_com.android.server.usage.UsageStatsService took to complete: 7ms
10-31 13:10:32.621 1112 1112 I SystemServerTiming: OnBootPhase_500_com.android.server.webkit.WebViewUpdateService
10-31 13:10:32.621 1112 1112 D SystemServerTiming: OnBootPhase_500_com.android.server.webkit.WebViewUpdateService took to complete: 0ms
10-31 13:10:32.621 1112 1112 I SystemServerTiming: OnBootPhase_500_com.android.server.CachedDeviceStateService
10-31 13:10:32.621 1112 1112 D SystemServerTiming: OnBootPhase_500_com.android.server.CachedDeviceStateService took to complete: 0ms
10-31 13:10:32.621 1112 1112 I SystemServerTiming: OnBootPhase_500_com.android.server.BinderCallsStatsService$LifeCycle
10-31 13:10:32.623 1112 1112 D SystemServerTiming: OnBootPhase_500_com.android.server.BinderCallsStatsService$LifeCycle took to complete: 2ms
10-31 13:10:32.623 1112 1112 I SystemServerTiming: OnBootPhase_500_com.android.server.LooperStatsService$Lifecycle
10-31 13:10:32.623 1112 1112 D SystemServerTiming: OnBootPhase_500_com.android.server.LooperStatsService$Lifecycle took to complete: 0ms
10-31 13:10:32.623 1112 1112 I SystemServerTiming: OnBootPhase_500_com.android.server.rollback.RollbackManagerService
10-31 13:10:32.623 1112 1112 D SystemServerTiming: OnBootPhase_500_com.android.server.rollback.RollbackManagerService took to complete: 0ms
10-31 13:10:32.623 1112 1112 I SystemServerTiming: OnBootPhase_500_com.android.server.os.NativeTombstoneManagerService
10-31 13:10:32.623 1112 1112 D SystemServerTiming: OnBootPhase_500_com.android.server.os.NativeTombstoneManagerService took to complete: 0ms
10-31 13:10:32.623 1112 1112 I SystemServerTiming: OnBootPhase_500_com.android.server.os.BugreportManagerService
10-31 13:10:32.623 1112 1112 D SystemServerTiming: OnBootPhase_500_com.android.server.os.BugreportManagerService took to complete: 0ms
10-31 13:10:32.623 1112 1112 I SystemServerTiming: OnBootPhase_500_com.android.server.gpu.GpuService
10-31 13:10:32.623 1112 1112 D SystemServerTiming: OnBootPhase_500_com.android.server.gpu.GpuService took to complete: 0ms
10-31 13:10:32.623 1112 1112 I SystemServerTiming: OnBootPhase_500_com.android.server.security.KeyChainSystemService
10-31 13:10:32.623 1112 1112 D SystemServerTiming: OnBootPhase_500_com.android.server.security.KeyChainSystemService took to complete: 0ms
10-31 13:10:32.623 1112 1112 I SystemServerTiming: OnBootPhase_500_com.android.server.telecom.TelecomLoaderService
10-31 13:10:32.623 1112 1112 D SystemServerTiming: OnBootPhase_500_com.android.server.telecom.TelecomLoaderService took to complete: 0ms
10-31 13:10:32.623 1112 1112 I SystemServerTiming: OnBootPhase_500_com.android.server.accounts.AccountManagerService$Lifecycle
10-31 13:10:32.623 1112 1112 D SystemServerTiming: OnBootPhase_500_com.android.server.accounts.AccountManagerService$Lifecycle took to complete: 0ms
10-31 13:10:32.624 1112 1112 I SystemServerTiming: OnBootPhase_500_com.android.server.content.ContentService$Lifecycle
10-31 13:10:32.624 1112 1112 D SystemServerTiming: OnBootPhase_500_com.android.server.content.ContentService$Lifecycle took to complete: 0ms
10-31 13:10:32.624 1112 1112 I SystemServerTiming: OnBootPhase_500_com.android.server.DropBoxManagerService
10-31 13:10:32.624 1112 1112 D SystemServerTiming: OnBootPhase_500_com.android.server.DropBoxManagerService took to complete: 1ms
10-31 13:10:32.624 1112 1112 I SystemServerTiming: OnBootPhase_500_com.android.role.RoleService
10-31 13:10:32.624 1112 1112 D SystemServerTiming: OnBootPhase_500_com.android.role.RoleService took to complete: 0ms
10-31 13:10:32.624 1112 1112 I SystemServerTiming: OnBootPhase_500_com.android.server.vibrator.VibratorManagerService$Lifecycle
10-31 13:10:32.624 1112 1112 V VibratorManagerService: Initializing VibratorManager service...
10-31 13:10:32.624 1112 1112 V HistoricalRegistry: Interaction before persistence initialized
10-31 13:10:32.625 1112 1112 V VibratorManagerService: VibratorManager service initialized
10-31 13:10:32.625 1112 1112 D SystemServerTiming: OnBootPhase_500_com.android.server.vibrator.VibratorManagerService$Lifecycle took to complete: 1ms
10-31 13:10:32.625 1112 1112 I SystemServerTiming: OnBootPhase_500_com.android.server.alarm.AlarmManagerService
10-31 13:10:32.626 1112 1112 E LazyAlarmStore: Removed TIME_TICK alarm
10-31 13:10:32.626 1112 1198 I am_wtf : [0,1112,system_server,-1,LazyAlarmStore,Removed TIME_TICK alarm]
10-31 13:10:32.628 1112 1198 I DropBoxManagerService: add tag=system_server_wtf isTagEnabled=true flags=0x2
10-31 13:10:32.629 1112 1112 D SystemServerTiming: OnBootPhase_500_com.android.server.alarm.AlarmManagerService took to complete: 3ms
10-31 13:10:32.629 1112 1112 I SystemServerTiming: OnBootPhase_500_com.android.server.devicestate.DeviceStateManagerService
10-31 13:10:32.629 1112 1112 D SystemServerTiming: OnBootPhase_500_com.android.server.devicestate.DeviceStateManagerService took to complete: 0ms
10-31 13:10:32.629 1112 1112 I SystemServerTiming: OnBootPhase_500_com.android.server.camera.CameraServiceProxy
10-31 13:10:32.629 1112 1112 D SystemServerTiming: OnBootPhase_500_com.android.server.camera.CameraServiceProxy took to complete: 0ms
10-31 13:10:32.629 1112 1112 I SystemServerTiming: OnBootPhase_500_com.android.server.BluetoothService
10-31 13:10:32.631 1112 1112 D SystemServerTiming: OnBootPhase_500_com.android.server.BluetoothService took to complete: 1ms
10-31 13:10:32.631 1112 1112 I SystemServerTiming: OnBootPhase_500_com.android.server.connectivity.IpConnectivityMetrics
10-31 13:10:32.637 1112 1112 D SystemServerTiming: OnBootPhase_500_com.android.server.connectivity.IpConnectivityMetrics took to complete: 6ms
10-31 13:10:32.637 1112 1112 I SystemServerTiming: OnBootPhase_500_com.android.server.net.watchlist.NetworkWatchlistService$Lifecycle
10-31 13:10:32.637 1112 1112 D SystemServerTiming: OnBootPhase_500_com.android.server.net.watchlist.NetworkWatchlistService$Lifecycle took to complete: 0ms
10-31 13:10:32.637 1112 1112 I SystemServerTiming: OnBootPhase_500_com.android.server.PinnerService
10-31 13:10:32.638 1112 1112 D SystemServerTiming: OnBootPhase_500_com.android.server.PinnerService took to complete: 0ms
10-31 13:10:32.638 1112 1112 I SystemServerTiming: OnBootPhase_500_com.google.android.startop.iorap.IorapForwardingService
10-31 13:10:32.638 1112 1112 D SystemServerTiming: OnBootPhase_500_com.google.android.startop.iorap.IorapForwardingService took to complete: 0ms
10-31 13:10:32.638 1112 1112 I SystemServerTiming: OnBootPhase_500_com.android.server.ActivityTriggerService
10-31 13:10:32.638 1112 1112 D SystemServerTiming: OnBootPhase_500_com.android.server.ActivityTriggerService took to complete: 0ms
01-01 09:54:56.249 0 0 E : INFO: trying to register non-static key.
01-01 09:54:56.254 0 0 E : the code is fine but needs lockdep annotation.
01-01 09:54:56.259 0 0 I : CPU: 6 PID: 331 Comm: kworker/u16:9 Tainted: G S W O 4.19.157+ #1
01-01 09:54:56.259 0 0 I Hardware name: Qualcomm Technologies, Inc. kona MTP-RmPM8150b. VC1(FSE) EVT1 (DT)
01-01 09:54:56.260 0 0 I Workqueue: events_unbound ion_system_secure_heap_prefetch_work
01-01 09:54:56.260 0 0 I Call trace:
01-01 09:54:56.260 0 0 I : dump_backtrace+0x0/0x258
01-01 09:54:56.260 0 0 I : show_stack+0x20/0x30
01-01 09:54:56.260 0 0 I : dump_stack+0xd8/0x12c
01-01 09:54:56.260 0 0 I : register_lock_class+0x4d0/0x5c8
01-01 09:54:56.260 0 0 I : __lock_acquire+0xbc/0x1e58
01-01 09:54:56.260 0 0 I : lock_acquire+0x1cc/0x218
01-01 09:54:56.260 0 0 I : _raw_spin_lock_irqsave+0x54/0x98
01-01 09:54:56.260 0 0 I : ion_system_secure_heap_prefetch_work+0x94/0x2c0
01-01 09:54:56.260 0 0 I : process_one_work+0x38c/0x660
01-01 09:54:56.260 0 0 I : worker_thread+0x268/0x4b8
01-01 09:54:56.260 0 0 I : kthread+0x140/0x150
01-01 09:54:56.260 0 0 I : ret_from_fork+0x10/0x1c
01-01 09:54:56.260 0 0 D cnss : Posting event: REGISTER_DRIVER(7)-sync, state: 0x20009 flags: 0x5
01-01 09:54:56.260 0 0 D cnss : Processing driver event: COLD_BOOT_CAL_DONE(6), state: 0x20001
01-01 09:54:56.260 0 0 D cnss : Processing driver event: SERVER_EXIT(1), state: 0x20001
01-01 09:54:56.260 0 0 I cnss : QMI WLFW service disconnected, state: 0x20000
10-31 13:10:32.644 1112 1112 I SystemServerTiming: OnBootPhase_500_com.android.server.integrity.AppIntegrityManagerService
10-31 13:10:32.645 1112 1112 D SystemServerTiming: OnBootPhase_500_com.android.server.integrity.AppIntegrityManagerService took to complete: 0ms
10-31 13:10:32.645 1112 1112 I SystemServerTiming: OnBootPhase_500_com.android.server.inputmethod.InputMethodManagerService$Lifecycle
10-31 13:10:32.645 1112 1112 D SystemServerTiming: OnBootPhase_500_com.android.server.inputmethod.InputMethodManagerService$Lifecycle took to complete: 0ms
10-31 13:10:32.645 1112 1112 I SystemServerTiming: OnBootPhase_500_com.android.server.accessibility.AccessibilityManagerService$Lifecycle
10-31 13:10:32.645 1112 1112 D SystemServerTiming: OnBootPhase_500_com.android.server.accessibility.AccessibilityManagerService$Lifecycle took to complete: 0ms
10-31 13:10:32.645 1112 1112 I SystemServerTiming: OnBootPhase_500_com.android.server.StorageManagerService$Lifecycle
10-31 13:10:32.647 1112 1112 D SystemServerTiming: OnBootPhase_500_com.android.server.StorageManagerService$Lifecycle took to complete: 2ms
10-31 13:10:32.647 1112 1112 I SystemServerTiming: OnBootPhase_500_com.android.server.usage.StorageStatsService$Lifecycle
10-31 13:10:32.647 1112 1112 D SystemServerTiming: OnBootPhase_500_com.android.server.usage.StorageStatsService$Lifecycle took to complete: 0ms
10-31 13:10:32.647 1112 1112 I SystemServerTiming: OnBootPhase_500_com.android.server.UiModeManagerService
01-01 09:54:56.265 0 0 D cnss : Processing driver event: REGISTER_DRIVER-sync(7), state: 0x0
01-01 09:54:56.265 0 0 D cnss : Regulator vdd-wlan-io is being enabled
01-01 09:54:56.265 0 0 D cnss : Regulator wlan-ant-switch is being enabled
01-01 09:54:56.266 0 0 D cnss : Regulator vdd-wlan-aon is being enabled
01-01 09:54:56.267 0 0 D cnss : Regulator vdd-wlan-dig is being enabled
01-01 09:54:56.268 0 0 D cnss : Regulator vdd-wlan-rfa1 is being enabled
01-01 09:54:56.268 0 0 E : INFO: trying to register non-static key.
10-31 13:10:32.652 1112 1112 I configuration_changed: 512
10-31 13:10:32.653 1112 1112 I ActivityTaskManager: Config changes=200 {1.0 ?mcc?mnc [zh_CN] ldltr sw720dp w1706dp h624dp 240dpi lrg long land -touch -keyb/v/h -nav/h winConfig={ mBounds=Rect(0, 0 - 2560, 1080) mAppBounds=Rect(0, 0 - 2560, 1008) mMaxBounds=Rect(0, 0 - 2560, 1080) mWindowingMode=fullscreen mDisplayWindowingMode=fullscreen mActivityType=undefined mAlwaysOnTop=undefined mRotation=ROTATION_0} s.4 ?fontWeightAdjustment}
10-31 13:10:32.655 1112 1963 I stream_devices_changed: [3,0,2]
10-31 13:10:32.655 1112 1112 I WindowManager: Override config changes=200 {1.0 ?mcc?mnc [zh_CN] ldltr sw720dp w1706dp h624dp 240dpi lrg long land -touch -keyb/v/h -nav/h winConfig={ mBounds=Rect(0, 0 - 2560, 1080) mAppBounds=Rect(0, 0 - 2560, 1008) mMaxBounds=Rect(0, 0 - 2560, 1080) mWindowingMode=fullscreen mDisplayWindowingMode=fullscreen mActivityType=undefined mAlwaysOnTop=undefined mRotation=ROTATION_0} s.4 ?fontWeightAdjustment} for displayId=0
01-01 09:54:56.272 0 0 D cnss : Regulator vdd-wlan-rfa2 is being enabled
01-01 09:54:56.274 0 0 E : the code is fine but needs lockdep annotation.
01-01 09:54:56.274 0 0 I : CPU: 6 PID: 331 Comm: kworker/u16:9 Tainted: G S W O 4.19.157+ #1
01-01 09:54:56.279 0 0 I Hardware name: Qualcomm Technologies, Inc. kona MTP-RmPM8150b. VC1(FSE) EVT1 (DT)
01-01 09:54:56.279 0 0 I Workqueue: events_unbound ion_system_secure_heap_prefetch_work
01-01 09:54:56.279 0 0 I Call trace:
01-01 09:54:56.279 0 0 I : dump_backtrace+0x0/0x258
01-01 09:54:56.279 0 0 I : show_stack+0x20/0x30
01-01 09:54:56.279 0 0 I : dump_stack+0xd8/0x12c
01-01 09:54:56.279 0 0 I : register_lock_class+0x4d0/0x5c8
01-01 09:54:56.279 0 0 I : __lock_acquire+0xbc/0x1e58
01-01 09:54:56.279 0 0 I : lock_acquire+0x1cc/0x218
01-01 09:54:56.279 0 0 I : _raw_spin_lock_irqsave+0x54/0x98
01-01 09:54:56.279 0 0 I : ion_system_secure_heap_prefetch_work+0x94/0x2c0
01-01 09:54:56.279 0 0 I : process_one_work+0x38c/0x660
01-01 09:54:56.279 0 0 I : worker_thread+0x268/0x4b8
01-01 09:54:56.279 0 0 I : kthread+0x140/0x150
01-01 09:54:56.279 0 0 I : ret_from_fork+0x10/0x1c
10-31 13:10:32.659 1112 1112 D SystemServerTiming: OnBootPhase_500_com.android.server.UiModeManagerService took to complete: 12ms
10-31 13:10:32.659 1112 1112 I SystemServerTiming: OnBootPhase_500_com.android.server.locksettings.LockSettingsService$Lifecycle
10-31 13:10:32.659 1112 1112 D SystemServerTiming: OnBootPhase_500_com.android.server.locksettings.LockSettingsService$Lifecycle took to complete: 0ms
10-31 13:10:32.659 1112 1112 I SystemServerTiming: OnBootPhase_500_com.android.server.PersistentDataBlockService
10-31 13:10:32.659 1112 1112 D SystemServerTiming: OnBootPhase_500_com.android.server.PersistentDataBlockService took to complete: 0ms
10-31 13:10:32.659 1112 1112 I SystemServerTiming: OnBootPhase_500_com.android.server.testharness.TestHarnessModeService
10-31 13:10:32.659 1112 1112 D TestHarnessModeService: Setting up test harness mode
10-31 13:10:32.659 1112 1112 D TestHarnessModeService: Getting PersistentDataBlockManagerInternal from LocalServices
01-01 09:54:56.288 0 0 E : INFO: trying to register non-static key.
01-01 09:54:56.288 0 0 D cnss : BT_EN_GPIO State: Off. Delay WLAN_GPIO enable
01-01 09:54:56.293 0 0 E : the code is fine but needs lockdep annotation.
01-01 09:54:56.293 0 0 I : CPU: 6 PID: 331 Comm: kworker/u16:9 Tainted: G S W O 4.19.157+ #1
01-01 09:54:56.293 0 0 I Hardware name: Qualcomm Technologies, Inc. kona MTP-RmPM8150b. VC1(FSE) EVT1 (DT)
01-01 09:54:56.293 0 0 I Workqueue: events_unbound ion_system_secure_heap_prefetch_work
01-01 09:54:56.293 0 0 I Call trace:
01-01 09:54:56.293 0 0 I : dump_backtrace+0x0/0x258
01-01 09:54:56.293 0 0 I : show_stack+0x20/0x30
01-01 09:54:56.293 0 0 I : dump_stack+0xd8/0x12c
01-01 09:54:56.293 0 0 I : register_lock_class+0x4d0/0x5c8
01-01 09:54:56.293 0 0 I : __lock_acquire+0xbc/0x1e58
01-01 09:54:56.293 0 0 I : lock_acquire+0x1cc/0x218
01-01 09:54:56.293 0 0 I : _raw_spin_lock_irqsave+0x54/0x98
01-01 09:54:56.293 0 0 I : ion_system_secure_heap_prefetch_work+0x94/0x2c0
01-01 09:54:56.293 0 0 I : process_one_work+0x38c/0x660
01-01 09:54:56.293 0 0 I : worker_thread+0x268/0x4b8
01-01 09:54:56.293 0 0 I : kthread+0x140/0x150
01-01 09:54:56.293 0 0 I : ret_from_fork+0x10/0x1c
10-31 13:10:32.681 1112 1112 D SystemServerTiming: OnBootPhase_500_com.android.server.testharness.TestHarnessModeService took to complete: 22ms
10-31 13:10:32.681 1112 1112 I SystemServerTiming: OnBootPhase_500_com.android.server.oemlock.OemLockService
10-31 13:10:32.681 1112 1112 D SystemServerTiming: OnBootPhase_500_com.android.server.oemlock.OemLockService took to complete: 0ms
10-31 13:10:32.681 1112 1112 I SystemServerTiming: OnBootPhase_500_com.android.server.DeviceIdleController
10-31 13:10:32.684 1112 1112 V HistoricalRegistry: Interaction before persistence initialized
10-31 13:10:32.685 1112 1112 D SystemServerTiming: OnBootPhase_500_com.android.server.DeviceIdleController took to complete: 3ms
10-31 13:10:32.685 1112 1112 I SystemServerTiming: OnBootPhase_500_com.android.server.devicepolicy.DevicePolicyManagerService$Lifecycle
10-31 13:10:32.685 1112 1112 D SystemServerTiming: OnBootPhase_500_com.android.server.devicepolicy.DevicePolicyManagerService$Lifecycle took to complete: 0ms
10-31 13:10:32.685 1112 1112 I SystemServerTiming: OnBootPhase_500_com.android.server.texttospeech.TextToSpeechManagerService
10-31 13:10:32.685 1112 1112 D SystemServerTiming: OnBootPhase_500_com.android.server.texttospeech.TextToSpeechManagerService took to complete: 0ms
10-31 13:10:32.685 1112 1112 I SystemServerTiming: OnBootPhase_500_com.android.server.speech.SpeechRecognitionManagerService
10-31 13:10:32.685 1112 1112 D SystemServerTiming: OnBootPhase_500_com.android.server.speech.SpeechRecognitionManagerService took to complete: 0ms
10-31 13:10:32.685 1112 1112 I SystemServerTiming: OnBootPhase_500_com.android.server.searchui.SearchUiManagerService
10-31 13:10:32.685 1112 1112 D SystemServerTiming: OnBootPhase_500_com.android.server.searchui.SearchUiManagerService took to complete: 0ms
10-31 13:10:32.685 1112 1112 I SystemServerTiming: OnBootPhase_500_com.android.server.smartspace.SmartspaceManagerService
10-31 13:10:32.685 1112 1112 D SystemServerTiming: OnBootPhase_500_com.android.server.smartspace.SmartspaceManagerService took to complete: 0ms
10-31 13:10:32.685 1112 1112 I SystemServerTiming: OnBootPhase_500_com.android.server.graphics.fonts.FontManagerService$Lifecycle
10-31 13:10:32.685 1112 1112 D SystemServerTiming: OnBootPhase_500_com.android.server.graphics.fonts.FontManagerService$Lifecycle took to complete: 0ms
10-31 13:10:32.685 1112 1112 I SystemServerTiming: OnBootPhase_500_com.android.server.textservices.TextServicesManagerService$Lifecycle
10-31 13:10:32.685 1112 1112 D SystemServerTiming: OnBootPhase_500_com.android.server.textservices.TextServicesManagerService$Lifecycle took to complete: 0ms
10-31 13:10:32.686 1112 1112 I SystemServerTiming: OnBootPhase_500_com.android.server.textclassifier.TextClassificationManagerService$Lifecycle
10-31 13:10:32.686 1112 1112 D SystemServerTiming: OnBootPhase_500_com.android.server.textclassifier.TextClassificationManagerService$Lifecycle took to complete: 0ms
10-31 13:10:32.686 1112 1112 I SystemServerTiming: OnBootPhase_500_com.android.server.NetworkScoreService$Lifecycle
10-31 13:10:32.686 1112 1112 D SystemServerTiming: OnBootPhase_500_com.android.server.NetworkScoreService$Lifecycle took to complete: 1ms
10-31 13:10:32.686 1112 1112 I SystemServerTiming: OnBootPhase_500_com.android.server.wifi.WifiService
10-31 13:10:32.686 1112 1112 D SystemServerTiming: OnBootPhase_500_com.android.server.wifi.WifiService took to complete: 0ms
10-31 13:10:32.686 1112 1112 I SystemServerTiming: OnBootPhase_500_com.android.server.wifi.scanner.WifiScanningService
10-31 13:10:32.686 1112 1112 D SystemServerTiming: OnBootPhase_500_com.android.server.wifi.scanner.WifiScanningService took to complete: 0ms
10-31 13:10:32.686 1112 1112 I SystemServerTiming: OnBootPhase_500_com.android.server.wifi.rtt.RttService
10-31 13:10:32.689 1112 1112 D SystemServerTiming: OnBootPhase_500_com.android.server.wifi.rtt.RttService took to complete: 3ms
10-31 13:10:32.689 1112 1112 I SystemServerTiming: OnBootPhase_500_com.android.server.wifi.aware.WifiAwareService
01-01 09:54:56.302 0 0 E : INFO: trying to register non-static key.
01-01 09:54:56.307 0 0 E : the code is fine but needs lockdep annotation.
01-01 09:54:56.312 0 0 I : CPU: 6 PID: 331 Comm: kworker/u16:9 Tainted: G S W O 4.19.157+ #1
01-01 09:54:56.312 0 0 I Hardware name: Qualcomm Technologies, Inc. kona MTP-RmPM8150b. VC1(FSE) EVT1 (DT)
01-01 09:54:56.312 0 0 I Workqueue: events_unbound ion_system_secure_heap_prefetch_work
01-01 09:54:56.312 0 0 I Call trace:
01-01 09:54:56.312 0 0 I : dump_backtrace+0x0/0x258
01-01 09:54:56.312 0 0 I : show_stack+0x20/0x30
01-01 09:54:56.312 0 0 I : dump_stack+0xd8/0x12c
01-01 09:54:56.312 0 0 I : register_lock_class+0x4d0/0x5c8
01-01 09:54:56.312 0 0 I : __lock_acquire+0xbc/0x1e58
01-01 09:54:56.312 0 0 I : lock_acquire+0x1cc/0x218
01-01 09:54:56.312 0 0 I : _raw_spin_lock_irqsave+0x54/0x98
01-01 09:54:56.312 0 0 I : ion_system_secure_heap_prefetch_work+0x94/0x2c0
01-01 09:54:56.312 0 0 I : process_one_work+0x38c/0x660
01-01 09:54:56.312 0 0 I : worker_thread+0x268/0x4b8
01-01 09:54:56.312 0 0 I : kthread+0x140/0x150
01-01 09:54:56.312 0 0 I : ret_from_fork+0x10/0x1c
10-31 13:10:32.704 1112 1112 D SystemServerTiming: OnBootPhase_500_com.android.server.wifi.aware.WifiAwareService took to complete: 15ms
10-31 13:10:32.704 1112 1112 I SystemServerTiming: OnBootPhase_500_com.android.server.wifi.p2p.WifiP2pService
10-31 13:10:32.705 1112 1112 D SystemServerTiming: OnBootPhase_500_com.android.server.wifi.p2p.WifiP2pService took to complete: 0ms
10-31 13:10:32.705 1112 1112 I SystemServerTiming: OnBootPhase_500_com.android.server.ethernet.EthernetService
01-01 09:54:56.329 0 0 E : INFO: trying to register non-static key.
01-01 09:54:56.334 0 0 E : the code is fine but needs lockdep annotation.
01-01 09:54:56.339 0 0 I : CPU: 7 PID: 331 Comm: kworker/u16:9 Tainted: G S W O 4.19.157+ #1
01-01 09:54:56.339 0 0 I Hardware name: Qualcomm Technologies, Inc. kona MTP-RmPM8150b. VC1(FSE) EVT1 (DT)
01-01 09:54:56.339 0 0 I Workqueue: events_unbound ion_system_secure_heap_prefetch_work
01-01 09:54:56.339 0 0 I Call trace:
01-01 09:54:56.339 0 0 I : dump_backtrace+0x0/0x258
01-01 09:54:56.339 0 0 I : show_stack+0x20/0x30
01-01 09:54:56.339 0 0 I : dump_stack+0xd8/0x12c
01-01 09:54:56.339 0 0 I : register_lock_class+0x4d0/0x5c8
01-01 09:54:56.339 0 0 I : __lock_acquire+0xbc/0x1e58
01-01 09:54:56.339 0 0 I : lock_acquire+0x1cc/0x218
01-01 09:54:56.339 0 0 I : _raw_spin_lock_irqsave+0x54/0x98
01-01 09:54:56.339 0 0 I : ion_system_secure_heap_prefetch_work+0x94/0x2c0
01-01 09:54:56.339 0 0 I : process_one_work+0x38c/0x660
01-01 09:54:56.339 0 0 I : worker_thread+0x268/0x4b8
01-01 09:54:56.339 0 0 I : kthread+0x140/0x150
01-01 09:54:56.339 0 0 I : ret_from_fork+0x10/0x1c
10-31 13:10:32.714 1112 1112 D SystemServerTiming: OnBootPhase_500_com.android.server.ethernet.EthernetService took to complete: 9ms
10-31 13:10:32.714 1112 1112 I SystemServerTiming: OnBootPhase_500_com.android.server.ConnectivityServiceInitializer
10-31 13:10:32.714 1112 1112 D SystemServerTiming: OnBootPhase_500_com.android.server.ConnectivityServiceInitializer took to complete: 0ms
10-31 13:10:32.714 1112 1112 I SystemServerTiming: OnBootPhase_500_com.android.server.notification.NotificationManagerService
10-31 13:10:32.737 1112 1963 I stream_devices_changed: [6,0,1]
01-01 09:54:56.348 0 0 E : INFO: trying to register non-static key.
01-01 09:54:56.353 0 0 E : the code is fine but needs lockdep annotation.
01-01 09:54:56.358 0 0 I : CPU: 7 PID: 331 Comm: kworker/u16:9 Tainted: G S W O 4.19.157+ #1
01-01 09:54:56.358 0 0 I Hardware name: Qualcomm Technologies, Inc. kona MTP-RmPM8150b. VC1(FSE) EVT1 (DT)
01-01 09:54:56.358 0 0 I Workqueue: events_unbound ion_system_secure_heap_prefetch_work
01-01 09:54:56.358 0 0 I Call trace:
01-01 09:54:56.358 0 0 I : dump_backtrace+0x0/0x258
01-01 09:54:56.358 0 0 I : show_stack+0x20/0x30
01-01 09:54:56.358 0 0 I : dump_stack+0xd8/0x12c
01-01 09:54:56.358 0 0 I : register_lock_class+0x4d0/0x5c8
01-01 09:54:56.358 0 0 I : __lock_acquire+0xbc/0x1e58
01-01 09:54:56.358 0 0 I : lock_acquire+0x1cc/0x218
01-01 09:54:56.358 0 0 I : _raw_spin_lock_irqsave+0x54/0x98
01-01 09:54:56.358 0 0 I : ion_system_secure_heap_prefetch_work+0x94/0x2c0
01-01 09:54:56.358 0 0 I : process_one_work+0x38c/0x660
01-01 09:54:56.358 0 0 I : worker_thread+0x268/0x4b8
01-01 09:54:56.358 0 0 I : kthread+0x140/0x150
01-01 09:54:56.358 0 0 I : ret_from_fork+0x10/0x1c
10-31 13:10:32.749 1225 1225 I iorapd : iorapd (the prefetchening) readied up
01-01 09:54:56.366 0 0 E : INFO: trying to register non-static key.
01-01 09:54:56.371 0 0 E : the code is fine but needs lockdep annotation.
01-01 09:54:56.377 0 0 I : CPU: 7 PID: 331 Comm: kworker/u16:9 Tainted: G S W O 4.19.157+ #1
01-01 09:54:56.377 0 0 I Hardware name: Qualcomm Technologies, Inc. kona MTP-RmPM8150b. VC1(FSE) EVT1 (DT)
01-01 09:54:56.377 0 0 I Workqueue: events_unbound ion_system_secure_heap_prefetch_work
01-01 09:54:56.377 0 0 I Call trace:
01-01 09:54:56.377 0 0 I : dump_backtrace+0x0/0x258
01-01 09:54:56.377 0 0 I : show_stack+0x20/0x30
01-01 09:54:56.377 0 0 I : dump_stack+0xd8/0x12c
01-01 09:54:56.377 0 0 I : register_lock_class+0x4d0/0x5c8
01-01 09:54:56.377 0 0 I : __lock_acquire+0xbc/0x1e58
01-01 09:54:56.377 0 0 I : lock_acquire+0x1cc/0x218
01-01 09:54:56.377 0 0 I : _raw_spin_lock_irqsave+0x54/0x98
01-01 09:54:56.377 0 0 I : ion_system_secure_heap_prefetch_work+0x94/0x2c0
01-01 09:54:56.377 0 0 I : process_one_work+0x38c/0x660
01-01 09:54:56.377 0 0 I : worker_thread+0x268/0x4b8
01-01 09:54:56.377 0 0 I : kthread+0x140/0x150
01-01 09:54:56.377 0 0 I : ret_from_fork+0x10/0x1c
01-01 09:54:56.385 0 0 E : INFO: trying to register non-static key.
01-01 09:54:56.390 0 0 E : the code is fine but needs lockdep annotation.
01-01 09:54:56.396 0 0 I : CPU: 7 PID: 331 Comm: kworker/u16:9 Tainted: G S W O 4.19.157+ #1
01-01 09:54:56.396 0 0 I Hardware name: Qualcomm Technologies, Inc. kona MTP-RmPM8150b. VC1(FSE) EVT1 (DT)
01-01 09:54:56.396 0 0 I Workqueue: events_unbound ion_system_secure_heap_prefetch_work
01-01 09:54:56.396 0 0 I Call trace:
01-01 09:54:56.396 0 0 I : dump_backtrace+0x0/0x258
01-01 09:54:56.396 0 0 I : show_stack+0x20/0x30
01-01 09:54:56.396 0 0 I : dump_stack+0xd8/0x12c
01-01 09:54:56.396 0 0 I : register_lock_class+0x4d0/0x5c8
01-01 09:54:56.396 0 0 I : __lock_acquire+0xbc/0x1e58
01-01 09:54:56.396 0 0 I : lock_acquire+0x1cc/0x218
01-01 09:54:56.396 0 0 I : _raw_spin_lock_irqsave+0x54/0x98
01-01 09:54:56.396 0 0 I : ion_system_secure_heap_prefetch_work+0x94/0x2c0
01-01 09:54:56.396 0 0 I : process_one_work+0x38c/0x660
01-01 09:54:56.396 0 0 I : worker_thread+0x268/0x4b8
01-01 09:54:56.396 0 0 I : kthread+0x140/0x150
01-01 09:54:56.396 0 0 I : ret_from_fork+0x10/0x1c
01-01 09:54:56.404 0 0 D cnss : Assert WLAN_EN GPIO successfully
01-01 09:54:56.404 0 0 E : INFO: trying to register non-static key.
01-01 09:54:56.404 0 0 D cnss : Resuming PCI link
01-01 09:54:56.409 0 0 E : the code is fine but needs lockdep annotation.
01-01 09:54:56.409 0 0 I : CPU: 7 PID: 331 Comm: kworker/u16:9 Tainted: G S W O 4.19.157+ #1
01-01 09:54:56.409 0 0 I Hardware name: Qualcomm Technologies, Inc. kona MTP-RmPM8150b. VC1(FSE) EVT1 (DT)
01-01 09:54:56.409 0 0 I Workqueue: events_unbound ion_system_secure_heap_prefetch_work
01-01 09:54:56.409 0 0 I Call trace:
01-01 09:54:56.409 0 0 I : dump_backtrace+0x0/0x258
01-01 09:54:56.409 0 0 I : show_stack+0x20/0x30
01-01 09:54:56.409 0 0 I : dump_stack+0xd8/0x12c
01-01 09:54:56.409 0 0 I : register_lock_class+0x4d0/0x5c8
01-01 09:54:56.409 0 0 I : __lock_acquire+0xbc/0x1e58
01-01 09:54:56.409 0 0 I : lock_acquire+0x1cc/0x218
01-01 09:54:56.409 0 0 I : _raw_spin_lock_irqsave+0x54/0x98
01-01 09:54:56.409 0 0 I : ion_system_secure_heap_prefetch_work+0x94/0x2c0
01-01 09:54:56.409 0 0 I : process_one_work+0x38c/0x660
01-01 09:54:56.409 0 0 I : worker_thread+0x268/0x4b8
01-01 09:54:56.409 0 0 I : kthread+0x140/0x150
01-01 09:54:56.409 0 0 I : ret_from_fork+0x10/0x1c
01-01 09:54:56.411 0 0 E : INFO: trying to register non-static key.
01-01 09:54:56.415 0 0 I msm_pcie_enable: PCIe: Assert the reset of endpoint of RC0.
01-01 09:54:56.420 0 0 E : the code is fine but needs lockdep annotation.
01-01 09:54:56.420 0 0 I : CPU: 7 PID: 331 Comm: kworker/u16:9 Tainted: G S W O 4.19.157+ #1
01-01 09:54:56.420 0 0 I Hardware name: Qualcomm Technologies, Inc. kona MTP-RmPM8150b. VC1(FSE) EVT1 (DT)
01-01 09:54:56.420 0 0 I Workqueue: events_unbound ion_system_secure_heap_prefetch_work
01-01 09:54:56.420 0 0 I Call trace:
01-01 09:54:56.420 0 0 I : dump_backtrace+0x0/0x258
01-01 09:54:56.420 0 0 I : show_stack+0x20/0x30
01-01 09:54:56.420 0 0 I : dump_stack+0xd8/0x12c
01-01 09:54:56.420 0 0 I : register_lock_class+0x4d0/0x5c8
01-01 09:54:56.420 0 0 I : __lock_acquire+0xbc/0x1e58
01-01 09:54:56.420 0 0 I : lock_acquire+0x1cc/0x218
01-01 09:54:56.420 0 0 I : _raw_spin_lock_irqsave+0x54/0x98
01-01 09:54:56.420 0 0 I : ion_system_secure_heap_prefetch_work+0x94/0x2c0
01-01 09:54:56.420 0 0 I : process_one_work+0x38c/0x660
01-01 09:54:56.420 0 0 I : worker_thread+0x268/0x4b8
01-01 09:54:56.420 0 0 I : kthread+0x140/0x150
01-01 09:54:56.420 0 0 I : ret_from_fork+0x10/0x1c
01-01 09:54:56.422 0 0 E : INFO: trying to register non-static key.
01-01 09:54:56.429 0 0 I msm_pcie_enable: PCIe: RC0: PCIE20_PARF_INT_ALL_MASK: 0x7f80d202
01-01 09:54:56.430 0 0 E : the code is fine but needs lockdep annotation.
01-01 09:54:56.430 0 0 I : CPU: 7 PID: 331 Comm: kworker/u16:9 Tainted: G S W O 4.19.157+ #1
01-01 09:54:56.430 0 0 I Hardware name: Qualcomm Technologies, Inc. kona MTP-RmPM8150b. VC1(FSE) EVT1 (DT)
01-01 09:54:56.430 0 0 I Workqueue: events_unbound ion_system_secure_heap_prefetch_work
01-01 09:54:56.430 0 0 I Call trace:
01-01 09:54:56.430 0 0 I : dump_backtrace+0x0/0x258
01-01 09:54:56.430 0 0 I : show_stack+0x20/0x30
01-01 09:54:56.430 0 0 I : dump_stack+0xd8/0x12c
01-01 09:54:56.430 0 0 I : register_lock_class+0x4d0/0x5c8
01-01 09:54:56.430 0 0 I : __lock_acquire+0xbc/0x1e58
01-01 09:54:56.430 0 0 I : lock_acquire+0x1cc/0x218
01-01 09:54:56.430 0 0 I : _raw_spin_lock_irqsave+0x54/0x98
01-01 09:54:56.430 0 0 I : ion_system_secure_heap_prefetch_work+0x94/0x2c0
01-01 09:54:56.430 0 0 I : process_one_work+0x38c/0x660
01-01 09:54:56.430 0 0 I : worker_thread+0x268/0x4b8
01-01 09:54:56.430 0 0 I : kthread+0x140/0x150
01-01 09:54:56.430 0 0 I : ret_from_fork+0x10/0x1c
01-01 09:54:56.433 0 0 E : INFO: trying to register non-static key.
01-01 09:54:56.439 0 0 I pcie_phy_init: PCIe RC0 PHY is ready!
01-01 09:54:56.441 0 0 E : the code is fine but needs lockdep annotation.
01-01 09:54:56.441 0 0 I : CPU: 7 PID: 331 Comm: kworker/u16:9 Tainted: G S W O 4.19.157+ #1
01-01 09:54:56.441 0 0 I Hardware name: Qualcomm Technologies, Inc. kona MTP-RmPM8150b. VC1(FSE) EVT1 (DT)
01-01 09:54:56.441 0 0 I Workqueue: events_unbound ion_system_secure_heap_prefetch_work
01-01 09:54:56.447 0 0 I Call trace:
01-01 09:54:56.447 0 0 I : dump_backtrace+0x0/0x258
01-01 09:54:56.447 0 0 I : show_stack+0x20/0x30
01-01 09:54:56.447 0 0 I : dump_stack+0xd8/0x12c
01-01 09:54:56.447 0 0 I : register_lock_class+0x4d0/0x5c8
01-01 09:54:56.447 0 0 I : __lock_acquire+0xbc/0x1e58
01-01 09:54:56.447 0 0 I : lock_acquire+0x1cc/0x218
01-01 09:54:56.447 0 0 I : _raw_spin_lock_irqsave+0x54/0x98
01-01 09:54:56.447 0 0 I : ion_system_secure_heap_prefetch_work+0x94/0x2c0
01-01 09:54:56.447 0 0 I : process_one_work+0x38c/0x660
01-01 09:54:56.447 0 0 I : worker_thread+0x268/0x4b8
01-01 09:54:56.447 0 0 I : kthread+0x140/0x150
01-01 09:54:56.447 0 0 I : ret_from_fork+0x10/0x1c
01-01 09:54:56.449 0 0 E : INFO: trying to register non-static key.
01-01 09:54:56.454 0 0 E : the code is fine but needs lockdep annotation.
01-01 09:54:56.457 0 0 I msm_pcie_enable: PCIe: Release the reset of endpoint of RC0.
01-01 09:54:56.460 0 0 I : CPU: 7 PID: 331 Comm: kworker/u16:9 Tainted: G S W O 4.19.157+ #1
01-01 09:54:56.460 0 0 I Hardware name: Qualcomm Technologies, Inc. kona MTP-RmPM8150b. VC1(FSE) EVT1 (DT)
01-01 09:54:56.460 0 0 I Workqueue: events_unbound ion_system_secure_heap_prefetch_work
01-01 09:54:56.460 0 0 I Call trace:
01-01 09:54:56.460 0 0 I : dump_backtrace+0x0/0x258
01-01 09:54:56.460 0 0 I : show_stack+0x20/0x30
01-01 09:54:56.460 0 0 I : dump_stack+0xd8/0x12c
01-01 09:54:56.460 0 0 I : register_lock_class+0x4d0/0x5c8
01-01 09:54:56.460 0 0 I : __lock_acquire+0xbc/0x1e58
01-01 09:54:56.460 0 0 I : lock_acquire+0x1cc/0x218
01-01 09:54:56.460 0 0 I : _raw_spin_lock_irqsave+0x54/0x98
01-01 09:54:56.460 0 0 I : ion_system_secure_heap_prefetch_work+0x94/0x2c0
01-01 09:54:56.460 0 0 I : process_one_work+0x38c/0x660
01-01 09:54:56.460 0 0 I : worker_thread+0x268/0x4b8
01-01 09:54:56.460 0 0 I : kthread+0x140/0x150
01-01 09:54:56.460 0 0 I : ret_from_fork+0x10/0x1c
10-31 13:10:32.849 1112 1112 I dvm_lock_sample: [system_server,1,main,75,AudioService.java,9350,void com.android.server.audio.AudioService$AudioServiceInternal.updateRingerModeAffectedStreamsInternal(),-,6252,void com.android.server.audio.AudioService.onObserveDevicesForAllStreams(int),15]
10-31 13:10:32.850 1112 1112 I GameModeConfig: isGameModeOn = false
01-01 09:54:56.462 0 0 E : INFO: trying to register non-static key.
01-01 09:54:56.467 0 0 E : the code is fine but needs lockdep annotation.
01-01 09:54:56.473 0 0 I : CPU: 7 PID: 331 Comm: kworker/u16:9 Tainted: G S W O 4.19.157+ #1
01-01 09:54:56.473 0 0 I Hardware name: Qualcomm Technologies, Inc. kona MTP-RmPM8150b. VC1(FSE) EVT1 (DT)
01-01 09:54:56.473 0 0 I Workqueue: events_unbound ion_system_secure_heap_prefetch_work
01-01 09:54:56.473 0 0 I Call trace:
01-01 09:54:56.473 0 0 I : dump_backtrace+0x0/0x258
01-01 09:54:56.473 0 0 I : show_stack+0x20/0x30
01-01 09:54:56.473 0 0 I : dump_stack+0xd8/0x12c
01-01 09:54:56.473 0 0 I : register_lock_class+0x4d0/0x5c8
01-01 09:54:56.473 0 0 I : __lock_acquire+0xbc/0x1e58
01-01 09:54:56.473 0 0 I : lock_acquire+0x1cc/0x218
01-01 09:54:56.473 0 0 I : _raw_spin_lock_irqsave+0x54/0x98
01-01 09:54:56.473 0 0 I : ion_system_secure_heap_prefetch_work+0x94/0x2c0
01-01 09:54:56.473 0 0 I : process_one_work+0x38c/0x660
01-01 09:54:56.473 0 0 I : worker_thread+0x268/0x4b8
01-01 09:54:56.473 0 0 I : kthread+0x140/0x150
01-01 09:54:56.473 0 0 I : ret_from_fork+0x10/0x1c
10-31 13:10:32.852 1112 1112 W SystemServiceManager: Service com.android.server.notification.NotificationManagerService took 138 ms in onBootPhase
10-31 13:10:32.852 1112 1112 D SystemServerTiming: OnBootPhase_500_com.android.server.notification.NotificationManagerService took to complete: 138ms
10-31 13:10:32.852 1112 1112 I SystemServerTiming: OnBootPhase_500_com.android.server.storage.DeviceStorageMonitorService
10-31 13:10:32.852 1112 1112 D SystemServerTiming: OnBootPhase_500_com.android.server.storage.DeviceStorageMonitorService took to complete: 0ms
10-31 13:10:32.852 1112 1112 I SystemServerTiming: OnBootPhase_500_com.android.server.location.LocationManagerService$Lifecycle
10-31 13:10:32.853 1112 1112 V HistoricalRegistry: Interaction before persistence initialized
10-31 13:10:32.853 1112 1112 D SystemServerTiming: OnBootPhase_500_com.android.server.location.LocationManagerService$Lifecycle took to complete: 1ms
10-31 13:10:32.853 1112 1112 I SystemServerTiming: OnBootPhase_500_com.android.server.timedetector.TimeDetectorService$Lifecycle
10-31 13:10:32.853 1112 1112 D SystemServerTiming: OnBootPhase_500_com.android.server.timedetector.TimeDetectorService$Lifecycle took to complete: 0ms
10-31 13:10:32.854 1112 1112 I SystemServerTiming: OnBootPhase_500_com.android.server.timezonedetector.TimeZoneDetectorService$Lifecycle
10-31 13:10:32.854 1112 1112 D SystemServerTiming: OnBootPhase_500_com.android.server.timezonedetector.TimeZoneDetectorService$Lifecycle took to complete: 0ms
10-31 13:10:32.854 1112 1112 I SystemServerTiming: OnBootPhase_500_com.android.server.timezonedetector.location.LocationTimeZoneManagerService$Lifecycle
10-31 13:10:32.854 1112 1112 D SystemServerTiming: OnBootPhase_500_com.android.server.timezonedetector.location.LocationTimeZoneManagerService$Lifecycle took to complete: 0ms
10-31 13:10:32.854 1112 1112 I SystemServerTiming: OnBootPhase_500_com.android.server.search.SearchManagerService$Lifecycle
10-31 13:10:32.854 1112 1112 D SystemServerTiming: OnBootPhase_500_com.android.server.search.SearchManagerService$Lifecycle took to complete: 0ms
10-31 13:10:32.854 1112 1112 I SystemServerTiming: OnBootPhase_500_com.android.server.wallpaper.WallpaperManagerService$Lifecycle
10-31 13:10:32.854 1112 1112 D SystemServerTiming: OnBootPhase_500_com.android.server.wallpaper.WallpaperManagerService$Lifecycle took to complete: 0ms
10-31 13:10:32.854 1112 1112 I SystemServerTiming: OnBootPhase_500_com.android.server.audio.AudioService$Lifecycle
10-31 13:10:32.854 1112 1112 D SystemServerTiming: OnBootPhase_500_com.android.server.audio.AudioService$Lifecycle took to complete: 0ms
10-31 13:10:32.854 1112 1112 I SystemServerTiming: OnBootPhase_500_com.android.server.soundtrigger_middleware.SoundTriggerMiddlewareService$Lifecycle
10-31 13:10:32.854 1112 1112 D SystemServerTiming: OnBootPhase_500_com.android.server.soundtrigger_middleware.SoundTriggerMiddlewareService$Lifecycle took to complete: 0ms
10-31 13:10:32.854 1112 1112 I SystemServerTiming: OnBootPhase_500_com.android.server.DockObserver
10-31 13:10:32.854 1112 1112 D SystemServerTiming: OnBootPhase_500_com.android.server.DockObserver took to complete: 0ms
10-31 13:10:32.854 1112 1112 I SystemServerTiming: OnBootPhase_500_com.android.server.midi.MidiService$Lifecycle
10-31 13:10:32.854 1112 1112 D SystemServerTiming: OnBootPhase_500_com.android.server.midi.MidiService$Lifecycle took to complete: 0ms
10-31 13:10:32.854 1112 1112 I SystemServerTiming: OnBootPhase_500_com.android.server.adb.AdbService$Lifecycle
10-31 13:10:32.854 1112 1112 D SystemServerTiming: OnBootPhase_500_com.android.server.adb.AdbService$Lifecycle took to complete: 0ms
10-31 13:10:32.854 1112 1112 I SystemServerTiming: OnBootPhase_500_com.android.server.usb.UsbService$Lifecycle
10-31 13:10:32.854 1112 1112 D SystemServerTiming: OnBootPhase_500_com.android.server.usb.UsbService$Lifecycle took to complete: 0ms
10-31 13:10:32.854 1112 1112 I SystemServerTiming: OnBootPhase_500_com.android.server.twilight.TwilightService
10-31 13:10:32.855 1112 1112 D SystemServerTiming: OnBootPhase_500_com.android.server.twilight.TwilightService took to complete: 0ms
10-31 13:10:32.855 1112 1112 I SystemServerTiming: OnBootPhase_500_com.android.server.display.color.ColorDisplayService
10-31 13:10:32.855 1112 1112 D SystemServerTiming: OnBootPhase_500_com.android.server.display.color.ColorDisplayService took to complete: 0ms
10-31 13:10:32.855 1112 1112 I SystemServerTiming: OnBootPhase_500_com.android.server.job.JobSchedulerService
10-31 13:10:32.859 1112 1112 V HistoricalRegistry: Interaction before persistence initialized
10-31 13:10:32.859 1112 1112 D SystemServerTiming: OnBootPhase_500_com.android.server.job.JobSchedulerService took to complete: 4ms
10-31 13:10:32.859 1112 1112 I SystemServerTiming: OnBootPhase_500_com.android.server.soundtrigger.SoundTriggerService
10-31 13:10:32.859 1112 1112 D SoundTriggerService: onBootPhase: 500 : false
