10-31 13:10:31.260 1112 1194 D PinnerService: pinRangeStream: null
01-01 09:54:54.883 0 0 I init : processing action (sys.sysctl.extra_free_kbytes=*) from (/system/etc/init/hw/init.rc:1172)
10-31 13:10:31.261 1112 1183 I DropBoxManagerService: add tag=system_server_strictmode isTagEnabled=true flags=0x2
10-31 13:10:31.317 1112 1194 D PinnerService: pinRangeStream: null
10-31 13:10:31.364 1112 1852 D StorageManagerService: Thinking about init, mBootCompleted=false, mDaemonConnected=true
10-31 13:10:31.364 1112 1852 D StorageManagerService: Thinking about reset, mBootCompleted=false, mDaemonConnected=true
10-31 13:10:31.366 1112 1112 W SystemServiceManager: Service com.android.server.StorageManagerService$Lifecycle took 105 ms in onStart
10-31 13:10:31.366 1112 1852 D StorageManagerService: Thinking about init, mBootCompleted=false, mDaemonConnected=true
10-31 13:10:31.366 1112 1112 D SystemServerTiming: StartStorageManagerService took to complete: 107ms
10-31 13:10:31.367 1112 1112 I SystemServerTiming: StartStorageStatsService
10-31 13:10:31.367 1112 1852 D StorageManagerService: Thinking about reset, mBootCompleted=false, mDaemonConnected=true
10-31 13:10:31.367 1112 1112 I SystemServiceManager: Starting com.android.server.usage.StorageStatsService$Lifecycle
10-31 13:10:31.393 1112 1112 D SystemServerTiming: StartStorageStatsService took to complete: 26ms
10-31 13:10:31.393 1112 1112 I SystemServerTiming: StartUiModeManager
10-31 13:10:31.393 1112 1112 I SystemServiceManager: Starting com.android.server.UiModeManagerService
10-31 13:10:31.396 1112 1194 D PinnerService: pinRangeStream: null
10-31 13:10:31.397 1112 1112 D SystemServerTiming: StartUiModeManager took to complete: 3ms
10-31 13:10:31.397 1112 1112 I SystemServerTiming: UpdatePackagesIfNeeded
10-31 13:10:31.397 1112 1112 I Watchdog: Pausing HandlerChecker: main thread for reason: dexopt. Pause count: 1
10-31 13:10:31.397 1112 1112 I Watchdog: Resuming HandlerChecker: main thread for reason: dexopt. Pause count: 0
10-31 13:10:31.397 1112 1112 D SystemServerTiming: UpdatePackagesIfNeeded took to complete: 0ms
10-31 13:10:31.397 1112 1112 I SystemServerTiming: PerformFstrimIfNeeded
10-31 13:10:31.398 1112 1194 D PinnerService: pinRangeStream: null
10-31 13:10:31.399 1112 1112 D SystemServerTiming: PerformFstrimIfNeeded took to complete: 2ms
10-31 13:10:31.399 1112 1112 I SystemServerTiming: StartLockSettingsService
10-31 13:10:31.399 1112 1112 I SystemServiceManager: Starting com.android.server.locksettings.LockSettingsService$Lifecycle
10-31 13:10:31.408 1112 1867 I SystemServerTimingAsync: InitThreadPoolExec:UiModeManager.onStart
10-31 13:10:31.408 1112 1867 D SystemServerInitThreadPool: Started executing UiModeManager.onStart
10-31 13:10:31.430 1112 1867 D SystemServerInitThreadPool: Finished executing UiModeManager.onStart
10-31 13:10:31.430 1112 1867 D SystemServerTimingAsync: InitThreadPoolExec:UiModeManager.onStart took to complete: 22ms
10-31 13:10:31.432 1112 1140 I snet_event_log: [172655291,-1,]
10-31 13:10:31.433 1112 1140 E PowerManagerService: Tried to acquire wake lock for invalid display: 0
10-31 13:10:31.433 1112 1198 I am_wtf : [0,1112,system_server,-1,PowerManagerService,Tried to acquire wake lock for invalid display: 0]
10-31 13:10:31.434 1112 1198 I DropBoxManagerService: add tag=system_server_wtf isTagEnabled=true flags=0x2
10-31 13:10:31.456 1112 1194 D PinnerService: pinRangeStream: null
10-31 13:10:31.460 1112 1194 D PinnerService: pinRangeStream: null
10-31 13:10:31.461 1112 1194 E PinnerService: Could not pin file /system/lib64/libsurfaceflinger.so
10-31 13:10:31.461 1112 1194 E PinnerService: android.system.ErrnoException: open failed: ENOENT (No such file or directory)
10-31 13:10:31.461 1112 1194 E PinnerService: at libcore.io.Linux.open(Native Method)
10-31 13:10:31.461 1112 1194 E PinnerService: at libcore.io.ForwardingOs.open(ForwardingOs.java:567)
10-31 13:10:31.461 1112 1194 E PinnerService: at libcore.io.BlockGuardOs.open(BlockGuardOs.java:273)
10-31 13:10:31.461 1112 1194 E PinnerService: at android.system.Os.open(Os.java:501)
10-31 13:10:31.461 1112 1194 E PinnerService: at com.android.server.PinnerService.pinFileRanges(PinnerService.java:939)
10-31 13:10:31.461 1112 1194 E PinnerService: at com.android.server.PinnerService.pinFile(PinnerService.java:814)
10-31 13:10:31.461 1112 1194 E PinnerService: at com.android.server.PinnerService.handlePinOnStart(PinnerService.java:273)
10-31 13:10:31.461 1112 1194 E PinnerService: at com.android.server.PinnerService.access$1600(PinnerService.java:91)
10-31 13:10:31.461 1112 1194 E PinnerService: at com.android.server.PinnerService$PinnerHandler.handleMessage(PinnerService.java:1183)
10-31 13:10:31.461 1112 1194 E PinnerService: at android.os.Handler.dispatchMessage(Handler.java:106)
10-31 13:10:31.461 1112 1194 E PinnerService: at android.os.Looper.loopOnce(Looper.java:201)
10-31 13:10:31.461 1112 1194 E PinnerService: at android.os.Looper.loop(Looper.java:288)
10-31 13:10:31.461 1112 1194 E PinnerService: at android.os.HandlerThread.run(HandlerThread.java:67)
10-31 13:10:31.461 1112 1194 E PinnerService: Failed to pin file = /system/lib64/libsurfaceflinger.so
10-31 13:10:31.474 1112 1112 W SystemServiceManager: Service com.android.server.locksettings.LockSettingsService$Lifecycle took 74 ms in onStart
10-31 13:10:31.474 1112 1112 D SystemServerTiming: StartLockSettingsService took to complete: 75ms
10-31 13:10:31.474 1112 1112 I SystemServerTiming: StartPersistentDataBlock
10-31 13:10:31.474 1112 1112 I SystemServiceManager: Starting com.android.server.PersistentDataBlockService
10-31 13:10:31.476 1112 1112 D SystemServerTiming: StartPersistentDataBlock took to complete: 2ms
10-31 13:10:31.476 1112 1112 I SystemServerTiming: StartTestHarnessMode
10-31 13:10:31.476 1112 1112 I SystemServiceManager: Starting com.android.server.testharness.TestHarnessModeService
10-31 13:10:31.477 1112 1881 I SystemServerTimingAsync: InitThreadPoolExec:PersistentDataBlockService.onStart
10-31 13:10:31.477 1112 1881 D SystemServerInitThreadPool: Started executing PersistentDataBlockService.onStart
10-31 13:10:31.477 1112 1881 E PersistentDataBlockService: not able to find package com.google.android.gms
10-31 13:10:31.477 1112 1881 E PersistentDataBlockService: android.content.pm.PackageManager$NameNotFoundException: com.google.android.gms
10-31 13:10:31.477 1112 1881 E PersistentDataBlockService: at android.app.ApplicationPackageManager.getPackageUidAsUser(ApplicationPackageManager.java:364)
10-31 13:10:31.477 1112 1881 E PersistentDataBlockService: at com.android.server.PersistentDataBlockService.getAllowedUid(PersistentDataBlockService.java:162)
10-31 13:10:31.477 1112 1881 E PersistentDataBlockService: at com.android.server.PersistentDataBlockService.lambda$onStart$0$PersistentDataBlockService(PersistentDataBlockService.java:176)
10-31 13:10:31.477 1112 1881 E PersistentDataBlockService: at com.android.server.PersistentDataBlockService$$ExternalSyntheticLambda0.run(Unknown Source:2)
10-31 13:10:31.477 1112 1881 E PersistentDataBlockService: at com.android.server.SystemServerInitThreadPool.lambda$submitTask$0$SystemServerInitThreadPool(SystemServerInitThreadPool.java:105)
10-31 13:10:31.477 1112 1881 E PersistentDataBlockService: at com.android.server.SystemServerInitThreadPool$$ExternalSyntheticLambda0.run(Unknown Source:6)
10-31 13:10:31.477 1112 1881 E PersistentDataBlockService: at java.util.concurrent.Executors$RunnableAdapter.call(Executors.java:462)
10-31 13:10:31.477 1112 1881 E PersistentDataBlockService: at java.util.concurrent.FutureTask.run(FutureTask.java:266)
10-31 13:10:31.477 1112 1881 E PersistentDataBlockService: at java.util.concurrent.ThreadPoolExecutor.runWorker(ThreadPoolExecutor.java:1167)
10-31 13:10:31.477 1112 1881 E PersistentDataBlockService: at java.util.concurrent.ThreadPoolExecutor$Worker.run(ThreadPoolExecutor.java:641)
10-31 13:10:31.477 1112 1881 E PersistentDataBlockService: at com.android.internal.util.ConcurrentUtils$1$1.run(ConcurrentUtils.java:65)
10-31 13:10:31.477 1112 1112 D SystemServerTiming: StartTestHarnessMode took to complete: 1ms
10-31 13:10:31.477 1112 1112 I SystemServerTiming: StartOemLockService
10-31 13:10:31.477 1112 1112 I SystemServiceManager: Starting com.android.server.oemlock.OemLockService
10-31 13:10:31.481 1112 1112 I OemLock : OemLock HAL not present on device
10-31 13:10:31.481 1112 1112 I OemLock : Using persistent data block based lock
10-31 13:10:31.482 1112 1112 D SystemServerTiming: StartOemLockService took to complete: 5ms
10-31 13:10:31.482 1112 1112 I SystemServerTiming: StartDeviceIdleController
10-31 13:10:31.482 1112 1112 I SystemServiceManager: Starting com.android.server.DeviceIdleController
10-31 13:10:31.488 1112 1112 D SystemServerTiming: StartDeviceIdleController took to complete: 5ms
10-31 13:10:31.488 1112 1112 I SystemServerTiming: StartDevicePolicyManager
10-31 13:10:31.488 1112 1112 I SystemServiceManager: Starting com.android.server.devicepolicy.DevicePolicyManagerService$Lifecycle
10-31 13:10:31.494 1112 1112 D SLog : static_init took to complete: 1ms
10-31 13:10:31.494 1112 1112 I DevicePolicyManager: Set ro.organization_owned property to false
10-31 13:10:31.503 1112 1112 D SystemServerTiming: StartDevicePolicyManager took to complete: 15ms
10-31 13:10:31.504 1112 1112 I SystemServerTiming: StartStatusBarManagerService
10-31 13:10:31.509 1112 1112 D SystemServerTiming: StartStatusBarManagerService took to complete: 5ms
10-31 13:10:31.509 1112 1112 D SystemServer: MusicRecognitionManagerService not defined by OEM or disabled by flag
10-31 13:10:31.510 1112 1112 D SystemServer: ContentCaptureService disabled because resource is not overlaid
10-31 13:10:31.510 1112 1112 D SystemServer: AttentionService is not configured on this device
10-31 13:10:31.510 1112 1112 D SystemServer: RotationResolverService is not configured on this device
10-31 13:10:31.510 1112 1112 D SystemServer: SystemCaptionsManagerService disabled because resource is not overlaid
10-31 13:10:31.511 1112 1112 I SystemServerTiming: StartTextToSpeechManagerService
10-31 13:10:31.511 1112 1112 I SystemServiceManager: Starting com.android.server.texttospeech.TextToSpeechManagerService
10-31 13:10:31.512 1112 1881 D SystemServerInitThreadPool: Finished executing PersistentDataBlockService.onStart
10-31 13:10:31.512 1112 1881 D SystemServerTimingAsync: InitThreadPoolExec:PersistentDataBlockService.onStart took to complete: 35ms
10-31 13:10:31.513 1112 1112 D SystemServerTiming: StartTextToSpeechManagerService took to complete: 3ms
10-31 13:10:31.513 1112 1112 I SystemServerTiming: StartSpeechRecognitionManagerService
10-31 13:10:31.514 1112 1112 I SystemServiceManager: Starting com.android.server.speech.SpeechRecognitionManagerService
10-31 13:10:31.517 1112 1112 D SystemServerTiming: StartSpeechRecognitionManagerService took to complete: 4ms
10-31 13:10:31.517 1112 1112 D SystemServer: AppPredictionService not defined by OEM
10-31 13:10:31.518 1112 1112 D SystemServer: ContentSuggestionsService not defined by OEM
10-31 13:10:31.518 1112 1112 I SystemServerTiming: StartSearchUiService
10-31 13:10:31.518 1112 1112 I SystemServiceManager: Starting com.android.server.searchui.SearchUiManagerService
10-31 13:10:31.520 1112 1112 D SystemServerTiming: StartSearchUiService took to complete: 2ms
10-31 13:10:31.520 1112 1112 I SystemServerTiming: StartSmartspaceService
10-31 13:10:31.520 1112 1112 I SystemServiceManager: Starting com.android.server.smartspace.SmartspaceManagerService
10-31 13:10:31.521 1112 1112 D SystemServerTiming: StartSmartspaceService took to complete: 1ms
10-31 13:10:31.521 1112 1112 I SystemServerTiming: InitConnectivityModuleConnector
10-31 13:10:31.521 1112 1112 D ConnectivityModuleConnector: Network stack init
10-31 13:10:31.523 1112 1112 D SystemServerTiming: InitConnectivityModuleConnector took to complete: 2ms
10-31 13:10:31.523 1112 1112 I SystemServerTiming: InitNetworkStackClient
10-31 13:10:31.524 1112 1112 D SystemServerTiming: InitNetworkStackClient took to complete: 1ms
10-31 13:10:31.525 1112 1112 I SystemServerTiming: StartNetworkManagementService
10-31 13:10:31.532 1112 1112 D SystemServerTiming: StartNetworkManagementService took to complete: 8ms
10-31 13:10:31.532 1112 1112 I SystemServerTiming: StartIpSecService
01-01 09:54:55.158 0 0 I msm_vidc: high: 00000001: ....e: Opening video instance: ffffffe22361c000, 0
10-31 13:10:31.538 1112 1112 D SystemServerTiming: StartIpSecService took to complete: 6ms
10-31 13:10:31.538 1112 1112 I SystemServerTiming: StartFontManagerService
01-01 09:54:55.189 0 0 I msm_vidc: high: 00000001: h265e: Closed video instance: ffffffe22361c000
01-01 09:54:55.225 0 0 I msm_vidc: high: 00000001: ....d: Opening video instance: ffffffe223500000, 1
01-01 09:54:55.239 0 0 I msm_vidc: high: 00000001: h264d: Closed video instance: ffffffe223500000
01-01 09:54:55.272 0 0 I msm_vidc: high: 00000001: ....d: Opening video instance: ffffffe223794000, 1
01-01 09:54:55.276 0 0 E : INFO: trying to register non-static key.
01-01 09:54:55.281 0 0 E : the code is fine but needs lockdep annotation.
01-01 09:54:55.287 0 0 I : CPU: 4 PID: 1898 Comm: VideoDecMsgThre Tainted: G S W O 4.19.157+ #1
01-01 09:54:55.287 0 0 I Hardware name: Qualcomm Technologies, Inc. kona MTP-RmPM8150b. VC1(FSE) EVT1 (DT)
01-01 09:54:55.287 0 0 I Call trace:
01-01 09:54:55.287 0 0 I : dump_backtrace+0x0/0x258
01-01 09:54:55.287 0 0 I : show_stack+0x20/0x30
01-01 09:54:55.287 0 0 I : dump_stack+0xd8/0x12c
01-01 09:54:55.287 0 0 I : register_lock_class+0x4d0/0x5c8
01-01 09:54:55.287 0 0 I : __lock_acquire+0xbc/0x1e58
01-01 09:54:55.287 0 0 I : lock_acquire+0x1cc/0x218
01-01 09:54:55.287 0 0 I : _raw_spin_lock_irqsave+0x54/0x98
01-01 09:54:55.287 0 0 I : __ion_system_secure_heap_resize+0x768/0x8c0
01-01 09:54:55.287 0 0 I : ion_system_secure_heap_prefetch+0x28/0x38
01-01 09:54:55.287 0 0 I : ion_walk_heaps+0x88/0xb8
01-01 09:54:55.287 0 0 I : ion_ioctl+0x1b0/0x2a8
01-01 09:54:55.287 0 0 I : __arm64_compat_sys_ioctl+0xf4/0x240
01-01 09:54:55.287 0 0 I : el0_svc_common+0xa4/0x190
01-01 09:54:55.287 0 0 I : el0_svc_compat_handler+0x28/0x38
01-01 09:54:55.287 0 0 I : el0_svc_compat+0x8/0x34
01-01 09:54:55.289 0 0 E : INFO: trying to register non-static key.
01-01 09:54:55.295 0 0 E : the code is fine but needs lockdep annotation.
01-01 09:54:55.300 0 0 I : CPU: 4 PID: 331 Comm: kworker/u16:9 Tainted: G S W O 4.19.157+ #1
01-01 09:54:55.300 0 0 I Hardware name: Qualcomm Technologies, Inc. kona MTP-RmPM8150b. VC1(FSE) EVT1 (DT)
01-01 09:54:55.300 0 0 I Workqueue: events_unbound ion_system_secure_heap_prefetch_work
01-01 09:54:55.300 0 0 I Call trace:
01-01 09:54:55.300 0 0 I : dump_backtrace+0x0/0x258
01-01 09:54:55.300 0 0 I : show_stack+0x20/0x30
01-01 09:54:55.300 0 0 I : dump_stack+0xd8/0x12c
01-01 09:54:55.300 0 0 I : register_lock_class+0x4d0/0x5c8
01-01 09:54:55.300 0 0 I : __lock_acquire+0xbc/0x1e58
01-01 09:54:55.300 0 0 I : lock_acquire+0x1cc/0x218
01-01 09:54:55.300 0 0 I : _raw_spin_lock_irqsave+0x54/0x98
01-01 09:54:55.300 0 0 I : ion_system_secure_heap_prefetch_work+0x48/0x2c0
01-01 09:54:55.300 0 0 I : process_one_work+0x38c/0x660
01-01 09:54:55.300 0 0 I : worker_thread+0x268/0x4b8
01-01 09:54:55.300 0 0 I : kthread+0x140/0x150
01-01 09:54:55.300 0 0 I : ret_from_fork+0x10/0x1c
01-01 09:54:55.302 0 0 E : INFO: trying to register non-static key.
01-01 09:54:55.306 0 0 E : INFO: trying to register non-static key.
01-01 09:54:55.307 0 0 E : the code is fine but needs lockdep annotation.
01-01 09:54:55.307 0 0 I : CPU: 4 PID: 1876 Comm: HwBinder:1316_5 Tainted: G S W O 4.19.157+ #1
01-01 09:54:55.312 0 0 E : the code is fine but needs lockdep annotation.
01-01 09:54:55.318 0 0 I Hardware name: Qualcomm Technologies, Inc. kona MTP-RmPM8150b. VC1(FSE) EVT1 (DT)
01-01 09:54:55.318 0 0 I Call trace:
01-01 09:54:55.324 0 0 I : dump_backtrace+0x0/0x258
01-01 09:54:55.324 0 0 I : show_stack+0x20/0x30
01-01 09:54:55.324 0 0 I : dump_stack+0xd8/0x12c
01-01 09:54:55.324 0 0 I : register_lock_class+0x4d0/0x5c8
01-01 09:54:55.324 0 0 I : __lock_acquire+0xbc/0x1e58
01-01 09:54:55.324 0 0 I : lock_acquire+0x1cc/0x218
01-01 09:54:55.324 0 0 I : _raw_spin_lock_irqsave+0x54/0x98
01-01 09:54:55.324 0 0 I : __ion_system_secure_heap_resize+0x768/0x8c0
01-01 09:54:55.324 0 0 I : ion_system_secure_heap_drain+0x28/0x38
01-01 09:54:55.324 0 0 I : ion_walk_heaps+0x88/0xb8
01-01 09:54:55.324 0 0 I : ion_ioctl+0x1b0/0x2a8
01-01 09:54:55.324 0 0 I : __arm64_compat_sys_ioctl+0xf4/0x240
01-01 09:54:55.324 0 0 I : el0_svc_common+0xa4/0x190
01-01 09:54:55.324 0 0 I : el0_svc_compat_handler+0x28/0x38
01-01 09:54:55.324 0 0 I : el0_svc_compat+0x8/0x34
01-01 09:54:55.324 0 0 I : CPU: 2 PID: 331 Comm: kworker/u16:9 Tainted: G S W O 4.19.157+ #1
01-01 09:54:55.324 0 0 I Hardware name: Qualcomm Technologies, Inc. kona MTP-RmPM8150b. VC1(FSE) EVT1 (DT)
01-01 09:54:55.324 0 0 I Workqueue: events_unbound ion_system_secure_heap_prefetch_work
01-01 09:54:55.324 0 0 I Call trace:
01-01 09:54:55.324 0 0 I : dump_backtrace+0x0/0x258
01-01 09:54:55.324 0 0 I : show_stack+0x20/0x30
01-01 09:54:55.324 0 0 I : dump_stack+0xd8/0x12c
01-01 09:54:55.324 0 0 I : register_lock_class+0x4d0/0x5c8
01-01 09:54:55.324 0 0 I : __lock_acquire+0xbc/0x1e58
01-01 09:54:55.324 0 0 I : lock_acquire+0x1cc/0x218
01-01 09:54:55.324 0 0 I : _raw_spin_lock_irqsave+0x54/0x98
01-01 09:54:55.324 0 0 I : ion_system_secure_heap_prefetch_work+0x94/0x2c0
01-01 09:54:55.324 0 0 I : process_one_work+0x38c/0x660
01-01 09:54:55.324 0 0 I : worker_thread+0x268/0x4b8
01-01 09:54:55.324 0 0 I : kthread+0x140/0x150
01-01 09:54:55.324 0 0 I : ret_from_fork+0x10/0x1c
01-01 09:54:55.326 0 0 E : INFO: trying to register non-static key.
01-01 09:54:55.332 0 0 E : the code is fine but needs lockdep annotation.
01-01 09:54:55.333 0 0 I msm_vidc: high: 00000001: h264d: Closed video instance: ffffffe223794000
01-01 09:54:55.337 0 0 I : CPU: 2 PID: 331 Comm: kworker/u16:9 Tainted: G S W O 4.19.157+ #1
01-01 09:54:55.337 0 0 I Hardware name: Qualcomm Technologies, Inc. kona MTP-RmPM8150b. VC1(FSE) EVT1 (DT)
01-01 09:54:55.337 0 0 I Workqueue: events_unbound ion_system_secure_heap_prefetch_work
01-01 09:54:55.337 0 0 I Call trace:
01-01 09:54:55.337 0 0 I : dump_backtrace+0x0/0x258
01-01 09:54:55.337 0 0 I : show_stack+0x20/0x30
01-01 09:54:55.337 0 0 I : dump_stack+0xd8/0x12c
01-01 09:54:55.337 0 0 I : register_lock_class+0x4d0/0x5c8
01-01 09:54:55.337 0 0 I : __lock_acquire+0xbc/0x1e58
01-01 09:54:55.337 0 0 I : lock_acquire+0x1cc/0x218
01-01 09:54:55.337 0 0 I : _raw_spin_lock_irqsave+0x54/0x98
01-01 09:54:55.337 0 0 I : ion_system_secure_heap_prefetch_work+0x94/0x2c0
01-01 09:54:55.337 0 0 I : process_one_work+0x38c/0x660
01-01 09:54:55.337 0 0 I : worker_thread+0x268/0x4b8
01-01 09:54:55.337 0 0 I : kthread+0x140/0x150
01-01 09:54:55.337 0 0 I : ret_from_fork+0x10/0x1c
01-01 09:54:55.344 0 0 E : INFO: trying to register non-static key.
10-31 13:10:31.702 1112 1198 I dvm_lock_sample: [system_server,1,ActivityManager,262,DropBoxManagerService.java,-1,void com.android.server.DropBoxManagerService.init(),-,1064,void com.android.server.DropBoxManagerService.enrollEntry(com.android.server.DropBoxManagerService$EntryFile),52]
10-31 13:10:31.733 1225 1225 W iorapd : Readahead disabled by system property
10-31 13:10:31.734 1112 1112 D SystemServerTiming: StartFontManagerService took to complete: 196ms
10-31 13:10:31.734 1112 1112 I SystemServerTiming: StartTextServicesManager
10-31 13:10:31.734 1112 1112 I SystemServiceManager: Starting com.android.server.textservices.TextServicesManagerService$Lifecycle
10-31 13:10:31.736 1112 1112 D SystemServerTiming: StartTextServicesManager took to complete: 2ms
10-31 13:10:31.736 1112 1112 I SystemServerTiming: StartTextClassificationManagerService
10-31 13:10:31.736 1112 1112 I SystemServiceManager: Starting com.android.server.textclassifier.TextClassificationManagerService$Lifecycle
01-01 09:54:55.349 0 0 E : the code is fine but needs lockdep annotation.
01-01 09:54:55.355 0 0 I : CPU: 1 PID: 331 Comm: kworker/u16:9 Tainted: G S W O 4.19.157+ #1
01-01 09:54:55.355 0 0 I Hardware name: Qualcomm Technologies, Inc. kona MTP-RmPM8150b. VC1(FSE) EVT1 (DT)
01-01 09:54:55.355 0 0 I Workqueue: events_unbound ion_system_secure_heap_prefetch_work
01-01 09:54:55.355 0 0 I Call trace:
01-01 09:54:55.355 0 0 I : dump_backtrace+0x0/0x258
01-01 09:54:55.355 0 0 I : show_stack+0x20/0x30
01-01 09:54:55.355 0 0 I : dump_stack+0xd8/0x12c
01-01 09:54:55.355 0 0 I : register_lock_class+0x4d0/0x5c8
01-01 09:54:55.355 0 0 I : __lock_acquire+0xbc/0x1e58
01-01 09:54:55.355 0 0 I : lock_acquire+0x1cc/0x218
01-01 09:54:55.355 0 0 I : _raw_spin_lock_irqsave+0x54/0x98
01-01 09:54:55.355 0 0 I : ion_system_secure_heap_prefetch_work+0x94/0x2c0
01-01 09:54:55.355 0 0 I : process_one_work+0x38c/0x660
01-01 09:54:55.355 0 0 I : worker_thread+0x268/0x4b8
01-01 09:54:55.355 0 0 I : kthread+0x140/0x150
01-01 09:54:55.355 0 0 I : ret_from_fork+0x10/0x1c
01-01 09:54:55.357 0 0 E : INFO: trying to register non-static key.
10-31 13:10:31.740 1112 1112 D SystemServerTiming: StartTextClassificationManagerService took to complete: 4ms
10-31 13:10:31.740 1112 1112 I SystemServerTiming: StartNetworkScoreService
10-31 13:10:31.740 1112 1112 I SystemServiceManager: Starting com.android.server.NetworkScoreService$Lifecycle
10-31 13:10:31.741 1225 1225 W iorapd : Reconnect to package manager service: 1 times
10-31 13:10:31.741 1112 1112 D SystemServerTiming: StartNetworkScoreService took to complete: 1ms
10-31 13:10:31.741 1112 1112 I SystemServerTiming: StartNetworkStatsService
10-31 13:10:31.746 1112 1112 D SystemServerTiming: StartNetworkStatsService took to complete: 5ms
10-31 13:10:31.746 1112 1112 I SystemServerTiming: StartNetworkPolicyManagerService
10-31 13:10:31.751 1112 1112 D SystemServerTiming: StartNetworkPolicyManagerService took to complete: 5ms
10-31 13:10:31.751 1112 1112 I SystemServerTiming: StartWifi
01-01 09:54:55.363 0 0 E : the code is fine but needs lockdep annotation.
01-01 09:54:55.368 0 0 E i2c_geni 980000.i2c: i2c error :-107
01-01 09:54:55.368 0 0 I : CPU: 1 PID: 331 Comm: kworker/u16:9 Tainted: G S W O 4.19.157+ #1
01-01 09:54:55.373 0 0 I Hardware name: Qualcomm Technologies, Inc. kona MTP-RmPM8150b. VC1(FSE) EVT1 (DT)
01-01 09:54:55.373 0 0 I Workqueue: events_unbound ion_system_secure_heap_prefetch_work
01-01 09:54:55.373 0 0 I Call trace:
01-01 09:54:55.373 0 0 I : dump_backtrace+0x0/0x258
01-01 09:54:55.373 0 0 I : show_stack+0x20/0x30
01-01 09:54:55.373 0 0 I : dump_stack+0xd8/0x12c
01-01 09:54:55.373 0 0 I : register_lock_class+0x4d0/0x5c8
01-01 09:54:55.373 0 0 I : __lock_acquire+0xbc/0x1e58
01-01 09:54:55.373 0 0 I : lock_acquire+0x1cc/0x218
01-01 09:54:55.373 0 0 I : _raw_spin_lock_irqsave+0x54/0x98
01-01 09:54:55.373 0 0 I : ion_system_secure_heap_prefetch_work+0x94/0x2c0
01-01 09:54:55.373 0 0 I : process_one_work+0x38c/0x660
01-01 09:54:55.373 0 0 I : worker_thread+0x268/0x4b8
01-01 09:54:55.373 0 0 I : kthread+0x140/0x150
01-01 09:54:55.373 0 0 I : ret_from_fork+0x10/0x1c
01-01 09:54:55.374 0 0 E : [MAX975X:max96755g_write_bytes] *ERROR* i2c master send 0x8E err
01-01 09:54:55.377 0 0 E : INFO: trying to register non-static key.
01-01 09:54:55.389 0 0 E : the code is fine but needs lockdep annotation.
01-01 09:54:55.395 0 0 I : CPU: 1 PID: 331 Comm: kworker/u16:9 Tainted: G S W O 4.19.157+ #1
01-01 09:54:55.395 0 0 I Hardware name: Qualcomm Technologies, Inc. kona MTP-RmPM8150b. VC1(FSE) EVT1 (DT)
01-01 09:54:55.395 0 0 I Workqueue: events_unbound ion_system_secure_heap_prefetch_work
01-01 09:54:55.395 0 0 I Call trace:
01-01 09:54:55.395 0 0 I : dump_backtrace+0x0/0x258
01-01 09:54:55.395 0 0 I : show_stack+0x20/0x30
01-01 09:54:55.395 0 0 I : dump_stack+0xd8/0x12c
01-01 09:54:55.395 0 0 I : register_lock_class+0x4d0/0x5c8
01-01 09:54:55.395 0 0 I : __lock_acquire+0xbc/0x1e58
01-01 09:54:55.395 0 0 I : lock_acquire+0x1cc/0x218
01-01 09:54:55.395 0 0 I : _raw_spin_lock_irqsave+0x54/0x98
01-01 09:54:55.395 0 0 I : ion_system_secure_heap_prefetch_work+0x94/0x2c0
01-01 09:54:55.395 0 0 I : process_one_work+0x38c/0x660
01-01 09:54:55.395 0 0 I : worker_thread+0x268/0x4b8
01-01 09:54:55.395 0 0 I : kthread+0x140/0x150
01-01 09:54:55.395 0 0 I : ret_from_fork+0x10/0x1c
10-31 13:10:31.785 1905 1905 D iorap.prefetcherd: Installing minijail
01-01 09:54:55.397 0 0 E : INFO: trying to register non-static key.
01-01 09:54:55.402 0 0 E : the code is fine but needs lockdep annotation.
01-01 09:54:55.408 0 0 I : CPU: 1 PID: 331 Comm: kworker/u16:9 Tainted: G S W O 4.19.157+ #1
01-01 09:54:55.408 0 0 I Hardware name: Qualcomm Technologies, Inc. kona MTP-RmPM8150b. VC1(FSE) EVT1 (DT)
01-01 09:54:55.408 0 0 I Workqueue: events_unbound ion_system_secure_heap_prefetch_work
01-01 09:54:55.408 0 0 I Call trace:
01-01 09:54:55.408 0 0 I : dump_backtrace+0x0/0x258
01-01 09:54:55.408 0 0 I : show_stack+0x20/0x30
01-01 09:54:55.408 0 0 I : dump_stack+0xd8/0x12c
01-01 09:54:55.408 0 0 I : register_lock_class+0x4d0/0x5c8
01-01 09:54:55.408 0 0 I : __lock_acquire+0xbc/0x1e58
01-01 09:54:55.408 0 0 I : lock_acquire+0x1cc/0x218
01-01 09:54:55.408 0 0 I : _raw_spin_lock_irqsave+0x54/0x98
01-01 09:54:55.408 0 0 I : ion_system_secure_heap_prefetch_work+0x94/0x2c0
01-01 09:54:55.408 0 0 I : process_one_work+0x38c/0x660
01-01 09:54:55.408 0 0 I : worker_thread+0x268/0x4b8
01-01 09:54:55.408 0 0 I : kthread+0x140/0x150
01-01 09:54:55.408 0 0 I : ret_from_fork+0x10/0x1c
10-31 13:10:31.787 1905 1905 W iorap.prefetcherd: No seccomp filter defined for this architecture.
10-31 13:10:31.789 1112 1112 I SystemServiceManager: Starting com.android.server.wifi.WifiService
01-01 09:54:55.411 0 0 E : INFO: trying to register non-static key.
01-01 09:54:55.416 0 0 E : the code is fine but needs lockdep annotation.
01-01 09:54:55.422 0 0 I : CPU: 1 PID: 331 Comm: kworker/u16:9 Tainted: G S W O 4.19.157+ #1
01-01 09:54:55.422 0 0 I Hardware name: Qualcomm Technologies, Inc. kona MTP-RmPM8150b. VC1(FSE) EVT1 (DT)
01-01 09:54:55.422 0 0 I Workqueue: events_unbound ion_system_secure_heap_prefetch_work
01-01 09:54:55.422 0 0 I Call trace:
01-01 09:54:55.422 0 0 I : dump_backtrace+0x0/0x258
01-01 09:54:55.422 0 0 I : show_stack+0x20/0x30
01-01 09:54:55.422 0 0 I : dump_stack+0xd8/0x12c
01-01 09:54:55.422 0 0 I : register_lock_class+0x4d0/0x5c8
01-01 09:54:55.422 0 0 I : __lock_acquire+0xbc/0x1e58
01-01 09:54:55.422 0 0 I : lock_acquire+0x1cc/0x218
01-01 09:54:55.422 0 0 I : _raw_spin_lock_irqsave+0x54/0x98
01-01 09:54:55.422 0 0 I : ion_system_secure_heap_prefetch_work+0x94/0x2c0
01-01 09:54:55.422 0 0 I : process_one_work+0x38c/0x660
01-01 09:54:55.422 0 0 I : worker_thread+0x268/0x4b8
01-01 09:54:55.422 0 0 I : kthread+0x140/0x150
01-01 09:54:55.422 0 0 I : ret_from_fork+0x10/0x1c
10-31 13:10:31.798 1112 1183 I DropBoxManagerService: add tag=system_server_strictmode isTagEnabled=true flags=0x2
01-01 09:54:55.424 0 0 I msm_vidc: high: 00000001: ....d: Opening video instance: ffffffe222800000, 1
01-01 09:54:55.426 0 0 E : INFO: trying to register non-static key.
10-31 13:10:31.814 1112 1737 D SystemServerTimingAsync: AppDataPrepare took to complete: 706ms
10-31 13:10:31.814 1112 1737 I PackageManager: Deferred reconcileAppsData finished 118 packages
10-31 13:10:31.815 1112 1737 D SystemServerInitThreadPool: Finished executing prepareAppData
10-31 13:10:31.815 1112 1737 D SystemServerTimingAsync: InitThreadPoolExec:prepareAppData took to complete: 1238ms
01-01 09:54:55.431 0 0 E : the code is fine but needs lockdep annotation.
01-01 09:54:55.437 0 0 I : CPU: 6 PID: 331 Comm: kworker/u16:9 Tainted: G S W O 4.19.157+ #1
01-01 09:54:55.437 0 0 I Hardware name: Qualcomm Technologies, Inc. kona MTP-RmPM8150b. VC1(FSE) EVT1 (DT)
01-01 09:54:55.437 0 0 I Workqueue: events_unbound ion_system_secure_heap_prefetch_work
01-01 09:54:55.437 0 0 I Call trace:
01-01 09:54:55.437 0 0 I : dump_backtrace+0x0/0x258
01-01 09:54:55.437 0 0 I : show_stack+0x20/0x30
01-01 09:54:55.437 0 0 I : dump_stack+0xd8/0x12c
01-01 09:54:55.437 0 0 I : register_lock_class+0x4d0/0x5c8
01-01 09:54:55.437 0 0 I : __lock_acquire+0xbc/0x1e58
01-01 09:54:55.437 0 0 I : lock_acquire+0x1cc/0x218
01-01 09:54:55.437 0 0 I : _raw_spin_lock_irqsave+0x54/0x98
01-01 09:54:55.437 0 0 I : ion_system_secure_heap_prefetch_work+0x94/0x2c0
01-01 09:54:55.437 0 0 I : process_one_work+0x38c/0x660
01-01 09:54:55.437 0 0 I : worker_thread+0x268/0x4b8
01-01 09:54:55.437 0 0 I : kthread+0x140/0x150
01-01 09:54:55.437 0 0 I : ret_from_fork+0x10/0x1c
01-01 09:54:55.438 0 0 I msm_vidc: high: 00000001: h265d: Closed video instance: ffffffe222800000
01-01 09:54:55.440 0 0 E : INFO: trying to register non-static key.
01-01 09:54:55.445 0 0 E : the code is fine but needs lockdep annotation.
01-01 09:54:55.451 0 0 I : CPU: 6 PID: 331 Comm: kworker/u16:9 Tainted: G S W O 4.19.157+ #1
01-01 09:54:55.451 0 0 I Hardware name: Qualcomm Technologies, Inc. kona MTP-RmPM8150b. VC1(FSE) EVT1 (DT)
01-01 09:54:55.451 0 0 I Workqueue: events_unbound ion_system_secure_heap_prefetch_work
01-01 09:54:55.451 0 0 I Call trace:
01-01 09:54:55.451 0 0 I : dump_backtrace+0x0/0x258
01-01 09:54:55.451 0 0 I : show_stack+0x20/0x30
01-01 09:54:55.451 0 0 I : dump_stack+0xd8/0x12c
01-01 09:54:55.451 0 0 I : register_lock_class+0x4d0/0x5c8
01-01 09:54:55.451 0 0 I : __lock_acquire+0xbc/0x1e58
01-01 09:54:55.451 0 0 I : lock_acquire+0x1cc/0x218
01-01 09:54:55.451 0 0 I : _raw_spin_lock_irqsave+0x54/0x98
01-01 09:54:55.451 0 0 I : ion_system_secure_heap_prefetch_work+0x94/0x2c0
01-01 09:54:55.451 0 0 I : process_one_work+0x38c/0x660
01-01 09:54:55.451 0 0 I : worker_thread+0x268/0x4b8
01-01 09:54:55.451 0 0 I : kthread+0x140/0x150
01-01 09:54:55.451 0 0 I : ret_from_fork+0x10/0x1c
10-31 13:10:31.831 1112 1183 I DropBoxManagerService: add tag=system_server_strictmode isTagEnabled=true flags=0x2 --------- beginning of radio
10-31 13:10:31.832 1112 1112 D TelephonyRegistry: listen oscl: mHasNotifySubscriptionInfoChangedOccurred==false no callback
10-31 13:10:31.841 1112 1183 I DropBoxManagerService: add tag=system_server_strictmode isTagEnabled=true flags=0x2
01-01 09:54:55.453 0 0 E : INFO: trying to register non-static key.
01-01 09:54:55.458 0 0 E : the code is fine but needs lockdep annotation.
01-01 09:54:55.461 0 0 I msm_vidc: high: 00000001: ....d: Opening video instance: ffffffe222800000, 1
01-01 09:54:55.464 0 0 I : CPU: 6 PID: 331 Comm: kworker/u16:9 Tainted: G S W O 4.19.157+ #1
01-01 09:54:55.464 0 0 I Hardware name: Qualcomm Technologies, Inc. kona MTP-RmPM8150b. VC1(FSE) EVT1 (DT)
01-01 09:54:55.464 0 0 I Workqueue: events_unbound ion_system_secure_heap_prefetch_work
01-01 09:54:55.464 0 0 I Call trace:
01-01 09:54:55.464 0 0 I : dump_backtrace+0x0/0x258
01-01 09:54:55.464 0 0 I : show_stack+0x20/0x30
01-01 09:54:55.464 0 0 I : dump_stack+0xd8/0x12c
01-01 09:54:55.464 0 0 I : register_lock_class+0x4d0/0x5c8
01-01 09:54:55.464 0 0 I : __lock_acquire+0xbc/0x1e58
01-01 09:54:55.464 0 0 I : lock_acquire+0x1cc/0x218
01-01 09:54:55.464 0 0 I : _raw_spin_lock_irqsave+0x54/0x98
01-01 09:54:55.464 0 0 I : ion_system_secure_heap_prefetch_work+0x94/0x2c0
01-01 09:54:55.464 0 0 I : process_one_work+0x38c/0x660
01-01 09:54:55.464 0 0 I : worker_thread+0x268/0x4b8
01-01 09:54:55.464 0 0 I : kthread+0x140/0x150
01-01 09:54:55.464 0 0 I : ret_from_fork+0x10/0x1c
01-01 09:54:55.467 0 0 E : INFO: trying to register non-static key.
01-01 09:54:55.472 0 0 E : the code is fine but needs lockdep annotation.
01-01 09:54:55.478 0 0 I : CPU: 4 PID: 331 Comm: kworker/u16:9 Tainted: G S W O 4.19.157+ #1
01-01 09:54:55.478 0 0 I Hardware name: Qualcomm Technologies, Inc. kona MTP-RmPM8150b. VC1(FSE) EVT1 (DT)
01-01 09:54:55.478 0 0 I Workqueue: events_unbound ion_system_secure_heap_prefetch_work
01-01 09:54:55.478 0 0 I Call trace:
01-01 09:54:55.478 0 0 I : dump_backtrace+0x0/0x258
01-01 09:54:55.478 0 0 I : show_stack+0x20/0x30
01-01 09:54:55.478 0 0 I : dump_stack+0xd8/0x12c
01-01 09:54:55.478 0 0 I : register_lock_class+0x4d0/0x5c8
01-01 09:54:55.478 0 0 I : __lock_acquire+0xbc/0x1e58
01-01 09:54:55.478 0 0 I : lock_acquire+0x1cc/0x218
01-01 09:54:55.478 0 0 I : _raw_spin_lock_irqsave+0x54/0x98
01-01 09:54:55.478 0 0 I : ion_system_secure_heap_prefetch_work+0x94/0x2c0
01-01 09:54:55.478 0 0 I : process_one_work+0x38c/0x660
01-01 09:54:55.478 0 0 I : worker_thread+0x268/0x4b8
01-01 09:54:55.478 0 0 I : kthread+0x140/0x150
01-01 09:54:55.478 0 0 I : ret_from_fork+0x10/0x1c
01-01 09:54:55.479 0 0 I msm_vidc: high: 00000001: h265d: Closed video instance: ffffffe222800000
10-31 13:10:31.859 1112 1183 I DropBoxManagerService: add tag=system_server_strictmode isTagEnabled=true flags=0x2
10-31 13:10:31.870 1112 1183 I DropBoxManagerService: add tag=system_server_strictmode isTagEnabled=true flags=0x2
01-01 09:54:55.481 0 0 E : INFO: trying to register non-static key.
01-01 09:54:55.486 0 0 E : the code is fine but needs lockdep annotation.
01-01 09:54:55.492 0 0 I : CPU: 4 PID: 331 Comm: kworker/u16:9 Tainted: G S W O 4.19.157+ #1
01-01 09:54:55.492 0 0 I Hardware name: Qualcomm Technologies, Inc. kona MTP-RmPM8150b. VC1(FSE) EVT1 (DT)
01-01 09:54:55.492 0 0 I Workqueue: events_unbound ion_system_secure_heap_prefetch_work
01-01 09:54:55.492 0 0 I Call trace:
01-01 09:54:55.492 0 0 I : dump_backtrace+0x0/0x258
01-01 09:54:55.492 0 0 I : show_stack+0x20/0x30
01-01 09:54:55.492 0 0 I : dump_stack+0xd8/0x12c
01-01 09:54:55.492 0 0 I : register_lock_class+0x4d0/0x5c8
01-01 09:54:55.492 0 0 I : __lock_acquire+0xbc/0x1e58
01-01 09:54:55.492 0 0 I : lock_acquire+0x1cc/0x218
01-01 09:54:55.492 0 0 I : _raw_spin_lock_irqsave+0x54/0x98
01-01 09:54:55.492 0 0 I : ion_system_secure_heap_prefetch_work+0x94/0x2c0
01-01 09:54:55.492 0 0 I : process_one_work+0x38c/0x660
01-01 09:54:55.492 0 0 I : worker_thread+0x268/0x4b8
01-01 09:54:55.492 0 0 I : kthread+0x140/0x150
01-01 09:54:55.492 0 0 I : ret_from_fork+0x10/0x1c
10-31 13:10:31.876 1294 1294 I wificond: New wificond event callback registered
10-31 13:10:31.881 1112 1112 V HistoricalRegistry: Interaction before persistence initialized
10-31 13:10:31.885 1112 1112 D SystemServerTiming: StartWifi took to complete: 134ms
10-31 13:10:31.885 1112 1112 I SystemServerTiming: StartWifiScanning
10-31 13:10:31.886 1112 1112 I SystemServiceManager: Starting com.android.server.wifi.scanner.WifiScanningService
01-01 09:54:55.495 0 0 E : INFO: trying to register non-static key.
01-01 09:54:55.500 0 0 E : the code is fine but needs lockdep annotation.
01-01 09:54:55.506 0 0 I : CPU: 4 PID: 331 Comm: kworker/u16:9 Tainted: G S W O 4.19.157+ #1
10-31 13:10:31.889 1112 1183 I DropBoxManagerService: add tag=system_server_strictmode isTagEnabled=true flags=0x2
01-01 09:54:55.506 0 0 I Hardware name: Qualcomm Technologies, Inc. kona MTP-RmPM8150b. VC1(FSE) EVT1 (DT)
01-01 09:54:55.506 0 0 I Workqueue: events_unbound ion_system_secure_heap_prefetch_work
01-01 09:54:55.506 0 0 I Call trace:
01-01 09:54:55.506 0 0 I : dump_backtrace+0x0/0x258
01-01 09:54:55.506 0 0 I : show_stack+0x20/0x30
01-01 09:54:55.506 0 0 I : dump_stack+0xd8/0x12c
01-01 09:54:55.506 0 0 I : register_lock_class+0x4d0/0x5c8
01-01 09:54:55.506 0 0 I : __lock_acquire+0xbc/0x1e58
01-01 09:54:55.506 0 0 I : lock_acquire+0x1cc/0x218
01-01 09:54:55.506 0 0 I : _raw_spin_lock_irqsave+0x54/0x98
01-01 09:54:55.506 0 0 I : ion_system_secure_heap_prefetch_work+0x94/0x2c0
01-01 09:54:55.506 0 0 I : process_one_work+0x38c/0x660
01-01 09:54:55.506 0 0 I : worker_thread+0x268/0x4b8
01-01 09:54:55.506 0 0 I : kthread+0x140/0x150
01-01 09:54:55.506 0 0 I : ret_from_fork+0x10/0x1c
01-01 09:54:55.508 0 0 E : INFO: trying to register non-static key.
01-01 09:54:55.514 0 0 E : the code is fine but needs lockdep annotation.
01-01 09:54:55.519 0 0 I : CPU: 4 PID: 331 Comm: kworker/u16:9 Tainted: G S W O 4.19.157+ #1
01-01 09:54:55.519 0 0 I Hardware name: Qualcomm Technologies, Inc. kona MTP-RmPM8150b. VC1(FSE) EVT1 (DT)
01-01 09:54:55.519 0 0 I Workqueue: events_unbound ion_system_secure_heap_prefetch_work
01-01 09:54:55.519 0 0 I Call trace:
01-01 09:54:55.519 0 0 I : dump_backtrace+0x0/0x258
01-01 09:54:55.519 0 0 I : show_stack+0x20/0x30
01-01 09:54:55.519 0 0 I : dump_stack+0xd8/0x12c
01-01 09:54:55.519 0 0 I : register_lock_class+0x4d0/0x5c8
01-01 09:54:55.519 0 0 I : __lock_acquire+0xbc/0x1e58
01-01 09:54:55.519 0 0 I : lock_acquire+0x1cc/0x218
01-01 09:54:55.519 0 0 I : _raw_spin_lock_irqsave+0x54/0x98
01-01 09:54:55.519 0 0 I : ion_system_secure_heap_prefetch_work+0x94/0x2c0
01-01 09:54:55.519 0 0 I : process_one_work+0x38c/0x660
01-01 09:54:55.519 0 0 I : worker_thread+0x268/0x4b8
01-01 09:54:55.519 0 0 I : kthread+0x140/0x150
01-01 09:54:55.519 0 0 I : ret_from_fork+0x10/0x1c
01-01 09:54:55.521 0 0 E : INFO: trying to register non-static key.
01-01 09:54:55.524 0 0 I msm_vidc: high: 00000001: ....d: Opening video instance: ffffffe2234d0000, 1
10-31 13:10:31.896 1112 1183 I DropBoxManagerService: add tag=system_server_strictmode isTagEnabled=true flags=0x2
10-31 13:10:31.897 1112 1112 D SystemServerTiming: StartWifiScanning took to complete: 12ms
10-31 13:10:31.897 1112 1112 I SystemServerTiming: StartRttService
10-31 13:10:31.897 1112 1112 I SystemServiceManager: Starting com.android.server.wifi.rtt.RttService
10-31 13:10:31.902 1112 1183 I DropBoxManagerService: add tag=system_server_strictmode isTagEnabled=true flags=0x2
10-31 13:10:31.902 1112 1112 D SystemServerTiming: StartRttService took to complete: 5ms
10-31 13:10:31.903 1112 1112 I SystemServerTiming: StartWifiAware
10-31 13:10:31.903 1112 1112 I SystemServiceManager: Starting com.android.server.wifi.aware.WifiAwareService
10-31 13:10:31.906 1112 1183 I DropBoxManagerService: add tag=system_server_strictmode isTagEnabled=true flags=0x2
10-31 13:10:31.907 1112 1112 D SystemServerTiming: StartWifiAware took to complete: 4ms
10-31 13:10:31.907 1112 1112 I SystemServerTiming: StartWifiP2P
10-31 13:10:31.907 1112 1112 I SystemServiceManager: Starting com.android.server.wifi.p2p.WifiP2pService
01-01 09:54:55.527 0 0 E : the code is fine but needs lockdep annotation.
01-01 09:54:55.527 0 0 I : CPU: 4 PID: 331 Comm: kworker/u16:9 Tainted: G S W O 4.19.157+ #1
01-01 09:54:55.527 0 0 I Hardware name: Qualcomm Technologies, Inc. kona MTP-RmPM8150b. VC1(FSE) EVT1 (DT)
01-01 09:54:55.527 0 0 I Workqueue: events_unbound ion_system_secure_heap_prefetch_work
01-01 09:54:55.527 0 0 I Call trace:
01-01 09:54:55.527 0 0 I : dump_backtrace+0x0/0x258
01-01 09:54:55.527 0 0 I : show_stack+0x20/0x30
01-01 09:54:55.527 0 0 I : dump_stack+0xd8/0x12c
01-01 09:54:55.527 0 0 I : register_lock_class+0x4d0/0x5c8
01-01 09:54:55.527 0 0 I : __lock_acquire+0xbc/0x1e58
01-01 09:54:55.527 0 0 I : lock_acquire+0x1cc/0x218
01-01 09:54:55.527 0 0 I : _raw_spin_lock_irqsave+0x54/0x98
01-01 09:54:55.527 0 0 I : ion_system_secure_heap_prefetch_work+0x94/0x2c0
01-01 09:54:55.527 0 0 I : process_one_work+0x38c/0x660
01-01 09:54:55.532 0 0 I : worker_thread+0x268/0x4b8
01-01 09:54:55.532 0 0 I : kthread+0x140/0x150
01-01 09:54:55.532 0 0 I : ret_from_fork+0x10/0x1c
10-31 13:10:31.914 1112 1112 D SystemServerTiming: StartWifiP2P took to complete: 7ms
10-31 13:10:31.915 1112 1112 I SystemServerTiming: StartEthernet
10-31 13:10:31.916 1112 1112 I SystemServiceManager: Starting com.android.server.ethernet.EthernetService
10-31 13:10:31.919 1112 1112 D SystemServerTiming: StartEthernet took to complete: 4ms
10-31 13:10:31.919 1112 1112 I SystemServerTiming: StartPacProxyService
01-01 09:54:55.535 0 0 E : INFO: trying to register non-static key.
01-01 09:54:55.540 0 0 E : the code is fine but needs lockdep annotation.
01-01 09:54:55.545 0 0 I : CPU: 6 PID: 331 Comm: kworker/u16:9 Tainted: G S W O 4.19.157+ #1
01-01 09:54:55.545 0 0 I Hardware name: Qualcomm Technologies, Inc. kona MTP-RmPM8150b. VC1(FSE) EVT1 (DT)
01-01 09:54:55.545 0 0 I Workqueue: events_unbound ion_system_secure_heap_prefetch_work
01-01 09:54:55.545 0 0 I Call trace:
01-01 09:54:55.545 0 0 I : dump_backtrace+0x0/0x258
01-01 09:54:55.545 0 0 I : show_stack+0x20/0x30
01-01 09:54:55.545 0 0 I : dump_stack+0xd8/0x12c
01-01 09:54:55.546 0 0 I : register_lock_class+0x4d0/0x5c8
01-01 09:54:55.546 0 0 I : __lock_acquire+0xbc/0x1e58
01-01 09:54:55.546 0 0 I : lock_acquire+0x1cc/0x218
01-01 09:54:55.546 0 0 I : _raw_spin_lock_irqsave+0x54/0x98
01-01 09:54:55.546 0 0 I : ion_system_secure_heap_prefetch_work+0x94/0x2c0
01-01 09:54:55.546 0 0 I : process_one_work+0x38c/0x660
01-01 09:54:55.546 0 0 I : worker_thread+0x268/0x4b8
01-01 09:54:55.546 0 0 I : kthread+0x140/0x150
10-31 13:10:31.924 1112 1112 D SystemServerTiming: StartPacProxyService took to complete: 5ms
10-31 13:10:31.924 1112 1112 I SystemServerTiming: StartConnectivityService
01-01 09:54:55.546 0 0 I : ret_from_fork+0x10/0x1c
01-01 09:54:55.548 0 0 I msm_vidc: high: 00000001: mpg2d: Closed video instance: ffffffe2234d0000
01-01 09:54:55.555 0 0 E : INFO: trying to register non-static key.
01-01 09:54:55.560 0 0 E : the code is fine but needs lockdep annotation.
01-01 09:54:55.565 0 0 I : CPU: 6 PID: 331 Comm: kworker/u16:9 Tainted: G S W O 4.19.157+ #1
01-01 09:54:55.565 0 0 I Hardware name: Qualcomm Technologies, Inc. kona MTP-RmPM8150b. VC1(FSE) EVT1 (DT)
01-01 09:54:55.565 0 0 I Workqueue: events_unbound ion_system_secure_heap_prefetch_work
01-01 09:54:55.565 0 0 I Call trace:
01-01 09:54:55.565 0 0 I : dump_backtrace+0x0/0x258
01-01 09:54:55.565 0 0 I : show_stack+0x20/0x30
01-01 09:54:55.565 0 0 I : dump_stack+0xd8/0x12c
01-01 09:54:55.565 0 0 I : register_lock_class+0x4d0/0x5c8
01-01 09:54:55.565 0 0 I : __lock_acquire+0xbc/0x1e58
01-01 09:54:55.565 0 0 I : lock_acquire+0x1cc/0x218
01-01 09:54:55.565 0 0 I : _raw_spin_lock_irqsave+0x54/0x98
01-01 09:54:55.565 0 0 I : ion_system_secure_heap_prefetch_work+0x94/0x2c0
01-01 09:54:55.565 0 0 I : process_one_work+0x38c/0x660
01-01 09:54:55.565 0 0 I : worker_thread+0x268/0x4b8
01-01 09:54:55.565 0 0 I : kthread+0x140/0x150
01-01 09:54:55.565 0 0 I : ret_from_fork+0x10/0x1c
10-31 13:10:31.949 675 675 D ZygoteInitTiming_lazy: PreloadClasses took to complete: 1058ms
10-31 13:10:31.961 1112 1112 I SystemServiceManager: Starting com.android.server.ConnectivityServiceInitializer
01-01 09:54:55.575 0 0 E : INFO: trying to register non-static key.
01-01 09:54:55.580 0 0 I msm_vidc: high: 00000001: ....d: Opening video instance: ffffffe2234d0000, 1
01-01 09:54:55.580 0 0 E : the code is fine but needs lockdep annotation.
01-01 09:54:55.580 0 0 I : CPU: 6 PID: 331 Comm: kworker/u16:9 Tainted: G S W O 4.19.157+ #1
01-01 09:54:55.585 0 0 I Hardware name: Qualcomm Technologies, Inc. kona MTP-RmPM8150b. VC1(FSE) EVT1 (DT)
01-01 09:54:55.585 0 0 I Workqueue: events_unbound ion_system_secure_heap_prefetch_work
01-01 09:54:55.585 0 0 I Call trace:
01-01 09:54:55.585 0 0 I : dump_backtrace+0x0/0x258
01-01 09:54:55.585 0 0 I : show_stack+0x20/0x30
01-01 09:54:55.585 0 0 I : dump_stack+0xd8/0x12c
01-01 09:54:55.585 0 0 I : register_lock_class+0x4d0/0x5c8
01-01 09:54:55.585 0 0 I : __lock_acquire+0xbc/0x1e58
01-01 09:54:55.585 0 0 I : lock_acquire+0x1cc/0x218
01-01 09:54:55.585 0 0 I : _raw_spin_lock_irqsave+0x54/0x98
01-01 09:54:55.585 0 0 I : ion_system_secure_heap_prefetch_work+0x94/0x2c0
01-01 09:54:55.585 0 0 I : process_one_work+0x38c/0x660
01-01 09:54:55.585 0 0 I : worker_thread+0x268/0x4b8
01-01 09:54:55.585 0 0 I : kthread+0x140/0x150
01-01 09:54:55.585 0 0 I : ret_from_fork+0x10/0x1c
10-31 13:10:31.968 675 675 D ZygoteInitTiming_lazy: CacheNonBootClasspathClassLoaders took to complete: 19ms
10-31 13:10:31.987 1112 1112 D CompatibilityChangeReporter: Compat change id reported: 182478738; UID 1000; state: ENABLED
10-31 13:10:31.989 675 675 D ZygoteInitTiming_lazy: PreloadResources took to complete: 20ms
10-31 13:10:31.991 1112 1112 D SystemServerTiming: StartConnectivityService took to complete: 67ms
10-31 13:10:31.991 1112 1112 I SystemServerTiming: StartVpnManagerService
01-01 09:54:55.594 0 0 E : INFO: trying to register non-static key.
01-01 09:54:55.594 0 0 E : INFO: trying to register non-static key.
01-01 09:54:55.599 0 0 E : the code is fine but needs lockdep annotation.
01-01 09:54:55.604 0 0 I cnss-daemon: wlfw_qmi_ind_cb: Receive Ind : 0x2a
01-01 09:54:55.605 0 0 E : the code is fine but needs lockdep annotation.
01-01 09:54:55.605 0 0 I : CPU: 6 PID: 331 Comm: kworker/u16:9 Tainted: G S W O 4.19.157+ #1
01-01 09:54:55.616 0 0 I Hardware name: Qualcomm Technologies, Inc. kona MTP-RmPM8150b. VC1(FSE) EVT1 (DT)
01-01 09:54:55.616 0 0 I Workqueue: events_unbound ion_system_secure_heap_prefetch_work
01-01 09:54:55.616 0 0 I Call trace:
01-01 09:54:55.616 0 0 I : dump_backtrace+0x0/0x258
01-01 09:54:55.616 0 0 I : show_stack+0x20/0x30
01-01 09:54:55.616 0 0 I : dump_stack+0xd8/0x12c
01-01 09:54:55.616 0 0 I : register_lock_class+0x4d0/0x5c8
01-01 09:54:55.616 0 0 I : __lock_acquire+0xbc/0x1e58
01-01 09:54:55.616 0 0 I : lock_acquire+0x1cc/0x218
01-01 09:54:55.616 0 0 I : _raw_spin_lock_irqsave+0x54/0x98
01-01 09:54:55.616 0 0 I : ion_system_secure_heap_prefetch_work+0x94/0x2c0
01-01 09:54:55.616 0 0 I : process_one_work+0x38c/0x660
01-01 09:54:55.616 0 0 I : worker_thread+0x268/0x4b8
01-01 09:54:55.616 0 0 I : kthread+0x140/0x150
01-01 09:54:55.616 0 0 I : ret_from_fork+0x10/0x1c
01-01 09:54:55.616 0 0 I : CPU: 3 PID: 1938 Comm: VideoDecMsgThre Tainted: G S W O 4.19.157+ #1
01-01 09:54:55.616 0 0 I Hardware name: Qualcomm Technologies, Inc. kona MTP-RmPM8150b. VC1(FSE) EVT1 (DT)
01-01 09:54:55.616 0 0 I Call trace:
01-01 09:54:55.616 0 0 I : dump_backtrace+0x0/0x258
01-01 09:54:55.616 0 0 I : show_stack+0x20/0x30
01-01 09:54:55.616 0 0 I : dump_stack+0xd8/0x12c
01-01 09:54:55.616 0 0 I : register_lock_class+0x4d0/0x5c8
01-01 09:54:55.616 0 0 I : __lock_acquire+0xbc/0x1e58
01-01 09:54:55.616 0 0 I : lock_acquire+0x1cc/0x218
01-01 09:54:55.616 0 0 I : _raw_spin_lock_irqsave+0x54/0x98
01-01 09:54:55.616 0 0 I : __ion_system_secure_heap_resize+0x768/0x8c0
01-01 09:54:55.616 0 0 I : ion_system_secure_heap_prefetch+0x28/0x38
01-01 09:54:55.616 0 0 I : ion_walk_heaps+0x88/0xb8
01-01 09:54:55.616 0 0 I : ion_ioctl+0x1b0/0x2a8
01-01 09:54:55.616 0 0 I : __arm64_compat_sys_ioctl+0xf4/0x240
01-01 09:54:55.616 0 0 I : el0_svc_common+0xa4/0x190
01-01 09:54:55.616 0 0 I : el0_svc_compat_handler+0x28/0x38
01-01 09:54:55.616 0 0 I : el0_svc_compat+0x8/0x34
10-31 13:10:31.998 1112 1112 D SystemServerTiming: StartVpnManagerService took to complete: 6ms
10-31 13:10:31.998 1112 1112 I SystemServerTiming: StartVcnManagementService
01-01 09:54:55.620 0 0 E : INFO: trying to register non-static key.
01-01 09:54:55.625 0 0 E : the code is fine but needs lockdep annotation.
01-01 09:54:55.626 0 0 E : INFO: trying to register non-static key.
01-01 09:54:55.631 0 0 I : CPU: 7 PID: 1337 Comm: HwBinder:1316_2 Tainted: G S W O 4.19.157+ #1
01-01 09:54:55.636 0 0 I Hardware name: Qualcomm Technologies, Inc. kona MTP-RmPM8150b. VC1(FSE) EVT1 (DT)
01-01 09:54:55.636 0 0 E : the code is fine but needs lockdep annotation.
01-01 09:54:55.642 0 0 I Call trace:
01-01 09:54:55.642 0 0 I : dump_backtrace+0x0/0x258
01-01 09:54:55.642 0 0 I : show_stack+0x20/0x30
01-01 09:54:55.642 0 0 I : dump_stack+0xd8/0x12c
01-01 09:54:55.642 0 0 I : register_lock_class+0x4d0/0x5c8
01-01 09:54:55.642 0 0 I : __lock_acquire+0xbc/0x1e58
01-01 09:54:55.642 0 0 I : lock_acquire+0x1cc/0x218
01-01 09:54:55.642 0 0 I : _raw_spin_lock_irqsave+0x54/0x98
01-01 09:54:55.642 0 0 I : __ion_system_secure_heap_resize+0x768/0x8c0
01-01 09:54:55.642 0 0 I : ion_system_secure_heap_drain+0x28/0x38
01-01 09:54:55.642 0 0 I : ion_walk_heaps+0x88/0xb8
01-01 09:54:55.642 0 0 I : ion_ioctl+0x1b0/0x2a8
01-01 09:54:55.642 0 0 I : __arm64_compat_sys_ioctl+0xf4/0x240
01-01 09:54:55.642 0 0 I : el0_svc_common+0xa4/0x190
01-01 09:54:55.642 0 0 I : el0_svc_compat_handler+0x28/0x38
01-01 09:54:55.642 0 0 I : el0_svc_compat+0x8/0x34
01-01 09:54:55.642 0 0 I : CPU: 6 PID: 331 Comm: kworker/u16:9 Tainted: G S W O 4.19.157+ #1
01-01 09:54:55.642 0 0 I Hardware name: Qualcomm Technologies, Inc. kona MTP-RmPM8150b. VC1(FSE) EVT1 (DT)
01-01 09:54:55.642 0 0 I Workqueue: events_unbound ion_system_secure_heap_prefetch_work
01-01 09:54:55.642 0 0 I Call trace:
01-01 09:54:55.642 0 0 I : dump_backtrace+0x0/0x258
01-01 09:54:55.642 0 0 I : show_stack+0x20/0x30
01-01 09:54:55.642 0 0 I : dump_stack+0xd8/0x12c
01-01 09:54:55.642 0 0 I : register_lock_class+0x4d0/0x5c8
01-01 09:54:55.642 0 0 I : __lock_acquire+0xbc/0x1e58
01-01 09:54:55.642 0 0 I : lock_acquire+0x1cc/0x218
01-01 09:54:55.642 0 0 I : _raw_spin_lock_irqsave+0x54/0x98
01-01 09:54:55.642 0 0 I : ion_system_secure_heap_prefetch_work+0x94/0x2c0
01-01 09:54:55.642 0 0 I : process_one_work+0x38c/0x660
01-01 09:54:55.642 0 0 I : worker_thread+0x268/0x4b8
01-01 09:54:55.642 0 0 I : kthread+0x140/0x150
01-01 09:54:55.642 0 0 I : ret_from_fork+0x10/0x1c
10-31 13:10:32.024 1112 1112 D SystemServerTiming: StartVcnManagementService took to complete: 26ms
10-31 13:10:32.024 1112 1112 I SystemServerTiming: StartNsdService
10-31 13:10:32.027 1112 1112 D NsdService: Network service discovery is enabled
01-01 09:54:55.648 0 0 I msm_vidc: high: 00000001: mpg2d: Closed video instance: ffffffe2234d0000
01-01 09:54:55.651 0 0 E : INFO: trying to register non-static key.
10-31 13:10:32.031 1112 1112 D SystemServerTiming: StartNsdService took to complete: 7ms
10-31 13:10:32.032 1112 1112 I SystemServerTiming: StartSystemUpdateManagerService
10-31 13:10:32.033 1112 1112 I SystemUpdateManagerService: No existing info file /data/system/system-update-info.xml
10-31 13:10:32.035 1112 1112 D SystemServerTiming: StartSystemUpdateManagerService took to complete: 4ms
10-31 13:10:32.035 1112 1112 I SystemServerTiming: StartUpdateLockService
10-31 13:10:32.036 1112 1112 D SystemServerTiming: StartUpdateLockService took to complete: 1ms
