01-01 09:54:43.161 0 0 D cnss : Processing driver event: COLD_BOOT_CAL_START(5), state: 0x0
01-01 09:54:43.161 0 0 D cnss : Regulator vdd-wlan-io is being enabled
01-01 09:54:43.161 0 0 D cnss : Regulator wlan-ant-switch is being enabled
01-01 09:54:43.162 0 0 D cnss : Regulator vdd-wlan-aon is being enabled
01-01 09:54:43.162 0 0 D cnss : Regulator vdd-wlan-dig is being enabled
01-01 09:54:43.163 0 0 D cnss : Regulator vdd-wlan-rfa1 is being enabled
01-01 09:54:43.163 0 0 D cnss : Regulator vdd-wlan-rfa2 is being enabled
01-01 09:54:43.164 0 0 D cnss : BT_EN_GPIO State: Off. Delay WLAN_GPIO enable
01-01 09:54:43.267 0 0 D cnss : Assert WLAN_EN GPIO successfully
01-01 09:54:43.267 0 0 D cnss : Resuming PCI link
01-01 09:54:43.267 0 0 I msm_pcie_enable: PCIe: Assert the reset of endpoint of RC0.
01-01 09:54:43.279 0 0 I msm_pcie_enable: PCIe: RC0: PCIE20_PARF_INT_ALL_MASK: 0x7f80d202
01-01 09:54:43.289 0 0 I pcie_phy_init: PCIe RC0 PHY is ready!
01-01 09:54:43.304 0 0 I msm_pcie_enable: PCIe: Release the reset of endpoint of RC0.
01-01 09:54:43.329 0 0 I msm_pcie_link_train: PCIe RC0 link initialized
01-01 09:54:43.350 0 0 I cnss_pci 0000: 01:00.0: enabling device (0000 -> 0002)
01-01 09:54:43.357 0 0 D cnss : Read register offset 0x1f8031c, val = 0x6
01-01 09:54:43.357 0 0 D cnss : Write val 0x2 to register offset 0x1f8031c
01-01 09:54:43.357 0 0 D cnss : Setting MHI state: INIT(0)
01-01 09:54:43.371 0 0 D cnss : Setting MHI state: POWER_ON(2)
01-01 09:54:43.374 0 0 W cnss_pci 0000: 01:00.0: Falling back to syfs fallback for: qca6390/amss20.bin
01-01 09:54:43.746 0 0 I update_verifier: Started with arg 1: nonencrypted
01-01 09:54:43.752 0 0 I binder : 669:669 ioctl 40046210 7fedac8cb4 returned -22
01-01 09:54:43.759 0 0 D hw-ProcessState: Binder ioctl to enable oneway spam detection failed: Invalid argument
01-01 09:54:43.762 0 0 I update_verifier: Booting slot 0: isSlotMarkedSuccessful=1
01-01 09:54:43.769 0 0 I update_verifier: Leaving update_verifier.
01-01 09:54:43.796 0 0 E i2c_geni 980000.i2c: i2c error :-107
01-01 09:54:43.801 0 0 E : [MAX975X:max96755g_write_bytes] *ERROR* i2c master send 0x8E err
01-01 09:54:43.815 0 0 D cnss : MHI status cb is called with reason MISSION_MODE(6)
01-01 09:54:43.822 0 0 I binder : 670:670 ioctl 40046210 7fe3cb6324 returned -22
01-01 09:54:43.823 0 0 D cnss : Notify MHI to use already allocated images
01-01 09:54:43.831 0 0 D cnss : PM relax, state: 0x8, count: 0
01-01 09:54:43.839 0 0 W subsys-pil-tz 17300000.qcom,lpass: Falling back to syfs fallback for: adsp.mdt
01-01 09:54:43.847 0 0 E register_client_adhoc: find path.src 1 dest 589
01-01 09:54:43.847 0 0 E register_client_adhoc: Failed to find path.src 1 dest 589
01-01 09:54:43.851 0 0 W subsys-pil-tz 8300000.qcom,turing: Falling back to syfs fallback for: cdsp.mdt
01-01 09:54:43.854 0 0 E ueventd : firmware: could not find firmware for dsi_prop
01-01 09:54:43.857 0 0 E : [drm:dp_display_init_aux_switch][msm-dp-err][475 ]failed to register notifier (-22)
01-01 09:54:43.873 0 0 I ueventd : firmware: loading 'cdsp.mdt' for '/devices/platform/soc/8300000.qcom,turing/firmware/cdsp.mdt'
01-01 09:54:43.876 0 0 E ueventd : firmware: attempted /etc/firmware/dsi_prop, open failed: No such file or directory
01-01 09:54:43.876 0 0 E register_client_adhoc: find path.src 1 dest 589
01-01 09:54:43.877 0 0 E register_client_adhoc: Failed to find path.src 1 dest 589
01-01 09:54:43.878 0 0 E : [drm:dp_display_init_aux_switch][msm-dp-err][70 ]failed to register notifier (-22)
01-01 09:54:43.886 0 0 I ueventd : firmware: loading 'adsp.mdt' for '/devices/platform/soc/17300000.qcom,lpass/firmware/adsp.mdt'
01-01 09:54:43.889 0 0 I subsys-pil-tz 8300000.qcom,turing: cdsp: loading from 0x0000000087800000 to 0x0000000088c00000
01-01 09:54:43.889 0 0 I ueventd : loading /devices/platform/soc/8300000.qcom,turing/firmware/cdsp.mdt took 17ms
01-01 09:54:43.895 0 0 E ueventd : firmware: attempted /odm/firmware/dsi_prop, open failed: No such file or directory
01-01 09:54:43.895 0 0 E ueventd : firmware: attempted /vendor/firmware/dsi_prop, open failed: No such file or directory
01-01 09:54:43.895 0 0 E ueventd : firmware: attempted /firmware/image/dsi_prop, open failed: No such file or directory
01-01 09:54:43.899 0 0 W subsys-pil-tz 8300000.qcom,turing: Falling back to syfs fallback for: cdsp.b02
01-01 09:54:43.906 0 0 W subsys-pil-tz 8300000.qcom,turing: Falling back to syfs fallback for: cdsp.b03
01-01 09:54:43.908 0 0 I ueventd : firmware: loading 'cdsp.b02' for '/devices/platform/soc/8300000.qcom,turing/firmware/cdsp.b02'
01-01 09:54:43.911 0 0 E ueventd : firmware: attempted /vendor/firmware_mnt/image/dsi_prop, open failed: No such file or directory
01-01 09:54:43.911 0 0 W subsys-pil-tz 8300000.qcom,turing: Falling back to syfs fallback for: cdsp.b04
01-01 09:54:43.911 0 0 W subsys-pil-tz 8300000.qcom,turing: Falling back to syfs fallback for: cdsp.b05
01-01 09:54:43.918 0 0 I subsys-pil-tz 17300000.qcom,lpass: adsp: loading from 0x000000008a100000 to 0x000000008be00000
01-01 09:54:43.920 0 0 W subsys-pil-tz 8300000.qcom,turing: Falling back to syfs fallback for: cdsp.b06
01-01 09:54:43.922 0 0 W subsys-pil-tz 8300000.qcom,turing: Falling back to syfs fallback for: cdsp.b08
01-01 09:54:43.924 0 0 W subsys-pil-tz 8300000.qcom,turing: Falling back to syfs fallback for: cdsp.b09
01-01 09:54:43.926 0 0 W subsys-pil-tz 8300000.qcom,turing: Falling back to syfs fallback for: cdsp.b11
01-01 09:54:44.022 0 0 I subsys-pil-tz 8300000.qcom,turing: cdsp: Brought out of reset
01-01 09:54:44.025 0 0 E OF : graph: no port node found in /soc/qcom,dsi-display-primary
01-01 09:54:44.031 0 0 I subsys-pil-tz 8300000.qcom,turing: cdsp: Power/Clock ready interrupt received
01-01 09:54:44.034 0 0 I subsys-pil-tz 8300000.qcom,turing: Subsystem error monitoring/handling services are up
01-01 09:54:44.043 0 0 W [drm] [msm-dsi-warn]: [2560x1080 video mode dsi boe panel] fallback to default te-pin-select
01-01 09:54:44.065 0 0 E register_client_adhoc: find path.src 1 dest 589
01-01 09:54:44.065 0 0 E register_client_adhoc: Failed to find path.src 1 dest 589
01-01 09:54:44.068 0 0 I qcom_smd_qrtr_probe: Entered
01-01 09:54:44.070 0 0 I adsprpc : fastrpc_restart_notifier_cb: cdsp subsystem is up
01-01 09:54:44.073 0 0 I qcom_smd_qrtr_probe: SMD QRTR driver probed
01-01 09:54:44.077 0 0 I msm_drm ae00000.qcom,mdss_mdp: Linked as a consumer to regulator.31
01-01 09:54:44.099 0 0 E register_client_adhoc: find path.src 1 dest 590
01-01 09:54:44.099 0 0 E : [drm:dp_display_init_aux_switch][msm-dp-err][485 ]failed to register notifier (-22)
01-01 09:54:44.100 0 0 E register_client_adhoc: Client handle 15 mdss_reg
01-01 09:54:44.103 0 0 E register_client_adhoc: find path.src 22 dest 512
01-01 09:54:44.107 0 0 I msm_cvp : info: Opening cvp instance: ffffffe26d774480
01-01 09:54:44.112 0 0 I msm_cvp_v4l2 ab00000.qcom,cvp: Linked as a consumer to regulator.77
01-01 09:54:44.123 0 0 E register_client_adhoc: find path.src 23 dest 512
01-01 09:54:44.124 0 0 E register_client_adhoc: Client handle 53 mdss_sde
01-01 09:54:44.130 0 0 I msm_cvp_v4l2 ab00000.qcom,cvp: Linked as a consumer to regulator.76
01-01 09:54:44.135 0 0 I [drm:sde_dbg_init:4676] evtlog_status: enable:11, panic:1, dump:2
01-01 09:54:44.148 0 0 I adsprpc : fastrpc_rpmsg_probe: opened rpmsg channel for cdsp
01-01 09:54:44.153 0 0 I msm_drm ae00000.qcom,mdss_mdp: bound soc:qcom,wb-display@0 (ops sde_wb_comp_ops)
01-01 09:54:44.159 0 0 W subsys-pil-tz 9800000.qcom,npu: Falling back to syfs fallback for: npu.mdt
01-01 09:54:44.168 0 0 W subsys-pil-tz 17300000.qcom,lpass: Falling back to syfs fallback for: adsp.b02
01-01 09:54:44.168 0 0 W subsys-pil-tz 17300000.qcom,lpass: Falling back to syfs fallback for: adsp.b03
01-01 09:54:44.168 0 0 W subsys-pil-tz 17300000.qcom,lpass: Falling back to syfs fallback for: adsp.b04
01-01 09:54:44.169 0 0 W subsys-pil-tz 17300000.qcom,lpass: Falling back to syfs fallback for: adsp.b06
01-01 09:54:44.169 0 0 W subsys-pil-tz 17300000.qcom,lpass: Falling back to syfs fallback for: adsp.b05
01-01 09:54:44.170 0 0 I msm-dsi-display soc: qcom,dsi-display-primary: Linked as a consumer to regulator.25
01-01 09:54:44.170 0 0 W subsys-pil-tz 17300000.qcom,lpass: Falling back to syfs fallback for: adsp.b08
01-01 09:54:44.171 0 0 W subsys-pil-tz 17300000.qcom,lpass: Falling back to syfs fallback for: adsp.b07
01-01 09:54:44.171 0 0 I [drm:dsi_display_bind] [msm-dsi-info]: Successfully bind display panel 'qcom,mdss_dsi_panel_boe_2560x1080_video'
01-01 09:54:44.171 0 0 I msm_drm ae00000.qcom,mdss_mdp: bound soc:qcom,dsi-display-primary (ops dsi_display_comp_ops)
01-01 09:54:44.171 0 0 I msm_drm ae00000.qcom,mdss_mdp: bound af20000.qcom,sde_rscc (ops sde_rsc_comp_ops)
01-01 09:54:44.171 0 0 I : [drm] mapped mdp address space @ffffff8024200000
01-01 09:54:44.172 0 0 W subsys-pil-tz 17300000.qcom,lpass: Falling back to syfs fallback for: adsp.b09
01-01 09:54:44.178 0 0 W subsys-pil-tz 17300000.qcom,lpass: Falling back to syfs fallback for: adsp.b10
01-01 09:54:44.179 0 0 W subsys-pil-tz 17300000.qcom,lpass: Falling back to syfs fallback for: adsp.b11
01-01 09:54:44.180 0 0 W subsys-pil-tz 17300000.qcom,lpass: Falling back to syfs fallback for: adsp.b12
01-01 09:54:44.185 0 0 W subsys-pil-tz 17300000.qcom,lpass: Falling back to syfs fallback for: adsp.b13
01-01 09:54:44.186 0 0 W subsys-pil-tz 17300000.qcom,lpass: Falling back to syfs fallback for: adsp.b14
01-01 09:54:44.187 0 0 E register_client_adhoc: find path.src 1 dest 589
01-01 09:54:44.187 0 0 E register_client_adhoc: Failed to find path.src 1 dest 589
01-01 09:54:44.193 0 0 W subsys-pil-tz 17300000.qcom,lpass: Falling back to syfs fallback for: adsp.b15
01-01 09:54:44.193 0 0 W subsys-pil-tz 17300000.qcom,lpass: Falling back to syfs fallback for: adsp.b16
01-01 09:54:44.195 0 0 W subsys-pil-tz 17300000.qcom,lpass: Falling back to syfs fallback for: adsp.b17
01-01 09:54:44.200 0 0 E : [drm:dp_display_init_aux_switch][msm-dp-err][485 ]failed to register notifier (-22)
01-01 09:54:44.208 0 0 W subsys-pil-tz 17300000.qcom,lpass: Falling back to syfs fallback for: adsp.b18
01-01 09:54:44.214 0 0 I qcom_rpmh DRV: apps_rsc TCS Busy, retrying RPMH message send: addr=0x30080
01-01 09:54:44.262 0 0 I subsys-pil-tz 9800000.qcom,npu: npu: loading from 0x0000000086900000 to 0x0000000086e00000
01-01 09:54:44.286 0 0 I : [drm:_sde_kms_hw_init_blocks:3613] sde hardware revision:0x60000000
01-01 09:54:44.291 0 0 I subsys-restart: __subsystem_get(): Changing subsys fw_name to cvpss
01-01 09:54:44.299 0 0 W subsys-pil-tz 9800000.qcom,npu: Falling back to syfs fallback for: npu.b02
01-01 09:54:44.299 0 0 W subsys-pil-tz 9800000.qcom,npu: Falling back to syfs fallback for: npu.b03
01-01 09:54:44.301 0 0 W subsys-pil-tz 9800000.qcom,npu: Falling back to syfs fallback for: npu.b04
01-01 09:54:44.302 0 0 W subsys-pil-tz 9800000.qcom,npu: Falling back to syfs fallback for: npu.b05
01-01 09:54:44.304 0 0 W subsys-pil-tz 9800000.qcom,npu: Falling back to syfs fallback for: npu.b06
01-01 09:54:44.305 0 0 I binder : 671:671 ioctl 40046210 7fc3bf1834 returned -22
01-01 09:54:44.309 0 0 W subsys-pil-tz abb0000.qcom,cvpss: Falling back to syfs fallback for: cvpss.mdt
01-01 09:54:44.312 0 0 I msmdrm_smmu ae00000.qcom,mdss_mdp: qcom,smmu_sde_unsec_cb: Linked as a consumer to 15000000.apps-smmu
01-01 09:54:44.322 0 0 I iommu : Adding device ae00000.qcom,mdss_mdp:qcom,smmu_sde_unsec_cb to group 51
01-01 09:54:44.324 0 0 I binder : 671:671 ioctl 40046210 7fc3bf1a44 returned -22
01-01 09:54:44.405 0 0 I subsys-pil-tz 9800000.qcom,npu: npu: Brought out of reset
01-01 09:54:44.413 0 0 I : [drm] probing device qcom,smmu_sde_unsec
01-01 09:54:44.419 0 0 I subsys-pil-tz abb0000.qcom,cvpss: cvpss: loading from 0x0000000087300000 to 0x0000000087800000
01-01 09:54:44.425 0 0 I : [drm] Created domain mdp_ns, secure=0
01-01 09:54:44.434 0 0 E register_client_adhoc: find path.src 1 dest 589
01-01 09:54:44.434 0 0 E register_client_adhoc: Failed to find path.src 1 dest 589
01-01 09:54:44.445 0 0 I msmdrm_smmu ae00000.qcom,mdss_mdp: qcom,smmu_sde_sec_cb: Linked as a consumer to 15000000.apps-smmu
01-01 09:54:44.469 0 0 W subsys-pil-tz abb0000.qcom,cvpss: Falling back to syfs fallback for: cvpss.b02
01-01 09:54:44.470 0 0 W subsys-pil-tz abb0000.qcom,cvpss: Falling back to syfs fallback for: cvpss.b03
01-01 09:54:44.470 0 0 W subsys-pil-tz abb0000.qcom,cvpss: Falling back to syfs fallback for: cvpss.b04
01-01 09:54:44.472 0 0 W subsys-pil-tz abb0000.qcom,cvpss: Falling back to syfs fallback for: cvpss.b05
01-01 09:54:44.472 0 0 W subsys-pil-tz abb0000.qcom,cvpss: Falling back to syfs fallback for: cvpss.b06
01-01 09:54:44.477 0 0 W subsys-pil-tz abb0000.qcom,cvpss: Falling back to syfs fallback for: cvpss.b07
01-01 09:54:44.480 0 0 W subsys-pil-tz abb0000.qcom,cvpss: Falling back to syfs fallback for: cvpss.b08
01-01 09:54:44.483 0 0 W subsys-pil-tz abb0000.qcom,cvpss: Falling back to syfs fallback for: cvpss.b09
01-01 09:54:44.485 0 0 W subsys-pil-tz abb0000.qcom,cvpss: Falling back to syfs fallback for: cvpss.b10
01-01 09:54:44.487 0 0 W subsys-pil-tz abb0000.qcom,cvpss: Falling back to syfs fallback for: cvpss.b19
01-01 09:54:44.495 0 0 E : [drm:dp_display_init_aux_switch][msm-dp-err][78 ]failed to register notifier (-22)
01-01 09:54:44.584 0 0 I subsys-pil-tz abb0000.qcom,cvpss: cvpss: Brought out of reset
01-01 09:54:44.584 0 0 I subsys-pil-tz 17300000.qcom,lpass: adsp: Brought out of reset
01-01 09:54:44.584 0 0 I iommu : Adding device ae00000.qcom,mdss_mdp:qcom,smmu_sde_sec_cb to group 52
01-01 09:54:44.585 0 0 I : [drm] probing device qcom,smmu_sde_sec
01-01 09:54:44.585 0 0 I : [drm] Created domain mdp_s, secure=1
01-01 09:54:43.333 672 672 I boot_progress_start: 29630
01-01 09:54:44.596 0 0 E register_client_adhoc: find path.src 1 dest 589
01-01 09:54:44.596 0 0 E register_client_adhoc: Failed to find path.src 1 dest 589
01-01 09:54:44.603 0 0 I subsys-pil-tz 17300000.qcom,lpass: Subsystem error monitoring/handling services are up
01-01 09:54:44.603 0 0 I subsys-pil-tz 17300000.qcom,lpass: adsp: Power/Clock ready interrupt received
01-01 09:54:44.603 0 0 I qcom_rpmh DRV: apps_rsc TCS Busy, retrying RPMH message send: addr=0x30030
01-01 09:54:44.603 0 0 I qcom_rpmh DRV: apps_rsc TCS Busy, retrying RPMH message send: addr=0x30040
01-01 09:54:44.603 0 0 I qcom_rpmh DRV: apps_rsc TCS Busy, retrying RPMH message send: addr=0x30040
01-01 09:54:44.603 0 0 I qcom_rpmh DRV: apps_rsc TCS Busy, retrying RPMH message send: addr=0x30040
01-01 09:54:44.603 0 0 I qcom_rpmh DRV: apps_rsc TCS Busy, retrying RPMH message send: addr=0x30040
01-01 09:54:44.603 0 0 I qcom_rpmh DRV: apps_rsc TCS Busy, retrying RPMH message send: addr=0x30040
01-01 09:54:44.603 0 0 I qcom_rpmh DRV: apps_rsc TCS Busy, retrying RPMH message send: addr=0x30040
01-01 09:54:44.620 0 0 D cnss : DRV subsystem is connected
01-01 09:54:44.622 0 0 I adsprpc : fastrpc_restart_notifier_cb: adsp subsystem is up
01-01 09:54:44.622 0 0 I qcom_rpmh DRV: apps_rsc TCS Busy, retrying RPMH message send: addr=0x30000
01-01 09:54:44.622 0 0 I qcom_rpmh DRV: apps_rsc TCS Busy, retrying RPMH message send: addr=0x30000
01-01 09:54:44.633 0 0 W NPU_WARN: host_session_msg_hdlr: 1904 handle npu session msg when FW is disabled
01-01 09:54:44.633 0 0 I NPU_INFO: npu_get_fw_caps: 236 fw caps 0:2007
01-01 09:54:44.633 0 0 I NPU_INFO: npu_get_fw_caps: 236 fw caps 1:80000005
01-01 09:54:44.633 0 0 I NPU_INFO: npu_get_fw_caps: 236 fw caps 2:0
01-01 09:54:44.633 0 0 I NPU_INFO: npu_get_fw_caps: 236 fw caps 3:0
01-01 09:54:44.633 0 0 I NPU_INFO: npu_get_fw_caps: 236 fw caps 4:0
01-01 09:54:44.633 0 0 I NPU_INFO: npu_get_fw_caps: 236 fw caps 5:0
01-01 09:54:44.633 0 0 I NPU_INFO: npu_get_fw_caps: 236 fw caps 6:0
01-01 09:54:44.633 0 0 I NPU_INFO: npu_get_fw_caps: 236 fw caps 7:0
01-01 09:54:44.634 0 0 E : [drm:dp_display_init_aux_switch][msm-dp-err][78 ]failed to register notifier (-22)
01-01 09:54:44.637 0 0 E register_client_adhoc: find path.src 1 dest 589
01-01 09:54:44.637 0 0 E register_client_adhoc: Failed to find path.src 1 dest 589
01-01 09:54:44.638 0 0 I qcom_smd_qrtr_probe: Entered
01-01 09:54:44.638 0 0 E : [drm:dp_display_init_aux_switch][msm-dp-err][78 ]failed to register notifier (-22)
01-01 09:54:44.643 0 0 I qcom_smd_qrtr_probe: SMD QRTR driver probed
01-01 09:54:44.669 0 0 I [drm:dsi_panel_get_mode] [msm-dsi-info]: default topology: lm: 2 comp_enc:0 intf: 1
01-01 09:54:44.685 0 0 I adsprpc : fastrpc_rpmsg_probe: opened rpmsg channel for adsp
01-01 09:54:44.736 0 0 I : [drm] Supports vblank timestamp caching Rev 2 (21.10.2013).
01-01 09:54:44.750 0 0 I apr_tal_rpmsg qcom,glink: adsp.apr_audio_svc.-1.-1: apr_tal_rpmsg_probe: Channel[apr_audio_svc] state[Up]
01-01 09:54:44.752 0 0 I : [drm] No driver support for vblank timestamp query.
01-01 09:54:44.805 0 0 I : [drm] Initialized msm_drm 1.3.0 20130625 for ae00000.qcom,mdss_mdp on minor 0
01-01 09:54:44.822 0 0 E register_client_adhoc: find path.src 1 dest 589
01-01 09:54:44.824 0 0 E register_client_adhoc: Failed to find path.src 1 dest 589
01-01 09:54:44.827 0 0 I : [drm] cont_splash feature not enabled
01-01 09:54:44.842 0 0 E : [drm:dp_display_init_aux_switch][msm-dp-err][7 ]failed to register notifier (-22)
01-01 09:54:45.055 0 0 I qcom_smd_qrtr_probe: Entered
01-01 09:54:45.061 0 0 I qcom_smd_qrtr_probe: SMD QRTR driver probed
01-01 09:54:45.082 0 0 E register_client_adhoc: find path.src 1 dest 589
01-01 09:54:45.083 0 0 E register_client_adhoc: Failed to find path.src 1 dest 589
01-01 09:54:45.095 0 0 I msm_cvp : info: Closed cvp instance: ffffffe26d774480 session_id = 0
01-01 09:54:45.099 0 0 E : [drm:dp_display_init_aux_switch][msm-dp-err][698 ]failed to register notifier (-22)
01-01 09:54:44.136 675 675 I snet_event_log: [200284993,-1,]
01-01 09:54:44.144 672 672 I snet_event_log: [200284993,-1,]
01-01 09:54:44.194 672 672 I boot_progress_preload_start: 30491
01-01 09:54:44.212 675 675 D Zygote32Timing: PostZygoteInitGC took to complete: 11ms
01-01 09:54:44.212 675 675 D Zygote32Timing: ZygoteInit took to complete: 17ms
01-01 09:54:44.256 672 672 D Zygote64Timing: BeginPreload took to complete: 63ms
01-01 09:54:45.619 0 0 E i2c_geni 980000.i2c: i2c error :-107
01-01 09:54:45.624 0 0 E : [MAX975X:max96755g_write_bytes] *ERROR* i2c master send 0x8E err
01-01 09:54:45.774 0 0 I subsys-restart: __subsystem_get(): Changing subsys fw_name to slpi
01-01 09:54:45.791 0 0 W subsys-pil-tz 5c00000.qcom,ssc: Falling back to syfs fallback for: slpi.mdt
01-01 09:54:45.812 0 0 I subsys-pil-tz 5c00000.qcom,ssc: slpi: loading from 0x0000000088c00000 to 0x000000008a100000
01-01 09:54:45.827 0 0 W subsys-pil-tz 5c00000.qcom,ssc: Falling back to syfs fallback for: slpi.b02
01-01 09:54:45.827 0 0 W subsys-pil-tz 5c00000.qcom,ssc: Falling back to syfs fallback for: slpi.b04
01-01 09:54:45.827 0 0 W subsys-pil-tz 5c00000.qcom,ssc: Falling back to syfs fallback for: slpi.b03
01-01 09:54:45.834 0 0 W subsys-pil-tz 5c00000.qcom,ssc: Falling back to syfs fallback for: slpi.b06
01-01 09:54:45.834 0 0 W subsys-pil-tz 5c00000.qcom,ssc: Falling back to syfs fallback for: slpi.b05
01-01 09:54:45.835 0 0 W subsys-pil-tz 5c00000.qcom,ssc: Falling back to syfs fallback for: slpi.b07
01-01 09:54:45.835 0 0 W subsys-pil-tz 5c00000.qcom,ssc: Falling back to syfs fallback for: slpi.b08
01-01 09:54:45.838 0 0 W subsys-pil-tz 5c00000.qcom,ssc: Falling back to syfs fallback for: slpi.b09
01-01 09:54:45.838 0 0 W subsys-pil-tz 5c00000.qcom,ssc: Falling back to syfs fallback for: slpi.b10
01-01 09:54:45.839 0 0 W subsys-pil-tz 5c00000.qcom,ssc: Falling back to syfs fallback for: slpi.b11
01-01 09:54:45.839 0 0 W subsys-pil-tz 5c00000.qcom,ssc: Falling back to syfs fallback for: slpi.b12
01-01 09:54:45.839 0 0 W subsys-pil-tz 5c00000.qcom,ssc: Falling back to syfs fallback for: slpi.b13
01-01 09:54:45.840 0 0 W subsys-pil-tz 5c00000.qcom,ssc: Falling back to syfs fallback for: slpi.b14
01-01 09:54:45.843 0 0 W subsys-pil-tz 5c00000.qcom,ssc: Falling back to syfs fallback for: slpi.b15
01-01 09:54:45.845 0 0 W subsys-pil-tz 5c00000.qcom,ssc: Falling back to syfs fallback for: slpi.b16
01-01 09:54:45.845 0 0 W subsys-pil-tz 5c00000.qcom,ssc: Falling back to syfs fallback for: slpi.b17
01-01 09:54:45.845 0 0 W subsys-pil-tz 5c00000.qcom,ssc: Falling back to syfs fallback for: slpi.b18
01-01 09:54:45.846 0 0 W subsys-pil-tz 5c00000.qcom,ssc: Falling back to syfs fallback for: slpi.b19
01-01 09:54:45.848 0 0 W subsys-pil-tz 5c00000.qcom,ssc: Falling back to syfs fallback for: slpi.b20
01-01 09:54:45.947 0 0 I binder : 813:813 ioctl 40046210 7fe46183a4 returned -22
01-01 09:54:45.991 0 0 I binder : 813:813 ioctl 40046210 7fe4618384 returned -22
01-01 09:54:45.997 0 0 I binder : 811:811 ioctl 40046210 7ffdc49124 returned -22
01-01 09:54:46.108 0 0 I subsys-pil-tz 5c00000.qcom,ssc: slpi: Brought out of reset
01-01 09:54:46.167 0 0 I subsys-pil-tz 5c00000.qcom,ssc: Subsystem error monitoring/handling services are up
01-01 09:54:46.176 0 0 I subsys-pil-tz 5c00000.qcom,ssc: slpi: Power/Clock ready interrupt received
01-01 09:54:46.200 0 0 I adsprpc : fastrpc_restart_notifier_cb: slpi subsystem is up
01-01 09:54:46.205 0 0 I adsprpc : fastrpc_rpmsg_probe: opened rpmsg channel for slpi
01-01 09:54:46.211 0 0 I binder : 922:922 ioctl 40046210 7fc9821674 returned -22
01-01 09:54:46.218 0 0 E register_client_adhoc: find path.src 1 dest 589
01-01 09:54:46.219 0 0 E register_client_adhoc: Failed to find path.src 1 dest 589
01-01 09:54:46.279 0 0 E : [drm:dp_display_init_aux_switch][msm-dp-err][7 ]failed to register notifier (-22)
01-01 09:54:46.313 0 0 I qcom_smd_qrtr_probe: Entered
01-01 09:54:46.323 0 0 I qcom_smd_qrtr_probe: SMD QRTR driver probed
01-01 09:54:46.325 0 0 I binder : 930:930 ioctl 40046210 7ff2873b94 returned -22
01-01 09:54:46.360 0 0 E register_client_adhoc: find path.src 1 dest 589
01-01 09:54:46.363 0 0 E register_client_adhoc: Failed to find path.src 1 dest 589
01-01 09:54:46.388 0 0 E : [drm:dp_display_init_aux_switch][msm-dp-err][7 ]failed to register notifier (-22)
01-01 09:54:45.268 938 938 I android.hardware.wifi@1.0-service: Wifi Hal is booting up...
01-01 09:54:45.276 938 938 I HidlServiceManagement: Registered android.hardware.wifi@1.4::IWifi/default (start delay of 223ms)
01-01 09:54:46.798 0 0 I binder : 983:983 ioctl 40046210 7fe8968ba4 returned -22
01-01 09:54:46.837 0 0 W QSEECOM : qseecom_load_app: App (soter64) does'nt exist, loading apps for first time
01-01 09:54:45.596 672 672 D Zygote64Timing: PreloadClasses took to complete: 1339ms
01-01 09:54:46.862 0 0 W QSEECOM : qseecom_load_app: App with id 4 (soter64) now loaded
01-01 09:54:45.630 672 672 D Zygote64Timing: CacheNonBootClasspathClassLoaders took to complete: 34ms
01-01 09:54:45.658 672 672 D Zygote64Timing: PreloadResources took to complete: 28ms
01-01 09:54:45.693 1003 1003 I irsc_util: Starting irsc tool
01-01 09:54:45.697 1003 1003 I irsc_util: Num of entries:298
01-01 09:54:45.697 1003 1003 I irsc_util: Ending irsc tool
01-01 09:54:47.017 0 0 E diag : In diag_send_peripheral_buffering_mode, buffering flag not set for 5
01-01 09:54:47.034 0 0 E diag : In diag_send_feature_mask_update, control channel is not open, p: 6, ffffffa1d17b6470
01-01 09:54:47.051 0 0 E diag : In diag_send_peripheral_buffering_mode, buffering flag not set for 6
01-01 09:54:47.072 0 0 I msm_vidc: high: 00000001: ....d: Opening video instance: ffffffe24f584000, 1
01-01 09:54:45.848 672 672 I boot_progress_preload_end: 32145
01-01 09:54:45.848 672 672 D Zygote64Timing: ZygotePreload took to complete: 1654ms
01-01 09:54:47.096 0 0 E diag : In diag_send_feature_mask_update, control channel is not open, p: 1, ffffffa1d17b58e0
01-01 09:54:47.104 0 0 I msm_vidc_v4l2 aa00000.qcom,vidc: Linked as a consumer to regulator.75
01-01 09:54:47.114 0 0 I sysmon-qmi: ssctl_new_server: Connection established between QMI handle and slpi's SSCTL service
01-01 09:54:47.123 0 0 I msm_vidc_v4l2 aa00000.qcom,vidc: Linked as a consumer to regulator.74
01-01 09:54:47.127 0 0 I sysmon-qmi: ssctl_new_server: Connection established between QMI handle and cdsp's SSCTL service
01-01 09:54:47.129 0 0 I sysmon-qmi: ssctl_new_server: Connection established between QMI handle and adsp's SSCTL service
01-01 09:54:47.129 0 0 D cnss : WLFW server arriving: node 7 port 1
01-01 09:54:47.129 0 0 D cnss : Posting event: SERVER_ARRIVE(0), state: 0x8 flags: 0x0
01-01 09:54:47.129 0 0 D cnss : PM stay awake, state: 0x8, count: 1
01-01 09:54:47.130 0 0 D cnss : PM relax, state: 0x8, count: 0
01-01 09:54:47.132 0 0 D cnss : PM stay awake, state: 0x8, count: 1
01-01 09:54:47.132 0 0 D cnss : Processing driver event: SERVER_ARRIVE(0), state: 0x8
01-01 09:54:47.132 0 0 I cnss : QMI WLFW service connected, state: 0x9
01-01 09:54:47.132 0 0 D cnss : Sending indication register message, state: 0x9
01-01 09:54:47.143 0 0 I servloc : service_locator_new_server: Connection established with the Service locator
01-01 09:54:47.143 0 0 I servloc : init_service_locator: Service locator initialized
01-01 09:54:47.158 0 0 E diag : In diag_send_feature_mask_update, control channel is not open, p: 3, ffffffa1d17b5d80
01-01 09:54:47.168 0 0 I sysmon-qmi: ssctl_new_server: Connection established between QMI handle and slpi's SSCTL service
01-01 09:54:47.169 0 0 I subsys-restart: __subsystem_get(): Changing subsys fw_name to venus
01-01 09:54:47.180 0 0 I adsprpc : fastrpc_get_service_location_notify: PDR notifier for adsp registered for msm/adsp/audio_pd (audio_pdr_adsprpc)
01-01 09:54:47.180 0 0 I audio_notifer_reg_service: service PDR_ADSP is in use
01-01 09:54:47.182 0 0 E diag : In diag_send_peripheral_buffering_mode, buffering flag not set for 1
01-01 09:54:47.183 0 0 E diag : In diag_send_peripheral_buffering_mode, buffering flag not set for 3
01-01 09:54:47.184 0 0 D cnss : Sending host capability message, state: 0x9
01-01 09:54:47.185 0 0 W subsys-pil-tz aab0000.qcom,venus: Falling back to syfs fallback for: venus.mdt
01-01 09:54:47.194 0 0 I service-notifier: service_notifier_new_server: Connection established between QMI handle and 74 service
01-01 09:54:47.197 0 0 I adsprpc : fastrpc_get_service_location_notify: audio_pdr_adsprpc (msm/adsp/audio_pd) PDR service for adsp is uninitialized
01-01 09:54:47.204 0 0 D cnss : Number of clients is 2
01-01 09:54:47.227 0 0 I subsys-pil-tz aab0000.qcom,venus: venus: loading from 0x0000000086e00000 to 0x0000000087300000
01-01 09:54:47.228 0 0 D cnss : Assign MSI to user: WAKE, num_vectors: 1, user_base_data: 813, base_vector: 13
01-01 09:54:47.238 0 0 I adsprpc : fastrpc_pdr_notifier_cb: msm/adsp/audio_pd (audio_pdr_adsprpc) is up on adsp
01-01 09:54:47.246 0 0 D cnss : WAKE MSI base data is 813
01-01 09:54:47.259 0 0 W healthd : No battery devices found
01-01 09:54:47.265 0 0 I binder : 1018:1018 ioctl 40046210 7ffe097614 returned -22
01-01 09:54:47.270 0 0 D cnss : Calibration done is 0
01-01 09:54:45.991 917 917 I auditd : type=1400 audit(0.0:14): avc: denied { read } for comm="android.hardwar" name="type" dev="sysfs" ino=68189 scontext=u:r:hal_health_default:s0 tcontext=u:object_r:sysfs:s0 tclass=file permissive=0
01-01 09:54:46.022 0 0 W healthd : battery none chg=
01-01 09:54:46.025 0 0 W subsys-pil-tz aab0000.qcom,venus: Falling back to syfs fallback for: venus.b02
01-01 09:54:46.027 0 0 I apr_adsp_up: Q6 is Up
01-01 09:54:46.028 0 0 W subsys-pil-tz aab0000.qcom,venus: Falling back to syfs fallback for: venus.b03
01-01 09:54:46.031 0 0 I binder : 1020:1020 ioctl 40046210 7fdaa6da54 returned -22
01-01 09:54:46.033 0 0 I sps : BAM 0x0000000003a84000 (va:0xffffff801b780000) enabled: ver:0x19, number of pipes:25
01-01 09:54:46.034 0 0 I sps : BAM 0x0000000003a84000 is registered.
01-01 09:54:46.048 0 0 W subsys-pil-tz aab0000.qcom,venus: Falling back to syfs fallback for: venus.b04
01-01 09:54:46.048 0 0 W subsys-pil-tz aab0000.qcom,venus: Falling back to syfs fallback for: venus.b05
01-01 09:54:46.051 0 0 W subsys-pil-tz aab0000.qcom,venus: Falling back to syfs fallback for: venus.b06
01-01 09:54:46.053 0 0 D cnss : Sending iova starting 0xa0000000 with size 0x10010000
01-01 09:54:46.053 0 0 W subsys-pil-tz aab0000.qcom,venus: Falling back to syfs fallback for: venus.b07
01-01 09:54:46.054 0 0 W subsys-pil-tz aab0000.qcom,venus: Falling back to syfs fallback for: venus.b08
01-01 09:54:46.056 0 0 I msm-audio-ion soc: qcom,msm-audio-apr:qcom,msm-audio-ion: Linked as a consumer to 15000000.apps-smmu
01-01 09:54:46.059 0 0 W subsys-pil-tz aab0000.qcom,venus: Falling back to syfs fallback for: venus.b09
01-01 09:54:46.060 0 0 W subsys-pil-tz aab0000.qcom,venus: Falling back to syfs fallback for: venus.b10
01-01 09:54:46.070 0 0 D cnss : PM relax, state: 0x9, count: 0
01-01 09:54:46.072 0 0 W subsys-pil-tz aab0000.qcom,venus: Falling back to syfs fallback for: venus.b19
01-01 09:54:46.090 0 0 E register_client_adhoc: find path.src 1 dest 589
01-01 09:54:46.090 0 0 I iommu : Adding device soc:qcom,msm-audio-apr:qcom,msm-audio-ion to group 53
01-01 09:54:46.094 0 0 E register_client_adhoc: Failed to find path.src 1 dest 589
01-01 09:54:46.100 0 0 E : [drm:dp_display_init_aux_switch][msm-dp-err][367 ]failed to register notifier (-22)
01-01 09:54:46.110 0 0 E rmt_storage: ERR:main: Mmap Failed for rmts (-1)...pausing execution!
01-01 09:54:46.126 672 672 D Zygote64Timing: PostZygoteInitGC took to complete: 278ms
01-01 09:54:46.126 672 672 D Zygote64Timing: ZygoteInit took to complete: 1937ms
01-01 09:54:46.160 0 0 E register_client_adhoc: find path.src 1 dest 589
01-01 09:54:46.162 0 0 E register_client_adhoc: Failed to find path.src 1 dest 589
01-01 09:54:46.202 0 0 E i2c_geni 980000.i2c: i2c error :-107
01-01 09:54:46.208 0 0 E : [drm:dp_display_init_aux_switch][msm-dp-err][367 ]failed to register notifier (-22)
01-01 09:54:46.209 0 0 I binder : 1039:1039 ioctl 40046210 7fd208f264 returned -22
01-01 09:54:46.191 466 466 I auditd : type=1400 audit(0.0:15): avc: denied { setattr } for comm="init" name="rawdump" dev="tmpfs" ino=20563 scontext=u:r:vendor_init:s0 tcontext=u:object_r:block_device:s0 tclass=lnk_file permissive=0
01-01 09:54:46.219 0 0 E : [MAX975X:max96755g_write_bytes] *ERROR* i2c master send 0x8E err
01-01 09:54:46.195 466 466 I auditd : type=1400 audit(0.0:16): avc: denied { setattr } for comm="init" name="rawdump" dev="tmpfs" ino=20563 scontext=u:r:vendor_init:s0 tcontext=u:object_r:block_device:s0 tclass=lnk_file permissive=0
01-01 09:54:46.235 0 0 I binder : 1039:1039 ioctl 40046210 7fd2090c94 returned -22
01-01 09:54:46.235 1 1 I auditd : type=1107 audit(0.0:17): uid=0 auid=4294967295 ses=4294967295 subj=u:r:init:s0 msg='avc: denied { set } for property=ctl.start$console pid=1064 uid=0 gid=0 scontext=u:r:vendor_qti_init_shell:s0 tcontext=u:object_r:ctl_start_prop:s0 tclass=property_service permissive=0'
01-01 09:54:46.251 0 0 I : Mass Storage Function, version: 2009/09/11
01-01 09:54:46.258 0 0 I LUN : removable file: (no medium)
01-01 09:54:46.269 0 0 I binder : 1015:1015 ioctl 40046210 7fc389c034 returned -22
01-01 09:54:46.269 0 0 I binder : 1015:1015 ioctl 40046210 7fc389c054 returned -22
01-01 09:54:46.277 0 0 E register_client_adhoc: find path.src 1 dest 589
01-01 09:54:46.278 0 0 E register_client_adhoc: Failed to find path.src 1 dest 589
01-01 09:54:46.288 0 0 I : file system registered
01-01 09:54:46.289 0 0 I subsys-pil-tz aab0000.qcom,venus: venus: Brought out of reset
01-01 09:54:46.296 0 0 E : [drm:dp_display_init_aux_switch][msm-dp-err][1049]failed to register notifier (-22)
01-01 09:54:46.305 498 498 I auditd : avc: denied { find } for pid=1039 uid=1000 name=vendor.qti.hardware.display.config.IDisplayConfig/default scontext=u:r:surfaceflinger:s0 tcontext=u:object_r:default_android_service:s0 tclass=service_manager permissive=0
01-01 09:54:46.310 0 0 I f_cdev_alloc: port_name:at_usb0 (ffffffe24da03680) portno:(0)
01-01 09:54:46.313 498 498 I auditd : avc: denied { find } for pid=1039 uid=1000 name=vendor.qti.hardware.display.config.IDisplayConfig/default scontext=u:r:surfaceflinger:s0 tcontext=u:object_r:default_android_service:s0 tclass=service_manager permissive=0
01-01 09:54:46.313 0 0 I f_cdev_alloc: port_name:at_usb1 (ffffffe24da06c80) portno:(1)
01-01 09:54:46.318 0 0 I f_cdev_alloc: port_name:at_usb2 (ffffffe24da01280) portno:(2)
01-01 09:54:46.333 0 0 E register_client_adhoc: find path.src 1 dest 589
01-01 09:54:46.334 0 0 E register_client_adhoc: Failed to find path.src 1 dest 589
01-01 09:54:46.347 0 0 I msm_vidc: high: 00000001: h264d: Closed video instance: ffffffe24f584000
01-01 09:54:46.354 0 0 W kona-asoc-snd soc: qcom,msm-audio-apr:qcom,q6core-audio:sound: msm_init_aux_dev: Max WSA devices is 0 for this target?
01-01 09:54:46.355 0 0 I msm_vidc: high: 00000001: ....d: Opening video instance: ffffffe24f584000, 1
01-01 09:54:46.361 0 0 E : [drm:dp_display_init_aux_switch][msm-dp-err][1049]failed to register notifier (-22)
01-01 09:54:46.362 0 0 I msm_vidc: high: 00000001: h264d: Closed video instance: ffffffe24f584000
01-01 09:54:46.372 0 0 I msm_vidc: high: 00000001: ....d: Opening video instance: ffffffe253224000, 1
01-01 09:54:46.378 0 0 I msm_vidc: high: 00000001: h265d: Closed video instance: ffffffe253224000
01-01 09:54:46.378 0 0 E kona-asoc-snd soc: qcom,msm-audio-apr:qcom,q6core-audio:sound: ASoC: CODEC DAI wsa_macro_vifeedback not registered
01-01 09:54:46.379 0 0 I msm_vidc: high: 00000001: ....d: Opening video instance: ffffffe253224000, 1
01-01 09:54:46.385 0 0 W kgsl-3d0: Falling back to syfs fallback for: a650_sqe.fw
01-01 09:54:46.397 0 0 I msm_vidc: high: 00000001: h265d: Closed video instance: ffffffe253224000
01-01 09:54:46.398 0 0 I msm_vidc: high: 00000001: ....d: Opening video instance: ffffffe253224000, 1
01-01 09:54:46.409 0 0 I msm_vidc: high: 00000001: vp8d: Closed video instance: ffffffe253224000
01-01 09:54:46.412 0 0 E qcom-lpi-pinctrl soc: qcom,msm-audio-apr:qcom,q6core-audio:lpi_pinctrl@33c0000: snd_event_notify: No snd dev entry found
01-01 09:54:46.414 0 0 I msm_vidc: high: 00000001: ....d: Opening video instance: ffffffe24c940000, 1
01-01 09:54:46.418 0 0 W kgsl-3d0: Falling back to syfs fallback for: a650_gmu.bin
01-01 09:54:46.435 0 0 I msm_vidc: high: 00000001: vp9d: Closed video instance: ffffffe24c940000
01-01 09:54:46.436 0 0 I msm_vidc: high: 00000001: ....d: Opening video instance: ffffffe24c958000, 1
01-01 09:54:46.443 0 0 I msm_vidc: high: 00000001: vp9d: Closed video instance: ffffffe24c958000
01-01 09:54:46.444 0 0 I msm_vidc: high: 00000001: ....d: Opening video instance: ffffffe24c958000, 1
01-01 09:54:46.452 0 0 I msm_vidc: high: 00000001: mpg2d: Closed video instance: ffffffe24c958000
01-01 09:54:46.454 0 0 I msm_vidc: high: 00000001: ....d: Opening video instance: ffffffe24c958000, 1
01-01 09:54:46.462 0 0 I msm_vidc: high: 00000001: mpg2d: Closed video instance: ffffffe24c958000
01-01 09:54:46.464 0 0 I msm_vidc: high: 00000001: ....e: Opening video instance: ffffffe253c54000, 0
01-01 09:54:46.472 0 0 I msm_vidc: high: 00000001: h264e: Closed video instance: ffffffe253c54000
01-01 09:54:46.475 0 0 I msm_vidc: high: 00000001: ....e: Opening video instance: ffffffe253c54000, 0
01-01 09:54:46.481 0 0 I msm_vidc: high: 00000001: h265e: Closed video instance: ffffffe253c54000
01-01 09:54:46.483 0 0 I msm_vidc: high: 00000001: ....e: Opening video instance: ffffffe253c54000, 0
01-01 09:54:46.489 0 0 I msm_vidc: high: 00000001: h265e: Closed video instance: ffffffe253c54000
01-01 09:54:46.492 0 0 I msm_vidc: high: 00000001: ....e: Opening video instance: ffffffe24db40000, 0
01-01 09:54:46.500 0 0 I msm_vidc: high: 00000001: h265e: Closed video instance: ffffffe24db40000
01-01 09:54:46.505 0 0 I msm_vidc: high: 00000001: ....e: Opening video instance: ffffffe24d9d4000, 0
01-01 09:54:46.506 0 0 I msm_vidc: err : 00000001: ....e: msm_vidc_comm_update_ctrl: failed: control name Ltr Count, min 0, max 0, step 0, default_value 0
01-01 09:54:46.512 0 0 I msm_vidc: high: 00000001: vp8e: Closed video instance: ffffffe24d9d4000
01-01 09:54:46.512 0 0 I platform soc: qcom,msm-audio-apr:qcom,voice-mhi-audio: assigned reserved memory node mailbox_region
01-01 09:54:46.532 0 0 W : bolero-clk-rsc-mngr bolero-clk-rsc-mngr: DMA mask not set
01-01 09:54:46.544 0 0 W tx_macro tx-macro: DMA mask not set
01-01 09:54:46.544 0 0 E tx_macro tx-macro: tx_macro_probe: va-macro not registered yet, defer
01-01 09:54:46.557 0 0 W rx_macro rx-macro: DMA mask not set
01-01 09:54:46.557 0 0 E rx_macro rx-macro: rx_macro_probe: va-macro not registered yet, defer
01-01 09:54:46.570 0 0 W wsa_macro wsa-macro: DMA mask not set
01-01 09:54:46.570 0 0 E wsa_macro wsa-macro: wsa_macro_probe: va-macro not registered yet, defer
01-01 09:54:46.584 0 0 W va_macro va-macro: DMA mask not set
01-01 09:54:46.585 0 0 E msm_cdc_pinctrl_get_gpiodata: device node is null
01-01 09:54:46.595 0 0 I va_macro va-macro: Linked as a consumer to regulator.7
01-01 09:54:46.595 0 0 I va_macro va-macro: bolero_register_macro: register macro successful:3
01-01 09:54:46.600 0 0 W wcd938x_codec wcd938x-codec: DMA mask not set
01-01 09:54:46.600 0 0 I wcd938x_codec wcd938x-codec: msm_cdc_dt_parse_vreg_info: cdc-vdd-rxtx: vol=[1800000 1800000]uV, curr=[30000]uA, ond 0 lpm 0
01-01 09:54:46.601 0 0 I wcd938x_codec wcd938x-codec: msm_cdc_dt_parse_vreg_info: cdc-vddio: vol=[1800000 1800000]uV, curr=[30000]uA, ond 0 lpm 0
01-01 09:54:46.601 0 0 I wcd938x_codec wcd938x-codec: msm_cdc_dt_parse_vreg_info: cdc-vdd-buck: vol=[1800000 1800000]uV, curr=[650000]uA, ond 0 lpm 0
01-01 09:54:46.601 0 0 I wcd938x_codec wcd938x-codec: msm_cdc_dt_parse_vreg_info: cdc-vdd-mic-bias: vol=[3296000 3296000]uV, curr=[30000]uA, ond 0 lpm 0
01-01 09:54:46.602 0 0 I wcd938x_codec wcd938x-codec: Linked as a consumer to regulator.7
01-01 09:54:46.605 0 0 I wcd938x_codec wcd938x-codec: Linked as a consumer to regulator.48
01-01 09:54:46.622 0 0 E register_client_adhoc: find path.src 1 dest 589
01-01 09:54:46.623 0 0 E register_client_adhoc: Failed to find path.src 1 dest 589
01-01 09:54:46.635 0 0 E : [drm:dp_display_init_aux_switch][msm-dp-err][22 ]failed to register notifier (-22)
01-01 09:54:46.668 0 0 W kona-asoc-snd soc: qcom,msm-audio-apr:qcom,q6core-audio:sound: msm_init_aux_dev: Max WSA devices is 0 for this target?
01-01 09:54:46.670 0 0 I binder : 1098:1098 ioctl 40046210 7ff0947574 returned -22
01-01 09:54:46.675 0 0 E kona-asoc-snd soc: qcom,msm-audio-apr:qcom,q6core-audio:sound: ASoC: CODEC DAI wsa_macro_vifeedback not registered
01-01 09:54:46.697 0 0 I tx_macro tx-macro: bolero_register_macro: register macro successful:0
01-01 09:54:46.705 0 0 I rx_macro rx-macro: bolero_register_macro: register macro successful:1
01-01 09:54:46.712 0 0 I wsa_macro wsa-macro: bolero_register_macro: register macro successful:2
01-01 09:54:46.719 0 0 E register_client_adhoc: find path.src 1 dest 589
01-01 09:54:46.720 0 0 E register_client_adhoc: Failed to find path.src 1 dest 589
01-01 09:54:46.732 0 0 E : [drm:dp_display_init_aux_switch][msm-dp-err][22 ]failed to register notifier (-22)
01-01 09:54:46.767 0 0 I binder : 1112:1112 ioctl 40046210 7ff99bace4 returned -22
01-01 09:54:46.767 0 0 W kona-asoc-snd soc: qcom,msm-audio-apr:qcom,q6core-audio:sound: msm_init_aux_dev: Max WSA devices is 0 for this target?
01-01 09:54:46.794 1112 1112 I SystemServerTiming: InitBeforeStartServices
01-01 09:54:46.797 1112 1112 I system_server_start: [1,33091,33091]
01-01 09:54:46.797 1112 1112 I SystemServer: Entered the Android system server!
01-01 09:54:46.797 1112 1112 I boot_progress_system_run: 33094
01-01 09:54:46.858 0 0 W swr-wcd tx_swr_ctrl: DMA mask not set
01-01 09:54:46.987 1091 1091 I auditd : type=1400 audit(0.0:18): avc: denied { write } for comm="init.qcom.usb.s" name="uvc.0" dev="configfs" ino=44525 scontext=u:r:vendor_qti_init_shell:s0 tcontext=u:object_r:configfs:s0 tclass=dir permissive=0
01-01 09:54:46.987 1091 1091 I auditd : type=1400 audit(0.0:19): avc: denied { write } for comm="init.qcom.usb.s" name="uvc.0" dev="configfs" ino=44525 scontext=u:r:vendor_qti_init_shell:s0 tcontext=u:object_r:configfs:s0 tclass=dir permissive=0
01-01 09:54:47.001 1112 1112 I SystemServerInitThreadPool: Creating instance with 8 threads
01-01 09:54:47.011 1158 1158 I auditd : type=1400 audit(0.0:20): avc: denied { write } for comm="mkdir" name="header" dev="configfs" ino=44527 scontext=u:r:vendor_qti_init_shell:s0 tcontext=u:object_r:configfs:s0 tclass=dir permissive=0
01-01 09:54:47.039 1161 1161 I auditd : type=1400 audit(0.0:21): avc: denied { write } for comm="ln" name="fs" dev="configfs" ino=44536 scontext=u:r:vendor_qti_init_shell:s0 tcontext=u:object_r:configfs:s0 tclass=dir permissive=0
01-01 09:54:47.075 1163 1163 I auditd : type=1400 audit(0.0:22): avc: denied { write } for comm="ln" name="ss" dev="configfs" ino=44537 scontext=u:r:vendor_qti_init_shell:s0 tcontext=u:object_r:configfs:s0 tclass=dir permissive=0
01-01 09:54:47.089 0 0 E msm-pcm-routing soc: qcom,msm-pcm-routing: ASoC: no source widget found for AUDIO_REF_EC_UL30 MUX
01-01 09:54:47.099 0 0 E msm-pcm-routing soc: qcom,msm-pcm-routing: ASoC: Failed to add route AUDIO_REF_EC_UL30 MUX -> direct -> MM_UL30
01-01 09:54:47.114 0 0 I msm_cvp : warn: DBLP Set: status 0 0
01-01 09:54:47.111 1165 1165 I auditd : type=1400 audit(0.0:23): avc: denied { write } for comm="mkdir" name="uncompressed" dev="configfs" ino=44540 scontext=u:r:vendor_qti_init_shell:s0 tcontext=u:object_r:configfs:s0 tclass=dir permissive=0
01-01 09:54:47.121 0 0 E msm-pcm-routing soc: qcom,msm-pcm-routing: ASoC: no source widget found for AUX_PCM_TX
01-01 09:54:47.131 0 0 E msm-pcm-routing soc: qcom,msm-pcm-routing: ASoC: Failed to add route AUX_PCM_TX -> AUX_PCM_UL_TX -> VoLTE Stub Tx Mixer
01-01 09:54:47.147 1167 1167 I auditd : type=1400 audit(0.0:24): avc: denied { write } for comm="mkdir" name="uncompressed" dev="configfs" ino=44540 scontext=u:r:vendor_qti_init_shell:s0 tcontext=u:object_r:configfs:s0 tclass=dir permissive=0
01-01 09:54:47.149 0 0 E msm-pcm-routing soc: qcom,msm-pcm-routing: ASoC: no source widget found for AUX_PCM_RX
01-01 09:54:47.158 0 0 E msm-pcm-routing soc: qcom,msm-pcm-routing: ASoC: Failed to add route AUX_PCM_RX -> direct -> BE_OUT
01-01 09:54:47.185 0 0 W msm-pcm-routing soc: qcom,msm-pcm-routing: ASoC: no dapm match for MM_DL23 --> MultiMedia23 --> QUIN_TDM_RX_1 Audio Mixer
01-01 09:54:47.185 0 0 E msm-pcm-routing soc: qcom,msm-pcm-routing: ASoC: Failed to add route MM_DL23 -> MultiMedia23 -> QUIN_TDM_RX_1 Audio Mixer
01-01 09:54:47.197 0 0 W msm-pcm-routing soc: qcom,msm-pcm-routing: ASoC: no dapm match for MM_DL24 --> MultiMedia24 --> QUIN_TDM_RX_1 Audio Mixer
01-01 09:54:47.197 0 0 E msm-pcm-routing soc: qcom,msm-pcm-routing: ASoC: Failed to add route MM_DL24 -> MultiMedia24 -> QUIN_TDM_RX_1 Audio Mixer
01-01 09:54:47.195 1169 1169 I auditd : type=1400 audit(0.0:25): avc: denied { write } for comm="mkdir" name="mjpeg" dev="configfs" ino=44541 scontext=u:r:vendor_qti_init_shell:s0 tcontext=u:object_r:configfs:s0 tclass=dir permissive=0
01-01 09:54:47.209 0 0 W msm-pcm-routing soc: qcom,msm-pcm-routing: ASoC: no dapm match for MM_DL25 --> MultiMedia25 --> QUIN_TDM_RX_1 Audio Mixer
01-01 09:54:47.209 0 0 E msm-pcm-routing soc: qcom,msm-pcm-routing: ASoC: Failed to add route MM_DL25 -> MultiMedia25 -> QUIN_TDM_RX_1 Audio Mixer
01-01 09:54:47.235 1172 1172 I auditd : type=1400 audit(0.0:26): avc: denied { write } for comm="mkdir" name="mjpeg" dev="configfs" ino=44541 scontext=u:r:vendor_qti_init_shell:s0 tcontext=u:object_r:configfs:s0 tclass=dir permissive=0
01-01 09:54:47.275 1174 1174 I auditd : type=1400 audit(0.0:27): avc: denied { write } for comm="mkdir" name="h264" dev="configfs" ino=44542 scontext=u:r:vendor_qti_init_shell:s0 tcontext=u:object_r:configfs:s0 tclass=dir permissive=0
01-01 09:54:47.277 0 0 E msm-dcc 1023000.dcc_v2: DCC is not ready Disabling DCC...
01-01 09:54:47.299 1175 1175 I auditd : type=1400 audit(0.0:28): avc: denied { write } for comm="mkdir" name="h264" dev="configfs" ino=44542 scontext=u:r:vendor_qti_init_shell:s0 tcontext=u:object_r:configfs:s0 tclass=dir permissive=0
01-01 09:54:47.287 0 0 E msm-pcm-routing soc: qcom,msm-pcm-routing: ASoC: no source widget found for AUX_PCM_TX
01-01 09:54:47.296 0 0 E msm-pcm-routing soc: qcom,msm-pcm-routing: ASoC: Failed to add route AUX_PCM_TX -> AUX_PCM_UL_TX -> SLIMBUS_0_RX Port Mixer
01-01 09:54:47.309 0 0 E msm-pcm-routing soc: qcom,msm-pcm-routing: ASoC: no source widget found for SEC_AUX_PCM_TX
01-01 09:54:47.323 1176 1176 I auditd : type=1400 audit(0.0:29): avc: denied { write } for comm="mkdir" name="header" dev="configfs" ino=44539 scontext=u:r:vendor_qti_init_shell:s0 tcontext=u:object_r:configfs:s0 tclass=dir permissive=0
01-01 09:54:47.319 0 0 E msm-pcm-routing soc: qcom,msm-pcm-routing: ASoC: Failed to add route SEC_AUX_PCM_TX -> SEC_AUX_PCM_UL_TX -> SLIMBUS_0_RX Port Mixer
01-01 09:54:47.333 0 0 E msm-pcm-routing soc: qcom,msm-pcm-routing: ASoC: no source widget found for TERT_AUX_PCM_TX
01-01 09:54:47.347 1177 1177 I auditd : type=1400 audit(0.0:30): avc: denied { write } for comm="ln" name="header" dev="configfs" ino=44539 scontext=u:r:vendor_qti_init_shell:s0 tcontext=u:object_r:configfs:s0 tclass=dir permissive=0
01-01 09:54:47.343 0 0 E msm-pcm-routing soc: qcom,msm-pcm-routing: ASoC: Failed to add route TERT_AUX_PCM_TX -> TERT_AUXPCM_UL_TX -> SLIMBUS_0_RX Port Mixer
01-01 09:54:47.357 0 0 E msm-pcm-routing soc: qcom,msm-pcm-routing: ASoC: no source widget found for QUAT_AUX_PCM_TX
01-01 09:54:47.367 0 0 E msm-pcm-routing soc: qcom,msm-pcm-routing: ASoC: Failed to add route QUAT_AUX_PCM_TX -> QUAT_AUXPCM_UL_TX -> SLIMBUS_0_RX Port Mixer
01-01 09:54:47.375 1178 1178 I auditd : type=1400 audit(0.0:31): avc: denied { write } for comm="ln" name="header" dev="configfs" ino=44539 scontext=u:r:vendor_qti_init_shell:s0 tcontext=u:object_r:configfs:s0 tclass=dir permissive=0
01-01 09:54:47.380 0 0 E msm-pcm-routing soc: qcom,msm-pcm-routing: ASoC: no source widget found for QUIN_AUX_PCM_TX
01-01 09:54:47.395 1179 1179 I auditd : type=1400 audit(0.0:32): avc: denied { write } for comm="ln" name="header" dev="configfs" ino=44539 scontext=u:r:vendor_qti_init_shell:s0 tcontext=u:object_r:configfs:s0 tclass=dir permissive=0
01-01 09:54:47.390 0 0 E msm-pcm-routing soc: qcom,msm-pcm-routing: ASoC: Failed to add route QUIN_AUX_PCM_TX -> QUIN_AUXPCM_UL_TX -> SLIMBUS_0_RX Port Mixer
01-01 09:54:47.404 0 0 E msm-pcm-routing soc: qcom,msm-pcm-routing: ASoC: no source widget found for SEN_AUX_PCM_TX
01-01 09:54:47.416 1112 1112 D SystemServerTiming: InitBeforeStartServices took to complete: 622ms
01-01 09:54:47.416 1112 1112 I SystemServerTiming: StartServices
01-01 09:54:47.416 1112 1112 I SystemServerTiming: startBootstrapServices
01-01 09:54:47.416 1112 1112 I SystemServerTiming: StartWatchdog
01-01 09:54:47.422 1112 1112 D SystemServerTiming: StartWatchdog took to complete: 6ms
01-01 09:54:47.422 1112 1112 I SystemServer: Reading configuration...
01-01 09:54:47.422 1112 1112 I SystemServerTiming: ReadingSystemConfig
01-01 09:54:47.423 1112 1112 D SystemServerTiming: ReadingSystemConfig took to complete: 0ms
01-01 09:54:47.423 1112 1112 I SystemServerTiming: PlatformCompat
01-01 09:54:47.424 1112 1188 I SystemServerTimingAsync: InitThreadPoolExec:ReadingSystemConfig
01-01 09:54:47.424 1112 1188 D SystemServerInitThreadPool: Started executing ReadingSystemConfig
01-01 09:54:47.425 1112 1112 D CompatConfig: Found a config file: /system/etc/compatconfig/framework-platform-compat-config.xml
01-01 09:54:47.414 0 0 E msm-pcm-routing soc: qcom,msm-pcm-routing: ASoC: Failed to add route SEN_AUX_PCM_TX -> SEN_AUXPCM_UL_TX -> SLIMBUS_0_RX Port Mixer
01-01 09:54:47.427 1112 1188 I SystemConfig: Reading permissions from /system/etc/sysconfig/framework-sysconfig.xml
01-01 09:54:47.427 1112 1112 D CompatConfig: Adding: com.android.server.compat.config.Change@bf62689
01-01 09:54:47.423 1180 1180 I auditd : type=1400 audit(0.0:33): avc: denied { write } for comm="ln" name="fs" dev="configfs" ino=44546 scontext=u:r:vendor_qti_init_shell:s0 tcontext=u:object_r:configfs:s0 tclass=dir permissive=0
01-01 09:54:47.429 1112 1112 D CompatConfig: Adding: com.android.server.compat.config.Change@e82568e
01-01 09:54:47.429 1112 1112 D CompatConfig: Adding: com.android.server.compat.config.Change@3b24eaf
01-01 09:54:47.430 1112 1112 D CompatConfig: Adding: com.android.server.compat.config.Change@13f02bc
01-01 09:54:47.430 1112 1112 D CompatConfig: Adding: com.android.server.compat.config.Change@411a245
01-01 09:54:47.431 1112 1188 I SystemConfig: Reading permissions from /system/etc/sysconfig/preinstalled-packages-platform-full-base.xml
01-01 09:54:47.431 1112 1112 D CompatConfig: Adding: com.android.server.compat.config.Change@45f26cb
01-01 09:54:47.433 1112 1188 I SystemConfig: Reading permissions from /system/etc/sysconfig/hiddenapi-package-whitelist.xml
01-01 09:54:47.433 1112 1112 D CompatConfig: Adding: com.android.server.compat.config.Change@eaf1dc1
01-01 09:54:47.434 1112 1112 D CompatConfig: Adding: com.android.server.compat.config.Change@fe6a966
01-01 09:54:47.435 1112 1188 I SystemConfig: Reading permissions from /system/etc/sysconfig/preinstalled-packages-platform.xml
01-01 09:54:47.435 1112 1112 D CompatConfig: Adding: com.android.server.compat.config.Change@9eaed54
01-01 09:54:47.436 1112 1112 D CompatConfig: Adding: com.android.server.compat.config.Change@4ed4fd
01-01 09:54:47.437 1112 1112 D CompatConfig: Adding: com.android.server.compat.config.Change@f23f5f2
01-01 09:54:47.437 1112 1112 D CompatConfig: Adding: com.android.server.compat.config.Change@26ba443
01-01 09:54:47.438 1112 1112 D CompatConfig: Adding: com.android.server.compat.config.Change@b38c3f9
01-01 09:54:47.438 1112 1188 I SystemConfig: Reading permissions from /system/etc/sysconfig/qti_whitelist.xml
01-01 09:54:47.439 1112 1112 D CompatConfig: Adding: com.android.server.compat.config.Change@e777f3e
