10-31 13:10:32.859 1112 1112 D SystemServerTiming: OnBootPhase_500_com.android.server.soundtrigger.SoundTriggerService took to complete: 0ms
10-31 13:10:32.860 1112 1112 I SystemServerTiming: OnBootPhase_500_com.android.server.trust.TrustManagerService
01-01 09:54:56.475 0 0 E : INFO: trying to register non-static key.
01-01 09:54:56.479 0 0 I msm_pcie_link_train: PCIe RC0 link initialized
01-01 09:54:56.480 0 0 E : the code is fine but needs lockdep annotation.
01-01 09:54:56.480 0 0 I : CPU: 7 PID: 331 Comm: kworker/u16:9 Tainted: G S W O 4.19.157+ #1
01-01 09:54:56.480 0 0 I Hardware name: Qualcomm Technologies, Inc. kona MTP-RmPM8150b. VC1(FSE) EVT1 (DT)
01-01 09:54:56.486 0 0 I Workqueue: events_unbound ion_system_secure_heap_prefetch_work
01-01 09:54:56.486 0 0 I Call trace:
01-01 09:54:56.486 0 0 I : dump_backtrace+0x0/0x258
01-01 09:54:56.486 0 0 I : show_stack+0x20/0x30
01-01 09:54:56.486 0 0 I : dump_stack+0xd8/0x12c
01-01 09:54:56.486 0 0 I : register_lock_class+0x4d0/0x5c8
01-01 09:54:56.486 0 0 I : __lock_acquire+0xbc/0x1e58
01-01 09:54:56.486 0 0 I : lock_acquire+0x1cc/0x218
01-01 09:54:56.486 0 0 I : _raw_spin_lock_irqsave+0x54/0x98
01-01 09:54:56.486 0 0 I : ion_system_secure_heap_prefetch_work+0x94/0x2c0
01-01 09:54:56.486 0 0 I : process_one_work+0x38c/0x660
01-01 09:54:56.486 0 0 I : worker_thread+0x268/0x4b8
01-01 09:54:56.486 0 0 I : kthread+0x140/0x150
01-01 09:54:56.486 0 0 I : ret_from_fork+0x10/0x1c
10-31 13:10:32.871 1112 1112 I service_manager_slow: [10,lock_settings]
10-31 13:10:32.871 1112 1112 D SystemServerTiming: OnBootPhase_500_com.android.server.trust.TrustManagerService took to complete: 12ms
10-31 13:10:32.871 1112 1112 I SystemServerTiming: OnBootPhase_500_com.android.server.backup.BackupManagerService$Lifecycle
10-31 13:10:32.871 1112 1112 D SystemServerTiming: OnBootPhase_500_com.android.server.backup.BackupManagerService$Lifecycle took to complete: 0ms
10-31 13:10:32.871 1112 1112 I SystemServerTiming: OnBootPhase_500_com.android.server.appwidget.AppWidgetService
10-31 13:10:32.871 1112 1112 D SystemServerTiming: OnBootPhase_500_com.android.server.appwidget.AppWidgetService took to complete: 0ms
10-31 13:10:32.871 1112 1112 I SystemServerTiming: OnBootPhase_500_com.android.server.voiceinteraction.VoiceInteractionManagerService
10-31 13:10:32.871 1112 1112 D SystemServerTiming: OnBootPhase_500_com.android.server.voiceinteraction.VoiceInteractionManagerService took to complete: 0ms
10-31 13:10:32.872 1112 1112 I SystemServerTiming: OnBootPhase_500_com.android.server.apphibernation.AppHibernationService
10-31 13:10:32.872 1112 1112 D SystemServerTiming: OnBootPhase_500_com.android.server.apphibernation.AppHibernationService took to complete: 1ms
10-31 13:10:32.872 1112 1112 I SystemServerTiming: OnBootPhase_500_com.android.server.GestureLauncherService
10-31 13:10:32.872 1112 1112 D SystemServerTiming: OnBootPhase_500_com.android.server.GestureLauncherService took to complete: 0ms
10-31 13:10:32.872 1112 1112 I SystemServerTiming: OnBootPhase_500_com.android.server.SensorNotificationService
10-31 13:10:32.872 1112 1112 D SystemServerTiming: OnBootPhase_500_com.android.server.SensorNotificationService took to complete: 0ms
10-31 13:10:32.872 1112 1112 I SystemServerTiming: OnBootPhase_500_com.android.server.emergency.EmergencyAffordanceService
10-31 13:10:32.872 1112 1112 D SystemServerTiming: OnBootPhase_500_com.android.server.emergency.EmergencyAffordanceService took to complete: 0ms
10-31 13:10:32.872 1112 1112 I SystemServerTiming: OnBootPhase_500_com.android.server.blob.BlobStoreManagerService
10-31 13:10:32.872 1112 1112 D SystemServerTiming: OnBootPhase_500_com.android.server.blob.BlobStoreManagerService took to complete: 0ms
10-31 13:10:32.872 1112 1112 I SystemServerTiming: OnBootPhase_500_com.android.server.dreams.DreamManagerService
10-31 13:10:32.873 1112 1112 D SystemServerTiming: OnBootPhase_500_com.android.server.dreams.DreamManagerService took to complete: 0ms
10-31 13:10:32.873 1112 1112 I SystemServerTiming: OnBootPhase_500_com.android.server.companion.CompanionDeviceManagerService
01-01 09:54:56.489 0 0 E : INFO: trying to register non-static key.
01-01 09:54:56.494 0 0 E : the code is fine but needs lockdep annotation.
01-01 09:54:56.500 0 0 I : CPU: 7 PID: 331 Comm: kworker/u16:9 Tainted: G S W O 4.19.157+ #1
01-01 09:54:56.500 0 0 I Hardware name: Qualcomm Technologies, Inc. kona MTP-RmPM8150b. VC1(FSE) EVT1 (DT)
01-01 09:54:56.500 0 0 I Workqueue: events_unbound ion_system_secure_heap_prefetch_work
01-01 09:54:56.500 0 0 I Call trace:
01-01 09:54:56.500 0 0 I : dump_backtrace+0x0/0x258
01-01 09:54:56.500 0 0 I : show_stack+0x20/0x30
01-01 09:54:56.500 0 0 I : dump_stack+0xd8/0x12c
01-01 09:54:56.500 0 0 I : register_lock_class+0x4d0/0x5c8
01-01 09:54:56.500 0 0 I : __lock_acquire+0xbc/0x1e58
01-01 09:54:56.500 0 0 I : lock_acquire+0x1cc/0x218
01-01 09:54:56.500 0 0 I : _raw_spin_lock_irqsave+0x54/0x98
01-01 09:54:56.500 0 0 I : ion_system_secure_heap_prefetch_work+0x94/0x2c0
01-01 09:54:56.500 0 0 I : process_one_work+0x38c/0x660
01-01 09:54:56.500 0 0 I : worker_thread+0x268/0x4b8
01-01 09:54:56.500 0 0 I : kthread+0x140/0x150
01-01 09:54:56.500 0 0 I : ret_from_fork+0x10/0x1c
10-31 13:10:32.879 1112 1112 I CompanionDeviceManagerService: initBleScanning()
10-31 13:10:32.879 1112 1112 D SystemServerTiming: OnBootPhase_500_com.android.server.companion.CompanionDeviceManagerService took to complete: 7ms
10-31 13:10:32.879 1112 1112 I SystemServerTiming: OnBootPhase_500_com.android.server.restrictions.RestrictionsManagerService
10-31 13:10:32.880 1112 1112 D SystemServerTiming: OnBootPhase_500_com.android.server.restrictions.RestrictionsManagerService took to complete: 0ms
10-31 13:10:32.880 1112 1112 I SystemServerTiming: OnBootPhase_500_com.android.server.media.MediaSessionService
10-31 13:10:32.880 1112 1112 D SystemServerTiming: OnBootPhase_500_com.android.server.media.MediaSessionService took to complete: 0ms
10-31 13:10:32.880 1112 1112 I SystemServerTiming: OnBootPhase_500_com.android.server.media.MediaResourceMonitorService
10-31 13:10:32.880 1112 1112 D SystemServerTiming: OnBootPhase_500_com.android.server.media.MediaResourceMonitorService took to complete: 1ms
10-31 13:10:32.880 1112 1112 I SystemServerTiming: OnBootPhase_500_com.android.server.biometrics.sensors.fingerprint.FingerprintService
10-31 13:10:32.880 1112 1112 D SystemServerTiming: OnBootPhase_500_com.android.server.biometrics.sensors.fingerprint.FingerprintService took to complete: 0ms
10-31 13:10:32.880 1112 1112 I SystemServerTiming: OnBootPhase_500_com.android.server.biometrics.BiometricService
10-31 13:10:32.880 1112 1112 D SystemServerTiming: OnBootPhase_500_com.android.server.biometrics.BiometricService took to complete: 0ms
10-31 13:10:32.880 1112 1112 I SystemServerTiming: OnBootPhase_500_com.android.server.biometrics.AuthService
10-31 13:10:32.880 1112 1112 D SystemServerTiming: OnBootPhase_500_com.android.server.biometrics.AuthService took to complete: 0ms
10-31 13:10:32.880 1112 1112 I SystemServerTiming: OnBootPhase_500_com.android.server.pm.ShortcutService$Lifecycle
10-31 13:10:32.880 1112 1112 D SystemServerTiming: OnBootPhase_500_com.android.server.pm.ShortcutService$Lifecycle took to complete: 0ms
10-31 13:10:32.880 1112 1112 I SystemServerTiming: OnBootPhase_500_com.android.server.pm.LauncherAppsService
10-31 13:10:32.880 1112 1112 D SystemServerTiming: OnBootPhase_500_com.android.server.pm.LauncherAppsService took to complete: 0ms
10-31 13:10:32.880 1112 1112 I SystemServerTiming: OnBootPhase_500_com.android.server.pm.CrossProfileAppsService
10-31 13:10:32.880 1112 1112 D SystemServerTiming: OnBootPhase_500_com.android.server.pm.CrossProfileAppsService took to complete: 0ms
10-31 13:10:32.880 1112 1112 I SystemServerTiming: OnBootPhase_500_com.android.server.people.PeopleService
10-31 13:10:32.881 1112 1112 D SystemServerTiming: OnBootPhase_500_com.android.server.people.PeopleService took to complete: 0ms
10-31 13:10:32.881 1112 1112 I SystemServerTiming: OnBootPhase_500_com.android.server.media.metrics.MediaMetricsManagerService
10-31 13:10:32.881 1112 1112 D SystemServerTiming: OnBootPhase_500_com.android.server.media.metrics.MediaMetricsManagerService took to complete: 0ms
10-31 13:10:32.881 1112 1112 I SystemServerTiming: OnBootPhase_500_com.android.server.media.projection.MediaProjectionManagerService
10-31 13:10:32.881 1112 1112 D SystemServerTiming: OnBootPhase_500_com.android.server.media.projection.MediaProjectionManagerService took to complete: 0ms
10-31 13:10:32.881 1112 1112 I SystemServerTiming: OnBootPhase_500_com.android.server.slice.SliceManagerService$Lifecycle
10-31 13:10:32.881 1112 1112 D SystemServerTiming: OnBootPhase_500_com.android.server.slice.SliceManagerService$Lifecycle took to complete: 0ms
10-31 13:10:32.881 1112 1112 I SystemServerTiming: OnBootPhase_500_com.android.server.stats.StatsCompanion$Lifecycle
10-31 13:10:32.881 1112 1112 D SystemServerTiming: OnBootPhase_500_com.android.server.stats.StatsCompanion$Lifecycle took to complete: 0ms
10-31 13:10:32.881 1112 1112 I SystemServerTiming: OnBootPhase_500_com.android.server.scheduling.RebootReadinessManagerService$Lifecycle
10-31 13:10:32.881 1112 1112 D SystemServerTiming: OnBootPhase_500_com.android.server.scheduling.RebootReadinessManagerService$Lifecycle took to complete: 0ms
10-31 13:10:32.881 1112 1112 I SystemServerTiming: OnBootPhase_500_com.android.server.stats.pull.StatsPullAtomService
10-31 13:10:32.881 1112 1112 D SystemServerTiming: OnBootPhase_500_com.android.server.stats.pull.StatsPullAtomService took to complete: 0ms
10-31 13:10:32.881 1112 1112 I SystemServerTiming: OnBootPhase_500_com.android.server.incident.IncidentCompanionService
10-31 13:10:32.881 1112 1112 D SystemServerTiming: OnBootPhase_500_com.android.server.incident.IncidentCompanionService took to complete: 0ms
10-31 13:10:32.881 1112 1112 I SystemServerTiming: OnBootPhase_500_com.android.server.MmsServiceBroker
10-31 13:10:32.882 1112 1112 D SystemServerTiming: OnBootPhase_500_com.android.server.MmsServiceBroker took to complete: 0ms
10-31 13:10:32.882 1112 1112 I SystemServerTiming: OnBootPhase_500_com.android.server.autofill.AutofillManagerService
10-31 13:10:32.882 1112 1112 D SystemServerTiming: OnBootPhase_500_com.android.server.autofill.AutofillManagerService took to complete: 0ms
10-31 13:10:32.882 1112 1112 I SystemServerTiming: OnBootPhase_500_com.android.server.clipboard.ClipboardService
10-31 13:10:32.882 1112 1112 D SystemServerTiming: OnBootPhase_500_com.android.server.clipboard.ClipboardService took to complete: 0ms
10-31 13:10:32.882 1112 1112 I SystemServerTiming: OnBootPhase_500_com.android.server.appbinding.AppBindingService$Lifecycle
10-31 13:10:32.882 1112 1112 D SystemServerTiming: OnBootPhase_500_com.android.server.appbinding.AppBindingService$Lifecycle took to complete: 0ms
10-31 13:10:32.882 1112 1112 I SystemServerTiming: OnBootPhase_500_com.android.server.tracing.TracingServiceProxy
10-31 13:10:32.882 1112 1112 D SystemServerTiming: OnBootPhase_500_com.android.server.tracing.TracingServiceProxy took to complete: 0ms
10-31 13:10:32.882 1112 1112 D SystemServerTiming: OnBootPhase_500 took to complete: 279ms
10-31 13:10:32.882 1112 1112 D SystemServerTiming: StartBootPhaseSystemServicesReady took to complete: 279ms
10-31 13:10:32.882 1112 1112 I SystemServerTiming: MakeWindowManagerServiceReady
01-01 09:54:56.502 0 0 E : INFO: trying to register non-static key.
01-01 09:54:56.507 0 0 E : the code is fine but needs lockdep annotation.
01-01 09:54:56.513 0 0 I : CPU: 7 PID: 331 Comm: kworker/u16:9 Tainted: G S W O 4.19.157+ #1
01-01 09:54:56.513 0 0 I Hardware name: Qualcomm Technologies, Inc. kona MTP-RmPM8150b. VC1(FSE) EVT1 (DT)
01-01 09:54:56.513 0 0 I Workqueue: events_unbound ion_system_secure_heap_prefetch_work
01-01 09:54:56.513 0 0 I Call trace:
01-01 09:54:56.513 0 0 I : dump_backtrace+0x0/0x258
01-01 09:54:56.513 0 0 I : show_stack+0x20/0x30
01-01 09:54:56.513 0 0 I : dump_stack+0xd8/0x12c
01-01 09:54:56.513 0 0 I : register_lock_class+0x4d0/0x5c8
01-01 09:54:56.513 0 0 I : __lock_acquire+0xbc/0x1e58
01-01 09:54:56.513 0 0 I : lock_acquire+0x1cc/0x218
01-01 09:54:56.513 0 0 I : _raw_spin_lock_irqsave+0x54/0x98
01-01 09:54:56.513 0 0 I : ion_system_secure_heap_prefetch_work+0x94/0x2c0
01-01 09:54:56.513 0 0 I : process_one_work+0x38c/0x660
01-01 09:54:56.513 0 0 I : worker_thread+0x268/0x4b8
01-01 09:54:56.513 0 0 I : kthread+0x140/0x150
01-01 09:54:56.513 0 0 I : ret_from_fork+0x10/0x1c
10-31 13:10:32.892 1112 1112 D SystemServerTiming: MakeWindowManagerServiceReady took to complete: 10ms
10-31 13:10:32.895 1112 1112 I SystemServerTiming: MakePowerManagerServiceReady
10-31 13:10:32.896 1112 1112 I AttentionDetector: readValuesFromDeviceConfig():
10-31 13:10:32.896 1112 1112 I AttentionDetector: mMaximumExtensionMillis=900000
10-31 13:10:32.896 1112 1112 I AttentionDetector: mPreDimCheckDurationMillis=2000
10-31 13:10:32.896 1112 1112 I AttentionDetector: mRequestedPostDimTimeoutMillis=0
10-31 13:10:32.902 1112 1112 E DisplayPowerController[0]: failed to set up display white-balance: java.lang.IllegalStateException: cannot find light sensor
10-31 13:10:32.902 1112 1112 W DisplayPowerController[0]: Screen brightness nits configuration is unavailable; falling back
10-31 13:10:32.910 1112 1674 W KeyguardServiceDelegate: onScreenTurningOn(): no keyguard service!
10-31 13:10:32.910 1112 1674 V DisplayPowerController[0]: Brightness [1.0] reason changing to: 'override', previous reason: '0'.
10-31 13:10:32.916 1112 1112 I FaceDownDetector: readValuesFromDeviceConfig():
10-31 13:10:32.916 1112 1112 I FaceDownDetector: mAccelerationThreshold=0.2
10-31 13:10:32.916 1112 1112 I FaceDownDetector: mZAccelerationThreshold=-9.5
10-31 13:10:32.916 1112 1112 I FaceDownDetector: mTimeThreshold=PT1S
10-31 13:10:32.916 1112 1112 I FaceDownDetector: mIsEnabled=true
10-31 13:10:32.918 1112 1112 I ScreenUndimDetector: readValuesFromDeviceConfig():
10-31 13:10:32.918 1112 1112 I ScreenUndimDetector: mKeepScreenOnForMillis=600000
10-31 13:10:32.918 1112 1112 I ScreenUndimDetector: mKeepScreenOnNotificationEnabled=false
10-31 13:10:32.918 1112 1112 I ScreenUndimDetector: mUndimsRequired=2
10-31 13:10:32.923 1112 1112 D SystemServerTiming: MakePowerManagerServiceReady took to complete: 28ms
10-31 13:10:32.923 1112 1112 I SystemServerTiming: StartPermissionPolicyService
10-31 13:10:32.923 1112 1112 I SystemServiceManager: Starting com.android.server.policy.PermissionPolicyService
01-01 09:54:56.515 0 0 I cnss_pci 0000: 01:00.0: enabling device (0000 -> 0002)
01-01 09:54:56.515 0 0 D cnss : Config PCIe remap window register to 0x4000003f
01-01 09:54:56.515 0 0 E : INFO: trying to register non-static key.
01-01 09:54:56.515 0 0 D cnss : Read register offset 0x1f8031c, val = 0x6
01-01 09:54:56.520 0 0 E : the code is fine but needs lockdep annotation.
01-01 09:54:56.520 0 0 I : CPU: 7 PID: 331 Comm: kworker/u16:9 Tainted: G S W O 4.19.157+ #1
01-01 09:54:56.520 0 0 I Hardware name: Qualcomm Technologies, Inc. kona MTP-RmPM8150b. VC1(FSE) EVT1 (DT)
01-01 09:54:56.520 0 0 I Workqueue: events_unbound ion_system_secure_heap_prefetch_work
01-01 09:54:56.520 0 0 I Call trace:
01-01 09:54:56.520 0 0 I : dump_backtrace+0x0/0x258
01-01 09:54:56.520 0 0 I : show_stack+0x20/0x30
01-01 09:54:56.520 0 0 I : dump_stack+0xd8/0x12c
01-01 09:54:56.520 0 0 I : register_lock_class+0x4d0/0x5c8
01-01 09:54:56.520 0 0 I : __lock_acquire+0xbc/0x1e58
01-01 09:54:56.520 0 0 I : lock_acquire+0x1cc/0x218
01-01 09:54:56.520 0 0 I : _raw_spin_lock_irqsave+0x54/0x98
01-01 09:54:56.520 0 0 I : ion_system_secure_heap_prefetch_work+0x94/0x2c0
01-01 09:54:56.520 0 0 I : process_one_work+0x38c/0x660
01-01 09:54:56.520 0 0 I : worker_thread+0x268/0x4b8
01-01 09:54:56.520 0 0 I : kthread+0x140/0x150
01-01 09:54:56.520 0 0 I : ret_from_fork+0x10/0x1c
01-01 09:54:56.523 0 0 E : INFO: trying to register non-static key.
01-01 09:54:56.527 0 0 D cnss : Write val 0x2 to register offset 0x1f8031c
01-01 09:54:56.531 0 0 E : the code is fine but needs lockdep annotation.
01-01 09:54:56.531 0 0 I : CPU: 7 PID: 331 Comm: kworker/u16:9 Tainted: G S W O 4.19.157+ #1
01-01 09:54:56.531 0 0 I Hardware name: Qualcomm Technologies, Inc. kona MTP-RmPM8150b. VC1(FSE) EVT1 (DT)
01-01 09:54:56.531 0 0 I Workqueue: events_unbound ion_system_secure_heap_prefetch_work
01-01 09:54:56.531 0 0 I Call trace:
01-01 09:54:56.531 0 0 I : dump_backtrace+0x0/0x258
01-01 09:54:56.531 0 0 I : show_stack+0x20/0x30
01-01 09:54:56.531 0 0 I : dump_stack+0xd8/0x12c
01-01 09:54:56.531 0 0 I : register_lock_class+0x4d0/0x5c8
01-01 09:54:56.531 0 0 I : __lock_acquire+0xbc/0x1e58
01-01 09:54:56.531 0 0 I : lock_acquire+0x1cc/0x218
01-01 09:54:56.531 0 0 I : _raw_spin_lock_irqsave+0x54/0x98
01-01 09:54:56.531 0 0 I : ion_system_secure_heap_prefetch_work+0x94/0x2c0
01-01 09:54:56.531 0 0 I : process_one_work+0x38c/0x660
01-01 09:54:56.531 0 0 I : worker_thread+0x268/0x4b8
01-01 09:54:56.537 0 0 I : kthread+0x140/0x150
01-01 09:54:56.537 0 0 I : ret_from_fork+0x10/0x1c
01-01 09:54:56.538 0 0 D cnss : Setting MHI state: INIT(0)
01-01 09:54:56.539 0 0 E : INFO: trying to register non-static key.
01-01 09:54:56.540 0 0 D cnss : Setting MHI state: POWER_ON(2)
01-01 09:54:56.544 0 0 E : the code is fine but needs lockdep annotation.
01-01 09:54:56.544 0 0 I : CPU: 7 PID: 331 Comm: kworker/u16:9 Tainted: G S W O 4.19.157+ #1
01-01 09:54:56.544 0 0 I Hardware name: Qualcomm Technologies, Inc. kona MTP-RmPM8150b. VC1(FSE) EVT1 (DT)
01-01 09:54:56.544 0 0 I Workqueue: events_unbound ion_system_secure_heap_prefetch_work
01-01 09:54:56.544 0 0 I Call trace:
01-01 09:54:56.544 0 0 I : dump_backtrace+0x0/0x258
01-01 09:54:56.544 0 0 I : show_stack+0x20/0x30
01-01 09:54:56.544 0 0 I : dump_stack+0xd8/0x12c
01-01 09:54:56.544 0 0 I : register_lock_class+0x4d0/0x5c8
01-01 09:54:56.544 0 0 I : __lock_acquire+0xbc/0x1e58
01-01 09:54:56.544 0 0 I : lock_acquire+0x1cc/0x218
01-01 09:54:56.544 0 0 I : _raw_spin_lock_irqsave+0x54/0x98
01-01 09:54:56.544 0 0 I : ion_system_secure_heap_prefetch_work+0x94/0x2c0
01-01 09:54:56.544 0 0 I : process_one_work+0x38c/0x660
01-01 09:54:56.544 0 0 I : worker_thread+0x268/0x4b8
01-01 09:54:56.544 0 0 I : kthread+0x140/0x150
01-01 09:54:56.544 0 0 I : ret_from_fork+0x10/0x1c
01-01 09:54:56.546 0 0 E : INFO: trying to register non-static key.
01-01 09:54:56.555 0 0 E : the code is fine but needs lockdep annotation.
01-01 09:54:56.561 0 0 I : CPU: 7 PID: 331 Comm: kworker/u16:9 Tainted: G S W O 4.19.157+ #1
01-01 09:54:56.561 0 0 I Hardware name: Qualcomm Technologies, Inc. kona MTP-RmPM8150b. VC1(FSE) EVT1 (DT)
01-01 09:54:56.561 0 0 I Workqueue: events_unbound ion_system_secure_heap_prefetch_work
01-01 09:54:56.561 0 0 I Call trace:
01-01 09:54:56.561 0 0 I : dump_backtrace+0x0/0x258
01-01 09:54:56.561 0 0 I : show_stack+0x20/0x30
01-01 09:54:56.561 0 0 I : dump_stack+0xd8/0x12c
01-01 09:54:56.561 0 0 I : register_lock_class+0x4d0/0x5c8
01-01 09:54:56.561 0 0 I : __lock_acquire+0xbc/0x1e58
01-01 09:54:56.561 0 0 I : lock_acquire+0x1cc/0x218
01-01 09:54:56.561 0 0 I : _raw_spin_lock_irqsave+0x54/0x98
01-01 09:54:56.561 0 0 I : ion_system_secure_heap_prefetch_work+0x94/0x2c0
01-01 09:54:56.561 0 0 I : process_one_work+0x38c/0x660
01-01 09:54:56.561 0 0 I : worker_thread+0x268/0x4b8
01-01 09:54:56.561 0 0 I : kthread+0x140/0x150
01-01 09:54:56.561 0 0 I : ret_from_fork+0x10/0x1c
01-01 09:54:56.561 0 0 W cnss_pci 0000: 01:00.0: Falling back to syfs fallback for: qca6390/amss20.bin
10-31 13:10:32.936 1112 1112 D SystemServerTiming: StartPermissionPolicyService took to complete: 12ms
10-31 13:10:32.936 1112 1112 I SystemServerTiming: MakePackageManagerServiceReady
10-31 13:10:32.937 1112 2047 I DropBoxManagerService: add tag=system_server_wtf isTagEnabled=true flags=0x2
10-31 13:10:32.940 1112 2046 I DropBoxManagerService: add tag=system_server_wtf isTagEnabled=true flags=0x2
10-31 13:10:32.950 1112 1211 E KernelCpuSpeedReader: Failed to read cpu-freq: /sys/devices/system/cpu/cpu4/cpufreq/stats/time_in_state: open failed: ENOENT (No such file or directory)
10-31 13:10:32.951 1112 1211 E KernelCpuSpeedReader: Failed to read cpu-freq: /sys/devices/system/cpu/cpu0/cpufreq/stats/time_in_state: open failed: ENOENT (No such file or directory)
01-01 09:54:56.564 0 0 E : INFO: trying to register non-static key.
01-01 09:54:56.569 0 0 E : the code is fine but needs lockdep annotation.
01-01 09:54:56.574 0 0 I : CPU: 7 PID: 331 Comm: kworker/u16:9 Tainted: G S W O 4.19.157+ #1
01-01 09:54:56.574 0 0 I Hardware name: Qualcomm Technologies, Inc. kona MTP-RmPM8150b. VC1(FSE) EVT1 (DT)
01-01 09:54:56.574 0 0 I Workqueue: events_unbound ion_system_secure_heap_prefetch_work
01-01 09:54:56.574 0 0 I Call trace:
01-01 09:54:56.574 0 0 I : dump_backtrace+0x0/0x258
01-01 09:54:56.574 0 0 I : show_stack+0x20/0x30
01-01 09:54:56.574 0 0 I : dump_stack+0xd8/0x12c
01-01 09:54:56.574 0 0 I : register_lock_class+0x4d0/0x5c8
01-01 09:54:56.574 0 0 I : __lock_acquire+0xbc/0x1e58
01-01 09:54:56.574 0 0 I : lock_acquire+0x1cc/0x218
01-01 09:54:56.574 0 0 I : _raw_spin_lock_irqsave+0x54/0x98
01-01 09:54:56.574 0 0 I : ion_system_secure_heap_prefetch_work+0x94/0x2c0
01-01 09:54:56.574 0 0 I : process_one_work+0x38c/0x660
01-01 09:54:56.574 0 0 I : worker_thread+0x268/0x4b8
01-01 09:54:56.574 0 0 I : kthread+0x140/0x150
01-01 09:54:56.574 0 0 I : ret_from_fork+0x10/0x1c
10-31 13:10:32.954 1112 1112 I service_manager_slow: [15,appops]
01-01 09:54:56.578 0 0 E : INFO: trying to register non-static key.
01-01 09:54:56.583 0 0 E : the code is fine but needs lockdep annotation.
01-01 09:54:56.589 0 0 I : CPU: 7 PID: 331 Comm: kworker/u16:9 Tainted: G S W O 4.19.157+ #1
01-01 09:54:56.589 0 0 I Hardware name: Qualcomm Technologies, Inc. kona MTP-RmPM8150b. VC1(FSE) EVT1 (DT)
01-01 09:54:56.589 0 0 I Workqueue: events_unbound ion_system_secure_heap_prefetch_work
01-01 09:54:56.589 0 0 I Call trace:
01-01 09:54:56.589 0 0 I : dump_backtrace+0x0/0x258
01-01 09:54:56.589 0 0 I : show_stack+0x20/0x30
01-01 09:54:56.589 0 0 I : dump_stack+0xd8/0x12c
01-01 09:54:56.589 0 0 I : register_lock_class+0x4d0/0x5c8
01-01 09:54:56.589 0 0 I : __lock_acquire+0xbc/0x1e58
01-01 09:54:56.589 0 0 I : lock_acquire+0x1cc/0x218
01-01 09:54:56.589 0 0 I : _raw_spin_lock_irqsave+0x54/0x98
01-01 09:54:56.589 0 0 I : ion_system_secure_heap_prefetch_work+0x94/0x2c0
01-01 09:54:56.589 0 0 I : process_one_work+0x38c/0x660
01-01 09:54:56.589 0 0 I : worker_thread+0x268/0x4b8
01-01 09:54:56.589 0 0 I : kthread+0x140/0x150
01-01 09:54:56.589 0 0 I : ret_from_fork+0x10/0x1c
10-31 13:10:32.969 1112 1194 I HealthServiceWrapper: health: HealthServiceWrapper listening to instance default
10-31 13:10:32.972 1112 1112 I commit_sys_config_file: [package-session,3]
10-31 13:10:32.973 1112 1112 V UserDataPreparer: Found /data/user_de/0 with serial number 0
10-31 13:10:32.973 1112 1112 V UserDataPreparer: Found /data/user/0 with serial number 0
10-31 13:10:32.973 1112 1112 V UserDataPreparer: Found /data/system_de/0 with serial number 0
10-31 13:10:32.973 1112 1112 W UserDataPreparer: Invalid user directory /data/system_de/usagestats
10-31 13:10:32.974 1112 1112 V UserDataPreparer: Found /data/system_ce/0 with serial number 0
10-31 13:10:32.974 1112 1112 V UserDataPreparer: Found /data/misc_ce/0 with serial number 0
10-31 13:10:32.974 1112 1112 I PackageManager: Permission ownership changed. Updating all permissions.
01-01 09:54:56.600 0 0 E : INFO: trying to register non-static key.
01-01 09:54:56.605 0 0 E : the code is fine but needs lockdep annotation.
01-01 09:54:56.611 0 0 I : CPU: 7 PID: 331 Comm: kworker/u16:9 Tainted: G S W O 4.19.157+ #1
01-01 09:54:56.611 0 0 I Hardware name: Qualcomm Technologies, Inc. kona MTP-RmPM8150b. VC1(FSE) EVT1 (DT)
01-01 09:54:56.611 0 0 I Workqueue: events_unbound ion_system_secure_heap_prefetch_work
01-01 09:54:56.611 0 0 I Call trace:
01-01 09:54:56.611 0 0 I : dump_backtrace+0x0/0x258
01-01 09:54:56.611 0 0 I : show_stack+0x20/0x30
01-01 09:54:56.611 0 0 I : dump_stack+0xd8/0x12c
01-01 09:54:56.611 0 0 I : register_lock_class+0x4d0/0x5c8
01-01 09:54:56.611 0 0 I : __lock_acquire+0xbc/0x1e58
01-01 09:54:56.611 0 0 I : lock_acquire+0x1cc/0x218
01-01 09:54:56.611 0 0 I : _raw_spin_lock_irqsave+0x54/0x98
01-01 09:54:56.611 0 0 I : ion_system_secure_heap_prefetch_work+0x94/0x2c0
01-01 09:54:56.611 0 0 I : process_one_work+0x38c/0x660
01-01 09:54:56.611 0 0 I : worker_thread+0x268/0x4b8
01-01 09:54:56.611 0 0 I : kthread+0x140/0x150
01-01 09:54:56.611 0 0 I : ret_from_fork+0x10/0x1c
10-31 13:10:32.992 1112 1194 I service_manager_slow: [16,android.security.metrics]
10-31 13:10:32.992 1112 1194 D StatsPullAtomService: Registering pullers with statsd
10-31 13:10:33.005 1112 1112 D StagingManagerTiming: restoreSessions took to complete: 3ms
10-31 13:10:33.005 1112 1112 D SystemServerTiming: MakePackageManagerServiceReady took to complete: 68ms
10-31 13:10:33.005 1112 1112 I SystemServerTiming: MakeDisplayManagerServiceReady
10-31 13:10:33.005 1112 1194 I StatsPullAtomService: register thermal listener successfully
10-31 13:10:33.012 1112 1112 D SystemServerTiming: MakeDisplayManagerServiceReady took to complete: 7ms
10-31 13:10:33.012 1112 1112 I SystemServerTiming: StartDeviceSpecificServices
10-31 13:10:33.012 1112 1112 D SystemServerTiming: StartDeviceSpecificServices took to complete: 0ms
10-31 13:10:33.013 1112 1112 I SystemServerTiming: GameManagerService
10-31 13:10:33.013 1112 1112 I SystemServiceManager: Starting com.android.server.app.GameManagerService$Lifecycle
01-01 09:54:56.624 0 0 E : INFO: trying to register non-static key.
01-01 09:54:56.629 0 0 E : the code is fine but needs lockdep annotation.
01-01 09:54:56.635 0 0 I : CPU: 7 PID: 331 Comm: kworker/u16:9 Tainted: G S W O 4.19.157+ #1
01-01 09:54:56.635 0 0 I Hardware name: Qualcomm Technologies, Inc. kona MTP-RmPM8150b. VC1(FSE) EVT1 (DT)
01-01 09:54:56.635 0 0 I Workqueue: events_unbound ion_system_secure_heap_prefetch_work
01-01 09:54:56.635 0 0 I Call trace:
01-01 09:54:56.635 0 0 I : dump_backtrace+0x0/0x258
01-01 09:54:56.635 0 0 I : show_stack+0x20/0x30
01-01 09:54:56.635 0 0 I : dump_stack+0xd8/0x12c
01-01 09:54:56.635 0 0 I : register_lock_class+0x4d0/0x5c8
01-01 09:54:56.635 0 0 I : __lock_acquire+0xbc/0x1e58
01-01 09:54:56.635 0 0 I : lock_acquire+0x1cc/0x218
01-01 09:54:56.635 0 0 I : _raw_spin_lock_irqsave+0x54/0x98
01-01 09:54:56.635 0 0 I : ion_system_secure_heap_prefetch_work+0x94/0x2c0
01-01 09:54:56.635 0 0 I : process_one_work+0x38c/0x660
01-01 09:54:56.635 0 0 I : worker_thread+0x268/0x4b8
01-01 09:54:56.635 0 0 I : kthread+0x140/0x150
01-01 09:54:56.635 0 0 I : ret_from_fork+0x10/0x1c
10-31 13:10:33.027 1112 1112 D SystemServerTiming: GameManagerService took to complete: 15ms
10-31 13:10:33.027 1112 1112 I SystemServerTiming: StartBootPhaseDeviceSpecificServicesReady
10-31 13:10:33.027 1112 1112 I SystemServiceManager: Starting phase 520
10-31 13:10:33.027 1112 1112 I SystemServerTiming: OnBootPhase_520
10-31 13:10:33.028 1112 1112 I SystemServerTiming: OnBootPhase_520_com.android.server.security.FileIntegrityService
10-31 13:10:33.028 1112 1112 D SystemServerTiming: OnBootPhase_520_com.android.server.security.FileIntegrityService took to complete: 0ms
10-31 13:10:33.028 1112 1112 I SystemServerTiming: OnBootPhase_520_com.android.server.pm.Installer
10-31 13:10:33.028 1112 1112 D SystemServerTiming: OnBootPhase_520_com.android.server.pm.Installer took to complete: 0ms
10-31 13:10:33.028 1112 1112 I SystemServerTiming: OnBootPhase_520_com.android.server.os.DeviceIdentifiersPolicyService
10-31 13:10:33.028 1112 1112 D SystemServerTiming: OnBootPhase_520_com.android.server.os.DeviceIdentifiersPolicyService took to complete: 0ms
10-31 13:10:33.028 1112 1112 I SystemServerTiming: OnBootPhase_520_com.android.server.uri.UriGrantsManagerService$Lifecycle
10-31 13:10:33.028 1112 1112 D SystemServerTiming: OnBootPhase_520_com.android.server.uri.UriGrantsManagerService$Lifecycle took to complete: 0ms
10-31 13:10:33.028 1112 1112 I SystemServerTiming: OnBootPhase_520_com.android.server.powerstats.PowerStatsService
10-31 13:10:33.028 1112 1112 D SystemServerTiming: OnBootPhase_520_com.android.server.powerstats.PowerStatsService took to complete: 0ms
10-31 13:10:33.028 1112 1112 I SystemServerTiming: OnBootPhase_520_com.android.server.wm.ActivityTaskManagerService$Lifecycle
10-31 13:10:33.028 1112 1112 D SystemServerTiming: OnBootPhase_520_com.android.server.wm.ActivityTaskManagerService$Lifecycle took to complete: 0ms
10-31 13:10:33.028 1112 1112 I SystemServerTiming: OnBootPhase_520_com.android.server.am.ActivityManagerService$Lifecycle
10-31 13:10:33.028 1112 1112 D SystemServerTiming: OnBootPhase_520_com.android.server.am.ActivityManagerService$Lifecycle took to complete: 0ms
10-31 13:10:33.028 1112 1112 I SystemServerTiming: OnBootPhase_520_com.android.server.pm.DataLoaderManagerService
10-31 13:10:33.028 1112 1112 D SystemServerTiming: OnBootPhase_520_com.android.server.pm.DataLoaderManagerService took to complete: 0ms
10-31 13:10:33.028 1112 1112 I SystemServerTiming: OnBootPhase_520_com.android.server.power.PowerManagerService
10-31 13:10:33.028 1112 1112 D SystemServerTiming: OnBootPhase_520_com.android.server.power.PowerManagerService took to complete: 0ms
10-31 13:10:33.028 1112 1112 I SystemServerTiming: OnBootPhase_520_com.android.server.power.ThermalManagerService
10-31 13:10:33.028 1112 1112 D SystemServerTiming: OnBootPhase_520_com.android.server.power.ThermalManagerService took to complete: 0ms
10-31 13:10:33.028 1112 1112 I SystemServerTiming: OnBootPhase_520_com.android.server.power.hint.HintManagerService
10-31 13:10:33.029 1112 1112 D SystemServerTiming: OnBootPhase_520_com.android.server.power.hint.HintManagerService took to complete: 0ms
10-31 13:10:33.029 1112 1112 I SystemServerTiming: OnBootPhase_520_com.android.server.recoverysystem.RecoverySystemService$Lifecycle
10-31 13:10:33.029 1112 1112 D SystemServerTiming: OnBootPhase_520_com.android.server.recoverysystem.RecoverySystemService$Lifecycle took to complete: 0ms
10-31 13:10:33.029 1112 1112 I SystemServerTiming: OnBootPhase_520_com.android.server.lights.LightsService
10-31 13:10:33.029 1112 1112 D SystemServerTiming: OnBootPhase_520_com.android.server.lights.LightsService took to complete: 0ms
10-31 13:10:33.029 1112 1112 I SystemServerTiming: OnBootPhase_520_com.android.server.display.DisplayManagerService
10-31 13:10:33.029 1112 1112 D SystemServerTiming: OnBootPhase_520_com.android.server.display.DisplayManagerService took to complete: 0ms
10-31 13:10:33.029 1112 1112 I SystemServerTiming: OnBootPhase_520_com.android.server.pm.verify.domain.DomainVerificationService
10-31 13:10:33.029 1112 1112 D SystemServerTiming: OnBootPhase_520_com.android.server.pm.verify.domain.DomainVerificationService took to complete: 0ms
10-31 13:10:33.029 1112 1112 I SystemServerTiming: OnBootPhase_520_com.android.server.pm.PackageInstallerService$Lifecycle
10-31 13:10:33.029 1112 1112 D SystemServerTiming: OnBootPhase_520_com.android.server.pm.PackageInstallerService$Lifecycle took to complete: 0ms
10-31 13:10:33.029 1112 1112 I SystemServerTiming: OnBootPhase_520_com.android.server.pm.UserManagerService$LifeCycle
10-31 13:10:33.029 1112 1112 D SystemServerTiming: OnBootPhase_520_com.android.server.pm.UserManagerService$LifeCycle took to complete: 0ms
10-31 13:10:33.029 1112 1112 I SystemServerTiming: OnBootPhase_520_com.android.server.om.OverlayManagerService
10-31 13:10:33.029 1112 1112 D SystemServerTiming: OnBootPhase_520_com.android.server.om.OverlayManagerService took to complete: 0ms
10-31 13:10:33.029 1112 1112 I SystemServerTiming: OnBootPhase_520_com.android.server.SensorPrivacyService
10-31 13:10:33.029 1112 1112 D SystemServerTiming: OnBootPhase_520_com.android.server.SensorPrivacyService took to complete: 0ms
10-31 13:10:33.029 1112 1112 I SystemServerTiming: OnBootPhase_520_com.android.server.thunderperf.ThunderBoostPerfService
10-31 13:10:33.029 1112 1112 D SystemServerTiming: OnBootPhase_520_com.android.server.thunderperf.ThunderBoostPerfService took to complete: 0ms
10-31 13:10:33.029 1112 1112 I SystemServerTiming: OnBootPhase_520_com.android.server.sensors.SensorService
10-31 13:10:33.029 1112 1112 D SystemServerTiming: OnBootPhase_520_com.android.server.sensors.SensorService took to complete: 0ms
10-31 13:10:33.029 1112 1112 I SystemServerTiming: OnBootPhase_520_com.android.server.SystemConfigService
10-31 13:10:33.030 1112 1112 D SystemServerTiming: OnBootPhase_520_com.android.server.SystemConfigService took to complete: 0ms
10-31 13:10:33.030 1112 1112 I SystemServerTiming: OnBootPhase_520_com.android.server.BatteryService
10-31 13:10:33.030 1112 1112 D SystemServerTiming: OnBootPhase_520_com.android.server.BatteryService took to complete: 0ms
01-01 09:54:56.643 0 0 E : INFO: trying to register non-static key.
10-31 13:10:33.030 1112 1112 I SystemServerTiming: OnBootPhase_520_com.android.server.usage.UsageStatsService
01-01 09:54:56.648 0 0 E : the code is fine but needs lockdep annotation.
10-31 13:10:33.030 1112 1112 D SystemServerTiming: OnBootPhase_520_com.android.server.usage.UsageStatsService took to complete: 0ms
10-31 13:10:33.030 1112 1112 I SystemServerTiming: OnBootPhase_520_com.android.server.webkit.WebViewUpdateService
10-31 13:10:33.030 1112 1112 D SystemServerTiming: OnBootPhase_520_com.android.server.webkit.WebViewUpdateService took to complete: 0ms
10-31 13:10:33.030 1112 1112 I SystemServerTiming: OnBootPhase_520_com.android.server.CachedDeviceStateService
10-31 13:10:33.030 1112 1112 D SystemServerTiming: OnBootPhase_520_com.android.server.CachedDeviceStateService took to complete: 0ms
10-31 13:10:33.030 1112 1112 I SystemServerTiming: OnBootPhase_520_com.android.server.BinderCallsStatsService$LifeCycle
10-31 13:10:33.030 1112 1112 D SystemServerTiming: OnBootPhase_520_com.android.server.BinderCallsStatsService$LifeCycle took to complete: 0ms
10-31 13:10:33.030 1112 1112 I SystemServerTiming: OnBootPhase_520_com.android.server.LooperStatsService$Lifecycle
10-31 13:10:33.030 1112 1112 D SystemServerTiming: OnBootPhase_520_com.android.server.LooperStatsService$Lifecycle took to complete: 0ms
10-31 13:10:33.030 1112 1112 I SystemServerTiming: OnBootPhase_520_com.android.server.rollback.RollbackManagerService
10-31 13:10:33.030 1112 1112 D SystemServerTiming: OnBootPhase_520_com.android.server.rollback.RollbackManagerService took to complete: 0ms
10-31 13:10:33.030 1112 1112 I SystemServerTiming: OnBootPhase_520_com.android.server.os.NativeTombstoneManagerService
10-31 13:10:33.030 1112 1112 D SystemServerTiming: OnBootPhase_520_com.android.server.os.NativeTombstoneManagerService took to complete: 0ms
10-31 13:10:33.030 1112 1112 I SystemServerTiming: OnBootPhase_520_com.android.server.os.BugreportManagerService
10-31 13:10:33.030 1112 1112 D SystemServerTiming: OnBootPhase_520_com.android.server.os.BugreportManagerService took to complete: 0ms
10-31 13:10:33.031 1112 1112 I SystemServerTiming: OnBootPhase_520_com.android.server.gpu.GpuService
10-31 13:10:33.031 1112 1112 D SystemServerTiming: OnBootPhase_520_com.android.server.gpu.GpuService took to complete: 0ms
01-01 09:54:56.654 0 0 I : CPU: 7 PID: 331 Comm: kworker/u16:9 Tainted: G S W O 4.19.157+ #1
10-31 13:10:33.031 1112 1112 I SystemServerTiming: OnBootPhase_520_com.android.server.security.KeyChainSystemService
01-01 09:54:56.654 0 0 I Hardware name: Qualcomm Technologies, Inc. kona MTP-RmPM8150b. VC1(FSE) EVT1 (DT)
01-01 09:54:56.654 0 0 I Workqueue: events_unbound ion_system_secure_heap_prefetch_work
01-01 09:54:56.654 0 0 I Call trace:
01-01 09:54:56.654 0 0 I : dump_backtrace+0x0/0x258
01-01 09:54:56.654 0 0 I : show_stack+0x20/0x30
01-01 09:54:56.654 0 0 I : dump_stack+0xd8/0x12c
01-01 09:54:56.654 0 0 I : register_lock_class+0x4d0/0x5c8
01-01 09:54:56.654 0 0 I : __lock_acquire+0xbc/0x1e58
01-01 09:54:56.654 0 0 I : lock_acquire+0x1cc/0x218
01-01 09:54:56.654 0 0 I : _raw_spin_lock_irqsave+0x54/0x98
10-31 13:10:33.031 1112 1112 D SystemServerTiming: OnBootPhase_520_com.android.server.security.KeyChainSystemService took to complete: 0ms
10-31 13:10:33.031 1112 1112 I SystemServerTiming: OnBootPhase_520_com.android.server.telecom.TelecomLoaderService
10-31 13:10:33.031 1112 1112 D SystemServerTiming: OnBootPhase_520_com.android.server.telecom.TelecomLoaderService took to complete: 0ms
10-31 13:10:33.031 1112 1112 I SystemServerTiming: OnBootPhase_520_com.android.server.accounts.AccountManagerService$Lifecycle
10-31 13:10:33.031 1112 1112 D SystemServerTiming: OnBootPhase_520_com.android.server.accounts.AccountManagerService$Lifecycle took to complete: 0ms
10-31 13:10:33.031 1112 1112 I SystemServerTiming: OnBootPhase_520_com.android.server.content.ContentService$Lifecycle
10-31 13:10:33.031 1112 1112 D SystemServerTiming: OnBootPhase_520_com.android.server.content.ContentService$Lifecycle took to complete: 0ms
10-31 13:10:33.031 1112 1112 I SystemServerTiming: OnBootPhase_520_com.android.server.DropBoxManagerService
10-31 13:10:33.031 1112 1112 D SystemServerTiming: OnBootPhase_520_com.android.server.DropBoxManagerService took to complete: 0ms
10-31 13:10:33.031 1112 1112 I SystemServerTiming: OnBootPhase_520_com.android.role.RoleService
10-31 13:10:33.031 1112 1112 D SystemServerTiming: OnBootPhase_520_com.android.role.RoleService took to complete: 0ms
10-31 13:10:33.031 1112 1112 I SystemServerTiming: OnBootPhase_520_com.android.server.vibrator.VibratorManagerService$Lifecycle
10-31 13:10:33.031 1112 1112 D SystemServerTiming: OnBootPhase_520_com.android.server.vibrator.VibratorManagerService$Lifecycle took to complete: 0ms
10-31 13:10:33.031 1112 1112 I SystemServerTiming: OnBootPhase_520_com.android.server.alarm.AlarmManagerService
10-31 13:10:33.031 1112 1112 D SystemServerTiming: OnBootPhase_520_com.android.server.alarm.AlarmManagerService took to complete: 0ms
10-31 13:10:33.031 1112 1112 I SystemServerTiming: OnBootPhase_520_com.android.server.devicestate.DeviceStateManagerService
10-31 13:10:33.031 1112 1112 D SystemServerTiming: OnBootPhase_520_com.android.server.devicestate.DeviceStateManagerService took to complete: 0ms
01-01 09:54:56.654 0 0 I : ion_system_secure_heap_prefetch_work+0x94/0x2c0
10-31 13:10:33.031 1112 1112 I SystemServerTiming: OnBootPhase_520_com.android.server.camera.CameraServiceProxy
10-31 13:10:33.031 1112 1112 D SystemServerTiming: OnBootPhase_520_com.android.server.camera.CameraServiceProxy took to complete: 0ms
10-31 13:10:33.031 1112 1112 I SystemServerTiming: OnBootPhase_520_com.android.server.BluetoothService
10-31 13:10:33.031 1112 1112 D SystemServerTiming: OnBootPhase_520_com.android.server.BluetoothService took to complete: 0ms
10-31 13:10:33.032 1112 1112 I SystemServerTiming: OnBootPhase_520_com.android.server.connectivity.IpConnectivityMetrics
10-31 13:10:33.032 1112 1112 D SystemServerTiming: OnBootPhase_520_com.android.server.connectivity.IpConnectivityMetrics took to complete: 0ms
10-31 13:10:33.032 1112 1112 I SystemServerTiming: OnBootPhase_520_com.android.server.net.watchlist.NetworkWatchlistService$Lifecycle
10-31 13:10:33.032 1112 1112 D SystemServerTiming: OnBootPhase_520_com.android.server.net.watchlist.NetworkWatchlistService$Lifecycle took to complete: 0ms
10-31 13:10:33.032 1112 1112 I SystemServerTiming: OnBootPhase_520_com.android.server.PinnerService
01-01 09:54:56.654 0 0 I : process_one_work+0x38c/0x660
01-01 09:54:56.654 0 0 I : worker_thread+0x268/0x4b8
01-01 09:54:56.654 0 0 I : kthread+0x140/0x150
01-01 09:54:56.654 0 0 I : ret_from_fork+0x10/0x1c
10-31 13:10:33.032 1112 1112 D SystemServerTiming: OnBootPhase_520_com.android.server.PinnerService took to complete: 0ms
10-31 13:10:33.032 1112 1112 I SystemServerTiming: OnBootPhase_520_com.google.android.startop.iorap.IorapForwardingService
10-31 13:10:33.032 1112 1112 D SystemServerTiming: OnBootPhase_520_com.google.android.startop.iorap.IorapForwardingService took to complete: 0ms
10-31 13:10:33.032 1112 1112 I SystemServerTiming: OnBootPhase_520_com.android.server.ActivityTriggerService
10-31 13:10:33.032 1112 1112 D SystemServerTiming: OnBootPhase_520_com.android.server.ActivityTriggerService took to complete: 0ms
10-31 13:10:33.032 1112 1112 I SystemServerTiming: OnBootPhase_520_com.android.server.integrity.AppIntegrityManagerService
10-31 13:10:33.032 1112 1112 D SystemServerTiming: OnBootPhase_520_com.android.server.integrity.AppIntegrityManagerService took to complete: 0ms
10-31 13:10:33.032 1112 1112 I SystemServerTiming: OnBootPhase_520_com.android.server.inputmethod.InputMethodManagerService$Lifecycle
10-31 13:10:33.032 1112 1112 D SystemServerTiming: OnBootPhase_520_com.android.server.inputmethod.InputMethodManagerService$Lifecycle took to complete: 0ms
10-31 13:10:33.032 1112 1112 I SystemServerTiming: OnBootPhase_520_com.android.server.accessibility.AccessibilityManagerService$Lifecycle
10-31 13:10:33.032 1112 1112 D SystemServerTiming: OnBootPhase_520_com.android.server.accessibility.AccessibilityManagerService$Lifecycle took to complete: 0ms
10-31 13:10:33.032 1112 1112 I SystemServerTiming: OnBootPhase_520_com.android.server.StorageManagerService$Lifecycle
10-31 13:10:33.032 1112 1112 D SystemServerTiming: OnBootPhase_520_com.android.server.StorageManagerService$Lifecycle took to complete: 0ms
10-31 13:10:33.032 1112 1112 I SystemServerTiming: OnBootPhase_520_com.android.server.usage.StorageStatsService$Lifecycle
10-31 13:10:33.032 1112 1112 D SystemServerTiming: OnBootPhase_520_com.android.server.usage.StorageStatsService$Lifecycle took to complete: 0ms
10-31 13:10:33.032 1112 1112 I SystemServerTiming: OnBootPhase_520_com.android.server.UiModeManagerService
10-31 13:10:33.033 1112 1112 D SystemServerTiming: OnBootPhase_520_com.android.server.UiModeManagerService took to complete: 0ms
10-31 13:10:33.033 1112 1112 I SystemServerTiming: OnBootPhase_520_com.android.server.locksettings.LockSettingsService$Lifecycle
10-31 13:10:33.033 1112 1112 D SystemServerTiming: OnBootPhase_520_com.android.server.locksettings.LockSettingsService$Lifecycle took to complete: 0ms
10-31 13:10:33.033 1112 1112 I SystemServerTiming: OnBootPhase_520_com.android.server.PersistentDataBlockService
10-31 13:10:33.033 1112 1112 D SystemServerTiming: OnBootPhase_520_com.android.server.PersistentDataBlockService took to complete: 0ms
10-31 13:10:33.033 1112 1112 I SystemServerTiming: OnBootPhase_520_com.android.server.testharness.TestHarnessModeService
10-31 13:10:33.033 1112 1112 D SystemServerTiming: OnBootPhase_520_com.android.server.testharness.TestHarnessModeService took to complete: 0ms
10-31 13:10:33.033 1112 1112 I SystemServerTiming: OnBootPhase_520_com.android.server.oemlock.OemLockService
10-31 13:10:33.033 1112 1112 D SystemServerTiming: OnBootPhase_520_com.android.server.oemlock.OemLockService took to complete: 0ms
10-31 13:10:33.033 1112 1112 I SystemServerTiming: OnBootPhase_520_com.android.server.DeviceIdleController
10-31 13:10:33.033 1112 1112 D SystemServerTiming: OnBootPhase_520_com.android.server.DeviceIdleController took to complete: 0ms
10-31 13:10:33.033 1112 1112 I SystemServerTiming: OnBootPhase_520_com.android.server.devicepolicy.DevicePolicyManagerService$Lifecycle
10-31 13:10:33.033 1112 1112 D SystemServerTiming: OnBootPhase_520_com.android.server.devicepolicy.DevicePolicyManagerService$Lifecycle took to complete: 0ms
10-31 13:10:33.033 1112 1112 I SystemServerTiming: OnBootPhase_520_com.android.server.texttospeech.TextToSpeechManagerService
10-31 13:10:33.033 1112 1112 D SystemServerTiming: OnBootPhase_520_com.android.server.texttospeech.TextToSpeechManagerService took to complete: 0ms
10-31 13:10:33.033 1112 1112 I SystemServerTiming: OnBootPhase_520_com.android.server.speech.SpeechRecognitionManagerService
10-31 13:10:33.033 1112 1112 D SystemServerTiming: OnBootPhase_520_com.android.server.speech.SpeechRecognitionManagerService took to complete: 0ms
10-31 13:10:33.033 1112 1112 I SystemServerTiming: OnBootPhase_520_com.android.server.searchui.SearchUiManagerService
10-31 13:10:33.033 1112 1112 D SystemServerTiming: OnBootPhase_520_com.android.server.searchui.SearchUiManagerService took to complete: 0ms
10-31 13:10:33.033 1112 1112 I SystemServerTiming: OnBootPhase_520_com.android.server.smartspace.SmartspaceManagerService
10-31 13:10:33.034 1112 1112 D SystemServerTiming: OnBootPhase_520_com.android.server.smartspace.SmartspaceManagerService took to complete: 0ms
10-31 13:10:33.034 1112 1112 I SystemServerTiming: OnBootPhase_520_com.android.server.graphics.fonts.FontManagerService$Lifecycle
10-31 13:10:33.034 1112 1112 D SystemServerTiming: OnBootPhase_520_com.android.server.graphics.fonts.FontManagerService$Lifecycle took to complete: 0ms
10-31 13:10:33.034 1112 1112 I SystemServerTiming: OnBootPhase_520_com.android.server.textservices.TextServicesManagerService$Lifecycle
10-31 13:10:33.034 1112 1112 D SystemServerTiming: OnBootPhase_520_com.android.server.textservices.TextServicesManagerService$Lifecycle took to complete: 0ms
10-31 13:10:33.034 1112 1112 I SystemServerTiming: OnBootPhase_520_com.android.server.textclassifier.TextClassificationManagerService$Lifecycle
10-31 13:10:33.034 1112 1112 D SystemServerTiming: OnBootPhase_520_com.android.server.textclassifier.TextClassificationManagerService$Lifecycle took to complete: 0ms
10-31 13:10:33.035 1112 1112 I SystemServerTiming: OnBootPhase_520_com.android.server.NetworkScoreService$Lifecycle
10-31 13:10:33.035 1112 1112 D SystemServerTiming: OnBootPhase_520_com.android.server.NetworkScoreService$Lifecycle took to complete: 0ms
10-31 13:10:33.035 1112 1112 I SystemServerTiming: OnBootPhase_520_com.android.server.wifi.WifiService
10-31 13:10:33.035 1112 1112 D SystemServerTiming: OnBootPhase_520_com.android.server.wifi.WifiService took to complete: 0ms
10-31 13:10:33.035 1112 1112 I SystemServerTiming: OnBootPhase_520_com.android.server.wifi.scanner.WifiScanningService
10-31 13:10:33.035 1112 1112 D SystemServerTiming: OnBootPhase_520_com.android.server.wifi.scanner.WifiScanningService took to complete: 0ms
10-31 13:10:33.035 1112 1112 I SystemServerTiming: OnBootPhase_520_com.android.server.wifi.rtt.RttService
10-31 13:10:33.036 1112 1112 D SystemServerTiming: OnBootPhase_520_com.android.server.wifi.rtt.RttService took to complete: 0ms
10-31 13:10:33.036 1112 1112 I SystemServerTiming: OnBootPhase_520_com.android.server.wifi.aware.WifiAwareService
10-31 13:10:33.036 1112 1112 D SystemServerTiming: OnBootPhase_520_com.android.server.wifi.aware.WifiAwareService took to complete: 0ms
10-31 13:10:33.036 1112 1112 I SystemServerTiming: OnBootPhase_520_com.android.server.wifi.p2p.WifiP2pService
10-31 13:10:33.036 1112 1112 D SystemServerTiming: OnBootPhase_520_com.android.server.wifi.p2p.WifiP2pService took to complete: 0ms
10-31 13:10:33.036 1112 1112 I SystemServerTiming: OnBootPhase_520_com.android.server.ethernet.EthernetService
10-31 13:10:33.036 1112 1112 D SystemServerTiming: OnBootPhase_520_com.android.server.ethernet.EthernetService took to complete: 0ms
10-31 13:10:33.036 1112 1112 I SystemServerTiming: OnBootPhase_520_com.android.server.ConnectivityServiceInitializer
10-31 13:10:33.036 1112 1112 D SystemServerTiming: OnBootPhase_520_com.android.server.ConnectivityServiceInitializer took to complete: 0ms
10-31 13:10:33.036 1112 1112 I SystemServerTiming: OnBootPhase_520_com.android.server.notification.NotificationManagerService
10-31 13:10:33.036 1112 1112 D SystemServerTiming: OnBootPhase_520_com.android.server.notification.NotificationManagerService took to complete: 0ms
10-31 13:10:33.037 1112 1112 I SystemServerTiming: OnBootPhase_520_com.android.server.storage.DeviceStorageMonitorService
10-31 13:10:33.037 1112 1112 D SystemServerTiming: OnBootPhase_520_com.android.server.storage.DeviceStorageMonitorService took to complete: 0ms
10-31 13:10:33.037 1112 1112 I SystemServerTiming: OnBootPhase_520_com.android.server.location.LocationManagerService$Lifecycle
10-31 13:10:33.037 1112 1112 D SystemServerTiming: OnBootPhase_520_com.android.server.location.LocationManagerService$Lifecycle took to complete: 0ms
10-31 13:10:33.037 1112 1112 I SystemServerTiming: OnBootPhase_520_com.android.server.timedetector.TimeDetectorService$Lifecycle
10-31 13:10:33.037 1112 1112 D SystemServerTiming: OnBootPhase_520_com.android.server.timedetector.TimeDetectorService$Lifecycle took to complete: 0ms
10-31 13:10:33.037 1112 1112 I SystemServerTiming: OnBootPhase_520_com.android.server.timezonedetector.TimeZoneDetectorService$Lifecycle
10-31 13:10:33.037 1112 1112 D SystemServerTiming: OnBootPhase_520_com.android.server.timezonedetector.TimeZoneDetectorService$Lifecycle took to complete: 0ms
10-31 13:10:33.038 1112 1112 I SystemServerTiming: OnBootPhase_520_com.android.server.timezonedetector.location.LocationTimeZoneManagerService$Lifecycle
10-31 13:10:33.038 1112 1112 D SystemServerTiming: OnBootPhase_520_com.android.server.timezonedetector.location.LocationTimeZoneManagerService$Lifecycle took to complete: 0ms
10-31 13:10:33.038 1112 1112 I SystemServerTiming: OnBootPhase_520_com.android.server.search.SearchManagerService$Lifecycle
10-31 13:10:33.038 1112 1112 D SystemServerTiming: OnBootPhase_520_com.android.server.search.SearchManagerService$Lifecycle took to complete: 0ms
10-31 13:10:33.038 1112 1112 I SystemServerTiming: OnBootPhase_520_com.android.server.wallpaper.WallpaperManagerService$Lifecycle
10-31 13:10:33.038 1112 1112 D SystemServerTiming: OnBootPhase_520_com.android.server.wallpaper.WallpaperManagerService$Lifecycle took to complete: 0ms
10-31 13:10:33.038 1112 1112 I SystemServerTiming: OnBootPhase_520_com.android.server.audio.AudioService$Lifecycle
10-31 13:10:33.038 1112 1112 D SystemServerTiming: OnBootPhase_520_com.android.server.audio.AudioService$Lifecycle took to complete: 0ms
