01-01 09:54:48.646 0 0 E msm-auxpcm-dev soc: qcom,msm-tert-auxpcm: ASoC: Failed to add route TERT_AUX_PCM_RX -> direct -> Tert AUX PCM Playback
01-01 09:54:48.659 0 0 E msm-auxpcm-dev soc: qcom,msm-tert-auxpcm: ASoC: no sink widget found for TERT_AUX_PCM_TX
01-01 09:54:48.668 0 0 E msm-auxpcm-dev soc: qcom,msm-tert-auxpcm: ASoC: Failed to add route Tert AUX PCM Capture -> direct -> TERT_AUX_PCM_TX
01-01 09:54:48.681 0 0 E msm-auxpcm-dev soc: qcom,msm-quat-auxpcm: ASoC: no source widget found for QUAT_AUX_PCM_RX
01-01 09:54:48.682 0 0 I lan743x 0001: 01:00.0 eth0: using MSIX interrupts, number of vectors = 6
01-01 09:54:48.684 0 0 E i2c_geni 980000.i2c: i2c error :-107
01-01 09:54:48.684 0 0 E atmel_mxt_ts 0-004a: __mxt_read_reg_crc: i2c send failed (-5) reg (0x0000) len (7)
01-01 09:54:48.684 0 0 I atmel_mxt_ts 0-004a: : 1 -> 0
01-01 09:54:48.684 0 0 E atmel_mxt_ts 0-004a: Read ID Infomation failed, Seqnum(0)
01-01 09:54:48.684 0 0 W atmel_mxt_ts 0-004a: Read Info block check resync 1
01-01 09:54:48.684 0 0 I atmel_mxt_ts 0-004a: Resync: ++
01-01 09:54:48.684 0 0 I atmel_mxt_ts 0-004a: Resync Round : Using hardware reset to sync
01-01 09:54:48.684 0 0 I atmel_mxt_ts 0-004a: Mxt Reset (Flag: 0C)
01-01 09:54:48.684 0 0 I atmel_mxt_ts 0-004a: Resetting chip(H)
01-01 09:54:48.691 0 0 E msm-auxpcm-dev soc: qcom,msm-quat-auxpcm: ASoC: Failed to add route QUAT_AUX_PCM_RX -> direct -> Quat AUX PCM Playback
01-01 09:54:48.703 0 0 I atmel_mxt_ts 0-004a: : 0 -> 0
01-01 09:54:48.705 0 0 E msm-auxpcm-dev soc: qcom,msm-quat-auxpcm: ASoC: no sink widget found for QUAT_AUX_PCM_TX
01-01 09:54:48.716 0 0 I mv2112_config_aneg: autoneg 1
01-01 09:54:48.724 0 0 E msm-auxpcm-dev soc: qcom,msm-quat-auxpcm: ASoC: Failed to add route Quat AUX PCM Capture -> direct -> QUAT_AUX_PCM_TX
01-01 09:54:48.746 0 0 E msm-auxpcm-dev soc: qcom,msm-quin-auxpcm: ASoC: no source widget found for QUIN_AUX_PCM_RX
01-01 09:54:48.756 0 0 E msm-auxpcm-dev soc: qcom,msm-quin-auxpcm: ASoC: Failed to add route QUIN_AUX_PCM_RX -> direct -> Quin AUX PCM Playback
01-01 09:54:48.766 0 0 I : mv2112_restart_aneg
01-01 09:54:48.769 0 0 E msm-auxpcm-dev soc: qcom,msm-quin-auxpcm: ASoC: no sink widget found for QUIN_AUX_PCM_TX
01-01 09:54:48.772 0 0 E mv2112_read_status: autoneg not complete;time=35064 ms
01-01 09:54:48.772 0 0 I : mv2112_setup_forced
01-01 09:54:48.778 0 0 E msm-auxpcm-dev soc: qcom,msm-quin-auxpcm: ASoC: Failed to add route Quin AUX PCM Capture -> direct -> QUIN_AUX_PCM_TX
01-01 09:54:48.792 1343 1343 I imsrcsd : Uce Service HAL is starting up...
01-01 09:54:48.795 1343 1343 I imsrcsd : Uce Service HAL loading imsrcsbaseimpl
01-01 09:54:48.793 0 0 I lan743x 0001: 01:00.0 eth0: successfully registered ptp clock
01-01 09:54:48.798 0 0 E msm-auxpcm-dev soc: qcom,msm-sen-auxpcm: ASoC: no source widget found for SEN_AUX_PCM_RX
01-01 09:54:48.807 0 0 E msm-auxpcm-dev soc: qcom,msm-sen-auxpcm: ASoC: Failed to add route SEN_AUX_PCM_RX -> direct -> Sen AUX PCM Playback
01-01 09:54:48.811 0 0 I lan743x 0001: 01:00.0 eth0: Link is Down
01-01 09:54:48.820 0 0 E msm-auxpcm-dev soc: qcom,msm-sen-auxpcm: ASoC: no sink widget found for SEN_AUX_PCM_TX
01-01 09:54:48.829 0 0 E msm-auxpcm-dev soc: qcom,msm-sen-auxpcm: ASoC: Failed to add route Sen AUX PCM Capture -> direct -> SEN_AUX_PCM_TX
01-01 09:54:48.830 0 0 I IPv6 : ADDRCONF(NETDEV_UP): eth0: link is not ready
01-01 09:54:48.841 0 0 W msm-dai-q6-hdmi soc: qcom,msm-dai-q6-dp: DAI driver id is not set
01-01 09:54:48.872 1343 1343 I imsrcsd : Starting Service for First Time imsbaseimpl
01-01 09:54:48.881 1343 1343 I imsrcsd : Interface com.qualcomm.qti.uceservice@2.3::IUceService com.qualcomm.qti.uceservice is found in manifest
01-01 09:54:48.883 1343 1343 I HidlServiceManagement: Registered com.qualcomm.qti.uceservice@2.3::IUceService/com.qualcomm.qti.uceservice (start delay of 160ms)
01-01 09:54:48.888 1343 1343 I imsrcsd : Interface com.qualcomm.qti.imscmservice@2.2::IImsCmService qti.ims.connectionmanagerservice is found in manifest
01-01 09:54:48.889 1343 1343 I HidlServiceManagement: Registered com.qualcomm.qti.imscmservice@2.2::IImsCmService/qti.ims.connectionmanagerservice (start delay of 166ms)
01-01 09:54:48.891 1343 1343 I imsrcsd : Interface vendor.qti.ims.factory@1.1::IImsFactory default is not found in manifest
01-01 09:54:48.896 1343 1343 I imsrcsd : Interface vendor.qti.ims.factory@1.0::IImsFactory default is found in manifest
01-01 09:54:48.897 1343 1343 I HidlServiceManagement: Registered vendor.qti.ims.factory@1.0::IImsFactory/default (start delay of 174ms)
01-01 09:54:48.899 1343 1343 I imsrcsd : Interface vendor.qti.ims.callinfo@1.0::IService default is found in manifest
01-01 09:54:48.921 1343 1343 I HidlServiceManagement: Registered vendor.qti.ims.callinfo@1.0::IService/default (start delay of 198ms)
01-01 09:54:48.921 1343 1343 I imsrcsd : ImsRcsBaseImpl ImsCallInfo After Registering Service
01-01 09:54:49.003 0 0 I : ip (1358) used greatest stack depth: 9848 bytes left
01-01 09:54:49.065 0 0 I binder : 1283:1283 ioctl 40046210 ffc6e168 returned -22
01-01 09:54:49.069 0 0 I binder : 1283:1283 ioctl 40046210 ffc6e150 returned -22
01-01 09:54:49.208 0 0 I binder : 1262:1262 ioctl 40046210 7fefd521f4 returned -22
01-01 09:54:49.211 0 0 I binder : 1262:1262 ioctl 40046210 7fefd52214 returned -22
01-01 09:54:49.256 0 0 I cnss-daemon: NL group_id 10, cnss_nl.family_id 28
01-01 09:54:49.256 0 0 I cnss-daemon: wlfw_start: Starting
01-01 09:54:49.260 0 0 I binder : 1377:1377 ioctl 40046210 7fc16e1154 returned -22
01-01 09:54:49.293 0 0 I cnss-daemon: ro.baseband : [apq]
01-01 09:54:49.293 0 0 I cnss-daemon: Hardware supports external modem
01-01 09:54:49.303 0 0 I cnss-daemon: wlfw_service_request: Start the pthread: 0x0K
01-01 09:54:49.303 0 0 I cnss-daemon: no interop issues ap currently
01-01 09:54:49.380 0 0 I cnss-daemon: pm_release_vote: pm_handle is NULL
01-01 09:54:49.380 0 0 I cnss-daemon: pm_release_vote: pm_handle is NULL
01-01 09:54:49.381 0 0 I cnss-daemon: wlfw_build_cal_table: not read /data/vendor/wifi/wlfw_cal_00.bin
01-01 09:54:49.395 0 0 I cnss-daemon: wlfw_build_cal_table: not read /data/vendor/wifi/wlfw_cal_02.bin
01-01 09:54:49.402 0 0 D cnss : Received QMI WLFW request memory indication
01-01 09:54:49.402 0 0 D cnss : FW requests for memory, size: 0x5e0000, type: 1
01-01 09:54:49.402 0 0 D cnss : FW requests for memory, size: 0xd8000, type: 4
01-01 09:54:49.402 0 0 D cnss : Posting event: REQUEST_MEM(2), state: 0x9 flags: 0x0
01-01 09:54:49.403 0 0 D cnss : PM stay awake, state: 0x9, count: 1
01-01 09:54:49.403 0 0 D cnss : PM stay awake, state: 0x9, count: 1
01-01 09:54:49.403 0 0 D cnss : Processing driver event: REQUEST_MEM(2), state: 0x9
01-01 09:54:49.405 0 0 D cnss : PM relax, state: 0x9, count: 0
01-01 09:54:49.485 0 0 I binder : 1435:1435 ioctl 40046210 7fe5b6f504 returned -22
01-01 09:54:49.486 0 0 I binder : 1435:1435 ioctl 40046210 7fe5b6f334 returned -22
01-01 09:54:49.502 0 0 E bolero-codec soc: qcom,msm-audio-apr:qcom,q6core-audio:bolero-cdc: ASoC: unknown pin WSA AIF VI
01-01 09:54:49.545 0 0 W swr-wcd rx_swr_ctrl: DMA mask not set
01-01 09:54:49.565 0 0 I binder : 1472:1472 ioctl 40046210 7fe226e9e4 returned -22
01-01 09:54:49.579 1452 1452 I auditd : type=1400 audit(0.0:83): avc: denied { read } for comm="tzlog" name="qsee_log" dev="debugfs" ino=20492 scontext=u:r:np_thundercomm_tlog:s0 tcontext=u:object_r:debugfs:s0 tclass=file permissive=0
01-01 09:54:49.579 1452 1452 I auditd : type=1400 audit(0.0:84): avc: denied { read } for comm="tzlog" name="log" dev="debugfs" ino=20491 scontext=u:r:np_thundercomm_tlog:s0 tcontext=u:object_r:debugfs:s0 tclass=file permissive=0
01-01 09:54:49.633 0 0 I binder : 1458:1458 ioctl 40046210 7feb587254 returned -22
01-01 09:54:49.637 0 0 E swr-wcd rx_swr_ctrl: swrm_get_logical_dev_num: device 0xd01170224 is not ready
01-01 09:54:49.652 0 0 I binder : 1458:1458 ioctl 40046210 7feb586e54 returned -22
01-01 09:54:49.655 0 0 E swr_get_logical_dev_num: Error -22 to get logical addr for device d01170224
01-01 09:54:49.667 0 0 E kona-asoc-snd soc: qcom,msm-audio-apr:qcom,q6core-audio:sound: ASoC: no source widget found for MIC BIAS1
01-01 09:54:49.672 0 0 D qbt : qbt_open: entry minor_no=0 fd_available=1
01-01 09:54:49.687 1494 1494 I TLOC : [main ]"TLOC DAEMON main thread"
01-01 09:54:49.688 1494 1494 D TLOC : [TLOCDaemon ]"---------- TLOC Daemon Starts ----------"
01-01 09:54:49.679 0 0 E kona-asoc-snd soc: qcom,msm-audio-apr:qcom,q6core-audio:sound: ASoC: Failed to add route MIC BIAS1 -> direct -> AMIC1
01-01 09:54:49.688 0 0 D qbt : qbt_open: exit : 0 fd_available=0
01-01 09:54:49.695 1494 1494 D TLOC : [TLOCChannel]"The channel was initialized successfully for TLOCD"
01-01 09:54:49.704 1494 1494 D TLOC : [TLOCChannel]"The channel was initialized successfully for TLOCL"
01-01 09:54:49.706 1494 1494 D TLOC : [TLOCChannel]"The channel was initialized successfully for MODEM"
01-01 09:54:49.706 1494 1494 D TLOC : [TLOCChannel]"TLOCChannel was initialized successfully"
01-01 09:54:49.706 1494 1494 D TLOC : [TLOCChannel] "TLOCChannel is already initialized"
01-01 09:54:49.691 0 0 E swr-wcd rx_swr_ctrl: swrm_get_logical_dev_num: device 0xd01170224 is not ready
01-01 09:54:49.701 0 0 E kona-asoc-snd soc: qcom,msm-audio-apr:qcom,q6core-audio:sound: ASoC: no sink widget found for MIC BIAS1
01-01 09:54:49.710 0 0 D qbt : qbt_open: entry minor_no=1 fd_available=0
01-01 09:54:49.712 0 0 E swr_get_logical_dev_num: Error -22 to get logical addr for device d01170224
01-01 09:54:49.712 0 0 D qbt : qbt_open: exit : 0 fd_available=0
01-01 09:54:49.720 0 0 E kona-asoc-snd soc: qcom,msm-audio-apr:qcom,q6core-audio:sound: ASoC: Failed to add route Analog Mic1 -> direct -> MIC BIAS1
01-01 09:54:49.730 0 0 D qbt : qbt_ioctl: cmd received 102
01-01 09:54:49.733 0 0 D qbt : qbt_ioctl: qbt_ioctl: QBT_ENABLE_IPC
01-01 09:54:49.733 0 0 E swr-wcd rx_swr_ctrl: swrm_get_logical_dev_num: device 0xd01170224 is not ready
01-01 09:54:49.733 0 0 D qbt : qbt_ioctl: cmd received 107
01-01 09:54:49.743 0 0 I atmel_mxt_ts 0-004a: : 0 -> 0
01-01 09:54:49.743 0 0 I atmel_mxt_ts 0-004a: Resync: Read Info block (0, 1540): seq(0) i(2), j(0), k(0)
01-01 09:54:49.743 0 0 E kona-asoc-snd soc: qcom,msm-audio-apr:qcom,q6core-audio:sound: ASoC: no source widget found for MIC BIAS2
01-01 09:54:49.743 0 0 E i2c_geni 980000.i2c: i2c error :-107
01-01 09:54:49.749 0 0 D qbt : qbt_ioctl: Acquiring wakelock
01-01 09:54:49.754 0 0 E swr_get_logical_dev_num: Error -22 to get logical addr for device d01170224
01-01 09:54:49.763 0 0 E atmel_mxt_ts 0-004a: __mxt_read_reg_crc: i2c send failed (-5) reg (0x0000) len (1540)
01-01 09:54:49.767 0 0 E kona-asoc-snd soc: qcom,msm-audio-apr:qcom,q6core-audio:sound: ASoC: Failed to add route MIC BIAS2 -> direct -> AMIC2
01-01 09:54:49.776 0 0 I : read descriptors
01-01 09:54:49.776 0 0 I : read strings
01-01 09:54:49.777 0 0 I atmel_mxt_ts 0-004a: : 1 -> 0
01-01 09:54:49.792 0 0 E atmel_mxt_ts 0-004a: Resync Read Info Block failed (I2C communication error?), Seqnum(0)
01-01 09:54:49.798 0 0 E swr-wcd rx_swr_ctrl: swrm_get_logical_dev_num: device 0xd01170224 is not ready
01-01 09:54:49.812 0 0 E kona-asoc-snd soc: qcom,msm-audio-apr:qcom,q6core-audio:sound: ASoC: no sink widget found for MIC BIAS2
01-01 09:54:49.823 0 0 E swr_get_logical_dev_num: Error -22 to get logical addr for device d01170224
01-01 09:54:49.832 0 0 E kona-asoc-snd soc: qcom,msm-audio-apr:qcom,q6core-audio:sound: ASoC: Failed to add route Analog Mic2 -> direct -> MIC BIAS2
01-01 09:54:49.845 0 0 E swr-wcd rx_swr_ctrl: swrm_get_logical_dev_num: device 0xd01170224 is not ready
01-01 09:54:49.852 0 0 I capability: warning: `msm_irqbalance' uses 32-bit capabilities (legacy support in use)
01-01 09:54:49.854 0 0 E kona-asoc-snd soc: qcom,msm-audio-apr:qcom,q6core-audio:sound: ASoC: no source widget found for MIC BIAS3
01-01 09:54:49.865 0 0 E swr_get_logical_dev_num: Error -22 to get logical addr for device d01170224
01-01 09:54:49.867 0 0 E i2c_geni 980000.i2c: i2c error :-107
01-01 09:54:49.874 0 0 E kona-asoc-snd soc: qcom,msm-audio-apr:qcom,q6core-audio:sound: ASoC: Failed to add route MIC BIAS3 -> direct -> AMIC3
01-01 09:54:49.890 0 0 E : [MAX975X:max96755g_write_bytes] *ERROR* i2c master send 0x8E err
01-01 09:54:49.891 0 0 E wcd938x_codec wcd938x-codec: wcd938x_bind: Slave bind failed, ret = -517
01-01 09:54:49.908 0 0 E kona-asoc-snd soc: qcom,msm-audio-apr:qcom,q6core-audio:sound: ASoC: no sink widget found for MIC BIAS3
01-01 09:54:49.932 0 0 E kona-asoc-snd soc: qcom,msm-audio-apr:qcom,q6core-audio:sound: ASoC: Failed to add route Analog Mic3 -> direct -> MIC BIAS3
01-01 09:54:49.946 0 0 E kona-asoc-snd soc: qcom,msm-audio-apr:qcom,q6core-audio:sound: ASoC: no source widget found for MIC BIAS3
01-01 09:54:49.957 0 0 E kona-asoc-snd soc: qcom,msm-audio-apr:qcom,q6core-audio:sound: ASoC: Failed to add route MIC BIAS3 -> direct -> AMIC4
01-01 09:54:49.969 0 0 E kona-asoc-snd soc: qcom,msm-audio-apr:qcom,q6core-audio:sound: ASoC: no sink widget found for MIC BIAS3
01-01 09:54:49.970 0 0 I android_work: did not send uevent (0 0 0000000000000000)
01-01 09:54:49.980 0 0 E kona-asoc-snd soc: qcom,msm-audio-apr:qcom,q6core-audio:sound: ASoC: Failed to add route Analog Mic4 -> direct -> MIC BIAS3
01-01 09:54:49.993 0 0 E kona-asoc-snd soc: qcom,msm-audio-apr:qcom,q6core-audio:sound: ASoC: no source widget found for MIC BIAS4
01-01 09:54:50.004 0 0 E kona-asoc-snd soc: qcom,msm-audio-apr:qcom,q6core-audio:sound: ASoC: Failed to add route MIC BIAS4 -> direct -> AMIC5
01-01 09:54:50.011 0 0 I atmel_mxt_ts 0-004a: : 0 -> 0
01-01 09:54:50.017 0 0 E kona-asoc-snd soc: qcom,msm-audio-apr:qcom,q6core-audio:sound: ASoC: no sink widget found for MIC BIAS4
01-01 09:54:50.022 0 0 I atmel_mxt_ts 0-004a: Resync: Read Info block (0, 1540): seq(0) i(2), j(3), k(0)
01-01 09:54:50.025 0 0 I IPv6 : ADDRCONF(NETDEV_UP): vlan0: link is not ready
01-01 09:54:50.028 0 0 E kona-asoc-snd soc: qcom,msm-audio-apr:qcom,q6core-audio:sound: ASoC: Failed to add route Analog Mic5 -> direct -> MIC BIAS4
01-01 09:54:50.029 0 0 I : ip (1554) used greatest stack depth: 9736 bytes left
01-01 09:54:50.034 0 0 E i2c_geni 980000.i2c: i2c error :-107
01-01 09:54:50.034 0 0 E atmel_mxt_ts 0-004a: __mxt_read_reg_crc: i2c send failed (-5) reg (0x0000) len (1540)
01-01 09:54:50.035 0 0 I atmel_mxt_ts 0-004a: : 1 -> 0
01-01 09:54:50.035 0 0 E atmel_mxt_ts 0-004a: Resync Read Info Block failed (I2C communication error?), Seqnum(0)
01-01 09:54:50.041 0 0 E kona-asoc-snd soc: qcom,msm-audio-apr:qcom,q6core-audio:sound: ASoC: no source widget found for MIC BIAS3
01-01 09:54:50.059 1558 1558 I auditd : type=1400 audit(0.0:85): avc: denied { read } for comm="ip" name="rt_tables" dev="dm-6" ino=353 scontext=u:r:ethernet:s0 tcontext=u:object_r:net_data_file:s0 tclass=file permissive=0
01-01 09:54:50.075 1560 1560 I auditd : type=1400 audit(0.0:86): avc: denied { read } for comm="ip" name="rt_tables" dev="dm-6" ino=353 scontext=u:r:ethernet:s0 tcontext=u:object_r:net_data_file:s0 tclass=file permissive=0
01-01 09:54:50.075 0 0 E kona-asoc-snd soc: qcom,msm-audio-apr:qcom,q6core-audio:sound: ASoC: Failed to add route MIC BIAS3 -> direct -> TX DMIC0
01-01 09:54:50.079 0 0 E msm-dwc3 a600000.ssusb: Could not get usb psy
01-01 09:54:50.088 0 0 E kona-asoc-snd soc: qcom,msm-audio-apr:qcom,q6core-audio:sound: ASoC: no sink widget found for MIC BIAS3
01-01 09:54:50.104 0 0 E kona-asoc-snd soc: qcom,msm-audio-apr:qcom,q6core-audio:sound: ASoC: Failed to add route Digital Mic0 -> direct -> MIC BIAS3
01-01 09:54:50.117 0 0 E kona-asoc-snd soc: qcom,msm-audio-apr:qcom,q6core-audio:sound: ASoC: no source widget found for MIC BIAS3
01-01 09:54:50.128 0 0 E kona-asoc-snd soc: qcom,msm-audio-apr:qcom,q6core-audio:sound: ASoC: Failed to add route MIC BIAS3 -> direct -> TX DMIC1
01-01 09:54:50.141 0 0 E kona-asoc-snd soc: qcom,msm-audio-apr:qcom,q6core-audio:sound: ASoC: no sink widget found for MIC BIAS3
01-01 09:54:50.152 0 0 E kona-asoc-snd soc: qcom,msm-audio-apr:qcom,q6core-audio:sound: ASoC: Failed to add route Digital Mic1 -> direct -> MIC BIAS3
01-01 09:54:50.165 0 0 E kona-asoc-snd soc: qcom,msm-audio-apr:qcom,q6core-audio:sound: ASoC: no source widget found for MIC BIAS1
01-01 09:54:50.176 0 0 E kona-asoc-snd soc: qcom,msm-audio-apr:qcom,q6core-audio:sound: ASoC: Failed to add route MIC BIAS1 -> direct -> TX DMIC2
01-01 09:54:50.188 0 0 E kona-asoc-snd soc: qcom,msm-audio-apr:qcom,q6core-audio:sound: ASoC: no sink widget found for MIC BIAS1
01-01 09:54:50.199 0 0 E kona-asoc-snd soc: qcom,msm-audio-apr:qcom,q6core-audio:sound: ASoC: Failed to add route Digital Mic2 -> direct -> MIC BIAS1
01-01 09:54:50.213 0 0 E kona-asoc-snd soc: qcom,msm-audio-apr:qcom,q6core-audio:sound: ASoC: no source widget found for MIC BIAS1
01-01 09:54:50.220 0 0 E msm-dwc3 a600000.ssusb: Could not get usb psy
01-01 09:54:50.224 0 0 E kona-asoc-snd soc: qcom,msm-audio-apr:qcom,q6core-audio:sound: ASoC: Failed to add route MIC BIAS1 -> direct -> TX DMIC3
01-01 09:54:50.234 0 0 E MAIN_MGR: hvdcp_opti Version: 3:0:0
01-01 09:54:50.241 0 0 I atmel_mxt_ts 0-004a: Resync failed (0)
01-01 09:54:50.242 0 0 E kona-asoc-snd soc: qcom,msm-audio-apr:qcom,q6core-audio:sound: ASoC: no sink widget found for MIC BIAS1
01-01 09:54:50.242 0 0 E kona-asoc-snd soc: qcom,msm-audio-apr:qcom,q6core-audio:sound: ASoC: Failed to add route Digital Mic3 -> direct -> MIC BIAS1
01-01 09:54:50.242 0 0 E kona-asoc-snd soc: qcom,msm-audio-apr:qcom,q6core-audio:sound: ASoC: no source widget found for MIC BIAS4
01-01 09:54:50.242 0 0 E kona-asoc-snd soc: qcom,msm-audio-apr:qcom,q6core-audio:sound: ASoC: Failed to add route MIC BIAS4 -> direct -> TX DMIC4
01-01 09:54:50.242 0 0 E kona-asoc-snd soc: qcom,msm-audio-apr:qcom,q6core-audio:sound: ASoC: no sink widget found for MIC BIAS4
01-01 09:54:50.242 0 0 E kona-asoc-snd soc: qcom,msm-audio-apr:qcom,q6core-audio:sound: ASoC: Failed to add route Digital Mic4 -> direct -> MIC BIAS4
01-01 09:54:50.242 0 0 E kona-asoc-snd soc: qcom,msm-audio-apr:qcom,q6core-audio:sound: ASoC: no source widget found for MIC BIAS4
01-01 09:54:50.242 0 0 E kona-asoc-snd soc: qcom,msm-audio-apr:qcom,q6core-audio:sound: ASoC: Failed to add route MIC BIAS4 -> direct -> TX DMIC5
01-01 09:54:50.243 0 0 E kona-asoc-snd soc: qcom,msm-audio-apr:qcom,q6core-audio:sound: ASoC: no sink widget found for MIC BIAS4
01-01 09:54:50.243 0 0 E kona-asoc-snd soc: qcom,msm-audio-apr:qcom,q6core-audio:sound: ASoC: Failed to add route Digital Mic5 -> direct -> MIC BIAS4
01-01 09:54:50.243 0 0 E kona-asoc-snd soc: qcom,msm-audio-apr:qcom,q6core-audio:sound: ASoC: no sink widget found for IN1_HPHL
01-01 09:54:50.243 0 0 E kona-asoc-snd soc: qcom,msm-audio-apr:qcom,q6core-audio:sound: ASoC: Failed to add route HPHL_OUT -> direct -> IN1_HPHL
01-01 09:54:50.243 0 0 E kona-asoc-snd soc: qcom,msm-audio-apr:qcom,q6core-audio:sound: ASoC: no sink widget found for IN2_HPHR
01-01 09:54:50.243 0 0 E kona-asoc-snd soc: qcom,msm-audio-apr:qcom,q6core-audio:sound: ASoC: Failed to add route HPHR_OUT -> direct -> IN2_HPHR
01-01 09:54:50.243 0 0 E kona-asoc-snd soc: qcom,msm-audio-apr:qcom,q6core-audio:sound: ASoC: no sink widget found for IN3_AUX
01-01 09:54:50.243 0 0 E kona-asoc-snd soc: qcom,msm-audio-apr:qcom,q6core-audio:sound: ASoC: Failed to add route AUX_OUT -> direct -> IN3_AUX
01-01 09:54:50.243 0 0 E kona-asoc-snd soc: qcom,msm-audio-apr:qcom,q6core-audio:sound: ASoC: no source widget found for ADC1_OUTPUT
01-01 09:54:50.243 0 0 E kona-asoc-snd soc: qcom,msm-audio-apr:qcom,q6core-audio:sound: ASoC: Failed to add route ADC1_OUTPUT -> direct -> TX SWR_ADC0
01-01 09:54:50.243 0 0 E kona-asoc-snd soc: qcom,msm-audio-apr:qcom,q6core-audio:sound: ASoC: no source widget found for ADC2_OUTPUT
01-01 09:54:50.243 0 0 E kona-asoc-snd soc: qcom,msm-audio-apr:qcom,q6core-audio:sound: ASoC: Failed to add route ADC2_OUTPUT -> direct -> TX SWR_ADC1
01-01 09:54:50.243 0 0 E kona-asoc-snd soc: qcom,msm-audio-apr:qcom,q6core-audio:sound: ASoC: no source widget found for ADC3_OUTPUT
01-01 09:54:50.243 0 0 E kona-asoc-snd soc: qcom,msm-audio-apr:qcom,q6core-audio:sound: ASoC: Failed to add route ADC3_OUTPUT -> direct -> TX SWR_ADC2
01-01 09:54:50.243 0 0 E kona-asoc-snd soc: qcom,msm-audio-apr:qcom,q6core-audio:sound: ASoC: no source widget found for ADC4_OUTPUT
01-01 09:54:50.243 0 0 E kona-asoc-snd soc: qcom,msm-audio-apr:qcom,q6core-audio:sound: ASoC: Failed to add route ADC4_OUTPUT -> direct -> TX SWR_ADC3
01-01 09:54:50.244 0 0 E kona-asoc-snd soc: qcom,msm-audio-apr:qcom,q6core-audio:sound: ASoC: no source widget found for DMIC1_OUTPUT
01-01 09:54:50.244 0 0 E kona-asoc-snd soc: qcom,msm-audio-apr:qcom,q6core-audio:sound: ASoC: Failed to add route DMIC1_OUTPUT -> direct -> TX SWR_DMIC0
01-01 09:54:50.244 0 0 E kona-asoc-snd soc: qcom,msm-audio-apr:qcom,q6core-audio:sound: ASoC: no source widget found for DMIC2_OUTPUT
01-01 09:54:50.244 0 0 E kona-asoc-snd soc: qcom,msm-audio-apr:qcom,q6core-audio:sound: ASoC: Failed to add route DMIC2_OUTPUT -> direct -> TX SWR_DMIC1
01-01 09:54:50.244 0 0 E kona-asoc-snd soc: qcom,msm-audio-apr:qcom,q6core-audio:sound: ASoC: no source widget found for DMIC3_OUTPUT
01-01 09:54:50.244 0 0 E kona-asoc-snd soc: qcom,msm-audio-apr:qcom,q6core-audio:sound: ASoC: Failed to add route DMIC3_OUTPUT -> direct -> TX SWR_DMIC2
01-01 09:54:50.244 0 0 E kona-asoc-snd soc: qcom,msm-audio-apr:qcom,q6core-audio:sound: ASoC: no source widget found for DMIC4_OUTPUT
01-01 09:54:50.244 0 0 E kona-asoc-snd soc: qcom,msm-audio-apr:qcom,q6core-audio:sound: ASoC: Failed to add route DMIC4_OUTPUT -> direct -> TX SWR_DMIC3
01-01 09:54:50.244 0 0 E kona-asoc-snd soc: qcom,msm-audio-apr:qcom,q6core-audio:sound: ASoC: no source widget found for DMIC5_OUTPUT
01-01 09:54:50.244 0 0 E kona-asoc-snd soc: qcom,msm-audio-apr:qcom,q6core-audio:sound: ASoC: Failed to add route DMIC5_OUTPUT -> direct -> TX SWR_DMIC4
01-01 09:54:50.244 0 0 E kona-asoc-snd soc: qcom,msm-audio-apr:qcom,q6core-audio:sound: ASoC: no source widget found for DMIC6_OUTPUT
01-01 09:54:50.244 0 0 E kona-asoc-snd soc: qcom,msm-audio-apr:qcom,q6core-audio:sound: ASoC: Failed to add route DMIC6_OUTPUT -> direct -> TX SWR_DMIC5
01-01 09:54:50.244 0 0 E kona-asoc-snd soc: qcom,msm-audio-apr:qcom,q6core-audio:sound: ASoC: no source widget found for DMIC7_OUTPUT
01-01 09:54:50.244 0 0 E kona-asoc-snd soc: qcom,msm-audio-apr:qcom,q6core-audio:sound: ASoC: Failed to add route DMIC7_OUTPUT -> direct -> TX SWR_DMIC6
01-01 09:54:50.244 0 0 E kona-asoc-snd soc: qcom,msm-audio-apr:qcom,q6core-audio:sound: ASoC: no source widget found for DMIC8_OUTPUT
01-01 09:54:50.244 0 0 E kona-asoc-snd soc: qcom,msm-audio-apr:qcom,q6core-audio:sound: ASoC: Failed to add route DMIC8_OUTPUT -> direct -> TX SWR_DMIC7
01-01 09:54:50.245 0 0 E kona-asoc-snd soc: qcom,msm-audio-apr:qcom,q6core-audio:sound: ASoC: no sink widget found for SpkrLeft IN
01-01 09:54:50.245 0 0 E kona-asoc-snd soc: qcom,msm-audio-apr:qcom,q6core-audio:sound: ASoC: Failed to add route WSA_SPK1 OUT -> direct -> SpkrLeft IN
01-01 09:54:50.245 0 0 E kona-asoc-snd soc: qcom,msm-audio-apr:qcom,q6core-audio:sound: ASoC: no sink widget found for SpkrRight IN
01-01 09:54:50.245 0 0 E kona-asoc-snd soc: qcom,msm-audio-apr:qcom,q6core-audio:sound: ASoC: Failed to add route WSA_SPK2 OUT -> direct -> SpkrRight IN
01-01 09:54:50.245 0 0 E kona-asoc-snd soc: qcom,msm-audio-apr:qcom,q6core-audio:sound: ASoC: no sink widget found for VA MIC BIAS3
01-01 09:54:50.245 0 0 E kona-asoc-snd soc: qcom,msm-audio-apr:qcom,q6core-audio:sound: ASoC: Failed to add route Digital Mic0 -> direct -> VA MIC BIAS3
01-01 09:54:50.245 0 0 E kona-asoc-snd soc: qcom,msm-audio-apr:qcom,q6core-audio:sound: ASoC: no sink widget found for VA MIC BIAS3
01-01 09:54:50.245 0 0 E kona-asoc-snd soc: qcom,msm-audio-apr:qcom,q6core-audio:sound: ASoC: Failed to add route Digital Mic1 -> direct -> VA MIC BIAS3
01-01 09:54:50.245 0 0 E kona-asoc-snd soc: qcom,msm-audio-apr:qcom,q6core-audio:sound: ASoC: no sink widget found for VA MIC BIAS4
01-01 09:54:50.245 0 0 E kona-asoc-snd soc: qcom,msm-audio-apr:qcom,q6core-audio:sound: ASoC: Failed to add route Digital Mic4 -> direct -> VA MIC BIAS4
01-01 09:54:50.245 0 0 E kona-asoc-snd soc: qcom,msm-audio-apr:qcom,q6core-audio:sound: ASoC: no sink widget found for VA MIC BIAS4
01-01 09:54:50.245 0 0 E kona-asoc-snd soc: qcom,msm-audio-apr:qcom,q6core-audio:sound: ASoC: Failed to add route Digital Mic5 -> direct -> VA MIC BIAS4
01-01 09:54:50.245 0 0 E kona-asoc-snd soc: qcom,msm-audio-apr:qcom,q6core-audio:sound: ASoC: no source widget found for VA MIC BIAS3
01-01 09:54:50.245 0 0 E kona-asoc-snd soc: qcom,msm-audio-apr:qcom,q6core-audio:sound: ASoC: Failed to add route VA MIC BIAS3 -> direct -> VA DMIC0
01-01 09:54:50.245 0 0 E kona-asoc-snd soc: qcom,msm-audio-apr:qcom,q6core-audio:sound: ASoC: no source widget found for VA MIC BIAS3
01-01 09:54:50.245 0 0 E kona-asoc-snd soc: qcom,msm-audio-apr:qcom,q6core-audio:sound: ASoC: Failed to add route VA MIC BIAS3 -> direct -> VA DMIC1
01-01 09:54:50.246 0 0 E kona-asoc-snd soc: qcom,msm-audio-apr:qcom,q6core-audio:sound: ASoC: no source widget found for VA MIC BIAS4
01-01 09:54:50.246 0 0 E kona-asoc-snd soc: qcom,msm-audio-apr:qcom,q6core-audio:sound: ASoC: Failed to add route VA MIC BIAS4 -> direct -> VA DMIC4
01-01 09:54:50.246 0 0 E kona-asoc-snd soc: qcom,msm-audio-apr:qcom,q6core-audio:sound: ASoC: no source widget found for VA MIC BIAS4
01-01 09:54:50.246 0 0 E kona-asoc-snd soc: qcom,msm-audio-apr:qcom,q6core-audio:sound: ASoC: Failed to add route VA MIC BIAS4 -> direct -> VA DMIC5
01-01 09:54:50.246 0 0 E kona-asoc-snd soc: qcom,msm-audio-apr:qcom,q6core-audio:sound: ASoC: no source widget found for ADC1_OUTPUT
01-01 09:54:50.246 0 0 E kona-asoc-snd soc: qcom,msm-audio-apr:qcom,q6core-audio:sound: ASoC: Failed to add route ADC1_OUTPUT -> direct -> VA SWR_ADC0
01-01 09:54:50.246 0 0 E kona-asoc-snd soc: qcom,msm-audio-apr:qcom,q6core-audio:sound: ASoC: no source widget found for ADC2_OUTPUT
01-01 09:54:50.253 0 0 E MAIN_MGR: set keepcaps failed!
01-01 09:54:50.254 0 0 E CHG_POLICY_PATH: Failed to get IIO path for MAIN_PSY
01-01 09:54:50.247 1573 1573 I auditd : type=1400 audit(0.0:87): avc: denied { read } for comm="hvdcp_opti" name="devices" dev="sysfs" ino=46958 scontext=u:r:vendor_hvdcp:s0 tcontext=u:object_r:sysfs:s0 tclass=dir permissive=0
01-01 09:54:50.257 0 0 I atmel_mxt_ts 0-004a: Resync: --
01-01 09:54:50.257 0 0 I atmel_mxt_ts 0-004a: Read Info block resync failed, exit
01-01 09:54:50.257 0 0 E atmel_mxt_ts 0-004a: Read Info Block failed(-5), may check bootloader mode later.
01-01 09:54:50.257 0 0 I atmel_mxt_ts 0-004a: Bootloader address: 24
01-01 09:54:50.258 0 0 E i2c_geni 980000.i2c: i2c error :-107
01-01 09:54:50.269 0 0 E kona-asoc-snd soc: qcom,msm-audio-apr:qcom,q6core-audio:sound: ASoC: Failed to add route ADC2_OUTPUT -> direct -> VA SWR_ADC1
01-01 09:54:50.280 0 0 E atmel_mxt_ts 0-004a: mxt_bootloader_read: i2c recv failed (-107)
01-01 09:54:50.280 0 0 I atmel_mxt_ts 0-004a: Trying alternate bootloader address
01-01 09:54:50.280 0 0 I atmel_mxt_ts 0-004a: Bootloader address: 26
01-01 09:54:50.281 0 0 E i2c_geni 980000.i2c: i2c error :-107
01-01 09:54:50.293 0 0 E kona-asoc-snd soc: qcom,msm-audio-apr:qcom,q6core-audio:sound: ASoC: no source widget found for ADC3_OUTPUT
01-01 09:54:50.303 0 0 E atmel_mxt_ts 0-004a: mxt_bootloader_read: i2c recv failed (-107)
01-01 09:54:50.303 0 0 E atmel_mxt_ts 0-004a: mxt initialize failed -107
01-01 09:54:50.303 0 0 I atmel_mxt_ts 0-004a: ATMEL MaXTouch Driver Removed
01-01 09:54:50.303 0 0 W atmel_mxt_ts: probe of 0-004a failed with error -107
01-01 09:54:50.339 0 0 I IPv6 : ADDRCONF(NETDEV_UP): vlan1: link is not ready
01-01 09:54:50.339 0 0 E kona-asoc-snd soc: qcom,msm-audio-apr:qcom,q6core-audio:sound: ASoC: Failed to add route ADC3_OUTPUT -> direct -> VA SWR_ADC2
01-01 09:54:50.353 0 0 I cyttsp7_device_access_init: Cypress TTSP Device Access Driver (Built TTDA.02.06.908510) rc=0
01-01 09:54:50.355 0 0 E msm-dwc3 a600000.ssusb: Could not get usb psy
01-01 09:54:50.356 0 0 I android_work: sent uevent USB_STATE=CONNECTED
01-01 09:54:50.358 0 0 I android_work: sent uevent USB_STATE=DISCONNECTED
01-01 09:54:50.364 0 0 E kona-asoc-snd soc: qcom,msm-audio-apr:qcom,q6core-audio:sound: ASoC: no source widget found for ADC4_OUTPUT
01-01 09:54:50.371 1582 1582 I auditd : type=1400 audit(0.0:88): avc: denied { read } for comm="ip" name="rt_tables" dev="dm-6" ino=353 scontext=u:r:ethernet:s0 tcontext=u:object_r:net_data_file:s0 tclass=file permissive=0
01-01 09:54:50.391 1583 1583 I auditd : type=1400 audit(0.0:89): avc: denied { read } for comm="ip" name="rt_tables" dev="dm-6" ino=353 scontext=u:r:ethernet:s0 tcontext=u:object_r:net_data_file:s0 tclass=file permissive=0
01-01 09:54:50.497 0 0 I android_work: sent uevent USB_STATE=CONNECTED
01-01 09:54:50.500 0 0 E msm-dwc3 a600000.ssusb: Could not get usb psy
01-01 09:54:50.503 0 0 I configfs-gadget gadget: high-speed config #1: b
01-01 09:54:50.504 0 0 E kona-asoc-snd soc: qcom,msm-audio-apr:qcom,q6core-audio:sound: ASoC: Failed to add route ADC4_OUTPUT -> direct -> VA SWR_ADC3
01-01 09:54:50.504 0 0 E kona-asoc-snd soc: qcom,msm-audio-apr:qcom,q6core-audio:sound: ASoC: no source widget found for DMIC1_OUTPUT
01-01 09:54:50.507 0 0 E msm-dwc3 a600000.ssusb: Could not get usb psy
01-01 09:54:50.517 0 0 I android_work: sent uevent USB_STATE=CONFIGURED
01-01 09:54:50.528 0 0 E kona-asoc-snd soc: qcom,msm-audio-apr:qcom,q6core-audio:sound: ASoC: Failed to add route DMIC1_OUTPUT -> direct -> VA SWR_MIC0
01-01 09:54:50.653 0 0 I IPv6 : ADDRCONF(NETDEV_UP): vlan2: link is not ready
01-01 09:54:50.660 0 0 E kona-asoc-snd soc: qcom,msm-audio-apr:qcom,q6core-audio:sound: ASoC: no source widget found for DMIC2_OUTPUT
01-01 09:54:50.687 1599 1599 I auditd : type=1400 audit(0.0:90): avc: denied { read } for comm="ip" name="rt_tables" dev="dm-6" ino=353 scontext=u:r:ethernet:s0 tcontext=u:object_r:net_data_file:s0 tclass=file permissive=0
01-01 09:54:50.707 1600 1600 I auditd : type=1400 audit(0.0:91): avc: denied { read } for comm="ip" name="rt_tables" dev="dm-6" ino=353 scontext=u:r:ethernet:s0 tcontext=u:object_r:net_data_file:s0 tclass=file permissive=0
01-01 09:54:50.965 0 0 I IPv6 : ADDRCONF(NETDEV_UP): vlan4: link is not ready
01-01 09:54:50.970 0 0 E kona-asoc-snd soc: qcom,msm-audio-apr:qcom,q6core-audio:sound: ASoC: Failed to add route DMIC2_OUTPUT -> direct -> VA SWR_MIC1
01-01 09:54:50.995 1613 1613 I auditd : type=1400 audit(0.0:92): avc: denied { read } for comm="ip" name="rt_tables" dev="dm-6" ino=353 scontext=u:r:ethernet:s0 tcontext=u:object_r:net_data_file:s0 tclass=file permissive=0
01-01 09:54:51.005 0 0 E kona-asoc-snd soc: qcom,msm-audio-apr:qcom,q6core-audio:sound: ASoC: no source widget found for DMIC3_OUTPUT
01-01 09:54:51.019 1614 1614 I auditd : type=1400 audit(0.0:93): avc: denied { read } for comm="ip" name="rt_tables" dev="dm-6" ino=353 scontext=u:r:ethernet:s0 tcontext=u:object_r:net_data_file:s0 tclass=file permissive=0
01-01 09:54:51.031 0 0 E kona-asoc-snd soc: qcom,msm-audio-apr:qcom,q6core-audio:sound: ASoC: Failed to add route DMIC3_OUTPUT -> direct -> VA SWR_MIC2
01-01 09:54:51.194 0 0 E kona-asoc-snd soc: qcom,msm-audio-apr:qcom,q6core-audio:sound: ASoC: no source widget found for DMIC4_OUTPUT
01-01 09:54:51.205 0 0 E kona-asoc-snd soc: qcom,msm-audio-apr:qcom,q6core-audio:sound: ASoC: Failed to add route DMIC4_OUTPUT -> direct -> VA SWR_MIC3
01-01 09:54:51.218 0 0 E kona-asoc-snd soc: qcom,msm-audio-apr:qcom,q6core-audio:sound: ASoC: no source widget found for DMIC5_OUTPUT
01-01 09:54:51.230 0 0 E kona-asoc-snd soc: qcom,msm-audio-apr:qcom,q6core-audio:sound: ASoC: Failed to add route DMIC5_OUTPUT -> direct -> VA SWR_MIC4
01-01 09:54:51.243 0 0 E kona-asoc-snd soc: qcom,msm-audio-apr:qcom,q6core-audio:sound: ASoC: no source widget found for DMIC6_OUTPUT
01-01 09:54:51.255 0 0 E kona-asoc-snd soc: qcom,msm-audio-apr:qcom,q6core-audio:sound: ASoC: Failed to add route DMIC6_OUTPUT -> direct -> VA SWR_MIC5
01-01 09:54:51.268 0 0 E kona-asoc-snd soc: qcom,msm-audio-apr:qcom,q6core-audio:sound: ASoC: no source widget found for DMIC7_OUTPUT
01-01 09:54:51.272 0 0 I IPv6 : ADDRCONF(NETDEV_UP): vlan8: link is not ready
01-01 09:54:51.279 0 0 E kona-asoc-snd soc: qcom,msm-audio-apr:qcom,q6core-audio:sound: ASoC: Failed to add route DMIC7_OUTPUT -> direct -> VA SWR_MIC6
01-01 09:54:51.291 1627 1627 I auditd : type=1400 audit(0.0:94): avc: denied { read } for comm="ip" name="rt_tables" dev="dm-6" ino=353 scontext=u:r:ethernet:s0 tcontext=u:object_r:net_data_file:s0 tclass=file permissive=0
01-01 09:54:51.292 0 0 E kona-asoc-snd soc: qcom,msm-audio-apr:qcom,q6core-audio:sound: ASoC: no source widget found for DMIC8_OUTPUT
01-01 09:54:51.304 0 0 E kona-asoc-snd soc: qcom,msm-audio-apr:qcom,q6core-audio:sound: ASoC: Failed to add route DMIC8_OUTPUT -> direct -> VA SWR_MIC7
01-01 09:54:51.315 1628 1628 I auditd : type=1400 audit(0.0:95): avc: denied { read } for comm="ip" name="rt_tables" dev="dm-6" ino=353 scontext=u:r:ethernet:s0 tcontext=u:object_r:net_data_file:s0 tclass=file permissive=0
01-01 09:54:51.316 0 0 W kona-asoc-snd soc: qcom,msm-audio-apr:qcom,q6core-audio:sound: ASoC: no DMI vendor name!
01-01 09:54:51.534 0 0 I kona-asoc-snd soc: qcom,msm-audio-apr:qcom,q6core-audio:sound: msm_asoc_machine_probe: Sound card kona-mtp-snd-card registered
01-01 09:54:51.557 0 0 W swr-wcd wsa_swr_ctrl: DMA mask not set
01-01 09:54:51.570 0 0 E register_client_adhoc: find path.src 1 dest 589
01-01 09:54:51.571 0 0 E register_client_adhoc: Failed to find path.src 1 dest 589
01-01 09:54:51.584 0 0 I IPv6 : ADDRCONF(NETDEV_UP): vlan11: link is not ready
01-01 09:54:51.590 0 0 E : [drm:dp_display_init_aux_switch][msm-dp-err][22 ]failed to register notifier (-22)
01-01 09:54:51.615 1644 1644 I auditd : type=1400 audit(0.0:96): avc: denied { read } for comm="ip" name="rt_tables" dev="dm-6" ino=353 scontext=u:r:ethernet:s0 tcontext=u:object_r:net_data_file:s0 tclass=file permissive=0
01-01 09:54:51.635 1645 1645 I auditd : type=1400 audit(0.0:97): avc: denied { read } for comm="ip" name="rt_tables" dev="dm-6" ino=353 scontext=u:r:ethernet:s0 tcontext=u:object_r:net_data_file:s0 tclass=file permissive=0
01-01 09:54:51.625 0 0 E swr-wcd wsa_swr_ctrl: swrm_get_logical_dev_num: device 0x1020170211 is not ready
01-01 09:54:51.635 0 0 E swr-wcd rx_swr_ctrl: swrm_get_logical_dev_num: device 0xd01170224 is not ready
01-01 09:54:51.644 0 0 E swr_get_logical_dev_num: Error -22 to get logical addr for device 1020170211
01-01 09:54:51.635 1327 1327 I auditd : type=1400 audit(0.0:98): avc: denied { write } for comm="sh" name="ip_forward" dev="proc" ino=30602 scontext=u:r:ethernet:s0 tcontext=u:object_r:proc_net:s0 tclass=file permissive=0
01-01 09:54:51.635 1327 1327 I auditd : type=1400 audit(0.0:99): avc: denied { write } for comm="sh" name="ip_default_ttl" dev="proc" ino=53402 scontext=u:r:ethernet:s0 tcontext=u:object_r:proc_net:s0 tclass=file permissive=0
01-01 09:54:51.653 0 0 E swr_get_logical_dev_num: Error -22 to get logical addr for device d01170224
01-01 09:54:51.639 1327 1327 I auditd : type=1400 audit(0.0:100): avc: denied { write } for comm="sh" name="tcp_keepalive_probes" dev="proc" ino=53403 scontext=u:r:ethernet:s0 tcontext=u:object_r:proc_net:s0 tclass=file permissive=0
01-01 09:54:51.639 1327 1327 I auditd : type=1400 audit(0.0:101): avc: denied { write } for comm="sh" name="tcp_keepalive_intvl" dev="proc" ino=53404 scontext=u:r:ethernet:s0 tcontext=u:object_r:proc_net:s0 tclass=file permissive=0
01-01 09:54:51.639 1327 1327 I auditd : type=1400 audit(0.0:102): avc: denied { write } for comm="sh" name="tcp_keepalive_time" dev="proc" ino=53405 scontext=u:r:ethernet:s0 tcontext=u:object_r:proc_net:s0 tclass=file permissive=0
01-01 09:54:51.639 1327 1327 I auditd : type=1400 audit(0.0:103): avc: denied { write } for comm="sh" name="tcp_rmem" dev="proc" ino=53406 scontext=u:r:ethernet:s0 tcontext=u:object_r:proc_net:s0 tclass=file permissive=0
01-01 09:54:51.639 1327 1327 I auditd : type=1400 audit(0.0:104): avc: denied { write } for comm="sh" name="tcp_wmem" dev="proc" ino=53407 scontext=u:r:ethernet:s0 tcontext=u:object_r:proc_net:s0 tclass=file permissive=0
01-01 09:54:51.639 1327 1327 I auditd : type=1400 audit(0.0:105): avc: denied { write } for comm="sh" name="tcp_synack_retries" dev="proc" ino=48299 scontext=u:r:ethernet:s0 tcontext=u:object_r:proc_net:s0 tclass=file permissive=0
01-01 09:54:51.639 1327 1327 I auditd : type=1400 audit(0.0:106): avc: denied { write } for comm="sh" name="tcp_syn_retries" dev="proc" ino=48298 scontext=u:r:ethernet:s0 tcontext=u:object_r:proc_net:s0 tclass=file permissive=0
01-01 09:54:51.639 1327 1327 I auditd : type=1400 audit(0.0:107): avc: denied { write } for comm="sh" name="tcp_max_tw_buckets" dev="proc" ino=53408 scontext=u:r:ethernet:s0 tcontext=u:object_r:proc_net:s0 tclass=file permissive=0
01-01 09:54:51.639 1327 1327 I auditd : type=1400 audit(0.0:108): avc: denied { write } for comm="sh" name="tcp_retries2" dev="proc" ino=48301 scontext=u:r:ethernet:s0 tcontext=u:object_r:proc_net:s0 tclass=file permissive=0
01-01 09:54:51.639 1327 1327 I auditd : type=1400 audit(0.0:109): avc: denied { write } for comm="sh" name="icmp_echo_ignore_all" dev="proc" ino=53409 scontext=u:r:ethernet:s0 tcontext=u:object_r:proc_net:s0 tclass=file permissive=0
01-01 09:54:51.639 1327 1327 I auditd : type=1400 audit(0.0:110): avc: denied { write } for comm="sh" name="icmp_echo_ignore_broadcasts" dev="proc" ino=53410 scontext=u:r:ethernet:s0 tcontext=u:object_r:proc_net:s0 tclass=file permissive=0
01-01 09:54:51.639 1327 1327 I auditd : type=1400 audit(0.0:111): avc: denied { write } for comm="sh" name="tcp_window_scaling" dev="proc" ino=53411 scontext=u:r:ethernet:s0 tcontext=u:object_r:proc_net:s0 tclass=file permissive=0
01-01 09:54:51.663 0 0 W wsa881x : probe of wsa881x.1020170211 failed with error -22
01-01 09:54:51.639 1327 1327 I auditd : type=1400 audit(0.0:112): avc: denied { write } for comm="sh" name="drop_gratuitous_arp" dev="proc" ino=53412 scontext=u:r:ethernet:s0 tcontext=u:object_r:proc_net:s0 tclass=file permissive=0
01-01 09:54:51.639 1327 1327 I auditd : type=1400 audit(0.0:113): avc: denied { write } for comm="sh" name="arp_accept" dev="proc" ino=53413 scontext=u:r:ethernet:s0 tcontext=u:object_r:proc_net:s0 tclass=file permissive=0
01-01 09:54:51.639 1327 1327 I auditd : type=1400 audit(0.0:114): avc: denied { write } for comm="sh" name="arp_notify" dev="proc" ino=53414 scontext=u:r:ethernet:s0 tcontext=u:object_r:proc_net:s0 tclass=file permissive=0
01-01 09:54:51.639 1327 1327 I auditd : type=1400 audit(0.0:115): avc: denied { write } for comm="sh" name="arp_ignore" dev="proc" ino=53415 scontext=u:r:ethernet:s0 tcontext=u:object_r:proc_net:s0 tclass=file permissive=0
01-01 09:54:51.669 0 0 E swr-wcd rx_swr_ctrl: swrm_get_logical_dev_num: device 0xd01170224 is not ready
01-01 09:54:51.678 0 0 E swr-wcd wsa_swr_ctrl: swrm_get_logical_dev_num: device 0x1020170212 is not ready
01-01 09:54:51.687 0 0 E swr_get_logical_dev_num: Error -22 to get logical addr for device d01170224
01-01 09:54:51.687 0 0 E i2c_geni 980000.i2c: i2c error :-107
01-01 09:54:51.695 0 0 E swr_get_logical_dev_num: Error -22 to get logical addr for device 1020170212
01-01 09:54:51.700 0 0 E : [MAX975X:max96755g_write_bytes] *ERROR* i2c master send 0x8E err
01-01 09:54:51.708 0 0 E swr-wcd rx_swr_ctrl: swrm_get_logical_dev_num: device 0xd01170224 is not ready
01-01 09:54:51.728 0 0 W wsa881x : probe of wsa881x.1020170212 failed with error -22
01-01 09:54:51.732 0 0 E swr_get_logical_dev_num: Error -22 to get logical addr for device d01170224
01-01 09:54:51.741 0 0 E swr-wcd wsa_swr_ctrl: swrm_get_logical_dev_num: device 0x1021170213 is not ready
01-01 09:54:51.749 0 0 E swr_get_logical_dev_num: Error -22 to get logical addr for device 1021170213
01-01 09:54:51.758 0 0 E swr-wcd rx_swr_ctrl: swrm_get_logical_dev_num: device 0xd01170224 is not ready
01-01 09:54:51.768 0 0 W wsa881x : probe of wsa881x.1021170213 failed with error -22
01-01 09:54:51.772 0 0 E swr_get_logical_dev_num: Error -22 to get logical addr for device d01170224
01-01 09:54:51.781 0 0 E swr-wcd wsa_swr_ctrl: swrm_get_logical_dev_num: device 0x1021170214 is not ready
01-01 09:54:51.789 0 0 E swr_get_logical_dev_num: Error -22 to get logical addr for device 1021170214
01-01 09:54:51.798 0 0 E swr-wcd rx_swr_ctrl: swrm_get_logical_dev_num: device 0xd01170224 is not ready
01-01 09:54:51.808 0 0 W wsa881x : probe of wsa881x.1021170214 failed with error -22
01-01 09:54:51.814 0 0 E swr_get_logical_dev_num: Error -22 to get logical addr for device d01170224
01-01 09:54:51.822 0 0 E wcd938x_codec wcd938x-codec: wcd938x_bind: Slave bind failed, ret = -517
01-01 09:54:51.836 0 0 E register_client_adhoc: find path.src 1 dest 589
01-01 09:54:51.836 0 0 E register_client_adhoc: Failed to find path.src 1 dest 589
01-01 09:54:51.848 0 0 E : [drm:dp_display_init_aux_switch][msm-dp-err][22 ]failed to register notifier (-22)
01-01 09:54:51.871 0 0 E swr-wcd rx_swr_ctrl: swrm_get_logical_dev_num: device 0xd01170224 is not ready
01-01 09:54:51.879 0 0 E swr_get_logical_dev_num: Error -22 to get logical addr for device d01170224
01-01 09:54:51.888 0 0 E swr-wcd rx_swr_ctrl: swrm_get_logical_dev_num: device 0xd01170224 is not ready
01-01 09:54:51.897 0 0 E swr_get_logical_dev_num: Error -22 to get logical addr for device d01170224
01-01 09:54:51.906 0 0 E swr-wcd rx_swr_ctrl: swrm_get_logical_dev_num: device 0xd01170224 is not ready
01-01 09:54:51.908 0 0 W QSEECOM : qseecom_load_app: App (featenabler) does'nt exist, loading apps for first time
01-01 09:54:51.915 0 0 E swr_get_logical_dev_num: Error -22 to get logical addr for device d01170224
01-01 09:54:51.918 0 0 D cnss : Sending respond memory message, state: 0x9
01-01 09:54:51.925 0 0 E swr-wcd rx_swr_ctrl: swrm_get_logical_dev_num: device 0xd01170224 is not ready
01-01 09:54:51.925 0 0 D cnss : Memory for FW, va: 0xffffff8026195000, pa: 0x00000000a1000000, size: 0x5e0000, type: 1
01-01 09:54:51.930 0 0 W QSEECOM : qseecom_load_app: App with id 5 (featenabler) now loaded
01-01 09:54:51.934 0 0 E swr_get_logical_dev_num: Error -22 to get logical addr for device d01170224
01-01 09:54:51.935 0 0 E swr-wcd rx_swr_ctrl: swrm_get_logical_dev_num: device 0xd01170224 is not ready
01-01 09:54:51.944 0 0 D cnss : Memory for FW, va: 0xffffff801f631000, pa: 0x00000000a1600000, size: 0xd8000, type: 4
01-01 09:54:51.951 0 0 E swr_get_logical_dev_num: Error -22 to get logical addr for device d01170224
01-01 09:54:51.951 0 0 E wcd938x_codec wcd938x-codec: wcd938x_bind: Slave bind failed, ret = -517
01-01 09:54:51.957 0 0 W rpmh_rsc_send_data: 764 callbacks suppressed
01-01 09:54:51.957 0 0 I qcom_rpmh DRV: apps_rsc TCS Busy, retrying RPMH message send: addr=0x30080
01-01 09:54:51.966 0 0 D cnss : PM relax, state: 0x9, count: 0
01-01 09:54:51.973 0 0 D cnss : Received QMI WLFW FW memory ready indication
01-01 09:54:51.973 0 0 D cnss : Posting event: FW_MEM_READY(3), state: 0x9 flags: 0x0
01-01 09:54:51.973 0 0 D cnss : PM stay awake, state: 0x9, count: 1
01-01 09:54:51.973 0 0 D cnss : PM relax, state: 0x9, count: 0
01-01 09:54:51.973 0 0 D cnss : PM stay awake, state: 0x9, count: 1
01-01 09:54:51.973 0 0 D cnss : Processing driver event: FW_MEM_READY(3), state: 0x9
01-01 09:54:51.973 0 0 D cnss : Sending target capability message, state: 0xb
01-01 09:54:51.975 0 0 W subsys-pil-tz soc: qcom,kgsl-hyp: Falling back to syfs fallback for: a650_zap.mdt
01-01 09:54:51.976 0 0 D cnss : Voltage for CPR: 948mV
01-01 09:54:51.976 0 0 D cnss : Got voltage 800mV from i: 0, j: 0
01-01 09:54:51.976 0 0 D cnss : Got voltage 1012mV from i: 4, j: 1
01-01 09:54:51.976 0 0 D cnss : Update TCS CMD data address 0x000000000b2e5844 with voltage 950mV
01-01 09:54:51.976 0 0 D cnss : Device frequency is 24000000 HZ
01-01 09:54:51.976 0 0 D cnss : Target capability: chip_id: 0x0, chip_family: 0xb, board_id: 0xff, soc_id: 0xffffffff, fw_version: 0x101a0521, fw_build_timestamp: 2021-12-20 07:54, fw_build_id: QC_IMAGE_VERSION_STRING=WLAN.HST.1.0.1.r1-01313-QCAHSTSWPL_SILICONZ-1, otp_version: 0x0
01-01 09:54:51.976 0 0 D cnss : Sending BDF download message, state: 0xb, type: 4
01-01 09:54:51.976 0 0 D cnss : FW name added with prefix: qca6390/regdb.bin
01-01 09:54:51.977 0 0 W cnss2 b0000000.qcom,cnss-qca6390: Falling back to syfs fallback for: qca6390/regdb.bin
01-01 09:54:51.985 0 0 I ueventd : firmware: loading 'a650_zap.mdt' for '/devices/platform/soc/soc:qcom,kgsl-hyp/firmware/a650_zap.mdt'
01-01 09:54:51.986 0 0 W QSEECOM : qseecom_load_app: App (fingerpr) does'nt exist, loading apps for first time
01-01 09:54:51.991 0 0 I ueventd : firmware: loading 'qca6390/regdb.bin' for '/devices/platform/soc/b0000000.qcom,cnss-qca6390/firmware/qca6390!regdb.bin'
01-01 09:54:51.993 0 0 E ueventd : firmware: could not find firmware for qca6390/regdb.bin
01-01 09:54:52.009 1112 1112 I service_manager_stats: [100,59,38306]
01-01 09:54:52.002 0 0 I ueventd : loading /devices/platform/soc/soc:qcom,kgsl-hyp/firmware/a650_zap.mdt took 16ms
01-01 09:54:52.002 0 0 E ueventd : firmware: attempted /etc/firmware/qca6390/regdb.bin, open failed: No such file or directory
01-01 09:54:52.014 0 0 E ueventd : firmware: attempted /odm/firmware/qca6390/regdb.bin, open failed: No such file or directory
01-01 09:54:52.040 1112 1112 I IntentFirewall: Read new rules (A:0 B:0 S:0)
01-01 09:54:52.025 0 0 E ueventd : firmware: attempted /vendor/firmware/qca6390/regdb.bin, open failed: No such file or directory
01-01 09:54:52.025 0 0 I subsys-pil-tz soc: qcom,kgsl-hyp: a650_zap: loading from 0x00000000fcf00000 to 0x00000000fcf01000
01-01 09:54:52.035 0 0 E ueventd : firmware: attempted /firmware/image/qca6390/regdb.bin, open failed: No such file or directory
01-01 09:54:52.046 0 0 E ueventd : firmware: attempted /vendor/firmware_mnt/image/qca6390/regdb.bin, open failed: No such file or directory
01-01 09:54:52.056 1112 1112 D AppOps : AppOpsService published
01-01 09:54:52.057 1112 1112 D SystemServerTiming: StartActivityManager took to complete: 4495ms
01-01 09:54:52.057 1112 1112 I SystemServerTiming: StartDataLoaderManagerService
01-01 09:54:52.058 1112 1112 I SystemServiceManager: Starting com.android.server.pm.DataLoaderManagerService
01-01 09:54:52.058 0 0 I ueventd : loading /devices/platform/soc/b0000000.qcom,cnss-qca6390/firmware/qca6390!regdb.bin took 66ms
01-01 09:54:52.061 1112 1112 D SystemServerTiming: StartDataLoaderManagerService took to complete: 3ms
01-01 09:54:52.061 1112 1112 I SystemServerTiming: StartIncrementalService
01-01 09:54:52.066 1112 1112 D SystemServerTiming: StartIncrementalService took to complete: 5ms
01-01 09:54:52.066 1112 1112 I SystemServerTiming: StartPowerManager
01-01 09:54:52.066 1112 1112 I SystemServiceManager: Starting com.android.server.power.PowerManagerService
01-01 09:54:52.061 0 0 E cnss : Failed to load BDF: qca6390/regdb.bin
01-01 09:54:52.067 0 0 D cnss : Sending BDF download message, state: 0xb, type: 1
01-01 09:54:52.067 0 0 D cnss : FW name added with prefix: qca6390/bdwlan.elf
01-01 09:54:52.067 0 0 W cnss2 b0000000.qcom,cnss-qca6390: Falling back to syfs fallback for: qca6390/bdwlan.elf
01-01 09:54:52.070 0 0 W : ------------[ cut here ]------------
01-01 09:54:52.070 0 0 W : Unbalanced enable for IRQ 400
01-01 09:54:52.070 0 0 W : WARNING: CPU: 1 PID: 1049 at kernel/irq/manage.c:621 enable_irq+0x98/0xf0
01-01 09:54:52.070 0 0 I : Modules linked in: cyttsp7_device_access cyttsp7_i2c cyttsp7 wlan(O+) atmel_mxt_ts tsnv(O) machine_dlkm(O) wcd938x_slave_dlkm(O) wcd938x_dlkm(O) wcd9xxx_dlkm(O) mbhc_dlkm(O) tx_macro_dlkm(O) rx_macro_dlkm(O) va_macro_dlkm(O) wsa_macro_dlkm(O) swr_ctrl_dlkm(O) bolero_cdc_dlkm(O) wsa881x_dlkm(O) wcd_core_dlkm(O) stub_dlkm(O) hdmi_dlkm(O) swr_dlkm(O) pinctrl_lpi_dlkm(O) pinctrl_wcd_dlkm(O) usf_dlkm(O) native_dlkm(O) platform_dlkm(O) q6_dlkm(O) adsp_loader_dlkm(O) apr_dlkm(O) snd_event_dlkm(O) q6_notifier_dlkm(O) q6_pdr_dlkm(O) msm_11ad_proxy
01-01 09:54:52.070 0 0 I : CPU: 1 PID: 1049 Comm: kworker/1:2 Tainted: G S O 4.19.157+ #1
01-01 09:54:52.070 0 0 I Hardware name: Qualcomm Technologies, Inc. kona MTP-RmPM8150b. VC1(FSE) EVT1 (DT)
01-01 09:54:52.070 0 0 I Workqueue: pm pm_runtime_work
01-01 09:54:52.070 0 0 I pstate : 60c00085 (nZCv daIf +PAN +UAO)
01-01 09:54:52.070 0 0 I pc : enable_irq+0x98/0xf0
01-01 09:54:52.070 0 0 I lr : enable_irq+0x98/0xf0
01-01 09:54:52.070 0 0 I sp : ffffff80158dbaf0
01-01 09:54:52.070 0 0 I : x29: ffffff80158dbb00 x28: 0000000000000002
01-01 09:54:52.070 0 0 I : x27: 0000000000000000 x26: ffffffe24f5b7bfd
01-01 09:54:52.070 0 0 I : x25: 0000000000000000 x24: ffffffa1cdd6e578
01-01 09:54:52.070 0 0 I : x23: ffffffe24f5b5f59 x22: ffffffe24f5b79c8
01-01 09:54:52.070 0 0 I : x21: ffffffe24cbcc690 x20: 0000000000000190
01-01 09:54:52.070 0 0 I : x19: ffffffe23710d480 x18: 0000000000000030
01-01 09:54:52.070 0 0 I : x17: ffffffa1d0f1c000 x16: 00000000fffc1f50
01-01 09:54:52.070 0 0 I : x15: 00000000000c1f50 x14: 0000000000000086
01-01 09:54:52.070 0 0 I : x13: 0000000000000000 x12: 00000000000000e0
01-01 09:54:52.070 0 0 I : x11: 0000000000000000 x10: 0000000000000001
01-01 09:54:52.070 0 0 I : x9 : ec4831621d831e00 x8 : ec4831621d831e00
01-01 09:54:52.070 0 0 I : x7 : ffffffa1cd5826c0 x6 : 0000000000000000
01-01 09:54:52.071 0 0 I : x5 : 0000000000000080 x4 : 0000000000000001
01-01 09:54:52.071 0 0 I : x3 : 0000000000000000 x2 : 0000000000000007
01-01 09:54:52.071 0 0 I : x1 : 0000000000000007 x0 : 000000000000001d
01-01 09:54:52.071 0 0 I Call trace:
01-01 09:54:52.071 0 0 I : enable_irq+0x98/0xf0
01-01 09:54:52.071 0 0 I : swrm_runtime_suspend+0x480/0x608 [swr_ctrl_dlkm]
01-01 09:54:52.071 0 0 I : pm_generic_runtime_suspend+0x34/0x48
01-01 09:54:52.071 0 0 I : __rpm_callback+0x128/0x230
