01-01 09:54:47.439 1112 1112 D CompatConfig: Adding: com.android.server.compat.config.Change@99a419f
01-01 09:54:47.440 1112 1188 I SystemConfig: Reading permissions from /system/etc/sysconfig/preinstalled-packages-com.android.providers.media.module.xml
01-01 09:54:47.440 1112 1112 D CompatConfig: Adding: com.android.server.compat.config.Change@438a6b5
01-01 09:54:47.441 1112 1112 D CompatConfig: Adding: com.android.server.compat.config.Change@3e8514a
01-01 09:54:47.441 1112 1112 D CompatConfig: Adding: com.android.server.compat.config.Change@beb58bb
01-01 09:54:47.442 1112 1112 D CompatConfig: Adding: com.android.server.compat.config.Change@3dff1d8
01-01 09:54:47.443 1112 1112 D CompatConfig: Adding: com.android.server.compat.config.Change@719f931
01-01 09:54:47.443 1112 1188 I SystemConfig: Reading permissions from /system/etc/permissions/com.android.networkstack.tethering.xml
01-01 09:54:47.444 1112 1112 D CompatConfig: Adding: com.android.server.compat.config.Change@6cc597
01-01 09:54:47.445 1112 1112 D CompatConfig: Adding: com.android.server.compat.config.Change@c4e5384
01-01 09:54:47.445 1112 1188 I SystemConfig: Reading permissions from /system/etc/permissions/com.baidu.input.xml
01-01 09:54:47.445 1112 1112 D CompatConfig: Adding: com.android.server.compat.config.Change@fc1bfa2
01-01 09:54:47.446 1112 1112 D CompatConfig: Adding: com.android.server.compat.config.Change@72e2433
01-01 09:54:47.447 1112 1112 D CompatConfig: Adding: com.android.server.compat.config.Change@5d59d69
01-01 09:54:47.447 1112 1188 I SystemConfig: Reading permissions from /system/etc/permissions/android.test.mock.xml
01-01 09:54:47.447 1112 1112 D CompatConfig: Adding: com.android.server.compat.config.Change@a2033ee
01-01 09:54:47.448 1112 1112 D CompatConfig: Adding: com.android.server.compat.config.Change@79cd08f
01-01 09:54:47.448 1112 1188 I SystemConfig: Reading permissions from /system/etc/permissions/privapp-permissions-qti.xml
01-01 09:54:47.449 1112 1112 D CompatConfig: Adding: com.android.server.compat.config.Change@121a725
01-01 09:54:47.449 1112 1112 D CompatConfig: Adding: com.android.server.compat.config.Change@7dfa0fa
01-01 09:54:47.450 1112 1188 I SystemConfig: Reading permissions from /system/etc/permissions/com.thundercomm.mcuupgrade.xml
01-01 09:54:47.450 1112 1112 D CompatConfig: Adding: com.android.server.compat.config.Change@79f8108
01-01 09:54:47.451 1112 1112 D CompatConfig: Adding: com.android.server.compat.config.Change@c6a90a1
01-01 09:54:47.452 1112 1188 I SystemConfig: Reading permissions from /system/etc/permissions/android.test.base.xml
01-01 09:54:47.452 1112 1112 D CompatConfig: Adding: com.android.server.compat.config.Change@e744287
01-01 09:54:47.453 1112 1188 I SystemConfig: Reading permissions from /system/etc/permissions/com.android.documentsui.xml
01-01 09:54:47.453 1112 1112 D CompatConfig: Adding: com.android.server.compat.config.Change@8fe95dd
01-01 09:54:47.453 1112 1112 D CompatConfig: Adding: com.android.server.compat.config.Change@bfd5552
01-01 09:54:47.454 1112 1188 I SystemConfig: Reading permissions from /system/etc/permissions/com.android.media.remotedisplay.xml
01-01 09:54:47.454 1112 1112 D CompatConfig: Adding: com.android.server.compat.config.Change@5fb6920
01-01 09:54:47.455 1112 1112 D CompatConfig: Adding: com.android.server.compat.config.Change@b77749e
01-01 09:54:47.455 1112 1188 I SystemConfig: Reading permissions from /system/etc/permissions/com.android.location.provider.xml
01-01 09:54:47.455 1112 1112 D CompatConfig: Adding: com.android.server.compat.config.Change@798fb7f
01-01 09:54:47.456 1112 1112 D CompatConfig: Adding: com.android.server.compat.config.Change@bfdf74c
01-01 09:54:47.456 1112 1188 I SystemConfig: Reading permissions from /system/etc/permissions/com.android.nfc_extras.xml
01-01 09:54:47.457 1112 1112 D CompatConfig: Adding: com.android.server.compat.config.Change@be23caa
01-01 09:54:47.457 1112 1112 D CompatConfig: Adding: com.android.server.compat.config.Change@3b93c38
01-01 09:54:47.457 1112 1188 I SystemConfig: Reading permissions from /system/etc/permissions/android.test.runner.xml
01-01 09:54:47.458 1112 1112 D CompatConfig: Adding: com.android.server.compat.config.Change@187e411
01-01 09:54:47.459 1112 1188 I SystemConfig: Reading permissions from /system/etc/permissions/com.thundercomm.screensaver.xml
01-01 09:54:47.459 1112 1112 D CompatConfig: Adding: com.android.server.compat.config.Change@88cdb77
01-01 09:54:47.459 1112 1112 D CompatConfig: Adding: com.android.server.compat.config.Change@3e1e3e4
01-01 09:54:47.460 1112 1112 D CompatConfig: Adding: com.android.server.compat.config.Change@f5b04d
01-01 09:54:47.460 1112 1188 I SystemConfig: Reading permissions from /system/etc/permissions/android.software.live_wallpaper.xml
01-01 09:54:47.461 1112 1112 D CompatConfig: Adding: com.android.server.compat.config.Change@f69b813
01-01 09:54:47.461 1112 1188 I SystemConfig: Reading permissions from /system/etc/permissions/com.android.future.usb.accessory.xml
01-01 09:54:47.461 1112 1112 D CompatConfig: Adding: com.android.server.compat.config.Change@fa0449
01-01 09:54:47.462 1112 1112 D CompatConfig: Adding: com.android.server.compat.config.Change@92dc26f
01-01 09:54:47.462 1112 1188 I SystemConfig: Reading permissions from /system/etc/permissions/org.apache.http.legacy.xml
01-01 09:54:47.463 1112 1112 D CompatConfig: Adding: com.android.server.compat.config.Change@a93cb7c
01-01 09:54:47.463 1112 1188 I SystemConfig: Reading permissions from /system/etc/permissions/uimremoteclient.xml
01-01 09:54:47.464 1112 1112 D CompatConfig: Adding: com.android.server.compat.config.Change@f5b245a
01-01 09:54:47.464 1112 1112 D CompatConfig: Adding: com.android.server.compat.config.Change@67e168b
01-01 09:54:47.465 1112 1112 D CompatConfig: Adding: com.android.server.compat.config.Change@9102368
01-01 09:54:47.465 1112 1112 D CompatConfig: Adding: com.android.server.compat.config.Change@118f381
01-01 09:54:47.459 1189 1189 I auditd : type=1400 audit(0.0:34): avc: denied { write } for comm="ln" name="hs" dev="configfs" ino=44547 scontext=u:r:vendor_qti_init_shell:s0 tcontext=u:object_r:configfs:s0 tclass=dir permissive=0
01-01 09:54:47.466 1112 1112 D CompatConfig: Adding: com.android.server.compat.config.Change@8972c26
01-01 09:54:47.467 1112 1188 I SystemConfig: Reading permissions from /system/etc/permissions/com.thundercomm.tcservice.xml
01-01 09:54:47.467 1112 1112 D CompatConfig: Adding: com.android.server.compat.config.Change@6780e14
01-01 09:54:47.467 1112 1112 D CompatConfig: Adding: com.android.server.compat.config.Change@ce046bd
01-01 09:54:47.468 1112 1112 D CompatConfig: Adding: com.android.server.compat.config.Change@439e4b2
01-01 09:54:47.469 1112 1112 D CompatConfig: Adding: com.android.server.compat.config.Change@400cc03
01-01 09:54:47.469 1112 1112 D CompatConfig: Adding: com.android.server.compat.config.Change@fd1f780
01-01 09:54:47.470 1112 1188 I SystemConfig: Reading permissions from /system/etc/permissions/com.android.networkstack.xml
01-01 09:54:47.470 1112 1112 D CompatConfig: Found a config file: /system/etc/compatconfig/documents-ui-compat-config.xml
01-01 09:54:47.471 1112 1112 D CompatConfig: Adding: com.android.server.compat.config.Change@1ba255f
01-01 09:54:47.471 1112 1188 I SystemConfig: Reading permissions from /system/etc/permissions/uimremoteserver.xml
01-01 09:54:47.471 1112 1112 D CompatConfig: Found a config file: /system/etc/compatconfig/icu4j-platform-compat-config.xml
01-01 09:54:47.472 1112 1188 I SystemConfig: Reading permissions from /system/etc/permissions/android.software.webview.xml
01-01 09:54:47.472 1112 1112 D CompatConfig: Adding: com.android.server.compat.config.Change@e85b87b
01-01 09:54:47.473 1112 1188 I SystemConfig: Reading permissions from /system/etc/permissions/android.software.freeform_window_management.xml
01-01 09:54:47.473 1112 1112 D CompatConfig: Found a config file: /system/etc/compatconfig/services-platform-compat-config.xml
01-01 09:54:47.474 1112 1188 I SystemConfig: Reading permissions from /system/etc/permissions/com.android.mediadrm.signer.xml
01-01 09:54:47.474 1112 1112 D CompatConfig: Adding: com.android.server.compat.config.Change@ad6157
01-01 09:54:47.475 1112 1188 I SystemConfig: Reading permissions from /system/etc/permissions/javax.obex.xml
01-01 09:54:47.475 1112 1112 D CompatConfig: Adding: com.android.server.compat.config.Change@e95592d
01-01 09:54:47.476 1112 1188 I SystemConfig: Reading permissions from /system/etc/permissions/privapp-permissions-platform.xml
01-01 09:54:47.476 1112 1112 D CompatConfig: Adding: com.android.server.compat.config.Change@f3cbbf3
01-01 09:54:47.476 1112 1112 D CompatConfig: Adding: com.android.server.compat.config.Change@f1240b0
01-01 09:54:47.477 1112 1112 D CompatConfig: Adding: com.android.server.compat.config.Change@29b5b29
01-01 09:54:47.478 1112 1112 D CompatConfig: Adding: com.android.server.compat.config.Change@ca27eae
01-01 09:54:47.478 1112 1112 D CompatConfig: Adding: com.android.server.compat.config.Change@c5d244f
01-01 09:54:47.479 1112 1188 I SystemConfig: Reading permissions from /system/etc/permissions/platform.xml
01-01 09:54:47.479 1112 1112 D CompatConfig: Adding: com.android.server.compat.config.Change@5e580e5
01-01 09:54:47.480 1112 1112 D CompatConfig: Adding: com.android.server.compat.config.Change@61bd7ba
01-01 09:54:47.480 1112 1112 D CompatConfig: Adding: com.android.server.compat.config.Change@971b66b
01-01 09:54:47.481 1112 1112 D CompatConfig: Adding: com.android.server.compat.config.Change@cc175c8
01-01 09:54:47.482 1112 1112 D CompatConfig: Adding: com.android.server.compat.config.Change@f24661
01-01 09:54:47.482 1112 1112 D CompatConfig: Adding: com.android.server.compat.config.Change@89fb586
01-01 09:54:47.483 1112 1112 D CompatConfig: Adding: com.android.server.compat.config.Change@f34e47
01-01 09:54:47.484 1112 1188 I SystemConfig: Reading permissions from /vendor/etc/permissions/android.hardware.sensor.accelerometer.xml
01-01 09:54:47.484 1112 1112 D CompatConfig: Adding: com.android.server.compat.config.Change@babe79d
01-01 09:54:47.485 1112 1112 D CompatConfig: Adding: com.android.server.compat.config.Change@931a412
01-01 09:54:47.486 1112 1188 I SystemConfig: Reading permissions from /vendor/etc/permissions/android.hardware.wifi.direct.xml
01-01 09:54:47.486 1112 1112 D CompatConfig: Adding: com.android.server.compat.config.Change@d4f35e0
01-01 09:54:47.487 1112 1112 D CompatConfig: Adding: com.android.server.compat.config.Change@8646099
01-01 09:54:47.487 1112 1188 I SystemConfig: Reading permissions from /vendor/etc/permissions/android.hardware.sensor.ambient_temperature.xml
01-01 09:54:47.488 1112 1112 D CompatConfig: Adding: com.android.server.compat.config.Change@9f5bf3f
01-01 09:54:47.488 1112 1112 D CompatConfig: Adding: com.android.server.compat.config.Change@7a1d00c
01-01 09:54:47.489 1112 1112 D CompatConfig: Adding: com.android.server.compat.config.Change@2916d55
01-01 09:54:47.489 1112 1188 I SystemConfig: Reading permissions from /vendor/etc/permissions/android.software.ipsec_tunnels.xml
01-01 09:54:47.490 1112 1112 D CompatConfig: Adding: com.android.server.compat.config.Change@711105b
01-01 09:54:47.490 1112 1188 I SystemConfig: Reading permissions from /vendor/etc/permissions/android.software.device_id_attestation.xml
01-01 09:54:47.491 1112 1112 D CompatConfig: Adding: com.android.server.compat.config.Change@d4889d1
01-01 09:54:47.491 1112 1112 D CompatConfig: Adding: com.android.server.compat.config.Change@a868c36
01-01 09:54:47.492 1112 1112 D CompatConfig: Adding: com.android.server.compat.config.Change@1c65737
01-01 09:54:47.492 1112 1188 I SystemConfig: Reading permissions from /vendor/etc/permissions/android.hardware.vulkan.compute-0.xml
01-01 09:54:47.492 1112 1112 D CompatConfig: Adding: com.android.server.compat.config.Change@d7af20d
01-01 09:54:47.493 1112 1112 D CompatConfig: Adding: com.android.server.compat.config.Change@62735c2
01-01 09:54:47.493 1112 1188 I SystemConfig: Reading permissions from /vendor/etc/permissions/android.hardware.sensor.barometer.xml
01-01 09:54:47.494 1112 1112 D CompatConfig: Adding: com.android.server.compat.config.Change@90bd710
01-01 09:54:47.494 1112 1112 D CompatConfig: Adding: com.android.server.compat.config.Change@bf1a209
01-01 09:54:47.494 1112 1188 I SystemConfig: Reading permissions from /vendor/etc/permissions/qti_fingerprint_interface.xml
01-01 09:54:47.495 1112 1112 D CompatConfig: Adding: com.android.server.compat.config.Change@122f62f
01-01 09:54:47.496 1112 1112 D CompatConfig: Adding: com.android.server.compat.config.Change@a3f543c
01-01 09:54:47.496 1112 1188 I SystemConfig: Reading permissions from /vendor/etc/permissions/android.hardware.usb.host.xml
01-01 09:54:47.497 1112 1112 D CompatConfig: Adding: com.android.server.compat.config.Change@679bb1a
01-01 09:54:47.497 1112 1188 I SystemConfig: Reading permissions from /vendor/etc/permissions/android.software.vulkan.deqp.level.xml
01-01 09:54:47.487 0 0 E msm-dcc 1023000.dcc_v2: DCC list passed 3
01-01 09:54:47.492 0 0 I msm-dcc 1023000.dcc_v2: All values written to enable.
01-01 09:54:47.493 0 0 E msm-dcc 1023000.dcc_v2: DCC list passed 4
01-01 09:54:47.497 1112 1112 D CompatConfig: Adding: com.android.server.compat.config.Change@cb7828
01-01 09:54:47.498 1112 1188 I SystemConfig: Reading permissions from /vendor/etc/permissions/vendor-qti-hardware-sensorscalibrate.xml
01-01 09:54:47.498 1112 1112 D CompatConfig: Adding: com.android.server.compat.config.Change@6e86ee6
01-01 09:54:47.498 0 0 I msm-dcc 1023000.dcc_v2: All values written to enable.
01-01 09:54:47.499 0 0 E msm-dcc 1023000.dcc_v2: DCC list passed 6
01-01 09:54:47.499 1112 1188 I SystemConfig: Reading permissions from /vendor/etc/permissions/android.hardware.sensor.compass.xml
01-01 09:54:47.499 1112 1112 D CompatConfig: Adding: com.android.server.compat.config.Change@573eed4
01-01 09:54:47.501 1112 1188 I SystemConfig: Reading permissions from /vendor/etc/permissions/android.hardware.bluetooth.xml
01-01 09:54:47.501 1112 1112 D CompatConfig: Adding: com.android.server.compat.config.Change@83c9372
01-01 09:54:47.501 1112 1112 D CompatConfig: Adding: com.android.server.compat.config.Change@2e3b3c3
01-01 09:54:47.502 1112 1112 D CompatConfig: Adding: com.android.server.compat.config.Change@78b2440
01-01 09:54:47.503 1112 1188 I SystemConfig: Reading permissions from /vendor/etc/permissions/handheld_core_hardware.xml
01-01 09:54:47.503 1112 1112 D CompatConfig: Adding: com.android.server.compat.config.Change@3c74be
01-01 09:54:47.503 1112 1112 D CompatConfig: Adding: com.android.server.compat.config.Change@e43c91f
01-01 09:54:47.504 1112 1112 D CompatConfig: Adding: com.android.server.compat.config.Change@71e446c
01-01 09:54:47.504 1112 1188 I SystemConfig: Reading permissions from /vendor/etc/permissions/android.hardware.sensor.hifi_sensors.xml
01-01 09:54:47.504 1112 1112 D CompatConfig: Adding: com.android.server.compat.config.Change@8c71eca
01-01 09:54:47.505 1112 1112 D CompatConfig: Adding: com.android.server.compat.config.Change@265d83b
01-01 09:54:47.505 1112 1112 D CompatConfig: Adding: com.android.server.compat.config.Change@5e13b58
01-01 09:54:47.506 1112 1188 I SystemConfig: Reading permissions from /vendor/etc/permissions/android.hardware.light.xml
01-01 09:54:47.506 1112 1112 D CompatConfig: Adding: com.android.server.compat.config.Change@8a05d96
01-01 09:54:47.505 0 0 I msm-dcc 1023000.dcc_v2: All values written to enable.
01-01 09:54:47.507 1112 1112 D CompatConfig: Adding: com.android.server.compat.config.Change@cfbd17
01-01 09:54:47.507 1112 1188 I SystemConfig: Reading permissions from /vendor/etc/permissions/android.hardware.vulkan.level-1.xml
01-01 09:54:47.508 1112 1112 D CompatConfig: Adding: com.android.server.compat.config.Change@75e7aed
01-01 09:54:47.508 1112 1112 D CompatConfig: Adding: com.android.server.compat.config.Change@cfcbd22
01-01 09:54:47.509 1112 1112 D CompatConfig: Adding: com.android.server.compat.config.Change@38913b3
01-01 09:54:47.509 1112 1188 I SystemConfig: Reading permissions from /vendor/etc/permissions/android.hardware.audio.pro.xml
01-01 09:54:47.509 1112 1112 D CompatConfig: Adding: com.android.server.compat.config.Change@a34d8e9
01-01 09:54:47.510 1112 1112 D CompatConfig: Adding: com.android.server.compat.config.Change@377380f
01-01 09:54:47.510 1112 1188 I SystemConfig: Reading permissions from /vendor/etc/permissions/android.hardware.bluetooth_le.xml
01-01 09:54:47.510 1112 1112 D CompatConfig: Adding: com.android.server.compat.config.Change@771a09c
01-01 09:54:47.511 1112 1112 D CompatConfig: Found a config file: /system/etc/compatconfig/calendar-provider-compat-config.xml
01-01 09:54:47.511 1112 1188 I SystemConfig: Reading permissions from /vendor/etc/permissions/android.hardware.opengles.aep.xml
01-01 09:54:47.512 1112 1112 D CompatConfig: Adding: com.android.server.compat.config.Change@879462b
01-01 09:54:47.513 1112 1188 I SystemConfig: Reading permissions from /vendor/etc/permissions/android.hardware.se.omapi.uicc.xml
01-01 09:54:47.513 1112 1112 D CompatConfig: Found a config file: /system/system_ext/etc/compatconfig/settings-platform-compat-config.xml
01-01 09:54:47.514 1112 1188 I SystemConfig: Reading permissions from /vendor/etc/permissions/android.hardware.sensor.gyroscope.xml
01-01 09:54:47.514 1112 1112 D CompatConfig: Adding: com.android.server.compat.config.Change@f441a07
01-01 09:54:47.515 1112 1188 I SystemConfig: Reading permissions from /vendor/etc/permissions/android.hardware.fingerprint.xml
01-01 09:54:47.516 1112 1188 I SystemConfig: Reading permissions from /vendor/etc/permissions/android.hardware.wifi.aware.xml
01-01 09:54:47.516 1112 1112 D CompatConfig: No directory /apex/com.android.vndk.v30/etc/compatconfig, skipping
01-01 09:54:47.517 1112 1112 D CompatConfig: No directory /apex/com.android.wifi/etc/compatconfig, skipping
01-01 09:54:47.517 1112 1112 D CompatConfig: No directory /apex/com.android.vndk.v31/etc/compatconfig, skipping
01-01 09:54:47.517 1112 1112 D CompatConfig: No directory /apex/com.android.tzdata/etc/compatconfig, skipping
01-01 09:54:47.517 1112 1112 D CompatConfig: No directory /apex/com.android.tethering/etc/compatconfig, skipping
01-01 09:54:47.517 1112 1112 D CompatConfig: No directory /apex/com.android.sdkext/etc/compatconfig, skipping
01-01 09:54:47.517 1112 1112 D CompatConfig: No directory /apex/com.android.scheduling/etc/compatconfig, skipping
01-01 09:54:47.511 1190 1190 I auditd : type=1400 audit(0.0:35): avc: denied { write } for comm="ln" name="ss" dev="configfs" ino=44548 scontext=u:r:vendor_qti_init_shell:s0 tcontext=u:object_r:configfs:s0 tclass=dir permissive=0
01-01 09:54:47.518 1112 1112 D CompatConfig: No directory /apex/com.android.runtime/etc/compatconfig, skipping
01-01 09:54:47.518 1112 1112 D CompatConfig: No directory /apex/com.android.resolv/etc/compatconfig, skipping
01-01 09:54:47.518 1112 1112 D CompatConfig: No directory /apex/com.android.permission/etc/compatconfig, skipping
01-01 09:54:47.518 1112 1112 D CompatConfig: No directory /apex/com.android.os.statsd/etc/compatconfig, skipping
01-01 09:54:47.518 1112 1112 D CompatConfig: No directory /apex/com.android.neuralnetworks/etc/compatconfig, skipping
01-01 09:54:47.518 1112 1188 I SystemConfig: Reading permissions from /vendor/etc/permissions/android.hardware.touchscreen.multitouch.jazzhand.xml
01-01 09:54:47.519 1112 1112 D CompatConfig: Found a config file: /apex/com.android.mediaprovider/etc/compatconfig/media-provider-platform-compat-config.xml
01-01 09:54:47.520 1112 1188 I SystemConfig: Reading permissions from /vendor/etc/permissions/android.software.midi.xml
01-01 09:54:47.520 1112 1112 D CompatConfig: Adding: com.android.server.compat.config.Change@338ce59
01-01 09:54:47.521 1112 1112 D CompatConfig: Adding: com.android.server.compat.config.Change@fe52a1e
01-01 09:54:47.521 1112 1112 D CompatConfig: Adding: com.android.server.compat.config.Change@89c42ff
01-01 09:54:47.522 1112 1188 I SystemConfig: Reading permissions from /vendor/etc/permissions/android.hardware.se.omapi.ese.xml
01-01 09:54:47.523 1112 1188 I SystemConfig: Reading permissions from /vendor/etc/permissions/android.software.verified_boot.xml
01-01 09:54:47.524 1112 1112 D CompatConfig: Adding: com.android.server.compat.config.Change@535ca2a
01-01 09:54:47.524 1112 1188 I SystemConfig: Reading permissions from /vendor/etc/permissions/android.hardware.wifi.passpoint.xml
01-01 09:54:47.525 1112 1112 D CompatConfig: Adding: com.android.server.compat.config.Change@51d45b8
01-01 09:54:47.525 1112 1188 I SystemConfig: Reading permissions from /vendor/etc/permissions/android.hardware.wifi.rtt.xml
01-01 09:54:47.525 1112 1112 D CompatConfig: Adding: com.android.server.compat.config.Change@73e5ef6
01-01 09:54:47.526 1112 1112 D CompatConfig: Adding: com.android.server.compat.config.Change@ec192f7
01-01 09:54:47.525 0 0 I init : Service 'exec 22 (/vendor/bin/init.qcom.usb.sh)' (pid 1091) exited with status 1 waiting took 1.152000 seconds
01-01 09:54:47.525 0 0 I init : Sending signal 9 to service 'exec 22 (/vendor/bin/init.qcom.usb.sh)' (pid 1091) process group...
01-01 09:54:47.525 0 0 I libprocessgroup: Successfully killed process cgroup uid 0 pid 1091 in 0ms
01-01 09:54:47.527 1112 1112 D CompatConfig: No directory /apex/com.android.media.swcodec/etc/compatconfig, skipping
01-01 09:54:47.527 1112 1188 I SystemConfig: Reading permissions from /vendor/etc/permissions/android.hardware.wifi.xml
01-01 09:54:47.527 1112 1112 D CompatConfig: No directory /apex/com.android.media/etc/compatconfig, skipping
01-01 09:54:47.527 1112 1112 D CompatConfig: No directory /apex/com.android.ipsec/etc/compatconfig, skipping
01-01 09:54:47.528 1112 1112 D CompatConfig: No directory /apex/com.android.i18n/etc/compatconfig, skipping
01-01 09:54:47.528 1112 1112 D CompatConfig: No directory /apex/com.android.extservices/etc/compatconfig, skipping
01-01 09:54:47.528 1112 1112 D CompatConfig: No directory /apex/com.android.conscrypt/etc/compatconfig, skipping
01-01 09:54:47.529 1112 1112 D CompatConfig: Found a config file: /apex/com.android.art/etc/compatconfig/libcore-platform-compat-config.xml
01-01 09:54:47.529 1112 1188 I SystemConfig: Reading permissions from /vendor/etc/permissions/android.hardware.usb.accessory.xml
01-01 09:54:47.529 1112 1112 D CompatConfig: Adding: com.android.server.compat.config.Change@cf26793
01-01 09:54:47.529 0 0 I init : processing action (boot) from (/vendor/etc/init/hw/init.target.rc:79)
01-01 09:54:47.530 1112 1188 I SystemConfig: Reading permissions from /vendor/etc/permissions/vendor.qti.hardware.factory.xml
01-01 09:54:47.531 1112 1188 I SystemConfig: Reading permissions from /vendor/etc/permissions/android.hardware.audio.low_latency.xml
01-01 09:54:47.531 1112 1112 D CompatConfig: Adding: com.android.server.compat.config.Change@53e56ce
01-01 09:54:47.532 1112 1112 D CompatConfig: Adding: com.android.server.compat.config.Change@b51e9ef
01-01 09:54:47.532 1112 1188 I SystemConfig: Reading permissions from /vendor/etc/permissions/android.hardware.sensor.relative_humidity.xml
01-01 09:54:47.533 1112 1112 D CompatConfig: Adding: com.android.server.compat.config.Change@66ccf85
01-01 09:54:47.533 1112 1188 I SystemConfig: Reading permissions from /vendor/etc/permissions/android.hardware.vulkan.version-1_1.xml
01-01 09:54:47.534 1112 1112 D CompatConfig: Adding: com.android.server.compat.config.Change@77d360b
01-01 09:54:47.534 1112 1188 I SystemConfig: Reading permissions from /vendor/etc/permissions/android.hardware.location.gps.xml
01-01 09:54:47.535 1112 1112 D CompatConfig: No directory /apex/com.android.appsearch/etc/compatconfig, skipping
01-01 09:54:47.535 1112 1112 D CompatConfig: No directory /apex/com.android.adbd/etc/compatconfig, skipping
01-01 09:54:47.538 1112 1188 I SystemConfig: Reading permissions from /product/etc/sysconfig/preinstalled-packages-platform-handheld-product.xml
01-01 09:54:47.541 1112 1188 I SystemConfig: Reading permissions from /product/etc/sysconfig/preinstalled-packages-platform-overlays.xml
01-01 09:54:47.541 1112 1112 D SystemServerTiming: PlatformCompat took to complete: 118ms
01-01 09:54:47.541 1112 1112 I SystemServerTiming: StartFileIntegrityService
01-01 09:54:47.541 1112 1112 I SystemServiceManager: Starting com.android.server.security.FileIntegrityService
01-01 09:54:47.541 0 0 I init : starting service 'exec 23 (/vendor/bin/modprobe -a -d /vendor/lib/modules/ qca_cld3_qca6390 qca_cld3_qca6490)'...
01-01 09:54:47.544 1112 1188 I SystemConfig: Reading permissions from /product/etc/permissions/vendor.qti.hardware.data.connection-V1.0-java.xml
01-01 09:54:47.546 1112 1112 D SystemServerTiming: StartFileIntegrityService took to complete: 4ms
01-01 09:54:47.546 1112 1112 I SystemServerTiming: StartInstaller
01-01 09:54:47.546 1112 1112 I SystemServiceManager: Starting com.android.server.pm.Installer
01-01 09:54:47.546 1112 1188 I SystemConfig: Reading permissions from /product/etc/permissions/vendor.qti.hardware.data.connection-V1.1-java.xml
01-01 09:54:47.547 1112 1188 I SystemConfig: Reading permissions from /product/etc/permissions/com.qti.snapdragon.sdk.display.xml
01-01 09:54:47.548 1112 1112 W Installer: installd not found; trying again
01-01 09:54:47.548 1112 1188 I SystemConfig: Reading permissions from /product/etc/permissions/ims_ext_common.xml
01-01 09:54:47.549 1112 1188 I SystemConfig: Reading permissions from /product/etc/permissions/com.android.settings.intelligence.xml
01-01 09:54:47.550 0 0 I init : processing action (boot) from (/system/etc/init/dumpstate.rc:1)
01-01 09:54:47.550 1112 1112 D SystemServerTiming: StartInstaller took to complete: 4ms
01-01 09:54:47.550 1112 1112 I SystemServerTiming: DeviceIdentifiersPolicyService
01-01 09:54:47.551 1112 1112 I SystemServiceManager: Starting com.android.server.os.DeviceIdentifiersPolicyService
01-01 09:54:47.551 1112 1112 D SystemServerTiming: DeviceIdentifiersPolicyService took to complete: 0ms
01-01 09:54:47.551 1112 1112 I SystemServerTiming: UriGrantsManagerService
01-01 09:54:47.551 1112 1112 I SystemServiceManager: Starting com.android.server.uri.UriGrantsManagerService$Lifecycle
01-01 09:54:47.552 1112 1188 I SystemConfig: Reading permissions from /product/etc/permissions/UimService.xml
01-01 09:54:47.552 1112 1112 D SystemServerTiming: UriGrantsManagerService took to complete: 0ms
01-01 09:54:47.552 1112 1112 I SystemServerTiming: StartPowerStatsService
01-01 09:54:47.552 1112 1112 I SystemServiceManager: Starting com.android.server.powerstats.PowerStatsService
01-01 09:54:47.552 0 0 I init : processing action (boot) from (/system/etc/init/gsid.rc:25)
01-01 09:54:47.552 0 0 I init : starting service 'exec 24 (/system/bin/gsid run-startup-tasks)'...
01-01 09:54:47.554 0 0 I binder : 1112:1112 ioctl 40046210 7ff99ba3e4 returned -22
01-01 09:54:47.555 1112 1188 I SystemConfig: Reading permissions from /product/etc/permissions/telephony_product_privapp-permissions-qti.xml
01-01 09:54:47.556 1112 1112 D SystemServerTiming: StartPowerStatsService took to complete: 4ms
01-01 09:54:47.556 1112 1112 I SystemServerTiming: StartIStatsService
01-01 09:54:47.558 1112 1112 D SystemServerTiming: StartIStatsService took to complete: 2ms
01-01 09:54:47.558 1112 1112 I SystemServerTiming: MemtrackProxyService
01-01 09:54:47.560 1112 1188 I SystemConfig: Reading permissions from /system_ext/etc/sysconfig/qti_whitelist_system_ext.xml
01-01 09:54:47.561 1112 1188 I SystemConfig: Reading permissions from /system_ext/etc/sysconfig/qti_telephony_system_packages_config.xml
01-01 09:54:47.563 1112 1112 D SystemServerTiming: MemtrackProxyService took to complete: 5ms
01-01 09:54:47.563 1112 1112 I SystemServerTiming: StartActivityManager
01-01 09:54:47.563 1112 1112 I SystemServiceManager: Starting com.android.server.wm.ActivityTaskManagerService$Lifecycle
01-01 09:54:47.564 1112 1188 I SystemConfig: Reading permissions from /system_ext/etc/permissions/com.qti.media.secureprocessor.xml
01-01 09:54:47.566 1112 1188 I SystemConfig: Reading permissions from /system_ext/etc/permissions/qti_supplicant_interface.xml
01-01 09:54:47.563 0 0 I init : processing action (boot) from (/vendor/etc/init/init.thundercomm.touchscreen.rc:5)
01-01 09:54:47.563 0 0 I init : starting service 'exec 25 (/vendor/bin/modprobe -a -d /vendor/lib/modules/ atmel_mxt_ts cyttsp7 cyttsp7_i2c cyttsp7_device_access)'...
01-01 09:54:47.567 1112 1188 I SystemConfig: Reading permissions from /system_ext/etc/permissions/qti_libpermissions.xml
01-01 09:54:47.567 1112 1112 I SystemServiceManager: Starting com.android.server.am.ActivityManagerService$Lifecycle
01-01 09:54:47.568 1112 1188 I SystemConfig: Reading permissions from /system_ext/etc/permissions/com.thundercomm.microsettings.xml
01-01 09:54:47.570 1112 1188 I SystemConfig: Reading permissions from /system_ext/etc/permissions/telephony_system-ext_privapp-permissions-qti.xml
01-01 09:54:47.573 1112 1112 I ActivityManager: Memory class: 256
01-01 09:54:47.573 1112 1188 I SystemConfig: Reading permissions from /system_ext/etc/permissions/privapp-permissions-aptxals.xml
01-01 09:54:47.575 1112 1188 I SystemConfig: Reading permissions from /system_ext/etc/permissions/vendor.qti.ims.rcsservice.xml
01-01 09:54:47.575 1112 1198 I Binder : Setting heavy hitter watcher config: false, 0, 0.0
01-01 09:54:47.577 1112 1188 I SystemConfig: Reading permissions from /system_ext/etc/permissions/com.android.storagemanager.xml
01-01 09:54:47.579 1112 1188 I SystemConfig: Reading permissions from /system_ext/etc/permissions/com.qualcomm.qmapbridge.xml
01-01 09:54:47.580 1112 1188 I SystemConfig: Reading permissions from /system_ext/etc/permissions/com.android.provision.xml
01-01 09:54:47.581 1112 1188 I SystemConfig: Reading permissions from /system_ext/etc/permissions/com.android.systemui.xml
01-01 09:54:47.583 1112 1188 I SystemConfig: Reading permissions from /system_ext/etc/permissions/android.software.verified_boot.xml
01-01 09:54:47.584 1112 1188 I SystemConfig: Reading permissions from /system_ext/etc/permissions/com.qualcomm.location.xml
01-01 09:54:47.586 1112 1188 I SystemConfig: Reading permissions from /system_ext/etc/permissions/com.qualcomm.qti.imscmservice-V2.1-java.xml
01-01 09:54:47.587 1112 1188 I SystemConfig: Reading permissions from /system_ext/etc/permissions/com.qualcomm.qti.imscmservice-V2.2-java.xml
01-01 09:54:47.589 1112 1188 I SystemConfig: Reading permissions from /system_ext/etc/permissions/dpmapi.xml
01-01 09:54:47.590 1112 1188 I SystemConfig: Reading permissions from /system_ext/etc/permissions/embms.xml
01-01 09:54:47.591 1112 1188 I SystemConfig: Reading permissions from /system_ext/etc/permissions/com.qualcomm.qti.imscmservice-V2.0-java.xml
01-01 09:54:47.593 1112 1188 I SystemConfig: Reading permissions from /system_ext/etc/permissions/embms-noship_product_privapp_permissions_qti.xml
01-01 09:54:47.594 1112 1188 I SystemConfig: Reading permissions from /system_ext/etc/permissions/com.qualcomm.qti.imscmservice.xml
01-01 09:54:47.596 1112 1188 I SystemConfig: Reading permissions from /system_ext/etc/permissions/qti_permissions.xml
01-01 09:54:47.598 1112 1188 I SystemConfig: Reading permissions from /system_ext/etc/permissions/izat.xt.srv.xml
01-01 09:54:47.599 1112 1188 I SystemConfig: Reading permissions from /system_ext/etc/permissions/com.qualcomm.qti.izattools.xml
01-01 09:54:47.604 1196 1196 I gsid : no DSU: No such file or directory
01-01 09:54:47.609 1112 1188 I SystemConfig: Reading permissions from /system_ext/etc/permissions/com.qti.dpmframework.xml
01-01 09:54:47.612 1112 1188 I SystemConfig: Reading permissions from /system_ext/etc/permissions/com.android.launcher3.xml
01-01 09:54:47.619 1112 1188 I SystemConfig: Reading permissions from /system_ext/etc/permissions/com.hht.lebocast.xml
01-01 09:54:47.621 1112 1188 I SystemConfig: Reading permissions from /system_ext/etc/permissions/wfd-system-ext-privapp-permissions-qti.xml
01-01 09:54:47.624 1112 1188 I SystemConfig: Reading permissions from /system_ext/etc/permissions/com.nxp.nfc.nq.xml
01-01 09:54:47.626 1112 1188 I SystemConfig: Reading permissions from /system_ext/etc/permissions/privapp-permissions-com.qualcomm.location.xml
01-01 09:54:47.628 1112 1188 I SystemConfig: Reading permissions from /system_ext/etc/permissions/com.android.emergency.xml
01-01 09:54:47.630 1112 1188 I SystemConfig: Reading permissions from /system_ext/etc/permissions/audiosphere.xml
01-01 09:54:47.628 0 0 I atmel_mxt_ts 0-004a: ATMEL MaXTouch Driver version 4.12c
01-01 09:54:47.630 0 0 W atmel_mxt_ts 0-004a: Using gpiod to irq mapping(393) to overrite the client's irq(0)
01-01 09:54:47.630 0 0 I atmel_mxt_ts 0-004a: Mxt Reset (Flag: 0C)
01-01 09:54:47.630 0 0 I atmel_mxt_ts 0-004a: Resetting chip(H)
01-01 09:54:47.635 1112 1188 I SystemConfig: Reading permissions from /system_ext/etc/permissions/privapp-permissions-qti-system-ext.xml
01-01 09:54:47.636 1112 1188 I SystemConfig: Reading permissions from /system_ext/etc/permissions/com.qti.location.sdk.xml
01-01 09:54:47.637 1112 1188 I SystemConfig: Reading permissions from /system_ext/etc/permissions/com.android.settings.xml
01-01 09:54:47.642 1112 1188 I SystemConfig: Reading permissions from /apex/com.android.ipsec/etc/permissions/android.net.ipsec.ike.xml
01-01 09:54:47.646 1112 1188 D SystemConfig: readAllPermissions took to complete: 223ms
01-01 09:54:47.647 1112 1188 D SystemServerInitThreadPool: Finished executing ReadingSystemConfig
01-01 09:54:47.647 1112 1188 D SystemServerTimingAsync: InitThreadPoolExec:ReadingSystemConfig took to complete: 223ms
01-01 09:54:47.647 1112 1112 I dvm_lock_sample: [system_server,0,main,68,SystemConfig.java,273,com.android.server.SystemConfig com.android.server.SystemConfig.getInstance(),-,277,com.android.server.SystemConfig com.android.server.SystemConfig.getInstance(),13]
01-01 09:54:47.651 0 0 I atmel_mxt_ts 0-004a: : 0 -> 0
01-01 09:54:47.684 1112 1112 I PackageWatchdog: Updated health check state for package com.qualcomm.qti.devicestatisticsservice: INACTIVE -> PASSED
01-01 09:54:47.698 1112 1112 D BatteryStatsImpl: Reading daily items from /data/system/batterystats-daily.xml
01-01 09:54:47.714 1112 1211 I KernelCpuUidFreqTimeReader: mPerClusterTimesAvailable=false
01-01 09:54:47.720 1112 1211 W KernelCpuUidFreqTimeBpfMapReader: Failed to start tracking
01-01 09:54:47.723 1112 1211 W KernelCpuUidActiveTimeBpfMapReader: Failed to start tracking
01-01 09:54:47.725 1112 1211 W KernelCpuUidClusterTimeBpfMapReader: Failed to start tracking
01-01 09:54:47.726 1112 1211 E KernelCpuSpeedReader: Failed to read cpu-freq: /sys/devices/system/cpu/cpu4/cpufreq/stats/time_in_state: open failed: ENOENT (No such file or directory)
01-01 09:54:47.726 1112 1211 E KernelCpuSpeedReader: Failed to read cpu-freq: /sys/devices/system/cpu/cpu0/cpufreq/stats/time_in_state: open failed: ENOENT (No such file or directory)
01-01 09:54:47.723 570 570 I auditd : type=1400 audit(0.0:36): avc: denied { read } for comm="Binder:570_2" name="wakeup58" dev="sysfs" ino=76413 scontext=u:r:system_suspend:s0 tcontext=u:object_r:sysfs:s0 tclass=dir permissive=0
01-01 09:54:47.723 570 570 I auditd : type=1400 audit(0.0:37): avc: denied { read } for comm="Binder:570_2" name="wakeup48" dev="sysfs" ino=72734 scontext=u:r:system_suspend:s0 tcontext=u:object_r:sysfs:s0 tclass=dir permissive=0
01-01 09:54:47.723 570 570 I auditd : type=1400 audit(0.0:38): avc: denied { read } for comm="Binder:570_2" name="wakeup4" dev="sysfs" ino=47132 scontext=u:r:system_suspend:s0 tcontext=u:object_r:sysfs:s0 tclass=dir permissive=0
01-01 09:54:47.727 570 570 I auditd : type=1400 audit(0.0:39): avc: denied { read } for comm="Binder:570_2" name="wakeup28" dev="sysfs" ino=56572 scontext=u:r:system_suspend:s0 tcontext=u:object_r:sysfs:s0 tclass=dir permissive=0
01-01 09:54:47.727 570 570 I auditd : type=1400 audit(0.0:40): avc: denied { read } for comm="Binder:570_2" name="wakeup56" dev="sysfs" ino=76341 scontext=u:r:system_suspend:s0 tcontext=u:object_r:sysfs:s0 tclass=dir permissive=0
01-01 09:54:47.727 570 570 I auditd : type=1400 audit(0.0:41): avc: denied { read } for comm="Binder:570_2" name="wakeup2" dev="sysfs" ino=46656 scontext=u:r:system_suspend:s0 tcontext=u:object_r:sysfs:s0 tclass=dir permissive=0
01-01 09:54:47.731 570 570 I auditd : type=1400 audit(0.0:42): avc: denied { read } for comm="Binder:570_2" name="wakeup36" dev="sysfs" ino=66872 scontext=u:r:system_suspend:s0 tcontext=u:object_r:sysfs:s0 tclass=dir permissive=0
01-01 09:54:47.731 570 570 I auditd : type=1400 audit(0.0:43): avc: denied { read } for comm="Binder:570_2" name="wakeup54" dev="sysfs" ino=76269 scontext=u:r:system_suspend:s0 tcontext=u:object_r:sysfs:s0 tclass=dir permissive=0
01-01 09:54:47.735 570 570 I auditd : type=1400 audit(0.0:44): avc: denied { read } for comm="Binder:570_2" name="wakeup44" dev="sysfs" ino=71517 scontext=u:r:system_suspend:s0 tcontext=u:object_r:sysfs:s0 tclass=dir permissive=0
01-01 09:54:47.735 570 570 I auditd : type=1400 audit(0.0:45): avc: denied { read } for comm="Binder:570_2" name="wakeup0" dev="sysfs" ino=43864 scontext=u:r:system_suspend:s0 tcontext=u:object_r:sysfs:s0 tclass=dir permissive=0
01-01 09:54:47.735 570 570 I auditd : type=1400 audit(0.0:46): avc: denied { read } for comm="Binder:570_2" name="wakeup62" dev="sysfs" ino=76569 scontext=u:r:system_suspend:s0 tcontext=u:object_r:sysfs:s0 tclass=dir permissive=0
01-01 09:54:47.735 570 570 I auditd : type=1400 audit(0.0:47): avc: denied { read } for comm="Binder:570_2" name="wakeup52" dev="sysfs" ino=76197 scontext=u:r:system_suspend:s0 tcontext=u:object_r:sysfs:s0 tclass=dir permissive=0
01-01 09:54:47.739 570 570 I auditd : type=1400 audit(0.0:48): avc: denied { read } for comm="Binder:570_2" name="wakeup9" dev="sysfs" ino=55556 scontext=u:r:system_suspend:s0 tcontext=u:object_r:sysfs:s0 tclass=dir permissive=0
01-01 09:54:47.739 570 570 I auditd : type=1400 audit(0.0:49): avc: denied { read } for comm="Binder:570_2" name="wakeup32" dev="sysfs" ino=57019 scontext=u:r:system_suspend:s0 tcontext=u:object_r:sysfs:s0 tclass=dir permissive=0
01-01 09:54:47.739 570 570 I auditd : type=1400 audit(0.0:50): avc: denied { read } for comm="Binder:570_2" name="wakeup60" dev="sysfs" ino=76497 scontext=u:r:system_suspend:s0 tcontext=u:object_r:sysfs:s0 tclass=dir permissive=0
01-01 09:54:47.739 570 570 I auditd : type=1400 audit(0.0:51): avc: denied { read } for comm="Binder:570_2" name="wakeup50" dev="sysfs" ino=76125 scontext=u:r:system_suspend:s0 tcontext=u:object_r:sysfs:s0 tclass=dir permissive=0
01-01 09:54:47.739 570 570 I auditd : type=1400 audit(0.0:52): avc: denied { read } for comm="Binder:570_2" name="wakeup7" dev="sysfs" ino=55452 scontext=u:r:system_suspend:s0 tcontext=u:object_r:sysfs:s0 tclass=dir permissive=0
01-01 09:54:47.743 570 570 I auditd : type=1400 audit(0.0:53): avc: denied { read } for comm="Binder:570_2" name="wakeup40" dev="sysfs" ino=67409 scontext=u:r:system_suspend:s0 tcontext=u:object_r:sysfs:s0 tclass=dir permissive=0
01-01 09:54:47.743 570 570 I auditd : type=1400 audit(0.0:54): avc: denied { read } for comm="Binder:570_2" name="wakeup30" dev="sysfs" ino=56787 scontext=u:r:system_suspend:s0 tcontext=u:object_r:sysfs:s0 tclass=dir permissive=0
01-01 09:54:47.743 570 570 I auditd : type=1400 audit(0.0:55): avc: denied { read } for comm="Binder:570_2" name="wakeup59" dev="sysfs" ino=76461 scontext=u:r:system_suspend:s0 tcontext=u:object_r:sysfs:s0 tclass=dir permissive=0
01-01 09:54:47.747 570 570 I auditd : type=1400 audit(0.0:56): avc: denied { read } for comm="Binder:570_2" name="wakeup5" dev="sysfs" ino=47164 scontext=u:r:system_suspend:s0 tcontext=u:object_r:sysfs:s0 tclass=dir permissive=0
01-01 09:54:47.747 570 570 I auditd : type=1400 audit(0.0:57): avc: denied { read } for comm="Binder:570_2" name="wakeup39" dev="sysfs" ino=67373 scontext=u:r:system_suspend:s0 tcontext=u:object_r:sysfs:s0 tclass=dir permissive=0
01-01 09:54:47.747 570 570 I auditd : type=1400 audit(0.0:58): avc: denied { read } for comm="Binder:570_2" name="wakeup29" dev="sysfs" ino=56681 scontext=u:r:system_suspend:s0 tcontext=u:object_r:sysfs:s0 tclass=dir permissive=0
01-01 09:54:47.747 570 570 I auditd : type=1400 audit(0.0:59): avc: denied { read } for comm="Binder:570_2" name="wakeup57" dev="sysfs" ino=76377 scontext=u:r:system_suspend:s0 tcontext=u:object_r:sysfs:s0 tclass=dir permissive=0
01-01 09:54:47.751 570 570 I auditd : type=1400 audit(0.0:60): avc: denied { read } for comm="Binder:570_2" name="wakeup19" dev="sysfs" ino=56001 scontext=u:r:system_suspend:s0 tcontext=u:object_r:sysfs:s0 tclass=dir permissive=0
01-01 09:54:47.755 570 570 I auditd : type=1400 audit(0.0:61): avc: denied { read } for comm="Binder:570_2" name="wakeup37" dev="sysfs" ino=66908 scontext=u:r:system_suspend:s0 tcontext=u:object_r:sysfs:s0 tclass=dir permissive=0
01-01 09:54:47.759 570 570 I auditd : type=1400 audit(0.0:62): avc: denied { read } for comm="Binder:570_2" name="wakeup27" dev="sysfs" ino=56538 scontext=u:r:system_suspend:s0 tcontext=u:object_r:sysfs:s0 tclass=dir permissive=0
01-01 09:54:47.759 570 570 I auditd : type=1400 audit(0.0:63): avc: denied { read } for comm="Binder:570_2" name="wakeup55" dev="sysfs" ino=76305 scontext=u:r:system_suspend:s0 tcontext=u:object_r:sysfs:s0 tclass=dir permissive=0
01-01 09:54:47.759 570 570 I auditd : type=1400 audit(0.0:64): avc: denied { read } for comm="Binder:570_2" name="wakeup17" dev="sysfs" ino=55925 scontext=u:r:system_suspend:s0 tcontext=u:object_r:sysfs:s0 tclass=dir permissive=0
01-01 09:54:47.759 570 570 I auditd : type=1400 audit(0.0:65): avc: denied { read } for comm="Binder:570_2" name="wakeup1" dev="sysfs" ino=43892 scontext=u:r:system_suspend:s0 tcontext=u:object_r:sysfs:s0 tclass=dir permissive=0
01-01 09:54:47.763 570 570 I auditd : type=1400 audit(0.0:66): avc: denied { read } for comm="Binder:570_2" name="wakeup63" dev="sysfs" ino=76605 scontext=u:r:system_suspend:s0 tcontext=u:object_r:sysfs:s0 tclass=dir permissive=0
01-01 09:54:47.763 570 570 I auditd : type=1400 audit(0.0:67): avc: denied { read } for comm="Binder:570_2" name="wakeup25" dev="sysfs" ino=56335 scontext=u:r:system_suspend:s0 tcontext=u:object_r:sysfs:s0 tclass=dir permissive=0
01-01 09:54:47.763 570 570 I auditd : type=1400 audit(0.0:68): avc: denied { read } for comm="Binder:570_2" name="wakeup53" dev="sysfs" ino=76233 scontext=u:r:system_suspend:s0 tcontext=u:object_r:sysfs:s0 tclass=dir permissive=0
01-01 09:54:47.763 570 570 I auditd : type=1400 audit(0.0:69): avc: denied { read } for comm="Binder:570_2" name="wakeup15" dev="sysfs" ino=55825 scontext=u:r:system_suspend:s0 tcontext=u:object_r:sysfs:s0 tclass=dir permissive=0
01-01 09:54:47.763 570 570 I auditd : type=1400 audit(0.0:70): avc: denied { read } for comm="Binder:570_2" name="wakeup43" dev="sysfs" ino=71499 scontext=u:r:system_suspend:s0 tcontext=u:object_r:sysfs:s0 tclass=dir permissive=0
01-01 09:54:47.777 1112 1211 W KernelMemoryBandwidthStats: No kernel memory bandwidth stats available
01-01 09:54:47.767 570 570 I auditd : type=1400 audit(0.0:71): avc: denied { read } for comm="Binder:570_2" name="wakeup33" dev="sysfs" ino=60819 scontext=u:r:system_suspend:s0 tcontext=u:object_r:sysfs:s0 tclass=dir permissive=0
01-01 09:54:47.767 570 570 I auditd : type=1400 audit(0.0:72): avc: denied { read } for comm="Binder:570_2" name="wakeup61" dev="sysfs" ino=76533 scontext=u:r:system_suspend:s0 tcontext=u:object_r:sysfs:s0 tclass=dir permissive=0
01-01 09:54:47.767 570 570 I auditd : type=1400 audit(0.0:73): avc: denied { read } for comm="Binder:570_2" name="wakeup23" dev="sysfs" ino=56236 scontext=u:r:system_suspend:s0 tcontext=u:object_r:sysfs:s0 tclass=dir permissive=0
01-01 09:54:47.767 570 570 I auditd : type=1400 audit(0.0:74): avc: denied { read } for comm="Binder:570_2" name="wakeup51" dev="sysfs" ino=76161 scontext=u:r:system_suspend:s0 tcontext=u:object_r:sysfs:s0 tclass=dir permissive=0
01-01 09:54:47.767 570 570 I auditd : type=1400 audit(0.0:75): avc: denied { read } for comm="Binder:570_2" name="wakeup8" dev="sysfs" ino=55478 scontext=u:r:system_suspend:s0 tcontext=u:object_r:sysfs:s0 tclass=dir permissive=0
01-01 09:54:47.767 570 570 I auditd : type=1400 audit(0.0:76): avc: denied { read } for comm="Binder:570_2" name="wakeup13" dev="sysfs" ino=55717 scontext=u:r:system_suspend:s0 tcontext=u:object_r:sysfs:s0 tclass=dir permissive=0
01-01 09:54:47.767 570 570 I auditd : type=1400 audit(0.0:77): avc: denied { read } for comm="Binder:570_2" name="wakeup41" dev="sysfs" ino=68208 scontext=u:r:system_suspend:s0 tcontext=u:object_r:sysfs:s0 tclass=dir permissive=0
01-01 09:54:47.767 570 570 I auditd : type=1400 audit(0.0:78): avc: denied { read } for comm="Binder:570_2" name="wakeup31" dev="sysfs" ino=56885 scontext=u:r:system_suspend:s0 tcontext=u:object_r:sysfs:s0 tclass=dir permissive=0
01-01 09:54:47.767 570 570 I auditd : type=1400 audit(0.0:79): avc: denied { read } for comm="Binder:570_2" name="wakeup21" dev="sysfs" ino=56076 scontext=u:r:system_suspend:s0 tcontext=u:object_r:sysfs:s0 tclass=dir permissive=0
01-01 09:54:47.767 570 570 I auditd : type=1400 audit(0.0:80): avc: denied { read } for comm="Binder:570_2" name="wakeup6" dev="sysfs" ino=55426 scontext=u:r:system_suspend:s0 tcontext=u:object_r:sysfs:s0 tclass=dir permissive=0
01-01 09:54:47.767 570 570 I auditd : type=1400 audit(0.0:81): avc: denied { read } for comm="Binder:570_2" name="wakeup78" dev="sysfs" ino=81276 scontext=u:r:system_suspend:s0 tcontext=u:object_r:sysfs:s0 tclass=dir permissive=0
01-01 09:54:47.767 570 570 I auditd : type=1400 audit(0.0:82): avc: denied { read } for comm="Binder:570_2" name="wakeup11" dev="sysfs" ino=55632 scontext=u:r:system_suspend:s0 tcontext=u:object_r:sysfs:s0 tclass=dir permissive=0
01-01 09:54:47.781 1112 1194 I commit_sys_config_file: [batterystats,3]
01-01 09:54:47.785 1112 1194 I commit_sys_config_file: [batterystats,4]
01-01 09:54:47.892 0 0 E wlan : Loading driver v5.2.022.10G +TIMER_MANAGER +MEMORY_DEBUG +PANIC_ON_BUG; 2023-01-06T05:42:58Z; cld:; cmn:;
01-01 09:54:47.936 0 0 E ipa3_uc_reg_rdyCB: 2973 bad parm. inout=0000000000000000
01-01 09:54:47.941 0 0 I : wlan_hdd_state wlan major(477) initialized
01-01 09:54:47.948 0 0 D cnss : Start to wait for calibration to complete
01-01 09:54:47.956 0 0 I binder : 1223:1223 ioctl 40046210 ffa4ad08 returned -22
01-01 09:54:47.992 1225 1225 I iorapd : iorapd (the prefetchening) firing up
01-01 09:54:48.006 1225 1225 I iorapd : Opened existing database at '/data/misc/iorapd/sqlite.db'
01-01 09:54:48.007 1225 1225 W iorapd : Reconnect to package manager service: 1 times
01-01 09:54:48.007 0 0 I binder : 1225:1225 ioctl 40046210 7fcde92454 returned -22
01-01 09:54:48.041 0 0 E i2c_geni 980000.i2c: i2c error :-107
01-01 09:54:48.046 0 0 E : [MAX975X:max96755g_write_bytes] *ERROR* i2c master send 0x8E err
01-01 09:54:48.047 0 0 I msm_vidc: err : ffffffff: .....: DBLP Set: status 0
01-01 09:54:48.064 0 0 I binder : 1235:1246 ioctl 40046210 73c780b164 returned -22
01-01 09:54:48.108 0 0 I : tsnv nv_initialize successfully!
01-01 09:54:48.121 0 0 I binder : 1255:1255 ioctl 40046210 7fda152f54 returned -22
01-01 09:54:48.231 0 0 I binder : 1266:1266 ioctl 40046210 7fce339af4 returned -22
01-01 09:54:48.234 0 0 I binder : 1270:1270 ioctl 40046210 7fceea12d4 returned -22
01-01 09:54:48.254 1273 1273 I installd: installd firing up
01-01 09:54:48.261 0 0 I binder : 1273:1273 ioctl 40046210 7fc11122f4 returned -22
01-01 09:54:48.326 0 0 I binder : 1280:1280 ioctl 40046210 7fe2d02a74 returned -22
01-01 09:54:48.407 0 0 I binder : 1276:1276 ioctl 40046210 7fe21cee54 returned -22
01-01 09:54:48.464 0 0 I binder : 1298:1298 ioctl 40046210 7ff5e855f4 returned -22
01-01 09:54:48.470 0 0 I binder : 1294:1294 ioctl 40046210 7feebb51d4 returned -22
01-01 09:54:48.468 1294 1294 I wificond: wificond is starting up...
01-01 09:54:48.481 0 0 I binder : 1294:1294 ioctl 40046210 7feebb5154 returned -22
01-01 09:54:48.488 1294 1294 I HidlServiceManagement: Registered android.system.wifi.keystore@1.0::IKeystore/default
01-01 09:54:48.495 0 0 E msm-dai-fe soc: qcom,msm-dai-fe: ASoC: no sink widget found for AUXPCM_DL_HL
01-01 09:54:48.503 0 0 E msm-dai-fe soc: qcom,msm-dai-fe: ASoC: Failed to add route AUXPCM_HOSTLESS Playback -> direct -> AUXPCM_DL_HL
01-01 09:54:48.515 0 0 E msm-dai-fe soc: qcom,msm-dai-fe: ASoC: no source widget found for AUXPCM_UL_HL
01-01 09:54:48.524 0 0 E msm-dai-fe soc: qcom,msm-dai-fe: ASoC: Failed to add route AUXPCM_UL_HL -> direct -> AUXPCM_HOSTLESS Capture
01-01 09:54:48.551 0 0 E msm-auxpcm-dev soc: qcom,msm-pri-auxpcm: ASoC: no source widget found for AUX_PCM_RX
01-01 09:54:48.552 0 0 I binder : 1291:1291 ioctl 40046210 7fd9ab0544 returned -22
01-01 09:54:48.560 0 0 E msm-auxpcm-dev soc: qcom,msm-pri-auxpcm: ASoC: Failed to add route AUX_PCM_RX -> direct -> AUX PCM Playback
01-01 09:54:48.572 0 0 E msm-auxpcm-dev soc: qcom,msm-pri-auxpcm: ASoC: no sink widget found for AUX_PCM_TX
01-01 09:54:48.587 1291 1291 W storaged: health: invalid battery status
01-01 09:54:48.581 0 0 E msm-auxpcm-dev soc: qcom,msm-pri-auxpcm: ASoC: Failed to add route AUX PCM Capture -> direct -> AUX_PCM_TX
01-01 09:54:48.591 0 0 I binder : 1291:1291 ioctl 40046210 7fd9ab0474 returned -22
01-01 09:54:48.593 0 0 E msm-auxpcm-dev soc: qcom,msm-sec-auxpcm: ASoC: no source widget found for SEC_AUX_PCM_RX
01-01 09:54:48.602 0 0 E msm-auxpcm-dev soc: qcom,msm-sec-auxpcm: ASoC: Failed to add route SEC_AUX_PCM_RX -> direct -> Sec AUX PCM Playback
01-01 09:54:48.615 0 0 E msm-auxpcm-dev soc: qcom,msm-sec-auxpcm: ASoC: no sink widget found for SEC_AUX_PCM_TX
01-01 09:54:48.624 0 0 E msm-auxpcm-dev soc: qcom,msm-sec-auxpcm: ASoC: Failed to add route Sec AUX PCM Capture -> direct -> SEC_AUX_PCM_TX
01-01 09:54:48.636 0 0 E msm-auxpcm-dev soc: qcom,msm-tert-auxpcm: ASoC: no source widget found for TERT_AUX_PCM_RX
