01-19 11:28:02.512 1100 1200 D CompatibilityChangeReporter: Compat change id reported: 168419799; UID 1000; state: DISABLED
01-01 08:06:18.943 0 0 E : INFO: trying to register non-static key.
01-01 08:06:18.948 0 0 E : the code is fine but needs lockdep annotation.
01-01 08:06:18.951 0 0 W cnss_pci 0000: 01:00.0: Falling back to syfs fallback for: qca6390/amss20.bin
01-01 08:06:18.954 0 0 I : CPU: 7 PID: 340 Comm: kworker/u16:15 Tainted: G S W O 4.19.157+ #1
01-01 08:06:18.954 0 0 I Hardware name: Qualcomm Technologies, Inc. kona MTP-RmPM8150b. VC1(FSE) EVT3 (DT)
01-01 08:06:18.954 0 0 I Workqueue: events_unbound ion_system_secure_heap_prefetch_work
01-01 08:06:18.954 0 0 I Call trace:
01-01 08:06:18.954 0 0 I : dump_backtrace+0x0/0x258
01-01 08:06:18.954 0 0 I : show_stack+0x20/0x30
01-01 08:06:18.954 0 0 I : dump_stack+0xd8/0x12c
01-01 08:06:18.954 0 0 I : register_lock_class+0x4d0/0x5c8
01-01 08:06:18.954 0 0 I : __lock_acquire+0xbc/0x1e58
01-01 08:06:18.954 0 0 I : lock_acquire+0x1cc/0x218
01-01 08:06:18.954 0 0 I : _raw_spin_lock_irqsave+0x54/0x98
01-01 08:06:18.954 0 0 I : ion_system_secure_heap_prefetch_work+0x94/0x2c0
01-01 08:06:18.954 0 0 I : process_one_work+0x38c/0x660
01-01 08:06:18.954 0 0 I : worker_thread+0x268/0x4b8
01-01 08:06:18.954 0 0 I : kthread+0x140/0x150
01-01 08:06:18.954 0 0 I : ret_from_fork+0x10/0x1c
01-19 11:28:02.540 1100 1100 D TelephonyRegistry: listen oscl: mHasNotifySubscriptionInfoChangedOccurred==false no callback
01-01 08:06:18.968 0 0 E : INFO: trying to register non-static key.
01-01 08:06:18.973 0 0 E : the code is fine but needs lockdep annotation.
01-01 08:06:18.978 0 0 I : CPU: 7 PID: 340 Comm: kworker/u16:15 Tainted: G S W O 4.19.157+ #1
01-01 08:06:18.978 0 0 I Hardware name: Qualcomm Technologies, Inc. kona MTP-RmPM8150b. VC1(FSE) EVT3 (DT)
01-01 08:06:18.978 0 0 I Workqueue: events_unbound ion_system_secure_heap_prefetch_work
01-01 08:06:18.978 0 0 I Call trace:
01-01 08:06:18.978 0 0 I : dump_backtrace+0x0/0x258
01-01 08:06:18.978 0 0 I : show_stack+0x20/0x30
01-01 08:06:18.978 0 0 I : dump_stack+0xd8/0x12c
01-01 08:06:18.978 0 0 I : register_lock_class+0x4d0/0x5c8
01-01 08:06:18.978 0 0 I : __lock_acquire+0xbc/0x1e58
01-01 08:06:18.978 0 0 I : lock_acquire+0x1cc/0x218
01-01 08:06:18.978 0 0 I : _raw_spin_lock_irqsave+0x54/0x98
01-01 08:06:18.978 0 0 I : ion_system_secure_heap_prefetch_work+0x94/0x2c0
01-01 08:06:18.978 0 0 I : process_one_work+0x38c/0x660
01-01 08:06:18.978 0 0 I : worker_thread+0x268/0x4b8
01-01 08:06:18.978 0 0 I : kthread+0x140/0x150
01-01 08:06:18.978 0 0 I : ret_from_fork+0x10/0x1c
01-01 08:06:19.002 0 0 I binder : 2109:2109 ioctl 40046210 7fdc700314 returned -22
01-19 11:28:02.581 1100 1200 W CarrierConfigManager: Error getting config for subId -1 ICarrierConfigLoader is null
01-19 11:28:02.581 1100 1100 W SystemServiceManager: Service com.android.server.location.LocationManagerService$Lifecycle took 120 ms in onBootPhase
01-01 08:06:19.011 0 0 E : INFO: trying to register non-static key.
01-01 08:06:19.016 0 0 E : the code is fine but needs lockdep annotation.
01-01 08:06:19.021 0 0 I : CPU: 3 PID: 340 Comm: kworker/u16:15 Tainted: G S W O 4.19.157+ #1
01-01 08:06:19.021 0 0 I Hardware name: Qualcomm Technologies, Inc. kona MTP-RmPM8150b. VC1(FSE) EVT3 (DT)
01-01 08:06:19.021 0 0 I Workqueue: events_unbound ion_system_secure_heap_prefetch_work
01-01 08:06:19.021 0 0 I Call trace:
01-01 08:06:19.021 0 0 I : dump_backtrace+0x0/0x258
01-01 08:06:19.021 0 0 I : show_stack+0x20/0x30
01-01 08:06:19.021 0 0 I : dump_stack+0xd8/0x12c
01-01 08:06:19.021 0 0 I : register_lock_class+0x4d0/0x5c8
01-01 08:06:19.021 0 0 I : __lock_acquire+0xbc/0x1e58
01-01 08:06:19.021 0 0 I : lock_acquire+0x1cc/0x218
01-01 08:06:19.021 0 0 I : _raw_spin_lock_irqsave+0x54/0x98
01-01 08:06:19.021 0 0 I : ion_system_secure_heap_prefetch_work+0x94/0x2c0
01-01 08:06:19.021 0 0 I : process_one_work+0x38c/0x660
01-01 08:06:19.021 0 0 I : worker_thread+0x268/0x4b8
01-01 08:06:19.021 0 0 I : kthread+0x140/0x150
01-01 08:06:19.021 0 0 I : ret_from_fork+0x10/0x1c
01-19 11:28:02.582 1100 1100 D SystemServerTiming: OnBootPhase_600_com.android.server.location.LocationManagerService$Lifecycle took to complete: 120ms
01-19 11:28:02.582 1100 1100 I SystemServerTiming: OnBootPhase_600_com.android.server.timedetector.TimeDetectorService$Lifecycle
01-19 11:28:02.582 1100 1100 D SystemServerTiming: OnBootPhase_600_com.android.server.timedetector.TimeDetectorService$Lifecycle took to complete: 0ms
01-19 11:28:02.582 1100 1100 I SystemServerTiming: OnBootPhase_600_com.android.server.timezonedetector.TimeZoneDetectorService$Lifecycle
01-19 11:28:02.582 1100 1100 D SystemServerTiming: OnBootPhase_600_com.android.server.timezonedetector.TimeZoneDetectorService$Lifecycle took to complete: 0ms
01-19 11:28:02.582 1100 1100 I SystemServerTiming: OnBootPhase_600_com.android.server.timezonedetector.location.LocationTimeZoneManagerService$Lifecycle
01-19 11:28:02.583 1100 1100 D SystemServerTiming: OnBootPhase_600_com.android.server.timezonedetector.location.LocationTimeZoneManagerService$Lifecycle took to complete: 0ms
01-19 11:28:02.583 1100 1100 I SystemServerTiming: OnBootPhase_600_com.android.server.search.SearchManagerService$Lifecycle
01-19 11:28:02.583 1100 1100 D SystemServerTiming: OnBootPhase_600_com.android.server.search.SearchManagerService$Lifecycle took to complete: 0ms
01-19 11:28:02.583 1100 1100 I SystemServerTiming: OnBootPhase_600_com.android.server.wallpaper.WallpaperManagerService$Lifecycle
01-19 11:28:02.583 1100 1100 I WallpaperManagerService: switch-user-0
01-19 11:28:02.583 1100 1135 I am_proc_bound: [0,2109,WebViewLoader-arm64-v8a]
01-19 11:28:02.584 1100 1100 V WallpaperManagerService: bindWallpaperComponentLocked: componentName=ComponentInfo{com.android.systemui/com.android.systemui.ImageWallpaper}
01-19 11:28:02.590 1100 1100 D WallpaperManagerService: switch-user-0 took to complete: 7ms
01-19 11:28:02.590 1100 1100 D SystemServerTiming: OnBootPhase_600_com.android.server.wallpaper.WallpaperManagerService$Lifecycle took to complete: 7ms
01-19 11:28:02.590 1100 1100 I SystemServerTiming: OnBootPhase_600_com.android.server.audio.AudioService$Lifecycle
01-19 11:28:02.590 1100 1100 D SystemServerTiming: OnBootPhase_600_com.android.server.audio.AudioService$Lifecycle took to complete: 0ms
01-19 11:28:02.591 1100 1100 I SystemServerTiming: OnBootPhase_600_com.android.server.soundtrigger_middleware.SoundTriggerMiddlewareService$Lifecycle
01-19 11:28:02.591 1100 1100 D SystemServerTiming: OnBootPhase_600_com.android.server.soundtrigger_middleware.SoundTriggerMiddlewareService$Lifecycle took to complete: 0ms
01-19 11:28:02.591 1100 1100 I SystemServerTiming: OnBootPhase_600_com.android.server.DockObserver
01-19 11:28:02.591 1100 1100 D SystemServerTiming: OnBootPhase_600_com.android.server.DockObserver took to complete: 0ms
01-19 11:28:02.591 1100 1100 I SystemServerTiming: OnBootPhase_600_com.android.server.midi.MidiService$Lifecycle
01-19 11:28:02.591 1100 1100 D SystemServerTiming: OnBootPhase_600_com.android.server.midi.MidiService$Lifecycle took to complete: 0ms
01-19 11:28:02.591 1100 1100 I SystemServerTiming: OnBootPhase_600_com.android.server.adb.AdbService$Lifecycle
01-19 11:28:02.591 1100 1100 D SystemServerTiming: OnBootPhase_600_com.android.server.adb.AdbService$Lifecycle took to complete: 0ms
01-19 11:28:02.591 1100 1100 I SystemServerTiming: OnBootPhase_600_com.android.server.usb.UsbService$Lifecycle
01-19 11:28:02.591 1100 1100 D SystemServerTiming: OnBootPhase_600_com.android.server.usb.UsbService$Lifecycle took to complete: 0ms
01-19 11:28:02.591 1100 1100 I SystemServerTiming: OnBootPhase_600_com.android.server.twilight.TwilightService
01-19 11:28:02.592 1100 1100 D SystemServerTiming: OnBootPhase_600_com.android.server.twilight.TwilightService took to complete: 0ms
01-19 11:28:02.592 1100 1100 I SystemServerTiming: OnBootPhase_600_com.android.server.display.color.ColorDisplayService
01-19 11:28:02.592 1100 1100 D SystemServerTiming: OnBootPhase_600_com.android.server.display.color.ColorDisplayService took to complete: 0ms
01-19 11:28:02.592 1100 1100 I SystemServerTiming: OnBootPhase_600_com.android.server.job.JobSchedulerService
01-19 11:28:02.594 1100 1956 W BluetoothManagerService: bindBluetoothProfileService:Trying to bind to profile: 1, while Bluetooth is disabled
01-19 11:28:02.608 1100 1100 I service_manager_slow: [15,batterystats]
01-19 11:28:02.608 1100 1100 I service_manager_stats: [483,431,5008]
01-19 11:28:02.613 1100 1135 W PackageManager: Loading a package that does not exist for the calling user. package=null, user=0
01-19 11:28:02.616 1100 1200 D CompatibilityChangeReporter: Compat change id reported: 168936375; UID 1000; state: ENABLED
01-19 11:28:02.617 1100 1200 D CompatibilityChangeReporter: Compat change id reported: 168936375; UID 1000; state: DISABLED
01-01 08:06:19.048 0 0 E : INFO: trying to register non-static key.
01-01 08:06:19.053 0 0 E : the code is fine but needs lockdep annotation.
01-01 08:06:19.058 0 0 I : CPU: 3 PID: 340 Comm: kworker/u16:15 Tainted: G S W O 4.19.157+ #1
01-01 08:06:19.058 0 0 I Hardware name: Qualcomm Technologies, Inc. kona MTP-RmPM8150b. VC1(FSE) EVT3 (DT)
01-01 08:06:19.058 0 0 I Workqueue: events_unbound ion_system_secure_heap_prefetch_work
01-01 08:06:19.058 0 0 I Call trace:
01-01 08:06:19.058 0 0 I : dump_backtrace+0x0/0x258
01-01 08:06:19.058 0 0 I : show_stack+0x20/0x30
01-01 08:06:19.058 0 0 I : dump_stack+0xd8/0x12c
01-01 08:06:19.058 0 0 I : register_lock_class+0x4d0/0x5c8
01-01 08:06:19.058 0 0 I : __lock_acquire+0xbc/0x1e58
01-01 08:06:19.058 0 0 I : lock_acquire+0x1cc/0x218
01-01 08:06:19.058 0 0 I : _raw_spin_lock_irqsave+0x54/0x98
01-01 08:06:19.058 0 0 I : ion_system_secure_heap_prefetch_work+0x94/0x2c0
01-01 08:06:19.058 0 0 I : process_one_work+0x38c/0x660
01-01 08:06:19.058 0 0 I : worker_thread+0x268/0x4b8
01-01 08:06:19.058 0 0 I : kthread+0x140/0x150
01-01 08:06:19.058 0 0 I : ret_from_fork+0x10/0x1c
01-19 11:28:02.623 1100 1100 D SystemServerTiming: OnBootPhase_600_com.android.server.job.JobSchedulerService took to complete: 31ms
01-19 11:28:02.624 1100 1100 I SystemServerTiming: OnBootPhase_600_com.android.server.soundtrigger.SoundTriggerService
01-19 11:28:02.624 1100 1100 D SoundTriggerService: onBootPhase: 600 : false
01-19 11:28:02.624 1100 1100 D SystemServerTiming: OnBootPhase_600_com.android.server.soundtrigger.SoundTriggerService took to complete: 0ms
01-19 11:28:02.624 1100 1100 I SystemServerTiming: OnBootPhase_600_com.android.server.trust.TrustManagerService
01-19 11:28:02.630 1100 1100 D BiometricService: Sensor ID(0), oemStrength: 15, updatedStrength: 15, modality 2, state: 0, cookie: 0, props: ID: 0, Strength: 2, Type: 1, sensorId 0, hasEnrollments: false cannot participate in Keystore operations
01-01 08:06:19.080 0 0 E : INFO: trying to register non-static key.
01-01 08:06:19.085 0 0 E : the code is fine but needs lockdep annotation.
01-01 08:06:19.091 0 0 I : CPU: 2 PID: 340 Comm: kworker/u16:15 Tainted: G S W O 4.19.157+ #1
01-01 08:06:19.091 0 0 I Hardware name: Qualcomm Technologies, Inc. kona MTP-RmPM8150b. VC1(FSE) EVT3 (DT)
01-01 08:06:19.091 0 0 I Workqueue: events_unbound ion_system_secure_heap_prefetch_work
01-01 08:06:19.091 0 0 I Call trace:
01-01 08:06:19.091 0 0 I : dump_backtrace+0x0/0x258
01-01 08:06:19.091 0 0 I : show_stack+0x20/0x30
01-01 08:06:19.091 0 0 I : dump_stack+0xd8/0x12c
01-01 08:06:19.091 0 0 I : register_lock_class+0x4d0/0x5c8
01-01 08:06:19.091 0 0 I : __lock_acquire+0xbc/0x1e58
01-01 08:06:19.091 0 0 I : lock_acquire+0x1cc/0x218
01-01 08:06:19.091 0 0 I : _raw_spin_lock_irqsave+0x54/0x98
01-01 08:06:19.091 0 0 I : ion_system_secure_heap_prefetch_work+0x94/0x2c0
01-01 08:06:19.091 0 0 I : process_one_work+0x38c/0x660
01-01 08:06:19.091 0 0 I : worker_thread+0x268/0x4b8
01-01 08:06:19.091 0 0 I : kthread+0x140/0x150
01-01 08:06:19.091 0 0 I : ret_from_fork+0x10/0x1c
01-19 11:28:02.639 1100 1100 D SystemServerTiming: OnBootPhase_600_com.android.server.trust.TrustManagerService took to complete: 15ms
01-19 11:28:02.639 1100 1100 I SystemServerTiming: OnBootPhase_600_com.android.server.backup.BackupManagerService$Lifecycle
01-19 11:28:02.639 1100 1100 D SystemServerTiming: OnBootPhase_600_com.android.server.backup.BackupManagerService$Lifecycle took to complete: 0ms
01-19 11:28:02.639 1100 1100 I SystemServerTiming: OnBootPhase_600_com.android.server.appwidget.AppWidgetService
01-19 11:28:02.639 1100 1100 D SystemServerTiming: OnBootPhase_600_com.android.server.appwidget.AppWidgetService took to complete: 0ms
01-19 11:28:02.639 1100 1100 I SystemServerTiming: OnBootPhase_600_com.android.server.voiceinteraction.VoiceInteractionManagerService
01-19 11:28:02.640 1100 1100 D SystemServerTiming: OnBootPhase_600_com.android.server.voiceinteraction.VoiceInteractionManagerService took to complete: 1ms
01-19 11:28:02.640 1100 1100 I SystemServerTiming: OnBootPhase_600_com.android.server.apphibernation.AppHibernationService
01-19 11:28:02.640 1100 1100 D SystemServerTiming: OnBootPhase_600_com.android.server.apphibernation.AppHibernationService took to complete: 0ms
01-19 11:28:02.640 1100 1100 I SystemServerTiming: OnBootPhase_600_com.android.server.SensorNotificationService
01-19 11:28:02.641 1100 1100 D SystemServerTiming: OnBootPhase_600_com.android.server.SensorNotificationService took to complete: 1ms
01-19 11:28:02.641 1100 1100 I SystemServerTiming: OnBootPhase_600_com.android.server.emergency.EmergencyAffordanceService
01-19 11:28:02.641 1100 1100 D SystemServerTiming: OnBootPhase_600_com.android.server.emergency.EmergencyAffordanceService took to complete: 0ms
01-19 11:28:02.641 1100 1100 I SystemServerTiming: OnBootPhase_600_com.android.server.blob.BlobStoreManagerService
01-19 11:28:02.652 1100 1100 D SystemServerTiming: OnBootPhase_600_com.android.server.blob.BlobStoreManagerService took to complete: 11ms
01-19 11:28:02.652 1100 1100 I SystemServerTiming: OnBootPhase_600_com.android.server.dreams.DreamManagerService
01-19 11:28:02.653 1100 1100 D SystemServerTiming: OnBootPhase_600_com.android.server.dreams.DreamManagerService took to complete: 1ms
01-19 11:28:02.653 1100 1100 I SystemServerTiming: OnBootPhase_600_com.android.server.companion.CompanionDeviceManagerService
01-19 11:28:02.653 1100 1100 D SystemServerTiming: OnBootPhase_600_com.android.server.companion.CompanionDeviceManagerService took to complete: 0ms
01-19 11:28:02.653 1100 1100 I SystemServerTiming: OnBootPhase_600_com.android.server.restrictions.RestrictionsManagerService
01-19 11:28:02.653 1100 1100 D SystemServerTiming: OnBootPhase_600_com.android.server.restrictions.RestrictionsManagerService took to complete: 0ms
01-19 11:28:02.653 1100 1100 I SystemServerTiming: OnBootPhase_600_com.android.server.media.MediaSessionService
01-19 11:28:02.653 1100 1100 D SystemServerTiming: OnBootPhase_600_com.android.server.media.MediaSessionService took to complete: 0ms
01-19 11:28:02.653 1100 1100 I SystemServerTiming: OnBootPhase_600_com.android.server.media.MediaResourceMonitorService
01-19 11:28:02.653 1100 1100 D SystemServerTiming: OnBootPhase_600_com.android.server.media.MediaResourceMonitorService took to complete: 0ms
01-19 11:28:02.653 1100 1100 I SystemServerTiming: OnBootPhase_600_com.android.server.biometrics.sensors.fingerprint.FingerprintService
01-19 11:28:02.654 1100 1100 D SystemServerTiming: OnBootPhase_600_com.android.server.biometrics.sensors.fingerprint.FingerprintService took to complete: 0ms
01-19 11:28:02.654 1100 1100 I SystemServerTiming: OnBootPhase_600_com.android.server.biometrics.BiometricService
01-19 11:28:02.654 1100 1100 D SystemServerTiming: OnBootPhase_600_com.android.server.biometrics.BiometricService took to complete: 0ms
01-19 11:28:02.654 1100 1100 I SystemServerTiming: OnBootPhase_600_com.android.server.biometrics.AuthService
01-19 11:28:02.654 1100 1100 D SystemServerTiming: OnBootPhase_600_com.android.server.biometrics.AuthService took to complete: 0ms
01-19 11:28:02.654 1100 1100 I SystemServerTiming: OnBootPhase_600_com.android.server.pm.ShortcutService$Lifecycle
01-19 11:28:02.654 1100 1100 D SystemServerTiming: OnBootPhase_600_com.android.server.pm.ShortcutService$Lifecycle took to complete: 0ms
01-19 11:28:02.654 1100 1100 I SystemServerTiming: OnBootPhase_600_com.android.server.pm.LauncherAppsService
01-19 11:28:02.654 1100 1100 D SystemServerTiming: OnBootPhase_600_com.android.server.pm.LauncherAppsService took to complete: 0ms
01-19 11:28:02.654 1100 1100 I SystemServerTiming: OnBootPhase_600_com.android.server.pm.CrossProfileAppsService
01-19 11:28:02.654 1100 1100 D SystemServerTiming: OnBootPhase_600_com.android.server.pm.CrossProfileAppsService took to complete: 0ms
01-19 11:28:02.654 1100 1100 I SystemServerTiming: OnBootPhase_600_com.android.server.people.PeopleService
01-19 11:28:02.654 1100 1100 D SystemServerTiming: OnBootPhase_600_com.android.server.people.PeopleService took to complete: 0ms
01-19 11:28:02.654 1100 1100 I SystemServerTiming: OnBootPhase_600_com.android.server.media.metrics.MediaMetricsManagerService
01-19 11:28:02.654 1100 1100 D SystemServerTiming: OnBootPhase_600_com.android.server.media.metrics.MediaMetricsManagerService took to complete: 0ms
01-19 11:28:02.654 1100 1100 I SystemServerTiming: OnBootPhase_600_com.android.server.media.projection.MediaProjectionManagerService
01-19 11:28:02.654 1100 1100 D SystemServerTiming: OnBootPhase_600_com.android.server.media.projection.MediaProjectionManagerService took to complete: 0ms
01-19 11:28:02.654 1100 1100 I SystemServerTiming: OnBootPhase_600_com.android.server.slice.SliceManagerService$Lifecycle
01-19 11:28:02.654 1100 1100 D SystemServerTiming: OnBootPhase_600_com.android.server.slice.SliceManagerService$Lifecycle took to complete: 0ms
01-19 11:28:02.654 1100 1100 I SystemServerTiming: OnBootPhase_600_com.android.server.stats.StatsCompanion$Lifecycle
01-19 11:28:02.655 1100 2146 W StorageManagerService: No primary storage defined yet; hacking together a stub
01-01 08:06:19.111 0 0 E : INFO: trying to register non-static key.
01-01 08:06:19.116 0 0 E : the code is fine but needs lockdep annotation.
01-01 08:06:19.121 0 0 I : CPU: 2 PID: 340 Comm: kworker/u16:15 Tainted: G S W O 4.19.157+ #1
01-01 08:06:19.121 0 0 I Hardware name: Qualcomm Technologies, Inc. kona MTP-RmPM8150b. VC1(FSE) EVT3 (DT)
01-01 08:06:19.121 0 0 I Workqueue: events_unbound ion_system_secure_heap_prefetch_work
01-01 08:06:19.121 0 0 I Call trace:
01-01 08:06:19.121 0 0 I : dump_backtrace+0x0/0x258
01-01 08:06:19.121 0 0 I : show_stack+0x20/0x30
01-01 08:06:19.121 0 0 I : dump_stack+0xd8/0x12c
01-01 08:06:19.121 0 0 I : register_lock_class+0x4d0/0x5c8
01-01 08:06:19.121 0 0 I : __lock_acquire+0xbc/0x1e58
01-01 08:06:19.121 0 0 I : lock_acquire+0x1cc/0x218
01-01 08:06:19.121 0 0 I : _raw_spin_lock_irqsave+0x54/0x98
01-01 08:06:19.121 0 0 I : ion_system_secure_heap_prefetch_work+0x94/0x2c0
01-01 08:06:19.121 0 0 I : process_one_work+0x38c/0x660
01-01 08:06:19.121 0 0 I : worker_thread+0x268/0x4b8
01-01 08:06:19.121 0 0 I : kthread+0x140/0x150
01-01 08:06:19.121 0 0 I : ret_from_fork+0x10/0x1c
01-19 11:28:02.687 1100 1200 W Looper : Slow dispatch took 111ms android.fg h=com.android.server.location.gnss.GnssLocationProvider$ProviderHandler c=com.android.server.location.gnss.GnssLocationProvider$$ExternalSyntheticLambda8@21c3ea4 m=0
01-19 11:28:02.698 1100 1100 D SystemServerTiming: OnBootPhase_600_com.android.server.stats.StatsCompanion$Lifecycle took to complete: 44ms
01-19 11:28:02.698 1100 1100 I SystemServerTiming: OnBootPhase_600_com.android.server.scheduling.RebootReadinessManagerService$Lifecycle
01-19 11:28:02.698 1100 1100 D SystemServerTiming: OnBootPhase_600_com.android.server.scheduling.RebootReadinessManagerService$Lifecycle took to complete: 0ms
01-19 11:28:02.698 1100 1100 I SystemServerTiming: OnBootPhase_600_com.android.server.stats.pull.StatsPullAtomService
01-19 11:28:02.698 1100 1100 D SystemServerTiming: OnBootPhase_600_com.android.server.stats.pull.StatsPullAtomService took to complete: 0ms
01-19 11:28:02.698 1100 1100 I SystemServerTiming: OnBootPhase_600_com.android.server.incident.IncidentCompanionService
01-19 11:28:02.698 1100 1100 D SystemServerTiming: OnBootPhase_600_com.android.server.incident.IncidentCompanionService took to complete: 0ms
01-19 11:28:02.698 1100 1100 I SystemServerTiming: OnBootPhase_600_com.android.server.MmsServiceBroker
01-19 11:28:02.698 1100 1100 D SystemServerTiming: OnBootPhase_600_com.android.server.MmsServiceBroker took to complete: 0ms
01-19 11:28:02.698 1100 1100 I SystemServerTiming: OnBootPhase_600_com.android.server.autofill.AutofillManagerService
01-19 11:28:02.699 1100 1100 D SystemServerTiming: OnBootPhase_600_com.android.server.autofill.AutofillManagerService took to complete: 1ms
01-19 11:28:02.699 1100 1100 I SystemServerTiming: OnBootPhase_600_com.android.server.clipboard.ClipboardService
01-19 11:28:02.699 1100 1100 D SystemServerTiming: OnBootPhase_600_com.android.server.clipboard.ClipboardService took to complete: 0ms
01-19 11:28:02.699 1100 1100 I SystemServerTiming: OnBootPhase_600_com.android.server.appbinding.AppBindingService$Lifecycle
01-19 11:28:02.699 1100 1100 D SystemServerTiming: OnBootPhase_600_com.android.server.appbinding.AppBindingService$Lifecycle took to complete: 0ms
01-19 11:28:02.699 1100 1100 I SystemServerTiming: OnBootPhase_600_com.android.server.tracing.TracingServiceProxy
01-19 11:28:02.699 1100 1100 D SystemServerTiming: OnBootPhase_600_com.android.server.tracing.TracingServiceProxy took to complete: 0ms
01-19 11:28:02.699 1100 1100 I SystemServerTiming: OnBootPhase_600_com.android.server.policy.PermissionPolicyService
01-19 11:28:02.699 1100 1100 D SystemServerTiming: OnBootPhase_600_com.android.server.policy.PermissionPolicyService took to complete: 0ms
01-19 11:28:02.699 1100 1100 I SystemServerTiming: OnBootPhase_600_com.android.server.pm.StagingManager$Lifecycle
01-19 11:28:02.699 1100 1100 D SystemServerTiming: OnBootPhase_600_com.android.server.pm.StagingManager$Lifecycle took to complete: 0ms
01-19 11:28:02.699 1100 1100 I SystemServerTiming: OnBootPhase_600_com.android.server.app.GameManagerService$Lifecycle
01-19 11:28:02.699 1100 1100 D SystemServerTiming: OnBootPhase_600_com.android.server.app.GameManagerService$Lifecycle took to complete: 0ms
01-19 11:28:02.699 1100 1100 I SystemServerTiming: OnBootPhase_600_com.android.server.appsearch.AppSearchManagerService
01-19 11:28:02.700 1100 1100 D SystemServerTiming: OnBootPhase_600_com.android.server.appsearch.AppSearchManagerService took to complete: 0ms
01-19 11:28:02.700 1100 1100 I SystemServerTiming: OnBootPhase_600_com.android.server.media.MediaCommunicationService
01-19 11:28:02.700 1100 1100 D SystemServerTiming: OnBootPhase_600_com.android.server.media.MediaCommunicationService took to complete: 0ms
01-19 11:28:02.700 1100 1100 D SystemServerTiming: OnBootPhase_600 took to complete: 263ms
01-19 11:28:02.700 1100 1100 D SystemServerTiming: PhaseThirdPartyAppsCanStart took to complete: 264ms
01-19 11:28:02.700 1100 1100 I SystemServerTiming: StartNetworkStack
01-19 11:28:02.700 1100 1100 D ConnectivityModuleConnector: Starting networking module android.net.INetworkStackConnector
01-19 11:28:02.700 1100 1212 D StatsPullAtomService: Registering NetworkStats pullers with statsd
01-19 11:28:02.700 1100 1100 D ConnectivityModuleConnector: Starting networking module in network_stack process
01-01 08:06:19.141 0 0 E : INFO: trying to register non-static key.
01-01 08:06:19.147 0 0 E : the code is fine but needs lockdep annotation.
01-01 08:06:19.152 0 0 I : CPU: 2 PID: 340 Comm: kworker/u16:15 Tainted: G S W O 4.19.157+ #1
01-01 08:06:19.152 0 0 I Hardware name: Qualcomm Technologies, Inc. kona MTP-RmPM8150b. VC1(FSE) EVT3 (DT)
01-01 08:06:19.152 0 0 I Workqueue: events_unbound ion_system_secure_heap_prefetch_work
01-01 08:06:19.152 0 0 I Call trace:
01-01 08:06:19.152 0 0 I : dump_backtrace+0x0/0x258
01-01 08:06:19.152 0 0 I : show_stack+0x20/0x30
01-01 08:06:19.152 0 0 I : dump_stack+0xd8/0x12c
01-01 08:06:19.152 0 0 I : register_lock_class+0x4d0/0x5c8
01-01 08:06:19.152 0 0 I : __lock_acquire+0xbc/0x1e58
01-01 08:06:19.152 0 0 I : lock_acquire+0x1cc/0x218
01-01 08:06:19.152 0 0 I : _raw_spin_lock_irqsave+0x54/0x98
01-01 08:06:19.152 0 0 I : ion_system_secure_heap_prefetch_work+0x94/0x2c0
01-01 08:06:19.152 0 0 I : process_one_work+0x38c/0x660
01-01 08:06:19.152 0 0 I : worker_thread+0x268/0x4b8
01-01 08:06:19.152 0 0 I : kthread+0x140/0x150
01-01 08:06:19.152 0 0 I : ret_from_fork+0x10/0x1c
01-19 11:28:02.708 1100 1100 I am_uid_running: 1073
01-19 11:28:02.712 1100 1100 D CompatibilityChangeReporter: Compat change id reported: 135634846; UID 1073; state: DISABLED
01-19 11:28:02.712 1100 1100 D CompatibilityChangeReporter: Compat change id reported: 177438394; UID 1073; state: DISABLED
01-19 11:28:02.712 1100 1100 D CompatibilityChangeReporter: Compat change id reported: 135772972; UID 1073; state: DISABLED
01-19 11:28:02.713 1100 1100 D CompatibilityChangeReporter: Compat change id reported: 135754954; UID 1073; state: ENABLED
01-19 11:28:02.713 1100 1100 D ConnectivityModuleConnector: Networking module service start requested
01-19 11:28:02.713 1100 1100 D SystemServerTiming: StartNetworkStack took to complete: 13ms
01-19 11:28:02.713 1100 1100 I SystemServerTiming: StartTethering
01-19 11:28:02.713 1100 1100 D ConnectivityModuleConnector: Starting networking module android.net.ITetheringConnector
01-19 11:28:02.713 1100 1100 D ConnectivityModuleConnector: Starting networking module in network_stack process
01-19 11:28:02.714 1100 1100 D ConnectivityModuleConnector: Networking module service start requested
01-19 11:28:02.714 1100 1100 D SystemServerTiming: StartTethering took to complete: 1ms
01-19 11:28:02.714 1100 1100 I SystemServerTiming: MakeCountryDetectionServiceReady
01-19 11:28:02.714 1100 1100 D SystemServerTiming: MakeCountryDetectionServiceReady took to complete: 0ms
01-19 11:28:02.714 1100 1100 I SystemServerTiming: MakeNetworkTimeUpdateReady
01-19 11:28:02.720 1100 1100 D SystemServerTiming: MakeNetworkTimeUpdateReady took to complete: 5ms
01-19 11:28:02.720 1100 1100 I SystemServerTiming: MakeInputManagerServiceReady
01-19 11:28:02.721 1100 1100 I configuration_changed: 16384
01-19 11:28:02.721 1100 1100 I ActivityTaskManager: Config changes=4000 {1.0 ?mcc?mnc [zh_CN] ldltr sw720dp w1706dp h624dp 240dpi lrg long hdr land finger -keyb/v/h -nav/h winConfig={ mBounds=Rect(0, 0 - 2560, 1080) mAppBounds=Rect(0, 0 - 2560, 1008) mMaxBounds=Rect(0, 0 - 2560, 1080) mWindowingMode=fullscreen mDisplayWindowingMode=fullscreen mActivityType=undefined mAlwaysOnTop=undefined mRotation=ROTATION_0} s.10 fontWeightAdjustment=0}
01-19 11:28:02.723 1100 1772 I commit_sys_config_file: [settings-0-0,82]
01-19 11:28:02.728 1100 1100 I WindowManager: Override config changes=4000 {1.0 ?mcc?mnc [zh_CN] ldltr sw720dp w1706dp h624dp 240dpi lrg long hdr land finger -keyb/v/h -nav/h winConfig={ mBounds=Rect(0, 0 - 2560, 1080) mAppBounds=Rect(0, 0 - 2560, 1008) mMaxBounds=Rect(0, 0 - 2560, 1080) mWindowingMode=fullscreen mDisplayWindowingMode=fullscreen mActivityType=undefined mAlwaysOnTop=undefined mRotation=ROTATION_0} s.10 fontWeightAdjustment=0} for displayId=0
01-19 11:28:02.739 1100 1100 D SystemServerTiming: MakeInputManagerServiceReady took to complete: 18ms
01-19 11:28:02.739 1100 1100 I SystemServerTiming: MakeTelephonyRegistryReady
01-19 11:28:02.739 1100 1100 D TelephonyRegistry: systemRunning register for intents
01-19 11:28:02.739 1100 1100 D SystemServerTiming: MakeTelephonyRegistryReady took to complete: 1ms
01-19 11:28:02.739 1100 1100 I SystemServerTiming: MakeMediaRouterServiceReady
01-19 11:28:02.739 1100 1100 D SystemServerTiming: MakeMediaRouterServiceReady took to complete: 0ms
01-19 11:28:02.739 1100 1100 I SystemServerTiming: MakeMmsServiceReady
01-19 11:28:02.739 1100 1100 I MmsServiceBroker: Delay connecting to MmsService until an API is called
01-19 11:28:02.739 1100 1100 D SystemServerTiming: MakeMmsServiceReady took to complete: 0ms
01-19 11:28:02.739 1100 1100 I SystemServerTiming: IncidentDaemonReady
01-19 11:28:02.742 1100 1100 D SystemServerTiming: IncidentDaemonReady took to complete: 3ms
01-19 11:28:02.742 1100 1100 I SystemServerTiming: MakeIncrementalServiceReady
01-19 11:28:02.742 1100 1100 D SystemServerTiming: MakeIncrementalServiceReady took to complete: 0ms
01-19 11:28:02.742 1100 1100 I SystemServerTiming: getCurrentUser
01-19 11:28:02.742 1100 1100 I ActivityManager: Current user:0
01-19 11:28:02.742 1100 1100 D SystemServerTiming: getCurrentUser took to complete: 0ms
01-19 11:28:02.742 1100 1100 I SystemServerTiming: ActivityManagerStartApps
01-19 11:28:02.745 1100 1100 I ssm_user_starting: 0
01-19 11:28:02.745 1100 1100 I SystemServerTiming: ssm.StartUser-0
01-19 11:28:02.746 1100 1100 I SystemServiceManager: Calling onStartUser 0
01-19 11:28:02.746 1100 1100 I SystemServerTiming: ssm.onStartUser-0_com.android.server.security.FileIntegrityService
01-19 11:28:02.746 1100 1100 D SystemServerTiming: ssm.onStartUser-0_com.android.server.security.FileIntegrityService took to complete: 0ms
01-19 11:28:02.746 1100 1100 I SystemServerTiming: ssm.onStartUser-0_com.android.server.pm.Installer
01-19 11:28:02.746 1100 1100 D SystemServerTiming: ssm.onStartUser-0_com.android.server.pm.Installer took to complete: 0ms
01-19 11:28:02.746 1100 1100 I SystemServerTiming: ssm.onStartUser-0_com.android.server.os.DeviceIdentifiersPolicyService
01-19 11:28:02.746 1100 1100 D SystemServerTiming: ssm.onStartUser-0_com.android.server.os.DeviceIdentifiersPolicyService took to complete: 0ms
01-19 11:28:02.746 1100 1100 I SystemServerTiming: ssm.onStartUser-0_com.android.server.uri.UriGrantsManagerService$Lifecycle
01-19 11:28:02.746 1100 1100 D SystemServerTiming: ssm.onStartUser-0_com.android.server.uri.UriGrantsManagerService$Lifecycle took to complete: 0ms
01-19 11:28:02.746 1100 1100 I SystemServerTiming: ssm.onStartUser-0_com.android.server.powerstats.PowerStatsService
01-19 11:28:02.747 1100 1100 D SystemServerTiming: ssm.onStartUser-0_com.android.server.powerstats.PowerStatsService took to complete: 0ms
01-19 11:28:02.747 1100 1100 I SystemServerTiming: ssm.onStartUser-0_com.android.server.wm.ActivityTaskManagerService$Lifecycle
01-19 11:28:02.747 1100 2146 W PackageManager: Loading a package that does not exist for the calling user. package=null, user=0
01-19 11:28:02.747 1100 1100 D SystemServerTiming: ssm.onStartUser-0_com.android.server.wm.ActivityTaskManagerService$Lifecycle took to complete: 0ms
01-01 08:06:19.173 0 0 E : INFO: trying to register non-static key.
01-01 08:06:19.178 0 0 E : the code is fine but needs lockdep annotation.
01-01 08:06:19.183 0 0 I : CPU: 2 PID: 340 Comm: kworker/u16:15 Tainted: G S W O 4.19.157+ #1
01-01 08:06:19.183 0 0 I Hardware name: Qualcomm Technologies, Inc. kona MTP-RmPM8150b. VC1(FSE) EVT3 (DT)
01-01 08:06:19.184 0 0 I Workqueue: events_unbound ion_system_secure_heap_prefetch_work
01-01 08:06:19.184 0 0 I Call trace:
01-01 08:06:19.184 0 0 I : dump_backtrace+0x0/0x258
01-01 08:06:19.184 0 0 I : show_stack+0x20/0x30
01-01 08:06:19.184 0 0 I : dump_stack+0xd8/0x12c
01-01 08:06:19.184 0 0 I : register_lock_class+0x4d0/0x5c8
01-01 08:06:19.184 0 0 I : __lock_acquire+0xbc/0x1e58
01-01 08:06:19.184 0 0 I : lock_acquire+0x1cc/0x218
01-01 08:06:19.184 0 0 I : _raw_spin_lock_irqsave+0x54/0x98
01-01 08:06:19.184 0 0 I : ion_system_secure_heap_prefetch_work+0x94/0x2c0
01-01 08:06:19.184 0 0 I : process_one_work+0x38c/0x660
01-01 08:06:19.184 0 0 I : worker_thread+0x268/0x4b8
01-01 08:06:19.184 0 0 I : kthread+0x140/0x150
01-01 08:06:19.184 0 0 I : ret_from_fork+0x10/0x1c
01-19 11:28:02.747 1100 1100 I SystemServerTiming: ssm.onStartUser-0_com.android.server.am.ActivityManagerService$Lifecycle
01-19 11:28:02.747 1100 1100 D SystemServerTiming: ssm.onStartUser-0_com.android.server.am.ActivityManagerService$Lifecycle took to complete: 0ms
01-19 11:28:02.747 1100 1100 I SystemServerTiming: ssm.onStartUser-0_com.android.server.pm.DataLoaderManagerService
01-19 11:28:02.747 1100 1100 D SystemServerTiming: ssm.onStartUser-0_com.android.server.pm.DataLoaderManagerService took to complete: 0ms
01-19 11:28:02.747 1100 1100 I SystemServerTiming: ssm.onStartUser-0_com.android.server.power.PowerManagerService
01-19 11:28:02.748 1100 1100 D SystemServerTiming: ssm.onStartUser-0_com.android.server.power.PowerManagerService took to complete: 0ms
01-19 11:28:02.748 1100 1100 I SystemServerTiming: ssm.onStartUser-0_com.android.server.power.ThermalManagerService
01-19 11:28:02.748 1100 1100 D SystemServerTiming: ssm.onStartUser-0_com.android.server.power.ThermalManagerService took to complete: 0ms
01-19 11:28:02.748 1100 1100 I SystemServerTiming: ssm.onStartUser-0_com.android.server.power.hint.HintManagerService
01-19 11:28:02.748 1100 1100 D SystemServerTiming: ssm.onStartUser-0_com.android.server.power.hint.HintManagerService took to complete: 0ms
01-19 11:28:02.748 1100 1100 I SystemServerTiming: ssm.onStartUser-0_com.android.server.recoverysystem.RecoverySystemService$Lifecycle
01-19 11:28:02.748 1100 1100 D SystemServerTiming: ssm.onStartUser-0_com.android.server.recoverysystem.RecoverySystemService$Lifecycle took to complete: 0ms
01-19 11:28:02.748 1100 1100 I SystemServerTiming: ssm.onStartUser-0_com.android.server.lights.LightsService
01-19 11:28:02.748 1100 1100 D SystemServerTiming: ssm.onStartUser-0_com.android.server.lights.LightsService took to complete: 0ms
01-19 11:28:02.748 1100 1100 I SystemServerTiming: ssm.onStartUser-0_com.android.server.display.DisplayManagerService
01-19 11:28:02.748 1100 1100 D SystemServerTiming: ssm.onStartUser-0_com.android.server.display.DisplayManagerService took to complete: 0ms
01-19 11:28:02.748 1100 1100 I SystemServerTiming: ssm.onStartUser-0_com.android.server.pm.verify.domain.DomainVerificationService
01-19 11:28:02.748 1100 1100 D SystemServerTiming: ssm.onStartUser-0_com.android.server.pm.verify.domain.DomainVerificationService took to complete: 0ms
01-19 11:28:02.748 1100 1100 I SystemServerTiming: ssm.onStartUser-0_com.android.server.pm.PackageInstallerService$Lifecycle
01-19 11:28:02.748 1100 1100 D SystemServerTiming: ssm.onStartUser-0_com.android.server.pm.PackageInstallerService$Lifecycle took to complete: 0ms
01-19 11:28:02.748 1100 1100 I SystemServerTiming: ssm.onStartUser-0_com.android.server.pm.UserManagerService$LifeCycle
01-19 11:28:02.748 1100 1100 D SystemServerTiming: ssm.onStartUser-0_com.android.server.pm.UserManagerService$LifeCycle took to complete: 0ms
01-19 11:28:02.748 1100 1100 I SystemServerTiming: ssm.onStartUser-0_com.android.server.om.OverlayManagerService
01-19 11:28:02.748 1100 1100 D SystemServerTiming: ssm.onStartUser-0_com.android.server.om.OverlayManagerService took to complete: 0ms
01-19 11:28:02.748 1100 1100 I SystemServerTiming: ssm.onStartUser-0_com.android.server.SensorPrivacyService
01-19 11:28:02.749 1100 1100 D SystemServerTiming: ssm.onStartUser-0_com.android.server.SensorPrivacyService took to complete: 1ms
01-19 11:28:02.749 1100 1100 I SystemServerTiming: ssm.onStartUser-0_com.android.server.thunderperf.ThunderBoostPerfService
01-19 11:28:02.749 1100 1100 D SystemServerTiming: ssm.onStartUser-0_com.android.server.thunderperf.ThunderBoostPerfService took to complete: 0ms
01-19 11:28:02.749 1100 1100 I SystemServerTiming: ssm.onStartUser-0_com.android.server.sensors.SensorService
01-19 11:28:02.749 1100 1100 D SystemServerTiming: ssm.onStartUser-0_com.android.server.sensors.SensorService took to complete: 0ms
01-19 11:28:02.749 1100 1100 I SystemServerTiming: ssm.onStartUser-0_com.android.server.SystemConfigService
01-19 11:28:02.749 1100 1100 D SystemServerTiming: ssm.onStartUser-0_com.android.server.SystemConfigService took to complete: 0ms
01-19 11:28:02.749 1100 1100 I SystemServerTiming: ssm.onStartUser-0_com.android.server.BatteryService
01-19 11:28:02.749 1100 1100 D SystemServerTiming: ssm.onStartUser-0_com.android.server.BatteryService took to complete: 0ms
01-19 11:28:02.749 1100 1100 I SystemServerTiming: ssm.onStartUser-0_com.android.server.usage.UsageStatsService
01-19 11:28:02.750 1100 1100 D SystemServerTiming: ssm.onStartUser-0_com.android.server.usage.UsageStatsService took to complete: 0ms
01-19 11:28:02.750 1100 1100 I SystemServerTiming: ssm.onStartUser-0_com.android.server.webkit.WebViewUpdateService
01-19 11:28:02.750 1100 1100 D SystemServerTiming: ssm.onStartUser-0_com.android.server.webkit.WebViewUpdateService took to complete: 0ms
01-19 11:28:02.750 1100 1100 I SystemServerTiming: ssm.onStartUser-0_com.android.server.CachedDeviceStateService
01-19 11:28:02.750 1100 1100 D SystemServerTiming: ssm.onStartUser-0_com.android.server.CachedDeviceStateService took to complete: 0ms
01-19 11:28:02.750 1100 1100 I SystemServerTiming: ssm.onStartUser-0_com.android.server.BinderCallsStatsService$LifeCycle
01-19 11:28:02.750 1100 1100 D SystemServerTiming: ssm.onStartUser-0_com.android.server.BinderCallsStatsService$LifeCycle took to complete: 0ms
01-19 11:28:02.750 1100 1100 I SystemServerTiming: ssm.onStartUser-0_com.android.server.LooperStatsService$Lifecycle
01-19 11:28:02.750 1100 1100 D SystemServerTiming: ssm.onStartUser-0_com.android.server.LooperStatsService$Lifecycle took to complete: 0ms
01-19 11:28:02.750 1100 1100 I SystemServerTiming: ssm.onStartUser-0_com.android.server.rollback.RollbackManagerService
01-19 11:28:02.750 1100 1100 D SystemServerTiming: ssm.onStartUser-0_com.android.server.rollback.RollbackManagerService took to complete: 0ms
01-19 11:28:02.750 1100 1100 I SystemServerTiming: ssm.onStartUser-0_com.android.server.os.NativeTombstoneManagerService
01-19 11:28:02.750 1100 1100 D SystemServerTiming: ssm.onStartUser-0_com.android.server.os.NativeTombstoneManagerService took to complete: 0ms
01-19 11:28:02.750 1100 1100 I SystemServerTiming: ssm.onStartUser-0_com.android.server.os.BugreportManagerService
01-19 11:28:02.750 1100 1100 D SystemServerTiming: ssm.onStartUser-0_com.android.server.os.BugreportManagerService took to complete: 0ms
01-19 11:28:02.750 1100 1100 I SystemServerTiming: ssm.onStartUser-0_com.android.server.gpu.GpuService
01-19 11:28:02.750 1100 1100 D SystemServerTiming: ssm.onStartUser-0_com.android.server.gpu.GpuService took to complete: 0ms
01-19 11:28:02.750 1100 1100 I SystemServerTiming: ssm.onStartUser-0_com.android.server.security.KeyChainSystemService
01-19 11:28:02.750 1100 1100 D SystemServerTiming: ssm.onStartUser-0_com.android.server.security.KeyChainSystemService took to complete: 0ms
01-19 11:28:02.750 1100 1100 I SystemServerTiming: ssm.onStartUser-0_com.android.server.telecom.TelecomLoaderService
01-19 11:28:02.751 1100 1100 D SystemServerTiming: ssm.onStartUser-0_com.android.server.telecom.TelecomLoaderService took to complete: 0ms
01-19 11:28:02.751 1100 1100 I SystemServerTiming: ssm.onStartUser-0_com.android.server.accounts.AccountManagerService$Lifecycle
01-19 11:28:02.751 1100 1100 D SystemServerTiming: ssm.onStartUser-0_com.android.server.accounts.AccountManagerService$Lifecycle took to complete: 0ms
01-19 11:28:02.751 1100 1100 I SystemServerTiming: ssm.onStartUser-0_com.android.server.content.ContentService$Lifecycle
01-19 11:28:02.751 1100 1100 D SystemServerTiming: ssm.onStartUser-0_com.android.server.content.ContentService$Lifecycle took to complete: 0ms
01-19 11:28:02.751 1100 1100 I SystemServerTiming: ssm.onStartUser-0_com.android.server.DropBoxManagerService
01-19 11:28:02.751 1100 1100 D SystemServerTiming: ssm.onStartUser-0_com.android.server.DropBoxManagerService took to complete: 0ms
01-19 11:28:02.751 1100 1100 I SystemServerTiming: ssm.onStartUser-0_com.android.role.RoleService
01-19 11:28:02.755 1100 1100 D SystemServerTiming: ssm.onStartUser-0_com.android.role.RoleService took to complete: 4ms
01-19 11:28:02.756 1100 1100 I SystemServerTiming: ssm.onStartUser-0_com.android.server.vibrator.VibratorManagerService$Lifecycle
01-19 11:28:02.756 1100 1100 D SystemServerTiming: ssm.onStartUser-0_com.android.server.vibrator.VibratorManagerService$Lifecycle took to complete: 0ms
01-19 11:28:02.757 1100 1100 I SystemServerTiming: ssm.onStartUser-0_com.android.server.alarm.AlarmManagerService
01-19 11:28:02.758 1100 1212 I netstats_mobile_sample: [0,0,0,0,0,0,0,0,0,0,0,0,1674098882758]
01-19 11:28:02.758 1100 1212 I netstats_wifi_sample: [0,0,0,0,0,0,0,0,0,0,0,0,1674098882758]
01-19 11:28:02.760 1100 1100 D SystemServerTiming: ssm.onStartUser-0_com.android.server.alarm.AlarmManagerService took to complete: 3ms
01-19 11:28:02.761 1100 1100 I SystemServerTiming: ssm.onStartUser-0_com.android.server.devicestate.DeviceStateManagerService
01-19 11:28:02.761 1100 1100 D SystemServerTiming: ssm.onStartUser-0_com.android.server.devicestate.DeviceStateManagerService took to complete: 0ms
01-19 11:28:02.761 1100 1100 I SystemServerTiming: ssm.onStartUser-0_com.android.server.camera.CameraServiceProxy
01-19 11:28:02.773 1100 1100 D SystemServerTiming: ssm.onStartUser-0_com.android.server.camera.CameraServiceProxy took to complete: 12ms
01-19 11:28:02.773 1100 1100 I SystemServerTiming: ssm.onStartUser-0_com.android.server.BluetoothService
01-19 11:28:02.774 1100 1100 D SystemServerTiming: ssm.onStartUser-0_com.android.server.BluetoothService took to complete: 0ms
01-19 11:28:02.774 1100 1100 I SystemServerTiming: ssm.onStartUser-0_com.android.server.connectivity.IpConnectivityMetrics
01-19 11:28:02.774 1100 1100 D SystemServerTiming: ssm.onStartUser-0_com.android.server.connectivity.IpConnectivityMetrics took to complete: 0ms
01-19 11:28:02.774 1100 1100 I SystemServerTiming: ssm.onStartUser-0_com.android.server.net.watchlist.NetworkWatchlistService$Lifecycle
01-19 11:28:02.774 1100 1100 D SystemServerTiming: ssm.onStartUser-0_com.android.server.net.watchlist.NetworkWatchlistService$Lifecycle took to complete: 0ms
01-19 11:28:02.774 1100 1100 I SystemServerTiming: ssm.onStartUser-0_com.android.server.PinnerService
01-19 11:28:02.774 1100 1100 D SystemServerTiming: ssm.onStartUser-0_com.android.server.PinnerService took to complete: 0ms
01-19 11:28:02.774 1100 1100 I SystemServerTiming: ssm.onStartUser-0_com.google.android.startop.iorap.IorapForwardingService
01-19 11:28:02.774 1100 1100 D SystemServerTiming: ssm.onStartUser-0_com.google.android.startop.iorap.IorapForwardingService took to complete: 0ms
01-19 11:28:02.774 1100 1100 I SystemServerTiming: ssm.onStartUser-0_com.android.server.ActivityTriggerService
01-19 11:28:02.774 1100 1100 D SystemServerTiming: ssm.onStartUser-0_com.android.server.ActivityTriggerService took to complete: 0ms
01-19 11:28:02.774 1100 1100 I SystemServerTiming: ssm.onStartUser-0_com.android.server.integrity.AppIntegrityManagerService
01-19 11:28:02.774 1100 1100 D SystemServerTiming: ssm.onStartUser-0_com.android.server.integrity.AppIntegrityManagerService took to complete: 0ms
01-19 11:28:02.774 1100 1100 I SystemServerTiming: ssm.onStartUser-0_com.android.server.inputmethod.InputMethodManagerService$Lifecycle
01-19 11:28:02.774 1100 1100 D SystemServerTiming: ssm.onStartUser-0_com.android.server.inputmethod.InputMethodManagerService$Lifecycle took to complete: 0ms
01-19 11:28:02.774 1100 1100 I SystemServerTiming: ssm.onStartUser-0_com.android.server.accessibility.AccessibilityManagerService$Lifecycle
01-19 11:28:02.774 1100 1100 D SystemServerTiming: ssm.onStartUser-0_com.android.server.accessibility.AccessibilityManagerService$Lifecycle took to complete: 0ms
01-19 11:28:02.774 1100 1100 I SystemServerTiming: ssm.onStartUser-0_com.android.server.StorageManagerService$Lifecycle
01-19 11:28:02.775 1100 1100 V StorageManagerService: Package com.sohu.inputmethod.sogou.car has legacy storage
01-19 11:28:02.776 1100 1100 V StorageManagerService: Package android.frameworkres.overlay does not have legacy storage
01-19 11:28:02.776 1100 1100 V StorageManagerService: Package com.android.cts.priv.ctsshim does not have legacy storage
01-19 11:28:02.776 1100 1100 V StorageManagerService: Package com.thundercomm.gamemode.provider does not have legacy storage
01-19 11:28:02.776 1100 1100 V StorageManagerService: Package com.thundercomm.gamemode does not have legacy storage
01-19 11:28:02.776 1100 1100 V StorageManagerService: Package com.thundercomm.microservice does not have legacy storage
01-19 11:28:02.776 1100 1100 V StorageManagerService: Package com.android.dynsystem does not have legacy storage
01-19 11:28:02.776 1100 1100 V StorageManagerService: Package com.hht.lebocast does not have legacy storage
01-19 11:28:02.777 1100 1100 V StorageManagerService: Package com.android.providers.calendar does not have legacy storage
01-19 11:28:02.777 1100 1100 V StorageManagerService: Package com.android.providers.media does not have legacy storage
01-19 11:28:02.777 1100 1100 V StorageManagerService: Package com.android.internal.systemui.navbar.gestural_wide_back does not have legacy storage
01-19 11:28:02.777 1100 1100 V StorageManagerService: Package com.android.wallpapercropper does not have legacy storage
01-19 11:28:02.777 1100 1100 V StorageManagerService: Package com.thundercomm.microsettings does not have legacy storage
01-19 11:28:02.777 1100 1100 V StorageManagerService: Package com.qualcomm.qti.gpudrivers.kona.api30 does not have legacy storage
01-19 11:28:02.777 1100 1100 V StorageManagerService: Package com.android.documentsui does not have legacy storage
01-19 11:28:02.777 1100 1100 V StorageManagerService: Package com.android.externalstorage does not have legacy storage
01-19 11:28:02.778 1100 1100 V StorageManagerService: Package com.qualcomm.uimremoteclient does not have legacy storage
01-19 11:28:02.778 1100 1100 V StorageManagerService: Package com.android.htmlviewer does not have legacy storage
01-19 11:28:02.778 1100 1100 V StorageManagerService: Package com.qualcomm.qti.uceShimService does not have legacy storage
01-19 11:28:02.778 1100 1100 V StorageManagerService: Package com.android.companiondevicemanager does not have legacy storage
01-19 11:28:02.778 1100 1100 V StorageManagerService: Package com.qualcomm.qti.qms.service.connectionsecurity does not have legacy storage
01-19 11:28:02.778 1100 1100 V StorageManagerService: Package com.android.providers.downloads does not have legacy storage
01-19 11:28:02.778 1100 1100 V StorageManagerService: Package com.android.internal.systemui.onehanded.gestural does not have legacy storage
01-19 11:28:02.778 1100 1100 V StorageManagerService: Package vendor.qti.hardware.cacert.server does not have legacy storage
01-01 08:06:19.205 0 0 E : INFO: trying to register non-static key.
01-01 08:06:19.210 0 0 E : the code is fine but needs lockdep annotation.
01-01 08:06:19.215 0 0 I : CPU: 2 PID: 340 Comm: kworker/u16:15 Tainted: G S W O 4.19.157+ #1
01-01 08:06:19.215 0 0 I Hardware name: Qualcomm Technologies, Inc. kona MTP-RmPM8150b. VC1(FSE) EVT3 (DT)
01-01 08:06:19.215 0 0 I Workqueue: events_unbound ion_system_secure_heap_prefetch_work
01-01 08:06:19.215 0 0 I Call trace:
01-01 08:06:19.215 0 0 I : dump_backtrace+0x0/0x258
01-01 08:06:19.215 0 0 I : show_stack+0x20/0x30
01-01 08:06:19.215 0 0 I : dump_stack+0xd8/0x12c
01-01 08:06:19.215 0 0 I : register_lock_class+0x4d0/0x5c8
01-01 08:06:19.215 0 0 I : __lock_acquire+0xbc/0x1e58
01-01 08:06:19.215 0 0 I : lock_acquire+0x1cc/0x218
01-01 08:06:19.215 0 0 I : _raw_spin_lock_irqsave+0x54/0x98
01-01 08:06:19.215 0 0 I : ion_system_secure_heap_prefetch_work+0x94/0x2c0
01-01 08:06:19.215 0 0 I : process_one_work+0x38c/0x660
01-01 08:06:19.215 0 0 I : worker_thread+0x268/0x4b8
01-01 08:06:19.215 0 0 I : kthread+0x140/0x150
01-01 08:06:19.215 0 0 I : ret_from_fork+0x10/0x1c
01-19 11:28:02.778 1100 1100 V StorageManagerService: Package com.thundercomm.tchttpserver does not have legacy storage
01-19 11:28:02.778 1100 1100 V StorageManagerService: Package vendor.qti.iwlan does not have legacy storage
01-19 11:28:02.778 1100 1100 V StorageManagerService: Package com.qualcomm.qti.optinoverlay does not have legacy storage
01-19 11:28:02.778 1100 1100 V StorageManagerService: Package com.qualcomm.uimremoteserver does not have legacy storage
01-19 11:28:02.778 1100 1100 V StorageManagerService: Package com.tc.logclient does not have legacy storage
01-19 11:28:02.778 1100 1100 V StorageManagerService: Package android.qvaoverlay.common does not have legacy storage
01-19 11:28:02.778 1100 1100 V StorageManagerService: Package com.android.providers.downloads.ui does not have legacy storage
01-19 11:28:02.779 1100 1100 V StorageManagerService: Package com.android.pacprocessor does not have legacy storage
01-19 11:28:02.779 1100 1100 V StorageManagerService: Package com.android.networkstack does not have legacy storage
01-19 11:28:02.779 1100 1100 V StorageManagerService: Package android.overlay.common does not have legacy storage
01-19 11:28:02.779 1100 1100 V StorageManagerService: Package com.android.connectivity.resources does not have legacy storage
01-19 11:28:02.779 1100 1100 V StorageManagerService: Package com.android.modulemetadata does not have legacy storage
01-19 11:28:02.779 1100 1100 V StorageManagerService: Package com.android.certinstaller does not have legacy storage
01-19 11:28:02.779 1100 1100 V StorageManagerService: Package android does not have legacy storage
01-19 11:28:02.779 1100 1100 V StorageManagerService: Package com.qualcomm.wfd.service does not have legacy storage
01-19 11:28:02.779 1100 1100 V StorageManagerService: Package com.thundercomm.tcsetupwizard does not have legacy storage
01-19 11:28:02.779 1100 1100 V StorageManagerService: Package ts.car.uart does not have legacy storage
01-19 11:28:02.779 1100 1100 V StorageManagerService: Package com.android.egg does not have legacy storage
01-19 11:28:02.779 1100 1100 V StorageManagerService: Package com.android.mtp does not have legacy storage
