01-19 11:28:28.219 3007 3007 I hpplay-java: [main]:SinkDataReport:logout
01-19 11:28:28.220 3007 3007 I hpplay-java: [main]:EPControl:release
01-19 11:28:28.223 3007 3858 I hpplay-java: [AsyncTask #19]:GlideCreator:clearCache clearDiskCache
01-19 11:28:28.226 3007 3007 I hpplay-java: [main]:Dispatcher:notifyAllReverseControlsStop
01-19 11:28:28.227 3007 3007 I hpplay-java: [main]:Preference:checkFeature none
01-19 11:28:28.227 3007 3007 I hpplay-java: [main]:Dispatcher:notifyAllUIControlsStop set: []
01-19 11:28:28.227 3007 3007 I hpplay-java: [main]:Bridge:findServiceID start out: 29446365
01-19 11:28:28.228 3007 3979 W hpplay-java: NanoHTTPDServerRunnable:Communication with the client broken
01-19 11:28:28.228 3007 3979 W hpplay-java: java.net.SocketException: Socket closed
01-19 11:28:28.228 3007 3979 W hpplay-java: at java.net.PlainSocketImpl.socketAccept(PlainSocketImpl.java:213)
01-19 11:28:28.228 3007 3979 W hpplay-java: at java.net.AbstractPlainSocketImpl.accept(AbstractPlainSocketImpl.java:451)
01-19 11:28:28.228 3007 3979 W hpplay-java: at java.net.ServerSocket.implAccept(ServerSocket.java:547)
01-19 11:28:28.228 3007 3979 W hpplay-java: at java.net.ServerSocket.accept(ServerSocket.java:515)
01-19 11:28:28.228 3007 3979 W hpplay-java: at com.hpplay.nanohttpd.protocols.http.ServerRunnable.run(SourceFile:118)
01-19 11:28:28.228 3007 3979 W hpplay-java: at java.lang.Thread.run(Thread.java:920)
01-19 11:28:28.228 3007 3979 I hpplay-java: NanoHTTPDNanoHTTPD:server is stoped
01-19 11:28:28.228 3007 3979 I hpplay-java: NanoHTTPDNanoHTTPD:clear obj
01-19 11:28:28.229 3007 3007 I hpplay-java: [main]:Bridge:findServiceID end
01-19 11:28:28.229 3007 3007 I hpplay-java: [main]:ServerTaskManager:onStop retry:true
01-19 11:28:28.229 3007 3007 I hpplay-java: [main]:ServerTaskManager:cancelTimeOutCheck
01-19 11:28:28.230 3007 3007 I hpplay-java: [main]:IPManager:getActiveNets type: Ethernet
01-19 11:28:28.230 3007 3007 I hpplay-java: [main]:IPManager:getActiveNets eth0:true wifi:false mobile:false ap:false
01-19 11:28:28.230 3007 3007 I hpplay-java: [main]:IPManager:getIPAddress IP_ETH0
01-19 11:28:28.237 677 4041 D resolv : GetAddrInfoHandler::run: {100 262244 100 983140 10090 0}
01-19 11:28:28.239 3007 3007 I hpplay-java: [main]:IPManager:updateIPAddress getIPAddress: 192.168.4.16 name:vlan4
01-19 11:28:28.239 3007 3007 I hpplay-java: [main]:IPManager:updateIPAddress getIPAddress: 192.168.11.36 name:wlan0
01-19 11:28:28.239 3007 3007 I hpplay-java: [main]:IPManager:updateIPAddress getIPAddress: 192.168.8.16 name:vlan8
01-19 11:28:28.239 3007 3007 I hpplay-java: [main]:IPManager:updateIPAddress getIPAddress: 192.168.11.16 name:vlan11
01-19 11:28:28.239 3007 3007 I hpplay-java: [main]:IPManager:updateIPAddress getIPAddress: 192.168.11.35 name:eth0
01-19 11:28:28.239 3007 3007 I hpplay-java: [main]:IPManager:updateIPAddress getIPAddress: 192.168.0.16 name:vlan0
01-19 11:28:28.239 3007 3007 I hpplay-java: [main]:IPManager:updateIPAddress getIPAddress: 192.168.2.16 name:vlan2
01-19 11:28:28.240 3007 3007 I hpplay-java: [main]:IPManager:updateIPAddress getIPAddress: 192.168.1.16 name:vlan1
01-19 11:28:28.240 3007 3007 I hpplay-java: [main]:ServerTaskManager:exeTask startServer
01-19 11:28:28.241 3007 3833 I hpplay-java: [AsyncTask #6]:ServerBusiness:startDaemonBusiness
01-19 11:28:28.245 3007 3007 I hpplay-java: [main]:ServerTaskManager:startTimeOutCheck
01-19 11:28:28.245 677 4041 D resolv : resolv_getaddrinfo: explore_fqdn(): ai_family=0 ai_socktype=1 ai_protocol=6
01-19 11:28:28.245 3007 3843 I hpplay-java: [AsyncTask #13]:Bridge:assembleInParameters
01-19 11:28:28.246 3007 3843 I hpplay-java: [AsyncTask #13]:Bridge:createDeviceId deviceId:NzQ6NWU6NDk6N2I6Y2I6MTM=
01-19 11:28:28.247 3007 3843 I hpplay-java: [AsyncTask #13]:IPManager:getActiveNets type: Ethernet
01-19 11:28:28.247 3007 3843 I hpplay-java: [AsyncTask #13]:IPManager:getActiveNets eth0:true wifi:false mobile:false ap:false
01-19 11:28:28.247 3007 3843 I hpplay-java: [AsyncTask #13]:IPManager:getIPAddress IP_ETH0
01-19 11:28:28.247 3007 3843 I hpplay-java: [AsyncTask #13]:Preference:checkFeature none
01-19 11:28:28.248 3007 3843 I hpplay-java: [AsyncTask #13]:SWI:dlna tip
01-19 11:28:28.248 3007 3843 I hpplay-java: [AsyncTask #13]:SWI:lefp tip
01-19 11:28:28.248 3007 3843 I hpplay-java: [AsyncTask #13]:Bridge:assembleInParameters none alias name use device name: 高合娱乐副屏
01-19 11:28:28.248 3007 3843 I hpplay-java: [AsyncTask #13]:Feature:isSendAdvertisement
01-19 11:28:28.248 3007 3843 I hpplay-java: [AsyncTask #13]:Preference:checkFeature none
01-19 11:28:28.249 3007 3833 I hpplay-java: [AsyncTask #6]:TimeOutCheckUtil:addTask id:upgrade
01-19 11:28:28.249 3007 3843 I hpplay-java: [AsyncTask #13]:Preference:checkFeature none
01-19 11:28:28.249 3007 3843 I hpplay-java: [AsyncTask #13]:Bridge:backupHpplayDat bakPath:
01-19 11:28:28.249 3007 3843 I hpplay-java: [AsyncTask #13]:Bridge:path:/data/user/0/com.hht.lebocast/files/hpplay/file/happyplay.dat
01-19 11:28:28.249 3007 3843 I hpplay-java: [AsyncTask #13]:Bridge:mAppId:21409
01-19 11:28:28.249 3007 3843 I hpplay-java: [AsyncTask #13]:Bridge:mode:3
01-19 11:28:28.249 3007 3843 I hpplay-java: [AsyncTask #13]:Bridge:type:1
01-19 11:28:28.249 3007 3843 I hpplay-java: [AsyncTask #13]:Bridge:SN:
01-19 11:28:28.249 3007 3843 I hpplay-java: [AsyncTask #13]:Preference:checkFeature none
01-19 11:28:28.249 3007 3843 I hpplay-java: [AsyncTask #13]:Bridge:backPath:
01-19 11:28:28.250 3007 3843 I hpplay-java: [AsyncTask #13]:DeviceUtil:getPermissionDid: 1
01-19 11:28:28.250 3007 3843 I hpplay-java: [AsyncTask #13]:DeviceUtil:getPermissionDid: 1
01-19 11:28:28.250 3007 3833 I hpplay-java: [AsyncTask #6]:TimeOutCheckUtil:addTask id:ijkupgrade
01-19 11:28:28.251 3007 3843 I hpplay-java: [AsyncTask #13]:BPIFileUtil:getMd5ByFile: 0FA04FD08975C81CDD9275F6AE23A020
01-19 11:28:28.251 3007 3843 I hpplay-java: [AsyncTask #13]:Preference:checkFeature none
01-19 11:28:28.251 3007 3843 I hpplay-java: [AsyncTask #13]:Preference:checkFeature none
01-19 11:28:28.251 3007 3843 I hpplay-java: [AsyncTask #13]:Preference:checkFeature none
01-19 11:28:28.251 3007 3843 I hpplay-java: [AsyncTask #13]:Preference:checkFeature none
01-19 11:28:28.251 3007 3843 I hpplay-java: [AsyncTask #13]:Preference:checkFeature none
01-19 11:28:28.252 677 4042 D resolv : doQuery: (1, 1)
01-19 11:28:28.252 677 4042 D resolv : res_nmkquery: (QUERY, IN, A)
01-19 11:28:28.252 677 4042 D resolv : res_nsend
01-19 11:28:28.252 677 4042 I resolv : resolv_cache_lookup: lookup
01-19 11:28:28.252 677 4042 I resolv : resolv_cache_lookup: FOUND IN CACHE entry=0xb400007b94c69870
01-19 11:28:28.252 677 4042 D resolv : doQuery: rcode=0, ancount=1
01-19 11:28:28.254 677 4041 I ResolverController: No valid NAT64 prefix (100, /0)
01-19 11:28:28.268 3007 4044 I hpplay-java: NanoHTTPDNanoHTTPD:server is started
01-19 11:28:28.270 3007 3833 W hpplay-java: [AsyncTask #6]:ServerBusiness:startDaemonBusiness start LelinkHTTPD sucess 52288
01-19 11:28:28.273 3007 3007 I hpplay-java: [main]:ServerBusiness:get deviceCode:2360601827
01-19 11:28:28.282 3007 3843 W hpplay-java: [AsyncTask #13]:DeviceUtils:getDomain create lb domain
01-19 11:28:28.284 3007 3843 I hpplay-java: [AsyncTask #13]:Feature:getMirrorAudioVideoSync DISABLE
01-19 11:28:28.284 3007 3843 I hpplay-java: [AsyncTask #13]:Feature:checkSupportRedirectOtherApp,no set redirect api
01-19 11:28:28.284 3007 3843 I hpplay-java: [AsyncTask #13]:Feature:getRedirectSearchFlag,value: 0
01-19 11:28:28.290 3007 3843 I hpplay-java: [AsyncTask #13]:Bridge:mIn: InParameters{appInfo='0', appKey='21409', authMode=0, authPwd='null', broadcastDirection=0, broadcastState=1, broadcastTimeout=3, buildType='release', cacheAVPath='/data/user/0/com.hht.lebocast/cache/hpplay/av', cachePhotoPath='/data/user/0/com.hht.lebocast/cache/hpplay/image', channel='LEBO-APK--60146-25915', desPath='/data/user/0/com.hht.lebocast/files/hpplay/file/config/dcf', , deviceName='高合娱乐副屏', dlna=1, dlnaCompany='Microsoft Corporation', dlnaCompanyURL='http://www.microsoft.com', dlnaDeviceDescribe='Media Renderer', dlnaDeviceName='Windows Media Player', dlnaDeviceURL='http://go.microsoft.com/fwlink/Linkld=105927', dlnaLelinkSwitch=1, dlnaManufacturer=0, dlnaName='高合娱乐副屏', dlnaUPC='null', dlnaUUID='980bd986-8dd5-bf01-1f54-adf1e4424a5e', domain='Lebo-figure-12e665f1edec', drainage=0, feature='6655', fps=60, height=1080, host='null', , keyPath='/data/user/0/com.hht.lebocast/files/hpplay/file', lelinkfp=1, lelinkfp2=0, logBaseState=1, logPath='/storage/emulated/0/com.hht.lebocast/sink/sdk/common', , mdnsEnable=1, mirrorSyncType=0, netCastVer='2.0', packageName='com.hht.lebocast', packagePath='/data/user/0/com.hht.lebocast', permissionDid='12:e6:65:f1:ed:ec', permissionMode=3, permissionPreSN='', port=0, preemptMode=0, regType='_leboremote._tcp.', serverPorts=null, sockWaitTimeOut=45, teleControlPort=53388, tunnels=3, txtKeys=null, txtValues=null, uid='975106318865898752', videoFrameType=1001, width=1920}com.hpplay.sdk.sink.protocol.InParameters@16550ad
01-19 11:28:28.291 3007 3007 I hpplay-java: [main]:Bridge:startServer state: 0
01-19 11:28:28.291 3007 3007 D hpplay-base: [jniBridge:185] not conference version
01-19 11:28:28.291 3007 3007 I hpplay-base: [jniBridge:241] 1initServer nSettingWidth=1920 nSettingHeight=1080 nSettingMaxFPS=60 dlnaEnable=1 lelinkFpEnable=1
01-19 11:28:28.291 3007 3007 D hpplay-base: [jniBridge:283] 1initServer cfg.leLinkIp=192.168.11.35
01-19 11:28:28.291 3007 3007 D hpplay-base: [jniBridge:286] 1initServer cfg.mPermissionMode=3
01-19 11:28:28.291 3007 3007 D hpplay-base: [jniBridge:304] 1initServer cfg.permissionDid=12:e6:65:f1:ed:ec000000000000000
01-19 11:28:28.291 3007 3007 D hpplay-base: [jniBridge:313] 1initServer cfg.mPermissionPreSN=00000000000000000000000000000000
01-19 11:28:28.291 3007 3007 D hpplay-base: [jniBridge:317] Bridge___1initServer status:0
01-19 11:28:28.291 3007 3007 I hpplay-base: [jniBridge:325] 1initServer cfg.feature=6655
01-19 11:28:28.291 3007 3007 D hpplay-base: [jniBridge:377] 1initServer isSendBroadCast=3
01-19 11:28:28.291 3007 3007 D hpplay-base: [jniBridge:380] 1initServer broadcastDirection=0
01-19 11:28:28.291 3007 3007 D hpplay-base: [jniBridge:382] 1initServer ipBroadcast direction=0
01-19 11:28:28.291 3007 3007 D hpplay-base: [jniBridge:387] 1initServer tunnel=3
01-19 11:28:28.291 3007 3007 D hpplay-base: [jniBridge:390] 1initServer drainage=0
01-19 11:28:28.291 3007 3007 D hpplay-base: [jniBridge:401] 1initServer mDNSEnable=1
01-19 11:28:28.291 3007 3007 D hpplay-base: [jniBridge:406] 1initServer nSockWaitTimeOut=45
01-19 11:28:28.292 3007 3007 D hpplay-base: [jniBridge:410] 1initServer nMirrorAudioVideoSync=0
01-19 11:28:28.292 3007 3007 I hpplay-base: [sign_check:168] checkSign strPackageName:com.hht.lebocast
01-19 11:28:28.292 3007 3007 I hpplay-base: [sign_check:169] checkSign buildType:release
01-19 11:28:28.292 3007 3007 I hpplay-base: [sign_check:170] checkSign appKey:21409
01-19 11:28:28.292 3007 3007 D hpplay-base: [LelinkBase:405] bridgeInit port: 0, lelinkfp: 0
01-19 11:28:28.292 3007 3007 D hpplay-base: [LelinkBase:462] bridgeInit mPackagePath =/data/user/0/com.hht.lebocast
01-19 11:28:28.292 3007 3007 D hpplay-base: [LelinkBase:463] bridgeInit mKeyPath =/data/user/0/com.hht.lebocast/files/hpplay/file
01-19 11:28:28.292 3007 3007 D hpplay-base: [SinkContext:97] initSinkContext mPackagePath =/data/user/0/com.hht.lebocast
01-19 11:28:28.292 3007 3007 D hpplay-base: [SinkContext:98] initSinkContext mKeyPath =/data/user/0/com.hht.lebocast/files/hpplay/file
01-19 11:28:28.292 3007 3007 D hpplay-base: [jniBridge:478] Java_com_hpplay_sdk_sink_protocol_Bridge__1initServer end
01-19 11:28:28.292 3007 3007 D hpplay-base: [jniBridge:869] Bridge__1startServer status:1
01-19 11:28:28.292 3007 3007 D hpplay-base: [LelinkBase:492] startAllServer at base
01-19 11:28:28.293 3007 3007 D hpplay-base: [lelinkSinkServer:152] httpPlugins_SetServerPort TYPE_SERVER_LELINK:52266
01-19 11:28:28.293 3007 3007 D hpplay-base: [network.c:362] protocol bind host :192.168.11.35 port:52266 curent bind port:52266
01-19 11:28:28.293 3007 3007 D hpplay-base: [lelinkSinkServer:681] HTTP Server real at:52266
01-19 11:28:28.294 3007 4048 D hpplay-base: [lelinkSinkServer:644] Connected Service Type:0
01-19 11:28:28.294 3007 3007 D hpplay-base: [ScreenStream:1285] current bind port:7100
01-19 11:28:28.294 3007 4048 I hpplay-base: : (server.c.315) startServer listen_ing....:
01-19 11:28:28.294 3007 4048 D hpplay-base: [Server:371] startHttpServer srv_sockets.used:1 nCurrentFd:71, tid is 4048
01-19 11:28:28.301 3007 3007 D hpplay-base: [LelinkBase:515] startAllServer pBaseContext->config.dlnaEnable:1
01-19 11:28:28.301 3007 3007 D hpplay-base: [lelinkDlna:324] addDMRCallback end
01-19 11:28:28.303 3007 4049 D hpplay-base: [stream_mirror_compat:759] compat mirror stream begin to run,server fd:73,thread_id:3253211584!!
01-19 11:28:28.314 3007 3007 E hpplay-base-dlna: miniserver.c:788::dlna_port(ipv4: 49152 ipv6:0)
01-19 11:28:28.358 3007 3865 I hpplay-java: [AsyncTask #25]:HttpRequest:doGet responseCode:200 0
01-19 11:28:28.372 3007 3007 D hpplay-base-dlna: [lebodlna-dlnaframe:166] succeed to load lebodlnaplugin
01-19 11:28:28.373 3007 3007 D hpplay-base-dlna: [lebodlna-dlnaframe:232] Succeed to load specified plugin:lebodlna_plugin
01-19 11:28:28.373 3007 3007 D hpplay-base: [lelinkDlna:328] startDLNAServer ret=0
01-19 11:28:28.373 3007 3007 D hpplay-base: [LelinkBase:531] startDLNAServer ret= 0
01-19 11:28:28.373 3007 3007 D hpplay-base: [lelinkDlna:342] setDMRFriendlyName 高合娱乐副屏
01-19 11:28:28.374 3007 3007 D hpplay-base-dlna: [lebodlna-dlna_android:136] setBroadcastTimeout mBroadcastTimeOut=66 status=3!
01-19 11:28:28.374 3007 3007 D hpplay-base-dlna: [lebodlna_api:32] start DMR
01-19 11:28:28.374 3007 3007 D hpplay-base-dlna: [UpnpDefine:434] RegisterDMRender invalid lelink info
01-19 11:28:28.375 3007 3007 D hpplay-base-dlna: [UpnpDefine:551] DLNA DESCRIPTION FROME SERVER
01-19 11:28:28.379 3007 3007 E hpplay-base-dlna: upnpapi.c:1078::Exiting RegisterRootDevice2 *Hnd =1, return value == 0
01-19 11:28:28.379 3007 3007 D hpplay-base-dlna: [CUpnpDevice:41] Register Root Device 2:0
01-19 11:28:28.380 3007 3007 D hpplay-base-dlna: [UpnpDefine:794] ESDMRender:Register success
01-19 11:28:28.380 3007 3007 D hpplay-base-dlna: [lebodlna_api:41] sendBroadcast mBroadcastTimeOut=3
01-19 11:28:28.380 3007 3007 D hpplay-base-dlna: [lebodlna_api:44] sendBroadcast timeout=66
01-19 11:28:28.460 3007 3007 D hpplay-base: [lelinkDlna:361] startDLNADevice dlnaManufacturer:0 ret=0
01-19 11:28:28.460 3007 3007 D hpplay-base: [LelinkBase:535] lelinkSetDlnaInfo ret= 0
01-19 11:28:28.460 3007 3007 D hpplay-base: [LelinkBase:547] startAllServer pBaseContext->config.mDNSEnable:1
01-19 11:28:28.461 3007 3007 D hpplay-base: [base_mdns:509] mdns net.hostname:
01-19 11:28:28.464 3007 3007 D hpplay-base: [base_mdns:529] mdns namelabel:-36-7C-7C-00-00-0F
01-19 11:28:28.464 3007 3007 D hpplay-base: [base_mdns:509] mdns net.hostname:
01-19 11:28:28.464 3007 3007 D hpplay-base: [base_mdns:529] mdns namelabel:-36-7C-7C-00-00-0F
01-19 11:28:28.465 3007 3007 D hpplay-base: [mdns:813] mdns start bind port:0
01-19 11:28:28.476 3007 3007 D hpplay-base: [mdns:813] mdns start bind port:5353
01-19 11:28:28.476 3007 3007 D hpplay-base: [mdns:813] mdns start bind port:5353
01-19 11:28:28.477 3007 3007 D hpplay-base: [mdns:813] mdns start bind port:5353
01-19 11:28:28.477 3007 3007 D hpplay-base: [mdns:813] mdns start bind port:5353
01-19 11:28:28.477 3007 3007 D hpplay-base: [mdns:813] mdns start bind port:5353
01-19 11:28:28.478 3007 3007 D hpplay-base: [mdns:813] mdns start bind port:5353
01-19 11:28:28.478 3007 3007 D hpplay-base: [mdns:813] mdns start bind port:5353
01-19 11:28:28.478 3007 3007 D hpplay-base: [mdns:813] mdns start bind port:5353
01-19 11:28:28.479 3007 3007 I hpplay-base: [mDNSEmbeded:57] embedded_mDNSInit stopmDNSNow:0 status:0
01-19 11:28:28.480 3007 3007 D hpplay-base: [mDNSEmbeded:436] startmDNSServer end nRet=0
01-19 11:28:28.480 3007 3007 D hpplay-base: [LelinkBase:555] lelink broadcast_on_off:1 log2java_on_off:1
01-19 11:28:28.480 3007 3007 D hpplay-base: [AEventUtils:595] request to start event handle service!!
01-19 11:28:28.480 3007 3007 D hpplay-base: [AEventUtils:603] start_event_handle_service,begin to run!!
01-19 11:28:28.480 3007 4062 D hpplay-base: [LelinkMDNS:729] leboAuthorizationCheck strUuid=12:e6:65:f1:ed:ec000000000000000
01-19 11:28:28.481 3007 4062 D hpplay-base: [LelinkMDNS:730] leboAuthorizationCheck mPermissionDid=12:e6:65:f1:ed:ec000000000000000
01-19 11:28:28.481 3007 4062 D hpplay-base: [LelinkMDNS:755] leboAuthorizationCheck mPermissionMac=12:e6:65:f1:ed:ec000000000000000
01-19 11:28:28.481 3007 4066 D hpplay-base: [AEventUtils:171] create handle AEvent thread ok!!,tid is 4066
01-19 11:28:28.481 3007 4064 D hpplay-base: [mDNSEmbeded:197] http_port bind check 197 http_port_check
01-01 08:06:44.928 0 0 I binder : 2366:4065 ioctl 40046210 7c3e5ebef4 returned -22
01-19 11:28:28.482 3007 3007 D hpplay-base: [REventUtils:210] start_event_handle_service,begin to run!!
01-19 11:28:28.483 677 4067 D resolv : GetHostByNameHandler::run: result: Success
01-19 11:28:28.483 2366 4065 D TlogClient_LogCollectService: === START to package logs ===
01-19 11:28:28.485 3007 4063 I hpplay-base: [mDNSEmbeded:268] start lelink publish server, tid is 4063
01-19 11:28:28.486 3007 4064 D hpplay-base: [mDNSEmbeded:217] http_port bind check 217 http_port_check
01-19 11:28:28.486 3007 3007 D hpplay-base: [LelinkBase:576] startAllServer success .
01-19 11:28:28.486 3007 4064 D hpplay-base: [mDNSEmbeded:222] http_port bind check 222 http_port_check
01-19 11:28:28.486 3007 3007 D hpplay-base: [jniBridge:894] startDlna_link:http://192.168.11.35:49152/description.xml
01-19 11:28:28.486 3007 4069 D hpplay-base: [jniBridge:1081] notifyJavaDlnalink:http://192.168.11.35:49152/description.xml
01-19 11:28:28.487 3007 4069 D hpplay-base: [jniBridge:1726] notifyJava, what:207, castType:0, mimeType:0 baseStatus:2
01-19 11:28:28.487 3007 4069 D hpplay-base: [jniBridge:1727] notifyJava sessionID:(null)
01-19 11:28:28.488 3007 4069 I hpplay-java: [Thread-11]:Bridge:notify: what: 207
01-19 11:28:28.489 3007 4068 D hpplay-base: [REventUtils:59] create handleREventThread thread ok!!,tid is 4068
01-19 11:28:28.487 3007 3007 I auditd : type=1400 audit(0.0:200): avc: granted { read } for comm="om.hht.lebocast" name="arp" dev="proc" ino=4026532256 scontext=u:r:platform_app:s0:c512,c768 tcontext=u:object_r:proc_net:s0 tclass=file app=com.hht.lebocast
01-19 11:28:28.487 3007 3007 W om.hht.lebocast: type=1400 audit(0.0:200): avc: granted { read } for name="arp" dev="proc" ino=4026532256 scontext=u:r:platform_app:s0:c512,c768 tcontext=u:object_r:proc_net:s0 tclass=file app=com.hht.lebocast
01-19 11:28:28.490 3007 4064 D hpplay-base: [mDNSEmbeded:234] http_port bind check 234 http_port_check port:52266
01-19 11:28:28.491 3007 4069 I hpplay-java: [Thread-11]:Bridge:notify: out: OutParameters:{audioSessionId=-1, audiotrackIndex=0, castHandleType=-1, castType=0, deviceName='http://192.168.11.35:49152/description.xml', dlnaName='', dramaID='', extra=0, frameHandleType=-1, handleInside=true, headduration=0, header='', headers=null, isAD=false, isMultiMirror=false, lelinkVer='', limitTime=0, , mediaAlbum='null', mediaAlbumArtURI='', mediaArtist='null', mediaAssets='', mediaTitle='null', mimeType=0, multiSession=null, period=0, pinCode='', playSpeed=0.0, playerChoice=0, plugin=0, port=0, position=0.0, positionUnit=2, protocol=0, realSessionID='', regType='', , sinkIp='', sourceAPPVersion='', sourceChannel='', sourceClientInfo='', sourceDeviceInfo='', sourceDeviceModel='', sourceDeviceName='', sourceDeviceType=0, sourceHID='', , sourceInfo='', , , sourceOSVersion='', sourceSDKVersion='', sourceUid='', stopDetail=0, stopReason=0, tailduration=0, url='', urlID='', urls=null, userAgent='', videoDecoder=0, volume=0, what=207}com.hpplay.sdk.sink.protocol.OutParameters@82be39b
01-19 11:28:28.491 3007 4069 I hpplay-java: [Thread-11]:Bridge:notify: address:250303288
01-19 11:28:28.491 3007 4064 D hpplay-base: [mDNSEmbeded:237] http_port bind check 237 http_port_check
01-19 11:28:28.492 3007 4070 D hpplay-base: [lelinkSinkServer:93] new client connection from 127.0.0.1 26752, fd=109
01-19 11:28:28.492 3007 4070 D hpplay-base: [SinkContext:137] addSinkContextSession,begin to run!!
01-19 11:28:28.492 3007 4070 D hpplay-base: [SinkContext:142] addSinkContextSession,begin to get lock!!
01-19 11:28:28.492 3007 4070 D hpplay-base: [SinkContext:144] addSinkContextSession,get lock ok!!
01-19 11:28:28.492 3007 4070 D hpplay-base: [SinkContext:149] addSinkContextSession,session list is null,begin to malloc!!
01-19 11:28:28.492 3007 4070 D hpplay-base: [SinkContext:156] addSinkContextSession,begin to update!!
01-19 11:28:28.492 3007 4070 D hpplay-base: [SinkContext:160] addSinkContextSession,begin to update header!!
01-19 11:28:28.492 3007 4070 D hpplay-base: [SinkContext:172] addSinkContextSession,begin to unlock!!
01-19 11:28:28.492 3007 4070 D hpplay-base: [SinkContext:174] addSinkContextSession,unlock ok!!
01-19 11:28:28.492 3007 4070 D hpplay-base: [LelinkReceiver:4908] get ping !!!
01-19 11:28:28.493 3007 4064 D hpplay-base: [mDNSEmbeded:240] http_port bind check 240 http_port_check recieved:64
01-19 11:28:28.493 3007 4064 D hpplay-base: [mDNSEmbeded:243] http_port bind check 243 http_port_check
01-19 11:28:28.493 3007 4064 D hpplay-base: [mDNSEmbeded:244] http_port bind check ok!
01-19 11:28:28.493 2366 4065 D hw-ProcessState: Binder ioctl to enable oneway spam detection failed: Invalid argument
01-19 11:28:28.487 3007 3007 I auditd : type=1400 audit(0.0:201): avc: granted { read open } for comm="om.hht.lebocast" path="/proc/3007/net/arp" dev="proc" ino=4026532256 scontext=u:r:platform_app:s0:c512,c768 tcontext=u:object_r:proc_net:s0 tclass=file app=com.hht.lebocast
01-19 11:28:28.487 3007 3007 W om.hht.lebocast: type=1400 audit(0.0:201): avc: granted { read open } for path="/proc/3007/net/arp" dev="proc" ino=4026532256 scontext=u:r:platform_app:s0:c512,c768 tcontext=u:object_r:proc_net:s0 tclass=file app=com.hht.lebocast
01-19 11:28:28.487 3007 3007 I auditd : type=1400 audit(0.0:202): avc: granted { getattr } for comm="om.hht.lebocast" path="/proc/3007/net/arp" dev="proc" ino=4026532256 scontext=u:r:platform_app:s0:c512,c768 tcontext=u:object_r:proc_net:s0 tclass=file app=com.hht.lebocast
01-19 11:28:28.487 3007 3007 W om.hht.lebocast: type=1400 audit(0.0:202): avc: granted { getattr } for path="/proc/3007/net/arp" dev="proc" ino=4026532256 scontext=u:r:platform_app:s0:c512,c768 tcontext=u:object_r:proc_net:s0 tclass=file app=com.hht.lebocast
01-19 11:28:28.536 2366 4065 I tsnv.hidl.wrapper: TsnvWrapper: tsnv_get:Link to death notification successful!
01-19 11:28:28.559 2366 4065 D TlogClient_LogCollectService: mCommand: [/system/bin/sh, /data/user_de/0/com.tc.logclient/files/package_log.sh, 1495, 0012, 0]
01-19 11:28:28.603 3007 4062 D hpplay-base: [LelinkMDNS:766] devicePermissionPublic leboPermissionCheck:-2
01-19 11:28:28.603 3007 4062 D hpplay-base: [jniBridge:1125] com_hpplay_sdk_sink_protocol_Bridge_WHAT_SERVER_ERROR
01-19 11:28:28.603 3007 4062 D hpplay-base: [jniBridge:1726] notifyJava, what:204, castType:0, mimeType:0 baseStatus:2
01-19 11:28:28.603 3007 4062 D hpplay-base: [jniBridge:1727] notifyJava sessionID:(null)
01-19 11:28:28.606 3007 4062 I hpplay-java: [Thread-12]:Bridge:notify: what: 204
01-19 11:28:28.609 3007 4062 I hpplay-java: [Thread-12]:Bridge:notify: out: OutParameters:{audioSessionId=-1, audiotrackIndex=0, castHandleType=-1, castType=0, deviceName='', dlnaName='', dramaID='', extra=-2002, frameHandleType=-1, handleInside=true, headduration=0, header='', headers=null, isAD=false, isMultiMirror=false, lelinkVer='', limitTime=0, , mediaAlbum='null', mediaAlbumArtURI='', mediaArtist='null', mediaAssets='', mediaTitle='null', mimeType=0, multiSession=null, period=0, pinCode='', playSpeed=0.0, playerChoice=0, plugin=0, port=0, position=0.0, positionUnit=2, protocol=0, realSessionID='', regType='', , sinkIp='', sourceAPPVersion='', sourceChannel='', sourceClientInfo='', sourceDeviceInfo='', sourceDeviceModel='', sourceDeviceName='', sourceDeviceType=0, sourceHID='', , sourceInfo='', , , sourceOSVersion='', sourceSDKVersion='', sourceUid='', stopDetail=0, stopReason=0, tailduration=0, url='', urlID='', urls=null, userAgent='', videoDecoder=0, volume=0, what=204}com.hpplay.sdk.sink.protocol.OutParameters@2ddaf11
01-19 11:28:28.609 3007 4062 I hpplay-java: [Thread-12]:Bridge:notify: address:199288950
01-19 11:28:28.610 3007 3007 I hpplay-java: [main]:Bridge:findServiceID start out: 199288950
01-19 11:28:28.610 3007 3007 I hpplay-java: [main]:Bridge:findServiceID end
01-19 11:28:28.611 3007 3007 E hpplay-java: [main]:ServerTaskManager:onError 204/-2002 com.hht.lebocast.LelinkHelper$e@6b766f7
01-19 11:28:28.611 3007 3007 I hpplay-java: [main]:ServerTaskManager:cancelTimeOutCheck
01-19 11:28:28.611 3007 4062 I hpplay-base: [mDNSEmbeded:79] embedded_mDNSLoop stopmDNSNow:0 nPublish:-2 nExitFlag:6 tid is 4062
01-19 11:28:28.611 3007 3007 W hpplay-java: [main]:ServerTaskManager:onErrorDispatcher errorCode:-2002
01-19 11:28:28.611 3007 3007 I hpplay-java: [main]:ServerTaskManager:onError retry later
01-19 11:28:28.695 3007 3846 I hpplay-java: [AsyncTask #14]:HttpRequest:doGet responseCode:200 0
01-19 11:28:28.696 3007 4070 I hpplay-base: [LelinkReceiver:14605] _connectionFinalize (109)
01-19 11:28:28.696 3007 4070 D hpplay-base: [LelinkReceiver:14752] ###connectionFinalize,release ok!!###
01-19 11:28:28.758 654 665 I mpu_uart: [MSG-P:RECV]:No message received in 1000 ms
01-19 11:28:29.078 3007 3007 I hpplay-java: [main]:Upgrade:upgrade not be allowed
01-19 11:28:29.119 0 0 I auditd : type=1400 audit(0.0:203): avc: denied { kill } for comm="swapper/0" capability=5 scontext=u:r:kernel:s0 tcontext=u:r:kernel:s0 tclass=capability permissive=0
01-19 11:28:29.119 0 0 W swapper/0: type=1400 audit(0.0:203): avc: denied { kill } for capability=5 scontext=u:r:kernel:s0 tcontext=u:r:kernel:s0 tclass=capability permissive=0
01-01 08:06:45.613 0 0 I init : Untracked pid 4080 exited with status 0
01-19 11:28:29.660 1100 1212 I am_pss : [3226,10078,com.qualcomm.location.XT,6310912,4636672,0,94261248,0,6,14]
01-19 11:28:29.680 1100 1212 I am_pss : [3286,10076,com.android.inputmethod.latin,12340224,7946240,0,113131520,0,7,14]
01-19 11:28:29.759 654 665 I mpu_uart: [MSG-P:RECV]:No message received in 1000 ms
01-19 11:28:30.119 0 0 I auditd : type=1400 audit(0.0:204): avc: denied { kill } for comm="swapper/1" capability=5 scontext=u:r:kernel:s0 tcontext=u:r:kernel:s0 tclass=capability permissive=0
01-19 11:28:30.119 0 0 W swapper/1: type=1400 audit(0.0:204): avc: denied { kill } for capability=5 scontext=u:r:kernel:s0 tcontext=u:r:kernel:s0 tclass=capability permissive=0
01-19 11:28:30.216 1100 2160 D BufferPoolAccessor2.0: evictor expired: 6, evicted: 0
01-19 11:28:30.217 1388 1783 D BufferPoolAccessor2.0: bufferpool2 0xb40000722912aa38 : 0(0 size) total buffers - 0(0 size) used buffers - 32/35 (recycle/alloc) - 3/34 (fetch/transfer)
01-19 11:28:30.217 1388 1783 D BufferPoolAccessor2.0: evictor expired: 1, evicted: 1
01-19 11:28:30.227 2059 2392 D BufferPoolAccessor2.0: evictor expired: 2, evicted: 0
01-19 11:28:30.249 1100 1212 I am_pss : [2595,1000,com.thundercomm.gamemode,18731008,14757888,0,122081280,0,10,16]
01-19 11:28:30.288 1100 1212 I am_pss : [2887,10075,com.android.deskclock,9706496,6909952,0,104857600,0,19,14]
01-19 11:28:30.309 1100 1212 I am_pss : [3278,10089,com.qualcomm.qtil.aptxui,6989824,5496832,0,91746304,0,19,13]
01-19 11:28:30.332 1100 1202 D CompatibilityInfo: mCompatibilityFlags - 4
01-19 11:28:30.333 1100 1202 D CompatibilityInfo: applicationDensity - 240
01-19 11:28:30.333 1100 1202 D CompatibilityInfo: applicationScale - 1.0
01-19 11:28:30.339 1100 1212 I am_pss : [2575,1000,com.android.settings,31065088,18296832,0,146051072,0,19,14]
01-19 11:28:30.364 1100 1212 I am_pss : [3201,1000,com.android.keychain,8055808,6463488,0,94453760,0,19,13]
01-19 11:28:30.381 1100 1212 I am_pss : [2619,10101,android.ext.services,7003136,5013504,0,98516992,0,5,12]
01-19 11:28:30.389 2595 4034 D BufferPoolAccessor2.0: bufferpool2 0xb400007d390713c8 : 0(0 size) total buffers - 0(0 size) used buffers - 3/7 (recycle/alloc) - 4/74 (fetch/transfer)
01-19 11:28:30.390 2595 4034 D BufferPoolAccessor2.0: evictor expired: 1, evicted: 1
01-19 11:28:30.499 4013 4013 I MSP-JNI : JNI_OnLoad called
01-19 11:28:30.500 4013 4013 E MSP-JNI : Failed to get class in Jload
01-19 11:28:30.500 4013 4013 I MSP-JNI : FindClass - com/qualcomm/ltebc/LTEBroadcastService JNI EXCEPTION CLEARED
01-19 11:28:30.501 4013 4013 I MSP-JNI : JNI_OnLoad: Initializing File Delivery references
01-19 11:28:30.502 4013 4013 I MSP-JNI : FindClass CARRIER_SPECIFIC_CLASS_DEFINITION JNI EXCEPTION CLEARED
01-19 11:28:30.502 4013 4013 I MSP-JNI : JNI_OnLoad: Completed File Delivery initialization
01-19 11:28:30.506 4013 4013 I LTE Application: LTEApplicationCreate
01-19 11:28:30.506 4013 4013 I LTE Application: applicationContext : com.qualcomm.ltebc.LTEQTIApplication@f6fbdfe
01-19 11:28:30.514 4013 4013 I LTE QMI Link: Creating QMI Link
01-19 11:28:30.517 4013 4013 D LTE Application: packageName = com.qti.ltebc versionCode = 5401010 versionName = MSDC_LA_5.4.01.01.0
01-19 11:28:30.517 4013 4013 I LTE Application: LTE Broadcast Library Release Version = MSDC_LA_5.4.01.01.0
01-19 11:28:30.518 4013 4013 D LTE Application: IntentSender : Last intent Status NOT_SENT forcedBroadcast flag = true
01-19 11:28:30.518 4013 4013 D LTE Application: sendBroadcastIntent IntentAction : Sending com.qualcomm.intent.EMBMS_STATUS ACTIVE = false
01-19 11:28:30.523 4013 4013 W SOCKET : ConnectionManager constructor has been initialised
01-19 11:28:30.523 4013 4013 E System : Ignoring attempt to set property "java.net.preferIPv6Addresses" to value "false".
01-19 11:28:30.527 4013 4013 D LTE Application: Android API Version 31
01-19 11:28:30.527 4013 4013 I LTE Application: Package Name : com.qti.ltebc
01-19 11:28:30.535 4013 4013 I LTE Application: app is not whitelisted
01-19 11:28:30.541 4013 4013 I LTE Broadcast Receiver: Broadcast Receiver Received intent : Intent { act=android.intent.action.MEDIA_MOUNTED dat=file:///storage/emulated/0 flg=0x5000010 cmp=com.qti.ltebc/com.qualcomm.ltebc.LTEBroadcastReceiver (has extras) }
01-19 11:28:30.541 4013 4013 I LTE Broadcast Receiver: Handled media mounted or unmounted event
01-19 11:28:30.541 4013 4013 E LTE Broadcast Receiver: Received media mounted event when MSP is not initialized
01-19 11:28:30.541 4013 4013 I LTE Application: getStartupReason - startup_reason: STARTUP_REASON_NOTSET
01-19 11:28:30.541 4013 4013 I LTE Broadcast Receiver: Middleware is started due to media event..exiting app
01-19 11:28:30.563 4013 4013 I com.qti.ltebc: System.exit called, status: 0
01-19 11:28:30.564 4013 4013 I AndroidRuntime: VM exiting with result code 0, cleanup skipped.
01-19 11:28:30.760 654 664 I mpu_uart: [MSG-P:R]:recv sync frame timeout
01-19 11:28:30.761 654 665 I mpu_uart: [MSG-P:RECV]:No message received in 1000 ms
01-19 11:28:30.876 1100 2707 I ActivityManager: Process com.qti.ltebc (pid 4013) has died: fg RCVR
01-19 11:28:30.877 1100 1217 I libprocessgroup: Successfully killed process cgroup uid 10082 pid 4013 in 0ms
01-19 11:28:30.879 1100 2707 I am_proc_died: [0,4013,com.qti.ltebc,0,11]
01-19 11:28:30.880 1100 2707 I am_broadcast_discard_app: [0,213261411,android.intent.action.MEDIA_MOUNTED,2,ResolveInfo{cae14fa com.qti.ltebc/com.qualcomm.ltebc.LTEBroadcastReceiver m=0x208000}]
01-19 11:28:30.883 1100 2707 I am_uid_stopped: 10082
01-19 11:28:30.890 1100 1214 I am_uid_running: 10082
01-19 11:28:30.892 1100 1214 D CompatibilityChangeReporter: Compat change id reported: 135634846; UID 10082; state: DISABLED
01-19 11:28:30.892 1100 1214 D CompatibilityChangeReporter: Compat change id reported: 177438394; UID 10082; state: DISABLED
01-19 11:28:30.893 1100 1214 D CompatibilityChangeReporter: Compat change id reported: 135772972; UID 10082; state: DISABLED
01-19 11:28:30.893 1100 1214 D CompatibilityChangeReporter: Compat change id reported: 135754954; UID 10082; state: ENABLED
01-19 11:28:30.895 678 678 I Zygote : Process 4013 exited cleanly (0)
01-19 11:28:30.895 1100 1216 D CompatibilityChangeReporter: Compat change id reported: 143937733; UID 10082; state: ENABLED
01-19 11:28:30.912 1100 1212 I am_pss : [3370,10021,com.android.traceur,10175488,8503296,0,98279424,0,19,13]
01-19 11:28:30.942 678 678 D Zygote : Forked child process 4098
01-19 11:28:30.942 1100 1216 W ActivityManager: Slow operation: 51ms so far, now at startProcess: returned from zygote!
01-19 11:28:30.942 1100 1216 W ActivityManager: Slow operation: 51ms so far, now at startProcess: done updating battery stats
01-19 11:28:30.942 1100 1216 I am_proc_start: [0,4098,10082,com.qti.ltebc,broadcast,{com.qti.ltebc/com.qualcomm.ltebc.LTEBroadcastReceiver}]
01-19 11:28:30.942 1100 1216 W ActivityManager: Slow operation: 51ms so far, now at startProcess: building log message
01-19 11:28:30.942 1100 1216 I ActivityManager: Start proc 4098:com.qti.ltebc/u0a82 for broadcast {com.qti.ltebc/com.qualcomm.ltebc.LTEBroadcastReceiver}
01-19 11:28:30.942 1100 1216 W ActivityManager: Slow operation: 51ms so far, now at startProcess: starting to update pids map
01-19 11:28:30.943 1100 1216 W ActivityManager: Slow operation: 52ms so far, now at startProcess: done updating pids map
01-19 11:28:30.970 677 748 I netd : setProcSysNet(4, 2, wlan0, retrans_time_ms, 750) <1.09ms>
01-19 11:28:30.972 677 748 I netd : setProcSysNet(4, 2, wlan0, ucast_solicit, 10) <0.43ms>
01-19 11:28:30.974 677 748 I netd : setProcSysNet(6, 2, wlan0, retrans_time_ms, 750) <0.51ms>
01-19 11:28:30.975 677 748 I netd : setProcSysNet(6, 2, wlan0, ucast_solicit, 10) <0.32ms>
01-01 08:06:47.410 0 0 I [soft_i][0x5e1855e0][11:28:30.975124] wlan: [0:I:DP] dp_addba_requestprocess_wifi3 restore BA win 256 based on addba req
01-19 11:28:31.004 2907 2922 I adbd : jdwp connection from 4098
01-19 11:28:31.014 4098 4098 D ProcessState: Binder ioctl to enable oneway spam detection failed: Invalid argument
01-01 08:06:47.449 0 0 I binder : 4098:4098 ioctl 40046210 7fdc700314 returned -22
01-19 11:28:31.020 1100 2707 I am_proc_bound: [0,4098,com.qti.ltebc]
01-19 11:28:31.021 1100 2707 D CompatibilityInfo: mCompatibilityFlags - 4
01-19 11:28:31.021 1100 2707 D CompatibilityInfo: applicationDensity - 240
01-19 11:28:31.021 1100 2707 D CompatibilityInfo: applicationScale - 1.0
01-19 11:28:31.023 1100 2707 I am_uid_active: 10082
01-19 11:28:31.023 1100 2707 D CompatibilityInfo: mCompatibilityFlags - 4
01-19 11:28:31.023 1100 2707 D CompatibilityInfo: applicationDensity - 240
01-19 11:28:31.023 1100 2707 D CompatibilityInfo: applicationScale - 1.0
01-19 11:28:31.037 4098 4098 D CompatibilityChangeReporter: Compat change id reported: 171979766; UID 10082; state: ENABLED
01-19 11:28:31.137 4098 4098 I Perf : Connecting to perf service.
01-19 11:28:31.159 4098 4098 V GraphicsEnvironment: ANGLE Developer option for 'com.qti.ltebc' set to: 'default'
01-19 11:28:31.161 4098 4098 V GraphicsEnvironment: ANGLE GameManagerService for com.qti.ltebc: false
01-19 11:28:31.169 4098 4098 D NetworkSecurityConfig: Using Network Security Config from resource network_security_config debugBuild: false
01-19 11:28:31.172 4098 4098 D NetworkSecurityConfig: Using Network Security Config from resource network_security_config debugBuild: false
01-19 11:28:31.173 4098 4098 D LTE Application: getLibraryName = msp
01-19 11:28:31.176 1100 1212 I am_pss : [3452,1000,com.qualcomm.qti.qmmi,6980608,5423104,0,92815360,0,19,17]
01-19 11:28:31.229 2059 2392 D BufferPoolAccessor2.0: evictor expired: 1, evicted: 0
01-19 11:28:31.292 2366 4065 D TlogClient_LogCollectService: === FINISH to package logs ===
01-19 11:28:31.612 3007 3007 I hpplay-java: [main]:ServerTaskManager:restart by error
01-19 11:28:31.612 3007 3007 I hpplay-java: [main]:ServerTaskManager:startServer
01-19 11:28:31.613 3007 3007 I hpplay-java: [main]:ServerTaskManager:startServer add, reason: server is starting or running
01-19 11:28:31.614 3007 3007 I hpplay-java: [main]:ServerTaskManager:addStopTask
01-19 11:28:31.614 3007 3007 I hpplay-java: [main]:ServerTaskManager:addStartTask
01-19 11:28:31.615 3007 3007 I hpplay-java: [main]:ServerTaskManager:exeTask stopServer
01-19 11:28:31.615 3007 3007 I hpplay-java: [main]:Bridge:stopServer keepPush: false
01-19 11:28:31.615 3007 3007 D hpplay-base: [jniBridge:909] Bridge__1stopServer status:2
01-19 11:28:31.619 3007 3007 D hpplay-base: [LelinkBase:654] stopAllServer will start thread!
01-19 11:28:31.621 3007 4066 D hpplay-base: [AEventUtils:588] handle AEvent thread end!!,tid is 4066
01-19 11:28:31.622 3007 4068 D hpplay-base: [REventUtils:197] handleREventThread thread end!!,tid is 4068
01-19 11:28:31.622 3007 4126 I hpplay-base: [mDNSEmbeded:65] embedded_mDNSExit call
01-19 11:28:31.623 3007 4049 D hpplay-base: [stream_mirror_compat:1284] mirror stream begin to exit,server fd:73,thread_id:3253211584!!
01-19 11:28:31.623 3007 4049 D hpplay-base: [stream_mirror_compat:1323] ##screen stream exit successfully!!##
01-19 11:28:31.699 3007 4048 D hpplay-base: [Server:447] startHttpServer will END srv->serverType:0
01-19 11:28:31.699 3007 4048 D hpplay-base: [Server:646] startHttpServer cond srv_shutdown:1 connectNummber:0
01-19 11:28:31.699 3007 4048 D hpplay-base: [Server:669] startHttpServer wait cond END. srv_shutdown:1 connectNummber:0
01-19 11:28:31.699 3007 4048 D hpplay-base: [Server:457] HttpServer END, tid is 4048
01-19 11:28:31.711 1100 1212 I am_pss : [3525,1000,com.qti.diagservices,5942272,3997696,0,95576064,0,10,14]
01-19 11:28:31.733 1100 1212 I am_pss : [3539,1000,com.android.localtransport,5269504,3694592,0,91705344,0,19,13]
01-19 11:28:31.763 3007 4062 I hpplay-base: [mDNSEmbeded:140] embedded_mDNSLoop Exiting end,tid is 4062
01-19 11:28:31.763 654 665 I mpu_uart: [MSG-P:RECV]:No message received in 1000 ms
01-19 11:28:31.765 3007 4126 D hpplay-base: [mDNSEmbeded:452] stopmDNSServer end stopmDNSNow=2, nRet=0
01-19 11:28:32.002 3007 4063 I hpplay-base: [mDNSEmbeded:376] end lelink publish server, tid is 4063
01-19 11:28:32.003 3007 4126 D hpplay-base: [mDNSEmbeded:420] stopmLelinkServer end nRet=0
01-19 11:28:32.003 3007 4126 D hpplay-base: [LelinkBase:615] lebodlna stopServerThreadFunc dlnaEnable:1
01-19 11:28:32.004 3007 4126 D hpplay-base-dlna: [lebodlna_api:49] stop DMR
01-19 11:28:32.004 3007 4126 D hpplay-base-dlna: [lebodlna_api:344] m_pRender Release
01-19 11:28:32.088 3007 4126 D hpplay-base-dlna: [UpnpDefine:867] DMRender release success
01-19 11:28:32.089 3007 4126 D hpplay-base-dlna: [lebodlna_api:352] m_pAVT Release
01-19 11:28:32.089 3007 4126 D hpplay-base-dlna: [lebodlna_api:360] m_pRCS Release
01-19 11:28:32.089 3007 4126 D hpplay-base-dlna: [lebodlna_api:365] dmrender destroydmr
01-19 11:28:32.119 0 0 I auditd : type=1400 audit(0.0:205): avc: denied { kill } for comm="swapper/1" capability=5 scontext=u:r:kernel:s0 tcontext=u:r:kernel:s0 tclass=capability permissive=0
01-19 11:28:32.119 0 0 W swapper/1: type=1400 audit(0.0:205): avc: denied { kill } for capability=5 scontext=u:r:kernel:s0 tcontext=u:r:kernel:s0 tclass=capability permissive=0
01-19 11:28:32.367 1100 1212 I am_pss : [3571,10022,com.hryt.hiphishowfsecontrol,18095104,14893056,0,106631168,0,19,15]
01-19 11:28:32.389 3007 4126 D hpplay-base-dlna: [lebodlna-dlna_android:186] stopDLNA
01-19 11:28:32.390 3007 4126 D hpplay-base-dlna: [lebodlna-dlna_android:189] dlnaservice destroy
01-19 11:28:32.390 3007 4126 D hpplay-base-dlna: [lebodlna-dlna_android:49] dlnaservice Destroy 49 int CDlnaService::Destroy()
01-19 11:28:32.390 3007 4126 D hpplay-base-dlna: [lebodlna-dlnaframe:245] dlnaservice Destroy 245 static ERROR_TYPE IDlnaFrame::DestroyDlnaFrame(IDlnaFrame *)
01-19 11:28:32.390 3007 4126 D hpplay-base-dlna: [lebodlna-dlnaframe:179] dlnaservice Destroy 179 virtual void CDlnaFrame::Release()
01-19 11:28:32.391 3007 4126 D hpplay-base-dlna: [lebodlna-dlnaframe:190] dlnaservice Destroy 190 virtual void CDlnaFrame::Release()
01-19 11:28:32.391 3007 4126 D hpplay-base-dlna: [lebodlna-dlnaframe:192] dlnaservice Destroy 192 virtual void CDlnaFrame::Release()
01-19 11:28:32.391 3007 4126 D hpplay-base-dlna: [lebodlna-dlnaframe:247] dlnaservice Destroy 247 static ERROR_TYPE IDlnaFrame::DestroyDlnaFrame(IDlnaFrame *)
01-19 11:28:32.391 3007 4126 D hpplay-base-dlna: [lebodlna-dlnaframe:251] dlnaservice Destroy 251 static ERROR_TYPE IDlnaFrame::DestroyDlnaFrame(IDlnaFrame *)
01-19 11:28:32.745 1100 1212 I am_pss : [2755,10093,com.qualcomm.qti.qccauthmgr,6179840,4354048,0,96059392,0,19,15]
01-19 11:28:32.764 654 665 I mpu_uart: [MSG-P:RECV]:No message received in 1000 ms
01-19 11:28:32.771 1100 1212 I am_pss : [3605,10073,com.android.calendar,6317056,4739072,0,92295168,0,19,14]
01-19 11:28:33.119 0 0 I auditd : type=1400 audit(0.0:206): avc: denied { kill } for comm="swapper/1" capability=5 scontext=u:r:kernel:s0 tcontext=u:r:kernel:s0 tclass=capability permissive=0
01-19 11:28:33.119 0 0 W swapper/1: type=1400 audit(0.0:206): avc: denied { kill } for capability=5 scontext=u:r:kernel:s0 tcontext=u:r:kernel:s0 tclass=capability permissive=0
01-19 11:28:33.188 1100 1212 I am_pss : [3632,1000,com.android.dynsystem,5250048,3649536,0,90927104,0,19,13]
01-19 11:28:33.381 820 1805 D audio_hw_primary: copl(0xef7ceb00):out of compress_partial_drain
01-19 11:28:33.384 820 2104 D audio_hw_utils: audio_extn_utils_compress_get_dsp_latency:: Using Fix DSP delay
01-19 11:28:33.384 820 2104 D audio_hw_utils: audio_extn_utils_compress_get_dsp_latency:: delay in ms is 50
01-19 11:28:33.387 1119 2108 D BootAnimation: type:2 0 0 1
01-19 11:28:33.389 1100 2707 I snet_event_log: [172655291,-1,]
01-19 11:28:33.390 1027 1808 E AudioFlinger: no wake lock to update, but system ready!
01-19 11:28:33.392 1291 3453 D NuPlayerDriver: stop(0xe7bc19b0)
01-19 11:28:33.394 1291 1439 D NuPlayerDriver: reset(0xe7bc19b0) at state 8
01-19 11:28:33.394 820 1776 D msm8974_platform: platform_split_snd_device: snd_device(2) num devices(1) new_snd_devices(0)
01-19 11:28:33.394 820 1776 D ACDB-LOADER: ACDB -> send_audvoltable
01-19 11:28:33.394 820 1776 D ACDB-LOADER: ACDB -> ACDB_CMD_GET_AUDPROC_INSTANCE_GAIN_DEP_STEP_TABLE_SIZE
01-19 11:28:33.394 820 1776 D ACDB-LOADER: ACDB -> ACDB_CMD_GET_AUDPROC_INSTANCE_GAIN_DEP_STEP_TABLE, vol index 0
01-19 11:28:33.394 820 1776 D ACDB-LOADER: ACDB -> AUDIO_SET_VOL_CAL cal type = 40
01-19 11:28:33.398 820 1776 D msm8974_platform: platform_split_snd_device: snd_device(2) num devices(1) new_snd_devices(0)
01-19 11:28:33.399 3007 4126 E hpplay-base-dlna: upnpapi.c:655::before gminiserver ThreadPoolShutdown
01-19 11:28:33.399 3007 4126 E hpplay-base-dlna: ThreadPool.c:1047::on ThreadPoolShutdown tp->totalThreads:2
01-19 11:28:33.400 3007 4126 E hpplay-base-dlna: ThreadPool.c:1047::on ThreadPoolShutdown tp->totalThreads:1
01-19 11:28:33.401 3007 4126 E hpplay-base-dlna: ThreadPool.c:1056::after ThreadPoolShutdown
01-19 11:28:33.401 3007 4126 E hpplay-base-dlna: ThreadPool.c:1057::ThreadPoolShutdown tp->totalThreads:0
01-19 11:28:33.401 3007 4126 E hpplay-base-dlna: upnpapi.c:657::after gminiserver ThreadPoolShutdown
01-19 11:28:33.401 3007 4126 E hpplay-base-dlna: upnpapi.c:659::before grecv ThreadPoolShutdown
01-19 11:28:33.402 1027 1304 W AudioFlinger: moveEffectChain_l() effect chain for session 0 not on source thread 0xb400007150408820
01-19 11:28:33.403 3007 4126 E hpplay-base-dlna: ThreadPool.c:1047::on ThreadPoolShutdown tp->totalThreads:11
01-19 11:28:33.403 3007 4126 E hpplay-base-dlna: ThreadPool.c:1047::on ThreadPoolShutdown tp->totalThreads:10
01-19 11:28:33.403 3007 4126 E hpplay-base-dlna: ThreadPool.c:1047::on ThreadPoolShutdown tp->totalThreads:9
01-19 11:28:33.404 3007 4126 E hpplay-base-dlna: ThreadPool.c:1047::on ThreadPoolShutdown tp->totalThreads:8
01-19 11:28:33.409 3007 4126 E hpplay-base-dlna: ThreadPool.c:1056::after ThreadPoolShutdown
01-19 11:28:33.409 3007 4126 E hpplay-base-dlna: ThreadPool.c:1057::ThreadPoolShutdown tp->totalThreads:0
01-19 11:28:33.410 3007 4126 E hpplay-base-dlna: upnpapi.c:661::after grecv ThreadPoolShutdown
01-19 11:28:33.410 3007 4126 E hpplay-base-dlna: upnpapi.c:663::before gsend ThreadPoolShutdown
01-19 11:28:33.410 3007 4126 E hpplay-base-dlna: ThreadPool.c:1047::on ThreadPoolShutdown tp->totalThreads:2
01-19 11:28:33.411 3007 4126 E hpplay-base-dlna: ThreadPool.c:1047::on ThreadPoolShutdown tp->totalThreads:1
01-19 11:28:33.418 3007 4126 E hpplay-base-dlna: ThreadPool.c:1056::after ThreadPoolShutdown
01-19 11:28:33.418 3007 4126 E hpplay-base-dlna: ThreadPool.c:1057::ThreadPoolShutdown tp->totalThreads:0
01-19 11:28:33.418 3007 4126 E hpplay-base-dlna: upnpapi.c:665::after gsend ThreadPoolShutdown
01-19 11:28:33.418 3007 4126 D hpplay-base-dlna: [lebodlna-dlnaframe:253] dlnaservice Destroy 253 static ERROR_TYPE IDlnaFrame::DestroyDlnaFrame(IDlnaFrame *)
01-19 11:28:33.418 3007 4126 D hpplay-base-dlna: [lebodlna-dlna_android:51] dlnaservice Destroy 51 int CDlnaService::Destroy()
01-19 11:28:33.418 3007 4126 D hpplay-base-dlna: [lebodlna-dlna_android:194] stopDLNA end
01-19 11:28:33.473 1306 1881 I OMX-VDEC-1080P: omx_vdec::component_deinit() complete
01-01 08:06:49.909 0 0 I : VideoDecMsgThre (2101) used greatest stack depth: 8384 bytes left
01-19 11:28:33.481 1306 1881 I OMX-VDEC-1080P: Exit OMX vdec Destructor: fd=7
01-19 11:28:33.487 1291 1801 D SurfaceUtils: disconnecting from surface 0xe7344ba8, reason disconnectFromSurface
01-01 08:06:49.925 0 0 I msm_vidc: high: 00000001: h264d: Closed video instance: ffffffd72ee08000
01-19 11:28:33.504 1291 1800 D SurfaceUtils: connecting to surface 0xe7344ba8, reason onShutdown
01-19 11:28:33.518 1291 1779 D NuPlayerDriver: notifyResetComplete(0xe7bc19b0)
01-19 11:28:33.519 1291 1439 D SurfaceUtils: disconnecting from surface 0xe7340018, reason disconnectNativeWindow
01-19 11:28:33.520 820 1776 D audio_hw_primary: adev_release_audio_patch: Remove patch with handle 6
01-19 11:28:33.520 820 1776 D audio_hw_primary: route_output_stream: enter: usecase(3: compress-offload-playback) devices 0
01-19 11:28:33.520 1291 1439 W AMessage: failed to post message as target looper for handler 0 is gone.
01-19 11:28:33.521 820 1776 D audio_hw_primary: out_set_parameters: enter: usecase(3: compress-offload-playback) kvpairs: closing=true
01-19 11:28:33.524 1119 1142 E libEGL : eglDestroySurfaceImpl:853 error 300d (EGL_BAD_SURFACE)
01-19 11:28:33.526 820 1776 D audio_hw_primary: out_set_parameters: enter: usecase(3: compress-offload-playback) kvpairs: exiting=1
01-19 11:28:33.529 820 1805 D audio_hw_primary: copl(0xef7ceb00):calling compress_drain
01-19 11:28:33.529 820 889 D audio_hw_primary: out_standby: enter: stream (0xef7ceb00) usecase(3: compress-offload-playback)
01-19 11:28:33.532 1119 1119 D BootAnimation: BootAnimationStopTiming start time: 78095ms
01-01 08:06:49.965 0 0 E q6asm_callback: cmd = 0x10bce returned error = 0xa
01-01 08:06:49.972 0 0 E __q6asm_cmd: DSP returned error[ADSP_ENOTREADY] opcode 68558
01-19 11:28:33.545 820 1805 D audio_hw_primary: copl(0xef7ceb00):out of compress_drain
01-19 11:28:33.547 820 889 D audio_hw_primary: copl(0xef7ceb00):standby
01-01 08:06:49.982 0 0 W : ------------[ cut here ]------------
01-01 08:06:49.982 0 0 W : WARNING: CPU: 1 PID: 889 at sound/soc/soc-pcm.c:124 snd_soc_runtime_deactivate+0x8c/0x148
01-01 08:06:49.982 0 0 I : Modules linked in: wlan(O) tsnv(O) machine_dlkm(O) wcd938x_slave_dlkm(O) wcd938x_dlkm(O) wcd9xxx_dlkm(O) mbhc_dlkm(O) tx_macro_dlkm(O) rx_macro_dlkm(O) va_macro_dlkm(O) wsa_macro_dlkm(O) swr_ctrl_dlkm(O) bolero_cdc_dlkm(O) wsa881x_dlkm(O) wcd_core_dlkm(O) stub_dlkm(O) hdmi_dlkm(O) swr_dlkm(O) pinctrl_lpi_dlkm(O) pinctrl_wcd_dlkm(O) usf_dlkm(O) native_dlkm(O) platform_dlkm(O) q6_dlkm(O) adsp_loader_dlkm(O) apr_dlkm(O) snd_event_dlkm(O) q6_notifier_dlkm(O) q6_pdr_dlkm(O) msm_11ad_proxy
01-01 08:06:49.982 0 0 I : CPU: 1 PID: 889 Comm: HwBinder:820_2 Tainted: G S W O 4.19.157+ #1
01-01 08:06:49.982 0 0 I Hardware name: Qualcomm Technologies, Inc. kona MTP-RmPM8150b. VC1(FSE) EVT3 (DT)
01-01 08:06:49.982 0 0 I pstate : 60400005 (nZCv daif +PAN -UAO)
01-01 08:06:49.982 0 0 I pc : snd_soc_runtime_deactivate+0x8c/0x148
01-01 08:06:49.982 0 0 I lr : snd_soc_runtime_deactivate+0x8c/0x148
01-01 08:06:49.982 0 0 I sp : ffffff8014dd3bf0
01-01 08:06:49.982 0 0 I : x29: ffffff8014dd3bf0 x28: ffffffd71db2be40
01-01 08:06:49.982 0 0 I : x27: 0000000000000000 x26: 0000000000000000
01-01 08:06:49.982 0 0 I : x25: 0000000046000000 x24: ffffffd70032a210
01-01 08:06:49.982 0 0 I : x23: 0000000000000008 x22: 0000000000000000
01-01 08:06:49.982 0 0 I : x21: ffffffd739c5cd00 x20: 0000000000000000
01-01 08:06:49.982 0 0 I : x19: ffffffd70dda1280 x18: 0000000000000002
01-01 08:06:49.982 0 0 I : x17: ffffffa76f38a804 x16: ffffffa77030e000
01-01 08:06:49.982 0 0 I : x15: ffffffa76f3981ce x14: 0000000000000086
01-01 08:06:49.982 0 0 I : x13: 0000000000000004 x12: 000000005963303f
01-01 08:06:49.982 0 0 I : x11: 0000000000000015 x10: 000000000682aaab
01-01 08:06:49.982 0 0 I : x9 : 5daf0e48922d6b00 x8 : 5daf0e48922d6b00
01-01 08:06:49.982 0 0 I : x7 : ffffffa76d5826c0 x6 : 0000000000000000
01-01 08:06:49.982 0 0 I : x5 : 0000000000000080 x4 : 0000000000000001
01-01 08:06:49.983 0 0 I : x3 : ffffff8014dd3868 x2 : ffffffd7782cc1b0
01-01 08:06:49.983 0 0 I : x1 : ffffffa76d582834 x0 : 0000000000000024
01-01 08:06:49.983 0 0 I Call trace:
01-01 08:06:49.983 0 0 I : snd_soc_runtime_deactivate+0x8c/0x148
01-01 08:06:49.983 0 0 I : soc_compr_free_fe+0x4c/0x190
01-01 08:06:49.983 0 0 I : snd_compr_free+0x70/0xa0
01-01 08:06:49.983 0 0 I : __fput+0xbc/0x1b0
