01-19 11:28:19.344 3007 3007 I hpplay-java: [main]:Bridge:in key: 0 value: InParameters{appInfo='0', appKey='21409', authMode=0, authPwd='null', broadcastDirection=0, broadcastState=1, broadcastTimeout=3, buildType='release', cacheAVPath='/data/user/0/com.hht.lebocast/cache/hpplay/av', cachePhotoPath='/data/user/0/com.hht.lebocast/cache/hpplay/image', channel='LEBO-APK--60146-25915', desPath='/data/user/0/com.hht.lebocast/files/hpplay/file/config/dcf', , deviceName='高合娱乐副屏', dlna=1, dlnaCompany='Microsoft Corporation', dlnaCompanyURL='http://www.microsoft.com', dlnaDeviceDescribe='Media Renderer', dlnaDeviceName='Windows Media Player', dlnaDeviceURL='http://go.microsoft.com/fwlink/Linkld=105927', dlnaLelinkSwitch=1, dlnaManufacturer=0, dlnaName='高合娱乐副屏', dlnaUPC='null', dlnaUUID='980bd986-8dd5-bf01-1f54-adf1e4424a5e', domain='Lebo-figure-12e665f1edec', drainage=0, feature='6655', fps=60, height=1080, host='null', , keyPath='/data/user/0/com.hht.lebocast/files/hpplay/file', lelinkfp=1, lelinkfp2=0, logBaseState=1, logPath='/storage/emulated/0/com.hht.lebocast/sink/sdk/common', , mdnsEnable=1, mirrorSyncType=0, netCastVer='2.0', packageName='com.hht.lebocast', packagePath='/data/user/0/com.hht.lebocast', permissionDid='12:e6:65:f1:ed:ec', permissionMode=3, permissionPreSN='', port=0, preemptMode=0, regType='_leboremote._tcp.', serverPorts=null, sockWaitTimeOut=45, teleControlPort=53388, tunnels=3, txtKeys=null, txtValues=null, uid='975106318865898752', videoFrameType=1001, width=1920}com.hpplay.sdk.sink.protocol.InParameters@16550ad
01-19 11:28:19.344 3007 3007 I hpplay-java: [main]:Bridge:findServiceID end
01-19 11:28:19.344 3007 3007 E hpplay-java: [main]:ServerTaskManager:onError 204/-2002 com.hht.lebocast.LelinkHelper$e@6b766f7
01-19 11:28:19.344 3007 3007 I hpplay-java: [main]:ServerTaskManager:cancelTimeOutCheck
01-19 11:28:19.346 3007 3007 W hpplay-java: [main]:ServerTaskManager:onErrorDispatcher errorCode:-2002
01-19 11:28:19.347 3007 3007 I hpplay-java: [main]:ServerTaskManager:onError retry later
01-19 11:28:19.347 3007 3903 I hpplay-java: [AsyncTask #30]:HttpRequest:doGet responseCode:200 0
01-19 11:28:19.352 677 3919 D resolv : GetAddrInfoHandler::run: {100 262244 100 983140 10090 0}
01-19 11:28:19.352 677 3919 D resolv : resolv_getaddrinfo: explore_fqdn(): ai_family=0 ai_socktype=1 ai_protocol=6
01-19 11:28:19.357 3007 3902 I hpplay-java: [AsyncTask #29]:HttpRequest:doGet responseCode:200 0
01-19 11:28:19.358 3007 3836 I hpplay-java: [AsyncTask #9]:HttpRequest:doGet responseCode:200 0
01-19 11:28:19.364 677 3920 D resolv : doQuery: (1, 1)
01-19 11:28:19.364 677 3920 D resolv : res_nmkquery: (QUERY, IN, A)
01-19 11:28:19.364 677 3920 D resolv : res_nsend
01-19 11:28:19.364 677 3920 I resolv : resolv_cache_lookup: lookup
01-19 11:28:19.364 677 3920 I resolv : resolv_cache_lookup: NOT IN CACHE
01-19 11:28:19.364 677 3920 I resolv : resolv_populate_res_for_net: netid=100
01-19 11:28:19.364 677 3920 I resolv : res_stats_usable_server: NS stats: S 6 + E 0 + T 0 + I 0 = 6, rtt = 16, min_samples = 8
01-19 11:28:19.364 677 3920 I resolv : res_stats_usable_server: NS stats: S 0 + E 0 + T 0 + I 0 = 0, rtt = -1, min_samples = 8
01-19 11:28:19.364 677 3920 D resolv : res_nsend: Querying server (# 1) address = 192.168.10.1:53
01-19 11:28:19.365 3007 3007 W hpplay-java: [main]:ResPositionRequest:requestRes invalid bean
01-19 11:28:19.366 677 3920 D resolv : send_dg: new DG socket
01-19 11:28:19.366 677 3920 I resolv : get_timeout: using timeout of 5000 msec
01-19 11:28:19.366 677 3920 I resolv : retrying_poll: 60 retrying_poll
01-19 11:28:19.375 3007 3829 I hpplay-java: [AsyncTask #3]:HttpRequest:doGet responseCode:200 0
01-19 11:28:19.376 3007 3825 I hpplay-java: [AsyncTask #1]:HttpRequest:doGet responseCode:200 0
01-19 11:28:19.376 677 3920 I resolv : retrying_poll: 60 retrying_poll returning 1
01-19 11:28:19.377 677 3920 I resolv : res_nsend: used send_dg 46 terrno: 0
01-19 11:28:19.377 677 3920 I resolv : res_stats_set_sample: rcode = 0, sec = 10
01-19 11:28:19.377 677 3920 I resolv : res_cache_add_stats_sample_locked: adding sample to stats, next = 6, count = 6
01-19 11:28:19.377 677 3920 D resolv : res_nsend: got answer:
01-19 11:28:19.378 677 3920 I resolv : answer_getTTL: TTL = 48
01-19 11:28:19.378 677 3920 I resolv : _cache_add_p: entry 7 added (count=7)
01-19 11:28:19.378 677 3920 I resolv : cache_dump_mru_locked: MRU LIST ( 7): 7 6 4 5 3 2 1
01-19 11:28:19.380 3007 3007 I hpplay-java: [main]:AuthSDK:requestSdkConfigData result: {"status":200,"data":{"slimit":10000,"cyclean":0,"dlnatp":{"enable":0,"url":"https://openplat.hpplay.cn/common-conf/img/so/dlnaxmlnew-20210817102523161.xml","md5":"0fa04fd08975c81cdd9275f6ae23a020"},"data_transfer":{"enable":1,"upload_interval":5,"anti-controllog_delay":5,"delaylog_delay":5},"anti_harass_time":"30"}}
01-19 11:28:19.380 3007 3007 I hpplay-java: [main]:AuthSDK:handleSdkConfigData,result: {"status":200,"data":{"slimit":10000,"cyclean":0,"dlnatp":{"enable":0,"url":"https://openplat.hpplay.cn/common-conf/img/so/dlnaxmlnew-20210817102523161.xml","md5":"0fa04fd08975c81cdd9275f6ae23a020"},"data_transfer":{"enable":1,"upload_interval":5,"anti-controllog_delay":5,"delaylog_delay":5},"anti_harass_time":"30"}}
01-19 11:28:19.380 3007 3007 I hpplay-java: [main]:SDKConfigDataBean:parseJson
01-19 11:28:19.380 677 3920 D resolv : doQuery: rcode=0, ancount=1
01-19 11:28:19.380 3007 3007 I hpplay-java: [main]:SDKConfigDataBean:parseJson,parse config start
01-19 11:28:19.381 3007 3007 I hpplay-java: [main]:SDKConfigDataBean:parseJson,switch:0 bili_config:
01-19 11:28:19.382 3007 3007 I hpplay-java: [main]:RedirectManager:setRedirectConfig,value is invalid
01-19 11:28:19.384 677 3919 I ResolverController: No valid NAT64 prefix (100, /0)
01-19 11:28:19.385 3007 3832 I hpplay-java: [AsyncTask #5]:HttpRequest:doGet responseCode:200 0
01-19 11:28:19.393 3007 3834 I hpplay-java: [AsyncTask #7]:HttpRequest:doGet responseCode:200 0
01-19 11:28:19.394 3007 3007 I hpplay-java: [main]:BPIFileUtil:getMd5ByFile: 0FA04FD08975C81CDD9275F6AE23A020
01-19 11:28:19.403 3007 3007 I hpplay-java: [main]:BPIFileUtil:getMd5ByFile: 0FA04FD08975C81CDD9275F6AE23A020
01-19 11:28:19.404 3007 3007 I hpplay-java: [main]:PlayerConfig:update player cloud config: {"ver":0,"pt":0,"spv":0,"ph":0,"ph2":0,"ps":0,"pv":0,"mpt":0,"mv":0,"mr":0,"md":0,"mpu":0,"ms":0,"mffo":0,"mfc":0,"vt":0,"spl":0,"fps":0}
01-19 11:28:19.406 3007 3007 W hpplay-java: [main]:ResPositionRequest:requestRes invalid bean
01-19 11:28:19.407 3007 3007 I hpplay-java: [main]:Feature:isMirrorUsbEnable : 0
01-19 11:28:19.429 3007 3905 I hpplay-base: [LelinkReceiver:14605] _connectionFinalize (102)
01-19 11:28:19.429 3007 3905 D hpplay-base: [LelinkReceiver:14752] ###connectionFinalize,release ok!!###
01-19 11:28:19.494 3007 3840 I hpplay-java: [AsyncTask #11]:HttpRequest:doGet responseCode:200 0
01-19 11:28:19.544 3007 3831 I hpplay-java: [AsyncTask #4]:HttpRequest:doPost responseCode:200
01-19 11:28:19.554 3007 3007 I hpplay-java: [main]:AuthSDK:setVipAuthListener success
01-19 11:28:19.643 654 665 I mpu_uart: [MSG-P:RECV]:No message received in 1000 ms
01-19 11:28:20.009 1100 2154 I ntp_failure: [time.android.com/216.239.35.4,java.net.SocketTimeoutException: Poll timed out]
01-19 11:28:20.009 1100 2154 D SntpClient: request time failed: java.net.SocketTimeoutException: Poll timed out
01-19 11:28:20.644 654 665 I mpu_uart: [MSG-P:RECV]:No message received in 1000 ms
01-19 11:28:20.689 654 664 I mpu_uart: [MSG-P:R]:recv sync frame timeout
01-19 11:28:20.775 1100 1947 I GameModeConfig: isGameModeOn = false
01-19 11:28:20.776 1100 1947 I GameModeConfig: isGameModeOn = false
01-19 11:28:20.783 820 1805 D audio_hw_primary: copl(0xef7ceb00):out of compress_wait
01-19 11:28:20.796 820 2104 D audio_hw_primary: No space available in compress driver, post msg to cb thread
01-19 11:28:20.796 820 1805 D audio_hw_primary: copl(0xef7ceb00):calling compress_wait
01-19 11:28:21.119 276 276 I auditd : type=1400 audit(0.0:191): avc: denied { kill } for comm="kworker/u16:4" capability=5 scontext=u:r:kernel:s0 tcontext=u:r:kernel:s0 tclass=capability permissive=0
01-19 11:28:21.119 276 276 W kworker/u16:4: type=1400 audit(0.0:191): avc: denied { kill } for capability=5 scontext=u:r:kernel:s0 tcontext=u:r:kernel:s0 tclass=capability permissive=0
01-19 11:28:21.251 1046 1064 E GpuMem : Failed to attach bpf program to gpu_mem/gpu_mem_total tracepoint [2(No such file or directory)]
01-19 11:28:21.255 1046 1064 E GpuMemTracer: Cannot initialize GpuMemTracer before GpuMem
01-19 11:28:21.520 1100 1947 I GameModeConfig: isGameModeOn = false
01-19 11:28:21.606 1100 1947 I GameModeConfig: isGameModeOn = false
01-19 11:28:21.606 1100 1947 I GameModeConfig: isGameModeOn = false
01-19 11:28:21.607 1100 1947 I GameModeConfig: isGameModeOn = false
01-19 11:28:21.644 654 665 I mpu_uart: [MSG-P:RECV]:No message received in 1000 ms
01-19 11:28:21.695 2512 2679 D MCUUpdate: find 2 mcu version:figureAPP_V0.0.9_b.bin figureAPP_V0.0.9_a.bin
01-19 11:28:21.702 654 666 I mpu_uart: [TIME-:1]:create
01-19 11:28:21.714 654 663 V mpu_uart: send data buf:[0x3c, 0x7, 0x0, 0x11, 0xff, 0x82, 0x57, ], send_res=7
01-19 11:28:21.718 654 664 V mpu_uart: [MSG-P:SYNC]:sync resp:62
01-19 11:28:21.718 654 666 I mpu_uart: [TIME-:1]:delete
01-19 11:28:21.720 2512 2679 D MCUUpdate: Check MCU current version :res = 0
01-19 11:28:21.750 654 664 D mpu_uart: [MSG-P:R-M]:recved H:15, L:0
01-19 11:28:21.750 654 664 V mpu_uart: recv data buf:[0x3c, 0xf, 0x0, 0x0, 0xff, 0x82, 0x56, 0x30, 0x2e, 0x30, 0x2e, 0x39, 0x0, 0x0, 0x21, ]
01-19 11:28:21.751 654 665 D mpu_uart: [SESSION-Distribute]:Message en queue:ff
01-19 11:28:21.754 2512 2676 D MCUUpdate: MCU version: 86 length: 9
01-19 11:28:21.755 2512 2676 D MCUUpdate: Current version: V0.0.9, Find version: V0.0.9
01-19 11:28:21.755 2512 2676 D MCUUpdate: no need to update!
01-19 11:28:22.067 3007 3007 I hpplay-java: [main]:NetworkReceiver:onReceive
01-19 11:28:22.071 3007 3007 I hpplay-java: [main]:NetworkReceiver:onReceive restart in infos1
01-19 11:28:22.073 3007 3835 I hpplay-java: [AsyncTask #8]:NetworkReceiver:restartServerIfNecessary mFirstComing:true, netInitialStickyBroadcast:true
01-19 11:28:22.074 3007 3835 I hpplay-java: [AsyncTask #8]:NetworkReceiver:ignore first coming network broadcast
01-19 11:28:22.090 3007 3853 I hpplay-java: [AsyncTask #17]:IPManager:updateIPAddress getIPAddress: 192.168.4.16 name:vlan4
01-19 11:28:22.091 3007 3853 I hpplay-java: [AsyncTask #17]:IPManager:updateIPAddress getIPAddress: 192.168.11.36 name:wlan0
01-19 11:28:22.091 3007 3853 I hpplay-java: [AsyncTask #17]:IPManager:updateIPAddress getIPAddress: 192.168.8.16 name:vlan8
01-19 11:28:22.091 3007 3853 I hpplay-java: [AsyncTask #17]:IPManager:updateIPAddress getIPAddress: 192.168.11.16 name:vlan11
01-19 11:28:22.091 3007 3853 I hpplay-java: [AsyncTask #17]:IPManager:updateIPAddress getIPAddress: 192.168.11.35 name:eth0
01-19 11:28:22.091 3007 3853 I hpplay-java: [AsyncTask #17]:IPManager:updateIPAddress getIPAddress: 192.168.0.16 name:vlan0
01-19 11:28:22.091 3007 3853 I hpplay-java: [AsyncTask #17]:IPManager:updateIPAddress getIPAddress: 192.168.2.16 name:vlan2
01-19 11:28:22.091 3007 3853 I hpplay-java: [AsyncTask #17]:IPManager:updateIPAddress getIPAddress: 192.168.1.16 name:vlan1
01-19 11:28:22.119 358 358 I auditd : type=1400 audit(0.0:192): avc: denied { kill } for comm="irq/383-atmel_m" capability=5 scontext=u:r:kernel:s0 tcontext=u:r:kernel:s0 tclass=capability permissive=0
01-19 11:28:22.119 358 358 W irq/383-atmel_m: type=1400 audit(0.0:192): avc: denied { kill } for capability=5 scontext=u:r:kernel:s0 tcontext=u:r:kernel:s0 tclass=capability permissive=0
01-19 11:28:22.347 3007 3007 I hpplay-java: [main]:ServerTaskManager:restart by error
01-19 11:28:22.348 3007 3007 I hpplay-java: [main]:ServerTaskManager:startServer
01-19 11:28:22.349 3007 3007 I hpplay-java: [main]:ServerTaskManager:startServer add, reason: server is starting or running
01-19 11:28:22.349 3007 3007 I hpplay-java: [main]:ServerTaskManager:addStopTask
01-19 11:28:22.350 3007 3007 I hpplay-java: [main]:ServerTaskManager:addStartTask
01-19 11:28:22.350 3007 3007 I hpplay-java: [main]:ServerTaskManager:exeTask stopServer
01-19 11:28:22.350 3007 3007 I hpplay-java: [main]:Bridge:stopServer keepPush: false
01-19 11:28:22.351 3007 3007 D hpplay-base: [jniBridge:909] Bridge__1stopServer status:2
01-19 11:28:22.353 3007 3007 D hpplay-base: [LelinkBase:654] stopAllServer will start thread!
01-19 11:28:22.357 3007 3897 D hpplay-base: [AEventUtils:588] handle AEvent thread end!!,tid is 3897
01-19 11:28:22.357 3007 3924 I hpplay-base: [mDNSEmbeded:65] embedded_mDNSExit call
01-19 11:28:22.358 3007 3898 D hpplay-base: [REventUtils:197] handleREventThread thread end!!,tid is 3898
01-19 11:28:22.430 3007 3877 D hpplay-base: [Server:447] startHttpServer will END srv->serverType:0
01-19 11:28:22.431 3007 3877 D hpplay-base: [Server:646] startHttpServer cond srv_shutdown:1 connectNummber:0
01-19 11:28:22.431 3007 3877 D hpplay-base: [Server:669] startHttpServer wait cond END. srv_shutdown:1 connectNummber:0
01-19 11:28:22.431 3007 3877 D hpplay-base: [Server:457] HttpServer END, tid is 3877
01-19 11:28:22.437 3007 3878 D hpplay-base: [stream_mirror_compat:1284] mirror stream begin to exit,server fd:74,thread_id:3255316928!!
01-19 11:28:22.438 3007 3878 D hpplay-base: [stream_mirror_compat:1323] ##screen stream exit successfully!!##
01-19 11:28:22.658 3007 3894 I hpplay-base: [mDNSEmbeded:140] embedded_mDNSLoop Exiting end,tid is 3894
01-19 11:28:22.659 3007 3924 D hpplay-base: [mDNSEmbeded:452] stopmDNSServer end stopmDNSNow=2, nRet=0
01-19 11:28:22.752 654 665 I mpu_uart: [MSG-P:RECV]:No message received in 1000 ms
01-19 11:28:22.827 3809 3809 I MSP-JNI : JNI_OnLoad called
01-19 11:28:22.829 3809 3809 E MSP-JNI : Failed to get class in Jload
01-19 11:28:22.829 3809 3809 I MSP-JNI : FindClass - com/qualcomm/ltebc/LTEBroadcastService JNI EXCEPTION CLEARED
01-19 11:28:22.830 3809 3809 I MSP-JNI : JNI_OnLoad: Initializing File Delivery references
01-19 11:28:22.830 3809 3809 I MSP-JNI : FindClass CARRIER_SPECIFIC_CLASS_DEFINITION JNI EXCEPTION CLEARED
01-19 11:28:22.830 3809 3809 I MSP-JNI : JNI_OnLoad: Completed File Delivery initialization
01-19 11:28:22.835 3809 3809 I LTE Application: LTEApplicationCreate
01-19 11:28:22.835 3809 3809 I LTE Application: applicationContext : com.qualcomm.ltebc.LTEQTIApplication@f6fbdfe
01-19 11:28:22.844 3809 3809 I LTE QMI Link: Creating QMI Link
01-19 11:28:22.846 3809 3809 D LTE Application: packageName = com.qti.ltebc versionCode = 5401010 versionName = MSDC_LA_5.4.01.01.0
01-19 11:28:22.846 3809 3809 I LTE Application: LTE Broadcast Library Release Version = MSDC_LA_5.4.01.01.0
01-19 11:28:22.847 3809 3809 D LTE Application: IntentSender : Last intent Status NOT_SENT forcedBroadcast flag = true
01-19 11:28:22.847 3809 3809 D LTE Application: sendBroadcastIntent IntentAction : Sending com.qualcomm.intent.EMBMS_STATUS ACTIVE = false
01-19 11:28:22.850 3809 3809 W SOCKET : ConnectionManager constructor has been initialised
01-19 11:28:22.850 3809 3809 E System : Ignoring attempt to set property "java.net.preferIPv6Addresses" to value "false".
01-19 11:28:22.853 3809 3809 D LTE Application: Android API Version 31
01-19 11:28:22.854 3809 3809 I LTE Application: Package Name : com.qti.ltebc
01-19 11:28:22.866 3809 3809 I LTE Application: app is not whitelisted
01-19 11:28:22.872 3809 3809 I LTE Broadcast Receiver: Broadcast Receiver Received intent : Intent { act=android.intent.action.BOOT_COMPLETED flg=0x89000010 cmp=com.qti.ltebc/com.qualcomm.ltebc.LTEBroadcastBootReceiver (has extras) }
01-19 11:28:22.872 3809 3809 I LTE Broadcast Receiver: Received intent : android.intent.action.BOOT_COMPLETED isBindCalled = false
01-19 11:28:22.872 3809 3809 I LTE Application: startRootServiceASync true
01-19 11:28:22.882 3809 3926 I LTE Application: startRootServiceSync true
01-19 11:28:22.882 3809 3926 I LTE Application: startRootServiceSync initState LTEBC_MSP_NOT_INITIALIZED
01-19 11:28:22.882 3809 3926 I LTE Application: setWakeupMode - mode :WAKEUP_MODE_BG
01-19 11:28:22.882 3809 3926 I LTE Application: startRootServiceSync(): Started from BOOT
01-19 11:28:22.883 3809 3926 I LTE Application: startRootServiceSync(): setting alarm wake up and exit from BOOT 1674098903382
01-19 11:28:22.883 3809 3926 I LTE Application: scheduleNextWakeup appName: null wakeupInFg: false
01-19 11:28:22.883 3809 3926 I LTE Application: wakeupTime is 1674098903382
01-19 11:28:22.883 3809 3926 I LTE Application: Next wakeup will be due to boot
01-19 11:28:22.884 3809 3926 D CompatibilityChangeReporter: Compat change id reported: 160794467; UID 10082; state: ENABLED
01-19 11:28:22.894 1100 1135 D CompatibilityChangeReporter: Compat change id reported: 168419799; UID 10056; state: DISABLED
01-19 11:28:22.894 1100 1135 D CompatibilityInfo: mCompatibilityFlags - 4
01-19 11:28:22.894 1100 1135 D CompatibilityInfo: applicationDensity - 240
01-19 11:28:22.894 1100 1135 D CompatibilityInfo: applicationScale - 1.0
01-19 11:28:22.899 1100 2281 D CompatibilityChangeReporter: Compat change id reported: 171306433; UID 10082; state: ENABLED
01-19 11:28:22.899 3089 3089 D PASRReceiver: Received Intent Intent { act=android.intent.action.BOOT_COMPLETED flg=0x89000010 cmp=com.qti.pasrservice/.PASRReceiver (has extras) }
01-19 11:28:22.902 3809 3926 I LTE Application: Alarm Set to 1674098903382
01-19 11:28:22.902 1100 1135 D CompatibilityInfo: mCompatibilityFlags - 4
01-19 11:28:22.902 1100 1135 D CompatibilityInfo: applicationDensity - 240
01-19 11:28:22.902 1100 1135 D CompatibilityInfo: applicationScale - 1.0
01-19 11:28:22.902 3007 3895 I hpplay-base: [mDNSEmbeded:376] end lelink publish server, tid is 3895
01-19 11:28:22.904 3089 3089 D PASRReceiver: PASRService Auto Boot Started Successfully
01-19 11:28:22.904 3007 3924 D hpplay-base: [mDNSEmbeded:420] stopmLelinkServer end nRet=0
01-19 11:28:22.904 3007 3924 D hpplay-base: [LelinkBase:615] lebodlna stopServerThreadFunc dlnaEnable:1
01-19 11:28:22.904 3007 3924 D hpplay-base-dlna: [lebodlna_api:49] stop DMR
01-19 11:28:22.904 3007 3924 D hpplay-base-dlna: [lebodlna_api:344] m_pRender Release
01-19 11:28:22.905 3089 3089 E PASRService: onCreate
01-19 11:28:22.906 1100 1135 D CompatibilityInfo: mCompatibilityFlags - 4
01-19 11:28:22.906 1100 1135 D CompatibilityInfo: applicationDensity - 240
01-19 11:28:22.907 1100 1135 D CompatibilityInfo: applicationScale - 1.0
01-19 11:28:22.909 3089 3089 D PASRService: PASRService started
01-19 11:28:22.909 2449 2449 I MStatsReceiver: prop ==
01-19 11:28:22.909 2449 2449 I MStatsReceiver: Received intent but prop is not set.
01-19 11:28:22.913 1100 2281 D CompatibilityChangeReporter: Compat change id reported: 168419799; UID 10079; state: DISABLED
01-19 11:28:22.913 1100 2281 D CompatibilityInfo: mCompatibilityFlags - 4
01-19 11:28:22.914 1100 2281 D CompatibilityInfo: applicationDensity - 240
01-19 11:28:22.914 1100 2281 D CompatibilityInfo: applicationScale - 1.0
01-19 11:28:22.914 3809 3926 I com.qti.ltebc: System.exit called, status: 0
01-19 11:28:22.914 3809 3926 I AndroidRuntime: VM exiting with result code 0, cleanup skipped.
01-19 11:28:22.924 1100 1136 D CompatibilityChangeReporter: Compat change id reported: 168419799; UID 10078; state: DISABLED
01-19 11:28:22.925 1100 1136 D CompatibilityInfo: mCompatibilityFlags - 4
01-19 11:28:22.925 1100 1136 D CompatibilityInfo: applicationDensity - 240
01-19 11:28:22.925 1100 1136 D CompatibilityInfo: applicationScale - 1.0
01-19 11:28:22.934 1100 1918 D CompatibilityInfo: mCompatibilityFlags - 4
01-19 11:28:22.934 1100 1918 D CompatibilityInfo: applicationDensity - 240
01-19 11:28:22.935 1100 1918 D CompatibilityInfo: applicationScale - 1.0
01-19 11:28:22.937 2755 2755 I QCCAuthMgr: BootReceiver - onReceive
01-19 11:28:22.938 2755 2755 I QCCAuthMgr: android.intent.action.BOOT_COMPLETED intent received
01-19 11:28:22.939 2755 2755 D QCCAuthMgr: SMQContentProvider query uri: content://com.qti.smq.Feedback.provider/smq_settings, selection: key=?, uri_matcher: 1
01-19 11:28:22.939 2755 2755 D QCCAuthMgr: SMQContentProvider query tableName: smq_settings
01-19 11:28:22.941 2755 2755 I QCCAuthMgr: BootReceiver - db is not initial
01-19 11:28:22.951 1100 2281 D CompatibilityChangeReporter: Compat change id reported: 168419799; UID 10094; state: DISABLED
01-19 11:28:22.951 1100 2281 D CompatibilityInfo: mCompatibilityFlags - 4
01-19 11:28:22.951 1100 2281 D CompatibilityInfo: applicationDensity - 240
01-19 11:28:22.951 1100 2281 D CompatibilityInfo: applicationScale - 1.0
01-19 11:28:22.954 3175 3175 I QCC-Netstat:BootReceiver: android.intent.action.BOOT_COMPLETED received
01-19 11:28:22.955 1100 1212 I am_pss : [2660,10086,com.android.launcher3,102870016,90525696,0,230780928,0,2,25]
01-19 11:28:22.959 1100 2281 D CompatibilityInfo: mCompatibilityFlags - 4
01-19 11:28:22.959 1100 2281 D CompatibilityInfo: applicationDensity - 240
01-19 11:28:22.961 1100 2281 D CompatibilityInfo: applicationScale - 1.0
01-19 11:28:22.964 1100 1201 I dvm_lock_sample: [system_server,1,android.ui,6,ActivityManagerService.java,15550,void com.android.server.am.ActivityManagerService$LocalService.updateDeviceIdleTempAllowlist(int[], int, boolean, long, int, int, java.lang.String, int),-,13839,void com.android.server.am.ActivityManagerService.finishReceiver(android.os.IBinder, int, java.lang.String, android.os.Bundle, boolean, int),1]
01-19 11:28:22.969 1100 2281 I am_uid_running: 10060
01-19 11:28:22.970 1100 2281 D CompatibilityChangeReporter: Compat change id reported: 135634846; UID 10060; state: DISABLED
01-19 11:28:22.972 1100 1216 D CompatibilityChangeReporter: Compat change id reported: 143937733; UID 10060; state: DISABLED
01-19 11:28:22.976 3007 3924 D hpplay-base-dlna: [UpnpDefine:867] DMRender release success
01-19 11:28:22.976 3007 3924 D hpplay-base-dlna: [lebodlna_api:352] m_pAVT Release
01-19 11:28:22.976 3007 3924 D hpplay-base-dlna: [lebodlna_api:360] m_pRCS Release
01-19 11:28:22.976 3007 3924 D hpplay-base-dlna: [lebodlna_api:365] dmrender destroydmr
01-19 11:28:23.005 681 681 D Zygote : Forked child process 3931
01-19 11:28:23.006 1100 1216 I am_proc_start: [0,3931,10060,com.qualcomm.qti.qms.service.connectionsecurity,broadcast,{com.qualcomm.qti.qms.service.connectionsecurity/com.qualcomm.qti.qms.service.connectionsecurity.ConnSecBroadcastReceiver}]
01-19 11:28:23.006 1100 1216 I ActivityManager: Start proc 3931:com.qualcomm.qti.qms.service.connectionsecurity/u0a60 for broadcast {com.qualcomm.qti.qms.service.connectionsecurity/com.qualcomm.qti.qms.service.connectionsecurity.ConnSecBroadcastReceiver}
01-19 11:28:23.054 3931 3931 W nectionsecurit: Using default instruction set features for ARM CPU variant (cortex-a9) using conservative defaults
01-19 11:28:23.059 820 1805 D audio_hw_primary: copl(0xef7ceb00):out of compress_wait
01-19 11:28:23.064 820 2104 D audio_hw_primary: No space available in compress driver, post msg to cb thread
01-19 11:28:23.064 820 1805 D audio_hw_primary: copl(0xef7ceb00):calling compress_wait
01-19 11:28:23.072 2907 2922 I adbd : jdwp connection from 3931
01-19 11:28:23.075 3931 3931 D ProcessState: Binder ioctl to enable oneway spam detection failed: Invalid argument
01-01 08:06:39.510 0 0 I binder : 3931:3931 ioctl 40046210 fffa12a8 returned -22
01-19 11:28:23.082 1100 2281 I am_proc_bound: [0,3931,com.qualcomm.qti.qms.service.connectionsecurity]
01-19 11:28:23.085 1100 2281 D CompatibilityChangeReporter: Compat change id reported: 168419799; UID 10060; state: DISABLED
01-19 11:28:23.085 1100 2281 D CompatibilityInfo: mCompatibilityFlags - 4
01-19 11:28:23.085 1100 2281 D CompatibilityInfo: applicationDensity - 240
01-19 11:28:23.085 1100 2281 D CompatibilityInfo: applicationScale - 1.0
01-19 11:28:23.090 1100 2281 I am_uid_active: 10060
01-19 11:28:23.093 1100 2281 D CompatibilityInfo: mCompatibilityFlags - 4
01-19 11:28:23.093 1100 2281 D CompatibilityInfo: applicationDensity - 240
01-19 11:28:23.093 1100 2281 D CompatibilityInfo: applicationScale - 1.0
01-19 11:28:23.104 3931 3931 D CompatibilityChangeReporter: Compat change id reported: 171979766; UID 10060; state: DISABLED
01-19 11:28:23.119 0 0 I auditd : type=1400 audit(0.0:193): avc: denied { kill } for comm="swapper/2" capability=5 scontext=u:r:kernel:s0 tcontext=u:r:kernel:s0 tclass=capability permissive=0
01-19 11:28:23.119 0 0 W swapper/2: type=1400 audit(0.0:193): avc: denied { kill } for capability=5 scontext=u:r:kernel:s0 tcontext=u:r:kernel:s0 tclass=capability permissive=0
01-19 11:28:23.131 3931 3931 D ApplicationLoaders: Returning zygote-cached class loader: /system/framework/android.test.base.jar
01-19 11:28:23.190 3931 3931 D nativeloader: classloader namespace configured for unbundled vendor apk. library_path=/vendor/app/ConnectionSecurityService/lib/arm:/vendor/app/ConnectionSecurityService/ConnectionSecurityService.apk!/lib/armeabi-v7a:/vendor/lib
01-19 11:28:23.219 1100 1918 I ActivityManager: Process com.qti.ltebc (pid 3809) has died: cch+5 CEM
01-19 11:28:23.223 1100 1217 I libprocessgroup: Successfully killed process cgroup uid 10082 pid 3809 in 0ms
01-19 11:28:23.228 678 678 I Zygote : Process 3809 exited cleanly (0)
01-19 11:28:23.234 1100 1918 I am_proc_died: [0,3809,com.qti.ltebc,905,19]
01-19 11:28:23.236 1100 1918 I am_uid_stopped: 10082
01-19 11:28:23.277 3007 3924 D hpplay-base-dlna: [lebodlna-dlna_android:186] stopDLNA
01-19 11:28:23.277 3007 3924 D hpplay-base-dlna: [lebodlna-dlna_android:189] dlnaservice destroy
01-19 11:28:23.277 3007 3924 D hpplay-base-dlna: [lebodlna-dlna_android:49] dlnaservice Destroy 49 int CDlnaService::Destroy()
01-19 11:28:23.277 3007 3924 D hpplay-base-dlna: [lebodlna-dlnaframe:245] dlnaservice Destroy 245 static ERROR_TYPE IDlnaFrame::DestroyDlnaFrame(IDlnaFrame *)
01-19 11:28:23.277 3007 3924 D hpplay-base-dlna: [lebodlna-dlnaframe:179] dlnaservice Destroy 179 virtual void CDlnaFrame::Release()
01-19 11:28:23.277 3007 3924 D hpplay-base-dlna: [lebodlna-dlnaframe:190] dlnaservice Destroy 190 virtual void CDlnaFrame::Release()
01-19 11:28:23.277 3007 3924 D hpplay-base-dlna: [lebodlna-dlnaframe:192] dlnaservice Destroy 192 virtual void CDlnaFrame::Release()
01-19 11:28:23.277 3007 3924 D hpplay-base-dlna: [lebodlna-dlnaframe:247] dlnaservice Destroy 247 static ERROR_TYPE IDlnaFrame::DestroyDlnaFrame(IDlnaFrame *)
01-19 11:28:23.278 3007 3924 D hpplay-base-dlna: [lebodlna-dlnaframe:251] dlnaservice Destroy 251 static ERROR_TYPE IDlnaFrame::DestroyDlnaFrame(IDlnaFrame *)
01-19 11:28:23.287 3931 3931 I Perf : Connecting to perf service.
01-19 11:28:23.297 3007 3924 E hpplay-base-dlna: upnpapi.c:655::before gminiserver ThreadPoolShutdown
01-19 11:28:23.298 3007 3924 E hpplay-base-dlna: ThreadPool.c:1047::on ThreadPoolShutdown tp->totalThreads:3
01-19 11:28:23.298 3007 3924 E hpplay-base-dlna: ThreadPool.c:1047::on ThreadPoolShutdown tp->totalThreads:2
01-19 11:28:23.301 3007 3924 E hpplay-base-dlna: ThreadPool.c:1056::after ThreadPoolShutdown
01-19 11:28:23.301 3007 3924 E hpplay-base-dlna: ThreadPool.c:1057::ThreadPoolShutdown tp->totalThreads:0
01-19 11:28:23.302 3007 3924 E hpplay-base-dlna: upnpapi.c:657::after gminiserver ThreadPoolShutdown
01-19 11:28:23.302 3007 3924 E hpplay-base-dlna: upnpapi.c:659::before grecv ThreadPoolShutdown
01-19 11:28:23.304 3007 3924 E hpplay-base-dlna: ThreadPool.c:1047::on ThreadPoolShutdown tp->totalThreads:11
01-19 11:28:23.304 3007 3924 E hpplay-base-dlna: ThreadPool.c:1047::on ThreadPoolShutdown tp->totalThreads:9
01-19 11:28:23.304 3007 3924 E hpplay-base-dlna: ThreadPool.c:1047::on ThreadPoolShutdown tp->totalThreads:8
01-19 11:28:23.305 3007 3924 E hpplay-base-dlna: ThreadPool.c:1047::on ThreadPoolShutdown tp->totalThreads:7
01-19 11:28:23.305 3007 3924 E hpplay-base-dlna: ThreadPool.c:1047::on ThreadPoolShutdown tp->totalThreads:6
01-19 11:28:23.306 3007 3924 E hpplay-base-dlna: ThreadPool.c:1047::on ThreadPoolShutdown tp->totalThreads:5
01-19 11:28:23.306 3007 3924 E hpplay-base-dlna: ThreadPool.c:1047::on ThreadPoolShutdown tp->totalThreads:4
01-19 11:28:23.306 3007 3924 E hpplay-base-dlna: ThreadPool.c:1047::on ThreadPoolShutdown tp->totalThreads:3
01-19 11:28:23.307 3007 3924 E hpplay-base-dlna: ThreadPool.c:1047::on ThreadPoolShutdown tp->totalThreads:2
01-19 11:28:23.308 3007 3924 E hpplay-base-dlna: ThreadPool.c:1056::after ThreadPoolShutdown
01-19 11:28:23.308 3007 3924 E hpplay-base-dlna: ThreadPool.c:1057::ThreadPoolShutdown tp->totalThreads:0
01-19 11:28:23.308 3007 3924 E hpplay-base-dlna: upnpapi.c:661::after grecv ThreadPoolShutdown
01-19 11:28:23.308 3007 3924 E hpplay-base-dlna: upnpapi.c:663::before gsend ThreadPoolShutdown
01-19 11:28:23.308 3931 3931 V GraphicsEnvironment: ANGLE Developer option for 'com.qualcomm.qti.qms.service.connectionsecurity' set to: 'default'
01-19 11:28:23.309 3007 3924 E hpplay-base-dlna: ThreadPool.c:1047::on ThreadPoolShutdown tp->totalThreads:3
01-19 11:28:23.309 3007 3924 E hpplay-base-dlna: ThreadPool.c:1047::on ThreadPoolShutdown tp->totalThreads:2
01-19 11:28:23.310 3007 3924 E hpplay-base-dlna: ThreadPool.c:1047::on ThreadPoolShutdown tp->totalThreads:1
01-19 11:28:23.311 3007 3924 E hpplay-base-dlna: ThreadPool.c:1056::after ThreadPoolShutdown
01-19 11:28:23.311 3007 3924 E hpplay-base-dlna: ThreadPool.c:1057::ThreadPoolShutdown tp->totalThreads:0
01-19 11:28:23.311 3007 3924 E hpplay-base-dlna: upnpapi.c:665::after gsend ThreadPoolShutdown
01-19 11:28:23.311 3007 3924 D hpplay-base-dlna: [lebodlna-dlnaframe:253] dlnaservice Destroy 253 static ERROR_TYPE IDlnaFrame::DestroyDlnaFrame(IDlnaFrame *)
01-19 11:28:23.311 3007 3924 D hpplay-base-dlna: [lebodlna-dlna_android:51] dlnaservice Destroy 51 int CDlnaService::Destroy()
01-19 11:28:23.311 3007 3924 D hpplay-base-dlna: [lebodlna-dlna_android:194] stopDLNA end
01-19 11:28:23.312 3931 3931 V GraphicsEnvironment: ANGLE GameManagerService for com.qualcomm.qti.qms.service.connectionsecurity: false
01-19 11:28:23.318 3931 3931 D NetworkSecurityConfig: No Network Security Config specified, using platform default
01-19 11:28:23.320 3931 3931 D NetworkSecurityConfig: No Network Security Config specified, using platform default
01-19 11:28:23.335 1100 2281 D CompatibilityInfo: mCompatibilityFlags - 4
01-19 11:28:23.335 1100 2281 D CompatibilityInfo: applicationDensity - 240
01-19 11:28:23.335 1100 2281 D CompatibilityInfo: applicationScale - 1.0
01-19 11:28:23.338 2304 2304 D RCSService BC-Receiver: Boot Complete Event Received. Is IMS RCS Single Reg enabled0
01-19 11:28:23.339 2304 2304 D RCSService BC-Receiver: START RCS SERVICE ON BOOTUP
01-19 11:28:23.342 2304 2304 I QRCSService: onStartCommand- Call
01-19 11:28:23.344 2304 3948 I QRCSService: Already HIDL-IUceService is Started
01-19 11:28:23.351 1100 1918 D CompatibilityChangeReporter: Compat change id reported: 168419799; UID 10095; state: DISABLED
01-19 11:28:23.352 1100 1918 D CompatibilityInfo: mCompatibilityFlags - 4
01-19 11:28:23.352 1100 1918 D CompatibilityInfo: applicationDensity - 240
01-19 11:28:23.352 1100 1918 D CompatibilityInfo: applicationScale - 1.0
01-19 11:28:23.359 3180 3180 D hw-ProcessState: Binder ioctl to enable oneway spam detection failed: Invalid argument
01-01 08:06:39.794 0 0 I binder : 3180:3180 ioctl 40046210 7fdc6ff9c4 returned -22
01-19 11:28:23.372 1100 2281 D CompatibilityChangeReporter: Compat change id reported: 168419799; UID 10089; state: DISABLED
01-19 11:28:23.372 1100 2281 D CompatibilityInfo: mCompatibilityFlags - 4
01-19 11:28:23.372 1100 2281 D CompatibilityInfo: applicationDensity - 240
01-19 11:28:23.372 1100 2281 D CompatibilityInfo: applicationScale - 1.0
01-19 11:28:23.377 1100 1918 D CompatibilityInfo: mCompatibilityFlags - 4
01-19 11:28:23.377 1100 1918 D CompatibilityInfo: applicationDensity - 240
01-19 11:28:23.378 1100 1918 D CompatibilityInfo: applicationScale - 1.0
01-19 11:28:23.386 1100 1947 I GameModeConfig: isGameModeOn = false
01-19 11:28:23.393 1100 2281 D CompatibilityInfo: mCompatibilityFlags - 4
01-19 11:28:23.394 1100 2281 D CompatibilityInfo: applicationDensity - 240
01-19 11:28:23.394 1100 2281 D CompatibilityInfo: applicationScale - 1.0
01-19 11:28:23.398 2366 2366 D TlogClient_BootCompletedReceiver: Receive device boot completed broadcast.
01-19 11:28:23.436 2366 2366 D TlogClient_BootCompletedReceiver: starting LogCollectService
01-19 11:28:23.441 1100 1918 D CompatibilityInfo: mCompatibilityFlags - 4
01-19 11:28:23.441 1100 1918 D CompatibilityInfo: applicationDensity - 240
01-19 11:28:23.442 1100 1918 D CompatibilityInfo: applicationScale - 1.0
01-19 11:28:23.446 2366 2366 D TlogClient_BootCompletedReceiver: starting LogCollectService completed.
01-19 11:28:23.458 1100 1918 D CompatibilityInfo: mCompatibilityFlags - 4
01-19 11:28:23.458 1100 1918 D CompatibilityInfo: applicationDensity - 240
01-19 11:28:23.458 1100 1918 D CompatibilityInfo: applicationScale - 1.0
01-19 11:28:23.462 2595 2595 D GameMode_BootCompletedReceiver: Receive device boot completed broadcast.
01-19 11:28:23.462 2595 2595 D GameMode_BootCompletedReceiver: starting ActivityMonitoringService
01-19 11:28:23.465 1100 1918 D CompatibilityInfo: mCompatibilityFlags - 4
01-19 11:28:23.466 1100 1918 D CompatibilityInfo: applicationDensity - 240
01-19 11:28:23.466 1100 1918 D CompatibilityInfo: applicationScale - 1.0
01-19 11:28:23.467 2595 2595 D GameMode_BootCompletedReceiver: starting ActivityMonitoringService completed.
01-19 11:28:23.470 1100 1918 D CompatibilityInfo: mCompatibilityFlags - 4
01-19 11:28:23.470 1100 1918 D CompatibilityInfo: applicationDensity - 240
01-19 11:28:23.470 1100 1918 D CompatibilityInfo: applicationScale - 1.0
01-19 11:28:23.473 2330 2330 D TlogServer_DeviceBootReceiver: Receive device boot completed broadcast.
01-19 11:28:23.473 2330 2330 D TlogServer_DeviceBootReceiver: starting CoreService
01-19 11:28:23.475 1100 2281 D CompatibilityInfo: mCompatibilityFlags - 4
01-19 11:28:23.475 1100 2281 D CompatibilityInfo: applicationDensity - 240
01-19 11:28:23.475 1100 2281 D CompatibilityInfo: applicationScale - 1.0
01-19 11:28:23.477 2330 2330 D TlogServer_DeviceBootReceiver: starting CoreService completed.
01-19 11:28:23.480 1100 1135 D CompatibilityInfo: mCompatibilityFlags - 4
01-19 11:28:23.480 1100 1135 D CompatibilityInfo: applicationDensity - 240
01-19 11:28:23.480 1100 1135 D CompatibilityInfo: applicationScale - 1.0
01-19 11:28:23.480 2330 2330 D TlogServer_CoreService: start Ap Ip Listener
01-19 11:28:23.485 1100 1136 D CompatibilityInfo: mCompatibilityFlags - 4
01-19 11:28:23.485 1100 1136 D CompatibilityInfo: applicationDensity - 240
01-19 11:28:23.485 1100 1136 D CompatibilityInfo: applicationScale - 1.0
01-19 11:28:23.488 1100 1136 I ActivityManager: Finished processing BOOT_COMPLETED for u0
01-19 11:28:23.490 2595 2595 I GameMode_ActivityMonitoringService: Updating top task to: TaskInfoContainer [topActivity=ComponentInfo{com.android.launcher3/com.android.launcher3.uioverrides.QuickstepLauncher}, taskId=17, stackId=1, userId=0, displayId=0, position=5
01-19 11:28:23.491 2595 2595 I GameMode_ActivityMonitoringService: Notifying about top task: TaskInfoContainer [topActivity=ComponentInfo{com.android.launcher3/com.android.launcher3.uioverrides.QuickstepLauncher}, taskId=17, stackId=1, userId=0, displayId=0, position=5
01-19 11:28:23.491 2595 2595 I GameMode_ActivityMonitoringService: WindowMode: 1
01-19 11:28:23.491 2595 2595 E GameMode_ActivityMonitoringService: onActivityLaunch:com.android.launcher3
01-19 11:28:23.497 1100 1136 D CompatibilityInfo: mCompatibilityFlags - 4
01-19 11:28:23.498 1100 1136 D CompatibilityInfo: applicationDensity - 240
01-19 11:28:23.498 1100 1136 D CompatibilityInfo: applicationScale - 1.0
01-19 11:28:23.498 2595 2595 V GameMode_GameTypeUtils: judge isGame:com.android.launcher3
01-19 11:28:23.499 2330 2330 D TlogServer_CoreService: Server onStarted: 192.168.11.36
01-19 11:28:23.500 2595 2595 V GameMode_GpuUtils: fps:60
01-19 11:28:23.505 1100 1918 I am_uid_running: 10026
01-19 11:28:23.506 1100 1918 D CompatibilityChangeReporter: Compat change id reported: 135634846; UID 10026; state: DISABLED
01-19 11:28:23.507 1100 1918 D CompatibilityChangeReporter: Compat change id reported: 177438394; UID 10026; state: DISABLED
01-19 11:28:23.507 1100 1918 D CompatibilityChangeReporter: Compat change id reported: 135772972; UID 10026; state: DISABLED
01-19 11:28:23.507 1100 1918 D CompatibilityChangeReporter: Compat change id reported: 135754954; UID 10026; state: ENABLED
01-19 11:28:23.508 1100 1216 D CompatibilityChangeReporter: Compat change id reported: 143937733; UID 10026; state: ENABLED
01-19 11:28:23.520 2595 2595 D GameMode_GameModeActionUtils: Show GameMode entry by service!
01-19 11:28:23.522 2595 2595 W ContextImpl: Calling a method in the system process without a qualified user: android.app.ContextImpl.startService:1816 android.content.ContextWrapper.startService:774 com.thundercomm.gamemode.ingame.services.GameModeActionUtils.startGameModeService:111 com.thundercomm.gamemode.ingame.services.GameModeActionUtils.startGameModeEntry:22 com.thundercomm.gamemode.ingame.services.ActivityMonitoringService$1.onActivityLaunch:139
01-19 11:28:23.524 1100 1918 D CompatibilityInfo: mCompatibilityFlags - 4
01-19 11:28:23.524 1100 1918 D CompatibilityInfo: applicationDensity - 240
01-19 11:28:23.524 1100 1918 D CompatibilityInfo: applicationScale - 1.0
01-19 11:28:23.527 2595 2595 D GameModeIF_GameModeSettings: getUriFor setting_content_uri_root = content://com.thundercomm.gamemode.api/gamemode_settings , name = gamemode_isgaming
01-19 11:28:23.542 1100 1100 I GameModeConfig: Current uri is uri = content://com.thundercomm.gamemode.api/gamemode_settings/gamemode_isgaming
01-19 11:28:23.542 1100 1100 D GameModeIF_GameModeSettings: getUriFor setting_content_uri_root = content://com.thundercomm.gamemode.api/gamemode_settings , name = gamemode_isgaming
01-19 11:28:23.551 3180 3180 I tflite : Initialized TensorFlow Lite runtime.
01-19 11:28:23.554 678 678 D Zygote : Forked child process 3958
01-19 11:28:23.555 2595 2595 D GameModeIF_GameModeSettings: gamemode_isgaming set to 0
01-01 08:06:39.993 0 0 I binder : 2595:2595 ioctl 40046210 7fdc6fee64 returned -22
01-19 11:28:23.555 1100 1216 I am_proc_start: [0,3958,10026,com.android.externalstorage,broadcast,{com.android.externalstorage/com.android.externalstorage.MountReceiver}]
01-19 11:28:23.555 1100 1216 I ActivityManager: Start proc 3958:com.android.externalstorage/u0a26 for broadcast {com.android.externalstorage/com.android.externalstorage.MountReceiver}
01-19 11:28:23.558 2595 2595 D hw-ProcessState: Binder ioctl to enable oneway spam detection failed: Invalid argument
01-19 11:28:23.560 1100 1100 I GameModeConfig: isGameModeOn = false
01-19 11:28:23.561 1100 1100 I GameModeConfig: isGameModeOn = false
01-19 11:28:23.561 1100 1100 I GameModeConfig: isDisableVoice = true
01-19 11:28:23.563 1100 1947 I GameModeConfig: isGameModeOn = false
01-19 11:28:23.564 1100 1947 I GameModeConfig: isGameModeOn = false
01-19 11:28:23.592 2595 2595 I GameMode_ActivityMonitoringService: [Perf]-lastSession=
01-19 11:28:23.593 2595 2595 D GameModeIF_GameModeSettings: getUriFor setting_content_uri_root = content://com.thundercomm.gamemode.api/gamemode_settings , name = gamemode_enable
01-19 11:28:23.607 2595 2595 D GameMode_GameModeService: onCreate
01-19 11:28:23.612 3007 3924 D hpplay-base: [stream_mirror_compat:1489] request to stop screen stream session!!
01-19 11:28:23.613 3007 3924 D hpplay-base: [AEventUtils:625] begin to stop event handle service!!
01-19 11:28:23.613 3007 3924 D hpplay-base: [AEventUtils:628] stop event handle service ok!!
01-19 11:28:23.614 3007 3924 D hpplay-base: [REventUtils:231] begin to stop report handle service!!
01-19 11:28:23.614 3007 3924 D hpplay-base: [REventUtils:234] stop report handle service ok!!
01-19 11:28:23.614 2907 2922 I adbd : jdwp connection from 3958
01-19 11:28:23.615 3007 3924 D hpplay-base: [lelinkSinkServer:711] HTTP Server stopSinkServer End .
01-19 11:28:23.615 3007 3924 D hpplay-base: [jniBridge:1135] notifyJavaServerStoped
01-19 11:28:23.615 3007 3924 D hpplay-base: [jniBridge:1726] notifyJava, what:202, castType:0, mimeType:0 baseStatus:4
01-19 11:28:23.616 3007 3924 D hpplay-base: [jniBridge:1727] notifyJava sessionID:(null)
01-19 11:28:23.618 3007 3924 I hpplay-java: [Thread-5]:Bridge:notify: what: 202
01-19 11:28:23.620 3007 3924 I hpplay-java: [Thread-5]:Bridge:notify: out: OutParameters:{audioSessionId=-1, audiotrackIndex=0, castHandleType=-1, castType=0, deviceName='', dlnaName='', dramaID='', extra=0, frameHandleType=-1, handleInside=true, headduration=0, header='', headers=null, isAD=false, isMultiMirror=false, lelinkVer='', limitTime=0, , mediaAlbum='null', mediaAlbumArtURI='', mediaArtist='null', mediaAssets='', mediaTitle='null', mimeType=0, multiSession=null, period=0, pinCode='', playSpeed=0.0, playerChoice=0, plugin=0, port=0, position=0.0, positionUnit=2, protocol=0, realSessionID='', regType='', , sinkIp='', sourceAPPVersion='', sourceChannel='', sourceClientInfo='', sourceDeviceInfo='', sourceDeviceModel='', sourceDeviceName='', sourceDeviceType=0, sourceHID='', , sourceInfo='', , , sourceOSVersion='', sourceSDKVersion='', sourceUid='', stopDetail=0, stopReason=0, tailduration=0, url='', urlID='', urls=null, userAgent='', videoDecoder=0, volume=0, what=202}com.hpplay.sdk.sink.protocol.OutParameters@bf08c9a
01-19 11:28:23.620 3007 3924 I hpplay-java: [Thread-5]:Bridge:notify: address:157219275
01-19 11:28:23.620 3007 3924 D hpplay-base: [LelinkBase:645] stopServerThreadFunc notifyJavaServerStoped!
01-19 11:28:23.624 3007 3007 I hpplay-java: [main]:ServerTaskManager:startTimeOutCheck
01-19 11:28:23.624 3007 3007 I hpplay-java: [main]:ServerBusiness:stopDaemonBusiness
01-19 11:28:23.624 3007 3007 I hpplay-java: [main]:SinkDataReport:logout
01-19 11:28:23.627 3007 3007 I hpplay-java: [main]:EPControl:release
01-19 11:28:23.627 3958 3958 D ProcessState: Binder ioctl to enable oneway spam detection failed: Invalid argument
01-01 08:06:40.062 0 0 I binder : 3958:3958 ioctl 40046210 7fdc700314 returned -22
01-19 11:28:23.634 3007 3007 I hpplay-java: [main]:ImageProxy:static check img framework, isGlide=true
01-19 11:28:23.636 1100 1136 I am_proc_bound: [0,3958,com.android.externalstorage]
01-19 11:28:23.640 1100 1136 D CompatibilityChangeReporter: Compat change id reported: 168419799; UID 10026; state: DISABLED
01-19 11:28:23.641 1100 1136 D CompatibilityInfo: mCompatibilityFlags - 4
01-19 11:28:23.641 1100 1136 D CompatibilityInfo: applicationDensity - 240
01-19 11:28:23.641 1100 1136 D CompatibilityInfo: applicationScale - 1.0
01-19 11:28:23.641 677 3977 D resolv : GetAddrInfoHandler::run: {100 262244 100 983140 10090 0}
01-19 11:28:23.642 677 3977 D resolv : resolv_getaddrinfo: explore_fqdn(): ai_family=0 ai_socktype=1 ai_protocol=6
01-19 11:28:23.642 3007 3860 I hpplay-java: [AsyncTask #20]:GlideCreator:clearCache clearDiskCache
01-19 11:28:23.644 3007 3007 I hpplay-java: [main]:Dispatcher:notifyAllReverseControlsStop
01-19 11:28:23.645 3007 3007 I hpplay-java: [main]:Preference:checkFeature none
01-19 11:28:23.645 3007 3007 I hpplay-java: [main]:Dispatcher:notifyAllUIControlsStop set: []
01-19 11:28:23.645 3007 3007 I hpplay-java: [main]:Bridge:findServiceID start out: 157219275
01-19 11:28:23.645 3007 3007 I hpplay-java: [main]:Bridge:findServiceID end
01-19 11:28:23.645 3007 3007 I hpplay-java: [main]:ServerTaskManager:onStop retry:true
01-19 11:28:23.645 3007 3007 I hpplay-java: [main]:ServerTaskManager:cancelTimeOutCheck
01-19 11:28:23.646 3007 3868 W hpplay-java: NanoHTTPDServerRunnable:Communication with the client broken
01-19 11:28:23.646 3007 3868 W hpplay-java: java.net.SocketException: Socket closed
01-19 11:28:23.646 3007 3868 W hpplay-java: at java.net.PlainSocketImpl.socketAccept(PlainSocketImpl.java:213)
01-19 11:28:23.646 3007 3868 W hpplay-java: at java.net.AbstractPlainSocketImpl.accept(AbstractPlainSocketImpl.java:451)
01-19 11:28:23.646 3007 3868 W hpplay-java: at java.net.ServerSocket.implAccept(ServerSocket.java:547)
01-19 11:28:23.646 3007 3868 W hpplay-java: at java.net.ServerSocket.accept(ServerSocket.java:515)
01-19 11:28:23.646 3007 3868 W hpplay-java: at com.hpplay.nanohttpd.protocols.http.ServerRunnable.run(SourceFile:118)
01-19 11:28:23.646 3007 3868 W hpplay-java: at java.lang.Thread.run(Thread.java:920)
01-19 11:28:23.646 3007 3868 I hpplay-java: NanoHTTPDNanoHTTPD:server is stoped
01-19 11:28:23.646 3007 3007 I hpplay-java: [main]:IPManager:getActiveNets type: Ethernet
01-19 11:28:23.647 3007 3007 I hpplay-java: [main]:IPManager:getActiveNets eth0:true wifi:false mobile:false ap:false
01-19 11:28:23.647 3007 3007 I hpplay-java: [main]:IPManager:getIPAddress IP_ETH0
01-19 11:28:23.647 3007 3868 I hpplay-java: NanoHTTPDNanoHTTPD:clear obj
01-19 11:28:23.650 1100 1136 D CompatibilityInfo: mCompatibilityFlags - 4
01-19 11:28:23.651 1100 1136 D CompatibilityInfo: applicationDensity - 240
01-19 11:28:23.651 1100 1136 D CompatibilityInfo: applicationScale - 1.0
01-19 11:28:23.652 677 3978 D resolv : doQuery: (1, 1)
01-19 11:28:23.653 677 3978 D resolv : res_nmkquery: (QUERY, IN, A)
01-19 11:28:23.653 677 3978 D resolv : res_nsend
01-19 11:28:23.654 677 3978 I resolv : resolv_cache_lookup: lookup
01-19 11:28:23.654 677 3978 I resolv : resolv_cache_lookup: FOUND IN CACHE entry=0xb400007b94c69870
01-19 11:28:23.654 677 3978 D resolv : doQuery: rcode=0, ancount=1
01-19 11:28:23.655 677 3977 I ResolverController: No valid NAT64 prefix (100, /0)
01-19 11:28:23.655 3007 3007 I hpplay-java: [main]:IPManager:updateIPAddress getIPAddress: 192.168.4.16 name:vlan4
01-19 11:28:23.656 3007 3007 I hpplay-java: [main]:IPManager:updateIPAddress getIPAddress: 192.168.11.36 name:wlan0
01-19 11:28:23.656 3007 3007 I hpplay-java: [main]:IPManager:updateIPAddress getIPAddress: 192.168.8.16 name:vlan8
01-19 11:28:23.657 3007 3007 I hpplay-java: [main]:IPManager:updateIPAddress getIPAddress: 192.168.11.16 name:vlan11
01-19 11:28:23.657 3007 3007 I hpplay-java: [main]:IPManager:updateIPAddress getIPAddress: 192.168.11.35 name:eth0
01-19 11:28:23.658 3007 3007 I hpplay-java: [main]:IPManager:updateIPAddress getIPAddress: 192.168.0.16 name:vlan0
01-19 11:28:23.658 3007 3007 I hpplay-java: [main]:IPManager:updateIPAddress getIPAddress: 192.168.2.16 name:vlan2
01-19 11:28:23.658 3007 3007 I hpplay-java: [main]:IPManager:updateIPAddress getIPAddress: 192.168.1.16 name:vlan1
01-19 11:28:23.658 3007 3007 I hpplay-java: [main]:ServerTaskManager:exeTask startServer
01-19 11:28:23.659 3007 3007 I hpplay-java: [main]:ServerTaskManager:startTimeOutCheck
01-19 11:28:23.659 3007 3855 I hpplay-java: [AsyncTask #18]:ServerBusiness:startDaemonBusiness
01-19 11:28:23.659 3007 3861 I hpplay-java: [AsyncTask #21]:Bridge:assembleInParameters
01-19 11:28:23.659 3007 3855 I hpplay-java: [AsyncTask #18]:TimeOutCheckUtil:addTask id:upgrade
01-19 11:28:23.659 3007 3855 I hpplay-java: [AsyncTask #18]:TimeOutCheckUtil:addTask id:ijkupgrade
01-19 11:28:23.660 3007 3861 I hpplay-java: [AsyncTask #21]:Bridge:createDeviceId deviceId:NzQ6NWU6NDk6N2I6Y2I6MTM=
01-19 11:28:23.660 3007 3861 I hpplay-java: [AsyncTask #21]:IPManager:getActiveNets type: Ethernet
01-19 11:28:23.660 3007 3861 I hpplay-java: [AsyncTask #21]:IPManager:getActiveNets eth0:true wifi:false mobile:false ap:false
01-19 11:28:23.660 3007 3861 I hpplay-java: [AsyncTask #21]:IPManager:getIPAddress IP_ETH0
01-19 11:28:23.660 3007 3979 I hpplay-java: NanoHTTPDNanoHTTPD:server is started
01-19 11:28:23.660 3007 3861 I hpplay-java: [AsyncTask #21]:Preference:checkFeature none
01-19 11:28:23.661 3007 3861 I hpplay-java: [AsyncTask #21]:SWI:dlna tip
01-19 11:28:23.661 3007 3861 I hpplay-java: [AsyncTask #21]:SWI:lefp tip
01-19 11:28:23.664 3007 3861 I hpplay-java: [AsyncTask #21]:Bridge:assembleInParameters none alias name use device name: 高合娱乐副屏
01-19 11:28:23.664 3007 3861 I hpplay-java: [AsyncTask #21]:Feature:isSendAdvertisement
01-19 11:28:23.664 3007 3861 I hpplay-java: [AsyncTask #21]:Preference:checkFeature none
01-19 11:28:23.664 3007 3861 I hpplay-java: [AsyncTask #21]:Preference:checkFeature none
01-19 11:28:23.664 3007 3861 I hpplay-java: [AsyncTask #21]:Bridge:backupHpplayDat bakPath:
01-19 11:28:23.665 3007 3861 I hpplay-java: [AsyncTask #21]:Bridge:path:/data/user/0/com.hht.lebocast/files/hpplay/file/happyplay.dat
01-19 11:28:23.665 3007 3861 I hpplay-java: [AsyncTask #21]:Bridge:mAppId:21409
01-19 11:28:23.665 3007 3861 I hpplay-java: [AsyncTask #21]:Bridge:mode:3
01-19 11:28:23.665 3007 3861 I hpplay-java: [AsyncTask #21]:Bridge:type:1
01-19 11:28:23.665 3007 3861 I hpplay-java: [AsyncTask #21]:Bridge:SN:
01-19 11:28:23.665 3007 3861 I hpplay-java: [AsyncTask #21]:Preference:checkFeature none
01-19 11:28:23.665 3007 3861 I hpplay-java: [AsyncTask #21]:Bridge:backPath:
01-19 11:28:23.665 3007 3861 I hpplay-java: [AsyncTask #21]:DeviceUtil:getPermissionDid: 1
01-19 11:28:23.665 3007 3861 I hpplay-java: [AsyncTask #21]:DeviceUtil:getPermissionDid: 1
01-19 11:28:23.666 3958 3958 D CompatibilityChangeReporter: Compat change id reported: 171979766; UID 10026; state: ENABLED
01-19 11:28:23.666 3007 3861 I hpplay-java: [AsyncTask #21]:BPIFileUtil:getMd5ByFile: 0FA04FD08975C81CDD9275F6AE23A020
01-19 11:28:23.666 3007 3861 I hpplay-java: [AsyncTask #21]:Preference:checkFeature none
01-19 11:28:23.666 3007 3861 I hpplay-java: [AsyncTask #21]:Preference:checkFeature none
01-19 11:28:23.666 3007 3861 I hpplay-java: [AsyncTask #21]:Preference:checkFeature none
01-19 11:28:23.666 3007 3861 I hpplay-java: [AsyncTask #21]:Preference:checkFeature none
01-19 11:28:23.666 3007 3861 I hpplay-java: [AsyncTask #21]:Preference:checkFeature none
01-19 11:28:23.670 3007 3855 W hpplay-java: [AsyncTask #18]:ServerBusiness:startDaemonBusiness start LelinkHTTPD sucess 52288
