01-01 08:06:08.478 0 0 E register_client_adhoc: Failed to find path.src 1 dest 589
01-01 08:06:08.494 0 0 I binder : 1119:1142 ioctl 40046210 7611383144 returned -22
01-01 08:06:08.507 0 0 W kona-asoc-snd soc: qcom,msm-audio-apr:qcom,q6core-audio:sound: msm_init_aux_dev: Max WSA devices is 0 for this target?
01-01 08:06:08.588 0 0 W swr-wcd tx_swr_ctrl: DMA mask not set
01-01 08:06:08.644 1100 1100 I SystemServerInitThreadPool: Creating instance with 8 threads
01-01 08:06:08.672 1118 1118 I auditd : type=1400 audit(0.0:31): avc: denied { write } for comm="init.qcom.usb.s" name="uvc.0" dev="configfs" ino=42628 scontext=u:r:vendor_qti_init_shell:s0 tcontext=u:object_r:configfs:s0 tclass=dir permissive=0
01-01 08:06:08.672 1118 1118 I auditd : type=1400 audit(0.0:32): avc: denied { write } for comm="init.qcom.usb.s" name="uvc.0" dev="configfs" ino=42628 scontext=u:r:vendor_qti_init_shell:s0 tcontext=u:object_r:configfs:s0 tclass=dir permissive=0
01-01 08:06:08.689 0 0 E msm-dcc 1023000.dcc_v2: DCC is not ready Disabling DCC...
01-01 08:06:08.700 1178 1178 I auditd : type=1400 audit(0.0:33): avc: denied { write } for comm="mkdir" name="header" dev="configfs" ino=42630 scontext=u:r:vendor_qti_init_shell:s0 tcontext=u:object_r:configfs:s0 tclass=dir permissive=0
01-01 08:06:08.732 1179 1179 I auditd : type=1400 audit(0.0:34): avc: denied { write } for comm="ln" name="fs" dev="configfs" ino=42639 scontext=u:r:vendor_qti_init_shell:s0 tcontext=u:object_r:configfs:s0 tclass=dir permissive=0
01-01 08:06:08.776 1180 1180 I auditd : type=1400 audit(0.0:35): avc: denied { write } for comm="ln" name="ss" dev="configfs" ino=42640 scontext=u:r:vendor_qti_init_shell:s0 tcontext=u:object_r:configfs:s0 tclass=dir permissive=0
01-01 08:06:08.812 1181 1181 I auditd : type=1400 audit(0.0:36): avc: denied { write } for comm="mkdir" name="uncompressed" dev="configfs" ino=42643 scontext=u:r:vendor_qti_init_shell:s0 tcontext=u:object_r:configfs:s0 tclass=dir permissive=0
01-01 08:06:08.840 1182 1182 I auditd : type=1400 audit(0.0:37): avc: denied { write } for comm="mkdir" name="uncompressed" dev="configfs" ino=42643 scontext=u:r:vendor_qti_init_shell:s0 tcontext=u:object_r:configfs:s0 tclass=dir permissive=0
01-01 08:06:08.872 1183 1183 I auditd : type=1400 audit(0.0:38): avc: denied { write } for comm="mkdir" name="mjpeg" dev="configfs" ino=42644 scontext=u:r:vendor_qti_init_shell:s0 tcontext=u:object_r:configfs:s0 tclass=dir permissive=0
01-01 08:06:08.879 0 0 E msm-pcm-routing soc: qcom,msm-pcm-routing: ASoC: no source widget found for AUDIO_REF_EC_UL30 MUX
01-01 08:06:08.890 0 0 E msm-pcm-routing soc: qcom,msm-pcm-routing: ASoC: Failed to add route AUDIO_REF_EC_UL30 MUX -> direct -> MM_UL30
01-01 08:06:08.904 1184 1184 I auditd : type=1400 audit(0.0:39): avc: denied { write } for comm="mkdir" name="mjpeg" dev="configfs" ino=42644 scontext=u:r:vendor_qti_init_shell:s0 tcontext=u:object_r:configfs:s0 tclass=dir permissive=0
01-01 08:06:08.911 0 0 E msm-dcc 1023000.dcc_v2: DCC list passed 3
01-01 08:06:08.915 0 0 E msm-pcm-routing soc: qcom,msm-pcm-routing: ASoC: no source widget found for AUX_PCM_TX
01-01 08:06:08.917 0 0 I msm-dcc 1023000.dcc_v2: All values written to enable.
01-01 08:06:08.926 0 0 E msm-pcm-routing soc: qcom,msm-pcm-routing: ASoC: Failed to add route AUX_PCM_TX -> AUX_PCM_UL_TX -> VoLTE Stub Tx Mixer
01-01 08:06:08.926 0 0 E msm-dcc 1023000.dcc_v2: DCC list passed 4
01-01 08:06:08.936 1185 1185 I auditd : type=1400 audit(0.0:40): avc: denied { write } for comm="mkdir" name="h264" dev="configfs" ino=42645 scontext=u:r:vendor_qti_init_shell:s0 tcontext=u:object_r:configfs:s0 tclass=dir permissive=0
01-01 08:06:08.944 0 0 I msm-dcc 1023000.dcc_v2: All values written to enable.
01-01 08:06:08.944 0 0 E msm-dcc 1023000.dcc_v2: DCC list passed 6
01-01 08:06:08.945 0 0 E msm-pcm-routing soc: qcom,msm-pcm-routing: ASoC: no source widget found for AUX_PCM_RX
01-01 08:06:08.950 0 0 I msm-dcc 1023000.dcc_v2: All values written to enable.
01-01 08:06:08.958 0 0 E msm-pcm-routing soc: qcom,msm-pcm-routing: ASoC: Failed to add route AUX_PCM_RX -> direct -> BE_OUT
01-01 08:06:08.968 1186 1186 I auditd : type=1400 audit(0.0:41): avc: denied { write } for comm="mkdir" name="h264" dev="configfs" ino=42645 scontext=u:r:vendor_qti_init_shell:s0 tcontext=u:object_r:configfs:s0 tclass=dir permissive=0
01-01 08:06:08.988 0 0 W msm-pcm-routing soc: qcom,msm-pcm-routing: ASoC: no dapm match for MM_DL23 --> MultiMedia23 --> QUIN_TDM_RX_1 Audio Mixer
01-01 08:06:08.988 0 0 E msm-pcm-routing soc: qcom,msm-pcm-routing: ASoC: Failed to add route MM_DL23 -> MultiMedia23 -> QUIN_TDM_RX_1 Audio Mixer
01-01 08:06:09.000 0 0 W msm-pcm-routing soc: qcom,msm-pcm-routing: ASoC: no dapm match for MM_DL24 --> MultiMedia24 --> QUIN_TDM_RX_1 Audio Mixer
01-01 08:06:09.000 0 0 E msm-pcm-routing soc: qcom,msm-pcm-routing: ASoC: Failed to add route MM_DL24 -> MultiMedia24 -> QUIN_TDM_RX_1 Audio Mixer
01-01 08:06:09.016 1187 1187 I auditd : type=1400 audit(0.0:42): avc: denied { write } for comm="mkdir" name="header" dev="configfs" ino=42642 scontext=u:r:vendor_qti_init_shell:s0 tcontext=u:object_r:configfs:s0 tclass=dir permissive=0
01-01 08:06:09.013 0 0 W msm-pcm-routing soc: qcom,msm-pcm-routing: ASoC: no dapm match for MM_DL25 --> MultiMedia25 --> QUIN_TDM_RX_1 Audio Mixer
01-01 08:06:09.013 0 0 E msm-pcm-routing soc: qcom,msm-pcm-routing: ASoC: Failed to add route MM_DL25 -> MultiMedia25 -> QUIN_TDM_RX_1 Audio Mixer
01-01 08:06:09.064 1190 1190 I auditd : type=1400 audit(0.0:43): avc: denied { write } for comm="ln" name="header" dev="configfs" ino=42642 scontext=u:r:vendor_qti_init_shell:s0 tcontext=u:object_r:configfs:s0 tclass=dir permissive=0
01-01 08:06:09.112 1193 1193 I auditd : type=1400 audit(0.0:44): avc: denied { write } for comm="ln" name="header" dev="configfs" ino=42642 scontext=u:r:vendor_qti_init_shell:s0 tcontext=u:object_r:configfs:s0 tclass=dir permissive=0
01-01 08:06:09.109 0 0 E msm-pcm-routing soc: qcom,msm-pcm-routing: ASoC: no source widget found for AUX_PCM_TX
01-01 08:06:09.118 0 0 E msm-pcm-routing soc: qcom,msm-pcm-routing: ASoC: Failed to add route AUX_PCM_TX -> AUX_PCM_UL_TX -> SLIMBUS_0_RX Port Mixer
01-01 08:06:09.131 0 0 E msm-pcm-routing soc: qcom,msm-pcm-routing: ASoC: no source widget found for SEC_AUX_PCM_TX
01-01 08:06:09.141 0 0 E msm-pcm-routing soc: qcom,msm-pcm-routing: ASoC: Failed to add route SEC_AUX_PCM_TX -> SEC_AUX_PCM_UL_TX -> SLIMBUS_0_RX Port Mixer
01-01 08:06:09.154 0 0 E msm-pcm-routing soc: qcom,msm-pcm-routing: ASoC: no source widget found for TERT_AUX_PCM_TX
01-01 08:06:09.148 1196 1196 I auditd : type=1400 audit(0.0:45): avc: denied { write } for comm="ln" name="header" dev="configfs" ino=42642 scontext=u:r:vendor_qti_init_shell:s0 tcontext=u:object_r:configfs:s0 tclass=dir permissive=0
01-01 08:06:09.164 0 0 E msm-pcm-routing soc: qcom,msm-pcm-routing: ASoC: Failed to add route TERT_AUX_PCM_TX -> TERT_AUXPCM_UL_TX -> SLIMBUS_0_RX Port Mixer
01-01 08:06:09.176 1197 1197 I auditd : type=1400 audit(0.0:46): avc: denied { write } for comm="ln" name="fs" dev="configfs" ino=42649 scontext=u:r:vendor_qti_init_shell:s0 tcontext=u:object_r:configfs:s0 tclass=dir permissive=0
01-01 08:06:09.178 0 0 E msm-pcm-routing soc: qcom,msm-pcm-routing: ASoC: no source widget found for QUAT_AUX_PCM_TX
01-01 08:06:09.188 0 0 E msm-pcm-routing soc: qcom,msm-pcm-routing: ASoC: Failed to add route QUAT_AUX_PCM_TX -> QUAT_AUXPCM_UL_TX -> SLIMBUS_0_RX Port Mixer
01-01 08:06:09.204 1198 1198 I auditd : type=1400 audit(0.0:47): avc: denied { write } for comm="ln" name="hs" dev="configfs" ino=42650 scontext=u:r:vendor_qti_init_shell:s0 tcontext=u:object_r:configfs:s0 tclass=dir permissive=0
01-01 08:06:09.202 0 0 E msm-pcm-routing soc: qcom,msm-pcm-routing: ASoC: no source widget found for QUIN_AUX_PCM_TX
01-01 08:06:09.212 0 0 E msm-pcm-routing soc: qcom,msm-pcm-routing: ASoC: Failed to add route QUIN_AUX_PCM_TX -> QUIN_AUXPCM_UL_TX -> SLIMBUS_0_RX Port Mixer
01-01 08:06:09.225 1100 1100 D SystemServerTiming: InitBeforeStartServices took to complete: 929ms
01-01 08:06:09.225 1100 1100 I SystemServerTiming: StartServices
01-01 08:06:09.225 1100 1100 I SystemServerTiming: startBootstrapServices
01-01 08:06:09.225 1100 1100 I SystemServerTiming: StartWatchdog
01-01 08:06:09.228 1199 1199 I auditd : type=1400 audit(0.0:48): avc: denied { write } for comm="ln" name="ss" dev="configfs" ino=42651 scontext=u:r:vendor_qti_init_shell:s0 tcontext=u:object_r:configfs:s0 tclass=dir permissive=0
01-01 08:06:09.238 1100 1100 D SystemServerTiming: StartWatchdog took to complete: 13ms
01-01 08:06:09.238 1100 1100 I SystemServer: Reading configuration...
01-01 08:06:09.238 1100 1100 I SystemServerTiming: ReadingSystemConfig
01-01 08:06:09.239 1100 1100 D SystemServerTiming: ReadingSystemConfig took to complete: 0ms
01-01 08:06:09.239 1100 1100 I SystemServerTiming: PlatformCompat
01-01 08:06:09.239 1100 1207 I SystemServerTimingAsync: InitThreadPoolExec:ReadingSystemConfig
01-01 08:06:09.239 1100 1207 D SystemServerInitThreadPool: Started executing ReadingSystemConfig
01-01 08:06:09.243 1100 1207 I SystemConfig: Reading permissions from /system/etc/sysconfig/hiddenapi-package-whitelist.xml
01-01 08:06:09.244 1100 1100 D CompatConfig: Found a config file: /system/etc/compatconfig/documents-ui-compat-config.xml
01-01 08:06:09.246 1100 1100 D CompatConfig: Adding: com.android.server.compat.config.Change@7cd02ee
01-01 08:06:09.247 1100 1100 D CompatConfig: Found a config file: /system/etc/compatconfig/icu4j-platform-compat-config.xml
01-01 08:06:09.247 1100 1207 I SystemConfig: Reading permissions from /system/etc/sysconfig/framework-sysconfig.xml
01-01 08:06:09.226 0 0 E msm-pcm-routing soc: qcom,msm-pcm-routing: ASoC: no source widget found for SEN_AUX_PCM_TX
01-01 08:06:09.235 0 0 E msm-pcm-routing soc: qcom,msm-pcm-routing: ASoC: Failed to add route SEN_AUX_PCM_TX -> SEN_AUXPCM_UL_TX -> SLIMBUS_0_RX Port Mixer
01-01 08:06:09.249 1100 1100 D CompatConfig: Adding: com.android.server.compat.config.Change@7540225
01-01 08:06:09.250 1100 1100 D CompatConfig: Found a config file: /system/etc/compatconfig/calendar-provider-compat-config.xml
01-01 08:06:09.250 1100 1207 I SystemConfig: Reading permissions from /system/etc/sysconfig/preinstalled-packages-platform-full-base.xml
01-01 08:06:09.251 1100 1100 D CompatConfig: Adding: com.android.server.compat.config.Change@30dd808
01-01 08:06:09.252 1100 1100 D CompatConfig: Found a config file: /system/etc/compatconfig/services-platform-compat-config.xml
01-01 08:06:09.253 1100 1207 I SystemConfig: Reading permissions from /system/etc/sysconfig/preinstalled-packages-com.android.providers.media.module.xml
01-01 08:06:09.254 1100 1207 I SystemConfig: Reading permissions from /system/etc/sysconfig/preinstalled-packages-platform.xml
01-01 08:06:09.255 1100 1100 D CompatConfig: Adding: com.android.server.compat.config.Change@8ac6cb4
01-01 08:06:09.255 1100 1100 D CompatConfig: Adding: com.android.server.compat.config.Change@de0f452
01-01 08:06:09.255 1100 1207 I SystemConfig: Reading permissions from /system/etc/sysconfig/qti_whitelist.xml
01-01 08:06:09.256 1100 1100 D CompatConfig: Adding: com.android.server.compat.config.Change@ca53323
01-01 08:06:09.257 1100 1100 D CompatConfig: Adding: com.android.server.compat.config.Change@7fda020
01-01 08:06:09.258 1100 1100 D CompatConfig: Adding: com.android.server.compat.config.Change@6871dd9
01-01 08:06:09.258 1100 1207 I SystemConfig: Reading permissions from /system/etc/permissions/com.thundercomm.screensaver.xml
01-01 08:06:09.260 1100 1207 I SystemConfig: Reading permissions from /system/etc/permissions/com.android.networkstack.xml
01-01 08:06:09.262 1100 1207 I SystemConfig: Reading permissions from /system/etc/permissions/javax.obex.xml
01-01 08:06:09.263 1100 1207 I SystemConfig: Reading permissions from /system/etc/permissions/android.software.live_wallpaper.xml
01-01 08:06:09.264 1100 1207 I SystemConfig: Reading permissions from /system/etc/permissions/com.android.future.usb.accessory.xml
01-01 08:06:09.265 1100 1100 D CompatConfig: Adding: com.android.server.compat.config.Change@82be39b
01-01 08:06:09.265 1100 1100 D CompatConfig: Adding: com.android.server.compat.config.Change@eeb5338
01-01 08:06:09.266 1100 1207 I SystemConfig: Reading permissions from /system/etc/permissions/com.android.networkstack.tethering.xml
01-01 08:06:09.266 1100 1100 D CompatConfig: Adding: com.android.server.compat.config.Change@be0e876
01-01 08:06:09.267 1100 1100 D CompatConfig: Adding: com.android.server.compat.config.Change@6db1e77
01-01 08:06:09.268 1100 1207 I SystemConfig: Reading permissions from /system/etc/permissions/android.test.runner.xml
01-01 08:06:09.268 1100 1100 D CompatConfig: Adding: com.android.server.compat.config.Change@95d2b4d
01-01 08:06:09.269 1100 1100 D CompatConfig: Adding: com.android.server.compat.config.Change@a6b1602
01-01 08:06:09.269 1100 1207 I SystemConfig: Reading permissions from /system/etc/permissions/com.thundercomm.mcuupgrade.xml
01-01 08:06:09.270 1100 1100 D CompatConfig: Adding: com.android.server.compat.config.Change@6495150
01-01 08:06:09.271 1100 1207 I SystemConfig: Reading permissions from /system/etc/permissions/android.software.webview.xml
01-01 08:06:09.272 1100 1207 I SystemConfig: Reading permissions from /system/etc/permissions/uimremoteserver.xml
01-01 08:06:09.274 1100 1207 I SystemConfig: Reading permissions from /system/etc/permissions/com.android.mediadrm.signer.xml
01-01 08:06:09.276 1100 1207 I SystemConfig: Reading permissions from /system/etc/permissions/android.software.freeform_window_management.xml
01-01 08:06:09.276 1100 1100 D CompatConfig: Adding: com.android.server.compat.config.Change@f517705
01-01 08:06:09.278 1100 1100 D CompatConfig: Adding: com.android.server.compat.config.Change@ad1635a
01-01 08:06:09.278 1100 1207 I SystemConfig: Reading permissions from /system/etc/permissions/org.apache.http.legacy.xml
01-01 08:06:09.280 1100 1100 D CompatConfig: Adding: com.android.server.compat.config.Change@c75fa68
01-01 08:06:09.280 1100 1207 I SystemConfig: Reading permissions from /system/etc/permissions/android.test.base.xml
01-01 08:06:09.281 1100 1100 D CompatConfig: Adding: com.android.server.compat.config.Change@eb25b26
01-01 08:06:09.282 1100 1100 D CompatConfig: Adding: com.android.server.compat.config.Change@f1a9367
01-01 08:06:09.282 1100 1207 I SystemConfig: Reading permissions from /system/etc/permissions/com.android.media.remotedisplay.xml
01-01 08:06:09.284 1100 1207 I SystemConfig: Reading permissions from /system/etc/permissions/com.android.nfc_extras.xml
01-01 08:06:09.286 1100 1207 I SystemConfig: Reading permissions from /system/etc/permissions/com.android.documentsui.xml
01-01 08:06:09.288 1100 1207 I SystemConfig: Reading permissions from /system/etc/permissions/uimremoteclient.xml
01-01 08:06:09.290 1100 1207 I SystemConfig: Reading permissions from /system/etc/permissions/privapp-permissions-qti.xml
01-01 08:06:09.291 1100 1100 D CompatConfig: Adding: com.android.server.compat.config.Change@c947cb9
01-01 08:06:09.292 1100 1100 D CompatConfig: Adding: com.android.server.compat.config.Change@94fa8fe
01-01 08:06:09.293 1100 1207 I SystemConfig: Reading permissions from /system/etc/permissions/com.android.location.provider.xml
01-01 08:06:09.295 1100 1100 D CompatConfig: Adding: com.android.server.compat.config.Change@ded32ac
01-01 08:06:09.296 1100 1207 I SystemConfig: Reading permissions from /system/etc/permissions/android.test.mock.xml
01-01 08:06:09.296 1100 1100 D CompatConfig: Adding: com.android.server.compat.config.Change@379570a
01-01 08:06:09.297 1100 1207 I SystemConfig: Reading permissions from /system/etc/permissions/privapp-permissions-platform.xml
01-01 08:06:09.298 1100 1100 D CompatConfig: Adding: com.android.server.compat.config.Change@750cd98
01-01 08:06:09.299 1100 1100 D CompatConfig: Adding: com.android.server.compat.config.Change@79c09f1
01-01 08:06:09.299 1100 1100 D CompatConfig: Adding: com.android.server.compat.config.Change@9ddd9d6
01-01 08:06:09.301 1100 1100 D CompatConfig: Adding: com.android.server.compat.config.Change@d592457
01-01 08:06:09.301 1100 1100 D CompatConfig: Adding: com.android.server.compat.config.Change@a512b44
01-01 08:06:09.302 1100 1100 D CompatConfig: Adding: com.android.server.compat.config.Change@a56542d
01-01 08:06:09.303 1100 1207 I SystemConfig: Reading permissions from /system/etc/permissions/com.thundercomm.tcservice.xml
01-01 08:06:09.304 1100 1100 D CompatConfig: Adding: com.android.server.compat.config.Change@e61aef3
01-01 08:06:09.305 1100 1100 D CompatConfig: Adding: com.android.server.compat.config.Change@5d7b7b0
01-01 08:06:09.305 1100 1207 I SystemConfig: Reading permissions from /system/etc/permissions/com.baidu.input.xml
01-01 08:06:09.306 1100 1100 D CompatConfig: Adding: com.android.server.compat.config.Change@b364dae
01-01 08:06:09.308 1100 1207 I SystemConfig: Reading permissions from /system/etc/permissions/platform.xml
01-01 08:06:09.308 1100 1100 D CompatConfig: Adding: com.android.server.compat.config.Change@bf89edc
01-01 08:06:09.311 1100 1100 D CompatConfig: Adding: com.android.server.compat.config.Change@36adbe5
01-01 08:06:09.312 1100 1100 D CompatConfig: Adding: com.android.server.compat.config.Change@b9d96ba
01-01 08:06:09.313 1100 1207 I SystemConfig: Reading permissions from /vendor/etc/permissions/android.hardware.sensor.accelerometer.xml
01-01 08:06:09.314 1100 1100 D CompatConfig: Adding: com.android.server.compat.config.Change@9deccc8
01-01 08:06:09.315 1100 1100 D CompatConfig: Adding: com.android.server.compat.config.Change@f25161
01-01 08:06:09.317 1100 1100 D CompatConfig: Adding: com.android.server.compat.config.Change@dfe6486
01-01 08:06:09.317 1100 1207 I SystemConfig: Reading permissions from /vendor/etc/permissions/android.hardware.wifi.direct.xml
01-01 08:06:09.319 1100 1100 D CompatConfig: Adding: com.android.server.compat.config.Change@277ed74
01-01 08:06:09.320 1100 1100 D CompatConfig: Adding: com.android.server.compat.config.Change@321a29d
01-01 08:06:09.321 1100 1100 D CompatConfig: Adding: com.android.server.compat.config.Change@74c4312
01-01 08:06:09.322 1100 1207 I SystemConfig: Reading permissions from /vendor/etc/permissions/android.hardware.sensor.ambient_temperature.xml
01-01 08:06:09.322 1100 1100 D CompatConfig: Adding: com.android.server.compat.config.Change@7e06ce0
01-01 08:06:09.323 1100 1100 D CompatConfig: Adding: com.android.server.compat.config.Change@facb99
01-01 08:06:09.324 1100 1207 I SystemConfig: Reading permissions from /vendor/etc/permissions/android.software.ipsec_tunnels.xml
01-01 08:06:09.324 1100 1100 D CompatConfig: Adding: com.android.server.compat.config.Change@205a23f
01-01 08:06:09.325 1100 1207 I SystemConfig: Reading permissions from /vendor/etc/permissions/android.software.device_id_attestation.xml
01-01 08:06:09.326 1100 1100 D CompatConfig: Adding: com.android.server.compat.config.Change@5a38855
01-01 08:06:09.328 1100 1207 I SystemConfig: Reading permissions from /vendor/etc/permissions/android.hardware.vulkan.compute-0.xml
01-01 08:06:09.328 1100 1100 D CompatConfig: Adding: com.android.server.compat.config.Change@3bc235b
01-01 08:06:09.329 1100 1100 D CompatConfig: Adding: com.android.server.compat.config.Change@d42f7f8
01-01 08:06:09.330 1100 1100 D CompatConfig: Adding: com.android.server.compat.config.Change@ee154d1
01-01 08:06:09.331 1100 1100 D CompatConfig: Adding: com.android.server.compat.config.Change@86efb36
01-01 08:06:09.331 1100 1207 I SystemConfig: Reading permissions from /vendor/etc/permissions/android.hardware.sensor.barometer.xml
01-01 08:06:09.331 1100 1100 D CompatConfig: Adding: com.android.server.compat.config.Change@ab9ba4
01-01 08:06:09.333 1100 1100 D CompatConfig: Adding: com.android.server.compat.config.Change@7556d0d
01-01 08:06:09.334 1100 1100 D CompatConfig: Adding: com.android.server.compat.config.Change@ba794c2
01-01 08:06:09.334 1100 1207 I SystemConfig: Reading permissions from /vendor/etc/permissions/qti_fingerprint_interface.xml
01-01 08:06:09.335 1100 1100 D CompatConfig: Adding: com.android.server.compat.config.Change@1d8ce10
01-01 08:06:09.336 1100 1207 I SystemConfig: Reading permissions from /vendor/etc/permissions/android.hardware.usb.host.xml
01-01 08:06:09.337 1100 1100 D CompatConfig: Adding: com.android.server.compat.config.Change@7de3b0e
01-01 08:06:09.337 1100 1207 I SystemConfig: Reading permissions from /vendor/etc/permissions/android.software.vulkan.deqp.level.xml
01-01 08:06:09.338 1100 1100 D CompatConfig: Found a config file: /system/etc/compatconfig/framework-platform-compat-config.xml
01-01 08:06:09.339 1100 1207 I SystemConfig: Reading permissions from /vendor/etc/permissions/vendor-qti-hardware-sensorscalibrate.xml
01-01 08:06:09.340 1100 1207 I SystemConfig: Reading permissions from /vendor/etc/permissions/android.hardware.sensor.compass.xml
01-01 08:06:09.340 1100 1100 D CompatConfig: Adding: com.android.server.compat.config.Change@c08994b
01-01 08:06:09.342 1100 1207 I SystemConfig: Reading permissions from /vendor/etc/permissions/android.hardware.bluetooth.xml
01-01 08:06:09.342 1100 1100 D CompatConfig: Adding: com.android.server.compat.config.Change@7101441
01-01 08:06:09.343 1100 1207 I SystemConfig: Reading permissions from /vendor/etc/permissions/handheld_core_hardware.xml
01-01 08:06:09.343 1100 1100 D CompatConfig: Adding: com.android.server.compat.config.Change@8c57f27
01-01 08:06:09.344 1100 1100 D CompatConfig: Adding: com.android.server.compat.config.Change@7ff35d4
01-01 08:06:09.345 1100 1207 I SystemConfig: Reading permissions from /vendor/etc/permissions/android.hardware.sensor.hifi_sensors.xml
01-01 08:06:09.345 1100 1100 D CompatConfig: Adding: com.android.server.compat.config.Change@a12b272
01-01 08:06:09.344 1209 1209 I gsid : no DSU: No such file or directory
01-01 08:06:09.345 1100 1100 D CompatConfig: Adding: com.android.server.compat.config.Change@280e6c3
01-01 08:06:09.346 1100 1100 D CompatConfig: Adding: com.android.server.compat.config.Change@503db40
01-01 08:06:09.346 1100 1207 I SystemConfig: Reading permissions from /vendor/etc/permissions/android.hardware.light.xml
01-01 08:06:09.347 1100 1100 D CompatConfig: Adding: com.android.server.compat.config.Change@2d583be
01-01 08:06:09.348 1100 1100 D CompatConfig: Adding: com.android.server.compat.config.Change@6012c1f
01-01 08:06:09.349 1100 1100 D CompatConfig: Adding: com.android.server.compat.config.Change@87fd535
01-01 08:06:09.349 1100 1207 I SystemConfig: Reading permissions from /vendor/etc/permissions/android.hardware.vulkan.level-1.xml
01-01 08:06:09.350 1100 1100 D CompatConfig: Adding: com.android.server.compat.config.Change@d621dca
01-01 08:06:09.350 1100 1100 D CompatConfig: Adding: com.android.server.compat.config.Change@c166b3b
01-01 08:06:09.351 1100 1207 I SystemConfig: Reading permissions from /vendor/etc/permissions/android.hardware.audio.pro.xml
01-01 08:06:09.353 1100 1100 D CompatConfig: Adding: com.android.server.compat.config.Change@6e58fb1
01-01 08:06:09.353 1100 1207 I SystemConfig: Reading permissions from /vendor/etc/permissions/android.hardware.bluetooth_le.xml
01-01 08:06:09.354 1100 1100 D CompatConfig: Adding: com.android.server.compat.config.Change@768017
01-01 08:06:09.355 1100 1207 I SystemConfig: Reading permissions from /vendor/etc/permissions/android.hardware.opengles.aep.xml
01-01 08:06:09.356 1100 1100 D CompatConfig: Adding: com.android.server.compat.config.Change@a1275ed
01-01 08:06:09.356 1100 1207 I SystemConfig: Reading permissions from /vendor/etc/permissions/android.hardware.se.omapi.uicc.xml
01-01 08:06:09.357 1100 1207 I SystemConfig: Reading permissions from /vendor/etc/permissions/android.hardware.sensor.gyroscope.xml
01-01 08:06:09.359 1100 1100 D CompatConfig: Adding: com.android.server.compat.config.Change@9649470
01-01 08:06:09.359 1100 1207 I SystemConfig: Reading permissions from /vendor/etc/permissions/android.hardware.fingerprint.xml
01-01 08:06:09.360 1100 1100 D CompatConfig: Adding: com.android.server.compat.config.Change@e48586e
01-01 08:06:09.361 1100 1207 I SystemConfig: Reading permissions from /vendor/etc/permissions/android.hardware.wifi.aware.xml
01-01 08:06:09.361 1100 1100 D CompatConfig: Adding: com.android.server.compat.config.Change@656879c
01-01 08:06:09.362 1100 1100 D CompatConfig: Adding: com.android.server.compat.config.Change@ed175a5
01-01 08:06:09.363 1100 1100 D CompatConfig: Adding: com.android.server.compat.config.Change@3a58d7a
01-01 08:06:09.363 1100 1207 I SystemConfig: Reading permissions from /vendor/etc/permissions/android.hardware.touchscreen.multitouch.jazzhand.xml
01-01 08:06:09.364 1100 1100 D CompatConfig: Adding: com.android.server.compat.config.Change@5128188
01-01 08:06:09.364 1100 1100 D CompatConfig: Adding: com.android.server.compat.config.Change@388c721
01-01 08:06:09.365 1100 1207 I SystemConfig: Reading permissions from /vendor/etc/permissions/android.software.midi.xml
01-01 08:06:09.366 1100 1100 D CompatConfig: Adding: com.android.server.compat.config.Change@3a19d07
01-01 08:06:09.366 1100 1207 I SystemConfig: Reading permissions from /vendor/etc/permissions/android.hardware.se.omapi.ese.xml
01-01 08:06:09.367 1100 1100 D CompatConfig: Adding: com.android.server.compat.config.Change@609b45d
01-01 08:06:09.368 1100 1207 I SystemConfig: Reading permissions from /vendor/etc/permissions/android.software.verified_boot.xml
01-01 08:06:09.368 1100 1100 D CompatConfig: Adding: com.android.server.compat.config.Change@13102a3
01-01 08:06:09.369 1100 1100 D CompatConfig: Adding: com.android.server.compat.config.Change@dbdf9a0
01-01 08:06:09.369 1100 1207 I SystemConfig: Reading permissions from /vendor/etc/permissions/android.hardware.wifi.passpoint.xml
01-01 08:06:09.370 1100 1100 D CompatConfig: Adding: com.android.server.compat.config.Change@631b91e
01-01 08:06:09.370 1100 1100 D CompatConfig: Adding: com.android.server.compat.config.Change@4c725ff
01-01 08:06:09.371 1100 1207 I SystemConfig: Reading permissions from /vendor/etc/permissions/android.hardware.wifi.rtt.xml
01-01 08:06:09.371 1100 1100 D CompatConfig: Adding: com.android.server.compat.config.Change@fc41215
01-01 08:06:09.372 1100 1207 I SystemConfig: Reading permissions from /vendor/etc/permissions/android.hardware.wifi.xml
01-01 08:06:09.372 1100 1100 D CompatConfig: Adding: com.android.server.compat.config.Change@972231b
01-01 08:06:09.373 1100 1100 D CompatConfig: Adding: com.android.server.compat.config.Change@e2d5cb8
01-01 08:06:09.374 1100 1207 I SystemConfig: Reading permissions from /vendor/etc/permissions/android.hardware.usb.accessory.xml
01-01 08:06:09.375 1100 1207 I SystemConfig: Reading permissions from /vendor/etc/permissions/vendor.qti.hardware.factory.xml
01-01 08:06:09.375 1100 1100 D CompatConfig: Adding: com.android.server.compat.config.Change@305d5f7
01-01 08:06:09.376 1100 1100 D CompatConfig: Adding: com.android.server.compat.config.Change@4b78c64
01-01 08:06:09.377 1100 1207 I SystemConfig: Reading permissions from /vendor/etc/permissions/android.hardware.audio.low_latency.xml
01-01 08:06:09.377 1100 1100 D CompatConfig: Adding: com.android.server.compat.config.Change@ce0d382
01-01 08:06:09.378 1100 1100 D CompatConfig: Adding: com.android.server.compat.config.Change@4b7da93
01-01 08:06:09.379 1100 1100 D CompatConfig: Adding: com.android.server.compat.config.Change@7930ad0
01-01 08:06:09.380 1100 1100 D CompatConfig: Adding: com.android.server.compat.config.Change@3c72ac9
01-01 08:06:09.380 1100 1207 I SystemConfig: Reading permissions from /vendor/etc/permissions/android.hardware.sensor.relative_humidity.xml
01-01 08:06:09.381 1100 1207 I SystemConfig: Reading permissions from /vendor/etc/permissions/android.hardware.vulkan.version-1_1.xml
01-01 08:06:09.381 1100 1100 D CompatConfig: Adding: com.android.server.compat.config.Change@a6603fc
01-01 08:06:09.382 1100 1100 D CompatConfig: Adding: com.android.server.compat.config.Change@38eaa85
01-01 08:06:09.383 1100 1100 D CompatConfig: Adding: com.android.server.compat.config.Change@39150da
01-01 08:06:09.384 1100 1207 I SystemConfig: Reading permissions from /vendor/etc/permissions/android.hardware.location.gps.xml
01-01 08:06:09.384 1100 1100 D CompatConfig: Adding: com.android.server.compat.config.Change@30d63e8
01-01 08:06:09.384 1100 1100 D CompatConfig: Adding: com.android.server.compat.config.Change@e946a01
01-01 08:06:09.385 1100 1100 D CompatConfig: Adding: com.android.server.compat.config.Change@b43a0a6
01-01 08:06:09.386 1100 1100 D CompatConfig: Adding: com.android.server.compat.config.Change@d222ae7
01-01 08:06:09.387 1100 1100 D CompatConfig: Adding: com.android.server.compat.config.Change@648d694
01-01 08:06:09.388 1100 1100 D CompatConfig: Adding: com.android.server.compat.config.Change@8dca53d
01-01 08:06:09.388 1100 1207 I SystemConfig: Reading permissions from /product/etc/sysconfig/preinstalled-packages-platform-handheld-product.xml
01-01 08:06:09.389 1100 1100 D CompatConfig: Adding: com.android.server.compat.config.Change@c5c8e83
01-01 08:06:09.389 1100 1100 D CompatConfig: Adding: com.android.server.compat.config.Change@326c800
01-01 08:06:09.390 1100 1207 I SystemConfig: Reading permissions from /product/etc/sysconfig/preinstalled-packages-platform-overlays.xml
01-01 08:06:09.390 1100 1100 D CompatConfig: Adding: com.android.server.compat.config.Change@3141e7e
01-01 08:06:09.391 1100 1100 D CompatConfig: Adding: com.android.server.compat.config.Change@44f8fdf
01-01 08:06:09.391 1100 1100 D CompatConfig: Adding: com.android.server.compat.config.Change@930642c
01-01 08:06:09.392 1100 1100 D CompatConfig: Adding: com.android.server.compat.config.Change@e283ef5
01-01 08:06:09.392 1100 1100 D CompatConfig: Adding: com.android.server.compat.config.Change@cfa48a
01-01 08:06:09.393 1100 1100 D CompatConfig: Adding: com.android.server.compat.config.Change@9474afb
01-01 08:06:09.394 1100 1207 I SystemConfig: Reading permissions from /product/etc/permissions/com.qti.snapdragon.sdk.display.xml
01-01 08:06:09.394 1100 1100 D CompatConfig: Adding: com.android.server.compat.config.Change@e0ad571
01-01 08:06:09.394 1100 1100 D CompatConfig: Adding: com.android.server.compat.config.Change@e0b7f56
01-01 08:06:09.395 1100 1100 D CompatConfig: Adding: com.android.server.compat.config.Change@e359bd7
01-01 08:06:09.396 1100 1207 I SystemConfig: Reading permissions from /product/etc/permissions/vendor.qti.hardware.data.connection-V1.0-java.xml
01-01 08:06:09.396 1100 1100 D CompatConfig: Adding: com.android.server.compat.config.Change@3a657ad
01-01 08:06:09.397 1100 1100 D CompatConfig: Found a config file: /system/system_ext/etc/compatconfig/settings-platform-compat-config.xml
01-01 08:06:09.397 1100 1207 I SystemConfig: Reading permissions from /product/etc/permissions/vendor.qti.hardware.data.connection-V1.1-java.xml
01-01 08:06:09.398 1100 1100 D CompatConfig: Adding: com.android.server.compat.config.Change@37c3130
01-01 08:06:09.398 1100 1207 I SystemConfig: Reading permissions from /product/etc/permissions/UimService.xml
01-01 08:06:09.399 1100 1207 I SystemConfig: Reading permissions from /product/etc/permissions/com.android.settings.intelligence.xml
01-01 08:06:09.400 1100 1100 D CompatConfig: No directory /apex/com.android.vndk.v30/etc/compatconfig, skipping
01-01 08:06:09.400 1100 1207 I SystemConfig: Reading permissions from /product/etc/permissions/ims_ext_common.xml
01-01 08:06:09.400 1100 1100 D CompatConfig: No directory /apex/com.android.wifi/etc/compatconfig, skipping
01-01 08:06:09.401 1100 1100 D CompatConfig: No directory /apex/com.android.vndk.v31/etc/compatconfig, skipping
01-01 08:06:09.401 1100 1100 D CompatConfig: No directory /apex/com.android.tzdata/etc/compatconfig, skipping
01-01 08:06:09.401 1100 1100 D CompatConfig: No directory /apex/com.android.tethering/etc/compatconfig, skipping
01-01 08:06:09.401 1100 1100 D CompatConfig: No directory /apex/com.android.sdkext/etc/compatconfig, skipping
01-01 08:06:09.401 1100 1100 D CompatConfig: No directory /apex/com.android.scheduling/etc/compatconfig, skipping
01-01 08:06:09.401 1100 1100 D CompatConfig: No directory /apex/com.android.runtime/etc/compatconfig, skipping
01-01 08:06:09.402 1100 1100 D CompatConfig: No directory /apex/com.android.resolv/etc/compatconfig, skipping
01-01 08:06:09.402 1100 1100 D CompatConfig: No directory /apex/com.android.permission/etc/compatconfig, skipping
01-01 08:06:09.402 1100 1100 D CompatConfig: No directory /apex/com.android.os.statsd/etc/compatconfig, skipping
01-01 08:06:09.402 1100 1207 I SystemConfig: Reading permissions from /product/etc/permissions/telephony_product_privapp-permissions-qti.xml
01-01 08:06:09.402 1100 1100 D CompatConfig: No directory /apex/com.android.neuralnetworks/etc/compatconfig, skipping
01-01 08:06:09.403 1100 1100 D CompatConfig: Found a config file: /apex/com.android.mediaprovider/etc/compatconfig/media-provider-platform-compat-config.xml
01-01 08:06:09.404 1100 1100 D CompatConfig: Adding: com.android.server.compat.config.Change@fe2443a
01-01 08:06:09.405 1100 1100 D CompatConfig: Adding: com.android.server.compat.config.Change@2fce8eb
01-01 08:06:09.406 1100 1207 I SystemConfig: Reading permissions from /system_ext/etc/sysconfig/qti_whitelist_system_ext.xml
01-01 08:06:09.408 1100 1100 D CompatConfig: Adding: com.android.server.compat.config.Change@c6afce1
01-01 08:06:09.409 1100 1100 D CompatConfig: Adding: com.android.server.compat.config.Change@9a06a06
01-01 08:06:09.409 1100 1100 D CompatConfig: Adding: com.android.server.compat.config.Change@3f28c7
01-01 08:06:09.410 1100 1207 I SystemConfig: Reading permissions from /system_ext/etc/sysconfig/qti_telephony_system_packages_config.xml
01-01 08:06:09.411 1100 1100 D CompatConfig: Adding: com.android.server.compat.config.Change@839861d
01-01 08:06:09.414 1100 1100 D CompatConfig: Adding: com.android.server.compat.config.Change@ec92092
01-01 08:06:09.415 1100 1207 I SystemConfig: Reading permissions from /system_ext/etc/permissions/com.android.storagemanager.xml
01-01 08:06:09.417 1100 1207 I SystemConfig: Reading permissions from /system_ext/etc/permissions/vendor.qti.ims.rcsservice.xml
01-01 08:06:09.419 1100 1207 I SystemConfig: Reading permissions from /system_ext/etc/permissions/com.android.provision.xml
01-01 08:06:09.420 1100 1100 D CompatConfig: No directory /apex/com.android.media.swcodec/etc/compatconfig, skipping
01-01 08:06:09.421 1100 1100 D CompatConfig: No directory /apex/com.android.media/etc/compatconfig, skipping
01-01 08:06:09.421 1100 1100 D CompatConfig: No directory /apex/com.android.ipsec/etc/compatconfig, skipping
01-01 08:06:09.421 1100 1100 D CompatConfig: No directory /apex/com.android.i18n/etc/compatconfig, skipping
01-01 08:06:09.421 1100 1100 D CompatConfig: No directory /apex/com.android.extservices/etc/compatconfig, skipping
01-01 08:06:09.421 1100 1100 D CompatConfig: No directory /apex/com.android.conscrypt/etc/compatconfig, skipping
01-01 08:06:09.421 1100 1207 I SystemConfig: Reading permissions from /system_ext/etc/permissions/privapp-permissions-qti-system-ext.xml
01-01 08:06:09.423 1100 1100 D CompatConfig: Found a config file: /apex/com.android.art/etc/compatconfig/libcore-platform-compat-config.xml
01-01 08:06:09.423 1100 1207 I SystemConfig: Reading permissions from /system_ext/etc/permissions/com.thundercomm.microsettings.xml
01-01 08:06:09.424 1100 1100 D CompatConfig: Adding: com.android.server.compat.config.Change@2645bd5
01-01 08:06:09.425 1100 1100 D CompatConfig: Adding: com.android.server.compat.config.Change@4742fea
01-01 08:06:09.426 1100 1100 D CompatConfig: Adding: com.android.server.compat.config.Change@50de2db
01-01 08:06:09.426 1100 1100 D CompatConfig: Adding: com.android.server.compat.config.Change@26a8178
01-01 08:06:09.427 1100 1100 D CompatConfig: Adding: com.android.server.compat.config.Change@59be051
01-01 08:06:09.429 1100 1100 D CompatConfig: No directory /apex/com.android.appsearch/etc/compatconfig, skipping
01-01 08:06:09.429 1100 1100 D CompatConfig: No directory /apex/com.android.adbd/etc/compatconfig, skipping
01-01 08:06:09.433 1100 1207 I SystemConfig: Reading permissions from /system_ext/etc/permissions/com.qualcomm.qti.imscmservice-V2.0-java.xml
01-01 08:06:09.435 1100 1207 I SystemConfig: Reading permissions from /system_ext/etc/permissions/telephony_system-ext_privapp-permissions-qti.xml
01-01 08:06:09.436 1100 1100 D SystemServerTiming: PlatformCompat took to complete: 196ms
01-01 08:06:09.436 1100 1100 I SystemServerTiming: StartFileIntegrityService
01-01 08:06:09.436 1100 1100 I SystemServiceManager: Starting com.android.server.security.FileIntegrityService
01-01 08:06:09.437 1100 1207 I SystemConfig: Reading permissions from /system_ext/etc/permissions/embms.xml
01-01 08:06:09.439 1100 1207 I SystemConfig: Reading permissions from /system_ext/etc/permissions/com.qualcomm.qti.imscmservice.xml
01-01 08:06:09.441 1100 1207 I SystemConfig: Reading permissions from /system_ext/etc/permissions/com.hht.lebocast.xml
01-01 08:06:09.443 1100 1207 I SystemConfig: Reading permissions from /system_ext/etc/permissions/com.qualcomm.qmapbridge.xml
01-01 08:06:09.445 1100 1207 I SystemConfig: Reading permissions from /system_ext/etc/permissions/com.qualcomm.qti.izattools.xml
01-01 08:06:09.449 1100 1207 I SystemConfig: Reading permissions from /system_ext/etc/permissions/dpmapi.xml
01-01 08:06:09.450 1100 1100 D SystemServerTiming: StartFileIntegrityService took to complete: 14ms
01-01 08:06:09.450 1100 1100 I SystemServerTiming: StartInstaller
01-01 08:06:09.450 1100 1100 I SystemServiceManager: Starting com.android.server.pm.Installer
01-01 08:06:09.451 1100 1207 I SystemConfig: Reading permissions from /system_ext/etc/permissions/com.nxp.nfc.nq.xml
01-01 08:06:09.452 1100 1100 W Installer: installd not found; trying again
01-01 08:06:09.453 1100 1207 I SystemConfig: Reading permissions from /system_ext/etc/permissions/com.android.settings.xml
01-01 08:06:09.455 1100 1100 D SystemServerTiming: StartInstaller took to complete: 5ms
01-01 08:06:09.455 1100 1100 I SystemServerTiming: DeviceIdentifiersPolicyService
01-01 08:06:09.455 1100 1100 I SystemServiceManager: Starting com.android.server.os.DeviceIdentifiersPolicyService
01-01 08:06:09.456 1100 1207 I SystemConfig: Reading permissions from /system_ext/etc/permissions/com.android.emergency.xml
01-01 08:06:09.457 1100 1100 D SystemServerTiming: DeviceIdentifiersPolicyService took to complete: 2ms
01-01 08:06:09.457 1100 1100 I SystemServerTiming: UriGrantsManagerService
01-01 08:06:09.457 1100 1100 I SystemServiceManager: Starting com.android.server.uri.UriGrantsManagerService$Lifecycle
01-01 08:06:09.459 1100 1100 D SystemServerTiming: UriGrantsManagerService took to complete: 1ms
01-01 08:06:09.459 1100 1100 I SystemServerTiming: StartPowerStatsService
01-01 08:06:09.459 1100 1100 I SystemServiceManager: Starting com.android.server.powerstats.PowerStatsService
01-01 08:06:09.461 1100 1207 I SystemConfig: Reading permissions from /system_ext/etc/permissions/audiosphere.xml
01-01 08:06:09.465 1100 1207 I SystemConfig: Reading permissions from /system_ext/etc/permissions/qti_supplicant_interface.xml
01-01 08:06:09.464 0 0 I binder : 1100:1100 ioctl 40046210 7fdc6ffd54 returned -22
01-01 08:06:09.468 1100 1100 D SystemServerTiming: StartPowerStatsService took to complete: 8ms
01-01 08:06:09.468 1100 1100 I SystemServerTiming: StartIStatsService
01-01 08:06:09.470 1100 1207 I SystemConfig: Reading permissions from /system_ext/etc/permissions/com.qualcomm.location.xml
01-01 08:06:09.471 1100 1100 D SystemServerTiming: StartIStatsService took to complete: 3ms
01-01 08:06:09.471 1100 1100 I SystemServerTiming: MemtrackProxyService
01-01 08:06:09.474 1100 1207 I SystemConfig: Reading permissions from /system_ext/etc/permissions/com.qti.location.sdk.xml
01-01 08:06:09.476 1100 1207 I SystemConfig: Reading permissions from /system_ext/etc/permissions/qti_permissions.xml
01-01 08:06:09.477 1100 1100 D SystemServerTiming: MemtrackProxyService took to complete: 5ms
01-01 08:06:09.477 1100 1100 I SystemServerTiming: StartActivityManager
01-01 08:06:09.477 1100 1100 I SystemServiceManager: Starting com.android.server.wm.ActivityTaskManagerService$Lifecycle
01-01 08:06:09.478 1100 1207 I SystemConfig: Reading permissions from /system_ext/etc/permissions/izat.xt.srv.xml
01-01 08:06:09.481 1100 1207 I SystemConfig: Reading permissions from /system_ext/etc/permissions/embms-noship_product_privapp_permissions_qti.xml
01-01 08:06:09.484 1100 1207 I SystemConfig: Reading permissions from /system_ext/etc/permissions/qti_libpermissions.xml
01-01 08:06:09.486 1100 1207 I SystemConfig: Reading permissions from /system_ext/etc/permissions/com.android.systemui.xml
01-01 08:06:09.488 1100 1207 I SystemConfig: Reading permissions from /system_ext/etc/permissions/privapp-permissions-com.qualcomm.location.xml
01-01 08:06:09.489 1100 1100 I SystemServiceManager: Starting com.android.server.am.ActivityManagerService$Lifecycle
01-01 08:06:09.491 1100 1207 I SystemConfig: Reading permissions from /system_ext/etc/permissions/com.qualcomm.qti.imscmservice-V2.2-java.xml
01-01 08:06:09.494 1100 1207 I SystemConfig: Reading permissions from /system_ext/etc/permissions/android.software.verified_boot.xml
01-01 08:06:09.497 1100 1207 I SystemConfig: Reading permissions from /system_ext/etc/permissions/com.qualcomm.qti.imscmservice-V2.1-java.xml
01-01 08:06:09.498 1100 1207 I SystemConfig: Reading permissions from /system_ext/etc/permissions/com.qti.dpmframework.xml
01-01 08:06:09.501 1100 1207 I SystemConfig: Reading permissions from /system_ext/etc/permissions/com.android.launcher3.xml
01-01 08:06:09.501 1100 1100 I ActivityManager: Memory class: 256
01-01 08:06:09.503 1100 1207 I SystemConfig: Reading permissions from /system_ext/etc/permissions/privapp-permissions-aptxals.xml
01-01 08:06:09.508 1100 1207 I SystemConfig: Reading permissions from /system_ext/etc/permissions/com.qti.media.secureprocessor.xml
01-01 08:06:09.508 1100 1214 I Binder : Setting heavy hitter watcher config: false, 0, 0.0
01-01 08:06:09.509 1100 1207 I SystemConfig: Reading permissions from /system_ext/etc/permissions/wfd-system-ext-privapp-permissions-qti.xml
01-01 08:06:09.515 1100 1207 I SystemConfig: Reading permissions from /apex/com.android.ipsec/etc/permissions/android.net.ipsec.ike.xml
01-01 08:06:09.521 1100 1207 D SystemConfig: readAllPermissions took to complete: 281ms
01-01 08:06:09.521 1100 1207 D SystemServerInitThreadPool: Finished executing ReadingSystemConfig
01-01 08:06:09.521 1100 1207 D SystemServerTimingAsync: InitThreadPoolExec:ReadingSystemConfig took to complete: 281ms
01-01 08:06:09.563 1100 1100 D BatteryStatsImpl: Reading daily items from /data/system/batterystats-daily.xml
01-01 08:06:09.578 1100 1223 I KernelCpuUidFreqTimeReader: mPerClusterTimesAvailable=false
01-01 08:06:09.584 1100 1223 W KernelCpuUidFreqTimeBpfMapReader: Failed to start tracking
01-01 08:06:09.595 1100 1223 W KernelCpuUidActiveTimeBpfMapReader: Failed to start tracking
01-01 08:06:09.598 1100 1223 W KernelCpuUidClusterTimeBpfMapReader: Failed to start tracking
01-01 08:06:09.599 1100 1223 E KernelCpuSpeedReader: Failed to read cpu-freq: /sys/devices/system/cpu/cpu4/cpufreq/stats/time_in_state: open failed: ENOENT (No such file or directory)
01-01 08:06:09.599 1100 1223 E KernelCpuSpeedReader: Failed to read cpu-freq: /sys/devices/system/cpu/cpu0/cpufreq/stats/time_in_state: open failed: ENOENT (No such file or directory)
01-01 08:06:09.596 577 577 I auditd : type=1400 audit(0.0:49): avc: denied { read } for comm="Binder:577_2" name="wakeup58" dev="sysfs" ino=77962 scontext=u:r:system_suspend:s0 tcontext=u:object_r:sysfs:s0 tclass=dir permissive=0
01-01 08:06:09.596 577 577 I auditd : type=1400 audit(0.0:50): avc: denied { read } for comm="Binder:577_2" name="wakeup48" dev="sysfs" ino=73321 scontext=u:r:system_suspend:s0 tcontext=u:object_r:sysfs:s0 tclass=dir permissive=0
01-01 08:06:09.596 577 577 I auditd : type=1400 audit(0.0:51): avc: denied { read } for comm="Binder:577_2" name="wakeup4" dev="sysfs" ino=47137 scontext=u:r:system_suspend:s0 tcontext=u:object_r:sysfs:s0 tclass=dir permissive=0
01-01 08:06:09.596 577 577 I auditd : type=1400 audit(0.0:52): avc: denied { read } for comm="Binder:577_2" name="wakeup38" dev="sysfs" ino=67682 scontext=u:r:system_suspend:s0 tcontext=u:object_r:sysfs:s0 tclass=dir permissive=0
01-01 08:06:09.600 577 577 I auditd : type=1400 audit(0.0:53): avc: denied { read } for comm="Binder:577_2" name="wakeup28" dev="sysfs" ino=56577 scontext=u:r:system_suspend:s0 tcontext=u:object_r:sysfs:s0 tclass=dir permissive=0
01-01 08:06:09.600 577 577 I auditd : type=1400 audit(0.0:54): avc: denied { read } for comm="Binder:577_2" name="wakeup56" dev="sysfs" ino=77890 scontext=u:r:system_suspend:s0 tcontext=u:object_r:sysfs:s0 tclass=dir permissive=0
01-01 08:06:09.600 577 577 I auditd : type=1400 audit(0.0:55): avc: denied { read } for comm="Binder:577_2" name="wakeup2" dev="sysfs" ino=46661 scontext=u:r:system_suspend:s0 tcontext=u:object_r:sysfs:s0 tclass=dir permissive=0
01-01 08:06:09.604 577 577 I auditd : type=1400 audit(0.0:56): avc: denied { read } for comm="Binder:577_2" name="wakeup54" dev="sysfs" ino=77818 scontext=u:r:system_suspend:s0 tcontext=u:object_r:sysfs:s0 tclass=dir permissive=0
01-01 08:06:09.604 577 577 I auditd : type=1400 audit(0.0:57): avc: denied { read } for comm="Binder:577_2" name="wakeup44" dev="sysfs" ino=72104 scontext=u:r:system_suspend:s0 tcontext=u:object_r:sysfs:s0 tclass=dir permissive=0
01-01 08:06:09.604 577 577 I auditd : type=1400 audit(0.0:58): avc: denied { read } for comm="Binder:577_2" name="wakeup0" dev="sysfs" ino=43869 scontext=u:r:system_suspend:s0 tcontext=u:object_r:sysfs:s0 tclass=dir permissive=0
01-01 08:06:09.608 577 577 I auditd : type=1400 audit(0.0:59): avc: denied { read } for comm="Binder:577_2" name="wakeup62" dev="sysfs" ino=78118 scontext=u:r:system_suspend:s0 tcontext=u:object_r:sysfs:s0 tclass=dir permissive=0
01-01 08:06:09.608 577 577 I auditd : type=1400 audit(0.0:60): avc: denied { read } for comm="Binder:577_2" name="wakeup52" dev="sysfs" ino=77746 scontext=u:r:system_suspend:s0 tcontext=u:object_r:sysfs:s0 tclass=dir permissive=0
01-01 08:06:09.608 577 577 I auditd : type=1400 audit(0.0:61): avc: denied { read } for comm="Binder:577_2" name="wakeup9" dev="sysfs" ino=55561 scontext=u:r:system_suspend:s0 tcontext=u:object_r:sysfs:s0 tclass=dir permissive=0
01-01 08:06:09.612 577 577 I auditd : type=1400 audit(0.0:62): avc: denied { read } for comm="Binder:577_2" name="wakeup32" dev="sysfs" ino=57024 scontext=u:r:system_suspend:s0 tcontext=u:object_r:sysfs:s0 tclass=dir permissive=0
01-01 08:06:09.612 577 577 I auditd : type=1400 audit(0.0:63): avc: denied { read } for comm="Binder:577_2" name="wakeup60" dev="sysfs" ino=78046 scontext=u:r:system_suspend:s0 tcontext=u:object_r:sysfs:s0 tclass=dir permissive=0
01-01 08:06:09.612 577 577 I auditd : type=1400 audit(0.0:64): avc: denied { read } for comm="Binder:577_2" name="wakeup50" dev="sysfs" ino=77672 scontext=u:r:system_suspend:s0 tcontext=u:object_r:sysfs:s0 tclass=dir permissive=0
01-01 08:06:09.612 577 577 I auditd : type=1400 audit(0.0:65): avc: denied { read } for comm="Binder:577_2" name="wakeup7" dev="sysfs" ino=55457 scontext=u:r:system_suspend:s0 tcontext=u:object_r:sysfs:s0 tclass=dir permissive=0
01-01 08:06:09.616 577 577 I auditd : type=1400 audit(0.0:66): avc: denied { read } for comm="Binder:577_2" name="wakeup40" dev="sysfs" ino=67874 scontext=u:r:system_suspend:s0 tcontext=u:object_r:sysfs:s0 tclass=dir permissive=0
01-01 08:06:09.616 577 577 I auditd : type=1400 audit(0.0:67): avc: denied { read } for comm="Binder:577_2" name="wakeup30" dev="sysfs" ino=56792 scontext=u:r:system_suspend:s0 tcontext=u:object_r:sysfs:s0 tclass=dir permissive=0
01-01 08:06:09.616 577 577 I auditd : type=1400 audit(0.0:68): avc: denied { read } for comm="Binder:577_2" name="wakeup59" dev="sysfs" ino=78010 scontext=u:r:system_suspend:s0 tcontext=u:object_r:sysfs:s0 tclass=dir permissive=0
01-01 08:06:09.610 0 0 E wlan : Loading driver v5.2.022.10G +TIMER_MANAGER +MEMORY_DEBUG +PANIC_ON_BUG; 2023-01-19T12:45:47Z; cld:; cmn:;
01-01 08:06:09.620 577 577 I auditd : type=1400 audit(0.0:69): avc: denied { read } for comm="Binder:577_2" name="wakeup5" dev="sysfs" ino=47169 scontext=u:r:system_suspend:s0 tcontext=u:object_r:sysfs:s0 tclass=dir permissive=0
01-01 08:06:09.620 577 577 I auditd : type=1400 audit(0.0:70): avc: denied { read } for comm="Binder:577_2" name="wakeup39" dev="sysfs" ino=67838 scontext=u:r:system_suspend:s0 tcontext=u:object_r:sysfs:s0 tclass=dir permissive=0
01-01 08:06:09.624 577 577 I auditd : type=1400 audit(0.0:71): avc: denied { read } for comm="Binder:577_2" name="wakeup29" dev="sysfs" ino=56686 scontext=u:r:system_suspend:s0 tcontext=u:object_r:sysfs:s0 tclass=dir permissive=0
01-01 08:06:09.624 577 577 I auditd : type=1400 audit(0.0:72): avc: denied { read } for comm="Binder:577_2" name="wakeup57" dev="sysfs" ino=77926 scontext=u:r:system_suspend:s0 tcontext=u:object_r:sysfs:s0 tclass=dir permissive=0
01-01 08:06:09.624 577 577 I auditd : type=1400 audit(0.0:73): avc: denied { read } for comm="Binder:577_2" name="wakeup19" dev="sysfs" ino=56006 scontext=u:r:system_suspend:s0 tcontext=u:object_r:sysfs:s0 tclass=dir permissive=0
01-01 08:06:09.628 577 577 I auditd : type=1400 audit(0.0:74): avc: denied { read } for comm="Binder:577_2" name="wakeup37" dev="sysfs" ino=67113 scontext=u:r:system_suspend:s0 tcontext=u:object_r:sysfs:s0 tclass=dir permissive=0
01-01 08:06:09.628 577 577 I auditd : type=1400 audit(0.0:75): avc: denied { read } for comm="Binder:577_2" name="wakeup27" dev="sysfs" ino=56543 scontext=u:r:system_suspend:s0 tcontext=u:object_r:sysfs:s0 tclass=dir permissive=0
