01-19 11:28:16.599 1100 1214 D CompatibilityInfo: mCompatibilityFlags - 4
01-19 11:28:16.599 1100 1214 D CompatibilityInfo: applicationDensity - 240
01-19 11:28:16.599 1100 1214 D CompatibilityInfo: applicationScale - 1.0
01-19 11:28:16.604 3007 3007 I hpplay : [main]:BootReceiver:onReceive android.intent.action.BOOT_COMPLETED
01-19 11:28:16.608 1100 1136 D CompatibilityInfo: mCompatibilityFlags - 4
01-19 11:28:16.608 1100 1136 D CompatibilityInfo: applicationDensity - 240
01-19 11:28:16.608 1100 1136 D CompatibilityInfo: applicationScale - 1.0
01-19 11:28:16.617 3007 3007 I hpplay : [main]:CastService:onCreate
01-19 11:28:16.617 1100 1136 I am_uid_running: 10082
01-19 11:28:16.618 1100 1136 D CompatibilityChangeReporter: Compat change id reported: 135634846; UID 10082; state: DISABLED
01-19 11:28:16.619 1100 1136 D CompatibilityChangeReporter: Compat change id reported: 177438394; UID 10082; state: DISABLED
01-19 11:28:16.619 1100 1136 D CompatibilityChangeReporter: Compat change id reported: 135772972; UID 10082; state: DISABLED
01-19 11:28:16.620 1100 1136 D CompatibilityChangeReporter: Compat change id reported: 135754954; UID 10082; state: ENABLED
01-19 11:28:16.620 1100 1216 D CompatibilityChangeReporter: Compat change id reported: 143937733; UID 10082; state: ENABLED
01-19 11:28:16.628 3007 3007 I hpplay-java: [main]:LelinkCastWrapper:LelinkCastImpl context/key: com.hht.lebocast.CastApplication@783c5b9/21409,soPath:null,sdcardDataDir:null
01-19 11:28:16.636 654 665 I mpu_uart: [MSG-P:RECV]:No message received in 1000 ms
01-19 11:28:16.641 3007 3007 I hpplay-java: [main]:ContextPath:initDirs,appPath:/system_ext/app/TCCast
01-19 11:28:16.662 1100 1136 D CompatibilityChangeReporter: Compat change id reported: 149924527; UID 10090; state: ENABLED
01-19 11:28:16.662 1100 1136 D CompatibilityChangeReporter: Compat change id reported: 132649864; UID 10090; state: DISABLED
01-19 11:28:16.664 2993 3276 E MediaProvider: Creating a non-default top level directory or deleting an existing one is not allowed!
01-19 11:28:16.668 2993 3276 E MediaProvider: Creating a non-default top level directory or deleting an existing one is not allowed!
01-19 11:28:16.668 678 678 D Zygote : Forked child process 3809
01-19 11:28:16.669 1100 1216 W ActivityManager: Slow operation: 51ms so far, now at startProcess: returned from zygote!
01-19 11:28:16.669 1100 1216 W ActivityManager: Slow operation: 52ms so far, now at startProcess: done updating battery stats
01-19 11:28:16.669 1100 1216 I am_proc_start: [0,3809,10082,com.qti.ltebc,broadcast,{com.qti.ltebc/com.qualcomm.ltebc.LTEBroadcastBootReceiver}]
01-19 11:28:16.669 1100 1216 W ActivityManager: Slow operation: 52ms so far, now at startProcess: building log message
01-19 11:28:16.669 1100 1216 I ActivityManager: Start proc 3809:com.qti.ltebc/u0a82 for broadcast {com.qti.ltebc/com.qualcomm.ltebc.LTEBroadcastBootReceiver}
01-19 11:28:16.669 1100 1216 W ActivityManager: Slow operation: 52ms so far, now at startProcess: starting to update pids map
01-19 11:28:16.669 1100 1216 W ActivityManager: Slow operation: 52ms so far, now at startProcess: done updating pids map
01-19 11:28:16.682 2993 3279 E MediaProvider: Creating a non-default top level directory or deleting an existing one is not allowed!
01-19 11:28:16.686 2993 3279 E MediaProvider: Creating a non-default top level directory or deleting an existing one is not allowed!
01-19 11:28:16.700 2993 3276 E MediaProvider: Creating a non-default top level directory or deleting an existing one is not allowed!
01-19 11:28:16.703 2993 3276 E MediaProvider: Creating a non-default top level directory or deleting an existing one is not allowed!
01-19 11:28:16.715 2993 3279 E MediaProvider: Creating a non-default top level directory or deleting an existing one is not allowed!
01-19 11:28:16.718 2993 3279 E MediaProvider: Creating a non-default top level directory or deleting an existing one is not allowed!
01-19 11:28:16.724 2907 2922 I adbd : jdwp connection from 3809
01-19 11:28:16.732 2993 3276 E MediaProvider: Creating a non-default top level directory or deleting an existing one is not allowed!
01-19 11:28:16.734 2993 3276 E MediaProvider: Creating a non-default top level directory or deleting an existing one is not allowed!
01-19 11:28:16.735 3809 3809 D ProcessState: Binder ioctl to enable oneway spam detection failed: Invalid argument
01-01 08:06:33.170 0 0 I binder : 3809:3809 ioctl 40046210 7fdc700314 returned -22
01-19 11:28:16.748 2993 3279 E MediaProvider: Creating a non-default top level directory or deleting an existing one is not allowed!
01-19 11:28:16.749 1100 1136 I am_proc_bound: [0,3809,com.qti.ltebc]
01-19 11:28:16.751 2993 3279 E MediaProvider: Creating a non-default top level directory or deleting an existing one is not allowed!
01-19 11:28:16.752 1100 1136 D CompatibilityChangeReporter: Compat change id reported: 168419799; UID 10082; state: DISABLED
01-19 11:28:16.753 1100 1136 D CompatibilityInfo: mCompatibilityFlags - 4
01-19 11:28:16.753 1100 1136 D CompatibilityInfo: applicationDensity - 240
01-19 11:28:16.753 1100 1136 D CompatibilityInfo: applicationScale - 1.0
01-19 11:28:16.753 3007 3007 I hpplay-java: [main]:ContextPath:initDirs,libPathParent:/data/user/0/com.hht.lebocast
01-19 11:28:16.755 3007 3007 I hpplay-java: [main]:ModuleLoader:loadClass
01-19 11:28:16.757 3007 3825 I hpplay-java: [AsyncTask #1]:ModuleLoader:checkDex API_VERSION:60146, BU_VERSION:25915
01-19 11:28:16.760 1100 1136 I am_uid_active: 10082
01-19 11:28:16.763 3007 3007 I hpplay : [main]:Utils:getIPAddress: 192.168.4.16
01-19 11:28:16.763 3007 3007 I hpplay : [main]:Utils:getIPAddress: 192.168.11.36
01-19 11:28:16.763 3007 3007 I hpplay : [main]:Utils:getIPAddress: 192.168.8.16
01-19 11:28:16.763 3007 3007 I hpplay : [main]:Utils:getIPAddress: 192.168.11.16
01-19 11:28:16.763 3007 3007 I hpplay : [main]:Utils:getIPAddress: 192.168.11.35
01-19 11:28:16.763 3007 3007 I hpplay : [main]:Utils:ip: 35
01-19 11:28:16.764 3007 3007 I hpplay : [main]:Utils:createDeviceName: 高合娱乐副屏
01-19 11:28:16.764 3007 3007 I hpplay : [main]:LelinkHelper:startServer mCurrentName: newName: 高合娱乐副屏
01-19 11:28:16.764 3007 3007 I hpplay-java: [main]:LelinkCastWrapper:startServer mSDKLoadState: 0
01-19 11:28:16.764 3007 3007 I hpplay-java: [main]:LelinkCastWrapper:startServer will do later because of load SDK STATE_IDLE
01-19 11:28:16.764 1100 1136 D CompatibilityInfo: mCompatibilityFlags - 4
01-19 11:28:16.764 1100 1136 D CompatibilityInfo: applicationDensity - 240
01-19 11:28:16.764 1100 1136 D CompatibilityInfo: applicationScale - 1.0
01-19 11:28:16.779 3007 3825 I hpplay-java: [AsyncTask #1]:ModuleLoader:getVersionCode version:1
01-19 11:28:16.780 3809 3809 D CompatibilityChangeReporter: Compat change id reported: 171979766; UID 10082; state: ENABLED
01-19 11:28:16.810 2993 3276 E MediaProvider: Creating a non-default top level directory or deleting an existing one is not allowed!
01-19 11:28:16.813 2993 3276 E MediaProvider: Creating a non-default top level directory or deleting an existing one is not allowed!
01-19 11:28:16.816 3007 3825 I hpplay-java: [AsyncTask #1]:ModuleLoader:cleanUpdateFolders info.getAbsolutePath():/data/user/0/com.hht.lebocast/files/hpplay/hpdata/60146/25915
01-19 11:28:16.816 3007 3825 I hpplay-java: [AsyncTask #1]:ModuleLoader:cleanUpdateFolders version:25915,BU_VERSION_CODE:25915
01-19 11:28:16.825 3007 3825 I hpplay-java: [AsyncTask #1]:APIFileUtil:api:60146
01-19 11:28:16.825 3007 3825 I hpplay-java: bu:25915
01-19 11:28:16.825 3007 3825 I hpplay-java: bu.dat:8e341f457a45b8f69e4cc88b37633a3c
01-19 11:28:16.825 3007 3825 I hpplay-java: [AsyncTask #1]:APIFileUtil:getMd5ByFile: /data/user/0/com.hht.lebocast/files/hpplay/hpdata/60146/25915/bu.dex
01-19 11:28:16.829 1100 1947 I GameModeConfig: isGameModeOn = false
01-19 11:28:16.842 3007 3825 I hpplay-java: [AsyncTask #1]:APIFileUtil:getMd5ByFile: 8e341f457a45b8f69e4cc88b37633a3c
01-19 11:28:16.843 3007 3825 I hpplay-java: [AsyncTask #1]:APIFileUtil:getMd5ByFile: /data/user/0/com.hht.lebocast/files/hpplay/hpdata/60146/25915/liblelink.so
01-19 11:28:16.845 3007 3825 I hpplay-java: [AsyncTask #1]:APIFileUtil:api:60146
01-19 11:28:16.845 3007 3825 I hpplay-java: bu:25915
01-19 11:28:16.845 3007 3825 I hpplay-java: bu.dat:8e341f457a45b8f69e4cc88b37633a3c
01-19 11:28:16.845 3007 3825 I hpplay-java: [AsyncTask #1]:APIFileUtil:getMd5ByFile: /data/user/0/com.hht.lebocast/files/hpplay/hpdata/60146/25915/bu.dex
01-19 11:28:16.851 3007 3825 I hpplay-java: [AsyncTask #1]:APIFileUtil:getMd5ByFile: 8e341f457a45b8f69e4cc88b37633a3c
01-19 11:28:16.851 3007 3825 I hpplay-java: [AsyncTask #1]:APIFileUtil:getMd5ByFile: /data/user/0/com.hht.lebocast/files/hpplay/hpdata/60146/25915/liblelink.so
01-19 11:28:16.851 3007 3825 I hpplay-java: [AsyncTask #1]:ModuleLoader:checkDex cleanedFolders size:1
01-19 11:28:16.873 2993 3276 E MediaProvider: Creating a non-default top level directory or deleting an existing one is not allowed!
01-19 11:28:16.875 2993 3276 E MediaProvider: Creating a non-default top level directory or deleting an existing one is not allowed!
01-19 11:28:16.880 3007 3825 W hpplay-java: [AsyncTask #1]:APIFileUtil:java.io.FileNotFoundException: /storage/emulated/0/com.hht.lebocast/sink/sdk/hpdata/60146/25915/bu.dex: open failed: ENOENT (No such file or directory)
01-19 11:28:16.880 3007 3825 W hpplay-java: at libcore.io.IoBridge.open(IoBridge.java:575)
01-19 11:28:16.880 3007 3825 W hpplay-java: at java.io.FileOutputStream.(FileOutputStream.java:236)
01-19 11:28:16.880 3007 3825 W hpplay-java: at java.io.FileOutputStream.(FileOutputStream.java:186)
01-19 11:28:16.880 3007 3825 W hpplay-java: at com.hpplay.sdk.sink.util.APIFileUtil.a(SourceFile:4)
01-19 11:28:16.880 3007 3825 W hpplay-java: at com.hpplay.sdk.sink.util.APIFileUtil.a(SourceFile:34)
01-19 11:28:16.880 3007 3825 W hpplay-java: at com.hpplay.sdk.sink.proxy.ModuleLoader.c(SourceFile:12)
01-19 11:28:16.880 3007 3825 W hpplay-java: at com.hpplay.sdk.sink.proxy.ModuleLoader.d(SourceFile:14)
01-19 11:28:16.880 3007 3825 W hpplay-java: at com.hpplay.sdk.sink.proxy.ModuleLoader.c(SourceFile:1)
01-19 11:28:16.880 3007 3825 W hpplay-java: at com.hpplay.sdk.sink.proxy.ModuleLoader$2.call(SourceFile:1)
01-19 11:28:16.880 3007 3825 W hpplay-java: at com.hpplay.common.asyncmanager.AsyncCallableJob.doInBackground(SourceFile:1)
01-19 11:28:16.880 3007 3825 W hpplay-java: at android.os.AsyncTask$3.call(AsyncTask.java:394)
01-19 11:28:16.880 3007 3825 W hpplay-java: at java.util.concurrent.FutureTask.run(FutureTask.java:266)
01-19 11:28:16.880 3007 3825 W hpplay-java: at java.util.concurrent.ThreadPoolExecutor.runWorker(ThreadPoolExecutor.java:1167)
01-19 11:28:16.880 3007 3825 W hpplay-java: at java.util.concurrent.ThreadPoolExecutor$Worker.run(ThreadPoolExecutor.java:641)
01-19 11:28:16.880 3007 3825 W hpplay-java: at java.lang.Thread.run(Thread.java:920)
01-19 11:28:16.880 3007 3825 W hpplay-java: Caused by: android.system.ErrnoException: open failed: ENOENT (No such file or directory)
01-19 11:28:16.880 3007 3825 W hpplay-java: at libcore.io.Linux.open(Native Method)
01-19 11:28:16.880 3007 3825 W hpplay-java: at libcore.io.ForwardingOs.open(ForwardingOs.java:567)
01-19 11:28:16.880 3007 3825 W hpplay-java: at libcore.io.BlockGuardOs.open(BlockGuardOs.java:273)
01-19 11:28:16.880 3007 3825 W hpplay-java: at libcore.io.ForwardingOs.open(ForwardingOs.java:567)
01-19 11:28:16.880 3007 3825 W hpplay-java: at android.app.ActivityThread$AndroidOs.open(ActivityThread.java:7766)
01-19 11:28:16.880 3007 3825 W hpplay-java: at libcore.io.IoBridge.open(IoBridge.java:561)
01-19 11:28:16.880 3007 3825 W hpplay-java: ... 14 more
01-19 11:28:16.881 3007 3825 W hpplay-java: [AsyncTask #1]:APIFileUtil:java.io.FileNotFoundException: /storage/emulated/0/com.hht.lebocast/sink/sdk/hpdata/60146/25915/config.dat: open failed: ENOENT (No such file or directory)
01-19 11:28:16.881 3007 3825 W hpplay-java: at libcore.io.IoBridge.open(IoBridge.java:575)
01-19 11:28:16.881 3007 3825 W hpplay-java: at java.io.FileOutputStream.(FileOutputStream.java:236)
01-19 11:28:16.881 3007 3825 W hpplay-java: at java.io.FileOutputStream.(FileOutputStream.java:186)
01-19 11:28:16.881 3007 3825 W hpplay-java: at com.hpplay.sdk.sink.util.APIFileUtil.a(SourceFile:4)
01-19 11:28:16.881 3007 3825 W hpplay-java: at com.hpplay.sdk.sink.util.APIFileUtil.a(SourceFile:34)
01-19 11:28:16.881 3007 3825 W hpplay-java: at com.hpplay.sdk.sink.proxy.ModuleLoader.c(SourceFile:12)
01-19 11:28:16.881 3007 3825 W hpplay-java: at com.hpplay.sdk.sink.proxy.ModuleLoader.d(SourceFile:14)
01-19 11:28:16.881 3007 3825 W hpplay-java: at com.hpplay.sdk.sink.proxy.ModuleLoader.c(SourceFile:1)
01-19 11:28:16.881 3007 3825 W hpplay-java: at com.hpplay.sdk.sink.proxy.ModuleLoader$2.call(SourceFile:1)
01-19 11:28:16.881 3007 3825 W hpplay-java: at com.hpplay.common.asyncmanager.AsyncCallableJob.doInBackground(SourceFile:1)
01-19 11:28:16.881 3007 3825 W hpplay-java: at android.os.AsyncTask$3.call(AsyncTask.java:394)
01-19 11:28:16.881 3007 3825 W hpplay-java: at java.util.concurrent.FutureTask.run(FutureTask.java:266)
01-19 11:28:16.881 3007 3825 W hpplay-java: at java.util.concurrent.ThreadPoolExecutor.runWorker(ThreadPoolExecutor.java:1167)
01-19 11:28:16.881 3007 3825 W hpplay-java: at java.util.concurrent.ThreadPoolExecutor$Worker.run(ThreadPoolExecutor.java:641)
01-19 11:28:16.881 3007 3825 W hpplay-java: at java.lang.Thread.run(Thread.java:920)
01-19 11:28:16.881 3007 3825 W hpplay-java: Caused by: android.system.ErrnoException: open failed: ENOENT (No such file or directory)
01-19 11:28:16.881 3007 3825 W hpplay-java: at libcore.io.Linux.open(Native Method)
01-19 11:28:16.881 3007 3825 W hpplay-java: at libcore.io.ForwardingOs.open(ForwardingOs.java:567)
01-19 11:28:16.881 3007 3825 W hpplay-java: at libcore.io.BlockGuardOs.open(BlockGuardOs.java:273)
01-19 11:28:16.881 3007 3825 W hpplay-java: at libcore.io.ForwardingOs.open(ForwardingOs.java:567)
01-19 11:28:16.881 3007 3825 W hpplay-java: at android.app.ActivityThread$AndroidOs.open(ActivityThread.java:7766)
01-19 11:28:16.881 3007 3825 W hpplay-java: at libcore.io.IoBridge.open(IoBridge.java:561)
01-19 11:28:16.881 3007 3825 W hpplay-java: ... 14 more
01-19 11:28:16.904 2993 3276 E MediaProvider: Creating a non-default top level directory or deleting an existing one is not allowed!
01-19 11:28:16.908 2993 3276 E MediaProvider: Creating a non-default top level directory or deleting an existing one is not allowed!
01-19 11:28:16.915 3809 3809 I Perf : Connecting to perf service.
01-19 11:28:16.930 3809 3809 V GraphicsEnvironment: ANGLE Developer option for 'com.qti.ltebc' set to: 'default'
01-19 11:28:16.932 2993 3279 E MediaProvider: Creating a non-default top level directory or deleting an existing one is not allowed!
01-19 11:28:16.932 3809 3809 V GraphicsEnvironment: ANGLE GameManagerService for com.qti.ltebc: false
01-19 11:28:16.935 2993 3279 E MediaProvider: Creating a non-default top level directory or deleting an existing one is not allowed!
01-19 11:28:16.935 3809 3809 D NetworkSecurityConfig: Using Network Security Config from resource network_security_config debugBuild: false
01-19 11:28:16.939 3809 3809 D NetworkSecurityConfig: Using Network Security Config from resource network_security_config debugBuild: false
01-19 11:28:16.942 3007 3825 W hpplay-java: [AsyncTask #1]:APIFileUtil:java.io.FileNotFoundException: /storage/emulated/0/com.hht.lebocast/sink/sdk/hpdata/60146/25915/oat/bu.dex.cur.prof: open failed: ENOENT (No such file or directory)
01-19 11:28:16.942 3007 3825 W hpplay-java: at libcore.io.IoBridge.open(IoBridge.java:575)
01-19 11:28:16.942 3007 3825 W hpplay-java: at java.io.FileOutputStream.(FileOutputStream.java:236)
01-19 11:28:16.942 3007 3825 W hpplay-java: at java.io.FileOutputStream.(FileOutputStream.java:186)
01-19 11:28:16.942 3007 3825 W hpplay-java: at com.hpplay.sdk.sink.util.APIFileUtil.a(SourceFile:4)
01-19 11:28:16.942 3007 3825 W hpplay-java: at com.hpplay.sdk.sink.util.APIFileUtil.a(SourceFile:34)
01-19 11:28:16.942 3007 3825 W hpplay-java: at com.hpplay.sdk.sink.util.APIFileUtil.a(SourceFile:38)
01-19 11:28:16.942 3007 3825 W hpplay-java: at com.hpplay.sdk.sink.proxy.ModuleLoader.c(SourceFile:12)
01-19 11:28:16.942 3007 3825 W hpplay-java: at com.hpplay.sdk.sink.proxy.ModuleLoader.d(SourceFile:14)
01-19 11:28:16.942 3007 3825 W hpplay-java: at com.hpplay.sdk.sink.proxy.ModuleLoader.c(SourceFile:1)
01-19 11:28:16.942 3007 3825 W hpplay-java: at com.hpplay.sdk.sink.proxy.ModuleLoader$2.call(SourceFile:1)
01-19 11:28:16.942 3007 3825 W hpplay-java: at com.hpplay.common.asyncmanager.AsyncCallableJob.doInBackground(SourceFile:1)
01-19 11:28:16.942 3007 3825 W hpplay-java: at android.os.AsyncTask$3.call(AsyncTask.java:394)
01-19 11:28:16.942 3007 3825 W hpplay-java: at java.util.concurrent.FutureTask.run(FutureTask.java:266)
01-19 11:28:16.942 3007 3825 W hpplay-java: at java.util.concurrent.ThreadPoolExecutor.runWorker(ThreadPoolExecutor.java:1167)
01-19 11:28:16.942 3007 3825 W hpplay-java: at java.util.concurrent.ThreadPoolExecutor$Worker.run(ThreadPoolExecutor.java:641)
01-19 11:28:16.942 3007 3825 W hpplay-java: at java.lang.Thread.run(Thread.java:920)
01-19 11:28:16.942 3007 3825 W hpplay-java: Caused by: android.system.ErrnoException: open failed: ENOENT (No such file or directory)
01-19 11:28:16.942 3007 3825 W hpplay-java: at libcore.io.Linux.open(Native Method)
01-19 11:28:16.942 3007 3825 W hpplay-java: at libcore.io.ForwardingOs.open(ForwardingOs.java:567)
01-19 11:28:16.942 3007 3825 W hpplay-java: at libcore.io.BlockGuardOs.open(BlockGuardOs.java:273)
01-19 11:28:16.942 3007 3825 W hpplay-java: at libcore.io.ForwardingOs.open(ForwardingOs.java:567)
01-19 11:28:16.942 3007 3825 W hpplay-java: at android.app.ActivityThread$AndroidOs.open(ActivityThread.java:7766)
01-19 11:28:16.942 3007 3825 W hpplay-java: at libcore.io.IoBridge.open(IoBridge.java:561)
01-19 11:28:16.942 3007 3825 W hpplay-java: ... 15 more
01-19 11:28:16.952 3809 3809 D LTE Application: getLibraryName = msp
01-19 11:28:16.974 2993 3276 E MediaProvider: Creating a non-default top level directory or deleting an existing one is not allowed!
01-19 11:28:16.977 2993 3276 E MediaProvider: Creating a non-default top level directory or deleting an existing one is not allowed!
01-19 11:28:16.984 3007 3825 W hpplay-java: [AsyncTask #1]:APIFileUtil:java.io.FileNotFoundException: /storage/emulated/0/com.hht.lebocast/sink/sdk/hpdata/60146/25915/oat/arm/bu.vdex: open failed: ENOENT (No such file or directory)
01-19 11:28:16.984 3007 3825 W hpplay-java: at libcore.io.IoBridge.open(IoBridge.java:575)
01-19 11:28:16.984 3007 3825 W hpplay-java: at java.io.FileOutputStream.(FileOutputStream.java:236)
01-19 11:28:16.984 3007 3825 W hpplay-java: at java.io.FileOutputStream.(FileOutputStream.java:186)
01-19 11:28:16.984 3007 3825 W hpplay-java: at com.hpplay.sdk.sink.util.APIFileUtil.a(SourceFile:4)
01-19 11:28:16.984 3007 3825 W hpplay-java: at com.hpplay.sdk.sink.util.APIFileUtil.a(SourceFile:34)
01-19 11:28:16.984 3007 3825 W hpplay-java: at com.hpplay.sdk.sink.util.APIFileUtil.a(SourceFile:38)
01-19 11:28:16.984 3007 3825 W hpplay-java: at com.hpplay.sdk.sink.util.APIFileUtil.a(SourceFile:38)
01-19 11:28:16.984 3007 3825 W hpplay-java: at com.hpplay.sdk.sink.proxy.ModuleLoader.c(SourceFile:12)
01-19 11:28:16.984 3007 3825 W hpplay-java: at com.hpplay.sdk.sink.proxy.ModuleLoader.d(SourceFile:14)
01-19 11:28:16.984 3007 3825 W hpplay-java: at com.hpplay.sdk.sink.proxy.ModuleLoader.c(SourceFile:1)
01-19 11:28:16.984 3007 3825 W hpplay-java: at com.hpplay.sdk.sink.proxy.ModuleLoader$2.call(SourceFile:1)
01-19 11:28:16.984 3007 3825 W hpplay-java: at com.hpplay.common.asyncmanager.AsyncCallableJob.doInBackground(SourceFile:1)
01-19 11:28:16.984 3007 3825 W hpplay-java: at android.os.AsyncTask$3.call(AsyncTask.java:394)
01-19 11:28:16.984 3007 3825 W hpplay-java: at java.util.concurrent.FutureTask.run(FutureTask.java:266)
01-19 11:28:16.984 3007 3825 W hpplay-java: at java.util.concurrent.ThreadPoolExecutor.runWorker(ThreadPoolExecutor.java:1167)
01-19 11:28:16.984 3007 3825 W hpplay-java: at java.util.concurrent.ThreadPoolExecutor$Worker.run(ThreadPoolExecutor.java:641)
01-19 11:28:16.984 3007 3825 W hpplay-java: at java.lang.Thread.run(Thread.java:920)
01-19 11:28:16.984 3007 3825 W hpplay-java: Caused by: android.system.ErrnoException: open failed: ENOENT (No such file or directory)
01-19 11:28:16.984 3007 3825 W hpplay-java: at libcore.io.Linux.open(Native Method)
01-19 11:28:16.984 3007 3825 W hpplay-java: at libcore.io.ForwardingOs.open(ForwardingOs.java:567)
01-19 11:28:16.984 3007 3825 W hpplay-java: at libcore.io.BlockGuardOs.open(BlockGuardOs.java:273)
01-19 11:28:16.984 3007 3825 W hpplay-java: at libcore.io.ForwardingOs.open(ForwardingOs.java:567)
01-19 11:28:16.984 3007 3825 W hpplay-java: at android.app.ActivityThread$AndroidOs.open(ActivityThread.java:7766)
01-19 11:28:16.984 3007 3825 W hpplay-java: at libcore.io.IoBridge.open(IoBridge.java:561)
01-19 11:28:16.984 3007 3825 W hpplay-java: ... 16 more
01-19 11:28:16.985 3007 3825 W hpplay-java: [AsyncTask #1]:APIFileUtil:java.io.FileNotFoundException: /storage/emulated/0/com.hht.lebocast/sink/sdk/hpdata/60146/25915/oat/bu.dex.prof: open failed: ENOENT (No such file or directory)
01-19 11:28:16.985 3007 3825 W hpplay-java: at libcore.io.IoBridge.open(IoBridge.java:575)
01-19 11:28:16.985 3007 3825 W hpplay-java: at java.io.FileOutputStream.(FileOutputStream.java:236)
01-19 11:28:16.985 3007 3825 W hpplay-java: at java.io.FileOutputStream.(FileOutputStream.java:186)
01-19 11:28:16.985 3007 3825 W hpplay-java: at com.hpplay.sdk.sink.util.APIFileUtil.a(SourceFile:4)
01-19 11:28:16.985 3007 3825 W hpplay-java: at com.hpplay.sdk.sink.util.APIFileUtil.a(SourceFile:34)
01-19 11:28:16.985 3007 3825 W hpplay-java: at com.hpplay.sdk.sink.util.APIFileUtil.a(SourceFile:38)
01-19 11:28:16.985 3007 3825 W hpplay-java: at com.hpplay.sdk.sink.proxy.ModuleLoader.c(SourceFile:12)
01-19 11:28:16.985 3007 3825 W hpplay-java: at com.hpplay.sdk.sink.proxy.ModuleLoader.d(SourceFile:14)
01-19 11:28:16.985 3007 3825 W hpplay-java: at com.hpplay.sdk.sink.proxy.ModuleLoader.c(SourceFile:1)
01-19 11:28:16.985 3007 3825 W hpplay-java: at com.hpplay.sdk.sink.proxy.ModuleLoader$2.call(SourceFile:1)
01-19 11:28:16.985 3007 3825 W hpplay-java: at com.hpplay.common.asyncmanager.AsyncCallableJob.doInBackground(SourceFile:1)
01-19 11:28:16.985 3007 3825 W hpplay-java: at android.os.AsyncTask$3.call(AsyncTask.java:394)
01-19 11:28:16.985 3007 3825 W hpplay-java: at java.util.concurrent.FutureTask.run(FutureTask.java:266)
01-19 11:28:16.985 3007 3825 W hpplay-java: at java.util.concurrent.ThreadPoolExecutor.runWorker(ThreadPoolExecutor.java:1167)
01-19 11:28:16.985 3007 3825 W hpplay-java: at java.util.concurrent.ThreadPoolExecutor$Worker.run(ThreadPoolExecutor.java:641)
01-19 11:28:16.985 3007 3825 W hpplay-java: at java.lang.Thread.run(Thread.java:920)
01-19 11:28:16.985 3007 3825 W hpplay-java: Caused by: android.system.ErrnoException: open failed: ENOENT (No such file or directory)
01-19 11:28:16.985 3007 3825 W hpplay-java: at libcore.io.Linux.open(Native Method)
01-19 11:28:16.985 3007 3825 W hpplay-java: at libcore.io.ForwardingOs.open(ForwardingOs.java:567)
01-19 11:28:16.985 3007 3825 W hpplay-java: at libcore.io.BlockGuardOs.open(BlockGuardOs.java:273)
01-19 11:28:16.985 3007 3825 W hpplay-java: at libcore.io.ForwardingOs.open(ForwardingOs.java:567)
01-19 11:28:16.985 3007 3825 W hpplay-java: at android.app.ActivityThread$AndroidOs.open(ActivityThread.java:7766)
01-19 11:28:16.985 3007 3825 W hpplay-java: at libcore.io.IoBridge.open(IoBridge.java:561)
01-19 11:28:16.985 3007 3825 W hpplay-java: ... 15 more
01-19 11:28:17.006 2993 3276 E MediaProvider: Creating a non-default top level directory or deleting an existing one is not allowed!
01-19 11:28:17.011 2993 3276 E MediaProvider: Creating a non-default top level directory or deleting an existing one is not allowed!
01-01 08:06:33.454 0 0 I [dp_rx_][0x4e1fc127][11:28:17.019435] wlan: [2780:I:QDF] DHCP-IN RX: SA:00:e0:99:00:08:cf DA:ff:ff:ff:ff:ff:ff
01-19 11:28:17.044 2993 3276 E MediaProvider: Creating a non-default top level directory or deleting an existing one is not allowed!
01-19 11:28:17.049 2993 3276 E MediaProvider: Creating a non-default top level directory or deleting an existing one is not allowed!
01-19 11:28:17.088 2993 3279 E MediaProvider: Creating a non-default top level directory or deleting an existing one is not allowed!
01-19 11:28:17.091 2993 3279 E MediaProvider: Creating a non-default top level directory or deleting an existing one is not allowed!
01-19 11:28:17.099 3007 3825 W hpplay-java: [AsyncTask #1]:APIFileUtil:java.io.FileNotFoundException: /storage/emulated/0/com.hht.lebocast/sink/sdk/hpdata/60146/25915/PLUGIN_MIRROR/YOUMI/105/hpplay-youme-dex.jar: open failed: ENOENT (No such file or directory)
01-19 11:28:17.099 3007 3825 W hpplay-java: at libcore.io.IoBridge.open(IoBridge.java:575)
01-19 11:28:17.099 3007 3825 W hpplay-java: at java.io.FileOutputStream.(FileOutputStream.java:236)
01-19 11:28:17.099 3007 3825 W hpplay-java: at java.io.FileOutputStream.(FileOutputStream.java:186)
01-19 11:28:17.099 3007 3825 W hpplay-java: at com.hpplay.sdk.sink.util.APIFileUtil.a(SourceFile:4)
01-19 11:28:17.099 3007 3825 W hpplay-java: at com.hpplay.sdk.sink.util.APIFileUtil.a(SourceFile:34)
01-19 11:28:17.099 3007 3825 W hpplay-java: at com.hpplay.sdk.sink.util.APIFileUtil.a(SourceFile:38)
01-19 11:28:17.099 3007 3825 W hpplay-java: at com.hpplay.sdk.sink.util.APIFileUtil.a(SourceFile:38)
01-19 11:28:17.099 3007 3825 W hpplay-java: at com.hpplay.sdk.sink.util.APIFileUtil.a(SourceFile:38)
01-19 11:28:17.099 3007 3825 W hpplay-java: at com.hpplay.sdk.sink.proxy.ModuleLoader.c(SourceFile:12)
01-19 11:28:17.099 3007 3825 W hpplay-java: at com.hpplay.sdk.sink.proxy.ModuleLoader.d(SourceFile:14)
01-19 11:28:17.099 3007 3825 W hpplay-java: at com.hpplay.sdk.sink.proxy.ModuleLoader.c(SourceFile:1)
01-19 11:28:17.099 3007 3825 W hpplay-java: at com.hpplay.sdk.sink.proxy.ModuleLoader$2.call(SourceFile:1)
01-19 11:28:17.099 3007 3825 W hpplay-java: at com.hpplay.common.asyncmanager.AsyncCallableJob.doInBackground(SourceFile:1)
01-19 11:28:17.099 3007 3825 W hpplay-java: at android.os.AsyncTask$3.call(AsyncTask.java:394)
01-19 11:28:17.099 3007 3825 W hpplay-java: at java.util.concurrent.FutureTask.run(FutureTask.java:266)
01-19 11:28:17.099 3007 3825 W hpplay-java: at java.util.concurrent.ThreadPoolExecutor.runWorker(ThreadPoolExecutor.java:1167)
01-19 11:28:17.099 3007 3825 W hpplay-java: at java.util.concurrent.ThreadPoolExecutor$Worker.run(ThreadPoolExecutor.java:641)
01-19 11:28:17.099 3007 3825 W hpplay-java: at java.lang.Thread.run(Thread.java:920)
01-19 11:28:17.099 3007 3825 W hpplay-java: Caused by: android.system.ErrnoException: open failed: ENOENT (No such file or directory)
01-19 11:28:17.099 3007 3825 W hpplay-java: at libcore.io.Linux.open(Native Method)
01-19 11:28:17.099 3007 3825 W hpplay-java: at libcore.io.ForwardingOs.open(ForwardingOs.java:567)
01-19 11:28:17.099 3007 3825 W hpplay-java: at libcore.io.BlockGuardOs.open(BlockGuardOs.java:273)
01-19 11:28:17.099 3007 3825 W hpplay-java: at libcore.io.ForwardingOs.open(ForwardingOs.java:567)
01-19 11:28:17.099 3007 3825 W hpplay-java: at android.app.ActivityThread$AndroidOs.open(ActivityThread.java:7766)
01-19 11:28:17.099 3007 3825 W hpplay-java: at libcore.io.IoBridge.open(IoBridge.java:561)
01-19 11:28:17.099 3007 3825 W hpplay-java: ... 17 more
01-19 11:28:17.100 3007 3825 W hpplay-java: [AsyncTask #1]:APIFileUtil:java.io.FileNotFoundException: /storage/emulated/0/com.hht.lebocast/sink/sdk/hpdata/60146/25915/PLUGIN_MIRROR/YOUMI/105/libyoume_voice_engine.so: open failed: ENOENT (No such file or directory)
01-19 11:28:17.100 3007 3825 W hpplay-java: at libcore.io.IoBridge.open(IoBridge.java:575)
01-19 11:28:17.100 3007 3825 W hpplay-java: at java.io.FileOutputStream.(FileOutputStream.java:236)
01-19 11:28:17.100 3007 3825 W hpplay-java: at java.io.FileOutputStream.(FileOutputStream.java:186)
01-19 11:28:17.100 3007 3825 W hpplay-java: at com.hpplay.sdk.sink.util.APIFileUtil.a(SourceFile:4)
01-19 11:28:17.100 3007 3825 W hpplay-java: at com.hpplay.sdk.sink.util.APIFileUtil.a(SourceFile:34)
01-19 11:28:17.100 3007 3825 W hpplay-java: at com.hpplay.sdk.sink.util.APIFileUtil.a(SourceFile:38)
01-19 11:28:17.100 3007 3825 W hpplay-java: at com.hpplay.sdk.sink.util.APIFileUtil.a(SourceFile:38)
01-19 11:28:17.100 3007 3825 W hpplay-java: at com.hpplay.sdk.sink.util.APIFileUtil.a(SourceFile:38)
01-19 11:28:17.100 3007 3825 W hpplay-java: at com.hpplay.sdk.sink.proxy.ModuleLoader.c(SourceFile:12)
01-19 11:28:17.100 3007 3825 W hpplay-java: at com.hpplay.sdk.sink.proxy.ModuleLoader.d(SourceFile:14)
01-19 11:28:17.100 3007 3825 W hpplay-java: at com.hpplay.sdk.sink.proxy.ModuleLoader.c(SourceFile:1)
01-19 11:28:17.100 3007 3825 W hpplay-java: at com.hpplay.sdk.sink.proxy.ModuleLoader$2.call(SourceFile:1)
01-19 11:28:17.100 3007 3825 W hpplay-java: at com.hpplay.common.asyncmanager.AsyncCallableJob.doInBackground(SourceFile:1)
01-19 11:28:17.100 3007 3825 W hpplay-java: at android.os.AsyncTask$3.call(AsyncTask.java:394)
01-19 11:28:17.100 3007 3825 W hpplay-java: at java.util.concurrent.FutureTask.run(FutureTask.java:266)
01-19 11:28:17.100 3007 3825 W hpplay-java: at java.util.concurrent.ThreadPoolExecutor.runWorker(ThreadPoolExecutor.java:1167)
01-19 11:28:17.100 3007 3825 W hpplay-java: at java.util.concurrent.ThreadPoolExecutor$Worker.run(ThreadPoolExecutor.java:641)
01-19 11:28:17.100 3007 3825 W hpplay-java: at java.lang.Thread.run(Thread.java:920)
01-19 11:28:17.100 3007 3825 W hpplay-java: Caused by: android.system.ErrnoException: open failed: ENOENT (No such file or directory)
01-19 11:28:17.100 3007 3825 W hpplay-java: at libcore.io.Linux.open(Native Method)
01-19 11:28:17.100 3007 3825 W hpplay-java: at libcore.io.ForwardingOs.open(ForwardingOs.java:567)
01-19 11:28:17.100 3007 3825 W hpplay-java: at libcore.io.BlockGuardOs.open(BlockGuardOs.java:273)
01-19 11:28:17.100 3007 3825 W hpplay-java: at libcore.io.ForwardingOs.open(ForwardingOs.java:567)
01-19 11:28:17.100 3007 3825 W hpplay-java: at android.app.ActivityThread$AndroidOs.open(ActivityThread.java:7766)
01-19 11:28:17.100 3007 3825 W hpplay-java: at libcore.io.IoBridge.open(IoBridge.java:561)
01-19 11:28:17.100 3007 3825 W hpplay-java: ... 17 more
01-19 11:28:17.100 3007 3825 I hpplay-java: [AsyncTask #1]:ModuleLoader:checkDex preparedFolder:/data/user/0/com.hht.lebocast/files/hpplay/hpdata/60146/25915
01-19 11:28:17.101 3007 3007 I hpplay-java: [main]:ModuleLoader:handleMessage what: 1
01-19 11:28:17.101 3007 3007 I hpplay-java: [main]:ModuleLoader:loadBu,isFirstLoadBuDex:true
01-19 11:28:17.103 3007 3828 I hpplay-java: [AsyncTask #2]:ModuleLoader:loadDex path: /data/user/0/com.hht.lebocast/files/hpplay/hpdata/60146/25915/bu.dex library: /data/user/0/com.hht.lebocast/lib
01-19 11:28:17.117 3007 3828 I PatchUtils: system abis -----> arm64-v8a,armeabi-v7a,armeabi,
01-19 11:28:17.117 3007 3828 I PatchParser: no new patch
01-19 11:28:17.118 3007 3828 I LinkerInfosManager: start find external classloader dex
01-19 11:28:17.119 3007 3828 D SystemHookUtils: dex path /data/user/0/com.hht.lebocast/files/hpplay/hpdata/60146/25915/bu.dex
01-19 11:28:17.119 3007 3828 W om.hht.lebocas: Opening an oat file without a class loader. Are you using the deprecated DexFile APIs?
01-19 11:28:17.123 1451 1451 I auditd : type=1400 audit(0.0:181): avc: denied { read } for comm="tzlog" name="qsee_log" dev="debugfs" ino=18473 scontext=u:r:np_thundercomm_tlog:s0 tcontext=u:object_r:debugfs:s0 tclass=file permissive=1
01-19 11:28:17.123 1451 1451 I tzlog : type=1400 audit(0.0:181): avc: denied { read } for name="qsee_log" dev="debugfs" ino=18473 scontext=u:r:np_thundercomm_tlog:s0 tcontext=u:object_r:debugfs:s0 tclass=file permissive=1
01-19 11:28:17.123 1451 1451 I auditd : type=1400 audit(0.0:182): avc: denied { open } for comm="tzlog" path="/sys/kernel/debug/tzdbg/qsee_log" dev="debugfs" ino=18473 scontext=u:r:np_thundercomm_tlog:s0 tcontext=u:object_r:debugfs:s0 tclass=file permissive=1
01-19 11:28:17.123 1451 1451 I tzlog : type=1400 audit(0.0:182): avc: denied { open } for path="/sys/kernel/debug/tzdbg/qsee_log" dev="debugfs" ino=18473 scontext=u:r:np_thundercomm_tlog:s0 tcontext=u:object_r:debugfs:s0 tclass=file permissive=1
01-19 11:28:17.131 3007 3828 I SystemHookUtils: android high version sdk find dex file size 1
01-19 11:28:17.134 3007 3828 I LinkerInfosManager: ================= not patch classloader
01-19 11:28:17.135 3007 3828 I LinkerInfosManager: ================= external path /data/user/0/com.hht.lebocast/files/hpplay/hpdata/60146/25915/bu.dex
01-19 11:28:17.135 3007 3828 W om.hht.lebocas: Opening an oat file without a class loader. Are you using the deprecated DexFile APIs?
01-19 11:28:17.145 3007 3828 I LinkerInfosManager: =======use local path ==========
01-19 11:28:17.145 3007 3828 I LinkerInfosManager: ================= com.hpplay.component.common.utils.ModuleInfos
01-19 11:28:17.146 3007 3828 I ModuleLoadUtils: main dex find class failed
01-19 11:28:17.146 3007 3828 I SystemHookUtils: parent find class failed
01-19 11:28:17.146 3007 3828 I ModuleLoadUtils: component find class failed
01-19 11:28:17.146 3007 3828 I ModuleLoadUtils: .ModuleInfos not find ...
01-19 11:28:17.146 3007 3828 W LinkerInfosManager: java.lang.NullPointerException: Attempt to invoke virtual method 'java.lang.Class java.lang.Object.getClass()' on a null object reference
01-19 11:28:17.146 3007 3828 W LinkerInfosManager: at com.hpplay.component.modulelinker.d.a(SourceFile:10)
01-19 11:28:17.146 3007 3828 W LinkerInfosManager: at com.hpplay.component.modulelinker.b.a(SourceFile:40)
01-19 11:28:17.146 3007 3828 W LinkerInfosManager: at com.hpplay.component.modulelinker.b.a(SourceFile:9)
01-19 11:28:17.146 3007 3828 W LinkerInfosManager: at com.hpplay.component.modulelinker.c.init(SourceFile:13)
01-19 11:28:17.146 3007 3828 W LinkerInfosManager: at com.hpplay.component.modulelinker.api.ModuleLinker.init(SourceFile:8)
01-19 11:28:17.146 3007 3828 W LinkerInfosManager: at com.hpplay.sdk.sink.proxy.ModuleLoader.b(SourceFile:29)
01-19 11:28:17.146 3007 3828 W LinkerInfosManager: at com.hpplay.sdk.sink.proxy.ModuleLoader.b(SourceFile:2)
01-19 11:28:17.146 3007 3828 W LinkerInfosManager: at com.hpplay.sdk.sink.proxy.ModuleLoader$3.run(SourceFile:1)
01-19 11:28:17.146 3007 3828 W LinkerInfosManager: at com.hpplay.common.asyncmanager.AsyncRunnableJob.doInBackground(SourceFile:1)
01-19 11:28:17.146 3007 3828 W LinkerInfosManager: at android.os.AsyncTask$3.call(AsyncTask.java:394)
01-19 11:28:17.146 3007 3828 W LinkerInfosManager: at java.util.concurrent.FutureTask.run(FutureTask.java:266)
01-19 11:28:17.146 3007 3828 W LinkerInfosManager: at java.util.concurrent.ThreadPoolExecutor.runWorker(ThreadPoolExecutor.java:1167)
01-19 11:28:17.146 3007 3828 W LinkerInfosManager: at java.util.concurrent.ThreadPoolExecutor$Worker.run(ThreadPoolExecutor.java:641)
01-19 11:28:17.146 3007 3828 W LinkerInfosManager: at java.lang.Thread.run(Thread.java:920)
01-19 11:28:17.146 3007 3828 I ModuleLinkerImp: init time 33
01-19 11:28:17.146 3007 3828 I ModuleLinkerImp: =====> 0
01-19 11:28:17.148 3007 3007 I hpplay-java: [main]:ModuleLoader:handleMessage what: 3
01-19 11:28:17.148 3007 3007 I hpplay-java: [main]:ModuleLoader:mSoPath: null
01-19 11:28:17.149 3007 3007 I hpplay-java: [main]:ModuleLoader:liblelink commit id api:027d01cda77c3b15c41f64bb549c08dc2c00371c
01-19 11:28:17.155 3007 3829 I hpplay-java: [AsyncTask #3]:BuildConfigSupport:isDEBUG DEBUG:false
01-19 11:28:17.156 3007 3829 I hpplay-java: [AsyncTask #3]:LelinkCastImpl:liblelink commit id bu:027d01cda77c3b15c41f64bb549c08dc2c00371c
01-19 11:28:17.158 3007 3829 I hpplay-java: [AsyncTask #3]:BuildConfigSupport:getVersionCode VERSION_CODE:60146
01-19 11:28:17.158 3007 3829 I hpplay-java: [AsyncTask #3]:BuildConfigSupport:getBuVersionCode BU_VERSION_CODE: 25915
01-19 11:28:17.159 3007 3829 I hpplay-java: [AsyncTask #3]:LelinkLoader:no external so file found
01-19 11:28:17.159 3007 3829 I hpplay-java: [AsyncTask #3]:LelinkLoader:loadSo BU_VERSION_CODE:25915, PackageName:com.hht.lebocast,loadFile /data/user/0/com.hht.lebocast/lib/liblelink.so
01-19 11:28:17.172 3007 3829 I hpplay-java: [AsyncTask #3]:BPIFileUtil:getMd5ByFile: 0FA04FD08975C81CDD9275F6AE23A020
01-19 11:28:17.176 3007 3829 I hpplay-java: [AsyncTask #3]:BPIFileUtil:getMd5ByFile: 0FA04FD08975C81CDD9275F6AE23A020
01-19 11:28:17.177 3007 3829 I hpplay-java: [AsyncTask #3]:LibLoader:loadSo mDefaultPath:/data/user/0/com.hht.lebocast/lib
01-19 11:28:17.177 3007 3829 I hpplay-java: [AsyncTask #3]:LibLoader:getValidPath check path:/data/user/0/com.hht.lebocast/lib/liblelink.so
01-19 11:28:17.178 3007 3829 I hpplay-java: [AsyncTask #3]:LibLoader:getValidPath check path:/data/user/0/com.hht.lebocast/files/hpplay/file/liblelink.so
01-19 11:28:17.178 3007 3829 I hpplay-java: [AsyncTask #3]:LibLoader:getValidPath check path:/system_ext/app/TCCast/lib/arm/liblelink.so
01-19 11:28:17.178 3007 3829 I hpplay-java: [AsyncTask #3]:LibLoader:getValidPath check path:/system/app/com.hht.lebocast/lib/arm/liblelink.so
01-19 11:28:17.179 3007 3829 I hpplay-java: [AsyncTask #3]:LibLoader:getValidPath check path:/system/lib/com.hht.lebocast/liblelink.so
01-19 11:28:17.179 3007 3829 I hpplay-java: [AsyncTask #3]:LibLoader:getValidPath check path:/system/etc/liblelink.so
01-19 11:28:17.180 3007 3829 I hpplay-java: [AsyncTask #3]:LibLoader:getValidPath check path:/system/lib/liblelink.so
01-19 11:28:17.180 3007 3829 I hpplay-java: [AsyncTask #3]:LibLoader:getValidPath check path:/data/app-lib/com.hht.lebocast/liblelink.so
01-19 11:28:17.180 3007 3829 I hpplay-java: [AsyncTask #3]:LibLoader:getValidPath check path:/product/lib/liblelink.so
01-19 11:28:17.181 3007 3829 I hpplay-java: [AsyncTask #3]:LibLoader:getValidPath check path:/system/private-app/com.hht.lebocast/lib/arm/liblelink.so
01-19 11:28:17.182 3007 3829 I hpplay-java: [AsyncTask #3]:LibLoader:getValidPath check path:/system_ext/app/TCCast/lib/arm/liblelink.so
01-19 11:28:17.192 3007 3829 I hpplay-java: [AsyncTask #3]:LibLoader:getValidPath check path:/data/user/0/com.hht.lebocast/files/hpplay/common/liblelink.so
01-19 11:28:17.225 2660 2660 E Launcher: Check mcu protect state
01-19 11:28:17.265 3007 3829 I hpplay-java: [AsyncTask #3]:BPIFileUtil:getMd5ByFile: 054CE34B3CB1D77895EFC5B3CCEA7E39
01-19 11:28:17.265 3007 3829 I hpplay-java: [AsyncTask #3]:LibLoader:getValidPath soPath:/data/user/0/com.hht.lebocast/files/hpplay/common/liblelink.so
01-19 11:28:17.272 3007 3829 I hpplay-base: liblelink ver: 90610 (Jul 18 2022 10:14:10)
01-19 11:28:17.272 3007 3829 I hpplay-base: liblelink commit id: 6854d2ad4a11b788b5c223c313843b85637a5ae2
01-19 11:28:17.272 3007 3829 I hpplay-java: [AsyncTask #3]:LibLoader:loadSo lelink true
01-19 11:28:17.273 3007 3829 I hpplay-java: [AsyncTask #3]:LelinkLoader:load so from assets java.lang.NumberFormatException: For input string: "lib"
01-19 11:28:17.273 3007 3829 I hpplay-java: [AsyncTask #3]:BuildConfigSupport:getBuVersionName BU_VERSION_NAME:2.59.15-2022-07-25-17-24
01-19 11:28:17.273 3007 3007 I hpplay-java: [main]:ModuleLoader:handleMessage what: 2
01-19 11:28:17.274 3007 3007 I hpplay-java: [main]:LelinkCastWrapper:onLoad isSuccess:true
01-19 11:28:17.274 3007 3007 I hpplay-java: [main]:LelinkCastWrapper:startService mService: null
01-19 11:28:17.278 1100 2281 D CompatibilityInfo: mCompatibilityFlags - 4
01-19 11:28:17.278 1100 2281 D CompatibilityInfo: applicationDensity - 240
01-19 11:28:17.278 1100 2281 D CompatibilityInfo: applicationScale - 1.0
01-19 11:28:17.280 3007 3007 I hpplay-java: [main]:LelinkCastWrapper:startService success: true
01-19 11:28:17.282 3007 3007 I hpplay-java: [main]:DaemonService:onCreate start
01-19 11:28:17.282 3007 3007 I hpplay-java: [main]:DaemonServiceEntity:setBPImpl mContext: null
01-19 11:28:17.283 3007 3007 I hpplay-java: [main]:Utils:getApplication in main thread
01-19 11:28:17.284 3007 3007 I hpplay-java: [main]:DaemonServiceEntity:onCreate
01-19 11:28:17.285 3007 3007 I hpplay-java: [main]:DaemonServiceEntity:initParams channel: lecast w/h: 2560/1080
01-19 11:28:17.288 3007 3007 I hpplay-java: [main]:Resource:initInstance Resource
01-19 11:28:17.302 3007 3007 I hpplay-java: [main]:Resource:checkLanguage init language map 1
01-19 11:28:17.303 3007 3831 E ActivityThread: Failed to find provider info for com.tcl.xian.StartandroidService.MyContentProvider
01-19 11:28:17.304 3007 3832 I hpplay-java: [AsyncTask #5]:Resource:init
01-19 11:28:17.304 3007 3007 I hpplay-java: [main]:MacTask:startTask
01-19 11:28:17.305 3007 3007 I hpplay-java: [main]:DaemonService:onBind
01-19 11:28:17.305 3007 3007 I hpplay-java: [main]:DaemonServiceEntity:onBind
01-19 11:28:17.307 3007 3007 I hpplay-java: [main]:LelinkCastWrapper:onServiceConnected
01-19 11:28:17.309 3007 3007 I hpplay-java: [main]:DaemonService:onStartCommand iService: com.hpplay.sdk.sink.service.DaemonServiceEntity@91b5b10
01-19 11:28:17.310 3007 3007 I hpplay-java: [main]:DaemonServiceEntity:onStartCommand flags: 0 startId: 1 mOnBind: true
01-19 11:28:17.310 3007 3835 I hpplay-java: [AsyncTask #8]:LelinkCastImpl:init appKey=21409
01-19 11:28:17.307 3007 3007 I auditd : type=1400 audit(0.0:183): avc: granted { read } for comm=4173796E635461736B202336 name="arp" dev="proc" ino=4026532256 scontext=u:r:platform_app:s0:c512,c768 tcontext=u:object_r:proc_net:s0 tclass=file app=com.hht.lebocast
01-19 11:28:17.307 3007 3007 W com.hht.lebocast: type=1400 audit(0.0:183): avc: granted { read } for comm=4173796E635461736B202336 name="arp" dev="proc" ino=4026532256 scontext=u:r:platform_app:s0:c512,c768 tcontext=u:object_r:proc_net:s0 tclass=file app=com.hht.lebocast
01-19 11:28:17.310 3007 3835 I hpplay-java: [AsyncTask #8]:UILife:UISession
01-19 11:28:17.312 3007 3007 I hpplay-java: [main]:BuildConfigSupport:getFLAVOR FLAVOR:lecast
01-19 11:28:17.312 3007 3007 I hpplay-java: [main]:BuildConfigSupport:getFeatureDlnaValidModel FEATURE_DLNA_VALID_MODEL:1
01-19 11:28:17.313 3007 3835 I hpplay-java: [AsyncTask #8]:PlayerConfig:cloud config: fps=0, md=0, mfc=0, mffo=0, mpt=0, mpu=0, mr=0, ms=0, mv=0, ph=0, ph2=0, ps=0, pt=0, pv=0, spl=0, spv=0, ver=0, vt=0
01-19 11:28:17.314 3007 3835 I hpplay-java: [AsyncTask #8]:ModelUtil:Build.MANUFACTURER: TC -- Model: -- Build.MODEL: figure
01-19 11:28:17.314 3007 3835 I hpplay-java: [AsyncTask #8]:Feature:getVolumeType model:figure mf:TC
01-19 11:28:17.307 3007 3007 I auditd : type=1400 audit(0.0:184): avc: granted { read open } for comm=4173796E635461736B202336 path="/proc/3007/net/arp" dev="proc" ino=4026532256 scontext=u:r:platform_app:s0:c512,c768 tcontext=u:object_r:proc_net:s0 tclass=file app=com.hht.lebocast
01-19 11:28:17.307 3007 3007 W com.hht.lebocast: type=1400 audit(0.0:184): avc: granted { read open } for comm=4173796E635461736B202336 path="/proc/3007/net/arp" dev="proc" ino=4026532256 scontext=u:r:platform_app:s0:c512,c768 tcontext=u:object_r:proc_net:s0 tclass=file app=com.hht.lebocast
01-19 11:28:17.307 3007 3007 I auditd : type=1400 audit(0.0:185): avc: granted { getattr } for comm=4173796E635461736B202336 path="/proc/3007/net/arp" dev="proc" ino=4026532256 scontext=u:r:platform_app:s0:c512,c768 tcontext=u:object_r:proc_net:s0 tclass=file app=com.hht.lebocast
01-19 11:28:17.307 3007 3007 W com.hht.lebocast: type=1400 audit(0.0:185): avc: granted { getattr } for comm=4173796E635461736B202336 path="/proc/3007/net/arp" dev="proc" ino=4026532256 scontext=u:r:platform_app:s0:c512,c768 tcontext=u:object_r:proc_net:s0 tclass=file app=com.hht.lebocast
01-01 08:06:33.758 0 0 W audit : audit_lost=16 audit_rate_limit=5 audit_backlog_limit=64
01-01 08:06:33.758 0 0 E audit : rate limit exceeded
01-01 08:06:33.762 0 0 I logd : start watching /data/system/packages.list ...
01-01 08:06:33.769 0 0 I logd : ReadPackageList, total packages: 109
01-19 11:28:17.342 3007 3835 I hpplay-java: [AsyncTask #8]:BuildConfigSupport:getFeatureProduct :1
01-19 11:28:17.342 3007 3835 I hpplay-java: [AsyncTask #8]:Feature:isReverseControlEnable :true
01-19 11:28:17.342 3007 3835 I hpplay-java: [AsyncTask #8]:Feature:isPlayListEnable :true
01-19 11:28:17.342 3007 3835 W hpplay-java: [AsyncTask #8]:CreateUtils:createFeature baseFeature:1100111111111
01-19 11:28:17.342 3007 3835 I hpplay-java: [AsyncTask #8]:InParameters:InParameters 6655
01-19 11:28:17.342 3007 3835 I hpplay-java: [AsyncTask #8]:Bridge:getLelinkSoInfo info:90610
01-19 11:28:17.343 3007 3835 E hpplay-java: [AsyncTask #8]:Bridge:soInfoCheck liblelink.so mismatch
01-19 11:28:17.343 3007 3835 E hpplay-java: version:90610 / 90611
01-19 11:28:17.346 3007 3837 I hpplay-java: [AsyncTask #10]:DeviceUtil:getMac type: wlan0
01-19 11:28:17.371 3007 3837 I hpplay-java: [AsyncTask #10]:DeviceUtil:getMac type: eth0
01-19 11:28:17.378 3007 3843 W VideoCapabilities: Unsupported mime image/vnd.android.heic
01-19 11:28:17.379 3007 3843 W VideoCapabilities: Unrecognized profile/level 0/3 for video/mpeg2
01-19 11:28:17.379 3007 3843 W VideoCapabilities: Unrecognized profile/level 0/3 for video/mpeg2
01-19 11:28:17.637 654 665 I mpu_uart: [MSG-P:RECV]:No message received in 1000 ms
01-19 11:28:17.643 3007 3835 I hpplay-java: [AsyncTask #8]:Bridge:getLelinkSoInfo info:90610
01-19 11:28:17.643 3007 3835 E hpplay-java: [AsyncTask #8]:Bridge:soInfoCheck liblelink.so mismatch
01-19 11:28:17.643 3007 3835 E hpplay-java: version:90610 / 90611
01-19 11:28:17.685 654 664 I mpu_uart: [MSG-P:R]:recv sync frame timeout
01-19 11:28:17.945 3007 3835 I hpplay-java: [AsyncTask #8]:Bridge:getLelinkSoInfo info:90610
01-19 11:28:17.947 3007 3835 E hpplay-java: [AsyncTask #8]:Bridge:soInfoCheck liblelink.so mismatch
01-19 11:28:17.947 3007 3835 E hpplay-java: version:90610 / 90611
01-19 11:28:18.249 3007 3835 I hpplay-java: [AsyncTask #8]:Bridge:getLelinkSoInfo info:90610
01-19 11:28:18.250 3007 3835 E hpplay-java: [AsyncTask #8]:Bridge:soInfoCheck liblelink.so mismatch
01-19 11:28:18.250 3007 3835 E hpplay-java: version:90610 / 90611
01-19 11:28:18.379 578 2107 I keystore2: keystore2::watchdog: Watchdog thread idle -> terminating. Have a great day.
01-19 11:28:18.530 820 1805 D audio_hw_primary: copl(0xef7ceb00):out of compress_wait
01-19 11:28:18.538 820 2104 D audio_hw_primary: No space available in compress driver, post msg to cb thread
01-19 11:28:18.539 820 1805 D audio_hw_primary: copl(0xef7ceb00):calling compress_wait
01-19 11:28:18.553 3007 3835 I hpplay-java: [AsyncTask #8]:Bridge:getLelinkSoInfo info:90610
01-19 11:28:18.554 3007 3835 E hpplay-java: [AsyncTask #8]:Bridge:soInfoCheck liblelink.so mismatch
01-19 11:28:18.554 3007 3835 E hpplay-java: version:90610 / 90611
01-19 11:28:18.640 654 665 I mpu_uart: [MSG-P:RECV]:No message received in 1000 ms
01-19 11:28:18.867 3007 3835 I hpplay-java: [AsyncTask #8]:PT_RestrictedMode:setPreemptCallback callback:com.hpplay.sdk.sink.business.preempt.b@20c6c3b
01-19 11:28:18.867 3007 3835 I hpplay-java: [AsyncTask #8]:ConfigControl:initInstance key:21409
01-19 11:28:18.955 3007 3835 I hpplay-java: [AsyncTask #8]:BuildConfigSupport:getFeatureMd5 FEATURE_MD5:55f68a2cf41b9a24d5682f344932c33c
01-19 11:28:18.964 3007 3835 I hpplay-java: [AsyncTask #8]:LelinkCastImpl:initWithValidMac
01-19 11:28:18.964 3007 3835 I hpplay-java: [AsyncTask #8]:LelinkCastImpl:initWithValidMac,updateLogPrintMode value: 0
01-19 11:28:18.964 3007 3835 I hpplay-java: [AsyncTask #8]:Session:updateUID use server uid
01-19 11:28:18.964 3007 3835 I hpplay-java: [AsyncTask #8]:Session:updateHID use server hid
01-19 11:28:18.965 3007 3835 I hpplay-java: [AsyncTask #8]:SinkDataReport:initDataReport
01-19 11:28:18.965 3007 3835 I hpplay-java: [AsyncTask #8]:LeboUtil:getUid uid:1159661549
01-19 11:28:18.966 3007 3835 I hpplay-java: [AsyncTask #8]:Preference:checkFeature none
01-19 11:28:18.966 3007 3835 I hpplay-java: [AsyncTask #8]:SWI:dr tip
01-19 11:28:18.966 3007 3835 I hpplay-java: [AsyncTask #8]:DataReportShare:setReportSwitch,value:true
01-19 11:28:18.966 3007 3835 I hpplay-java: [AsyncTask #8]:LeboUtil:getUid uid:1159661549
01-19 11:28:18.966 3007 3835 I hpplay-java: [AsyncTask #8]:LelinkCastImpl:initWithValidMac,AuthSDK
01-19 11:28:18.968 3007 3835 W hpplay-java: [AsyncTask #8]:AuthSDK:analysisUrlData tvapp3 / http://120.78.185.110:9779
01-19 11:28:18.968 3007 3835 W hpplay-java: [AsyncTask #8]:AuthSDK:analysisUrlData tvapp2 / https://tvapp.lebo.cn:9779
01-19 11:28:18.968 3007 3835 W hpplay-java: [AsyncTask #8]:AuthSDK:analysisUrlData meeting / https://meeting.hpplay.cn
01-19 11:28:18.968 3007 3835 I hpplay-java: [AsyncTask #8]:ControlCloudAPI:updateDomain cache -1
01-19 11:28:18.968 3007 3835 I hpplay-java: [AsyncTask #8]:ControlCloudAPI:updateDomain config -1
01-19 11:28:18.969 3007 3835 W hpplay-java: [AsyncTask #8]:AuthSDK:analysisUrlData sdkauth / cdnauth1.hpplay.cn,cdnauth2.hpplay.cn
01-19 11:28:18.970 3007 3835 W hpplay-java: [AsyncTask #8]:AuthSDK:analysisUrlData vipauth / https://vipauth.hpplay.cn
01-19 11:28:18.970 3007 3835 W hpplay-java: [AsyncTask #8]:AuthSDK:analysisUrlData logup / logu.hpplay.cn:8865
01-19 11:28:18.970 3007 3835 W hpplay-java: [AsyncTask #8]:AuthSDK:analysisUrlData tvapp / http://tvapp.hpplay.cn:9779
01-19 11:28:18.970 3007 3835 W hpplay-java: [AsyncTask #8]:AuthSDK:analysisUrlData shorturl / sl.hpplay.cn
01-19 11:28:18.970 3007 3835 W hpplay-java: [AsyncTask #8]:AuthSDK:analysisUrlData pin / http://pin.hpplay.cn
01-19 11:28:18.970 3007 3835 W hpplay-java: [AsyncTask #8]:AuthSDK:analysisUrlData conf / conf.hpplay.cn:88
01-19 11:28:18.970 3007 3835 W hpplay-java: [AsyncTask #8]:AuthSDK:analysisUrlData logreport / logu.hpplay.cn:8865
