01-19 11:28:04.492 1100 1216 W ActivityManager: Slow operation: 1418ms so far, now at startProcess: asking zygote to start proc
01-19 11:28:04.504 1100 1202 I DropBoxManagerService: add tag=system_app_strictmode isTagEnabled=true flags=0x2
01-01 08:06:21.001 0 0 I bt_configure_gpios: BTON:Turn Bt On bt-reset-gpio(1121) value(1)
01-01 08:06:21.001 0 0 I bt_configure_gpios: BTON:Turn Bt On
01-01 08:06:21.001 0 0 I bt_configure_gpios: bt-sw-ctrl-gpio(1224) value(1)
01-01 08:06:21.001 0 0 I bt_configure_gpios: bt_gpio= 1121 on: 1 is successful
01-01 08:06:21.015 0 0 I binder : 2564:2564 ioctl 40046210 7fdc700314 returned -22
01-01 08:06:21.037 0 0 E bt_ioctl: unified Current SOC Version : 400a0200
01-01 08:06:21.090 0 0 I binder : 2595:2595 ioctl 40046210 7fdc700314 returned -22
01-19 11:28:04.535 1100 2146 I am_proc_bound: [0,2572,com.qualcomm.qti.qdma]
01-19 11:28:04.537 1100 2146 D CompatibilityChangeReporter: Compat change id reported: 168419799; UID 1000; state: DISABLED
01-01 08:06:21.104 0 0 I binder : 2575:2575 ioctl 40046210 7fdc700314 returned -22
01-19 11:28:04.543 1100 1216 W ActivityManager: Slow operation: 1469ms so far, now at startProcess: returned from zygote!
01-19 11:28:04.545 1100 1216 W ActivityManager: Slow operation: 1471ms so far, now at startProcess: done updating battery stats
01-19 11:28:04.545 1100 1216 I am_proc_start: [0,2595,1000,com.thundercomm.gamemode,service,{com.thundercomm.gamemode/com.thundercomm.gamemode.perf.FgBoostPerfService}]
01-19 11:28:04.545 1100 1216 W ActivityManager: Slow operation: 1471ms so far, now at startProcess: building log message
01-19 11:28:04.545 1100 1216 I ActivityManager: Start proc 2595:com.thundercomm.gamemode/1000 for service {com.thundercomm.gamemode/com.thundercomm.gamemode.perf.FgBoostPerfService}
01-19 11:28:04.546 1100 1216 W ActivityManager: Slow operation: 1471ms so far, now at startProcess: starting to update pids map
01-19 11:28:04.546 1100 1216 W ActivityManager: Slow operation: 1472ms so far, now at startProcess: done updating pids map
01-19 11:28:04.546 1100 1216 W ActivityManager: Slow operation: 1395ms so far, now at startProcess: asking zygote to start proc
01-19 11:28:04.547 1100 1216 D CompatibilityChangeReporter: Compat change id reported: 143937733; UID 10101; state: ENABLED
01-19 11:28:04.570 1100 2146 D CompatibilityChangeReporter: Compat change id reported: 182478738; UID 1073; state: DISABLED
01-01 08:06:21.133 0 0 W : (NULL device *): Falling back to syfs fallback for: wlan/qca_cld/qca6390/WCNSS_qcom_cfg.ini
01-01 08:06:21.133 0 0 I binder : 2619:2619 ioctl 40046210 7fdc700314 returned -22
01-19 11:28:04.581 1100 1100 I ConnectivityModuleConnector: Networking module service connected
01-19 11:28:04.607 1100 1136 I am_proc_bound: [0,2564,com.qualcomm.qti.devicestatisticsservice]
01-19 11:28:04.608 1100 1136 D CompatibilityChangeReporter: Compat change id reported: 168419799; UID 10072; state: DISABLED
01-19 11:28:04.610 1100 1136 I am_uid_active: 10072
01-19 11:28:04.619 1100 1216 W ActivityManager: Slow operation: 1467ms so far, now at startProcess: returned from zygote!
01-19 11:28:04.619 1100 1216 W ActivityManager: Slow operation: 1468ms so far, now at startProcess: done updating battery stats
01-19 11:28:04.619 1100 1216 I am_proc_start: [0,2619,10101,android.ext.services,service,{android.ext.services/android.ext.services.autofill.InlineSuggestionRenderServiceImpl}]
01-19 11:28:04.619 1100 1216 W ActivityManager: Slow operation: 1468ms so far, now at startProcess: building log message
01-19 11:28:04.619 1100 1216 I ActivityManager: Start proc 2619:android.ext.services/u0a101 for service {android.ext.services/android.ext.services.autofill.InlineSuggestionRenderServiceImpl}
01-19 11:28:04.619 1100 1216 W ActivityManager: Slow operation: 1468ms so far, now at startProcess: starting to update pids map
01-19 11:28:04.619 1100 1216 W ActivityManager: Slow operation: 1468ms so far, now at startProcess: done updating pids map
01-19 11:28:04.619 1100 1216 W ActivityManager: Slow operation: 749ms so far, now at startProcess: asking zygote to start proc
01-19 11:28:04.620 1100 1216 D CompatibilityChangeReporter: Compat change id reported: 143937733; UID 10086; state: ENABLED
01-19 11:28:04.692 1100 1216 W ActivityManager: Slow operation: 822ms so far, now at startProcess: returned from zygote!
01-19 11:28:04.692 1100 1216 W ActivityManager: Slow operation: 822ms so far, now at startProcess: done updating battery stats
01-19 11:28:04.692 1100 1216 I am_proc_start: [0,2660,10086,com.android.launcher3,service,{com.android.launcher3/com.android.quickstep.TouchInteractionService}]
01-19 11:28:04.692 1100 1216 W ActivityManager: Slow operation: 822ms so far, now at startProcess: building log message
01-19 11:28:04.692 1100 1216 I ActivityManager: Start proc 2660:com.android.launcher3/u0a86 for service {com.android.launcher3/com.android.quickstep.TouchInteractionService}
01-19 11:28:04.692 1100 1216 W ActivityManager: Slow operation: 822ms so far, now at startProcess: starting to update pids map
01-19 11:28:04.694 1100 1216 W ActivityManager: Slow operation: 823ms so far, now at startProcess: done updating pids map
01-19 11:28:04.699 1100 1136 I am_proc_bound: [0,2595,com.thundercomm.gamemode]
01-19 11:28:04.705 1100 1136 D CompatibilityChangeReporter: Compat change id reported: 168419799; UID 1000; state: DISABLED
01-19 11:28:04.710 2575 2575 I service_manager_slow: [14,activity]
01-19 11:28:04.713 1100 2146 I am_proc_bound: [0,2619,android.ext.services]
01-19 11:28:04.718 1100 2146 D CompatibilityChangeReporter: Compat change id reported: 168419799; UID 10101; state: DISABLED
01-19 11:28:04.719 1100 2146 I am_uid_active: 10101
01-19 11:28:04.723 1100 1136 I am_proc_bound: [0,2575,com.android.settings]
01-19 11:28:04.726 1100 1135 D CompatibilityChangeReporter: Compat change id reported: 171306433; UID 1073; state: ENABLED
01-19 11:28:04.730 1100 1136 D CompatibilityChangeReporter: Compat change id reported: 168419799; UID 1000; state: DISABLED
01-19 11:28:04.732 1100 1136 I wm_restart_activity: [0,20320188,2,com.android.settings/.FallbackHome]
01-01 08:06:21.179 0 0 I binder : 2512:2512 ioctl 40046210 7fdc6fee84 returned -22
01-19 11:28:04.735 1100 1136 I wm_set_resumed_activity: [0,com.android.settings/.FallbackHome,minimalResumeActivityLocked]
01-19 11:28:04.769 2512 2512 W ContextImpl: Calling a method in the system process without a qualified user: android.app.ContextImpl.startService:1816 android.content.ContextWrapper.startService:774 com.thundercomm.tcservice.TCService.init:46 com.thundercomm.tcservice.TCService.onCreate:33 android.app.ActivityThread.handleCreateService:4488
01-01 08:06:21.210 0 0 I [kworke][0x401c9b02][11:28:04.775298] wlan: [81:I:HDD] hdd_pm_qos_add_request: 9360: Set cpu_mask 0f for affine_cores
01-01 08:06:21.210 0 0 I [kworke][0x401c9bf1][11:28:04.775310] wlan: [81:I:HDD] hdd_pm_qos_add_request: 9362: Set cpu_mask 0f for affine_cores
01-01 08:06:21.210 0 0 D cnss : Sending ini sync request, state: 0x17, fw_log_mode: 1
01-01 08:06:21.220 0 0 I [kworke][0x401f82d4][11:28:04.785217] wlan: [81:I:HIF] Initializing Runtime PM wakelock &sc->prevent_linkdown_lock
01-01 08:06:21.220 0 0 I [kworke][0x401f873f][11:28:04.785274] wlan: [81:I:HIF] hif_pci_enable_bus: con_mode = 0x0, WLAN_SOC_device_id = 0x1101
01-01 08:06:21.220 0 0 I [kworke][0x401f880e][11:28:04.785285] wlan: [81:I:HIF] hif_pci_enable_bus: hif_enable_pci done
01-01 08:06:21.220 0 0 I [kworke][0x401f9ad6][11:28:04.785535] wlan: [81:I:HIF] *********** QCA6390 *************
01-01 08:06:21.220 0 0 I [kworke][0x401f9b48][11:28:04.785541] wlan: [81:I:HIF] hif_pci_enable_bus: hif_type = 0x12, target_type = 0x17
01-01 08:06:21.220 0 0 I [kworke][0x401f9bc6][11:28:04.785548] wlan: [81:I:HIF] hif_register_tbl_attach: HIF_TYPE_QCA6390
01-01 08:06:21.220 0 0 I [kworke][0x401f9c33][11:28:04.785553] wlan: [81:I:HIF] hif_target_register_tbl_attach: TARGET_TYPE_QCA6390
01-01 08:06:21.220 0 0 I [kworke][0x401f9c99][11:28:04.785559] wlan: [81:I:HIF] hif_pci_enable_bus:Skip tgt_wake up for srng devices
01-01 08:06:21.221 0 0 E [kworke][0x401fe3e4][11:28:04.786509] wlan: [81:E:TXRX] hif_print_hal_shadow_register_cfg: num_config 28
01-01 08:06:21.231 0 0 I binder : 2660:2660 ioctl 40046210 7fdc700314 returned -22
01-01 08:06:21.232 0 0 I [kworke][0x402318c3][11:28:04.797454] wlan: [81:I:TXRX] hif_print_hal_shadow_register_cfg: i 0, val a3b034
01-01 08:06:21.232 0 0 I [kworke][0x40231958][11:28:04.797462] wlan: [81:I:TXRX] hif_print_hal_shadow_register_cfg: i 1, val a3b03c
01-01 08:06:21.232 0 0 I [kworke][0x402319c2][11:28:04.797467] wlan: [81:I:TXRX] hif_print_hal_shadow_register_cfg: i 2, val a3b044
01-01 08:06:21.232 0 0 I [kworke][0x40231a2a][11:28:04.797473] wlan: [81:I:TXRX] hif_print_hal_shadow_register_cfg: i 3, val a3b04c
01-01 08:06:21.232 0 0 I [kworke][0x40231a90][11:28:04.797478] wlan: [81:I:TXRX] hif_print_hal_shadow_register_cfg: i 4, val a3b054
01-01 08:06:21.232 0 0 I [kworke][0x40231af4][11:28:04.797483] wlan: [81:I:TXRX] hif_print_hal_shadow_register_cfg: i 5, val a3b028
01-01 08:06:21.232 0 0 I [kworke][0x40231b58][11:28:04.797489] wlan: [81:I:TXRX] hif_print_hal_shadow_register_cfg: i 6, val a3b020
01-01 08:06:21.232 0 0 I [kworke][0x40231bbc][11:28:04.797494] wlan: [81:I:TXRX] hif_print_hal_shadow_register_cfg: i 7, val a3b06c
01-01 08:06:21.232 0 0 I [kworke][0x40231c1f][11:28:04.797499] wlan: [81:I:TXRX] hif_print_hal_shadow_register_cfg: i 8, val a46000
01-01 08:06:21.232 0 0 I [kworke][0x40231c82][11:28:04.797504] wlan: [81:I:TXRX] hif_print_hal_shadow_register_cfg: i 9, val a46008
01-01 08:06:21.232 0 0 I [kworke][0x40231ce6][11:28:04.797509] wlan: [81:I:TXRX] hif_print_hal_shadow_register_cfg: i 10, val a46010
01-01 08:06:21.232 0 0 I [kworke][0x40231d4c][11:28:04.797515] wlan: [81:I:TXRX] hif_print_hal_shadow_register_cfg: i 11, val a46018
01-01 08:06:21.232 0 0 I [kworke][0x40231db2][11:28:04.797520] wlan: [81:I:TXRX] hif_print_hal_shadow_register_cfg: i 12, val a46034
01-01 08:06:21.232 0 0 I [kworke][0x40232b74][11:28:04.797704] wlan: [81:I:TXRX] hif_print_hal_shadow_register_cfg: i 13, val a370b0
01-01 08:06:21.232 0 0 I [kworke][0x40232bec][11:28:04.797710] wlan: [81:I:TXRX] hif_print_hal_shadow_register_cfg: i 14, val a37018
01-01 08:06:21.232 0 0 I [kworke][0x40232c54][11:28:04.797715] wlan: [81:I:TXRX] hif_print_hal_shadow_register_cfg: i 15, val a370c4
01-01 08:06:21.232 0 0 I [kworke][0x40232cbd][11:28:04.797721] wlan: [81:I:TXRX] hif_print_hal_shadow_register_cfg: i 16, val a370cc
01-01 08:06:21.232 0 0 I [kworke][0x40232d25][11:28:04.797726] wlan: [81:I:TXRX] hif_print_hal_shadow_register_cfg: i 17, val a370d4
01-01 08:06:21.233 0 0 I [kworke][0x40232d8e][11:28:04.797731] wlan: [81:I:TXRX] hif_print_hal_shadow_register_cfg: i 18, val a370dc
01-01 08:06:21.233 0 0 I [kworke][0x402332a9][11:28:04.797800] wlan: [81:I:TXRX] hif_print_hal_shadow_register_cfg: i 19, val a00400
01-01 08:06:21.233 0 0 I [kworke][0x40233e89][11:28:04.797958] wlan: [81:I:TXRX] hif_print_hal_shadow_register_cfg: i 20, val a03400
01-01 08:06:21.233 0 0 I [kworke][0x40233f42][11:28:04.797968] wlan: [81:I:TXRX] hif_print_hal_shadow_register_cfg: i 21, val a0340c
01-01 08:06:21.233 0 0 I [kworke][0x40233fe8][11:28:04.797976] wlan: [81:I:TXRX] hif_print_hal_shadow_register_cfg: i 22, val a05400
01-01 08:06:21.233 0 0 I [kworke][0x4023408f][11:28:04.797985] wlan: [81:I:TXRX] hif_print_hal_shadow_register_cfg: i 23, val a0540c
01-01 08:06:21.233 0 0 I [kworke][0x40234126][11:28:04.797993] wlan: [81:I:TXRX] hif_print_hal_shadow_register_cfg: i 24, val a06400
01-01 08:06:21.233 0 0 I [kworke][0x40234192][11:28:04.797998] wlan: [81:I:TXRX] hif_print_hal_shadow_register_cfg: i 25, val a08400
01-01 08:06:21.233 0 0 I [kworke][0x402341f8][11:28:04.798004] wlan: [81:I:TXRX] hif_print_hal_shadow_register_cfg: i 26, val a0b400
01-01 08:06:21.233 0 0 I [kworke][0x40234262][11:28:04.798009] wlan: [81:I:TXRX] hif_print_hal_shadow_register_cfg: i 27, val a0b40c
01-01 08:06:21.233 0 0 D cnss : Mode: 0, config: ffffff800c0837b8, host_version: 5.2.022.10G
01-01 08:06:21.233 0 0 D cnss : Sending WLAN config message, state: 0x17
01-19 11:28:04.807 1100 1135 I am_proc_bound: [0,2660,com.android.launcher3]
01-19 11:28:04.808 1100 1135 D CompatibilityChangeReporter: Compat change id reported: 168419799; UID 10086; state: DISABLED
01-01 08:06:21.242 0 0 D cnss : Sending mode message, mode: MISSION(0), state: 0x17
01-19 11:28:04.812 1100 1135 I am_uid_active: 10086
01-01 08:06:21.268 0 0 D cnss : Received QMI WLFW pin connect result indication
01-01 08:06:21.268 0 0 D cnss : Pin connect Result: pwr_pin: 0x1 phy_io_pin: 0x0 rf_io_pin: 0x0
01-01 08:06:21.268 0 0 D cnss : Assign MSI to user: CE, num_vectors: 10, user_base_data: 803, base_vector: 3
01-19 11:28:04.837 1100 1202 I DropBoxManagerService: add tag=system_app_strictmode isTagEnabled=true flags=0x2
01-19 11:28:04.838 1100 1100 I ExplicitHealthCheckController: Explicit health check service is connected ComponentInfo{android.ext.services/android.ext.services.watchdog.ExplicitHealthCheckServiceImpl}
01-19 11:28:04.839 1100 1100 I ExplicitHealthCheckController: Service initialized, syncing requests
01-19 11:28:04.840 1100 1100 I PackageWatchdog: Syncing health check requests for packages: {}
01-19 11:28:04.841 1100 1100 D ExplicitHealthCheckController: Getting health check supported packages
01-19 11:28:04.842 1100 1202 I DropBoxManagerService: add tag=system_app_strictmode isTagEnabled=true flags=0x2
01-19 11:28:04.845 1100 1202 I DropBoxManagerService: add tag=system_app_strictmode isTagEnabled=true flags=0x2
01-19 11:28:04.850 1100 1202 I DropBoxManagerService: add tag=system_app_strictmode isTagEnabled=true flags=0x2
01-01 08:06:21.295 0 0 W : ------------[ cut here ]------------
01-01 08:06:21.295 0 0 I : IRQs not enabled as expected
01-01 08:06:21.295 0 0 W : WARNING: CPU: 0 PID: 2582 at kernel/softirq.c:161 __local_bh_enable_ip+0x140/0x158
01-01 08:06:21.295 0 0 I : Modules linked in: wlan(O) tsnv(O) machine_dlkm(O) wcd938x_slave_dlkm(O) wcd938x_dlkm(O) wcd9xxx_dlkm(O) mbhc_dlkm(O) tx_macro_dlkm(O) rx_macro_dlkm(O) va_macro_dlkm(O) wsa_macro_dlkm(O) swr_ctrl_dlkm(O) bolero_cdc_dlkm(O) wsa881x_dlkm(O) wcd_core_dlkm(O) stub_dlkm(O) hdmi_dlkm(O) swr_dlkm(O) pinctrl_lpi_dlkm(O) pinctrl_wcd_dlkm(O) usf_dlkm(O) native_dlkm(O) platform_dlkm(O) q6_dlkm(O) adsp_loader_dlkm(O) apr_dlkm(O) snd_event_dlkm(O) q6_notifier_dlkm(O) q6_pdr_dlkm(O) msm_11ad_proxy
01-01 08:06:21.295 0 0 I : CPU: 0 PID: 2582 Comm: Binder:2388_4 Tainted: G S W O 4.19.157+ #1
01-01 08:06:21.295 0 0 I Hardware name: Qualcomm Technologies, Inc. kona MTP-RmPM8150b. VC1(FSE) EVT3 (DT)
01-01 08:06:21.295 0 0 I pstate : 60400085 (nZCv daIf +PAN -UAO)
01-01 08:06:21.295 0 0 I pc : __local_bh_enable_ip+0x140/0x158
01-01 08:06:21.295 0 0 I lr : __local_bh_enable_ip+0x140/0x158
01-01 08:06:21.295 0 0 I sp : ffffff80179aba20
01-01 08:06:21.295 0 0 I : x29: ffffff80179aba20 x28: ffffffd778100980
01-01 08:06:21.296 0 0 I : x27: ffffffd6c40e8040 x26: ffffffa76ffeecf8
01-01 08:06:21.296 0 0 I : x25: ffffffd702698238 x24: ffffffd702698230
01-01 08:06:21.296 0 0 I : x23: ffffffd702698228 x22: ffffffa76f901018
01-01 08:06:21.296 0 0 I : x21: ffffffd6c40e8040 x20: ffffffa76e9088b8
01-01 08:06:21.296 0 0 I : x19: 0000000000000200 x18: 000000000000002c
01-01 08:06:21.296 0 0 I : x17: ffffffa770f3e000 x16: 00000000fff96368
01-01 08:06:21.296 0 0 I : x15: 0000000000096368 x14: 00000000000000c2
01-01 08:06:21.296 0 0 I : x13: 0000000000000000 x12: 00000000000000e0
01-01 08:06:21.296 0 0 I : x11: 0000000000000000 x10: 0000000000000001
01-01 08:06:21.296 0 0 I : x9 : 5daf0e48922d6b00 x8 : 5daf0e48922d6b00
01-01 08:06:21.296 0 0 I : x7 : ffffffa76d5826c0 x6 : 0000000000000000
01-01 08:06:21.296 0 0 I : x5 : 0000000000000080 x4 : 0000000000000001
01-01 08:06:21.296 0 0 I : x3 : 0000000000000000 x2 : 0000000000000007
01-01 08:06:21.296 0 0 I : x1 : 0000000000000007 x0 : 000000000000001c
01-01 08:06:21.296 0 0 I Call trace:
01-01 08:06:21.296 0 0 I : __local_bh_enable_ip+0x140/0x158
01-01 08:06:21.296 0 0 I : local_bh_enable+0x18/0x20
01-01 08:06:21.296 0 0 I : destroy_conntrack+0xb0/0x1d0
01-01 08:06:21.296 0 0 I : nf_conntrack_destroy+0xb8/0x118
01-01 08:06:21.296 0 0 I : skb_release_head_state+0x94/0xb8
01-01 08:06:21.296 0 0 I : consume_skb+0x158/0x1e8
01-01 08:06:21.296 0 0 I : lan743x_tx_release_desc+0xbc/0x130
01-01 08:06:21.296 0 0 I : lan743x_tx_napi_poll+0xe8/0x260
01-01 08:06:21.296 0 0 I : net_rx_action+0x144/0x5d0
01-01 08:06:21.296 0 0 I : __do_softirq+0x280/0x554
01-01 08:06:21.296 0 0 I : __local_bh_enable_ip+0x118/0x158
01-01 08:06:21.296 0 0 I : local_bh_enable+0x18/0x20
01-01 08:06:21.296 0 0 I : fpsimd_restore_current_state+0x80/0x90
01-01 08:06:21.296 0 0 I : do_notify_resume+0x730/0x788
01-01 08:06:21.296 0 0 I : work_pending+0x8/0x14
01-01 08:06:21.296 0 0 I : irq event stamp: 1779
01-01 08:06:21.296 0 0 I : hardirqs last enabled at (1778): [] net_rx_action+0xb4/0x5d0
01-01 08:06:21.296 0 0 I : hardirqs last disabled at (1779): [] _raw_spin_lock_irqsave+0x28/0x98
01-01 08:06:21.296 0 0 I : softirqs last enabled at (1772): [] local_bh_enable+0x0/0x20
01-01 08:06:21.296 0 0 I : softirqs last disabled at (1773): [] __local_bh_enable_ip+0x118/0x158
01-01 08:06:21.296 0 0 W : ---[ end trace 1f05b892ea280953 ]---
01-19 11:28:04.862 1100 1100 V NotificationAssistants: 0 notification assistant service connected: ComponentInfo{android.ext.services/android.ext.services.notification.Assistant}
01-01 08:06:21.304 0 0 I [kworke][0x40380375][11:28:04.868852] wlan: [81:I:HIF] ce_srng_dest_ring_setup: ce_id 1
01-01 08:06:21.304 0 0 D cnss : Assign MSI to user: CE, num_vectors: 10, user_base_data: 803, base_vector: 3
01-01 08:06:21.305 0 0 I [kworke][0x40384f0b][11:28:04.869858] wlan: [81:I:HIF] ce_srng_status_ring_setup: ce_id 1
01-01 08:06:21.305 0 0 D cnss : Assign MSI to user: CE, num_vectors: 10, user_base_data: 803, base_vector: 3
01-01 08:06:21.305 0 0 I [kworke][0x403858aa][11:28:04.869986] wlan: [81:I:HIF] ce_srng_dest_ring_setup: ce_id 2
01-01 08:06:21.305 0 0 D cnss : Assign MSI to user: CE, num_vectors: 10, user_base_data: 803, base_vector: 3
01-01 08:06:21.305 0 0 I [kworke][0x4038620b][11:28:04.870111] wlan: [81:I:HIF] ce_srng_status_ring_setup: ce_id 2
01-01 08:06:21.305 0 0 D cnss : Assign MSI to user: CE, num_vectors: 10, user_base_data: 803, base_vector: 3
01-01 08:06:21.305 0 0 I binder : 2572:2572 ioctl 40046210 7fdc6fe2f4 returned -22
01-01 08:06:21.307 0 0 D cnss : Assign MSI to user: CE, num_vectors: 10, user_base_data: 803, base_vector: 3
01-19 11:28:04.873 1100 1135 I ExplicitHealthCheckController: Explicit health check supported packages [PackageConfig{com.android.networkstack, 86400000}]
01-19 11:28:04.873 1100 1135 D PackageWatchdog: Received supported packages [PackageConfig{com.android.networkstack, 86400000}]
01-19 11:28:04.874 1100 1135 D ExplicitHealthCheckController: Getting health check requested packages
01-19 11:28:04.878 1100 2150 I ExplicitHealthCheckController: Explicit health check requested packages []
01-19 11:28:04.879 1100 2150 I ExplicitHealthCheckController: No more health check requests, unbinding...
01-19 11:28:04.882 1100 2150 I ExplicitHealthCheckController: Explicit health check service is unbound
01-19 11:28:04.889 1100 1936 I netstats_mobile_sample: [0,0,0,0,0,0,0,0,0,0,0,0,1674098884889]
01-19 11:28:04.890 1100 1936 I netstats_wifi_sample: [0,0,0,0,0,0,0,0,0,0,0,0,1674098884889]
01-01 08:06:21.328 0 0 I [kworke][0x403f1602][11:28:04.892991] wlan: [81:I:HIF] ce_srng_dest_ring_setup: ce_id 5
01-01 08:06:21.328 0 0 D cnss : Assign MSI to user: CE, num_vectors: 10, user_base_data: 803, base_vector: 3
01-01 08:06:21.328 0 0 I [kworke][0x403f2632][11:28:04.893207] wlan: [81:I:HIF] ce_srng_status_ring_setup: ce_id 5
01-01 08:06:21.328 0 0 D cnss : Assign MSI to user: CE, num_vectors: 10, user_base_data: 803, base_vector: 3
01-01 08:06:21.328 0 0 I [kworke][0x403f32cf][11:28:04.893375] wlan: [81:I:HIF] hif_configure_irq: E
01-01 08:06:21.328 0 0 D cnss : Assign MSI to user: WAKE, num_vectors: 1, user_base_data: 813, base_vector: 13
01-01 08:06:21.328 0 0 D cnss : Get IRQ number 364 for vector index 13
01-01 08:06:21.328 0 0 D cnss : Assign MSI to user: CE, num_vectors: 10, user_base_data: 803, base_vector: 3
01-01 08:06:21.328 0 0 D cnss : Get IRQ number 354 for vector index 3
01-01 08:06:21.329 0 0 D cnss : Get IRQ number 355 for vector index 4
01-01 08:06:21.333 0 0 D cnss : Get IRQ number 356 for vector index 5
01-01 08:06:21.334 0 0 D cnss : Get IRQ number 357 for vector index 6
01-01 08:06:21.334 0 0 D cnss : Get IRQ number 359 for vector index 8
01-01 08:06:21.334 0 0 D cnss : Get IRQ number 360 for vector index 9
01-01 08:06:21.334 0 0 D cnss : Get IRQ number 362 for vector index 11
01-01 08:06:21.335 0 0 E [kworke][0x404120fb][11:28:04.899964] wlan: [81:E:mlme] mlme_init_reg_cfg: 2374: null pdev
01-19 11:28:04.899 1100 2707 D CompatibilityChangeReporter: Compat change id reported: 168419799; UID 10087; state: DISABLED
01-01 08:06:21.345 0 0 E [kworke][0x4044012e][11:28:04.909780] wlan: [81:E:WMI] WMI handle is NULL
01-01 08:06:21.353 0 0 I [kworke][0x40466acd][11:28:04.918015] wlan: [81:I:HIF] Initializing Runtime PM wakelock &p2p_soc_obj->roc_runtime_lock
01-01 08:06:21.353 0 0 D cnss : Platform cap_flag is 0x4
01-01 08:06:21.353 0 0 E [kworke][0x40466d99][11:28:04.918052] wlan: [81:E:QDF] cds_get_context: 1486: Module ID 66 context is Null
01-19 11:28:04.923 1100 2707 I am_uid_running: 10070
01-19 11:28:04.923 1100 2707 D CompatibilityChangeReporter: Compat change id reported: 135634846; UID 10070; state: DISABLED
01-19 11:28:04.924 1100 2707 D CompatibilityChangeReporter: Compat change id reported: 177438394; UID 10070; state: DISABLED
01-19 11:28:04.924 1100 2707 D CompatibilityChangeReporter: Compat change id reported: 135772972; UID 10070; state: DISABLED
01-19 11:28:04.924 1100 2707 D CompatibilityChangeReporter: Compat change id reported: 135754954; UID 10070; state: ENABLED
01-19 11:28:04.925 1100 1216 D CompatibilityChangeReporter: Compat change id reported: 143937733; UID 10070; state: ENABLED
01-19 11:28:04.927 1451 1451 I auditd : type=1400 audit(0.0:142): avc: denied { read } for comm="tzlog" name="qsee_log" dev="debugfs" ino=18473 scontext=u:r:np_thundercomm_tlog:s0 tcontext=u:object_r:debugfs:s0 tclass=file permissive=1
01-19 11:28:04.927 1451 1451 I auditd : type=1400 audit(0.0:143): avc: denied { open } for comm="tzlog" path="/sys/kernel/debug/tzdbg/qsee_log" dev="debugfs" ino=18473 scontext=u:r:np_thundercomm_tlog:s0 tcontext=u:object_r:debugfs:s0 tclass=file permissive=1
01-19 11:28:04.937 1100 1936 I netstats_mobile_sample: [0,0,0,0,0,0,0,0,0,0,0,0,1674098884937]
01-19 11:28:04.937 1100 1936 I netstats_wifi_sample: [0,0,0,0,0,0,0,0,0,0,0,0,1674098884937]
01-19 11:28:04.940 1100 1936 W ContextImpl: Calling a method in the system process without a qualified user: android.app.ContextImpl.sendStickyBroadcast:1559 com.android.server.ConnectivityService.sendStickyBroadcast:2811 com.android.server.ConnectivityService.sendGeneralBroadcast:2786 com.android.server.ConnectivityService.sendConnectedBroadcast:2759 com.android.server.ConnectivityService.sendLegacyNetworkBroadcast:8704
01-19 11:28:04.942 1100 1100 I SyncManager: Loaded persisted syncs: 0 periodic syncs, 0 oneshot syncs, 12 total system server jobs, JobStats: FirstLoad: 6/5/0 LastSave: -1/-1/-1
01-19 11:28:04.950 1100 1936 W ContextImpl: Calling a method in the system process without a qualified user: android.app.ContextImpl.sendStickyBroadcast:1559 com.android.server.ConnectivityService.sendStickyBroadcast:2811 com.android.server.ConnectivityService.sendGeneralBroadcast:2786 com.android.server.ConnectivityService.sendInetConditionBroadcast:2763 com.android.server.ConnectivityService.updateInetCondition:8451
01-19 11:28:04.996 1100 1202 I DropBoxManagerService: add tag=system_app_strictmode isTagEnabled=true flags=0x2
01-01 08:06:21.421 0 0 E [kworke][0x405a8827][11:28:04.986675] wlan: [81:E:QDF] cds_get_context: 1486: Module ID 66 context is Null
01-19 11:28:05.004 1100 1202 I DropBoxManagerService: add tag=system_app_strictmode isTagEnabled=true flags=0x2
01-19 11:28:05.008 1100 2150 I am_wtf : [0,2575,com.android.settings,952647173,RoleParser,com.android.permissioncontroller.role.model.AssistantRoleBehavior]
01-19 11:28:05.009 1100 2707 I am_wtf : [0,2575,com.android.settings,952647173,RoleParser,com.android.permissioncontroller.role.model.BrowserRoleBehavior]
01-19 11:28:05.010 1100 1202 I DropBoxManagerService: add tag=system_app_strictmode isTagEnabled=true flags=0x2
01-19 11:28:05.012 1100 2150 I am_wtf : [0,2575,com.android.settings,952647173,RoleParser,com.android.permissioncontroller.role.model.DialerRoleBehavior]
01-19 11:28:05.013 2059 2059 D SystemUIBootTiming: StartServicescom.android.systemui.statusbar.phone.StatusBar took to complete: 956ms
01-19 11:28:05.014 1100 1202 I DropBoxManagerService: add tag=system_app_strictmode isTagEnabled=true flags=0x2
01-19 11:28:05.015 1100 2707 I am_wtf : [0,2575,com.android.settings,952647173,RoleParser,com.android.permissioncontroller.role.model.SmsRoleBehavior]
01-19 11:28:05.018 1100 1135 I am_wtf : [0,2575,com.android.settings,952647173,RoleParser,com.android.permissioncontroller.role.model.EmergencyRoleBehavior]
01-19 11:28:05.019 2059 2059 D SystemUIBootTiming: StartServicescom.android.systemui.usb.StorageNotification took to complete: 5ms
01-19 11:28:05.020 2059 2332 W ActivityThread: Failed to find provider info for com.android.contacts (user not unlocked)
01-19 11:28:05.021 1100 2707 I am_wtf : [0,2575,com.android.settings,952647173,RoleParser,com.android.permissioncontroller.role.model.HomeRoleBehavior]
01-19 11:28:05.025 1100 2150 I am_wtf : [0,2575,com.android.settings,952647173,RoleParser,com.android.permissioncontroller.role.model.SystemAutomotiveClusterRoleBehavior]
01-19 11:28:05.029 1100 1135 I am_wtf : [0,2575,com.android.settings,952647173,RoleParser,com.android.permissioncontroller.role.model.CompanionDeviceWatchRoleBehavior]
01-19 11:28:05.031 1100 1135 I am_wtf : [0,2575,com.android.settings,952647173,RoleParser,com.android.permissioncontroller.role.model.SystemShellRoleBehavior]
01-19 11:28:05.033 2059 2059 D SystemUIBootTiming: StartServicescom.android.systemui.power.PowerUI took to complete: 14ms
01-19 11:28:05.034 1100 2150 I am_wtf : [0,2575,com.android.settings,952647173,RoleParser,com.android.permissioncontroller.role.model.TelevisionRoleBehavior]
01-19 11:28:05.036 2059 2059 D SystemUIBootTiming: StartServicescom.android.systemui.media.RingtonePlayer took to complete: 3ms
01-19 11:28:05.038 1100 2150 I am_wtf : [0,2575,com.android.settings,952647173,RoleParser,com.android.permissioncontroller.role.model.TelevisionRoleBehavior]
01-19 11:28:05.040 2059 2059 D SystemUIBootTiming: StartServicescom.android.systemui.keyboard.KeyboardUI took to complete: 3ms
01-01 08:06:21.473 0 0 I [kworke][0x40698f3d][11:28:05.037968] wlan: [81:I:HIF] Initializing Runtime PM wakelock &psoc_wakelock->wmi_cmd_rsp_runtime_lock
01-19 11:28:05.041 2059 2059 D SystemUIBootTiming: StartServicescom.android.systemui.shortcut.ShortcutKeyDispatcher took to complete: 2ms
01-19 11:28:05.041 2059 2059 D SystemUIBootTiming: StartServicescom.android.systemui.VendorServices took to complete: 0ms
01-19 11:28:05.044 2059 2059 D SystemUIBootTiming: StartServicescom.android.systemui.util.leak.GarbageMonitor$Service took to complete: 2ms
01-19 11:28:05.044 2059 2059 D SystemUIBootTiming: StartServicescom.android.systemui.LatencyTester took to complete: 0ms
01-19 11:28:05.047 2059 2059 D SystemUIBootTiming: StartServicescom.android.systemui.globalactions.GlobalActionsComponent took to complete: 2ms
01-19 11:28:05.048 2059 2059 D SystemUIBootTiming: StartServicescom.android.systemui.ScreenDecorations took to complete: 0ms
01-19 11:28:05.048 1100 1216 W ActivityManager: Slow operation: 125ms so far, now at startProcess: returned from zygote!
01-19 11:28:05.048 1100 1216 W ActivityManager: Slow operation: 125ms so far, now at startProcess: done updating battery stats
01-19 11:28:05.048 1100 1216 I am_proc_start: [0,2728,10070,com.thundercomm.gamemode.provider,content provider,{com.thundercomm.gamemode.provider/com.thundercomm.gamemode.provider.SettingsProvider}]
01-19 11:28:05.048 1100 1216 W ActivityManager: Slow operation: 125ms so far, now at startProcess: building log message
01-19 11:28:05.048 1100 1216 I ActivityManager: Start proc 2728:com.thundercomm.gamemode.provider/u0a70 for content provider {com.thundercomm.gamemode.provider/com.thundercomm.gamemode.provider.SettingsProvider}
01-19 11:28:05.048 1100 1216 W ActivityManager: Slow operation: 125ms so far, now at startProcess: starting to update pids map
01-19 11:28:05.049 1100 1216 W ActivityManager: Slow operation: 126ms so far, now at startProcess: done updating pids map
01-19 11:28:05.052 2059 2059 D SystemUIBootTiming: StartServicescom.android.systemui.biometrics.AuthController took to complete: 4ms
01-19 11:28:05.052 2059 2059 D SystemUIBootTiming: StartServicescom.android.systemui.SliceBroadcastRelayHandler took to complete: 1ms
01-01 08:06:21.477 0 0 F [kworke][0x406ad798][11:28:05.042346] wlan: [81:F:WMA] WMA --> wmi_unified_attach - success
01-19 11:28:05.054 2059 2059 D SystemUIBootTiming: StartServicescom.android.systemui.statusbar.notification.InstantAppNotifier took to complete: 2ms
01-01 08:06:21.493 0 0 I [kworke][0x406f804f][11:28:05.058249] wlan: [81:I:HIF] Initializing Runtime PM wakelock &vdev->vdev_set_key_runtime_wakelock
01-01 08:06:21.494 0 0 I [kworke][0x406fd21b][11:28:05.059340] wlan: [81:I:HIF] Initializing Runtime PM wakelock &vdev->vdev_set_key_runtime_wakelock
01-01 08:06:21.499 0 0 I [kworke][0x407153ff][11:28:05.064485] wlan: [81:I:HIF] Initializing Runtime PM wakelock &vdev->vdev_set_key_runtime_wakelock
01-01 08:06:21.501 0 0 I [kworke][0x4071d490][11:28:05.066199] wlan: [81:I:HIF] Initializing Runtime PM wakelock &vdev->vdev_set_key_runtime_wakelock
01-01 08:06:21.502 0 0 I [kworke][0x4072189a][11:28:05.067106] wlan: [81:I:HIF] Initializing Runtime PM wakelock &vdev->vdev_set_key_runtime_wakelock
01-01 08:06:21.503 0 0 I [kworke][0x4072533f][11:28:05.067888] wlan: [81:I:HIF] Initializing Runtime PM wakelock &vdev->vdev_set_key_runtime_wakelock
01-01 08:06:21.506 0 0 I [kworke][0x40733b95][11:28:05.070986] wlan: [81:I:HIF] Initializing Runtime PM wakelock &wma_handle->wmi_cmd_rsp_runtime_lock
01-01 08:06:21.506 0 0 I [kworke][0x407340bc][11:28:05.071054] wlan: [81:I:HIF] Initializing Runtime PM wakelock &wma_handle->sap_prevent_runtime_pm_lock
01-19 11:28:05.056 2059 2059 D SystemUIBootTiming: StartServicescom.android.systemui.theme.ThemeOverlayController took to complete: 2ms
01-19 11:28:05.057 2059 2059 D SystemUIBootTiming: StartServicescom.android.systemui.accessibility.WindowMagnification took to complete: 0ms
01-19 11:28:05.067 2059 2059 D SystemUIBootTiming: StartServicescom.android.systemui.accessibility.SystemActions took to complete: 10ms
01-19 11:28:05.068 2059 2059 D SystemUIBootTiming: StartServicescom.android.systemui.toast.ToastUI took to complete: 0ms
01-19 11:28:05.070 2059 2059 D SystemUIBootTiming: StartServicescom.android.systemui.wmshell.WMShell took to complete: 3ms
01-19 11:28:05.077 2575 2575 I wm_on_create_called: [20320188,com.android.settings.FallbackHome,performCreate]
01-19 11:28:05.078 2575 2575 I wm_on_start_called: [20320188,com.android.settings.FallbackHome,handleStartActivity]
01-19 11:28:05.079 2575 2575 I wm_on_resume_called: [20320188,com.android.settings.FallbackHome,RESUME_ACTIVITY]
01-19 11:28:05.101 1100 2731 I am_uid_running: 10093
01-19 11:28:05.103 1100 2731 D CompatibilityChangeReporter: Compat change id reported: 135634846; UID 10093; state: DISABLED
01-19 11:28:05.104 1100 2731 D CompatibilityChangeReporter: Compat change id reported: 177438394; UID 10093; state: DISABLED
01-19 11:28:05.104 1100 2731 D CompatibilityChangeReporter: Compat change id reported: 135772972; UID 10093; state: DISABLED
01-19 11:28:05.104 1100 2731 D CompatibilityChangeReporter: Compat change id reported: 135754954; UID 10093; state: ENABLED
01-19 11:28:05.105 1100 1216 D CompatibilityChangeReporter: Compat change id reported: 143937733; UID 10093; state: ENABLED
01-19 11:28:05.112 2575 2575 I wm_on_top_resumed_gained_called: [20320188,com.android.settings.FallbackHome,topStateChangedWhenResumed]
01-19 11:28:05.125 1100 1204 I input_focus: [Focus request 8bba6b9 com.android.settings/com.android.settings.FallbackHome,reason=UpdateInputWindows]
01-01 08:06:21.542 0 0 E [kworke][0x407dffb5][11:28:05.107734] wlan: [81:E:QDF] htc_wait_target: 684: Target Ready! TX resource : 1 size:2176, MaxMsgsPerHTCBundle = 1
01-01 08:06:21.557 0 0 E [kworke][0x40822809][11:28:05.121925] wlan: [81:E:QDF] htc_setup_target_buffer_assignments: 576: SVS Index : 1 TX : 0x100 : alloc:1
01-01 08:06:21.564 0 0 I binder : 2728:2728 ioctl 40046210 7fdc700314 returned -22
01-01 08:06:21.570 0 0 D cnss : Assign MSI to user: DP, num_vectors: 18, user_base_data: 814, base_vector: 14
01-01 08:06:21.576 0 0 I [kworke][0x4087bb91][11:28:05.140959] wlan: [81:I:HIF] +hif_update_pipe_callback pipeid 5
01-01 08:06:21.576 0 0 I [kworke][0x4087c418][11:28:05.141073] wlan: [81:I:HIF] -hif_update_pipe_callback
01-01 08:06:21.576 0 0 D cnss : Assign MSI to user: DP, num_vectors: 18, user_base_data: 814, base_vector: 14
01-19 11:28:05.145 2059 2059 D SystemUIBootTiming: StartServicescom.android.systemui.ShowWindowUtil took to complete: 74ms
01-19 11:28:05.145 1100 1136 I am_proc_bound: [0,2728,com.thundercomm.gamemode.provider]
01-19 11:28:05.146 1100 1136 D CompatibilityChangeReporter: Compat change id reported: 168419799; UID 10070; state: DISABLED
01-01 08:06:21.580 0 0 E [kworke][0x4088fc06][11:28:05.145231] wlan: [81:E:DP] dp_srng_get_str_from_hal_ring_type: 7726: Invalid ring type
01-01 08:06:21.592 0 0 D cnss : Assign MSI to user: DP, num_vectors: 18, user_base_data: 814, base_vector: 14
01-01 08:06:21.592 0 0 D cnss : Assign MSI to user: DP, num_vectors: 18, user_base_data: 814, base_vector: 14
01-01 08:06:21.592 0 0 D cnss : Assign MSI to user: DP, num_vectors: 18, user_base_data: 814, base_vector: 14
01-19 11:28:05.160 1100 1216 W ActivityManager: Slow operation: 57ms so far, now at startProcess: returned from zygote!
01-19 11:28:05.160 1100 1216 W ActivityManager: Slow operation: 57ms so far, now at startProcess: done updating battery stats
01-19 11:28:05.160 1100 1216 I am_proc_start: [0,2755,10093,com.qualcomm.qti.qccauthmgr,content provider,{com.qualcomm.qti.qccauthmgr/com.qualcomm.qti.qccauthmgr.providers.SMQContentProvider}]
01-19 11:28:05.160 1100 1216 W ActivityManager: Slow operation: 57ms so far, now at startProcess: building log message
01-19 11:28:05.160 1100 1216 I ActivityManager: Start proc 2755:com.qualcomm.qti.qccauthmgr/u0a93 for content provider {com.qualcomm.qti.qccauthmgr/com.qualcomm.qti.qccauthmgr.providers.SMQContentProvider}
01-19 11:28:05.160 1100 1216 W ActivityManager: Slow operation: 57ms so far, now at startProcess: starting to update pids map
01-19 11:28:05.161 1100 1216 W ActivityManager: Slow operation: 58ms so far, now at startProcess: done updating pids map
01-01 08:06:21.592 0 0 D cnss : Assign MSI to user: DP, num_vectors: 18, user_base_data: 814, base_vector: 14
01-01 08:06:21.592 0 0 D cnss : Assign MSI to user: DP, num_vectors: 18, user_base_data: 814, base_vector: 14
01-01 08:06:21.593 0 0 D cnss : Assign MSI to user: DP, num_vectors: 18, user_base_data: 814, base_vector: 14
01-01 08:06:21.593 0 0 D cnss : Assign MSI to user: DP, num_vectors: 18, user_base_data: 814, base_vector: 14
01-01 08:06:21.593 0 0 D cnss : Assign MSI to user: DP, num_vectors: 18, user_base_data: 814, base_vector: 14
01-01 08:06:21.594 0 0 I [kworke][0x408d12cf][11:28:05.159189] wlan: [81:I:DP] dp_tx_soc_attach Tx Desc Alloc num_pool = 4, descs = 4096
01-01 08:06:21.594 0 0 I [kworke][0x408d244e][11:28:05.159422] wlan: [81:I:DP] dp_tx_soc_attach MSDU Ext Desc Alloc 4, descs = 4096
01-01 08:06:21.595 0 0 I [kworke][0x408d403a][11:28:05.159794] wlan: [81:I:DP] dp_tx_soc_attach HAL Tx init Success
01-01 08:06:21.595 0 0 D cnss : Assign MSI to user: DP, num_vectors: 18, user_base_data: 814, base_vector: 14
01-01 08:06:21.595 0 0 D cnss : Assign MSI to user: DP, num_vectors: 18, user_base_data: 814, base_vector: 14
01-01 08:06:21.595 0 0 I [kworke][0x408d557a][11:28:05.160077] wlan: [81:I:DP] dp_soc_cmn_setup: 3274: num_reo_dest_rings 4
01-01 08:06:21.595 0 0 D cnss : Assign MSI to user: DP, num_vectors: 18, user_base_data: 814, base_vector: 14
01-01 08:06:21.595 0 0 D cnss : Assign MSI to user: DP, num_vectors: 18, user_base_data: 814, base_vector: 14
01-01 08:06:21.595 0 0 D cnss : Assign MSI to user: DP, num_vectors: 18, user_base_data: 814, base_vector: 14
01-01 08:06:21.595 0 0 D cnss : Assign MSI to user: DP, num_vectors: 18, user_base_data: 814, base_vector: 14
01-01 08:06:21.595 0 0 D cnss : Assign MSI to user: DP, num_vectors: 18, user_base_data: 814, base_vector: 14
01-01 08:06:21.595 0 0 D cnss : Assign MSI to user: DP, num_vectors: 18, user_base_data: 814, base_vector: 14
01-01 08:06:21.595 0 0 D cnss : Assign MSI to user: DP, num_vectors: 18, user_base_data: 814, base_vector: 14
01-01 08:06:21.595 0 0 D cnss : Assign MSI to user: DP, num_vectors: 18, user_base_data: 814, base_vector: 14
01-01 08:06:21.596 0 0 D cnss : Assign MSI to user: DP, num_vectors: 18, user_base_data: 814, base_vector: 14
01-01 08:06:21.596 0 0 D cnss : Assign MSI to user: DP, num_vectors: 18, user_base_data: 814, base_vector: 14
01-01 08:06:21.596 0 0 D cnss : Assign MSI to user: DP, num_vectors: 18, user_base_data: 814, base_vector: 14
01-01 08:06:21.596 0 0 I [kworke][0x408db22f][11:28:05.161313] wlan: [81:I:HAL] hal_reo_set_err_dst_remap_6390: 1024: HWIO_REO_R0_ERROR_DESTINATION_MAPPING_IX_0 0x28005b6d
01-01 08:06:21.596 0 0 D cnss : Assign MSI to user: DP, num_vectors: 18, user_base_data: 814, base_vector: 14
01-01 08:06:21.596 0 0 D cnss : Assign MSI to user: DP, num_vectors: 18, user_base_data: 814, base_vector: 14
01-01 08:06:21.596 0 0 D cnss : Assign MSI to user: DP, num_vectors: 18, user_base_data: 814, base_vector: 14
01-01 08:06:21.596 0 0 D cnss : Assign MSI to user: DP, num_vectors: 18, user_base_data: 814, base_vector: 14
01-01 08:06:21.596 0 0 D cnss : Assign MSI to user: DP, num_vectors: 18, user_base_data: 814, base_vector: 14
01-01 08:06:21.596 0 0 D cnss : Assign MSI to user: DP, num_vectors: 18, user_base_data: 814, base_vector: 14
01-19 11:28:05.180 2059 2059 D SystemUIBootTiming: StartServices took to complete: 1408ms
01-19 11:28:05.187 1100 1202 I DropBoxManagerService: add tag=system_app_strictmode isTagEnabled=true flags=0x2
01-19 11:28:05.199 1100 1202 I DropBoxManagerService: add tag=system_app_strictmode isTagEnabled=true flags=0x2
01-01 08:06:21.636 0 0 I binder : 2575:2725 ioctl 40046210 7c37b171f4 returned -22
01-19 11:28:05.214 1100 1202 I DropBoxManagerService: add tag=system_app_strictmode isTagEnabled=true flags=0x2
01-01 08:06:21.677 0 0 E init : Control message: Could not find 'vendor.qti.hardware.iop@2.0::IIop/default' for ctl.interface_start from pid: 509 (/system/bin/hwservicemanager)
01-19 11:28:05.268 1100 1203 I ActivityManagerTiming: FinishBooting
01-19 11:28:05.269 1100 1203 I boot_progress_enable_screen: 49831
01-19 11:28:05.271 1100 1203 I screen_toggled: 1
01-01 08:06:21.732 0 0 I binder : 2755:2755 ioctl 40046210 7fdc700314 returned -22
01-19 11:28:05.311 1100 2731 I am_proc_bound: [0,2755,com.qualcomm.qti.qccauthmgr]
01-19 11:28:05.313 1100 2731 D CompatibilityChangeReporter: Compat change id reported: 168419799; UID 10093; state: DISABLED
01-19 11:28:05.320 1100 2731 I am_uid_active: 10093
01-01 08:06:21.765 0 0 I [kworke][0x40bf150a][11:28:05.329885] wlan: [81:I:DP] Peer pool init
01-01 08:06:21.765 0 0 W [kworke][0x40bf202d][11:28:05.330033] wlan: [81:W:DP] dp_rx_pdev_mon_attach: pdev attach id=0
01-01 08:06:21.791 0 0 D cnss : Assign MSI to user: DP, num_vectors: 18, user_base_data: 814, base_vector: 14
01-01 08:06:21.791 0 0 D cnss : Get IRQ number 365 for vector index 14
01-01 08:06:21.791 0 0 D cnss : Assign MSI to user: DP, num_vectors: 18, user_base_data: 814, base_vector: 14
01-01 08:06:21.791 0 0 D cnss : Get IRQ number 366 for vector index 15
01-01 08:06:21.791 0 0 D cnss : Assign MSI to user: DP, num_vectors: 18, user_base_data: 814, base_vector: 14
01-01 08:06:21.791 0 0 D cnss : Get IRQ number 367 for vector index 16
01-01 08:06:21.791 0 0 D cnss : Assign MSI to user: DP, num_vectors: 18, user_base_data: 814, base_vector: 14
01-01 08:06:21.791 0 0 D cnss : Get IRQ number 368 for vector index 17
01-01 08:06:21.791 0 0 D cnss : Assign MSI to user: DP, num_vectors: 18, user_base_data: 814, base_vector: 14
01-01 08:06:21.791 0 0 D cnss : Assign MSI to user: DP, num_vectors: 18, user_base_data: 814, base_vector: 14
01-01 08:06:21.791 0 0 D cnss : Get IRQ number 370 for vector index 19
01-01 08:06:21.791 0 0 D cnss : Assign MSI to user: DP, num_vectors: 18, user_base_data: 814, base_vector: 14
01-01 08:06:21.791 0 0 D cnss : Get IRQ number 371 for vector index 20
01-01 08:06:21.797 0 0 E [kworke][0x40c87d1b][11:28:05.361992] wlan: [81:E:HIF] hif_pci_ce_irq_set_affinity_hint: 3708: Unable to set cpu mask for offline CPU 0
01-01 08:06:21.806 0 0 E init : Control message: Could not find 'vendor.qti.hardware.iop@2.0::IIop/default' for ctl.interface_start from pid: 509 (/system/bin/hwservicemanager)
01-01 08:06:21.816 0 0 I [kworke][0x40ce38e7][11:28:05.381563] wlan: [337:I:WMA] wma_rx_service_ready_event: Firmware build version : 101a0521
01-01 08:06:21.826 0 0 I [kworke][0x40d11620][11:28:05.391339] wlan: [337:I:WMA] wma_rx_service_ready_event: Board id: 0, Board version: 8 0 0 0 6
01-01 08:06:21.831 0 0 I [kworke][0x40d26a47][11:28:05.395874] wlan: [337:I:WMA] wma_is_dbs_mandatory: 5417: MAC0 does not support both bands 2 DBS is mandatory
01-01 08:06:21.831 0 0 E [kworke][0x40d27142][11:28:05.395968] wlan: [337:E:QDF] copy_fw_abi_version_tlv: 6979: copy_fw_abi_version_tlv: INIT_CMD version: 1, 0, 0x5f414351, 0x4c4d, 0x0, 0x0
01-19 11:28:05.412 1100 2731 D CompatibilityChangeReporter: Compat change id reported: 171306433; UID 1000; state: ENABLED
01-19 11:28:05.419 2059 2369 W ActivityThread: Failed to find provider info for com.android.contacts (user not unlocked)
01-19 11:28:05.443 1100 1202 I DropBoxManagerService: add tag=system_server_strictmode isTagEnabled=true flags=0x2
01-01 08:06:21.869 0 0 E init : Control message: Could not find 'vendor.qti.hardware.iop@2.0::IIop/default' for ctl.interface_start from pid: 509 (/system/bin/hwservicemanager)
01-19 11:28:05.451 2059 2369 W ActivityThread: Failed to find provider info for com.android.contacts (user not unlocked)
01-19 11:28:05.463 2059 2369 W ActivityThread: Failed to find provider info for com.android.contacts (user not unlocked)
01-19 11:28:05.593 1100 2731 I am_uid_active: 10070
01-01 08:06:22.031 0 0 E [kworke][0x410d0c77][11:28:05.596010] wlan: [339:E:QDF] ready_extract_init_status_tlv: 8884: ready_extract_init_status_tlv:0
01-01 08:06:22.045 0 0 E [kworke][0x41113bb5][11:28:05.610294] wlan: [339:E:QDF] cds_get_context: 1486: Module ID 65 context is Null
01-01 08:06:22.057 0 0 F [kworke][0x4114b507][11:28:05.622152] wlan: [339:F:DP] cdp_ipa_set_uc_tx_partition_base invalid instance
01-01 08:06:22.068 0 0 I [kworke][0x4117e839][11:28:05.633074] wlan: [339:I:WMA] wma_he_update_tgt_services: 996: 11ax is enabled
01-01 08:06:22.075 0 0 I [kworke][0x411a11ec][11:28:05.640457] wlan: [339:I:HIF] Initializing Runtime PM wakelock &mgmt_txrx_pdev_ctx->wakelock_tx_runtime_cmp
01-01 08:06:22.077 0 0 I [kworke][0x411a759b][11:28:05.641785] wlan: [339:I:dfs] WLAN_DEBUG_DFS_ALWAYS : wlan_dfs_pdev_obj_create_notification: 421: dfs_offload 1
01-01 08:06:22.077 0 0 I [kworke][0x411a77c3][11:28:05.641814] wlan: [339:I:SPECTRAL] null_get_capability: 1715: SPECTRAL : get_capability not registered
01-01 08:06:22.077 0 0 I [kworke][0x411a784a][11:28:05.641821] wlan: [339:I:SPECTRAL] target_if_pdev_spectral_init: 2249: HAL_CAP_PHYDIAG : Capable
01-01 08:06:22.077 0 0 I [kworke][0x411a78d3][11:28:05.641828] wlan: [339:I:SPECTRAL] null_get_capability: 1715: SPECTRAL : get_capability not registered
01-01 08:06:22.077 0 0 I [kworke][0x411a7951][11:28:05.641835] wlan: [339:I:SPECTRAL] target_if_pdev_spectral_init: 2253: HAL_CAP_RADAR : Capable
01-01 08:06:22.077 0 0 I [kworke][0x411a79ce][11:28:05.641842] wlan: [339:I:SPECTRAL] null_get_capability: 1715: SPECTRAL : get_capability not registered
01-01 08:06:22.077 0 0 I [kworke][0x411a7b73][11:28:05.641863] wlan: [339:I:SPECTRAL] target_if_pdev_spectral_init: 2258: HAL_CAP_SPECTRAL_SCAN : Capable
01-01 08:06:22.077 0 0 I [kworke][0x411a7c30][11:28:05.641873] wlan: [339:I:SPECTRAL] null_get_tsf64: 1703: SPECTRAL : get_tsf64 not registered
01-01 08:06:22.077 0 0 I [kworke][0x411a7de6][11:28:05.641896] wlan: [339:I:GREEN_AP] wlan_green_ap_pdev_obj_create_notification: 106: Green AP creation successful, green ap ctx: ffffffd6b88c10e8, pdev: ffffffd6b9fe46e8
01-01 08:06:22.077 0 0 I [kworke][0x411a8191][11:28:05.641945] wlan: [339:I:IPA] wlan_ipa_wdi_init: 540: ipa_over_gsi: 1, is_smmu_enabled: 1
01-01 08:06:22.081 0 0 I [kworke][0x411bc2f3][11:28:05.646230] wlan: [339:I:REGULATORY] reg_set_band: 483: set band bitmap: 3
01-01 08:06:22.081 0 0 I [kworke][0x411bdef8][11:28:05.646604] wlan: [339:I:HIF] Initializing Runtime PM wakelock &ctx->dfs
01-01 08:06:22.081 0 0 I [kworke][0x411bdff0][11:28:05.646617] wlan: [339:I:HIF] Initializing Runtime PM wakelock &ctx->connect
01-01 08:06:22.081 0 0 I [kworke][0x411be0c4][11:28:05.646628] wlan: [339:I:HIF] Initializing Runtime PM wakelock &ctx->user
01-01 08:06:22.081 0 0 I [kworke][0x411be1be][11:28:05.646641] wlan: [339:I:HIF] Initializing Runtime PM wakelock &scan_priv->runtime_pm_lock
01-01 08:06:22.081 0 0 I [kworke][0x411be77f][11:28:05.646717] wlan: [339:I:GREEN_AP] target_if_green_ap_register_egap_event_handler: 131: Set the Enhance Green AP event handler
01-01 08:06:22.081 0 0 E [kworke][0x411be856][11:28:05.646729] wlan: [339:E:QDF] dp_peer_map_attach_wifi3: 10048: dp_peer_map_attach_wifi3 max_peers 55, max_ast_index: 144
01-01 08:06:22.098 0 0 I [kworke][0x4120a363][11:28:05.662876] wlan: [339:I:DP]
01-01 08:06:22.098 0 0 I : <=== cfg max peer id 55 ====>
01-01 08:06:22.098 0 0 I [kworke][0x4120a5b7][11:28:05.662907] wlan: [339:I:DP]
01-01 08:06:22.098 0 0 I : <=== cfg max ast idx 144 ====>
01-01 08:06:22.098 0 0 I [kworke][0x4120a6bd][11:28:05.662921] wlan: [339:I:DP] ast hash_elems: 512, max_ast_idx: 144
01-01 08:06:22.099 0 0 I [kworke][0x41211cc9][11:28:05.664495] wlan: [81:I:WMA] wma_wait_for_ready_event: 6926: FW ready event received
01-01 08:06:22.108 0 0 E [kworke][0x41238b44][11:28:05.672794] wlan: [81:E:WMI] send_action_oui_cmd_tlv: 220: Invalid action id
01-01 08:06:22.118 0 0 E [kworke][0x4126bb41][11:28:05.683674] wlan: [81:E:action_oui] ucfg_action_oui_send: 160: Failed to send: 7
01-01 08:06:22.130 0 0 E [kworke][0x412a0777][11:28:05.694930] wlan: [81:E:WMI] send_action_oui_cmd_tlv: 220: Invalid action id
01-01 08:06:22.141 0 0 E [kworke][0x412d37f5][11:28:05.705817] wlan: [81:E:action_oui] ucfg_action_oui_send: 160: Failed to send: 9
01-01 08:06:22.152 0 0 E [kworke][0x413081e6][11:28:05.717043] wlan: [81:E:HDD] hdd_action_oui_send: 13281: Failed to send one or all action_ouis
01-01 08:06:22.166 0 0 E bt_ioctl: BT_CMD_PWR_CTRL pwr_cntrl:2
01-01 08:06:22.172 0 0 E bt_vreg_unvote: vreg_unvote successful for : qca,bt-vdd-rfa2
01-01 08:06:22.178 0 0 D cnss : dma-coherent is enabled
01-01 08:06:22.179 0 0 D cnss : IOMMU map: iova b0000000, len 4096
01-01 08:06:22.179 0 0 D cnss : IOMMU map: iova_addr b0000040
01-01 08:06:22.179 0 0 D cnss : dma-coherent is enabled
01-01 08:06:22.179 0 0 D cnss : IOMMU map: iova b0001000, len 4096
01-01 08:06:22.179 0 0 D cnss : IOMMU map: iova_addr b0001018
01-01 08:06:22.180 0 0 E bt_vreg_unvote: vreg_unvote successful for : qca,bt-vdd-rfa1
01-01 08:06:22.182 0 0 E [kworke][0x41393c4f][11:28:05.746835] wlan: [81:E:TXRX] dp_rxdma_ring_config: 5022: DBS enabled max_mac_rings 2
01-01 08:06:22.187 0 0 E bt_vreg_unvote: vreg_unvote successful for : qca,bt-vdd-dig
01-01 08:06:22.187 0 0 E bt_vreg_unvote: vreg_unvote successful for : qca,bt-vdd-aon
01-01 08:06:22.212 0 0 E [kworke][0x4142359a][11:28:05.777466] wlan: [81:E:TXRX] dp_rxdma_ring_config: 5033: pdev_id 0 max_mac_rings 2
01-01 08:06:22.224 0 0 E [kworke][0x4145a695][11:28:05.789213] wlan: [81:E:TXRX] dp_rxdma_ring_config: 5050: mac_id 0
01-01 08:06:22.234 0 0 E [kworke][0x41489e15][11:28:05.799338] wlan: [81:E:TXRX] dp_rxdma_ring_config: 5050: mac_id 1
01-01 08:06:22.245 0 0 I [kworke][0x414bf1c7][11:28:05.810694] wlan: [81:I:POLICY_MGR] policy_mgr_update_5g_scc_prefer: 398: overwrite pm_second_connection_pcl_dbs_2x2_table, index 2 mode 3 system prefer 0 new pcl 6
01-01 08:06:22.245 0 0 I [kworke][0x414bf2a2][11:28:05.810706] wlan: [81:I:POLICY_MGR] policy_mgr_update_5g_scc_prefer: 404: overwrite pm_second_connection_pcl_dbs_2x2_table, index 3 mode 3 system prefer 0 new pcl 6
01-01 08:06:22.247 0 0 E [kworke][0x414c749e][11:28:05.812439] wlan: [81:E:REGULATORY] reg_freq_width_to_chan_op_class: 512: no op class for frequency 5745
01-01 08:06:22.261 0 0 I [kworke][0x415086f0][11:28:05.826337] wlan: [81:I:HIF] hif_pm_runtime_start: Enabling RUNTIME PM, Delay: 500 ms
01-01 08:06:22.281 0 0 E cnss_utils: WLAN MAC address is not set, type 0
01-01 08:06:22.287 0 0 W cnss_pci 0000: 01:00.0: Falling back to syfs fallback for: wlan/qca_cld/qca6390/wlan_mac.bin
01-01 08:06:22.300 0 0 I [kworke][0x415bd2fe][11:28:05.864897] wlan: [81:I:HDD] hdd_initialize_mac_address: 12589: using default MAC address
