01-01 08:06:09.628 577 577 I auditd : type=1400 audit(0.0:76): avc: denied { read } for comm="Binder:577_2" name="wakeup55" dev="sysfs" ino=77854 scontext=u:r:system_suspend:s0 tcontext=u:object_r:sysfs:s0 tclass=dir permissive=0
01-01 08:06:09.628 577 577 I auditd : type=1400 audit(0.0:77): avc: denied { read } for comm="Binder:577_2" name="wakeup17" dev="sysfs" ino=55930 scontext=u:r:system_suspend:s0 tcontext=u:object_r:sysfs:s0 tclass=dir permissive=0
01-01 08:06:09.632 577 577 I auditd : type=1400 audit(0.0:78): avc: denied { read } for comm="Binder:577_2" name="wakeup1" dev="sysfs" ino=43897 scontext=u:r:system_suspend:s0 tcontext=u:object_r:sysfs:s0 tclass=dir permissive=0
01-01 08:06:09.632 577 577 I auditd : type=1400 audit(0.0:79): avc: denied { read } for comm="Binder:577_2" name="wakeup63" dev="sysfs" ino=78154 scontext=u:r:system_suspend:s0 tcontext=u:object_r:sysfs:s0 tclass=dir permissive=0
01-01 08:06:09.636 577 577 I auditd : type=1400 audit(0.0:80): avc: denied { read } for comm="Binder:577_2" name="wakeup25" dev="sysfs" ino=56340 scontext=u:r:system_suspend:s0 tcontext=u:object_r:sysfs:s0 tclass=dir permissive=0
01-01 08:06:09.636 577 577 I auditd : type=1400 audit(0.0:81): avc: denied { read } for comm="Binder:577_2" name="wakeup53" dev="sysfs" ino=77782 scontext=u:r:system_suspend:s0 tcontext=u:object_r:sysfs:s0 tclass=dir permissive=0
01-01 08:06:09.636 577 577 I auditd : type=1400 audit(0.0:82): avc: denied { read } for comm="Binder:577_2" name="wakeup15" dev="sysfs" ino=55830 scontext=u:r:system_suspend:s0 tcontext=u:object_r:sysfs:s0 tclass=dir permissive=0
01-01 08:06:09.636 577 577 I auditd : type=1400 audit(0.0:83): avc: denied { read } for comm="Binder:577_2" name="wakeup43" dev="sysfs" ino=72086 scontext=u:r:system_suspend:s0 tcontext=u:object_r:sysfs:s0 tclass=dir permissive=0
01-01 08:06:09.640 577 577 I auditd : type=1400 audit(0.0:84): avc: denied { read } for comm="Binder:577_2" name="wakeup33" dev="sysfs" ino=60824 scontext=u:r:system_suspend:s0 tcontext=u:object_r:sysfs:s0 tclass=dir permissive=0
01-01 08:06:09.640 577 577 I auditd : type=1400 audit(0.0:85): avc: denied { read } for comm="Binder:577_2" name="wakeup61" dev="sysfs" ino=78082 scontext=u:r:system_suspend:s0 tcontext=u:object_r:sysfs:s0 tclass=dir permissive=0
01-01 08:06:09.640 577 577 I auditd : type=1400 audit(0.0:86): avc: denied { read } for comm="Binder:577_2" name="wakeup23" dev="sysfs" ino=56241 scontext=u:r:system_suspend:s0 tcontext=u:object_r:sysfs:s0 tclass=dir permissive=0
01-01 08:06:09.640 577 577 I auditd : type=1400 audit(0.0:87): avc: denied { read } for comm="Binder:577_2" name="wakeup51" dev="sysfs" ino=77708 scontext=u:r:system_suspend:s0 tcontext=u:object_r:sysfs:s0 tclass=dir permissive=0
01-01 08:06:09.640 577 577 I auditd : type=1400 audit(0.0:88): avc: denied { read } for comm="Binder:577_2" name="wakeup8" dev="sysfs" ino=55483 scontext=u:r:system_suspend:s0 tcontext=u:object_r:sysfs:s0 tclass=dir permissive=0
01-01 08:06:09.640 577 577 I auditd : type=1400 audit(0.0:89): avc: denied { read } for comm="Binder:577_2" name="wakeup13" dev="sysfs" ino=55722 scontext=u:r:system_suspend:s0 tcontext=u:object_r:sysfs:s0 tclass=dir permissive=0
01-01 08:06:09.640 577 577 I auditd : type=1400 audit(0.0:90): avc: denied { read } for comm="Binder:577_2" name="wakeup41" dev="sysfs" ino=68795 scontext=u:r:system_suspend:s0 tcontext=u:object_r:sysfs:s0 tclass=dir permissive=0
01-01 08:06:09.640 577 577 I auditd : type=1400 audit(0.0:91): avc: denied { read } for comm="Binder:577_2" name="wakeup31" dev="sysfs" ino=56890 scontext=u:r:system_suspend:s0 tcontext=u:object_r:sysfs:s0 tclass=dir permissive=0
01-01 08:06:09.648 1100 1223 W KernelMemoryBandwidthStats: No kernel memory bandwidth stats available
01-01 08:06:09.640 577 577 I auditd : type=1400 audit(0.0:92): avc: denied { read } for comm="Binder:577_2" name="wakeup21" dev="sysfs" ino=56081 scontext=u:r:system_suspend:s0 tcontext=u:object_r:sysfs:s0 tclass=dir permissive=0
01-01 08:06:09.640 577 577 I auditd : type=1400 audit(0.0:93): avc: denied { read } for comm="Binder:577_2" name="wakeup6" dev="sysfs" ino=55431 scontext=u:r:system_suspend:s0 tcontext=u:object_r:sysfs:s0 tclass=dir permissive=0
01-01 08:06:09.640 577 577 I auditd : type=1400 audit(0.0:94): avc: denied { read } for comm="Binder:577_2" name="wakeup78" dev="sysfs" ino=82884 scontext=u:r:system_suspend:s0 tcontext=u:object_r:sysfs:s0 tclass=dir permissive=0
01-01 08:06:09.640 577 577 I auditd : type=1400 audit(0.0:95): avc: denied { read } for comm="Binder:577_2" name="wakeup11" dev="sysfs" ino=55637 scontext=u:r:system_suspend:s0 tcontext=u:object_r:sysfs:s0 tclass=dir permissive=0
01-01 08:06:09.656 1100 1212 I commit_sys_config_file: [batterystats,4]
01-01 08:06:09.659 1100 1212 I commit_sys_config_file: [batterystats,3]
01-01 08:06:09.647 0 0 E ipa3_uc_reg_rdyCB: 2973 bad parm. inout=0000000000000000
01-01 08:06:09.652 0 0 I : wlan_hdd_state wlan major(477) initialized
01-01 08:06:09.659 0 0 D cnss : Start to wait for calibration to complete
01-01 08:06:09.791 0 0 I binder : 1237:1237 ioctl 40046210 ff8e5c08 returned -22
01-01 08:06:09.843 1239 1239 I iorapd : iorapd (the prefetchening) firing up
01-01 08:06:09.855 1239 1239 I iorapd : Opened existing database at '/data/misc/iorapd/sqlite.db'
01-01 08:06:09.856 1239 1239 W iorapd : Reconnect to package manager service: 1 times
01-01 08:06:09.857 0 0 I binder : 1239:1239 ioctl 40046210 7fcd56ec84 returned -22
01-01 08:06:09.898 0 0 I binder : 1246:1255 ioctl 40046210 79eb0bf144 returned -22
01-01 08:06:09.927 0 0 I : tsnv nv_initialize successfully!
01-01 08:06:09.962 0 0 I binder : 1263:1263 ioctl 40046210 7ff77259b4 returned -22
01-01 08:06:10.024 0 0 I binder : 1269:1269 ioctl 40046210 7ff12f6934 returned -22
01-01 08:06:10.051 0 0 I binder : 1272:1272 ioctl 40046210 7fcd7a60a4 returned -22
01-01 08:06:10.074 0 0 I binder : 1280:1280 ioctl 40046210 7ff1cbaf34 returned -22
01-01 08:06:10.065 1280 1280 I installd: installd firing up
01-01 08:06:10.132 0 0 I binder : 1289:1289 ioctl 40046210 7fd621b9e4 returned -22
01-01 08:06:10.198 0 0 I binder : 1284:1284 ioctl 40046210 7fe4e80424 returned -22
01-01 08:06:10.226 0 0 I binder : 1297:1297 ioctl 40046210 7fffa59a84 returned -22
01-01 08:06:10.286 0 0 I binder : 1295:1295 ioctl 40046210 7fe1836594 returned -22
01-01 08:06:10.268 1295 1295 I wificond: wificond is starting up...
01-01 08:06:10.288 0 0 I binder : 1295:1295 ioctl 40046210 7fe1836514 returned -22
01-01 08:06:10.293 1295 1295 I HidlServiceManagement: Registered android.system.wifi.keystore@1.0::IKeystore/default
01-01 08:06:10.293 0 0 I binder : 1294:1294 ioctl 40046210 7fe6525e64 returned -22
01-01 08:06:10.344 1294 1294 W storaged: health: invalid battery status
01-01 08:06:10.346 0 0 I binder : 1294:1294 ioctl 40046210 7fe6525d94 returned -22
01-01 08:06:10.456 1280 1280 I auditd : type=1400 audit(0.0:96): avc: denied { read } for comm="Binder:1280_1" name="persist" dev="tmpfs" ino=27779 scontext=u:r:installd:s0 tcontext=u:object_r:tmpfs:s0 tclass=lnk_file permissive=0
01-01 08:06:10.460 1280 1280 I auditd : type=1400 audit(0.0:97): avc: denied { read } for comm="Binder:1280_1" name="persist" dev="tmpfs" ino=27779 scontext=u:r:installd:s0 tcontext=u:object_r:tmpfs:s0 tclass=lnk_file permissive=0
01-01 08:06:10.506 0 0 I lan743x 0001: 01:00.0 eth0: using MSIX interrupts, number of vectors = 6
01-01 08:06:10.526 0 0 I mv2112_config_aneg: autoneg 1
01-01 08:06:10.526 0 0 I : mv2112_restart_aneg
01-01 08:06:10.527 0 0 E mv2112_read_status: autoneg not complete;time=38652 ms
01-01 08:06:10.527 0 0 I : mv2112_setup_forced
01-01 08:06:10.551 0 0 I lan743x 0001: 01:00.0 eth0: successfully registered ptp clock
01-01 08:06:10.557 0 0 I lan743x 0001: 01:00.0 eth0: Link is Down
01-01 08:06:10.609 1349 1349 I imsrcsd : Uce Service HAL is starting up...
01-01 08:06:10.610 0 0 I IPv6 : ADDRCONF(NETDEV_UP): eth0: link is not ready
01-01 08:06:10.621 1349 1349 I imsrcsd : Uce Service HAL loading imsrcsbaseimpl
01-01 08:06:10.742 0 0 I : ip (1365) used greatest stack depth: 9848 bytes left
01-01 08:06:10.771 1349 1349 I imsrcsd : Starting Service for First Time imsbaseimpl
01-01 08:06:10.789 1349 1349 I imsrcsd : Interface com.qualcomm.qti.uceservice@2.3::IUceService com.qualcomm.qti.uceservice is found in manifest
01-01 08:06:10.801 1349 1349 I HidlServiceManagement: Registered com.qualcomm.qti.uceservice@2.3::IUceService/com.qualcomm.qti.uceservice (start delay of 288ms)
01-01 08:06:10.810 1349 1349 I imsrcsd : Interface com.qualcomm.qti.imscmservice@2.2::IImsCmService qti.ims.connectionmanagerservice is found in manifest
01-01 08:06:10.833 1349 1349 I HidlServiceManagement: Registered com.qualcomm.qti.imscmservice@2.2::IImsCmService/qti.ims.connectionmanagerservice (start delay of 321ms)
01-01 08:06:10.835 1349 1349 I imsrcsd : Interface vendor.qti.ims.factory@1.1::IImsFactory default is not found in manifest
01-01 08:06:10.837 1349 1349 I imsrcsd : Interface vendor.qti.ims.factory@1.0::IImsFactory default is found in manifest
01-01 08:06:10.838 1349 1349 I HidlServiceManagement: Registered vendor.qti.ims.factory@1.0::IImsFactory/default (start delay of 326ms)
01-01 08:06:10.840 1349 1349 I imsrcsd : Interface vendor.qti.ims.callinfo@1.0::IService default is found in manifest
01-01 08:06:10.849 1349 1349 I HidlServiceManagement: Registered vendor.qti.ims.callinfo@1.0::IService/default (start delay of 336ms)
01-01 08:06:10.849 1349 1349 I imsrcsd : ImsRcsBaseImpl ImsCallInfo After Registering Service
01-01 08:06:10.891 0 0 E msm-dai-fe soc: qcom,msm-dai-fe: ASoC: no sink widget found for AUXPCM_DL_HL
01-01 08:06:10.908 0 0 E msm-dai-fe soc: qcom,msm-dai-fe: ASoC: Failed to add route AUXPCM_HOSTLESS Playback -> direct -> AUXPCM_DL_HL
01-01 08:06:10.933 0 0 E msm-dai-fe soc: qcom,msm-dai-fe: ASoC: no source widget found for AUXPCM_UL_HL
01-01 08:06:10.941 0 0 E msm-dai-fe soc: qcom,msm-dai-fe: ASoC: Failed to add route AUXPCM_UL_HL -> direct -> AUXPCM_HOSTLESS Capture
01-01 08:06:10.977 0 0 E msm-auxpcm-dev soc: qcom,msm-pri-auxpcm: ASoC: no source widget found for AUX_PCM_RX
01-01 08:06:10.986 0 0 E msm-auxpcm-dev soc: qcom,msm-pri-auxpcm: ASoC: Failed to add route AUX_PCM_RX -> direct -> AUX PCM Playback
01-01 08:06:10.998 0 0 E msm-auxpcm-dev soc: qcom,msm-pri-auxpcm: ASoC: no sink widget found for AUX_PCM_TX
01-01 08:06:11.007 0 0 E msm-auxpcm-dev soc: qcom,msm-pri-auxpcm: ASoC: Failed to add route AUX PCM Capture -> direct -> AUX_PCM_TX
01-01 08:06:11.019 0 0 E msm-auxpcm-dev soc: qcom,msm-sec-auxpcm: ASoC: no source widget found for SEC_AUX_PCM_RX
01-01 08:06:11.028 0 0 E msm-auxpcm-dev soc: qcom,msm-sec-auxpcm: ASoC: Failed to add route SEC_AUX_PCM_RX -> direct -> Sec AUX PCM Playback
01-01 08:06:11.041 0 0 E msm-auxpcm-dev soc: qcom,msm-sec-auxpcm: ASoC: no sink widget found for SEC_AUX_PCM_TX
01-01 08:06:11.050 0 0 E msm-auxpcm-dev soc: qcom,msm-sec-auxpcm: ASoC: Failed to add route Sec AUX PCM Capture -> direct -> SEC_AUX_PCM_TX
01-01 08:06:11.062 0 0 E msm-auxpcm-dev soc: qcom,msm-tert-auxpcm: ASoC: no source widget found for TERT_AUX_PCM_RX
01-01 08:06:11.067 0 0 I binder : 1291:1291 ioctl 40046210 ff893df8 returned -22
01-01 08:06:11.072 0 0 E msm-auxpcm-dev soc: qcom,msm-tert-auxpcm: ASoC: Failed to add route TERT_AUX_PCM_RX -> direct -> Tert AUX PCM Playback
01-01 08:06:11.076 0 0 I binder : 1291:1291 ioctl 40046210 ff893de0 returned -22
01-01 08:06:11.085 0 0 E msm-auxpcm-dev soc: qcom,msm-tert-auxpcm: ASoC: no sink widget found for TERT_AUX_PCM_TX
01-01 08:06:11.094 0 0 E msm-auxpcm-dev soc: qcom,msm-tert-auxpcm: ASoC: Failed to add route Tert AUX PCM Capture -> direct -> TERT_AUX_PCM_TX
01-01 08:06:11.096 0 0 I cnss-daemon: interop issues ap: read_iot_ap_file: No such file /data/vendor/wifi/iotap_ps.bin
01-01 08:06:11.096 0 0 I cnss-daemon: interop issues ap: read_iot_ap_ps_from_file, read file error
01-01 08:06:11.107 0 0 E msm-auxpcm-dev soc: qcom,msm-quat-auxpcm: ASoC: no source widget found for QUAT_AUX_PCM_RX
01-01 08:06:11.117 0 0 E msm-auxpcm-dev soc: qcom,msm-quat-auxpcm: ASoC: Failed to add route QUAT_AUX_PCM_RX -> direct -> Quat AUX PCM Playback
01-01 08:06:11.123 0 0 I cnss-daemon: NL group_id 10, cnss_nl.family_id 28
01-01 08:06:11.123 0 0 I cnss-daemon: wlfw_start: Starting
01-01 08:06:11.129 0 0 E msm-auxpcm-dev soc: qcom,msm-quat-auxpcm: ASoC: no sink widget found for QUAT_AUX_PCM_TX
01-01 08:06:11.139 0 0 E msm-auxpcm-dev soc: qcom,msm-quat-auxpcm: ASoC: Failed to add route Quat AUX PCM Capture -> direct -> QUAT_AUX_PCM_TX
01-01 08:06:11.151 0 0 E msm-auxpcm-dev soc: qcom,msm-quin-auxpcm: ASoC: no source widget found for QUIN_AUX_PCM_RX
01-01 08:06:11.161 0 0 E msm-auxpcm-dev soc: qcom,msm-quin-auxpcm: ASoC: Failed to add route QUIN_AUX_PCM_RX -> direct -> Quin AUX PCM Playback
01-01 08:06:11.181 0 0 E msm-auxpcm-dev soc: qcom,msm-quin-auxpcm: ASoC: no sink widget found for QUIN_AUX_PCM_TX
01-01 08:06:11.193 0 0 E msm-auxpcm-dev soc: qcom,msm-quin-auxpcm: ASoC: Failed to add route Quin AUX PCM Capture -> direct -> QUIN_AUX_PCM_TX
01-01 08:06:11.212 0 0 E msm-auxpcm-dev soc: qcom,msm-sen-auxpcm: ASoC: no source widget found for SEN_AUX_PCM_RX
01-01 08:06:11.236 0 0 E msm-auxpcm-dev soc: qcom,msm-sen-auxpcm: ASoC: Failed to add route SEN_AUX_PCM_RX -> direct -> Sen AUX PCM Playback
01-01 08:06:11.254 0 0 I cnss-daemon: no interop issues ap currently
01-01 08:06:11.259 0 0 E msm-auxpcm-dev soc: qcom,msm-sen-auxpcm: ASoC: no sink widget found for SEN_AUX_PCM_TX
01-01 08:06:11.269 0 0 E msm-auxpcm-dev soc: qcom,msm-sen-auxpcm: ASoC: Failed to add route Sen AUX PCM Capture -> direct -> SEN_AUX_PCM_TX
01-01 08:06:11.281 0 0 W msm-dai-q6-hdmi soc: qcom,msm-dai-q6-dp: DAI driver id is not set
01-01 08:06:11.292 0 0 I binder : 1448:1448 ioctl 40046210 7fddaa4824 returned -22
01-01 08:06:11.293 0 0 I binder : 1448:1448 ioctl 40046210 7fddaa4654 returned -22
01-01 08:06:11.288 1451 1451 I auditd : type=1400 audit(0.0:98): avc: denied { read } for comm="tzlog" name="qsee_log" dev="debugfs" ino=18473 scontext=u:r:np_thundercomm_tlog:s0 tcontext=u:object_r:debugfs:s0 tclass=file permissive=1
01-01 08:06:11.288 1451 1451 I auditd : type=1400 audit(0.0:99): avc: denied { open } for comm="tzlog" path="/sys/kernel/debug/tzdbg/qsee_log" dev="debugfs" ino=18473 scontext=u:r:np_thundercomm_tlog:s0 tcontext=u:object_r:debugfs:s0 tclass=file permissive=1
01-01 08:06:11.300 0 0 I cnss-daemon: wlfw_service_request: Start the pthread: 0x0K
01-01 08:06:11.333 0 0 I cnss-daemon: pm_release_vote: pm_handle is NULL
01-01 08:06:11.334 0 0 I cnss-daemon: pm_release_vote: pm_handle is NULL
01-01 08:06:11.334 0 0 I cnss-daemon: wlfw_build_cal_table: not read /data/vendor/wifi/wlfw_cal_00.bin
01-01 08:06:11.346 0 0 I cnss-daemon: ro.baseband : [apq]
01-01 08:06:11.360 0 0 D cnss : Received QMI WLFW request memory indication
01-01 08:06:11.360 0 0 D cnss : FW requests for memory, size: 0x5e0000, type: 1
01-01 08:06:11.360 0 0 D cnss : FW requests for memory, size: 0xd8000, type: 4
01-01 08:06:11.360 0 0 D cnss : Posting event: REQUEST_MEM(2), state: 0x9 flags: 0x0
01-01 08:06:11.360 0 0 D cnss : PM stay awake, state: 0x9, count: 1
01-01 08:06:11.360 0 0 D cnss : PM relax, state: 0x9, count: 0
01-01 08:06:11.360 0 0 D cnss : PM stay awake, state: 0x9, count: 1
01-01 08:06:11.360 0 0 D cnss : Processing driver event: REQUEST_MEM(2), state: 0x9
01-01 08:06:11.420 0 0 I binder : 1460:1460 ioctl 40046210 7fd945c774 returned -22
01-01 08:06:11.500 0 0 D qbt : qbt_open: entry minor_no=0 fd_available=1
01-01 08:06:11.492 1486 1486 I TLOC : [main ]"TLOC DAEMON main thread"
01-01 08:06:11.492 1486 1486 D TLOC : [TLOCDaemon ]"---------- TLOC Daemon Starts ----------"
01-01 08:06:11.494 1486 1486 D TLOC : [TLOCChannel]"The channel was initialized successfully for TLOCD"
01-01 08:06:11.495 1486 1486 D TLOC : [TLOCChannel]"The channel was initialized successfully for TLOCL"
01-01 08:06:11.496 1486 1486 D TLOC : [TLOCChannel]"The channel was initialized successfully for MODEM"
01-01 08:06:11.496 1486 1486 D TLOC : [TLOCChannel]"TLOCChannel was initialized successfully"
01-01 08:06:11.496 1486 1486 D TLOC : [TLOCChannel] "TLOCChannel is already initialized"
01-01 08:06:11.500 0 0 D qbt : qbt_open: exit : 0 fd_available=0
01-01 08:06:11.500 0 0 D qbt : qbt_open: entry minor_no=1 fd_available=0
01-01 08:06:11.500 0 0 D qbt : qbt_open: exit : 0 fd_available=0
01-01 08:06:11.500 0 0 D qbt : qbt_ioctl: cmd received 102
01-01 08:06:11.500 0 0 D qbt : qbt_ioctl: qbt_ioctl: QBT_ENABLE_IPC
01-01 08:06:11.504 0 0 I init : processing action (init.svc.media=*) from (/system/etc/init/mediaserver.rc:1)
01-01 08:06:11.509 0 0 I init : processing action (ro.vendor.radio.noril=*) from (/vendor/etc/init/hw/init.qcom.rc:894)
01-01 08:06:11.511 0 0 I init : processing action (vendor.ims.QMI_DAEMON_STATUS=1) from (/vendor/etc/init/imsdatadaemon.rc:14)
01-01 08:06:11.512 0 0 I init : starting service 'vendor.imsdatadaemon'...
01-01 08:06:11.513 0 0 I init : Created socket '/dev/socket/ims_datad', mode 660, user 1000, group 1001
01-01 08:06:11.513 0 0 D qbt : qbt_ioctl: cmd received 107
01-01 08:06:11.513 0 0 D qbt : qbt_ioctl: Acquiring wakelock
01-01 08:06:11.547 0 0 E init : Control message: Could not find 'vendor.qcrild' for ctl.stop from pid: 1511 (stop vendor.qcrild)
01-01 08:06:11.566 0 0 I binder : 1388:1388 ioctl 40046210 7fcb3bbc44 returned -22
01-01 08:06:11.575 0 0 I init : processing action (llk.enable=true) from (/system/etc/init/llkd.rc:34)
01-01 08:06:11.576 0 0 I init : starting service 'llkd-1'...
01-01 08:06:11.579 0 0 I binder : 1456:1456 ioctl 40046210 7fc48a1534 returned -22
01-01 08:06:11.585 0 0 E mv2112_update_link: link 0x4
01-01 08:06:11.586 0 0 I binder : 1456:1456 ioctl 40046210 7fc48a1134 returned -22
01-01 08:06:11.590 0 0 I lan743x 0001: 01:00.0 eth0: Link is Up - 100Mbps/Full - flow control off
01-01 08:06:11.590 0 0 I IPv6 : ADDRCONF(NETDEV_CHANGE): eth0: link becomes ready
01-01 08:06:11.591 0 0 I init : Opened file '/dev/kmsg', flags 1
01-01 08:06:11.591 0 0 I init : Opened file '/proc/sysrq-trigger', flags 1
01-01 08:06:11.645 0 0 I : read descriptors
01-01 08:06:11.645 0 0 I : read strings
01-01 08:06:11.684 0 0 I android_work: did not send uevent (0 0 0000000000000000)
01-01 08:06:11.794 0 0 I capability: warning: `msm_irqbalance' uses 32-bit capabilities (legacy support in use)
01-01 08:06:11.843 0 0 I : ip (1560) used greatest stack depth: 9320 bytes left
01-01 08:06:11.852 1563 1563 I auditd : type=1400 audit(0.0:100): avc: denied { read } for comm="ip" name="rt_tables" dev="dm-10" ino=354 scontext=u:r:ethernet:s0 tcontext=u:object_r:net_data_file:s0 tclass=file permissive=0
01-01 08:06:11.876 1565 1565 I auditd : type=1400 audit(0.0:101): avc: denied { read } for comm="ip" name="rt_tables" dev="dm-10" ino=354 scontext=u:r:ethernet:s0 tcontext=u:object_r:net_data_file:s0 tclass=file permissive=0
01-01 08:06:11.902 0 0 I binder : 1266:1266 ioctl 40046210 7fe99f3f84 returned -22
01-01 08:06:11.906 0 0 I binder : 1266:1266 ioctl 40046210 7fe99f3fa4 returned -22
01-01 08:06:11.954 0 0 E MAIN_MGR: hvdcp_opti Version: 3:0:0
01-01 08:06:11.964 1573 1573 I auditd : type=1400 audit(0.0:102): avc: denied { read } for comm="hvdcp_opti" name="devices" dev="sysfs" ino=46963 scontext=u:r:vendor_hvdcp:s0 tcontext=u:object_r:sysfs:s0 tclass=dir permissive=0
01-01 08:06:11.969 0 0 E MAIN_MGR: set keepcaps failed!
01-01 08:06:11.969 0 0 E CHG_POLICY_PATH: Failed to get IIO path for MAIN_PSY
01-01 08:06:12.010 0 0 E bolero-codec soc: qcom,msm-audio-apr:qcom,q6core-audio:bolero-cdc: ASoC: unknown pin WSA AIF VI
01-01 08:06:12.066 0 0 E kona-asoc-snd soc: qcom,msm-audio-apr:qcom,q6core-audio:sound: ASoC: no source widget found for MIC BIAS1
01-01 08:06:12.077 0 0 E kona-asoc-snd soc: qcom,msm-audio-apr:qcom,q6core-audio:sound: ASoC: Failed to add route MIC BIAS1 -> direct -> AMIC1
01-01 08:06:12.090 0 0 E kona-asoc-snd soc: qcom,msm-audio-apr:qcom,q6core-audio:sound: ASoC: no sink widget found for MIC BIAS1
01-01 08:06:12.101 0 0 E kona-asoc-snd soc: qcom,msm-audio-apr:qcom,q6core-audio:sound: ASoC: Failed to add route Analog Mic1 -> direct -> MIC BIAS1
01-01 08:06:12.114 0 0 E kona-asoc-snd soc: qcom,msm-audio-apr:qcom,q6core-audio:sound: ASoC: no source widget found for MIC BIAS2
01-01 08:06:12.124 0 0 E kona-asoc-snd soc: qcom,msm-audio-apr:qcom,q6core-audio:sound: ASoC: Failed to add route MIC BIAS2 -> direct -> AMIC2
01-01 08:06:12.152 1589 1589 I auditd : type=1400 audit(0.0:103): avc: denied { read } for comm="ip" name="rt_tables" dev="dm-10" ino=354 scontext=u:r:ethernet:s0 tcontext=u:object_r:net_data_file:s0 tclass=file permissive=0
01-01 08:06:12.137 0 0 E kona-asoc-snd soc: qcom,msm-audio-apr:qcom,q6core-audio:sound: ASoC: no sink widget found for MIC BIAS2
01-01 08:06:12.141 0 0 I : ip (1587) used greatest stack depth: 9312 bytes left
01-01 08:06:12.148 0 0 E kona-asoc-snd soc: qcom,msm-audio-apr:qcom,q6core-audio:sound: ASoC: Failed to add route Analog Mic2 -> direct -> MIC BIAS2
01-01 08:06:12.149 0 0 E kona-asoc-snd soc: qcom,msm-audio-apr:qcom,q6core-audio:sound: ASoC: no source widget found for MIC BIAS3
01-01 08:06:12.172 1590 1590 I auditd : type=1400 audit(0.0:104): avc: denied { read } for comm="ip" name="rt_tables" dev="dm-10" ino=354 scontext=u:r:ethernet:s0 tcontext=u:object_r:net_data_file:s0 tclass=file permissive=0
01-01 08:06:12.172 0 0 E kona-asoc-snd soc: qcom,msm-audio-apr:qcom,q6core-audio:sound: ASoC: Failed to add route MIC BIAS3 -> direct -> AMIC3
01-01 08:06:12.185 0 0 E kona-asoc-snd soc: qcom,msm-audio-apr:qcom,q6core-audio:sound: ASoC: no sink widget found for MIC BIAS3
01-01 08:06:12.196 0 0 E kona-asoc-snd soc: qcom,msm-audio-apr:qcom,q6core-audio:sound: ASoC: Failed to add route Analog Mic3 -> direct -> MIC BIAS3
01-01 08:06:12.209 0 0 E kona-asoc-snd soc: qcom,msm-audio-apr:qcom,q6core-audio:sound: ASoC: no source widget found for MIC BIAS3
01-01 08:06:12.220 0 0 E kona-asoc-snd soc: qcom,msm-audio-apr:qcom,q6core-audio:sound: ASoC: Failed to add route MIC BIAS3 -> direct -> AMIC4
01-01 08:06:12.232 0 0 E kona-asoc-snd soc: qcom,msm-audio-apr:qcom,q6core-audio:sound: ASoC: no sink widget found for MIC BIAS3
01-01 08:06:12.243 0 0 E kona-asoc-snd soc: qcom,msm-audio-apr:qcom,q6core-audio:sound: ASoC: Failed to add route Analog Mic4 -> direct -> MIC BIAS3
01-01 08:06:12.256 0 0 E kona-asoc-snd soc: qcom,msm-audio-apr:qcom,q6core-audio:sound: ASoC: no source widget found for MIC BIAS4
01-01 08:06:12.267 0 0 E kona-asoc-snd soc: qcom,msm-audio-apr:qcom,q6core-audio:sound: ASoC: Failed to add route MIC BIAS4 -> direct -> AMIC5
01-01 08:06:12.280 0 0 E kona-asoc-snd soc: qcom,msm-audio-apr:qcom,q6core-audio:sound: ASoC: no sink widget found for MIC BIAS4
01-01 08:06:12.291 0 0 E kona-asoc-snd soc: qcom,msm-audio-apr:qcom,q6core-audio:sound: ASoC: Failed to add route Analog Mic5 -> direct -> MIC BIAS4
01-01 08:06:12.304 0 0 E kona-asoc-snd soc: qcom,msm-audio-apr:qcom,q6core-audio:sound: ASoC: no source widget found for MIC BIAS3
01-01 08:06:12.315 0 0 E kona-asoc-snd soc: qcom,msm-audio-apr:qcom,q6core-audio:sound: ASoC: Failed to add route MIC BIAS3 -> direct -> TX DMIC0
01-01 08:06:12.328 0 0 E kona-asoc-snd soc: qcom,msm-audio-apr:qcom,q6core-audio:sound: ASoC: no sink widget found for MIC BIAS3
01-01 08:06:12.339 0 0 E kona-asoc-snd soc: qcom,msm-audio-apr:qcom,q6core-audio:sound: ASoC: Failed to add route Digital Mic0 -> direct -> MIC BIAS3
01-01 08:06:12.352 0 0 E kona-asoc-snd soc: qcom,msm-audio-apr:qcom,q6core-audio:sound: ASoC: no source widget found for MIC BIAS3
01-01 08:06:12.363 0 0 E kona-asoc-snd soc: qcom,msm-audio-apr:qcom,q6core-audio:sound: ASoC: Failed to add route MIC BIAS3 -> direct -> TX DMIC1
01-01 08:06:12.376 0 0 E kona-asoc-snd soc: qcom,msm-audio-apr:qcom,q6core-audio:sound: ASoC: no sink widget found for MIC BIAS3
01-01 08:06:12.387 0 0 E kona-asoc-snd soc: qcom,msm-audio-apr:qcom,q6core-audio:sound: ASoC: Failed to add route Digital Mic1 -> direct -> MIC BIAS3
01-01 08:06:12.400 0 0 E kona-asoc-snd soc: qcom,msm-audio-apr:qcom,q6core-audio:sound: ASoC: no source widget found for MIC BIAS1
01-01 08:06:12.411 0 0 E kona-asoc-snd soc: qcom,msm-audio-apr:qcom,q6core-audio:sound: ASoC: Failed to add route MIC BIAS1 -> direct -> TX DMIC2
01-01 08:06:12.424 0 0 E kona-asoc-snd soc: qcom,msm-audio-apr:qcom,q6core-audio:sound: ASoC: no sink widget found for MIC BIAS1
01-01 08:06:12.428 0 0 I : ip (1604) used greatest stack depth: 9288 bytes left
01-01 08:06:12.435 0 0 E kona-asoc-snd soc: qcom,msm-audio-apr:qcom,q6core-audio:sound: ASoC: Failed to add route Digital Mic2 -> direct -> MIC BIAS1
01-01 08:06:12.444 1605 1605 I auditd : type=1400 audit(0.0:105): avc: denied { read } for comm="ip" name="rt_tables" dev="dm-10" ino=354 scontext=u:r:ethernet:s0 tcontext=u:object_r:net_data_file:s0 tclass=file permissive=0
01-01 08:06:12.448 0 0 E kona-asoc-snd soc: qcom,msm-audio-apr:qcom,q6core-audio:sound: ASoC: no source widget found for MIC BIAS1
01-01 08:06:12.459 0 0 E kona-asoc-snd soc: qcom,msm-audio-apr:qcom,q6core-audio:sound: ASoC: Failed to add route MIC BIAS1 -> direct -> TX DMIC3
01-01 08:06:12.464 1606 1606 I auditd : type=1400 audit(0.0:106): avc: denied { read } for comm="ip" name="rt_tables" dev="dm-10" ino=354 scontext=u:r:ethernet:s0 tcontext=u:object_r:net_data_file:s0 tclass=file permissive=0
01-01 08:06:12.472 0 0 E kona-asoc-snd soc: qcom,msm-audio-apr:qcom,q6core-audio:sound: ASoC: no sink widget found for MIC BIAS1
01-01 08:06:12.483 0 0 E kona-asoc-snd soc: qcom,msm-audio-apr:qcom,q6core-audio:sound: ASoC: Failed to add route Digital Mic3 -> direct -> MIC BIAS1
01-01 08:06:12.497 0 0 E kona-asoc-snd soc: qcom,msm-audio-apr:qcom,q6core-audio:sound: ASoC: no source widget found for MIC BIAS4
01-01 08:06:12.508 0 0 E kona-asoc-snd soc: qcom,msm-audio-apr:qcom,q6core-audio:sound: ASoC: Failed to add route MIC BIAS4 -> direct -> TX DMIC4
01-01 08:06:12.520 0 0 E kona-asoc-snd soc: qcom,msm-audio-apr:qcom,q6core-audio:sound: ASoC: no sink widget found for MIC BIAS4
01-01 08:06:12.531 0 0 E kona-asoc-snd soc: qcom,msm-audio-apr:qcom,q6core-audio:sound: ASoC: Failed to add route Digital Mic4 -> direct -> MIC BIAS4
01-01 08:06:12.544 0 0 E kona-asoc-snd soc: qcom,msm-audio-apr:qcom,q6core-audio:sound: ASoC: no source widget found for MIC BIAS4
01-01 08:06:12.555 0 0 E kona-asoc-snd soc: qcom,msm-audio-apr:qcom,q6core-audio:sound: ASoC: Failed to add route MIC BIAS4 -> direct -> TX DMIC5
01-01 08:06:12.568 0 0 E kona-asoc-snd soc: qcom,msm-audio-apr:qcom,q6core-audio:sound: ASoC: no sink widget found for MIC BIAS4
01-01 08:06:12.579 0 0 E kona-asoc-snd soc: qcom,msm-audio-apr:qcom,q6core-audio:sound: ASoC: Failed to add route Digital Mic5 -> direct -> MIC BIAS4
01-01 08:06:12.592 0 0 E kona-asoc-snd soc: qcom,msm-audio-apr:qcom,q6core-audio:sound: ASoC: no sink widget found for IN1_HPHL
01-01 08:06:12.603 0 0 E kona-asoc-snd soc: qcom,msm-audio-apr:qcom,q6core-audio:sound: ASoC: Failed to add route HPHL_OUT -> direct -> IN1_HPHL
01-01 08:06:12.615 0 0 E kona-asoc-snd soc: qcom,msm-audio-apr:qcom,q6core-audio:sound: ASoC: no sink widget found for IN2_HPHR
01-01 08:06:12.626 0 0 E kona-asoc-snd soc: qcom,msm-audio-apr:qcom,q6core-audio:sound: ASoC: Failed to add route HPHR_OUT -> direct -> IN2_HPHR
01-01 08:06:12.639 0 0 E kona-asoc-snd soc: qcom,msm-audio-apr:qcom,q6core-audio:sound: ASoC: no sink widget found for IN3_AUX
01-01 08:06:12.650 0 0 E kona-asoc-snd soc: qcom,msm-audio-apr:qcom,q6core-audio:sound: ASoC: Failed to add route AUX_OUT -> direct -> IN3_AUX
01-01 08:06:12.662 0 0 E kona-asoc-snd soc: qcom,msm-audio-apr:qcom,q6core-audio:sound: ASoC: no source widget found for ADC1_OUTPUT
01-01 08:06:12.674 0 0 E kona-asoc-snd soc: qcom,msm-audio-apr:qcom,q6core-audio:sound: ASoC: Failed to add route ADC1_OUTPUT -> direct -> TX SWR_ADC0
01-01 08:06:12.687 0 0 E kona-asoc-snd soc: qcom,msm-audio-apr:qcom,q6core-audio:sound: ASoC: no source widget found for ADC2_OUTPUT
01-01 08:06:12.698 0 0 E kona-asoc-snd soc: qcom,msm-audio-apr:qcom,q6core-audio:sound: ASoC: Failed to add route ADC2_OUTPUT -> direct -> TX SWR_ADC1
01-01 08:06:12.711 0 0 E kona-asoc-snd soc: qcom,msm-audio-apr:qcom,q6core-audio:sound: ASoC: no source widget found for ADC3_OUTPUT
01-01 08:06:12.722 0 0 E kona-asoc-snd soc: qcom,msm-audio-apr:qcom,q6core-audio:sound: ASoC: Failed to add route ADC3_OUTPUT -> direct -> TX SWR_ADC2
01-01 08:06:12.740 1621 1621 I auditd : type=1400 audit(0.0:107): avc: denied { read } for comm="ip" name="rt_tables" dev="dm-10" ino=354 scontext=u:r:ethernet:s0 tcontext=u:object_r:net_data_file:s0 tclass=file permissive=0
01-01 08:06:12.735 0 0 E kona-asoc-snd soc: qcom,msm-audio-apr:qcom,q6core-audio:sound: ASoC: no source widget found for ADC4_OUTPUT
01-01 08:06:12.747 0 0 E kona-asoc-snd soc: qcom,msm-audio-apr:qcom,q6core-audio:sound: ASoC: Failed to add route ADC4_OUTPUT -> direct -> TX SWR_ADC3
01-01 08:06:12.760 1622 1622 I auditd : type=1400 audit(0.0:108): avc: denied { read } for comm="ip" name="rt_tables" dev="dm-10" ino=354 scontext=u:r:ethernet:s0 tcontext=u:object_r:net_data_file:s0 tclass=file permissive=0
01-01 08:06:12.760 0 0 E kona-asoc-snd soc: qcom,msm-audio-apr:qcom,q6core-audio:sound: ASoC: no source widget found for DMIC1_OUTPUT
01-01 08:06:12.771 0 0 E kona-asoc-snd soc: qcom,msm-audio-apr:qcom,q6core-audio:sound: ASoC: Failed to add route DMIC1_OUTPUT -> direct -> TX SWR_DMIC0
01-01 08:06:12.785 0 0 E kona-asoc-snd soc: qcom,msm-audio-apr:qcom,q6core-audio:sound: ASoC: no source widget found for DMIC2_OUTPUT
01-01 08:06:12.796 0 0 E kona-asoc-snd soc: qcom,msm-audio-apr:qcom,q6core-audio:sound: ASoC: Failed to add route DMIC2_OUTPUT -> direct -> TX SWR_DMIC1
01-01 08:06:12.809 0 0 E kona-asoc-snd soc: qcom,msm-audio-apr:qcom,q6core-audio:sound: ASoC: no source widget found for DMIC3_OUTPUT
01-01 08:06:12.820 0 0 E kona-asoc-snd soc: qcom,msm-audio-apr:qcom,q6core-audio:sound: ASoC: Failed to add route DMIC3_OUTPUT -> direct -> TX SWR_DMIC2
01-01 08:06:12.834 0 0 E kona-asoc-snd soc: qcom,msm-audio-apr:qcom,q6core-audio:sound: ASoC: no source widget found for DMIC4_OUTPUT
01-01 08:06:12.845 0 0 E kona-asoc-snd soc: qcom,msm-audio-apr:qcom,q6core-audio:sound: ASoC: Failed to add route DMIC4_OUTPUT -> direct -> TX SWR_DMIC3
01-01 08:06:12.858 0 0 E kona-asoc-snd soc: qcom,msm-audio-apr:qcom,q6core-audio:sound: ASoC: no source widget found for DMIC5_OUTPUT
01-01 08:06:12.870 0 0 E kona-asoc-snd soc: qcom,msm-audio-apr:qcom,q6core-audio:sound: ASoC: Failed to add route DMIC5_OUTPUT -> direct -> TX SWR_DMIC4
01-01 08:06:12.883 0 0 E kona-asoc-snd soc: qcom,msm-audio-apr:qcom,q6core-audio:sound: ASoC: no source widget found for DMIC6_OUTPUT
01-01 08:06:12.894 0 0 E kona-asoc-snd soc: qcom,msm-audio-apr:qcom,q6core-audio:sound: ASoC: Failed to add route DMIC6_OUTPUT -> direct -> TX SWR_DMIC5
01-01 08:06:12.908 0 0 E kona-asoc-snd soc: qcom,msm-audio-apr:qcom,q6core-audio:sound: ASoC: no source widget found for DMIC7_OUTPUT
01-01 08:06:12.919 0 0 E kona-asoc-snd soc: qcom,msm-audio-apr:qcom,q6core-audio:sound: ASoC: Failed to add route DMIC7_OUTPUT -> direct -> TX SWR_DMIC6
01-01 08:06:12.932 0 0 E kona-asoc-snd soc: qcom,msm-audio-apr:qcom,q6core-audio:sound: ASoC: no source widget found for DMIC8_OUTPUT
01-01 08:06:12.944 0 0 E kona-asoc-snd soc: qcom,msm-audio-apr:qcom,q6core-audio:sound: ASoC: Failed to add route DMIC8_OUTPUT -> direct -> TX SWR_DMIC7
01-01 08:06:12.957 0 0 E kona-asoc-snd soc: qcom,msm-audio-apr:qcom,q6core-audio:sound: ASoC: no sink widget found for SpkrLeft IN
01-01 08:06:12.968 0 0 E kona-asoc-snd soc: qcom,msm-audio-apr:qcom,q6core-audio:sound: ASoC: Failed to add route WSA_SPK1 OUT -> direct -> SpkrLeft IN
01-01 08:06:12.981 0 0 E kona-asoc-snd soc: qcom,msm-audio-apr:qcom,q6core-audio:sound: ASoC: no sink widget found for SpkrRight IN
01-01 08:06:12.992 0 0 E kona-asoc-snd soc: qcom,msm-audio-apr:qcom,q6core-audio:sound: ASoC: Failed to add route WSA_SPK2 OUT -> direct -> SpkrRight IN
01-01 08:06:13.006 0 0 E kona-asoc-snd soc: qcom,msm-audio-apr:qcom,q6core-audio:sound: ASoC: no sink widget found for VA MIC BIAS3
01-01 08:06:13.017 0 0 E kona-asoc-snd soc: qcom,msm-audio-apr:qcom,q6core-audio:sound: ASoC: Failed to add route Digital Mic0 -> direct -> VA MIC BIAS3
01-01 08:06:13.032 1635 1635 I auditd : type=1400 audit(0.0:109): avc: denied { read } for comm="ip" name="rt_tables" dev="dm-10" ino=354 scontext=u:r:ethernet:s0 tcontext=u:object_r:net_data_file:s0 tclass=file permissive=0
01-01 08:06:13.030 0 0 E kona-asoc-snd soc: qcom,msm-audio-apr:qcom,q6core-audio:sound: ASoC: no sink widget found for VA MIC BIAS3
01-01 08:06:13.041 0 0 E kona-asoc-snd soc: qcom,msm-audio-apr:qcom,q6core-audio:sound: ASoC: Failed to add route Digital Mic1 -> direct -> VA MIC BIAS3
01-01 08:06:13.052 1636 1636 I auditd : type=1400 audit(0.0:110): avc: denied { read } for comm="ip" name="rt_tables" dev="dm-10" ino=354 scontext=u:r:ethernet:s0 tcontext=u:object_r:net_data_file:s0 tclass=file permissive=0
01-01 08:06:13.055 0 0 E kona-asoc-snd soc: qcom,msm-audio-apr:qcom,q6core-audio:sound: ASoC: no sink widget found for VA MIC BIAS4
01-01 08:06:13.066 0 0 E kona-asoc-snd soc: qcom,msm-audio-apr:qcom,q6core-audio:sound: ASoC: Failed to add route Digital Mic4 -> direct -> VA MIC BIAS4
01-01 08:06:13.079 0 0 E kona-asoc-snd soc: qcom,msm-audio-apr:qcom,q6core-audio:sound: ASoC: no sink widget found for VA MIC BIAS4
01-01 08:06:13.090 0 0 E kona-asoc-snd soc: qcom,msm-audio-apr:qcom,q6core-audio:sound: ASoC: Failed to add route Digital Mic5 -> direct -> VA MIC BIAS4
01-01 08:06:13.104 0 0 E kona-asoc-snd soc: qcom,msm-audio-apr:qcom,q6core-audio:sound: ASoC: no source widget found for VA MIC BIAS3
01-01 08:06:13.115 0 0 E kona-asoc-snd soc: qcom,msm-audio-apr:qcom,q6core-audio:sound: ASoC: Failed to add route VA MIC BIAS3 -> direct -> VA DMIC0
01-01 08:06:13.128 0 0 E kona-asoc-snd soc: qcom,msm-audio-apr:qcom,q6core-audio:sound: ASoC: no source widget found for VA MIC BIAS3
01-01 08:06:13.139 0 0 E kona-asoc-snd soc: qcom,msm-audio-apr:qcom,q6core-audio:sound: ASoC: Failed to add route VA MIC BIAS3 -> direct -> VA DMIC1
01-01 08:06:13.153 0 0 E kona-asoc-snd soc: qcom,msm-audio-apr:qcom,q6core-audio:sound: ASoC: no source widget found for VA MIC BIAS4
01-01 08:06:13.164 0 0 E kona-asoc-snd soc: qcom,msm-audio-apr:qcom,q6core-audio:sound: ASoC: Failed to add route VA MIC BIAS4 -> direct -> VA DMIC4
01-01 08:06:13.177 0 0 E kona-asoc-snd soc: qcom,msm-audio-apr:qcom,q6core-audio:sound: ASoC: no source widget found for VA MIC BIAS4
01-01 08:06:13.188 0 0 E kona-asoc-snd soc: qcom,msm-audio-apr:qcom,q6core-audio:sound: ASoC: Failed to add route VA MIC BIAS4 -> direct -> VA DMIC5
01-01 08:06:13.201 0 0 E kona-asoc-snd soc: qcom,msm-audio-apr:qcom,q6core-audio:sound: ASoC: no source widget found for ADC1_OUTPUT
01-01 08:06:13.213 0 0 E kona-asoc-snd soc: qcom,msm-audio-apr:qcom,q6core-audio:sound: ASoC: Failed to add route ADC1_OUTPUT -> direct -> VA SWR_ADC0
01-01 08:06:13.226 0 0 E kona-asoc-snd soc: qcom,msm-audio-apr:qcom,q6core-audio:sound: ASoC: no source widget found for ADC2_OUTPUT
01-01 08:06:13.237 0 0 E kona-asoc-snd soc: qcom,msm-audio-apr:qcom,q6core-audio:sound: ASoC: Failed to add route ADC2_OUTPUT -> direct -> VA SWR_ADC1
01-01 08:06:13.250 0 0 E kona-asoc-snd soc: qcom,msm-audio-apr:qcom,q6core-audio:sound: ASoC: no source widget found for ADC3_OUTPUT
01-01 08:06:13.261 0 0 E kona-asoc-snd soc: qcom,msm-audio-apr:qcom,q6core-audio:sound: ASoC: Failed to add route ADC3_OUTPUT -> direct -> VA SWR_ADC2
01-01 08:06:13.274 0 0 E kona-asoc-snd soc: qcom,msm-audio-apr:qcom,q6core-audio:sound: ASoC: no source widget found for ADC4_OUTPUT
01-01 08:06:13.286 0 0 E kona-asoc-snd soc: qcom,msm-audio-apr:qcom,q6core-audio:sound: ASoC: Failed to add route ADC4_OUTPUT -> direct -> VA SWR_ADC3
01-01 08:06:13.299 0 0 E kona-asoc-snd soc: qcom,msm-audio-apr:qcom,q6core-audio:sound: ASoC: no source widget found for DMIC1_OUTPUT
01-01 08:06:13.310 0 0 E kona-asoc-snd soc: qcom,msm-audio-apr:qcom,q6core-audio:sound: ASoC: Failed to add route DMIC1_OUTPUT -> direct -> VA SWR_MIC0
01-01 08:06:13.324 1649 1649 I auditd : type=1400 audit(0.0:111): avc: denied { read } for comm="ip" name="rt_tables" dev="dm-10" ino=354 scontext=u:r:ethernet:s0 tcontext=u:object_r:net_data_file:s0 tclass=file permissive=0
01-01 08:06:13.323 0 0 E kona-asoc-snd soc: qcom,msm-audio-apr:qcom,q6core-audio:sound: ASoC: no source widget found for DMIC2_OUTPUT
01-01 08:06:13.334 0 0 E kona-asoc-snd soc: qcom,msm-audio-apr:qcom,q6core-audio:sound: ASoC: Failed to add route DMIC2_OUTPUT -> direct -> VA SWR_MIC1
01-01 08:06:13.340 1650 1650 I auditd : type=1400 audit(0.0:112): avc: denied { read } for comm="ip" name="rt_tables" dev="dm-10" ino=354 scontext=u:r:ethernet:s0 tcontext=u:object_r:net_data_file:s0 tclass=file permissive=0
01-01 08:06:13.348 0 0 E kona-asoc-snd soc: qcom,msm-audio-apr:qcom,q6core-audio:sound: ASoC: no source widget found for DMIC3_OUTPUT
01-01 08:06:13.344 1338 1338 I auditd : type=1400 audit(0.0:113): avc: denied { write } for comm="sh" name="ip_forward" dev="proc" ino=22414 scontext=u:r:ethernet:s0 tcontext=u:object_r:proc_net:s0 tclass=file permissive=0
01-01 08:06:13.359 0 0 E kona-asoc-snd soc: qcom,msm-audio-apr:qcom,q6core-audio:sound: ASoC: Failed to add route DMIC3_OUTPUT -> direct -> VA SWR_MIC2
01-01 08:06:13.344 1338 1338 I auditd : type=1400 audit(0.0:114): avc: denied { write } for comm="sh" name="ip_default_ttl" dev="proc" ino=53251 scontext=u:r:ethernet:s0 tcontext=u:object_r:proc_net:s0 tclass=file permissive=0
01-01 08:06:13.344 1338 1338 I auditd : type=1400 audit(0.0:115): avc: denied { write } for comm="sh" name="tcp_keepalive_probes" dev="proc" ino=53252 scontext=u:r:ethernet:s0 tcontext=u:object_r:proc_net:s0 tclass=file permissive=0
01-01 08:06:13.344 1338 1338 I auditd : type=1400 audit(0.0:116): avc: denied { write } for comm="sh" name="tcp_keepalive_intvl" dev="proc" ino=53253 scontext=u:r:ethernet:s0 tcontext=u:object_r:proc_net:s0 tclass=file permissive=0
01-01 08:06:13.344 1338 1338 I auditd : type=1400 audit(0.0:117): avc: denied { write } for comm="sh" name="tcp_keepalive_time" dev="proc" ino=53254 scontext=u:r:ethernet:s0 tcontext=u:object_r:proc_net:s0 tclass=file permissive=0
01-01 08:06:13.344 1338 1338 I auditd : type=1400 audit(0.0:118): avc: denied { write } for comm="sh" name="tcp_rmem" dev="proc" ino=53255 scontext=u:r:ethernet:s0 tcontext=u:object_r:proc_net:s0 tclass=file permissive=0
01-01 08:06:13.344 1338 1338 I auditd : type=1400 audit(0.0:119): avc: denied { write } for comm="sh" name="tcp_wmem" dev="proc" ino=53256 scontext=u:r:ethernet:s0 tcontext=u:object_r:proc_net:s0 tclass=file permissive=0
01-01 08:06:13.344 1338 1338 I auditd : type=1400 audit(0.0:120): avc: denied { write } for comm="sh" name="tcp_synack_retries" dev="proc" ino=44789 scontext=u:r:ethernet:s0 tcontext=u:object_r:proc_net:s0 tclass=file permissive=0
01-01 08:06:13.344 1338 1338 I auditd : type=1400 audit(0.0:121): avc: denied { write } for comm="sh" name="tcp_syn_retries" dev="proc" ino=44788 scontext=u:r:ethernet:s0 tcontext=u:object_r:proc_net:s0 tclass=file permissive=0
01-01 08:06:13.344 1338 1338 I auditd : type=1400 audit(0.0:122): avc: denied { write } for comm="sh" name="tcp_max_tw_buckets" dev="proc" ino=53257 scontext=u:r:ethernet:s0 tcontext=u:object_r:proc_net:s0 tclass=file permissive=0
01-01 08:06:13.344 1338 1338 I auditd : type=1400 audit(0.0:123): avc: denied { write } for comm="sh" name="tcp_retries2" dev="proc" ino=44791 scontext=u:r:ethernet:s0 tcontext=u:object_r:proc_net:s0 tclass=file permissive=0
01-01 08:06:13.348 1338 1338 I auditd : type=1400 audit(0.0:124): avc: denied { write } for comm="sh" name="icmp_echo_ignore_all" dev="proc" ino=53258 scontext=u:r:ethernet:s0 tcontext=u:object_r:proc_net:s0 tclass=file permissive=0
01-01 08:06:13.348 1338 1338 I auditd : type=1400 audit(0.0:125): avc: denied { write } for comm="sh" name="icmp_echo_ignore_broadcasts" dev="proc" ino=53259 scontext=u:r:ethernet:s0 tcontext=u:object_r:proc_net:s0 tclass=file permissive=0
01-01 08:06:13.348 1338 1338 I auditd : type=1400 audit(0.0:126): avc: denied { write } for comm="sh" name="tcp_window_scaling" dev="proc" ino=53260 scontext=u:r:ethernet:s0 tcontext=u:object_r:proc_net:s0 tclass=file permissive=0
01-01 08:06:13.348 1338 1338 I auditd : type=1400 audit(0.0:127): avc: denied { write } for comm="sh" name="drop_gratuitous_arp" dev="proc" ino=53261 scontext=u:r:ethernet:s0 tcontext=u:object_r:proc_net:s0 tclass=file permissive=0
01-01 08:06:13.348 1338 1338 I auditd : type=1400 audit(0.0:128): avc: denied { write } for comm="sh" name="arp_accept" dev="proc" ino=53262 scontext=u:r:ethernet:s0 tcontext=u:object_r:proc_net:s0 tclass=file permissive=0
01-01 08:06:13.348 1338 1338 I auditd : type=1400 audit(0.0:129): avc: denied { write } for comm="sh" name="arp_notify" dev="proc" ino=53263 scontext=u:r:ethernet:s0 tcontext=u:object_r:proc_net:s0 tclass=file permissive=0
01-01 08:06:13.348 1338 1338 I auditd : type=1400 audit(0.0:130): avc: denied { write } for comm="sh" name="arp_ignore" dev="proc" ino=53264 scontext=u:r:ethernet:s0 tcontext=u:object_r:proc_net:s0 tclass=file permissive=0
01-01 08:06:13.372 0 0 E kona-asoc-snd soc: qcom,msm-audio-apr:qcom,q6core-audio:sound: ASoC: no source widget found for DMIC4_OUTPUT
01-01 08:06:13.383 0 0 E kona-asoc-snd soc: qcom,msm-audio-apr:qcom,q6core-audio:sound: ASoC: Failed to add route DMIC4_OUTPUT -> direct -> VA SWR_MIC3
01-01 08:06:13.396 0 0 E kona-asoc-snd soc: qcom,msm-audio-apr:qcom,q6core-audio:sound: ASoC: no source widget found for DMIC5_OUTPUT
01-01 08:06:13.408 0 0 E kona-asoc-snd soc: qcom,msm-audio-apr:qcom,q6core-audio:sound: ASoC: Failed to add route DMIC5_OUTPUT -> direct -> VA SWR_MIC4
01-01 08:06:13.421 0 0 E kona-asoc-snd soc: qcom,msm-audio-apr:qcom,q6core-audio:sound: ASoC: no source widget found for DMIC6_OUTPUT
01-01 08:06:13.432 0 0 E kona-asoc-snd soc: qcom,msm-audio-apr:qcom,q6core-audio:sound: ASoC: Failed to add route DMIC6_OUTPUT -> direct -> VA SWR_MIC5
01-01 08:06:13.445 0 0 E kona-asoc-snd soc: qcom,msm-audio-apr:qcom,q6core-audio:sound: ASoC: no source widget found for DMIC7_OUTPUT
01-01 08:06:13.456 0 0 E kona-asoc-snd soc: qcom,msm-audio-apr:qcom,q6core-audio:sound: ASoC: Failed to add route DMIC7_OUTPUT -> direct -> VA SWR_MIC6
01-01 08:06:13.469 0 0 E kona-asoc-snd soc: qcom,msm-audio-apr:qcom,q6core-audio:sound: ASoC: no source widget found for DMIC8_OUTPUT
01-01 08:06:13.480 0 0 E kona-asoc-snd soc: qcom,msm-audio-apr:qcom,q6core-audio:sound: ASoC: Failed to add route DMIC8_OUTPUT -> direct -> VA SWR_MIC7
01-01 08:06:13.493 0 0 W kona-asoc-snd soc: qcom,msm-audio-apr:qcom,q6core-audio:sound: ASoC: no DMI vendor name!
01-01 08:06:13.681 0 0 E diag : In diag_ioctl_set_buffering_mode, invalid peripheral = -22
01-01 08:06:13.686 0 0 I kona-asoc-snd soc: qcom,msm-audio-apr:qcom,q6core-audio:sound: msm_asoc_machine_probe: Sound card kona-mtp-snd-card registered
01-01 08:06:13.702 0 0 E : [drm:dp_display_init_aux_switch][msm-dp-err][82 ]failed to register notifier (-22)
01-01 08:06:13.716 0 0 E register_client_adhoc: find path.src 1 dest 589
01-01 08:06:13.717 0 0 E register_client_adhoc: Failed to find path.src 1 dest 589
01-01 08:06:13.733 0 0 W swr-wcd rx_swr_ctrl: DMA mask not set
01-01 08:06:13.778 0 0 W swr-wcd wsa_swr_ctrl: DMA mask not set
01-01 08:06:13.780 0 0 E swr-wcd rx_swr_ctrl: swrm_get_logical_dev_num: device 0xd01170224 is not ready
01-01 08:06:13.801 0 0 E swr_get_logical_dev_num: Error -22 to get logical addr for device d01170224
01-01 08:06:13.817 0 0 E swr-wcd rx_swr_ctrl: swrm_get_logical_dev_num: device 0xd01170224 is not ready
01-01 08:06:13.826 0 0 E swr_get_logical_dev_num: Error -22 to get logical addr for device d01170224
01-01 08:06:13.837 0 0 E swr-wcd rx_swr_ctrl: swrm_get_logical_dev_num: device 0xd01170224 is not ready
01-01 08:06:13.846 0 0 E swr_get_logical_dev_num: Error -22 to get logical addr for device d01170224
01-01 08:06:13.861 0 0 E swr-wcd rx_swr_ctrl: swrm_get_logical_dev_num: device 0xd01170224 is not ready
01-01 08:06:13.871 0 0 E swr_get_logical_dev_num: Error -22 to get logical addr for device d01170224
01-01 08:06:13.880 0 0 E swr-wcd wsa_swr_ctrl: swrm_get_logical_dev_num: device 0x1020170211 is not ready
01-01 08:06:13.889 0 0 E swr_get_logical_dev_num: Error -22 to get logical addr for device 1020170211
01-01 08:06:13.898 0 0 E swr-wcd rx_swr_ctrl: swrm_get_logical_dev_num: device 0xd01170224 is not ready
01-01 08:06:13.908 0 0 W wsa881x : probe of wsa881x.1020170211 failed with error -22
01-01 08:06:13.912 0 0 E swr_get_logical_dev_num: Error -22 to get logical addr for device d01170224
01-01 08:06:13.920 0 0 E swr-wcd wsa_swr_ctrl: swrm_get_logical_dev_num: device 0x1020170212 is not ready
01-01 08:06:13.929 0 0 E wcd938x_codec wcd938x-codec: wcd938x_bind: Slave bind failed, ret = -517
01-01 08:06:13.938 0 0 E swr_get_logical_dev_num: Error -22 to get logical addr for device 1020170212
01-01 08:06:13.953 0 0 W wsa881x : probe of wsa881x.1020170212 failed with error -22
01-01 08:06:13.964 0 0 E swr-wcd wsa_swr_ctrl: swrm_get_logical_dev_num: device 0x1021170213 is not ready
01-01 08:06:13.973 0 0 E swr_get_logical_dev_num: Error -22 to get logical addr for device 1021170213
01-01 08:06:13.983 0 0 W wsa881x : probe of wsa881x.1021170213 failed with error -22
01-01 08:06:13.994 0 0 E : [drm:dp_display_init_aux_switch][msm-dp-err][493 ]failed to register notifier (-22)
01-01 08:06:14.003 0 0 E swr-wcd wsa_swr_ctrl: swrm_get_logical_dev_num: device 0x1021170214 is not ready
01-01 08:06:14.012 0 0 E swr_get_logical_dev_num: Error -22 to get logical addr for device 1021170214
01-01 08:06:14.034 1100 1100 I service_manager_stats: [100,31,42162]
01-01 08:06:14.027 0 0 E register_client_adhoc: find path.src 1 dest 589
01-01 08:06:14.028 0 0 E register_client_adhoc: Failed to find path.src 1 dest 589
01-01 08:06:14.035 0 0 W wsa881x : probe of wsa881x.1021170214 failed with error -22
01-01 08:06:14.062 1100 1100 I IntentFirewall: Read new rules (A:0 B:0 S:0)
01-01 08:06:14.052 0 0 E swr-wcd rx_swr_ctrl: swrm_get_logical_dev_num: device 0xd01170224 is not ready
01-01 08:06:14.065 0 0 E swr_get_logical_dev_num: Error -22 to get logical addr for device d01170224
01-01 08:06:14.077 1100 1100 D AppOps : AppOpsService published
01-01 08:06:14.078 1100 1100 D SystemServerTiming: StartActivityManager took to complete: 4601ms
01-01 08:06:14.078 1100 1100 I SystemServerTiming: StartDataLoaderManagerService
01-01 08:06:14.078 1100 1100 I SystemServiceManager: Starting com.android.server.pm.DataLoaderManagerService
01-01 08:06:14.079 1100 1100 D SystemServerTiming: StartDataLoaderManagerService took to complete: 2ms
01-01 08:06:14.079 1100 1100 I SystemServerTiming: StartIncrementalService
01-01 08:06:14.087 1100 1100 D SystemServerTiming: StartIncrementalService took to complete: 7ms
01-01 08:06:14.087 1100 1100 I SystemServerTiming: StartPowerManager
01-01 08:06:14.087 1100 1100 I SystemServiceManager: Starting com.android.server.power.PowerManagerService
01-01 08:06:14.075 0 0 E swr-wcd rx_swr_ctrl: swrm_get_logical_dev_num: device 0xd01170224 is not ready
01-01 08:06:14.084 0 0 E swr_get_logical_dev_num: Error -22 to get logical addr for device d01170224
01-01 08:06:14.104 1100 1100 D SystemServerTiming: StartPowerManager took to complete: 18ms
01-01 08:06:14.104 1100 1100 I SystemServerTiming: StartThermalManager
01-01 08:06:14.104 1100 1100 I SystemServiceManager: Starting com.android.server.power.ThermalManagerService
01-01 08:06:14.105 1100 1100 D SystemServerTiming: StartThermalManager took to complete: 1ms
01-01 08:06:14.105 1100 1100 I SystemServerTiming: StartHintManager
01-01 08:06:14.105 1100 1100 I SystemServiceManager: Starting com.android.server.power.hint.HintManagerService
01-01 08:06:14.106 1100 1100 D SystemServerTiming: StartHintManager took to complete: 1ms
01-01 08:06:14.106 1100 1100 I SystemServerTiming: InitPowerManagement
01-01 08:06:14.108 1100 1100 D SystemServerTiming: InitPowerManagement took to complete: 2ms
01-01 08:06:14.108 1100 1100 I SystemServerTiming: StartRecoverySystemService
01-01 08:06:14.108 1100 1100 I SystemServiceManager: Starting com.android.server.recoverysystem.RecoverySystemService$Lifecycle
01-01 08:06:14.093 0 0 E swr-wcd rx_swr_ctrl: swrm_get_logical_dev_num: device 0xd01170224 is not ready
01-01 08:06:14.109 1100 1100 D SystemServerTiming: StartRecoverySystemService took to complete: 1ms
01-01 08:06:14.102 0 0 E swr_get_logical_dev_num: Error -22 to get logical addr for device d01170224
01-01 08:06:14.110 1100 1100 I PackageWatchdog: Syncing state, reason: added new observer
01-01 08:06:14.110 1100 1100 I PackageWatchdog: Not pruning observers, elapsed time: 0ms
01-01 08:06:14.110 1100 1100 I PackageWatchdog: Cancelling state sync, nothing to sync
01-01 08:06:14.110 1100 1212 I PackageWatchdog: Saving observer state to file
01-01 08:06:14.112 1100 1100 I rescue_note: [0,1,42239]
01-01 08:06:14.112 1100 1100 I SystemServerTiming: StartLightsService
01-01 08:06:14.112 1100 1100 I SystemServiceManager: Starting com.android.server.lights.LightsService
01-01 08:06:14.117 1100 1100 D SystemServerTiming: StartLightsService took to complete: 5ms
01-01 08:06:14.117 1100 1100 I SystemServerTiming: StartSidekickService
01-01 08:06:14.117 1100 1100 D SystemServerTiming: StartSidekickService took to complete: 0ms
01-01 08:06:14.117 1100 1100 I SystemServerTiming: StartDisplayManager
01-01 08:06:14.117 1100 1100 I SystemServiceManager: Starting com.android.server.display.DisplayManagerService
01-01 08:06:14.126 1100 1100 D SystemServerTiming: StartDisplayManager took to complete: 8ms
01-01 08:06:14.126 1100 1100 I SystemServerTiming: WaitForDisplay
01-01 08:06:14.126 1100 1100 I SystemServiceManager: Starting phase 100
