01-01 08:06:01.554 0 0 I fsck.f2fs: Info: FSCK version
01-01 08:06:01.558 0 0 I fsck.f2fs: from "4.19.157+"
01-01 08:06:01.598 0 0 E DTC_ETH,link_delay_work_func: 3003, SQI=0, link=0
01-01 08:06:01.844 0 0 I F2FS-fs (dm-10): Mounted with checkpoint version = 55f87982
01-01 08:06:01.852 554 554 I vold : [libfs_mgr]__mount(source=/dev/block/dm-10,target=/data,type=f2fs)=0: Success
01-01 08:06:01.853 554 554 D vold : Mounted /data
01-01 08:06:01.853 554 564 D vold : Disk at 252:10 changed
01-01 08:06:01.851 617 617 I auditd : type=1400 audit(0.0:22): avc: denied { kill } for comm="vdc" capability=5 scontext=u:r:vdc:s0 tcontext=u:r:vdc:s0 tclass=capability permissive=0
01-01 08:06:01.877 0 0 I init : Userdata mounted using /vendor/etc/fstab.qcom result : 7
01-01 08:06:01.884 0 0 I init : Keyring created with id 497925667 in process 1
01-01 08:06:01.936 554 554 I Checkpoint: cp_prepareCheckpoint called
01-01 08:06:01.928 0 0 I binder : 625:625 ioctl 40046210 7ffc8c3864 returned -22
01-01 08:06:01.935 0 0 D ProcessState: Binder ioctl to enable oneway spam detection failed: Invalid argument
01-01 08:06:01.936 0 0 D vdc : Waited 0ms for vold
01-01 08:06:01.964 624 626 D spcomlib: [spcom_register_service] spcom_register_service() name [sp_keymaster_ssr] pid [492355275952]
01-01 08:06:01.964 624 626 D spcomlib: [spcom_open] ch [sp_keymaster_ssr] doesn't exist, create it.
01-01 08:06:01.964 624 626 D spcomlib: [spcom_create_channel] Create Channel [sp_keymaster_ssr].
01-01 08:06:01.970 0 0 I binder : 627:627 ioctl 40046210 7fcb90baa4 returned -22
01-01 08:06:01.976 0 0 D ProcessState: Binder ioctl to enable oneway spam detection failed: Invalid argument
01-01 08:06:01.977 0 0 D vdc : Waited 0ms for vold
01-01 08:06:01.977 554 554 I vold : fscrypt_initialize_systemwide_keys
01-01 08:06:01.980 554 554 D vold : Key exists, using: /data/unencrypted/key
01-01 08:06:01.988 624 626 D spcomlib: [add_ssr_cb] ssr cb added!
01-01 08:06:01.988 624 626 D spcomlib: [start_ssr_thread] ch [spcom] ready!
01-01 08:06:01.988 624 626 D spcomlib: [start_ssr_thread] main pthread self_id [0xa2a94cb0].
01-01 08:06:01.989 624 626 D spcomlib: [start_ssr_thread] pthread_create() ret [0] thread-id [0xa1996cb0].
01-01 08:06:01.989 624 626 D spcomlib: [start_ssr_thread] Wait for SSR thread to run.
01-01 08:06:01.989 624 628 D spcomlib: [notify_ssr_thread] SSR pthread self_id [0xa1996cb0].
01-01 08:06:01.989 624 626 D spcomlib: [start_ssr_thread] pthread_cond_wait() ret [0].
01-01 08:06:01.989 624 626 D spcomlib: [start_ssr_thread] done.
01-01 08:06:01.989 624 626 D spcomlib: [add_ch] add ch [sp_keymaster_ssr].
01-01 08:06:01.989 624 626 D spcomlib: [spcom_register_service] spcom_register_service() name [sp_keymaster_ssr] pid [492355275952] done
01-01 08:06:01.996 554 554 D vold : Installed fscrypt key with ref 4d1fd0c0598faaa4268d2f16ce022f39 to /data
01-01 08:06:01.997 554 554 D vold : Added fscrypt-provisioning key for 4d1fd0c0598faaa4268d2f16ce022f39 to session keyring
01-01 08:06:02.004 554 554 I vold : Wrote system DE key reference to:/data/unencrypted/ref
01-01 08:06:02.004 554 554 D vold : Generating wrapped storage key
01-01 08:06:02.007 554 554 E vold : keystore2 Keystore generateKey returned service specific error: -67
01-01 08:06:02.007 554 554 W vold : Failed to generate rollback-resistant key. This is expected if keymaster doesn't support rollback resistance. Falling back to non-rollback-resistant key.
01-01 08:06:02.019 554 554 D vold : Installed fscrypt key with ref 4f338804b1a64200eb703c5b463a39a6 to /data
01-01 08:06:02.019 554 554 D vold : Added fscrypt-provisioning key for 4f338804b1a64200eb703c5b463a39a6 to session keyring
01-01 08:06:02.020 554 554 I vold : Wrote per boot key reference to:/data/unencrypted/per_boot_ref
01-01 08:06:02.028 0 0 I fscrypt : AES-256-CTS-CBC using implementation "cts(cbc-aes-ce)"
01-01 08:06:02.090 0 0 I binder : 636:636 ioctl 40046210 7ff86dd764 returned -22
01-01 08:06:02.097 0 0 D ProcessState: Binder ioctl to enable oneway spam detection failed: Invalid argument
01-01 08:06:02.098 554 554 I incfs : Initial API level of the device: 30
01-01 08:06:02.098 554 554 I incfs : ro.incremental.enable: 1
01-01 08:06:02.098 554 554 I incfs : isFsAvailable: true
01-01 08:06:02.098 554 554 I incfs : isFsAvailable: true
01-01 08:06:02.098 554 554 I incfs : IncFs_Features: v1
01-01 08:06:02.098 0 0 D vdc : Waited 0ms for vold
01-01 08:06:02.120 554 554 E vold : keystore2 Keystore earlyBootEnded returned service specific error: -68
01-01 08:06:02.163 0 0 I apexd : This device does not support updatable APEX. Exiting
01-01 08:06:02.170 0 0 I apexd : Marking APEXd as activated
01-01 08:06:02.342 0 0 I binder : 642:642 ioctl 40046210 7fc825ed74 returned -22
01-01 08:06:02.349 0 0 D ProcessState: Binder ioctl to enable oneway spam detection failed: Invalid argument
01-01 08:06:02.350 0 0 D vdc : Waited 0ms for vold
01-01 08:06:02.350 554 554 D vold : fscrypt_init_user0
01-01 08:06:02.350 554 554 D vold : Preparing: /data/misc/vold/user_keys
01-01 08:06:02.351 554 554 D vold : Preparing: /data/misc/vold/user_keys/ce
01-01 08:06:02.352 554 554 D vold : Preparing: /data/misc/vold/user_keys/de
01-01 08:06:02.371 554 554 D vold : Installed fscrypt key with ref f39e67cf27825cf5a5357de3d5e3e2fd to /data
01-01 08:06:02.371 554 554 D vold : Added fscrypt-provisioning key for f39e67cf27825cf5a5357de3d5e3e2fd to session keyring
01-01 08:06:02.371 554 554 D vold : Installed de key for user 0
01-01 08:06:02.371 554 554 D vold : fscrypt_prepare_user_storage for volume null, user 0, serial 0, flags 1
01-01 08:06:02.371 554 554 D vold : Preparing: /data/system/users/0
01-01 08:06:02.372 554 554 D vold : Preparing: /data/misc/profiles/cur/0
01-01 08:06:02.373 554 554 D vold : Preparing: /data/system_de/0
01-01 08:06:02.373 554 554 D vold : Preparing: /data/misc_de/0
01-01 08:06:02.374 554 554 D vold : Preparing: /data/vendor_de/0
01-01 08:06:02.374 554 554 D vold : Preparing: /data/user_de/0
01-01 08:06:02.375 554 554 I vold : Verified that /data/system_de/0 has the encryption policy f39e67cf27825cf5a5357de3d5e3e2fd v2 modes 1/4 flags 0xa
01-01 08:06:02.375 554 554 I vold : Verified that /data/misc_de/0 has the encryption policy f39e67cf27825cf5a5357de3d5e3e2fd v2 modes 1/4 flags 0xa
01-01 08:06:02.375 554 554 I vold : Verified that /data/vendor_de/0 has the encryption policy f39e67cf27825cf5a5357de3d5e3e2fd v2 modes 1/4 flags 0xa
01-01 08:06:02.375 554 554 I vold : Verified that /data/user_de/0 has the encryption policy f39e67cf27825cf5a5357de3d5e3e2fd v2 modes 1/4 flags 0xa
01-01 08:06:02.375 554 554 D vold : /system/bin/vold_prepare_subdirs
01-01 08:06:02.375 554 554 D vold : prepare
01-01 08:06:02.375 554 554 D vold :
01-01 08:06:02.375 554 554 D vold : 0
01-01 08:06:02.375 554 554 D vold : 1
01-01 08:06:02.432 554 554 D vold : Detected support for FS_IOC_ADD_ENCRYPTION_KEY
01-01 08:06:02.598 0 0 I apexd : This device does not support updatable APEX. Exiting
01-01 08:06:02.605 0 0 I apexd : Marking APEXd as ready
01-01 08:06:02.700 0 0 D cnss : File system is ready, fs_ready is 1, count is 1
01-01 08:06:02.700 0 0 D cnss : Posting event: COLD_BOOT_CAL_START(5), state: 0x0 flags: 0x0
01-01 08:06:02.700 0 0 D cnss : PM stay awake, state: 0x0, count: 1
01-01 08:06:02.701 0 0 D cnss : PM relax, state: 0x0, count: 0
01-01 08:06:02.701 0 0 D cnss : PM stay awake, state: 0x0, count: 1
01-01 08:06:02.701 0 0 D cnss : Processing driver event: COLD_BOOT_CAL_START(5), state: 0x0
01-01 08:06:02.701 0 0 D cnss : Regulator vdd-wlan-io is being enabled
01-01 08:06:02.701 0 0 D cnss : Regulator wlan-ant-switch is being enabled
01-01 08:06:02.702 0 0 D cnss : Regulator vdd-wlan-aon is being enabled
01-01 08:06:02.702 0 0 D cnss : Regulator vdd-wlan-dig is being enabled
01-01 08:06:02.703 0 0 D cnss : Regulator vdd-wlan-rfa1 is being enabled
01-01 08:06:02.703 0 0 D cnss : Regulator vdd-wlan-rfa2 is being enabled
01-01 08:06:02.703 0 0 D cnss : BT_EN_GPIO State: Off. Delay WLAN_GPIO enable
01-01 08:06:02.807 0 0 D cnss : Assert WLAN_EN GPIO successfully
01-01 08:06:02.807 0 0 D cnss : Resuming PCI link
01-01 08:06:02.807 0 0 I msm_pcie_enable: PCIe: Assert the reset of endpoint of RC0.
01-01 08:06:02.819 0 0 I msm_pcie_enable: PCIe: RC0: PCIE20_PARF_INT_ALL_MASK: 0x7f80d202
01-01 08:06:02.836 0 0 I pcie_phy_init: PCIe RC0 PHY is ready!
01-01 08:06:02.851 0 0 I msm_pcie_enable: PCIe: Release the reset of endpoint of RC0.
01-01 08:06:02.874 0 0 I msm_pcie_link_train: PCIe RC0 link initialized
01-01 08:06:02.905 0 0 I cnss_pci 0000: 01:00.0: enabling device (0000 -> 0002)
01-01 08:06:02.913 0 0 D cnss : Read register offset 0x1f8031c, val = 0x6
01-01 08:06:02.913 0 0 D cnss : Write val 0x2 to register offset 0x1f8031c
01-01 08:06:02.913 0 0 D cnss : Setting MHI state: INIT(0)
01-01 08:06:02.925 0 0 D cnss : Setting MHI state: POWER_ON(2)
01-01 08:06:02.930 0 0 W cnss_pci 0000: 01:00.0: Falling back to syfs fallback for: qca6390/amss20.bin
01-01 08:06:02.946 0 0 I ueventd : firmware: loading 'qca6390/amss20.bin' for '/devices/platform/soc/1c00000.qcom,pcie/pci0000:00/0000:00:00.0/0000:01:00.0/firmware/qca6390!amss20.bin'
01-01 08:06:02.986 0 0 I ueventd : loading /devices/platform/soc/1c00000.qcom,pcie/pci0000:00/0000:00:00.0/0000:01:00.0/firmware/qca6390!amss20.bin took 40ms
01-01 08:06:03.274 672 672 I liblog : 110
01-01 08:06:03.280 672 672 I liblog : 51
01-01 08:06:03.257 0 0 I update_verifier: Started with arg 1: nonencrypted
01-01 08:06:03.263 0 0 I binder : 675:675 ioctl 40046210 7fe1e02984 returned -22
01-01 08:06:03.270 0 0 D hw-ProcessState: Binder ioctl to enable oneway spam detection failed: Invalid argument
01-01 08:06:03.274 0 0 I update_verifier: Booting slot 0: isSlotMarkedSuccessful=1
01-01 08:06:03.281 0 0 I update_verifier: Leaving update_verifier.
01-01 08:06:03.333 0 0 I binder : 676:676 ioctl 40046210 7fd492a264 returned -22
01-01 08:06:03.350 0 0 W subsys-pil-tz 17300000.qcom,lpass: Falling back to syfs fallback for: adsp.mdt
01-01 08:06:03.359 0 0 W subsys-pil-tz 8300000.qcom,turing: Falling back to syfs fallback for: cdsp.mdt
01-01 08:06:03.371 0 0 I ueventd : firmware: loading 'adsp.mdt' for '/devices/platform/soc/17300000.qcom,lpass/firmware/adsp.mdt'
01-01 08:06:03.378 0 0 I ueventd : firmware: loading 'cdsp.mdt' for '/devices/platform/soc/8300000.qcom,turing/firmware/cdsp.mdt'
01-01 08:06:03.382 0 0 D cnss : MHI status cb is called with reason MISSION_MODE(6)
01-01 08:06:03.383 0 0 E ueventd : firmware: could not find firmware for dsi_prop
01-01 08:06:03.385 0 0 I subsys-pil-tz 17300000.qcom,lpass: adsp: loading from 0x000000008a100000 to 0x000000008be00000
01-01 08:06:03.386 0 0 I ueventd : loading /devices/platform/soc/17300000.qcom,lpass/firmware/adsp.mdt took 16ms
01-01 08:06:03.390 0 0 D cnss : Notify MHI to use already allocated images
01-01 08:06:03.390 0 0 D cnss : PM relax, state: 0x8, count: 0
01-01 08:06:03.395 0 0 E register_client_adhoc: find path.src 1 dest 589
01-01 08:06:03.395 0 0 W subsys-pil-tz 17300000.qcom,lpass: Falling back to syfs fallback for: adsp.b02
01-01 08:06:03.395 0 0 E register_client_adhoc: Failed to find path.src 1 dest 589
01-01 08:06:03.398 0 0 E : [drm:dp_display_init_aux_switch][msm-dp-err][359 ]failed to register notifier (-22)
01-01 08:06:03.399 0 0 E register_client_adhoc: find path.src 1 dest 589
01-01 08:06:03.399 0 0 E register_client_adhoc: Failed to find path.src 1 dest 589
01-01 08:06:03.399 0 0 E ueventd : firmware: attempted /etc/firmware/dsi_prop, open failed: No such file or directory
01-01 08:06:03.400 0 0 I ueventd : loading /devices/platform/soc/8300000.qcom,turing/firmware/cdsp.mdt took 22ms
01-01 08:06:03.403 0 0 I subsys-pil-tz 8300000.qcom,turing: cdsp: loading from 0x0000000087800000 to 0x0000000088c00000
01-01 08:06:03.407 0 0 W subsys-pil-tz 17300000.qcom,lpass: Falling back to syfs fallback for: adsp.b03
01-01 08:06:03.412 0 0 W subsys-pil-tz 17300000.qcom,lpass: Falling back to syfs fallback for: adsp.b04
01-01 08:06:03.418 0 0 I ueventd : firmware: loading 'adsp.b03' for '/devices/platform/soc/17300000.qcom,lpass/firmware/adsp.b03'
01-01 08:06:03.418 0 0 E ueventd : firmware: attempted /odm/firmware/dsi_prop, open failed: No such file or directory
01-01 08:06:03.419 0 0 W subsys-pil-tz 17300000.qcom,lpass: Falling back to syfs fallback for: adsp.b05
01-01 08:06:03.424 0 0 E : [drm:dp_display_init_aux_switch][msm-dp-err][120 ]failed to register notifier (-22)
01-01 08:06:03.424 0 0 W subsys-pil-tz 17300000.qcom,lpass: Falling back to syfs fallback for: adsp.b06
01-01 08:06:03.428 0 0 W subsys-pil-tz 17300000.qcom,lpass: Falling back to syfs fallback for: adsp.b07
01-01 08:06:03.432 0 0 W subsys-pil-tz 17300000.qcom,lpass: Falling back to syfs fallback for: adsp.b08
01-01 08:06:03.435 0 0 W subsys-pil-tz 17300000.qcom,lpass: Falling back to syfs fallback for: adsp.b09
01-01 08:06:03.437 0 0 E OF : graph: no port node found in /soc/qcom,dsi-display-primary
01-01 08:06:03.437 0 0 W [drm] [msm-dsi-warn]: [2560x1080 video mode dsi boe panel] fallback to default te-pin-select
01-01 08:06:03.438 0 0 W subsys-pil-tz 17300000.qcom,lpass: Falling back to syfs fallback for: adsp.b10
01-01 08:06:03.439 0 0 I msm_drm ae00000.qcom,mdss_mdp: Linked as a consumer to regulator.31
01-01 08:06:03.440 0 0 E register_client_adhoc: find path.src 1 dest 590
01-01 08:06:03.441 0 0 E register_client_adhoc: Client handle 15 mdss_reg
01-01 08:06:03.452 0 0 W subsys-pil-tz 17300000.qcom,lpass: Falling back to syfs fallback for: adsp.b11
01-01 08:06:03.454 0 0 W subsys-pil-tz 17300000.qcom,lpass: Falling back to syfs fallback for: adsp.b12
01-01 08:06:03.458 0 0 E register_client_adhoc: find path.src 1 dest 589
01-01 08:06:03.459 0 0 E register_client_adhoc: Failed to find path.src 1 dest 589
01-01 08:06:03.459 0 0 E register_client_adhoc: find path.src 22 dest 512
01-01 08:06:03.460 0 0 E register_client_adhoc: find path.src 23 dest 512
01-01 08:06:03.462 0 0 E register_client_adhoc: Client handle 53 mdss_sde
01-01 08:06:03.466 0 0 W subsys-pil-tz 17300000.qcom,lpass: Falling back to syfs fallback for: adsp.b13
01-01 08:06:03.473 0 0 W subsys-pil-tz 17300000.qcom,lpass: Falling back to syfs fallback for: adsp.b14
01-01 08:06:03.474 0 0 W subsys-pil-tz 17300000.qcom,lpass: Falling back to syfs fallback for: adsp.b15
01-01 08:06:03.475 0 0 W subsys-pil-tz 17300000.qcom,lpass: Falling back to syfs fallback for: adsp.b16
01-01 08:06:03.476 0 0 W subsys-pil-tz 17300000.qcom,lpass: Falling back to syfs fallback for: adsp.b17
01-01 08:06:03.481 0 0 W subsys-pil-tz 17300000.qcom,lpass: Falling back to syfs fallback for: adsp.b18
01-01 08:06:03.481 0 0 I [drm:sde_dbg_init:4676] evtlog_status: enable:11, panic:1, dump:2
01-01 08:06:03.482 0 0 I msm_drm ae00000.qcom,mdss_mdp: bound soc:qcom,wb-display@0 (ops sde_wb_comp_ops)
01-01 08:06:03.484 0 0 I msm-dsi-display soc: qcom,dsi-display-primary: Linked as a consumer to regulator.25
01-01 08:06:03.484 0 0 I [drm:dsi_display_bind] [msm-dsi-info]: Successfully bind display panel 'qcom,mdss_dsi_panel_boe_2560x1080_video'
01-01 08:06:03.485 0 0 I msm_drm ae00000.qcom,mdss_mdp: bound soc:qcom,dsi-display-primary (ops dsi_display_comp_ops)
01-01 08:06:03.485 0 0 I msm_drm ae00000.qcom,mdss_mdp: bound af20000.qcom,sde_rscc (ops sde_rsc_comp_ops)
01-01 08:06:03.485 0 0 I : [drm] mapped mdp address space @ffffff8023200000
01-01 08:06:03.491 0 0 W subsys-pil-tz 8300000.qcom,turing: Falling back to syfs fallback for: cdsp.b02
01-01 08:06:03.492 0 0 W subsys-pil-tz 8300000.qcom,turing: Falling back to syfs fallback for: cdsp.b03
01-01 08:06:03.494 0 0 I qcom_rpmh DRV: apps_rsc TCS Busy, retrying RPMH message send: addr=0x30080
01-01 08:06:03.494 0 0 W subsys-pil-tz 8300000.qcom,turing: Falling back to syfs fallback for: cdsp.b04
01-01 08:06:03.495 0 0 I : [drm:_sde_kms_hw_init_blocks:3613] sde hardware revision:0x60000000
01-01 08:06:03.498 0 0 I msmdrm_smmu ae00000.qcom,mdss_mdp: qcom,smmu_sde_unsec_cb: Linked as a consumer to 15000000.apps-smmu
01-01 08:06:03.500 0 0 W subsys-pil-tz 8300000.qcom,turing: Falling back to syfs fallback for: cdsp.b05
01-01 08:06:03.505 0 0 W subsys-pil-tz 8300000.qcom,turing: Falling back to syfs fallback for: cdsp.b06
01-01 08:06:03.508 0 0 W subsys-pil-tz 8300000.qcom,turing: Falling back to syfs fallback for: cdsp.b08
01-01 08:06:03.510 0 0 W subsys-pil-tz 8300000.qcom,turing: Falling back to syfs fallback for: cdsp.b09
01-01 08:06:03.511 0 0 W subsys-pil-tz 8300000.qcom,turing: Falling back to syfs fallback for: cdsp.b11
01-01 08:06:03.663 0 0 I subsys-pil-tz 17300000.qcom,lpass: adsp: Brought out of reset
01-01 08:06:03.666 0 0 I iommu : Adding device ae00000.qcom,mdss_mdp:qcom,smmu_sde_unsec_cb to group 51
01-01 08:06:03.687 0 0 I subsys-pil-tz 17300000.qcom,lpass: Subsystem error monitoring/handling services are up
01-01 08:06:03.690 0 0 I : [drm] probing device qcom,smmu_sde_unsec
01-01 08:06:03.697 0 0 I subsys-pil-tz 17300000.qcom,lpass: adsp: Power/Clock ready interrupt received
01-01 08:06:03.697 0 0 I qcom_rpmh DRV: apps_rsc TCS Busy, retrying RPMH message send: addr=0x30030
01-01 08:06:03.706 0 0 I : [drm] Created domain mdp_ns, secure=0
01-01 08:06:03.708 0 0 I adsprpc : fastrpc_restart_notifier_cb: adsp subsystem is up
01-01 08:06:03.711 0 0 E : [drm:dp_display_init_aux_switch][msm-dp-err][77 ]failed to register notifier (-22)
01-01 08:06:03.714 0 0 E register_client_adhoc: find path.src 1 dest 589
01-01 08:06:03.714 0 0 E register_client_adhoc: Failed to find path.src 1 dest 589
01-01 08:06:03.728 0 0 E : [drm:dp_display_init_aux_switch][msm-dp-err][77 ]failed to register notifier (-22)
01-01 08:06:03.734 0 0 I msmdrm_smmu ae00000.qcom,mdss_mdp: qcom,smmu_sde_sec_cb: Linked as a consumer to 15000000.apps-smmu
01-01 08:06:03.743 0 0 D cnss : DRV subsystem is connected
01-01 08:06:03.752 0 0 I subsys-pil-tz 8300000.qcom,turing: cdsp: Brought out of reset
01-01 08:06:03.753 0 0 E register_client_adhoc: find path.src 1 dest 589
01-01 08:06:03.753 0 0 I iommu : Adding device ae00000.qcom,mdss_mdp:qcom,smmu_sde_sec_cb to group 52
01-01 08:06:03.753 0 0 E register_client_adhoc: Failed to find path.src 1 dest 589
01-01 08:06:03.753 0 0 I : [drm] probing device qcom,smmu_sde_sec
01-01 08:06:03.753 0 0 I : [drm] Created domain mdp_s, secure=1
01-01 08:06:03.756 0 0 E : [drm:dp_display_init_aux_switch][msm-dp-err][77 ]failed to register notifier (-22)
01-01 08:06:03.757 0 0 E register_client_adhoc: find path.src 1 dest 589
01-01 08:06:03.757 0 0 E register_client_adhoc: Failed to find path.src 1 dest 589
01-01 08:06:03.762 0 0 I subsys-pil-tz 8300000.qcom,turing: cdsp: Power/Clock ready interrupt received
01-01 08:06:03.781 0 0 I [drm:dsi_panel_get_mode] [msm-dsi-info]: default topology: lm: 2 comp_enc:0 intf: 1
01-01 08:06:03.784 0 0 I adsprpc : fastrpc_rpmsg_probe: opened rpmsg channel for adsp
01-01 08:06:03.788 0 0 I subsys-pil-tz 8300000.qcom,turing: Subsystem error monitoring/handling services are up
01-01 08:06:03.818 0 0 I : [drm] Supports vblank timestamp caching Rev 2 (21.10.2013).
01-01 08:06:03.832 0 0 I qcom_smd_qrtr_probe: Entered
01-01 08:06:03.837 0 0 I adsprpc : fastrpc_restart_notifier_cb: cdsp subsystem is up
01-01 08:06:03.839 0 0 I : [drm] No driver support for vblank timestamp query.
01-01 08:06:03.840 0 0 I msm_cvp : info: Opening cvp instance: ffffffd72b852280
01-01 08:06:03.852 0 0 I qcom_smd_qrtr_probe: SMD QRTR driver probed
01-01 08:06:03.859 0 0 I msm_cvp_v4l2 ab00000.qcom,cvp: Linked as a consumer to regulator.77
01-01 08:06:03.913 0 0 I binder : 677:677 ioctl 40046210 7ff263d804 returned -22
01-01 08:06:03.926 0 0 I msm_cvp_v4l2 ab00000.qcom,cvp: Linked as a consumer to regulator.76
01-01 08:06:03.928 0 0 I qcom_rpmh DRV: apps_rsc TCS Busy, retrying RPMH message send: addr=0x30080
01-01 08:06:03.928 0 0 I qcom_rpmh DRV: apps_rsc TCS Busy, retrying RPMH message send: addr=0x30080
01-01 08:06:03.929 0 0 W subsys-pil-tz 9800000.qcom,npu: Falling back to syfs fallback for: npu.mdt
01-01 08:06:03.943 0 0 I binder : 677:677 ioctl 40046210 7ff263da14 returned -22
01-01 08:06:03.949 0 0 I subsys-restart: __subsystem_get(): Changing subsys fw_name to cvpss
01-01 08:06:03.949 0 0 W subsys-pil-tz abb0000.qcom,cvpss: Falling back to syfs fallback for: cvpss.mdt
01-01 08:06:03.959 0 0 I qcom_smd_qrtr_probe: Entered
01-01 08:06:03.967 0 0 I subsys-pil-tz 9800000.qcom,npu: npu: loading from 0x0000000086900000 to 0x0000000086e00000
01-01 08:06:03.970 0 0 I : [drm] Initialized msm_drm 1.3.0 20130625 for ae00000.qcom,mdss_mdp on minor 0
01-01 08:06:03.971 0 0 I : [drm] cont_splash feature not enabled
01-01 08:06:03.991 0 0 I subsys-pil-tz abb0000.qcom,cvpss: cvpss: loading from 0x0000000087300000 to 0x0000000087800000
01-01 08:06:04.000 0 0 W subsys-pil-tz 9800000.qcom,npu: Falling back to syfs fallback for: npu.b02
01-01 08:06:04.000 0 0 W subsys-pil-tz 9800000.qcom,npu: Falling back to syfs fallback for: npu.b03
01-01 08:06:04.001 0 0 W subsys-pil-tz 9800000.qcom,npu: Falling back to syfs fallback for: npu.b04
01-01 08:06:04.001 0 0 W subsys-pil-tz 9800000.qcom,npu: Falling back to syfs fallback for: npu.b05
01-01 08:06:04.001 0 0 W subsys-pil-tz 9800000.qcom,npu: Falling back to syfs fallback for: npu.b06
01-01 08:06:04.006 0 0 I apr_tal_rpmsg qcom,glink: adsp.apr_audio_svc.-1.-1: apr_tal_rpmsg_probe: Channel[apr_audio_svc] state[Up]
01-01 08:06:04.014 0 0 W subsys-pil-tz abb0000.qcom,cvpss: Falling back to syfs fallback for: cvpss.b02
01-01 08:06:04.014 0 0 W subsys-pil-tz abb0000.qcom,cvpss: Falling back to syfs fallback for: cvpss.b03
01-01 08:06:04.015 0 0 W subsys-pil-tz abb0000.qcom,cvpss: Falling back to syfs fallback for: cvpss.b04
01-01 08:06:04.018 0 0 W subsys-pil-tz abb0000.qcom,cvpss: Falling back to syfs fallback for: cvpss.b05
01-01 08:06:04.022 0 0 W subsys-pil-tz abb0000.qcom,cvpss: Falling back to syfs fallback for: cvpss.b07
01-01 08:06:04.022 0 0 W subsys-pil-tz abb0000.qcom,cvpss: Falling back to syfs fallback for: cvpss.b06
01-01 08:06:04.029 0 0 W subsys-pil-tz abb0000.qcom,cvpss: Falling back to syfs fallback for: cvpss.b08
01-01 08:06:04.033 0 0 W subsys-pil-tz abb0000.qcom,cvpss: Falling back to syfs fallback for: cvpss.b09
01-01 08:06:04.034 0 0 W subsys-pil-tz abb0000.qcom,cvpss: Falling back to syfs fallback for: cvpss.b19
01-01 08:06:04.035 0 0 W subsys-pil-tz abb0000.qcom,cvpss: Falling back to syfs fallback for: cvpss.b10
01-01 08:06:04.049 0 0 I qcom_smd_qrtr_probe: SMD QRTR driver probed
01-01 08:06:04.082 0 0 I subsys-pil-tz 9800000.qcom,npu: npu: Brought out of reset
01-01 08:06:04.087 0 0 E : [drm:dp_display_init_aux_switch][msm-dp-err][5 ]failed to register notifier (-22)
01-01 08:06:04.108 0 0 I qcom_rpmh DRV: apps_rsc TCS Busy, retrying RPMH message send: addr=0x30000
01-01 08:06:04.112 0 0 I qcom_rpmh DRV: apps_rsc TCS Busy, retrying RPMH message send: addr=0x50000
01-01 08:06:04.112 0 0 I qcom_rpmh DRV: apps_rsc TCS Busy, retrying RPMH message send: addr=0x50000
01-01 08:06:04.112 0 0 I qcom_rpmh DRV: apps_rsc TCS Busy, retrying RPMH message send: addr=0x50000
01-01 08:06:04.112 0 0 I qcom_rpmh DRV: apps_rsc TCS Busy, retrying RPMH message send: addr=0x50000
01-01 08:06:04.112 0 0 I qcom_rpmh DRV: apps_rsc TCS Busy, retrying RPMH message send: addr=0x50000
01-01 08:06:04.113 0 0 I subsys-pil-tz abb0000.qcom,cvpss: cvpss: Brought out of reset
01-01 08:06:04.131 0 0 W NPU_WARN: host_session_msg_hdlr: 1904 handle npu session msg when FW is disabled
01-01 08:06:04.131 0 0 I NPU_INFO: npu_get_fw_caps: 236 fw caps 0:2007
01-01 08:06:04.131 0 0 I NPU_INFO: npu_get_fw_caps: 236 fw caps 1:80000005
01-01 08:06:04.131 0 0 I NPU_INFO: npu_get_fw_caps: 236 fw caps 2:0
01-01 08:06:04.131 0 0 I NPU_INFO: npu_get_fw_caps: 236 fw caps 3:0
01-01 08:06:04.131 0 0 I NPU_INFO: npu_get_fw_caps: 236 fw caps 4:0
01-01 08:06:04.131 0 0 I NPU_INFO: npu_get_fw_caps: 236 fw caps 5:0
01-01 08:06:04.131 0 0 I NPU_INFO: npu_get_fw_caps: 236 fw caps 6:0
01-01 08:06:04.131 0 0 I NPU_INFO: npu_get_fw_caps: 236 fw caps 7:0
01-01 08:06:04.165 0 0 E register_client_adhoc: find path.src 1 dest 589
01-01 08:06:04.732 678 678 I boot_progress_start: 32860
01-01 08:06:04.173 0 0 E register_client_adhoc: Failed to find path.src 1 dest 589
01-01 08:06:04.625 0 0 I adsprpc : fastrpc_rpmsg_probe: opened rpmsg channel for cdsp
01-01 08:06:04.800 0 0 E : [drm:dp_display_init_aux_switch][msm-dp-err][5 ]failed to register notifier (-22)
01-01 08:06:04.845 0 0 E register_client_adhoc: find path.src 1 dest 589
01-01 08:06:04.850 0 0 E register_client_adhoc: Failed to find path.src 1 dest 589
01-01 08:06:04.914 0 0 E : [drm:dp_display_init_aux_switch][msm-dp-err][5 ]failed to register notifier (-22)
01-01 08:06:04.968 0 0 I msm_cvp : info: Closed cvp instance: ffffffd72b852280 session_id = 0
01-01 08:06:04.983 0 0 I qcom_smd_qrtr_probe: Entered
01-01 08:06:04.989 0 0 I qcom_smd_qrtr_probe: SMD QRTR driver probed
01-01 08:06:05.036 0 0 E register_client_adhoc: find path.src 1 dest 589
01-01 08:06:05.039 0 0 E register_client_adhoc: Failed to find path.src 1 dest 589
01-01 08:06:05.105 0 0 E : [drm:dp_display_init_aux_switch][msm-dp-err][5 ]failed to register notifier (-22)
01-01 08:06:05.429 678 678 I snet_event_log: [200284993,-1,]
01-01 08:06:05.430 681 681 I snet_event_log: [200284993,-1,]
01-01 08:06:05.563 678 678 I boot_progress_preload_start: 33690
01-01 08:06:05.594 681 681 D Zygote32Timing: PostZygoteInitGC took to complete: 21ms
01-01 08:06:05.594 681 681 D Zygote32Timing: ZygoteInit took to complete: 27ms
01-01 08:06:05.661 678 678 D Zygote64Timing: BeginPreload took to complete: 97ms
01-01 08:06:05.652 0 0 I subsys-restart: __subsystem_get(): Changing subsys fw_name to slpi
01-01 08:06:05.661 0 0 W subsys-pil-tz 5c00000.qcom,ssc: Falling back to syfs fallback for: slpi.mdt
01-01 08:06:05.679 0 0 I subsys-pil-tz 5c00000.qcom,ssc: slpi: loading from 0x0000000088c00000 to 0x000000008a100000
01-01 08:06:05.694 0 0 W subsys-pil-tz 5c00000.qcom,ssc: Falling back to syfs fallback for: slpi.b02
01-01 08:06:05.694 0 0 W subsys-pil-tz 5c00000.qcom,ssc: Falling back to syfs fallback for: slpi.b03
01-01 08:06:05.694 0 0 W subsys-pil-tz 5c00000.qcom,ssc: Falling back to syfs fallback for: slpi.b04
01-01 08:06:05.695 0 0 W subsys-pil-tz 5c00000.qcom,ssc: Falling back to syfs fallback for: slpi.b06
01-01 08:06:05.695 0 0 W subsys-pil-tz 5c00000.qcom,ssc: Falling back to syfs fallback for: slpi.b07
01-01 08:06:05.695 0 0 W subsys-pil-tz 5c00000.qcom,ssc: Falling back to syfs fallback for: slpi.b05
01-01 08:06:05.695 0 0 W subsys-pil-tz 5c00000.qcom,ssc: Falling back to syfs fallback for: slpi.b08
01-01 08:06:05.695 0 0 W subsys-pil-tz 5c00000.qcom,ssc: Falling back to syfs fallback for: slpi.b09
01-01 08:06:05.696 0 0 W subsys-pil-tz 5c00000.qcom,ssc: Falling back to syfs fallback for: slpi.b10
01-01 08:06:05.696 0 0 W subsys-pil-tz 5c00000.qcom,ssc: Falling back to syfs fallback for: slpi.b11
01-01 08:06:05.696 0 0 W subsys-pil-tz 5c00000.qcom,ssc: Falling back to syfs fallback for: slpi.b12
01-01 08:06:05.697 0 0 W subsys-pil-tz 5c00000.qcom,ssc: Falling back to syfs fallback for: slpi.b13
01-01 08:06:05.697 0 0 W subsys-pil-tz 5c00000.qcom,ssc: Falling back to syfs fallback for: slpi.b14
01-01 08:06:05.697 0 0 W subsys-pil-tz 5c00000.qcom,ssc: Falling back to syfs fallback for: slpi.b15
01-01 08:06:05.697 0 0 W subsys-pil-tz 5c00000.qcom,ssc: Falling back to syfs fallback for: slpi.b17
01-01 08:06:05.698 0 0 W subsys-pil-tz 5c00000.qcom,ssc: Falling back to syfs fallback for: slpi.b16
01-01 08:06:05.698 0 0 W subsys-pil-tz 5c00000.qcom,ssc: Falling back to syfs fallback for: slpi.b18
01-01 08:06:05.699 0 0 W subsys-pil-tz 5c00000.qcom,ssc: Falling back to syfs fallback for: slpi.b19
01-01 08:06:05.700 0 0 W subsys-pil-tz 5c00000.qcom,ssc: Falling back to syfs fallback for: slpi.b20
01-01 08:06:05.900 0 0 I binder : 826:826 ioctl 40046210 7fe87414a4 returned -22
01-01 08:06:05.958 0 0 I subsys-pil-tz 5c00000.qcom,ssc: slpi: Brought out of reset
01-01 08:06:05.965 0 0 I binder : 831:831 ioctl 40046210 7fd8936b44 returned -22
01-01 08:06:05.971 0 0 I binder : 831:831 ioctl 40046210 7fd8936b24 returned -22
01-01 08:06:06.017 0 0 I subsys-pil-tz 5c00000.qcom,ssc: Subsystem error monitoring/handling services are up
01-01 08:06:06.027 0 0 I subsys-pil-tz 5c00000.qcom,ssc: slpi: Power/Clock ready interrupt received
01-01 08:06:06.036 0 0 I adsprpc : fastrpc_restart_notifier_cb: slpi subsystem is up
01-01 08:06:06.048 0 0 E register_client_adhoc: find path.src 1 dest 589
01-01 08:06:06.048 0 0 E register_client_adhoc: Failed to find path.src 1 dest 589
01-01 08:06:06.051 0 0 I adsprpc : fastrpc_rpmsg_probe: opened rpmsg channel for slpi
01-01 08:06:06.064 0 0 E : [drm:dp_display_init_aux_switch][msm-dp-err][83 ]failed to register notifier (-22)
01-01 08:06:06.116 0 0 I binder : 897:897 ioctl 40046210 7fec43de84 returned -22
01-01 08:06:06.123 0 0 I qcom_smd_qrtr_probe: Entered
01-01 08:06:06.160 0 0 I qcom_smd_qrtr_probe: SMD QRTR driver probed
01-01 08:06:06.189 0 0 I binder : 938:938 ioctl 40046210 7fc1950a34 returned -22
01-01 08:06:06.190 0 0 E register_client_adhoc: find path.src 1 dest 589
01-01 08:06:06.198 0 0 E register_client_adhoc: Failed to find path.src 1 dest 589
01-01 08:06:06.309 0 0 I init : starting service 'vendor.capabilityconfigstore'...
01-01 08:06:06.316 0 0 E : [drm:dp_display_init_aux_switch][msm-dp-err][731 ]failed to register notifier (-22)
01-01 08:06:06.527 946 946 I android.hardware.wifi@1.0-service: Wifi Hal is booting up...
01-01 08:06:06.341 0 0 I init : starting service 'vendor.qti.hardware.display.allocator'...
01-01 08:06:06.545 946 946 I HidlServiceManagement: Registered android.hardware.wifi@1.4::IWifi/default (start delay of 163ms)
01-01 08:06:06.362 0 0 I init : starting service 'vendor.qti.hardware.display.composer'...
01-01 08:06:06.376 0 0 I init : Created socket '/dev/socket/pps', mode 660, user 1000, group 1000
01-01 08:06:06.378 0 0 E register_client_adhoc: find path.src 1 dest 589
01-01 08:06:06.385 0 0 E register_client_adhoc: Failed to find path.src 1 dest 589
01-01 08:06:06.406 0 0 I init : starting service 'vendor.dspservice'...
01-01 08:06:06.444 0 0 I init : starting service 'iop-hal-2-0'...
01-01 08:06:06.469 0 0 I init : starting service 'vendor.limits-hal'...
01-01 08:06:06.489 0 0 I init : starting service 'perf-hal-2-2'...
01-01 08:06:06.517 0 0 I init : starting service 'qccvndhalservice'...
01-01 08:06:06.540 0 0 I init : starting service 'qteeconnector-hal-1-0'...
01-01 08:06:06.703 0 0 I binder : 983:983 ioctl 40046210 7fcc379764 returned -22
01-01 08:06:06.718 0 0 E DTC_ETH,link_delay_work_func: 3003, SQI=0, link=0
01-01 08:06:06.785 0 0 W QSEECOM : qseecom_load_app: App (soter64) does'nt exist, loading apps for first time
01-01 08:06:06.808 0 0 W QSEECOM : qseecom_load_app: App with id 4 (soter64) now loaded
01-01 08:06:07.097 678 678 D Zygote64Timing: PreloadClasses took to complete: 1436ms
01-01 08:06:07.130 1008 1008 I irsc_util: Starting irsc tool
01-01 08:06:07.133 1008 1008 I irsc_util: Num of entries:298
01-01 08:06:07.133 1008 1008 I irsc_util: Ending irsc tool
01-01 08:06:07.146 678 678 D Zygote64Timing: CacheNonBootClasspathClassLoaders took to complete: 49ms
01-01 08:06:07.182 678 678 D Zygote64Timing: PreloadResources took to complete: 36ms
01-01 08:06:07.004 0 0 I msm_vidc: high: 00000001: ....d: Opening video instance: ffffffd711450000, 1
01-01 08:06:07.017 0 0 I msm_vidc_v4l2 aa00000.qcom,vidc: Linked as a consumer to regulator.75
01-01 08:06:07.034 0 0 I msm_vidc_v4l2 aa00000.qcom,vidc: Linked as a consumer to regulator.74
01-01 08:06:07.054 0 0 E diag : In diag_send_feature_mask_update, control channel is not open, p: 5, ffffffa7717d8220
01-01 08:06:07.067 0 0 I subsys-restart: __subsystem_get(): Changing subsys fw_name to venus
01-01 08:06:07.076 0 0 E diag : In diag_send_peripheral_buffering_mode, buffering flag not set for 5
01-01 08:06:07.076 0 0 W subsys-pil-tz aab0000.qcom,venus: Falling back to syfs fallback for: venus.mdt
01-01 08:06:07.088 0 0 E diag : In diag_send_feature_mask_update, control channel is not open, p: 3, ffffffa7717d7d80
01-01 08:06:07.106 0 0 E diag : In diag_send_peripheral_buffering_mode, buffering flag not set for 1
01-01 08:06:07.304 880 880 I auditd : type=1400 audit(0.0:23): avc: denied { read } for comm="android.hardwar" name="type" dev="sysfs" ino=68776 scontext=u:r:hal_health_default:s0 tcontext=u:object_r:sysfs:s0 tclass=file permissive=0
01-01 08:06:07.112 0 0 I subsys-pil-tz aab0000.qcom,venus: venus: loading from 0x0000000086e00000 to 0x0000000087300000
01-01 08:06:07.116 0 0 E diag : In diag_send_peripheral_buffering_mode, buffering flag not set for 3
01-01 08:06:07.119 0 0 I sysmon-qmi: ssctl_new_server: Connection established between QMI handle and adsp's SSCTL service
01-01 08:06:07.119 0 0 I sysmon-qmi: ssctl_new_server: Connection established between QMI handle and cdsp's SSCTL service
01-01 08:06:07.122 0 0 I sysmon-qmi: ssctl_new_server: Connection established between QMI handle and slpi's SSCTL service
01-01 08:06:07.122 0 0 D cnss : WLFW server arriving: node 7 port 1
01-01 08:06:07.122 0 0 D cnss : Posting event: SERVER_ARRIVE(0), state: 0x8 flags: 0x0
01-01 08:06:07.122 0 0 D cnss : PM stay awake, state: 0x8, count: 1
01-01 08:06:07.122 0 0 D cnss : PM relax, state: 0x8, count: 0
01-01 08:06:07.122 0 0 I sysmon-qmi: ssctl_new_server: Connection established between QMI handle and slpi's SSCTL service
01-01 08:06:07.122 0 0 D cnss : PM stay awake, state: 0x8, count: 1
01-01 08:06:07.122 0 0 D cnss : Processing driver event: SERVER_ARRIVE(0), state: 0x8
01-01 08:06:07.123 0 0 I cnss : QMI WLFW service connected, state: 0x9
01-01 08:06:07.123 0 0 D cnss : Sending indication register message, state: 0x9
01-01 08:06:07.126 0 0 W healthd : No battery devices found
01-01 08:06:07.134 0 0 I servloc : service_locator_new_server: Connection established with the Service locator
01-01 08:06:07.134 0 0 D cnss : Sending host capability message, state: 0x9
01-01 08:06:07.134 0 0 D cnss : Number of clients is 2
01-01 08:06:07.134 0 0 D cnss : Assign MSI to user: WAKE, num_vectors: 1, user_base_data: 813, base_vector: 13
01-01 08:06:07.134 0 0 D cnss : WAKE MSI base data is 813
01-01 08:06:07.134 0 0 D cnss : Calibration done is 0
01-01 08:06:07.134 0 0 D cnss : Sending iova starting 0xa0000000 with size 0x10010000
01-01 08:06:07.135 0 0 I servloc : init_service_locator: Service locator initialized
01-01 08:06:07.149 0 0 D cnss : PM relax, state: 0x9, count: 0
01-01 08:06:07.153 0 0 E diag : In diag_send_feature_mask_update, control channel is not open, p: 6, ffffffa7717d8470
01-01 08:06:07.158 0 0 W subsys-pil-tz aab0000.qcom,venus: Falling back to syfs fallback for: venus.b02
01-01 08:06:07.160 0 0 W subsys-pil-tz aab0000.qcom,venus: Falling back to syfs fallback for: venus.b03
01-01 08:06:07.160 0 0 W subsys-pil-tz aab0000.qcom,venus: Falling back to syfs fallback for: venus.b04
01-01 08:06:07.161 0 0 W subsys-pil-tz aab0000.qcom,venus: Falling back to syfs fallback for: venus.b05
01-01 08:06:07.163 0 0 W subsys-pil-tz aab0000.qcom,venus: Falling back to syfs fallback for: venus.b07
01-01 08:06:07.166 0 0 W subsys-pil-tz aab0000.qcom,venus: Falling back to syfs fallback for: venus.b06
01-01 08:06:07.174 0 0 E diag : In diag_send_feature_mask_update, control channel is not open, p: 6, ffffffa7717d8470
01-01 08:06:07.179 0 0 W subsys-pil-tz aab0000.qcom,venus: Falling back to syfs fallback for: venus.b09
01-01 08:06:07.179 0 0 W subsys-pil-tz aab0000.qcom,venus: Falling back to syfs fallback for: venus.b10
01-01 08:06:07.179 0 0 W subsys-pil-tz aab0000.qcom,venus: Falling back to syfs fallback for: venus.b08
01-01 08:06:07.180 0 0 W subsys-pil-tz aab0000.qcom,venus: Falling back to syfs fallback for: venus.b19
01-01 08:06:07.393 0 0 W healthd : battery none chg=
01-01 08:06:07.395 0 0 I service-notifier: service_notifier_new_server: Connection established between QMI handle and 74 service
01-01 08:06:07.398 0 0 I audio_notifer_reg_service: service PDR_ADSP is in use
01-01 08:06:07.399 0 0 E diag : In diag_send_peripheral_buffering_mode, buffering flag not set for 6
01-01 08:06:07.462 0 0 I binder : 1030:1030 ioctl 40046210 7fe2d14f54 returned -22
01-01 08:06:07.465 0 0 I adsprpc : fastrpc_get_service_location_notify: PDR notifier for adsp registered for msm/adsp/audio_pd (audio_pdr_adsprpc)
01-01 08:06:07.465 0 0 I adsprpc : fastrpc_get_service_location_notify: audio_pdr_adsprpc (msm/adsp/audio_pd) PDR service for adsp is uninitialized
01-01 08:06:07.477 0 0 I apr_adsp_up: Q6 is Up
01-01 08:06:07.544 0 0 I subsys-pil-tz aab0000.qcom,venus: venus: Brought out of reset
01-01 08:06:07.567 0 0 E rmt_storage: ERR:main: Mmap Failed for rmts (-1)...pausing execution!
01-01 08:06:07.574 678 678 I boot_progress_preload_end: 35702
01-01 08:06:07.575 678 678 D Zygote64Timing: ZygotePreload took to complete: 2012ms
01-01 08:06:07.579 0 0 I adsprpc : fastrpc_pdr_notifier_cb: msm/adsp/audio_pd (audio_pdr_adsprpc) is up on adsp
01-01 08:06:07.582 0 0 I binder : 1046:1046 ioctl 40046210 7feb9865d4 returned -22
01-01 08:06:07.582 0 0 I sps : BAM 0x0000000003a84000 (va:0xffffff801c080000) enabled: ver:0x19, number of pipes:25
01-01 08:06:07.583 0 0 I sps : BAM 0x0000000003a84000 is registered.
01-01 08:06:07.618 0 0 I msm-audio-ion soc: qcom,msm-audio-apr:qcom,msm-audio-ion: Linked as a consumer to 15000000.apps-smmu
01-01 08:06:07.659 0 0 I iommu : Adding device soc:qcom,msm-audio-apr:qcom,msm-audio-ion to group 53
01-01 08:06:07.670 0 0 E : [drm:dp_display_init_aux_switch][msm-dp-err][77 ]failed to register notifier (-22)
01-01 08:06:07.640 475 475 I auditd : type=1400 audit(0.0:24): avc: denied { create } for comm="init" name="drm" scontext=u:r:vendor_init:s0 tcontext=u:object_r:mnt_product_file:s0 tclass=dir permissive=0
01-01 08:06:07.644 475 475 I auditd : type=1400 audit(0.0:25): avc: denied { create } for comm="init" name="bluetooth" scontext=u:r:vendor_init:s0 tcontext=u:object_r:mnt_product_file:s0 tclass=dir permissive=0
01-01 08:06:07.644 475 475 I auditd : type=1400 audit(0.0:26): avc: denied { create } for comm="init" name="misc" scontext=u:r:vendor_init:s0 tcontext=u:object_r:mnt_product_file:s0 tclass=dir permissive=0
01-01 08:06:07.644 475 475 I auditd : type=1400 audit(0.0:27): avc: denied { create } for comm="init" name="alarm" scontext=u:r:vendor_init:s0 tcontext=u:object_r:mnt_product_file:s0 tclass=dir permissive=0
01-01 08:06:07.660 475 475 I auditd : type=1400 audit(0.0:28): avc: denied { setattr } for comm="init" name="rawdump" dev="tmpfs" ino=28264 scontext=u:r:vendor_init:s0 tcontext=u:object_r:block_device:s0 tclass=lnk_file permissive=0
01-01 08:06:07.660 475 475 I auditd : type=1400 audit(0.0:29): avc: denied { setattr } for comm="init" name="rawdump" dev="tmpfs" ino=28264 scontext=u:r:vendor_init:s0 tcontext=u:object_r:block_device:s0 tclass=lnk_file permissive=0
01-01 08:06:07.689 0 0 I msm_vidc: high: 00000001: h264d: Closed video instance: ffffffd711450000
01-01 08:06:07.690 0 0 I msm_vidc: high: 00000001: ....d: Opening video instance: ffffffd711450000, 1
01-01 08:06:07.704 1 1 I auditd : type=1107 audit(0.0:30): uid=0 auid=4294967295 ses=4294967295 subj=u:r:init:s0 msg='avc: denied { set } for property=ctl.start$console pid=1075 uid=0 gid=0 scontext=u:r:vendor_qti_init_shell:s0 tcontext=u:object_r:ctl_start_prop:s0 tclass=property_service permissive=0'
01-01 08:06:07.708 678 678 D Zygote64Timing: PostZygoteInitGC took to complete: 133ms
01-01 08:06:07.708 678 678 D Zygote64Timing: ZygoteInit took to complete: 2152ms
01-01 08:06:07.710 0 0 I msm_vidc: high: 00000001: h264d: Closed video instance: ffffffd711450000
01-01 08:06:07.715 0 0 I msm_vidc: high: 00000001: ....d: Opening video instance: ffffffd70f560000, 1
01-01 08:06:07.716 0 0 E register_client_adhoc: find path.src 1 dest 589
01-01 08:06:07.716 0 0 E register_client_adhoc: Failed to find path.src 1 dest 589
01-01 08:06:07.720 0 0 I binder : 1027:1027 ioctl 40046210 7fc716f8b4 returned -22
01-01 08:06:07.728 0 0 I : Mass Storage Function, version: 2009/09/11
01-01 08:06:07.729 0 0 I LUN : removable file: (no medium)
01-01 08:06:07.730 0 0 I binder : 1027:1027 ioctl 40046210 7fc716f8d4 returned -22
01-01 08:06:07.734 0 0 E : [drm:dp_display_init_aux_switch][msm-dp-err][77 ]failed to register notifier (-22)
01-01 08:06:07.737 0 0 I msm_vidc: high: 00000001: h265d: Closed video instance: ffffffd70f560000
01-01 08:06:07.746 0 0 E register_client_adhoc: find path.src 1 dest 589
01-01 08:06:07.746 0 0 E register_client_adhoc: Failed to find path.src 1 dest 589
01-01 08:06:07.749 0 0 I msm_vidc: high: 00000001: ....d: Opening video instance: ffffffd714364000, 1
01-01 08:06:07.773 0 0 I msm_vidc: high: 00000001: h265d: Closed video instance: ffffffd714364000
01-01 08:06:07.776 0 0 I : file system registered
01-01 08:06:07.778 0 0 I msm_vidc: high: 00000001: ....d: Opening video instance: ffffffd714364000, 1
01-01 08:06:07.786 0 0 I binder : 1055:1055 ioctl 40046210 7fdfcd7714 returned -22
01-01 08:06:07.791 0 0 I msm_vidc: high: 00000001: vp8d: Closed video instance: ffffffd714364000
01-01 08:06:07.793 0 0 I msm_vidc: high: 00000001: ....d: Opening video instance: ffffffd714364000, 1
01-01 08:06:07.805 0 0 I msm_vidc: high: 00000001: vp9d: Closed video instance: ffffffd714364000
01-01 08:06:07.809 0 0 I f_cdev_alloc: port_name:at_usb0 (ffffffd710054880) portno:(0)
01-01 08:06:07.811 0 0 I msm_vidc: high: 00000001: ....d: Opening video instance: ffffffd714364000, 1
01-01 08:06:07.815 0 0 I f_cdev_alloc: port_name:at_usb1 (ffffffd710056c80) portno:(1)
01-01 08:06:07.820 0 0 I binder : 1055:1055 ioctl 40046210 7fdfcd9144 returned -22
01-01 08:06:07.824 0 0 I msm_vidc: high: 00000001: vp9d: Closed video instance: ffffffd714364000
01-01 08:06:07.826 0 0 I msm_vidc: high: 00000001: ....d: Opening video instance: ffffffd714364000, 1
01-01 08:06:07.830 0 0 I f_cdev_alloc: port_name:at_usb2 (ffffffd710051280) portno:(2)
01-01 08:06:07.834 0 0 E : [drm:dp_display_init_aux_switch][msm-dp-err][22 ]failed to register notifier (-22)
01-01 08:06:07.841 0 0 I msm_vidc: high: 00000001: mpg2d: Closed video instance: ffffffd714364000
01-01 08:06:07.852 0 0 I msm_vidc: high: 00000001: ....d: Opening video instance: ffffffd70f5ac000, 1
01-01 08:06:07.867 0 0 I msm_vidc: high: 00000001: mpg2d: Closed video instance: ffffffd70f5ac000
01-01 08:06:07.869 0 0 I msm_vidc: high: 00000001: ....e: Opening video instance: ffffffd70f628000, 0
01-01 08:06:07.875 508 508 I auditd : avc: denied { find } for pid=1055 uid=1000 name=vendor.qti.hardware.display.config.IDisplayConfig/default scontext=u:r:surfaceflinger:s0 tcontext=u:object_r:default_android_service:s0 tclass=service_manager permissive=0
01-01 08:06:07.881 508 508 I auditd : avc: denied { find } for pid=1055 uid=1000 name=vendor.qti.hardware.display.config.IDisplayConfig/default scontext=u:r:surfaceflinger:s0 tcontext=u:object_r:default_android_service:s0 tclass=service_manager permissive=0
01-01 08:06:07.871 0 0 E register_client_adhoc: find path.src 1 dest 589
01-01 08:06:07.872 0 0 E register_client_adhoc: Failed to find path.src 1 dest 589
01-01 08:06:07.890 0 0 I msm_vidc: high: 00000001: h264e: Closed video instance: ffffffd70f628000
01-01 08:06:07.901 0 0 I msm_vidc: high: 00000001: ....e: Opening video instance: ffffffd70dc9c000, 0
01-01 08:06:07.906 0 0 E : [drm:dp_display_init_aux_switch][msm-dp-err][22 ]failed to register notifier (-22)
01-01 08:06:07.909 0 0 I msm_vidc: high: 00000001: h265e: Closed video instance: ffffffd70dc9c000
01-01 08:06:07.923 0 0 I msm_vidc: high: 00000001: ....e: Opening video instance: ffffffd70dc9c000, 0
01-01 08:06:07.934 0 0 I msm_vidc: high: 00000001: h265e: Closed video instance: ffffffd70dc9c000
01-01 08:06:07.937 0 0 I msm_vidc: high: 00000001: ....e: Opening video instance: ffffffd70dc9c000, 0
01-01 08:06:07.938 0 0 E register_client_adhoc: find path.src 1 dest 589
01-01 08:06:07.939 0 0 E register_client_adhoc: Failed to find path.src 1 dest 589
01-01 08:06:07.947 0 0 I msm_vidc: high: 00000001: h265e: Closed video instance: ffffffd70dc9c000
01-01 08:06:07.953 0 0 W kona-asoc-snd soc: qcom,msm-audio-apr:qcom,q6core-audio:sound: msm_init_aux_dev: Max WSA devices is 0 for this target?
01-01 08:06:07.956 0 0 I msm_vidc: high: 00000001: ....e: Opening video instance: ffffffd70dcd4000, 0
01-01 08:06:07.958 0 0 I msm_vidc: err : 00000001: ....e: msm_vidc_comm_update_ctrl: failed: control name Ltr Count, min 0, max 0, step 0, default_value 0
01-01 08:06:07.965 0 0 W kgsl-3d0: Falling back to syfs fallback for: a650_sqe.fw
01-01 08:06:07.969 0 0 E kona-asoc-snd soc: qcom,msm-audio-apr:qcom,q6core-audio:sound: ASoC: CODEC DAI wsa_macro_vifeedback not registered
01-01 08:06:07.997 0 0 I msm_vidc: high: 00000001: vp8e: Closed video instance: ffffffd70dcd4000
01-01 08:06:08.005 0 0 E qcom-lpi-pinctrl soc: qcom,msm-audio-apr:qcom,q6core-audio:lpi_pinctrl@33c0000: snd_event_notify: No snd dev entry found
01-01 08:06:08.024 0 0 W kgsl-3d0: Falling back to syfs fallback for: a650_gmu.bin
01-01 08:06:08.142 0 0 I platform soc: qcom,msm-audio-apr:qcom,voice-mhi-audio: assigned reserved memory node mailbox_region
01-01 08:06:08.158 0 0 E : [drm:dp_display_init_aux_switch][msm-dp-err][82 ]failed to register notifier (-22)
01-01 08:06:08.175 0 0 E register_client_adhoc: find path.src 1 dest 589
01-01 08:06:08.177 0 0 E register_client_adhoc: Failed to find path.src 1 dest 589
01-01 08:06:08.209 0 0 W kona-asoc-snd soc: qcom,msm-audio-apr:qcom,q6core-audio:sound: msm_init_aux_dev: Max WSA devices is 0 for this target?
01-01 08:06:08.222 0 0 I binder : 1100:1100 ioctl 40046210 7fdc700654 returned -22
01-01 08:06:08.226 0 0 E kona-asoc-snd soc: qcom,msm-audio-apr:qcom,q6core-audio:sound: ASoC: CODEC DAI wsa_macro_vifeedback not registered
01-01 08:06:08.256 0 0 W : bolero-clk-rsc-mngr bolero-clk-rsc-mngr: DMA mask not set
01-01 08:06:08.265 0 0 I binder : 1119:1119 ioctl 40046210 7fed564094 returned -22
01-01 08:06:08.270 0 0 W tx_macro tx-macro: DMA mask not set
01-01 08:06:08.270 0 0 E tx_macro tx-macro: tx_macro_probe: va-macro not registered yet, defer
01-01 08:06:08.284 0 0 W rx_macro rx-macro: DMA mask not set
01-01 08:06:08.295 1100 1100 I SystemServerTiming: InitBeforeStartServices
01-01 08:06:08.284 0 0 E rx_macro rx-macro: rx_macro_probe: va-macro not registered yet, defer
01-01 08:06:08.298 1100 1100 I system_server_start: [1,36423,36423]
01-01 08:06:08.297 0 0 W wsa_macro wsa-macro: DMA mask not set
01-01 08:06:08.299 1100 1100 I SystemServer: Entered the Android system server!
01-01 08:06:08.297 0 0 E wsa_macro wsa-macro: wsa_macro_probe: va-macro not registered yet, defer
01-01 08:06:08.299 1100 1100 I boot_progress_system_run: 36426
01-01 08:06:08.311 0 0 W va_macro va-macro: DMA mask not set
01-01 08:06:08.312 0 0 E msm_cdc_pinctrl_get_gpiodata: device node is null
01-01 08:06:08.323 0 0 I va_macro va-macro: Linked as a consumer to regulator.7
01-01 08:06:08.323 0 0 I va_macro va-macro: bolero_register_macro: register macro successful:3
01-01 08:06:08.329 0 0 W wcd938x_codec wcd938x-codec: DMA mask not set
01-01 08:06:08.329 0 0 I wcd938x_codec wcd938x-codec: msm_cdc_dt_parse_vreg_info: cdc-vdd-rxtx: vol=[1800000 1800000]uV, curr=[30000]uA, ond 0 lpm 0
01-01 08:06:08.329 0 0 I wcd938x_codec wcd938x-codec: msm_cdc_dt_parse_vreg_info: cdc-vddio: vol=[1800000 1800000]uV, curr=[30000]uA, ond 0 lpm 0
01-01 08:06:08.329 0 0 I wcd938x_codec wcd938x-codec: msm_cdc_dt_parse_vreg_info: cdc-vdd-buck: vol=[1800000 1800000]uV, curr=[650000]uA, ond 0 lpm 0
01-01 08:06:08.330 0 0 I wcd938x_codec wcd938x-codec: msm_cdc_dt_parse_vreg_info: cdc-vdd-mic-bias: vol=[3296000 3296000]uV, curr=[30000]uA, ond 0 lpm 0
01-01 08:06:08.331 0 0 I wcd938x_codec wcd938x-codec: Linked as a consumer to regulator.7
01-01 08:06:08.334 0 0 I wcd938x_codec wcd938x-codec: Linked as a consumer to regulator.48
01-01 08:06:08.354 0 0 E : [drm:dp_display_init_aux_switch][msm-dp-err][82 ]failed to register notifier (-22)
01-01 08:06:08.367 0 0 I msm_cvp : warn: DBLP Set: status 0 0
01-01 08:06:08.373 0 0 E register_client_adhoc: find path.src 1 dest 589
01-01 08:06:08.374 0 0 E register_client_adhoc: Failed to find path.src 1 dest 589
01-01 08:06:08.401 0 0 W kona-asoc-snd soc: qcom,msm-audio-apr:qcom,q6core-audio:sound: msm_init_aux_dev: Max WSA devices is 0 for this target?
01-01 08:06:08.405 0 0 W subsys-pil-tz soc: qcom,kgsl-hyp: Falling back to syfs fallback for: a650_zap.mdt
01-01 08:06:08.416 0 0 E kona-asoc-snd soc: qcom,msm-audio-apr:qcom,q6core-audio:sound: ASoC: CODEC DAI wsa_macro_vifeedback not registered
01-01 08:06:08.416 0 0 I ueventd : firmware: loading 'a650_zap.mdt' for '/devices/platform/soc/soc:qcom,kgsl-hyp/firmware/a650_zap.mdt'
01-01 08:06:08.433 0 0 I ueventd : loading /devices/platform/soc/soc:qcom,kgsl-hyp/firmware/a650_zap.mdt took 17ms
01-01 08:06:08.437 0 0 I subsys-pil-tz soc: qcom,kgsl-hyp: a650_zap: loading from 0x00000000fcf00000 to 0x00000000fcf01000
01-01 08:06:08.439 0 0 I tx_macro tx-macro: bolero_register_macro: register macro successful:0
01-01 08:06:08.442 0 0 W subsys-pil-tz soc: qcom,kgsl-hyp: Falling back to syfs fallback for: a650_zap.b02
01-01 08:06:08.446 0 0 I rx_macro rx-macro: bolero_register_macro: register macro successful:1
01-01 08:06:08.448 0 0 I ueventd : firmware: loading 'a650_zap.b02' for '/devices/platform/soc/soc:qcom,kgsl-hyp/firmware/a650_zap.b02'
01-01 08:06:08.454 0 0 I wsa_macro wsa-macro: bolero_register_macro: register macro successful:2
01-01 08:06:08.456 0 0 I ueventd : loading /devices/platform/soc/soc:qcom,kgsl-hyp/firmware/a650_zap.b02 took 7ms
01-01 08:06:08.458 0 0 I subsys-pil-tz soc: qcom,kgsl-hyp: a650_zap: Brought out of reset
01-01 08:06:08.461 0 0 E : [drm:dp_display_init_aux_switch][msm-dp-err][82 ]failed to register notifier (-22)
01-01 08:06:08.477 0 0 E register_client_adhoc: find path.src 1 dest 589
