01-19 11:28:01.633 1100 1100 D SystemServerTiming: OnBootPhase_500_com.android.server.pm.ShortcutService$Lifecycle took to complete: 0ms
01-19 11:28:01.633 1100 1100 I SystemServerTiming: OnBootPhase_500_com.android.server.pm.LauncherAppsService
01-19 11:28:01.633 1100 1100 D SystemServerTiming: OnBootPhase_500_com.android.server.pm.LauncherAppsService took to complete: 0ms
01-19 11:28:01.633 1100 1100 I SystemServerTiming: OnBootPhase_500_com.android.server.pm.CrossProfileAppsService
01-19 11:28:01.633 1100 1100 D SystemServerTiming: OnBootPhase_500_com.android.server.pm.CrossProfileAppsService took to complete: 0ms
01-19 11:28:01.633 1100 1100 I SystemServerTiming: OnBootPhase_500_com.android.server.people.PeopleService
01-19 11:28:01.634 1100 1100 D SystemServerTiming: OnBootPhase_500_com.android.server.people.PeopleService took to complete: 0ms
01-19 11:28:01.634 1100 1100 I SystemServerTiming: OnBootPhase_500_com.android.server.media.metrics.MediaMetricsManagerService
01-19 11:28:01.634 1100 1100 D SystemServerTiming: OnBootPhase_500_com.android.server.media.metrics.MediaMetricsManagerService took to complete: 0ms
01-19 11:28:01.634 1100 1100 I SystemServerTiming: OnBootPhase_500_com.android.server.media.projection.MediaProjectionManagerService
01-19 11:28:01.634 1100 1100 D SystemServerTiming: OnBootPhase_500_com.android.server.media.projection.MediaProjectionManagerService took to complete: 0ms
01-19 11:28:01.634 1100 1100 I SystemServerTiming: OnBootPhase_500_com.android.server.slice.SliceManagerService$Lifecycle
01-19 11:28:01.634 1100 1100 D SystemServerTiming: OnBootPhase_500_com.android.server.slice.SliceManagerService$Lifecycle took to complete: 0ms
01-19 11:28:01.634 1100 1100 I SystemServerTiming: OnBootPhase_500_com.android.server.stats.StatsCompanion$Lifecycle
01-19 11:28:01.634 1100 1100 D SystemServerTiming: OnBootPhase_500_com.android.server.stats.StatsCompanion$Lifecycle took to complete: 0ms
01-19 11:28:01.634 1100 1100 I SystemServerTiming: OnBootPhase_500_com.android.server.scheduling.RebootReadinessManagerService$Lifecycle
01-19 11:28:01.634 1100 1100 D SystemServerTiming: OnBootPhase_500_com.android.server.scheduling.RebootReadinessManagerService$Lifecycle took to complete: 0ms
01-19 11:28:01.634 1100 1100 I SystemServerTiming: OnBootPhase_500_com.android.server.stats.pull.StatsPullAtomService
01-19 11:28:01.634 1100 1100 D SystemServerTiming: OnBootPhase_500_com.android.server.stats.pull.StatsPullAtomService took to complete: 0ms
01-19 11:28:01.634 1100 1100 I SystemServerTiming: OnBootPhase_500_com.android.server.incident.IncidentCompanionService
01-19 11:28:01.634 1100 1100 D SystemServerTiming: OnBootPhase_500_com.android.server.incident.IncidentCompanionService took to complete: 0ms
01-19 11:28:01.634 1100 1100 I SystemServerTiming: OnBootPhase_500_com.android.server.MmsServiceBroker
01-19 11:28:01.634 1100 1100 D SystemServerTiming: OnBootPhase_500_com.android.server.MmsServiceBroker took to complete: 0ms
01-19 11:28:01.634 1100 1100 I SystemServerTiming: OnBootPhase_500_com.android.server.autofill.AutofillManagerService
01-19 11:28:01.634 1100 1100 D SystemServerTiming: OnBootPhase_500_com.android.server.autofill.AutofillManagerService took to complete: 0ms
01-19 11:28:01.635 1100 1100 I SystemServerTiming: OnBootPhase_500_com.android.server.clipboard.ClipboardService
01-19 11:28:01.635 1100 1100 D SystemServerTiming: OnBootPhase_500_com.android.server.clipboard.ClipboardService took to complete: 0ms
01-19 11:28:01.635 1100 1100 I SystemServerTiming: OnBootPhase_500_com.android.server.appbinding.AppBindingService$Lifecycle
01-19 11:28:01.635 1100 1100 D SystemServerTiming: OnBootPhase_500_com.android.server.appbinding.AppBindingService$Lifecycle took to complete: 0ms
01-19 11:28:01.635 1100 1100 I SystemServerTiming: OnBootPhase_500_com.android.server.tracing.TracingServiceProxy
01-19 11:28:01.635 1100 1100 D SystemServerTiming: OnBootPhase_500_com.android.server.tracing.TracingServiceProxy took to complete: 0ms
01-19 11:28:01.635 1100 1100 D SystemServerTiming: OnBootPhase_500 took to complete: 203ms
01-19 11:28:01.635 1100 1100 D SystemServerTiming: StartBootPhaseSystemServicesReady took to complete: 203ms
01-19 11:28:01.635 1100 1100 I SystemServerTiming: MakeWindowManagerServiceReady
01-19 11:28:01.636 1100 1100 D SystemServerTiming: MakeWindowManagerServiceReady took to complete: 1ms
01-01 08:06:18.064 0 0 E : INFO: trying to register non-static key.
01-01 08:06:18.069 0 0 E : the code is fine but needs lockdep annotation.
01-01 08:06:18.075 0 0 I : CPU: 7 PID: 340 Comm: kworker/u16:15 Tainted: G S W O 4.19.157+ #1
01-01 08:06:18.075 0 0 I Hardware name: Qualcomm Technologies, Inc. kona MTP-RmPM8150b. VC1(FSE) EVT3 (DT)
01-01 08:06:18.075 0 0 I Workqueue: events_unbound ion_system_secure_heap_prefetch_work
01-01 08:06:18.075 0 0 I Call trace:
01-01 08:06:18.075 0 0 I : dump_backtrace+0x0/0x258
01-01 08:06:18.075 0 0 I : show_stack+0x20/0x30
01-01 08:06:18.075 0 0 I : dump_stack+0xd8/0x12c
01-01 08:06:18.075 0 0 I : register_lock_class+0x4d0/0x5c8
01-01 08:06:18.075 0 0 I : __lock_acquire+0xbc/0x1e58
01-01 08:06:18.075 0 0 I : lock_acquire+0x1cc/0x218
01-01 08:06:18.075 0 0 I : _raw_spin_lock_irqsave+0x54/0x98
01-01 08:06:18.075 0 0 I : ion_system_secure_heap_prefetch_work+0x94/0x2c0
01-01 08:06:18.075 0 0 I : process_one_work+0x38c/0x660
01-01 08:06:18.075 0 0 I : worker_thread+0x268/0x4b8
01-01 08:06:18.075 0 0 I : kthread+0x140/0x150
01-01 08:06:18.075 0 0 I : ret_from_fork+0x10/0x1c
01-19 11:28:01.640 1100 1100 I SystemServerTiming: MakePowerManagerServiceReady
01-19 11:28:01.640 1100 1100 I AttentionDetector: readValuesFromDeviceConfig():
01-19 11:28:01.640 1100 1100 I AttentionDetector: mMaximumExtensionMillis=900000
01-19 11:28:01.640 1100 1100 I AttentionDetector: mPreDimCheckDurationMillis=2000
01-19 11:28:01.640 1100 1100 I AttentionDetector: mRequestedPostDimTimeoutMillis=0
01-19 11:28:01.645 1100 1100 E DisplayPowerController[0]: failed to set up display white-balance: java.lang.IllegalStateException: cannot find light sensor
01-19 11:28:01.645 1100 1100 W DisplayPowerController[0]: Screen brightness nits configuration is unavailable; falling back
01-19 11:28:01.649 1100 2033 I DropBoxManagerService: add tag=system_server_wtf isTagEnabled=true flags=0x2
01-01 08:06:18.077 0 0 E : INFO: trying to register non-static key.
01-01 08:06:18.082 0 0 E : the code is fine but needs lockdep annotation.
01-01 08:06:18.088 0 0 I : CPU: 7 PID: 340 Comm: kworker/u16:15 Tainted: G S W O 4.19.157+ #1
01-01 08:06:18.088 0 0 I Hardware name: Qualcomm Technologies, Inc. kona MTP-RmPM8150b. VC1(FSE) EVT3 (DT)
01-01 08:06:18.088 0 0 I Workqueue: events_unbound ion_system_secure_heap_prefetch_work
01-01 08:06:18.088 0 0 I Call trace:
01-01 08:06:18.088 0 0 I : dump_backtrace+0x0/0x258
01-01 08:06:18.088 0 0 I : show_stack+0x20/0x30
01-01 08:06:18.088 0 0 I : dump_stack+0xd8/0x12c
01-01 08:06:18.088 0 0 I : register_lock_class+0x4d0/0x5c8
01-01 08:06:18.088 0 0 I : __lock_acquire+0xbc/0x1e58
01-01 08:06:18.088 0 0 I : lock_acquire+0x1cc/0x218
01-01 08:06:18.088 0 0 I : _raw_spin_lock_irqsave+0x54/0x98
01-01 08:06:18.088 0 0 I : ion_system_secure_heap_prefetch_work+0x94/0x2c0
01-01 08:06:18.088 0 0 I : process_one_work+0x38c/0x660
01-01 08:06:18.088 0 0 I : worker_thread+0x268/0x4b8
01-01 08:06:18.088 0 0 I : kthread+0x140/0x150
01-01 08:06:18.088 0 0 I : ret_from_fork+0x10/0x1c
01-19 11:28:01.651 1100 2032 I DropBoxManagerService: add tag=system_server_wtf isTagEnabled=true flags=0x2
01-19 11:28:01.659 1100 1662 W KeyguardServiceDelegate: onScreenTurningOn(): no keyguard service!
01-19 11:28:01.659 1100 1662 V DisplayPowerController[0]: Brightness [1.0] reason changing to: 'override', previous reason: '0'.
01-19 11:28:01.660 1100 1100 I FaceDownDetector: readValuesFromDeviceConfig():
01-19 11:28:01.660 1100 1100 I FaceDownDetector: mAccelerationThreshold=0.2
01-19 11:28:01.660 1100 1100 I FaceDownDetector: mZAccelerationThreshold=-9.5
01-19 11:28:01.660 1100 1100 I FaceDownDetector: mTimeThreshold=PT1S
01-19 11:28:01.660 1100 1100 I FaceDownDetector: mIsEnabled=true
01-19 11:28:01.660 1100 1100 I ScreenUndimDetector: readValuesFromDeviceConfig():
01-19 11:28:01.660 1100 1100 I ScreenUndimDetector: mKeepScreenOnForMillis=600000
01-19 11:28:01.660 1100 1100 I ScreenUndimDetector: mKeepScreenOnNotificationEnabled=false
01-19 11:28:01.660 1100 1100 I ScreenUndimDetector: mUndimsRequired=2
01-19 11:28:01.663 1100 1100 D SystemServerTiming: MakePowerManagerServiceReady took to complete: 23ms
01-19 11:28:01.663 1100 1100 I SystemServerTiming: StartPermissionPolicyService
01-19 11:28:01.663 1100 1100 I SystemServiceManager: Starting com.android.server.policy.PermissionPolicyService
01-01 08:06:18.091 0 0 E : INFO: trying to register non-static key.
01-01 08:06:18.096 0 0 E : the code is fine but needs lockdep annotation.
01-01 08:06:18.102 0 0 I : CPU: 7 PID: 340 Comm: kworker/u16:15 Tainted: G S W O 4.19.157+ #1
01-01 08:06:18.102 0 0 I Hardware name: Qualcomm Technologies, Inc. kona MTP-RmPM8150b. VC1(FSE) EVT3 (DT)
01-01 08:06:18.102 0 0 I Workqueue: events_unbound ion_system_secure_heap_prefetch_work
01-01 08:06:18.102 0 0 I Call trace:
01-01 08:06:18.102 0 0 I : dump_backtrace+0x0/0x258
01-01 08:06:18.102 0 0 I : show_stack+0x20/0x30
01-01 08:06:18.102 0 0 I : dump_stack+0xd8/0x12c
01-01 08:06:18.102 0 0 I : register_lock_class+0x4d0/0x5c8
01-01 08:06:18.102 0 0 I : __lock_acquire+0xbc/0x1e58
01-01 08:06:18.102 0 0 I : lock_acquire+0x1cc/0x218
01-01 08:06:18.102 0 0 I : _raw_spin_lock_irqsave+0x54/0x98
01-01 08:06:18.102 0 0 I : ion_system_secure_heap_prefetch_work+0x94/0x2c0
01-01 08:06:18.102 0 0 I : process_one_work+0x38c/0x660
01-01 08:06:18.102 0 0 I : worker_thread+0x268/0x4b8
01-01 08:06:18.102 0 0 I : kthread+0x140/0x150
01-01 08:06:18.102 0 0 I : ret_from_fork+0x10/0x1c
01-19 11:28:01.667 1100 1223 E KernelCpuSpeedReader: Failed to read cpu-freq: /sys/devices/system/cpu/cpu4/cpufreq/stats/time_in_state: open failed: ENOENT (No such file or directory)
01-19 11:28:01.668 1100 1223 E KernelCpuSpeedReader: Failed to read cpu-freq: /sys/devices/system/cpu/cpu0/cpufreq/stats/time_in_state: open failed: ENOENT (No such file or directory)
01-19 11:28:01.669 1100 1100 D SystemServerTiming: StartPermissionPolicyService took to complete: 6ms
01-19 11:28:01.669 1100 1100 I SystemServerTiming: MakePackageManagerServiceReady
01-19 11:28:01.674 1100 1212 I HealthServiceWrapper: health: HealthServiceWrapper listening to instance default
01-19 11:28:01.675 1100 1201 D CompatibilityChangeReporter: Compat change id reported: 168419799; UID 1000; state: DISABLED
01-19 11:28:01.676 1100 1100 I commit_sys_config_file: [package-session,1]
01-19 11:28:01.677 1100 1100 V UserDataPreparer: Found /data/user_de/0 with serial number 0
01-19 11:28:01.677 1100 1100 V UserDataPreparer: Found /data/user/0 with serial number 0
01-19 11:28:01.677 1100 1100 V UserDataPreparer: Found /data/system_de/0 with serial number 0
01-19 11:28:01.677 1100 1100 V UserDataPreparer: Found /data/system_ce/0 with serial number 0
01-19 11:28:01.677 1100 1100 V UserDataPreparer: Found /data/misc_ce/0 with serial number 0
01-19 11:28:01.678 1100 1100 I PackageManager: Permission ownership changed. Updating all permissions.
01-01 08:06:18.105 0 0 E : INFO: trying to register non-static key.
01-01 08:06:18.110 0 0 E : the code is fine but needs lockdep annotation.
01-01 08:06:18.116 0 0 I : CPU: 2 PID: 340 Comm: kworker/u16:15 Tainted: G S W O 4.19.157+ #1
01-01 08:06:18.116 0 0 I Hardware name: Qualcomm Technologies, Inc. kona MTP-RmPM8150b. VC1(FSE) EVT3 (DT)
01-01 08:06:18.116 0 0 I Workqueue: events_unbound ion_system_secure_heap_prefetch_work
01-01 08:06:18.116 0 0 I Call trace:
01-01 08:06:18.116 0 0 I : dump_backtrace+0x0/0x258
01-01 08:06:18.116 0 0 I : show_stack+0x20/0x30
01-01 08:06:18.116 0 0 I : dump_stack+0xd8/0x12c
01-01 08:06:18.116 0 0 I : register_lock_class+0x4d0/0x5c8
01-01 08:06:18.116 0 0 I : __lock_acquire+0xbc/0x1e58
01-01 08:06:18.116 0 0 I : lock_acquire+0x1cc/0x218
01-01 08:06:18.116 0 0 I : _raw_spin_lock_irqsave+0x54/0x98
01-01 08:06:18.116 0 0 I : ion_system_secure_heap_prefetch_work+0x94/0x2c0
01-01 08:06:18.116 0 0 I : process_one_work+0x38c/0x660
01-01 08:06:18.116 0 0 I : worker_thread+0x268/0x4b8
01-01 08:06:18.116 0 0 I : kthread+0x140/0x150
01-01 08:06:18.116 0 0 I : ret_from_fork+0x10/0x1c
01-19 11:28:01.680 1100 1212 D StatsPullAtomService: Registering pullers with statsd
01-19 11:28:01.683 1100 1212 I StatsPullAtomService: register thermal listener successfully
01-01 08:06:18.118 0 0 E : INFO: trying to register non-static key.
01-01 08:06:18.123 0 0 E : the code is fine but needs lockdep annotation.
01-01 08:06:18.129 0 0 I : CPU: 2 PID: 340 Comm: kworker/u16:15 Tainted: G S W O 4.19.157+ #1
01-01 08:06:18.129 0 0 I Hardware name: Qualcomm Technologies, Inc. kona MTP-RmPM8150b. VC1(FSE) EVT3 (DT)
01-01 08:06:18.129 0 0 I Workqueue: events_unbound ion_system_secure_heap_prefetch_work
01-01 08:06:18.129 0 0 I Call trace:
01-01 08:06:18.129 0 0 I : dump_backtrace+0x0/0x258
01-01 08:06:18.129 0 0 I : show_stack+0x20/0x30
01-01 08:06:18.129 0 0 I : dump_stack+0xd8/0x12c
01-01 08:06:18.129 0 0 I : register_lock_class+0x4d0/0x5c8
01-01 08:06:18.129 0 0 I : __lock_acquire+0xbc/0x1e58
01-01 08:06:18.129 0 0 I : lock_acquire+0x1cc/0x218
01-01 08:06:18.129 0 0 I : _raw_spin_lock_irqsave+0x54/0x98
01-01 08:06:18.129 0 0 I : ion_system_secure_heap_prefetch_work+0x94/0x2c0
01-01 08:06:18.129 0 0 I : process_one_work+0x38c/0x660
01-01 08:06:18.129 0 0 I : worker_thread+0x268/0x4b8
01-01 08:06:18.129 0 0 I : kthread+0x140/0x150
01-01 08:06:18.129 0 0 I : ret_from_fork+0x10/0x1c
01-01 08:06:18.132 0 0 E : INFO: trying to register non-static key.
01-01 08:06:18.137 0 0 E : the code is fine but needs lockdep annotation.
01-01 08:06:18.142 0 0 I : CPU: 6 PID: 340 Comm: kworker/u16:15 Tainted: G S W O 4.19.157+ #1
01-01 08:06:18.142 0 0 I Hardware name: Qualcomm Technologies, Inc. kona MTP-RmPM8150b. VC1(FSE) EVT3 (DT)
01-01 08:06:18.142 0 0 I Workqueue: events_unbound ion_system_secure_heap_prefetch_work
01-01 08:06:18.142 0 0 I Call trace:
01-01 08:06:18.142 0 0 I : dump_backtrace+0x0/0x258
01-01 08:06:18.142 0 0 I : show_stack+0x20/0x30
01-01 08:06:18.142 0 0 I : dump_stack+0xd8/0x12c
01-01 08:06:18.142 0 0 I : register_lock_class+0x4d0/0x5c8
01-01 08:06:18.142 0 0 I : __lock_acquire+0xbc/0x1e58
01-01 08:06:18.142 0 0 I : lock_acquire+0x1cc/0x218
01-01 08:06:18.142 0 0 I : _raw_spin_lock_irqsave+0x54/0x98
01-01 08:06:18.142 0 0 I : ion_system_secure_heap_prefetch_work+0x94/0x2c0
01-01 08:06:18.142 0 0 I : process_one_work+0x38c/0x660
01-01 08:06:18.142 0 0 I : worker_thread+0x268/0x4b8
01-01 08:06:18.142 0 0 I : kthread+0x140/0x150
01-01 08:06:18.142 0 0 I : ret_from_fork+0x10/0x1c
01-01 08:06:18.145 0 0 E : INFO: trying to register non-static key.
01-01 08:06:18.150 0 0 E : the code is fine but needs lockdep annotation.
01-19 11:28:01.722 1100 1100 D StagingManagerTiming: restoreSessions took to complete: 2ms
01-19 11:28:01.722 1100 1100 D SystemServerTiming: MakePackageManagerServiceReady took to complete: 53ms
01-19 11:28:01.723 1100 1100 I SystemServerTiming: MakeDisplayManagerServiceReady
01-01 08:06:18.155 0 0 I : CPU: 6 PID: 340 Comm: kworker/u16:15 Tainted: G S W O 4.19.157+ #1
01-01 08:06:18.155 0 0 I Hardware name: Qualcomm Technologies, Inc. kona MTP-RmPM8150b. VC1(FSE) EVT3 (DT)
01-01 08:06:18.155 0 0 I Workqueue: events_unbound ion_system_secure_heap_prefetch_work
01-01 08:06:18.155 0 0 I Call trace:
01-01 08:06:18.155 0 0 I : dump_backtrace+0x0/0x258
01-01 08:06:18.155 0 0 I : show_stack+0x20/0x30
01-01 08:06:18.155 0 0 I : dump_stack+0xd8/0x12c
01-01 08:06:18.155 0 0 I : register_lock_class+0x4d0/0x5c8
01-01 08:06:18.155 0 0 I : __lock_acquire+0xbc/0x1e58
01-01 08:06:18.155 0 0 I : lock_acquire+0x1cc/0x218
01-01 08:06:18.155 0 0 I : _raw_spin_lock_irqsave+0x54/0x98
01-01 08:06:18.155 0 0 I : ion_system_secure_heap_prefetch_work+0x94/0x2c0
01-01 08:06:18.155 0 0 I : process_one_work+0x38c/0x660
01-01 08:06:18.155 0 0 I : worker_thread+0x268/0x4b8
01-01 08:06:18.155 0 0 I : kthread+0x140/0x150
01-01 08:06:18.155 0 0 I : ret_from_fork+0x10/0x1c
01-01 08:06:18.158 0 0 E : INFO: trying to register non-static key.
01-19 11:28:01.728 1100 1100 D SystemServerTiming: MakeDisplayManagerServiceReady took to complete: 5ms
01-19 11:28:01.728 1100 1100 I SystemServerTiming: StartDeviceSpecificServices
01-19 11:28:01.728 1100 1100 D SystemServerTiming: StartDeviceSpecificServices took to complete: 0ms
01-19 11:28:01.728 1100 1100 I SystemServerTiming: GameManagerService
01-19 11:28:01.728 1100 1100 I SystemServiceManager: Starting com.android.server.app.GameManagerService$Lifecycle
01-01 08:06:18.163 0 0 E : the code is fine but needs lockdep annotation.
01-01 08:06:18.169 0 0 I : CPU: 6 PID: 340 Comm: kworker/u16:15 Tainted: G S W O 4.19.157+ #1
01-01 08:06:18.169 0 0 I Hardware name: Qualcomm Technologies, Inc. kona MTP-RmPM8150b. VC1(FSE) EVT3 (DT)
01-01 08:06:18.169 0 0 I Workqueue: events_unbound ion_system_secure_heap_prefetch_work
01-01 08:06:18.169 0 0 I Call trace:
01-01 08:06:18.169 0 0 I : dump_backtrace+0x0/0x258
01-01 08:06:18.169 0 0 I : show_stack+0x20/0x30
01-01 08:06:18.169 0 0 I : dump_stack+0xd8/0x12c
01-01 08:06:18.169 0 0 I : register_lock_class+0x4d0/0x5c8
01-01 08:06:18.169 0 0 I : __lock_acquire+0xbc/0x1e58
01-01 08:06:18.169 0 0 I : lock_acquire+0x1cc/0x218
01-01 08:06:18.169 0 0 I : _raw_spin_lock_irqsave+0x54/0x98
01-01 08:06:18.169 0 0 I : ion_system_secure_heap_prefetch_work+0x94/0x2c0
01-01 08:06:18.169 0 0 I : process_one_work+0x38c/0x660
01-01 08:06:18.169 0 0 I : worker_thread+0x268/0x4b8
01-01 08:06:18.169 0 0 I : kthread+0x140/0x150
01-01 08:06:18.169 0 0 I : ret_from_fork+0x10/0x1c
01-19 11:28:01.739 1100 1100 D SystemServerTiming: GameManagerService took to complete: 11ms
01-19 11:28:01.739 1100 1100 I SystemServerTiming: StartBootPhaseDeviceSpecificServicesReady
01-19 11:28:01.739 1100 1100 I SystemServiceManager: Starting phase 520
01-19 11:28:01.739 1100 1100 I SystemServerTiming: OnBootPhase_520
01-19 11:28:01.739 1100 1100 I SystemServerTiming: OnBootPhase_520_com.android.server.security.FileIntegrityService
01-19 11:28:01.739 1100 1100 D SystemServerTiming: OnBootPhase_520_com.android.server.security.FileIntegrityService took to complete: 0ms
01-19 11:28:01.739 1100 1100 I SystemServerTiming: OnBootPhase_520_com.android.server.pm.Installer
01-19 11:28:01.739 1100 1100 D SystemServerTiming: OnBootPhase_520_com.android.server.pm.Installer took to complete: 0ms
01-19 11:28:01.739 1100 1100 I SystemServerTiming: OnBootPhase_520_com.android.server.os.DeviceIdentifiersPolicyService
01-19 11:28:01.739 1100 1100 D SystemServerTiming: OnBootPhase_520_com.android.server.os.DeviceIdentifiersPolicyService took to complete: 0ms
01-19 11:28:01.739 1100 1100 I SystemServerTiming: OnBootPhase_520_com.android.server.uri.UriGrantsManagerService$Lifecycle
01-19 11:28:01.739 1100 1100 D SystemServerTiming: OnBootPhase_520_com.android.server.uri.UriGrantsManagerService$Lifecycle took to complete: 0ms
01-19 11:28:01.739 1100 1100 I SystemServerTiming: OnBootPhase_520_com.android.server.powerstats.PowerStatsService
01-19 11:28:01.739 1100 1100 D SystemServerTiming: OnBootPhase_520_com.android.server.powerstats.PowerStatsService took to complete: 0ms
01-19 11:28:01.739 1100 1100 I SystemServerTiming: OnBootPhase_520_com.android.server.wm.ActivityTaskManagerService$Lifecycle
01-19 11:28:01.739 1100 1100 D SystemServerTiming: OnBootPhase_520_com.android.server.wm.ActivityTaskManagerService$Lifecycle took to complete: 0ms
01-19 11:28:01.739 1100 1100 I SystemServerTiming: OnBootPhase_520_com.android.server.am.ActivityManagerService$Lifecycle
01-19 11:28:01.740 1100 1100 D SystemServerTiming: OnBootPhase_520_com.android.server.am.ActivityManagerService$Lifecycle took to complete: 0ms
01-19 11:28:01.740 1100 1100 I SystemServerTiming: OnBootPhase_520_com.android.server.pm.DataLoaderManagerService
01-19 11:28:01.740 1100 1100 D SystemServerTiming: OnBootPhase_520_com.android.server.pm.DataLoaderManagerService took to complete: 0ms
01-19 11:28:01.740 1100 1100 I SystemServerTiming: OnBootPhase_520_com.android.server.power.PowerManagerService
01-19 11:28:01.740 1100 1100 D SystemServerTiming: OnBootPhase_520_com.android.server.power.PowerManagerService took to complete: 0ms
01-19 11:28:01.740 1100 1100 I SystemServerTiming: OnBootPhase_520_com.android.server.power.ThermalManagerService
01-19 11:28:01.740 1100 1100 D SystemServerTiming: OnBootPhase_520_com.android.server.power.ThermalManagerService took to complete: 0ms
01-19 11:28:01.740 1100 1100 I SystemServerTiming: OnBootPhase_520_com.android.server.power.hint.HintManagerService
01-19 11:28:01.740 1100 1100 D SystemServerTiming: OnBootPhase_520_com.android.server.power.hint.HintManagerService took to complete: 0ms
01-19 11:28:01.740 1100 1100 I SystemServerTiming: OnBootPhase_520_com.android.server.recoverysystem.RecoverySystemService$Lifecycle
01-19 11:28:01.740 1100 1100 D SystemServerTiming: OnBootPhase_520_com.android.server.recoverysystem.RecoverySystemService$Lifecycle took to complete: 0ms
01-19 11:28:01.740 1100 1100 I SystemServerTiming: OnBootPhase_520_com.android.server.lights.LightsService
01-19 11:28:01.740 1100 1100 D SystemServerTiming: OnBootPhase_520_com.android.server.lights.LightsService took to complete: 0ms
01-19 11:28:01.740 1100 1100 I SystemServerTiming: OnBootPhase_520_com.android.server.display.DisplayManagerService
01-19 11:28:01.740 1100 1100 D SystemServerTiming: OnBootPhase_520_com.android.server.display.DisplayManagerService took to complete: 0ms
01-19 11:28:01.740 1100 1100 I SystemServerTiming: OnBootPhase_520_com.android.server.pm.verify.domain.DomainVerificationService
01-19 11:28:01.740 1100 1100 D SystemServerTiming: OnBootPhase_520_com.android.server.pm.verify.domain.DomainVerificationService took to complete: 0ms
01-19 11:28:01.740 1100 1100 I SystemServerTiming: OnBootPhase_520_com.android.server.pm.PackageInstallerService$Lifecycle
01-19 11:28:01.740 1100 1100 D SystemServerTiming: OnBootPhase_520_com.android.server.pm.PackageInstallerService$Lifecycle took to complete: 0ms
01-19 11:28:01.740 1100 1100 I SystemServerTiming: OnBootPhase_520_com.android.server.pm.UserManagerService$LifeCycle
01-19 11:28:01.740 1100 1100 D SystemServerTiming: OnBootPhase_520_com.android.server.pm.UserManagerService$LifeCycle took to complete: 0ms
01-19 11:28:01.740 1100 1100 I SystemServerTiming: OnBootPhase_520_com.android.server.om.OverlayManagerService
01-19 11:28:01.741 1100 1100 D SystemServerTiming: OnBootPhase_520_com.android.server.om.OverlayManagerService took to complete: 0ms
01-19 11:28:01.741 1100 1100 I SystemServerTiming: OnBootPhase_520_com.android.server.SensorPrivacyService
01-19 11:28:01.741 1100 1100 D SystemServerTiming: OnBootPhase_520_com.android.server.SensorPrivacyService took to complete: 0ms
01-01 08:06:18.171 0 0 E : INFO: trying to register non-static key.
01-01 08:06:18.176 0 0 E : the code is fine but needs lockdep annotation.
01-01 08:06:18.182 0 0 I : CPU: 6 PID: 340 Comm: kworker/u16:15 Tainted: G S W O 4.19.157+ #1
01-01 08:06:18.182 0 0 I Hardware name: Qualcomm Technologies, Inc. kona MTP-RmPM8150b. VC1(FSE) EVT3 (DT)
01-01 08:06:18.182 0 0 I Workqueue: events_unbound ion_system_secure_heap_prefetch_work
01-01 08:06:18.182 0 0 I Call trace:
01-01 08:06:18.182 0 0 I : dump_backtrace+0x0/0x258
01-01 08:06:18.182 0 0 I : show_stack+0x20/0x30
01-01 08:06:18.182 0 0 I : dump_stack+0xd8/0x12c
01-01 08:06:18.182 0 0 I : register_lock_class+0x4d0/0x5c8
01-01 08:06:18.182 0 0 I : __lock_acquire+0xbc/0x1e58
01-01 08:06:18.182 0 0 I : lock_acquire+0x1cc/0x218
01-01 08:06:18.182 0 0 I : _raw_spin_lock_irqsave+0x54/0x98
01-01 08:06:18.182 0 0 I : ion_system_secure_heap_prefetch_work+0x94/0x2c0
01-01 08:06:18.182 0 0 I : process_one_work+0x38c/0x660
01-01 08:06:18.182 0 0 I : worker_thread+0x268/0x4b8
01-01 08:06:18.182 0 0 I : kthread+0x140/0x150
01-01 08:06:18.182 0 0 I : ret_from_fork+0x10/0x1c
01-19 11:28:01.741 1100 1100 I SystemServerTiming: OnBootPhase_520_com.android.server.thunderperf.ThunderBoostPerfService
01-19 11:28:01.742 1100 1100 D SystemServerTiming: OnBootPhase_520_com.android.server.thunderperf.ThunderBoostPerfService took to complete: 0ms
01-19 11:28:01.742 1100 1100 I SystemServerTiming: OnBootPhase_520_com.android.server.sensors.SensorService
01-19 11:28:01.742 1100 1100 D SystemServerTiming: OnBootPhase_520_com.android.server.sensors.SensorService took to complete: 0ms
01-19 11:28:01.742 1100 1100 I SystemServerTiming: OnBootPhase_520_com.android.server.SystemConfigService
01-19 11:28:01.742 1100 1100 D SystemServerTiming: OnBootPhase_520_com.android.server.SystemConfigService took to complete: 0ms
01-19 11:28:01.742 1100 1100 I SystemServerTiming: OnBootPhase_520_com.android.server.BatteryService
01-19 11:28:01.742 1100 1100 D SystemServerTiming: OnBootPhase_520_com.android.server.BatteryService took to complete: 0ms
01-19 11:28:01.742 1100 1100 I SystemServerTiming: OnBootPhase_520_com.android.server.usage.UsageStatsService
01-19 11:28:01.742 1100 1100 D SystemServerTiming: OnBootPhase_520_com.android.server.usage.UsageStatsService took to complete: 0ms
01-19 11:28:01.742 1100 1100 I SystemServerTiming: OnBootPhase_520_com.android.server.webkit.WebViewUpdateService
01-19 11:28:01.742 1100 1100 D SystemServerTiming: OnBootPhase_520_com.android.server.webkit.WebViewUpdateService took to complete: 0ms
01-19 11:28:01.742 1100 1100 I SystemServerTiming: OnBootPhase_520_com.android.server.CachedDeviceStateService
01-19 11:28:01.742 1100 1100 D SystemServerTiming: OnBootPhase_520_com.android.server.CachedDeviceStateService took to complete: 0ms
01-19 11:28:01.743 1100 1100 I SystemServerTiming: OnBootPhase_520_com.android.server.BinderCallsStatsService$LifeCycle
01-19 11:28:01.743 1100 1100 D SystemServerTiming: OnBootPhase_520_com.android.server.BinderCallsStatsService$LifeCycle took to complete: 0ms
01-19 11:28:01.743 1100 1100 I SystemServerTiming: OnBootPhase_520_com.android.server.LooperStatsService$Lifecycle
01-19 11:28:01.743 1100 1100 D SystemServerTiming: OnBootPhase_520_com.android.server.LooperStatsService$Lifecycle took to complete: 0ms
01-19 11:28:01.743 1100 1100 I SystemServerTiming: OnBootPhase_520_com.android.server.rollback.RollbackManagerService
01-19 11:28:01.743 1100 1100 D SystemServerTiming: OnBootPhase_520_com.android.server.rollback.RollbackManagerService took to complete: 0ms
01-19 11:28:01.743 1100 1100 I SystemServerTiming: OnBootPhase_520_com.android.server.os.NativeTombstoneManagerService
01-19 11:28:01.743 1100 1100 D SystemServerTiming: OnBootPhase_520_com.android.server.os.NativeTombstoneManagerService took to complete: 0ms
01-19 11:28:01.743 1100 1100 I SystemServerTiming: OnBootPhase_520_com.android.server.os.BugreportManagerService
01-19 11:28:01.743 1100 1100 D SystemServerTiming: OnBootPhase_520_com.android.server.os.BugreportManagerService took to complete: 0ms
01-19 11:28:01.743 1100 1100 I SystemServerTiming: OnBootPhase_520_com.android.server.gpu.GpuService
01-19 11:28:01.743 1100 1100 D SystemServerTiming: OnBootPhase_520_com.android.server.gpu.GpuService took to complete: 0ms
01-19 11:28:01.743 1100 1100 I SystemServerTiming: OnBootPhase_520_com.android.server.security.KeyChainSystemService
01-19 11:28:01.743 1100 1100 D SystemServerTiming: OnBootPhase_520_com.android.server.security.KeyChainSystemService took to complete: 0ms
01-19 11:28:01.743 1100 1100 I SystemServerTiming: OnBootPhase_520_com.android.server.telecom.TelecomLoaderService
01-19 11:28:01.743 1100 1100 D SystemServerTiming: OnBootPhase_520_com.android.server.telecom.TelecomLoaderService took to complete: 0ms
01-19 11:28:01.743 1100 1100 I SystemServerTiming: OnBootPhase_520_com.android.server.accounts.AccountManagerService$Lifecycle
01-19 11:28:01.743 1100 1100 D SystemServerTiming: OnBootPhase_520_com.android.server.accounts.AccountManagerService$Lifecycle took to complete: 0ms
01-19 11:28:01.743 1100 1100 I SystemServerTiming: OnBootPhase_520_com.android.server.content.ContentService$Lifecycle
01-19 11:28:01.743 1100 1100 D SystemServerTiming: OnBootPhase_520_com.android.server.content.ContentService$Lifecycle took to complete: 0ms
01-19 11:28:01.743 1100 1100 I SystemServerTiming: OnBootPhase_520_com.android.server.DropBoxManagerService
01-19 11:28:01.743 1100 1100 D SystemServerTiming: OnBootPhase_520_com.android.server.DropBoxManagerService took to complete: 0ms
01-19 11:28:01.743 1100 1100 I SystemServerTiming: OnBootPhase_520_com.android.role.RoleService
01-19 11:28:01.744 1100 1100 D SystemServerTiming: OnBootPhase_520_com.android.role.RoleService took to complete: 0ms
01-19 11:28:01.744 1100 1100 I SystemServerTiming: OnBootPhase_520_com.android.server.vibrator.VibratorManagerService$Lifecycle
01-19 11:28:01.744 1100 1100 D SystemServerTiming: OnBootPhase_520_com.android.server.vibrator.VibratorManagerService$Lifecycle took to complete: 0ms
01-19 11:28:01.744 1100 1100 I SystemServerTiming: OnBootPhase_520_com.android.server.alarm.AlarmManagerService
01-19 11:28:01.744 1100 1100 D SystemServerTiming: OnBootPhase_520_com.android.server.alarm.AlarmManagerService took to complete: 0ms
01-19 11:28:01.744 1100 1100 I SystemServerTiming: OnBootPhase_520_com.android.server.devicestate.DeviceStateManagerService
01-19 11:28:01.744 1100 1100 D SystemServerTiming: OnBootPhase_520_com.android.server.devicestate.DeviceStateManagerService took to complete: 0ms
01-19 11:28:01.744 1100 1100 I SystemServerTiming: OnBootPhase_520_com.android.server.camera.CameraServiceProxy
01-19 11:28:01.744 1100 1100 D SystemServerTiming: OnBootPhase_520_com.android.server.camera.CameraServiceProxy took to complete: 0ms
01-19 11:28:01.744 1100 1100 I SystemServerTiming: OnBootPhase_520_com.android.server.BluetoothService
01-19 11:28:01.744 1100 1100 D SystemServerTiming: OnBootPhase_520_com.android.server.BluetoothService took to complete: 0ms
01-19 11:28:01.744 1100 1100 I SystemServerTiming: OnBootPhase_520_com.android.server.connectivity.IpConnectivityMetrics
01-19 11:28:01.744 1100 1100 D SystemServerTiming: OnBootPhase_520_com.android.server.connectivity.IpConnectivityMetrics took to complete: 0ms
01-19 11:28:01.744 1100 1100 I SystemServerTiming: OnBootPhase_520_com.android.server.net.watchlist.NetworkWatchlistService$Lifecycle
01-19 11:28:01.744 1100 1100 D SystemServerTiming: OnBootPhase_520_com.android.server.net.watchlist.NetworkWatchlistService$Lifecycle took to complete: 0ms
01-19 11:28:01.745 1100 1100 I SystemServerTiming: OnBootPhase_520_com.android.server.PinnerService
01-19 11:28:01.745 1100 1100 D SystemServerTiming: OnBootPhase_520_com.android.server.PinnerService took to complete: 0ms
01-19 11:28:01.745 1100 1100 I SystemServerTiming: OnBootPhase_520_com.google.android.startop.iorap.IorapForwardingService
01-19 11:28:01.745 1100 1100 D SystemServerTiming: OnBootPhase_520_com.google.android.startop.iorap.IorapForwardingService took to complete: 0ms
01-19 11:28:01.745 1100 1100 I SystemServerTiming: OnBootPhase_520_com.android.server.ActivityTriggerService
01-19 11:28:01.745 1100 1100 D SystemServerTiming: OnBootPhase_520_com.android.server.ActivityTriggerService took to complete: 0ms
01-19 11:28:01.745 1100 1100 I SystemServerTiming: OnBootPhase_520_com.android.server.integrity.AppIntegrityManagerService
01-19 11:28:01.745 1100 1100 D SystemServerTiming: OnBootPhase_520_com.android.server.integrity.AppIntegrityManagerService took to complete: 0ms
01-19 11:28:01.746 1100 1100 I SystemServerTiming: OnBootPhase_520_com.android.server.inputmethod.InputMethodManagerService$Lifecycle
01-19 11:28:01.746 1100 1100 D SystemServerTiming: OnBootPhase_520_com.android.server.inputmethod.InputMethodManagerService$Lifecycle took to complete: 0ms
01-19 11:28:01.746 1100 1100 I SystemServerTiming: OnBootPhase_520_com.android.server.accessibility.AccessibilityManagerService$Lifecycle
01-19 11:28:01.746 1100 1100 D SystemServerTiming: OnBootPhase_520_com.android.server.accessibility.AccessibilityManagerService$Lifecycle took to complete: 0ms
01-19 11:28:01.746 1100 1100 I SystemServerTiming: OnBootPhase_520_com.android.server.StorageManagerService$Lifecycle
01-19 11:28:01.746 1100 1100 D SystemServerTiming: OnBootPhase_520_com.android.server.StorageManagerService$Lifecycle took to complete: 0ms
01-19 11:28:01.746 1100 1100 I SystemServerTiming: OnBootPhase_520_com.android.server.usage.StorageStatsService$Lifecycle
01-19 11:28:01.746 1100 1100 D SystemServerTiming: OnBootPhase_520_com.android.server.usage.StorageStatsService$Lifecycle took to complete: 0ms
01-19 11:28:01.746 1100 1100 I SystemServerTiming: OnBootPhase_520_com.android.server.UiModeManagerService
01-19 11:28:01.746 1100 1100 D SystemServerTiming: OnBootPhase_520_com.android.server.UiModeManagerService took to complete: 0ms
01-19 11:28:01.746 1100 1100 I SystemServerTiming: OnBootPhase_520_com.android.server.locksettings.LockSettingsService$Lifecycle
01-19 11:28:01.746 1100 1100 D SystemServerTiming: OnBootPhase_520_com.android.server.locksettings.LockSettingsService$Lifecycle took to complete: 0ms
01-19 11:28:01.746 1100 1100 I SystemServerTiming: OnBootPhase_520_com.android.server.PersistentDataBlockService
01-19 11:28:01.746 1100 1100 D SystemServerTiming: OnBootPhase_520_com.android.server.PersistentDataBlockService took to complete: 0ms
01-19 11:28:01.746 1100 1100 I SystemServerTiming: OnBootPhase_520_com.android.server.testharness.TestHarnessModeService
01-19 11:28:01.746 1100 1100 D SystemServerTiming: OnBootPhase_520_com.android.server.testharness.TestHarnessModeService took to complete: 0ms
01-19 11:28:01.746 1100 1100 I SystemServerTiming: OnBootPhase_520_com.android.server.oemlock.OemLockService
01-19 11:28:01.746 1100 1100 D SystemServerTiming: OnBootPhase_520_com.android.server.oemlock.OemLockService took to complete: 0ms
01-19 11:28:01.746 1100 1100 I SystemServerTiming: OnBootPhase_520_com.android.server.DeviceIdleController
01-19 11:28:01.746 1100 1100 D SystemServerTiming: OnBootPhase_520_com.android.server.DeviceIdleController took to complete: 0ms
01-19 11:28:01.746 1100 1100 I SystemServerTiming: OnBootPhase_520_com.android.server.devicepolicy.DevicePolicyManagerService$Lifecycle
01-19 11:28:01.747 1100 1100 D SystemServerTiming: OnBootPhase_520_com.android.server.devicepolicy.DevicePolicyManagerService$Lifecycle took to complete: 0ms
01-19 11:28:01.747 1100 1100 I SystemServerTiming: OnBootPhase_520_com.android.server.texttospeech.TextToSpeechManagerService
01-19 11:28:01.747 1100 1100 D SystemServerTiming: OnBootPhase_520_com.android.server.texttospeech.TextToSpeechManagerService took to complete: 0ms
01-19 11:28:01.747 1100 1100 I SystemServerTiming: OnBootPhase_520_com.android.server.speech.SpeechRecognitionManagerService
01-19 11:28:01.747 1100 1100 D SystemServerTiming: OnBootPhase_520_com.android.server.speech.SpeechRecognitionManagerService took to complete: 0ms
01-19 11:28:01.747 1100 1100 I SystemServerTiming: OnBootPhase_520_com.android.server.searchui.SearchUiManagerService
01-19 11:28:01.747 1100 1100 D SystemServerTiming: OnBootPhase_520_com.android.server.searchui.SearchUiManagerService took to complete: 0ms
01-19 11:28:01.747 1100 1100 I SystemServerTiming: OnBootPhase_520_com.android.server.smartspace.SmartspaceManagerService
01-19 11:28:01.747 1100 1100 D SystemServerTiming: OnBootPhase_520_com.android.server.smartspace.SmartspaceManagerService took to complete: 0ms
01-19 11:28:01.748 1100 1100 I SystemServerTiming: OnBootPhase_520_com.android.server.graphics.fonts.FontManagerService$Lifecycle
01-19 11:28:01.748 1100 1100 D SystemServerTiming: OnBootPhase_520_com.android.server.graphics.fonts.FontManagerService$Lifecycle took to complete: 0ms
01-19 11:28:01.748 1100 1100 I SystemServerTiming: OnBootPhase_520_com.android.server.textservices.TextServicesManagerService$Lifecycle
01-19 11:28:01.748 1100 1100 D SystemServerTiming: OnBootPhase_520_com.android.server.textservices.TextServicesManagerService$Lifecycle took to complete: 0ms
01-19 11:28:01.748 1100 1100 I SystemServerTiming: OnBootPhase_520_com.android.server.textclassifier.TextClassificationManagerService$Lifecycle
01-19 11:28:01.748 1100 1100 D SystemServerTiming: OnBootPhase_520_com.android.server.textclassifier.TextClassificationManagerService$Lifecycle took to complete: 0ms
01-19 11:28:01.748 1100 1100 I SystemServerTiming: OnBootPhase_520_com.android.server.NetworkScoreService$Lifecycle
01-19 11:28:01.748 1100 1100 D SystemServerTiming: OnBootPhase_520_com.android.server.NetworkScoreService$Lifecycle took to complete: 0ms
01-19 11:28:01.748 1100 1100 I SystemServerTiming: OnBootPhase_520_com.android.server.wifi.WifiService
01-19 11:28:01.748 1100 1100 D SystemServerTiming: OnBootPhase_520_com.android.server.wifi.WifiService took to complete: 0ms
01-19 11:28:01.748 1100 1100 I SystemServerTiming: OnBootPhase_520_com.android.server.wifi.scanner.WifiScanningService
01-19 11:28:01.748 1100 1100 D SystemServerTiming: OnBootPhase_520_com.android.server.wifi.scanner.WifiScanningService took to complete: 0ms
01-19 11:28:01.748 1100 1100 I SystemServerTiming: OnBootPhase_520_com.android.server.wifi.rtt.RttService
01-19 11:28:01.748 1100 1100 D SystemServerTiming: OnBootPhase_520_com.android.server.wifi.rtt.RttService took to complete: 0ms
01-19 11:28:01.748 1100 1100 I SystemServerTiming: OnBootPhase_520_com.android.server.wifi.aware.WifiAwareService
01-19 11:28:01.748 1100 1100 D SystemServerTiming: OnBootPhase_520_com.android.server.wifi.aware.WifiAwareService took to complete: 0ms
01-19 11:28:01.748 1100 1100 I SystemServerTiming: OnBootPhase_520_com.android.server.wifi.p2p.WifiP2pService
01-19 11:28:01.748 1100 1100 D SystemServerTiming: OnBootPhase_520_com.android.server.wifi.p2p.WifiP2pService took to complete: 0ms
01-19 11:28:01.748 1100 1100 I SystemServerTiming: OnBootPhase_520_com.android.server.ethernet.EthernetService
01-19 11:28:01.748 1100 1100 D SystemServerTiming: OnBootPhase_520_com.android.server.ethernet.EthernetService took to complete: 0ms
01-19 11:28:01.748 1100 1100 I SystemServerTiming: OnBootPhase_520_com.android.server.ConnectivityServiceInitializer
01-19 11:28:01.749 1100 1100 D SystemServerTiming: OnBootPhase_520_com.android.server.ConnectivityServiceInitializer took to complete: 0ms
01-19 11:28:01.749 1100 1100 I SystemServerTiming: OnBootPhase_520_com.android.server.notification.NotificationManagerService
01-19 11:28:01.749 1100 1100 D SystemServerTiming: OnBootPhase_520_com.android.server.notification.NotificationManagerService took to complete: 0ms
01-19 11:28:01.749 1100 1100 I SystemServerTiming: OnBootPhase_520_com.android.server.storage.DeviceStorageMonitorService
01-19 11:28:01.749 1100 1100 D SystemServerTiming: OnBootPhase_520_com.android.server.storage.DeviceStorageMonitorService took to complete: 0ms
01-19 11:28:01.749 1100 1100 I SystemServerTiming: OnBootPhase_520_com.android.server.location.LocationManagerService$Lifecycle
01-19 11:28:01.749 1100 1100 D SystemServerTiming: OnBootPhase_520_com.android.server.location.LocationManagerService$Lifecycle took to complete: 0ms
01-19 11:28:01.749 1100 1100 I SystemServerTiming: OnBootPhase_520_com.android.server.timedetector.TimeDetectorService$Lifecycle
01-19 11:28:01.749 1100 1100 D SystemServerTiming: OnBootPhase_520_com.android.server.timedetector.TimeDetectorService$Lifecycle took to complete: 0ms
01-19 11:28:01.749 1100 1100 I SystemServerTiming: OnBootPhase_520_com.android.server.timezonedetector.TimeZoneDetectorService$Lifecycle
01-19 11:28:01.749 1100 1100 D SystemServerTiming: OnBootPhase_520_com.android.server.timezonedetector.TimeZoneDetectorService$Lifecycle took to complete: 0ms
01-19 11:28:01.749 1100 1100 I SystemServerTiming: OnBootPhase_520_com.android.server.timezonedetector.location.LocationTimeZoneManagerService$Lifecycle
01-19 11:28:01.749 1100 1100 D SystemServerTiming: OnBootPhase_520_com.android.server.timezonedetector.location.LocationTimeZoneManagerService$Lifecycle took to complete: 0ms
01-19 11:28:01.749 1100 1100 I SystemServerTiming: OnBootPhase_520_com.android.server.search.SearchManagerService$Lifecycle
01-19 11:28:01.749 1100 1100 D SystemServerTiming: OnBootPhase_520_com.android.server.search.SearchManagerService$Lifecycle took to complete: 0ms
01-19 11:28:01.749 1100 1100 I SystemServerTiming: OnBootPhase_520_com.android.server.wallpaper.WallpaperManagerService$Lifecycle
01-19 11:28:01.749 1100 1100 D SystemServerTiming: OnBootPhase_520_com.android.server.wallpaper.WallpaperManagerService$Lifecycle took to complete: 0ms
01-19 11:28:01.749 1100 1100 I SystemServerTiming: OnBootPhase_520_com.android.server.audio.AudioService$Lifecycle
01-19 11:28:01.749 1100 1100 D SystemServerTiming: OnBootPhase_520_com.android.server.audio.AudioService$Lifecycle took to complete: 0ms
01-19 11:28:01.749 1100 1100 I SystemServerTiming: OnBootPhase_520_com.android.server.soundtrigger_middleware.SoundTriggerMiddlewareService$Lifecycle
01-19 11:28:01.750 1100 1100 D SystemServerTiming: OnBootPhase_520_com.android.server.soundtrigger_middleware.SoundTriggerMiddlewareService$Lifecycle took to complete: 0ms
01-19 11:28:01.750 1100 1100 I SystemServerTiming: OnBootPhase_520_com.android.server.DockObserver
01-19 11:28:01.750 1100 1100 D SystemServerTiming: OnBootPhase_520_com.android.server.DockObserver took to complete: 0ms
01-19 11:28:01.750 1100 1100 I SystemServerTiming: OnBootPhase_520_com.android.server.midi.MidiService$Lifecycle
01-19 11:28:01.750 1100 1100 D SystemServerTiming: OnBootPhase_520_com.android.server.midi.MidiService$Lifecycle took to complete: 0ms
01-19 11:28:01.750 1100 1100 I SystemServerTiming: OnBootPhase_520_com.android.server.adb.AdbService$Lifecycle
01-19 11:28:01.750 1100 1100 D SystemServerTiming: OnBootPhase_520_com.android.server.adb.AdbService$Lifecycle took to complete: 0ms
01-19 11:28:01.750 1100 1100 I SystemServerTiming: OnBootPhase_520_com.android.server.usb.UsbService$Lifecycle
01-19 11:28:01.750 1100 1100 D SystemServerTiming: OnBootPhase_520_com.android.server.usb.UsbService$Lifecycle took to complete: 0ms
01-19 11:28:01.750 1100 1100 I SystemServerTiming: OnBootPhase_520_com.android.server.twilight.TwilightService
01-19 11:28:01.750 1100 1100 D SystemServerTiming: OnBootPhase_520_com.android.server.twilight.TwilightService took to complete: 0ms
01-19 11:28:01.750 1100 1100 I SystemServerTiming: OnBootPhase_520_com.android.server.display.color.ColorDisplayService
01-19 11:28:01.750 1100 1100 D SystemServerTiming: OnBootPhase_520_com.android.server.display.color.ColorDisplayService took to complete: 0ms
01-19 11:28:01.750 1100 1100 I SystemServerTiming: OnBootPhase_520_com.android.server.job.JobSchedulerService
01-19 11:28:01.750 1100 1100 D SystemServerTiming: OnBootPhase_520_com.android.server.job.JobSchedulerService took to complete: 0ms
01-19 11:28:01.750 1100 1100 I SystemServerTiming: OnBootPhase_520_com.android.server.soundtrigger.SoundTriggerService
01-19 11:28:01.750 1100 1100 D SoundTriggerService: onBootPhase: 520 : false
01-19 11:28:01.750 1100 1100 D SystemServerTiming: OnBootPhase_520_com.android.server.soundtrigger.SoundTriggerService took to complete: 0ms
01-19 11:28:01.750 1100 1100 I SystemServerTiming: OnBootPhase_520_com.android.server.trust.TrustManagerService
01-19 11:28:01.750 1100 1100 D SystemServerTiming: OnBootPhase_520_com.android.server.trust.TrustManagerService took to complete: 0ms
01-19 11:28:01.750 1100 1100 I SystemServerTiming: OnBootPhase_520_com.android.server.backup.BackupManagerService$Lifecycle
01-19 11:28:01.751 1100 1100 D SystemServerTiming: OnBootPhase_520_com.android.server.backup.BackupManagerService$Lifecycle took to complete: 0ms
01-19 11:28:01.751 1100 1100 I SystemServerTiming: OnBootPhase_520_com.android.server.appwidget.AppWidgetService
01-19 11:28:01.753 1100 1100 D SystemServerTiming: OnBootPhase_520_com.android.server.appwidget.AppWidgetService took to complete: 0ms
01-19 11:28:01.753 1100 1100 I SystemServerTiming: OnBootPhase_520_com.android.server.voiceinteraction.VoiceInteractionManagerService
01-19 11:28:01.753 1100 1669 E DefaultPermGrantPolicy: Package not found: com.qualcomm.qti.cne
01-19 11:28:01.753 1100 1100 D SystemServerTiming: OnBootPhase_520_com.android.server.voiceinteraction.VoiceInteractionManagerService took to complete: 0ms
01-19 11:28:01.753 1100 1100 I SystemServerTiming: OnBootPhase_520_com.android.server.apphibernation.AppHibernationService
01-19 11:28:01.753 1100 1100 D SystemServerTiming: OnBootPhase_520_com.android.server.apphibernation.AppHibernationService took to complete: 0ms
01-19 11:28:01.753 1100 1100 I SystemServerTiming: OnBootPhase_520_com.android.server.SensorNotificationService
01-19 11:28:01.754 1100 1100 D SystemServerTiming: OnBootPhase_520_com.android.server.SensorNotificationService took to complete: 0ms
01-19 11:28:01.754 1100 1100 I SystemServerTiming: OnBootPhase_520_com.android.server.emergency.EmergencyAffordanceService
01-19 11:28:01.754 1100 1100 D SystemServerTiming: OnBootPhase_520_com.android.server.emergency.EmergencyAffordanceService took to complete: 0ms
01-19 11:28:01.754 1100 1100 I SystemServerTiming: OnBootPhase_520_com.android.server.blob.BlobStoreManagerService
01-19 11:28:01.754 1100 1100 D SystemServerTiming: OnBootPhase_520_com.android.server.blob.BlobStoreManagerService took to complete: 0ms
01-19 11:28:01.754 1100 1100 I SystemServerTiming: OnBootPhase_520_com.android.server.dreams.DreamManagerService
01-19 11:28:01.754 1100 1100 D SystemServerTiming: OnBootPhase_520_com.android.server.dreams.DreamManagerService took to complete: 0ms
01-19 11:28:01.754 1100 1100 I SystemServerTiming: OnBootPhase_520_com.android.server.companion.CompanionDeviceManagerService
01-19 11:28:01.754 1100 1100 D SystemServerTiming: OnBootPhase_520_com.android.server.companion.CompanionDeviceManagerService took to complete: 0ms
01-19 11:28:01.754 1100 1100 I SystemServerTiming: OnBootPhase_520_com.android.server.restrictions.RestrictionsManagerService
01-19 11:28:01.754 1100 1100 D SystemServerTiming: OnBootPhase_520_com.android.server.restrictions.RestrictionsManagerService took to complete: 0ms
01-19 11:28:01.754 1100 1100 I SystemServerTiming: OnBootPhase_520_com.android.server.media.MediaSessionService
01-19 11:28:01.754 1100 1100 D SystemServerTiming: OnBootPhase_520_com.android.server.media.MediaSessionService took to complete: 0ms
01-19 11:28:01.754 1100 1100 I SystemServerTiming: OnBootPhase_520_com.android.server.media.MediaResourceMonitorService
01-19 11:28:01.754 1100 1100 D SystemServerTiming: OnBootPhase_520_com.android.server.media.MediaResourceMonitorService took to complete: 0ms
01-19 11:28:01.754 1100 1100 I SystemServerTiming: OnBootPhase_520_com.android.server.biometrics.sensors.fingerprint.FingerprintService
01-19 11:28:01.754 1100 1100 D SystemServerTiming: OnBootPhase_520_com.android.server.biometrics.sensors.fingerprint.FingerprintService took to complete: 0ms
01-19 11:28:01.754 1100 1100 I SystemServerTiming: OnBootPhase_520_com.android.server.biometrics.BiometricService
01-19 11:28:01.754 1100 1100 D SystemServerTiming: OnBootPhase_520_com.android.server.biometrics.BiometricService took to complete: 0ms
01-19 11:28:01.754 1100 1100 I SystemServerTiming: OnBootPhase_520_com.android.server.biometrics.AuthService
01-19 11:28:01.754 1100 1100 D SystemServerTiming: OnBootPhase_520_com.android.server.biometrics.AuthService took to complete: 0ms
01-19 11:28:01.754 1100 1100 I SystemServerTiming: OnBootPhase_520_com.android.server.pm.ShortcutService$Lifecycle
01-19 11:28:01.754 1100 1100 D SystemServerTiming: OnBootPhase_520_com.android.server.pm.ShortcutService$Lifecycle took to complete: 0ms
01-19 11:28:01.754 1100 1100 I SystemServerTiming: OnBootPhase_520_com.android.server.pm.LauncherAppsService
01-19 11:28:01.754 1100 1100 D SystemServerTiming: OnBootPhase_520_com.android.server.pm.LauncherAppsService took to complete: 0ms
01-19 11:28:01.755 1100 1100 I SystemServerTiming: OnBootPhase_520_com.android.server.pm.CrossProfileAppsService
01-19 11:28:01.755 1100 1100 D SystemServerTiming: OnBootPhase_520_com.android.server.pm.CrossProfileAppsService took to complete: 0ms
01-19 11:28:01.755 1100 1100 I SystemServerTiming: OnBootPhase_520_com.android.server.people.PeopleService
01-19 11:28:01.755 1100 1100 D SystemServerTiming: OnBootPhase_520_com.android.server.people.PeopleService took to complete: 0ms
01-19 11:28:01.755 1100 1100 I SystemServerTiming: OnBootPhase_520_com.android.server.media.metrics.MediaMetricsManagerService
01-19 11:28:01.755 1100 1100 D SystemServerTiming: OnBootPhase_520_com.android.server.media.metrics.MediaMetricsManagerService took to complete: 0ms
01-19 11:28:01.755 1100 1100 I SystemServerTiming: OnBootPhase_520_com.android.server.media.projection.MediaProjectionManagerService
01-19 11:28:01.755 1100 1100 D SystemServerTiming: OnBootPhase_520_com.android.server.media.projection.MediaProjectionManagerService took to complete: 0ms
01-19 11:28:01.755 1100 1100 I SystemServerTiming: OnBootPhase_520_com.android.server.slice.SliceManagerService$Lifecycle
01-19 11:28:01.755 1100 1100 D SystemServerTiming: OnBootPhase_520_com.android.server.slice.SliceManagerService$Lifecycle took to complete: 0ms
01-19 11:28:01.755 1100 1100 I SystemServerTiming: OnBootPhase_520_com.android.server.stats.StatsCompanion$Lifecycle
01-19 11:28:01.755 1100 1100 D SystemServerTiming: OnBootPhase_520_com.android.server.stats.StatsCompanion$Lifecycle took to complete: 0ms
01-19 11:28:01.755 1100 1100 I SystemServerTiming: OnBootPhase_520_com.android.server.scheduling.RebootReadinessManagerService$Lifecycle
