01-19 11:28:01.240 1100 1100 D SystemServerTiming: StartDynamicCodeLoggingService took to complete: 1ms
01-19 11:28:01.240 1100 1100 I SystemServerTiming: StartPruneInstantAppsJobService
01-19 11:28:01.240 1100 1100 D SystemServerTiming: StartPruneInstantAppsJobService took to complete: 0ms
01-19 11:28:01.240 1100 1100 I SystemServerTiming: StartShortcutServiceLifecycle
01-19 11:28:01.240 1100 1100 I SystemServiceManager: Starting com.android.server.pm.ShortcutService$Lifecycle
01-19 11:28:01.241 1100 1100 V HistoricalRegistry: Interaction before persistence initialized
01-19 11:28:01.242 1100 1100 D SystemServerTiming: StartShortcutServiceLifecycle took to complete: 2ms
01-19 11:28:01.242 1100 1100 I SystemServerTiming: StartLauncherAppsService
01-19 11:28:01.242 1100 1100 I SystemServiceManager: Starting com.android.server.pm.LauncherAppsService
01-01 08:06:17.668 0 0 E : INFO: trying to register non-static key.
01-01 08:06:17.673 0 0 E : the code is fine but needs lockdep annotation.
01-01 08:06:17.673 0 0 I msm_vidc: high: 00000001: ....e: Opening video instance: ffffffd758aa0000, 0
01-01 08:06:17.679 0 0 I : CPU: 7 PID: 340 Comm: kworker/u16:15 Tainted: G S W O 4.19.157+ #1
01-01 08:06:17.679 0 0 I Hardware name: Qualcomm Technologies, Inc. kona MTP-RmPM8150b. VC1(FSE) EVT3 (DT)
01-01 08:06:17.679 0 0 I Workqueue: events_unbound ion_system_secure_heap_prefetch_work
01-01 08:06:17.679 0 0 I Call trace:
01-01 08:06:17.679 0 0 I : dump_backtrace+0x0/0x258
01-01 08:06:17.679 0 0 I : show_stack+0x20/0x30
01-01 08:06:17.679 0 0 I : dump_stack+0xd8/0x12c
01-01 08:06:17.679 0 0 I : register_lock_class+0x4d0/0x5c8
01-01 08:06:17.679 0 0 I : __lock_acquire+0xbc/0x1e58
01-01 08:06:17.679 0 0 I : lock_acquire+0x1cc/0x218
01-01 08:06:17.679 0 0 I : _raw_spin_lock_irqsave+0x54/0x98
01-01 08:06:17.679 0 0 I : ion_system_secure_heap_prefetch_work+0x94/0x2c0
01-01 08:06:17.679 0 0 I : process_one_work+0x38c/0x660
01-01 08:06:17.679 0 0 I : worker_thread+0x268/0x4b8
01-01 08:06:17.679 0 0 I : kthread+0x140/0x150
01-01 08:06:17.679 0 0 I : ret_from_fork+0x10/0x1c
01-19 11:28:01.244 1100 1100 D SystemServerTiming: StartLauncherAppsService took to complete: 1ms
01-19 11:28:01.244 1100 1100 I SystemServerTiming: StartCrossProfileAppsService
01-19 11:28:01.244 1100 1100 I SystemServiceManager: Starting com.android.server.pm.CrossProfileAppsService
01-19 11:28:01.245 1100 1100 D SystemServerTiming: StartCrossProfileAppsService took to complete: 1ms
01-19 11:28:01.245 1100 1100 I SystemServerTiming: StartPeopleService
01-19 11:28:01.245 1100 1100 I SystemServiceManager: Starting com.android.server.people.PeopleService
01-19 11:28:01.248 1100 1100 D SystemServerTiming: StartPeopleService took to complete: 3ms
01-19 11:28:01.248 1100 1100 I SystemServerTiming: StartMediaMetricsManager
01-19 11:28:01.249 1100 1100 I SystemServiceManager: Starting com.android.server.media.metrics.MediaMetricsManagerService
01-19 11:28:01.252 1100 1100 D SystemServerTiming: StartMediaMetricsManager took to complete: 4ms
01-19 11:28:01.252 1100 1100 I SystemServerTiming: StartMediaProjectionManager
01-19 11:28:01.252 1100 1100 I SystemServiceManager: Starting com.android.server.media.projection.MediaProjectionManagerService
01-01 08:06:17.681 0 0 E : INFO: trying to register non-static key.
01-01 08:06:17.686 0 0 E : the code is fine but needs lockdep annotation.
01-01 08:06:17.692 0 0 I : CPU: 7 PID: 340 Comm: kworker/u16:15 Tainted: G S W O 4.19.157+ #1
01-01 08:06:17.692 0 0 I Hardware name: Qualcomm Technologies, Inc. kona MTP-RmPM8150b. VC1(FSE) EVT3 (DT)
01-01 08:06:17.692 0 0 I Workqueue: events_unbound ion_system_secure_heap_prefetch_work
01-01 08:06:17.692 0 0 I Call trace:
01-01 08:06:17.692 0 0 I : dump_backtrace+0x0/0x258
01-01 08:06:17.692 0 0 I : show_stack+0x20/0x30
01-01 08:06:17.692 0 0 I : dump_stack+0xd8/0x12c
01-01 08:06:17.692 0 0 I : register_lock_class+0x4d0/0x5c8
01-01 08:06:17.692 0 0 I : __lock_acquire+0xbc/0x1e58
01-01 08:06:17.692 0 0 I : lock_acquire+0x1cc/0x218
01-01 08:06:17.692 0 0 I : _raw_spin_lock_irqsave+0x54/0x98
01-01 08:06:17.692 0 0 I : ion_system_secure_heap_prefetch_work+0x94/0x2c0
01-01 08:06:17.692 0 0 I : process_one_work+0x38c/0x660
01-01 08:06:17.692 0 0 I : worker_thread+0x268/0x4b8
01-01 08:06:17.692 0 0 I : kthread+0x140/0x150
01-01 08:06:17.692 0 0 I : ret_from_fork+0x10/0x1c
01-19 11:28:01.258 1100 1100 D SystemServerTiming: StartMediaProjectionManager took to complete: 6ms
01-19 11:28:01.258 1100 1100 I SystemServerTiming: StartSliceManagerService
01-19 11:28:01.259 1100 1100 I SystemServiceManager: Starting com.android.server.slice.SliceManagerService$Lifecycle
01-19 11:28:01.259 1100 1981 D BiometricService: Registering ID: 0 Modality: 2 Strength: 15
01-19 11:28:01.260 1100 1981 D BiometricStrengthController: updateStrengths: revert sensorId=0 to oemStrength=15
01-19 11:28:01.260 1100 1981 D BiometricService/Sensor: updateStrength: Before(ID(0), oemStrength: 15, updatedStrength: 15, modality 2, state: 0, cookie: 0, props: ID: 0, Strength: 2, Type: 1) After(ID(0), oemStrength: 15, updatedStrength: 15, modality 2, state: 0, cookie: 0, props: ID: 0, Strength: 2, Type: 1)
01-01 08:06:17.694 0 0 E : INFO: trying to register non-static key.
01-01 08:06:17.699 0 0 E : the code is fine but needs lockdep annotation.
01-01 08:06:17.705 0 0 I : CPU: 7 PID: 340 Comm: kworker/u16:15 Tainted: G S W O 4.19.157+ #1
01-01 08:06:17.705 0 0 I Hardware name: Qualcomm Technologies, Inc. kona MTP-RmPM8150b. VC1(FSE) EVT3 (DT)
01-01 08:06:17.705 0 0 I Workqueue: events_unbound ion_system_secure_heap_prefetch_work
01-01 08:06:17.705 0 0 I Call trace:
01-01 08:06:17.705 0 0 I : dump_backtrace+0x0/0x258
01-01 08:06:17.705 0 0 I : show_stack+0x20/0x30
01-01 08:06:17.705 0 0 I : dump_stack+0xd8/0x12c
01-01 08:06:17.705 0 0 I : register_lock_class+0x4d0/0x5c8
01-01 08:06:17.705 0 0 I : __lock_acquire+0xbc/0x1e58
01-01 08:06:17.705 0 0 I : lock_acquire+0x1cc/0x218
01-01 08:06:17.705 0 0 I : _raw_spin_lock_irqsave+0x54/0x98
01-01 08:06:17.705 0 0 I : ion_system_secure_heap_prefetch_work+0x94/0x2c0
01-01 08:06:17.705 0 0 I : process_one_work+0x38c/0x660
01-01 08:06:17.705 0 0 I : worker_thread+0x268/0x4b8
01-01 08:06:17.705 0 0 I : kthread+0x140/0x150
01-01 08:06:17.705 0 0 I : ret_from_fork+0x10/0x1c
01-19 11:28:01.272 1100 1765 D SystemServerTimingAsync: SecondaryZygotePreload took to complete: 1440ms
01-19 11:28:01.272 1100 1765 D SystemServerInitThreadPool: Finished executing SecondaryZygotePreload
01-19 11:28:01.272 1100 1765 D SystemServerTimingAsync: InitThreadPoolExec:SecondaryZygotePreload took to complete: 1441ms
01-19 11:28:01.275 1100 1100 D SystemServerTiming: StartSliceManagerService took to complete: 16ms
01-19 11:28:01.275 1100 1100 I SystemServerTiming: StartStatsCompanion
01-01 08:06:17.707 0 0 E : INFO: trying to register non-static key.
01-01 08:06:17.711 0 0 I msm_vidc: high: 00000001: h264e: Closed video instance: ffffffd758aa0000
01-01 08:06:17.712 0 0 E : the code is fine but needs lockdep annotation.
01-01 08:06:17.712 0 0 I : CPU: 7 PID: 340 Comm: kworker/u16:15 Tainted: G S W O 4.19.157+ #1
01-01 08:06:17.712 0 0 I Hardware name: Qualcomm Technologies, Inc. kona MTP-RmPM8150b. VC1(FSE) EVT3 (DT)
01-01 08:06:17.712 0 0 I Workqueue: events_unbound ion_system_secure_heap_prefetch_work
01-01 08:06:17.712 0 0 I Call trace:
01-01 08:06:17.712 0 0 I : dump_backtrace+0x0/0x258
01-01 08:06:17.712 0 0 I : show_stack+0x20/0x30
01-01 08:06:17.712 0 0 I : dump_stack+0xd8/0x12c
01-01 08:06:17.712 0 0 I : register_lock_class+0x4d0/0x5c8
01-01 08:06:17.712 0 0 I : __lock_acquire+0xbc/0x1e58
01-01 08:06:17.712 0 0 I : lock_acquire+0x1cc/0x218
01-01 08:06:17.712 0 0 I : _raw_spin_lock_irqsave+0x54/0x98
01-01 08:06:17.712 0 0 I : ion_system_secure_heap_prefetch_work+0x94/0x2c0
01-01 08:06:17.712 0 0 I : process_one_work+0x38c/0x660
01-01 08:06:17.712 0 0 I : worker_thread+0x268/0x4b8
01-01 08:06:17.712 0 0 I : kthread+0x140/0x150
01-01 08:06:17.712 0 0 I : ret_from_fork+0x10/0x1c
01-01 08:06:17.714 0 0 E : INFO: trying to register non-static key.
01-01 08:06:17.723 0 0 E : the code is fine but needs lockdep annotation.
01-01 08:06:17.729 0 0 I : CPU: 7 PID: 340 Comm: kworker/u16:15 Tainted: G S W O 4.19.157+ #1
01-01 08:06:17.729 0 0 I Hardware name: Qualcomm Technologies, Inc. kona MTP-RmPM8150b. VC1(FSE) EVT3 (DT)
01-01 08:06:17.729 0 0 I Workqueue: events_unbound ion_system_secure_heap_prefetch_work
01-01 08:06:17.729 0 0 I Call trace:
01-01 08:06:17.729 0 0 I : dump_backtrace+0x0/0x258
01-01 08:06:17.729 0 0 I : show_stack+0x20/0x30
01-01 08:06:17.729 0 0 I : dump_stack+0xd8/0x12c
01-01 08:06:17.729 0 0 I : register_lock_class+0x4d0/0x5c8
01-01 08:06:17.729 0 0 I : __lock_acquire+0xbc/0x1e58
01-01 08:06:17.729 0 0 I : lock_acquire+0x1cc/0x218
01-01 08:06:17.729 0 0 I : _raw_spin_lock_irqsave+0x54/0x98
01-01 08:06:17.729 0 0 I : ion_system_secure_heap_prefetch_work+0x94/0x2c0
01-01 08:06:17.729 0 0 I : process_one_work+0x38c/0x660
01-01 08:06:17.729 0 0 I : worker_thread+0x268/0x4b8
01-01 08:06:17.729 0 0 I : kthread+0x140/0x150
01-01 08:06:17.729 0 0 I : ret_from_fork+0x10/0x1c
01-01 08:06:17.731 0 0 E : INFO: trying to register non-static key.
01-01 08:06:17.736 0 0 E : the code is fine but needs lockdep annotation.
01-01 08:06:17.741 0 0 I : CPU: 7 PID: 340 Comm: kworker/u16:15 Tainted: G S W O 4.19.157+ #1
01-01 08:06:17.741 0 0 I Hardware name: Qualcomm Technologies, Inc. kona MTP-RmPM8150b. VC1(FSE) EVT3 (DT)
01-01 08:06:17.741 0 0 I Workqueue: events_unbound ion_system_secure_heap_prefetch_work
01-01 08:06:17.742 0 0 I Call trace:
01-01 08:06:17.742 0 0 I : dump_backtrace+0x0/0x258
01-01 08:06:17.742 0 0 I : show_stack+0x20/0x30
01-01 08:06:17.742 0 0 I : dump_stack+0xd8/0x12c
01-01 08:06:17.742 0 0 I : register_lock_class+0x4d0/0x5c8
01-01 08:06:17.742 0 0 I : __lock_acquire+0xbc/0x1e58
01-01 08:06:17.742 0 0 I : lock_acquire+0x1cc/0x218
01-01 08:06:17.742 0 0 I : _raw_spin_lock_irqsave+0x54/0x98
01-01 08:06:17.742 0 0 I : ion_system_secure_heap_prefetch_work+0x94/0x2c0
01-01 08:06:17.742 0 0 I : process_one_work+0x38c/0x660
01-01 08:06:17.742 0 0 I : worker_thread+0x268/0x4b8
01-01 08:06:17.742 0 0 I : kthread+0x140/0x150
01-01 08:06:17.742 0 0 I : ret_from_fork+0x10/0x1c
01-19 11:28:01.303 1100 1202 I commit_sys_config_file: [notification-policy,8]
01-19 11:28:01.326 1100 1100 I SystemServiceManager: Starting com.android.server.stats.StatsCompanion$Lifecycle
01-01 08:06:17.744 0 0 E : INFO: trying to register non-static key.
01-01 08:06:17.749 0 0 E : the code is fine but needs lockdep annotation.
01-01 08:06:17.754 0 0 I : CPU: 7 PID: 340 Comm: kworker/u16:15 Tainted: G S W O 4.19.157+ #1
01-01 08:06:17.754 0 0 I Hardware name: Qualcomm Technologies, Inc. kona MTP-RmPM8150b. VC1(FSE) EVT3 (DT)
01-01 08:06:17.754 0 0 I Workqueue: events_unbound ion_system_secure_heap_prefetch_work
01-01 08:06:17.754 0 0 I Call trace:
01-01 08:06:17.754 0 0 I : dump_backtrace+0x0/0x258
01-01 08:06:17.754 0 0 I : show_stack+0x20/0x30
01-01 08:06:17.754 0 0 I : dump_stack+0xd8/0x12c
01-01 08:06:17.754 0 0 I : register_lock_class+0x4d0/0x5c8
01-01 08:06:17.754 0 0 I : __lock_acquire+0xbc/0x1e58
01-01 08:06:17.754 0 0 I : lock_acquire+0x1cc/0x218
01-01 08:06:17.754 0 0 I : _raw_spin_lock_irqsave+0x54/0x98
01-01 08:06:17.754 0 0 I : ion_system_secure_heap_prefetch_work+0x94/0x2c0
01-01 08:06:17.754 0 0 I : process_one_work+0x38c/0x660
01-01 08:06:17.754 0 0 I : worker_thread+0x268/0x4b8
01-01 08:06:17.754 0 0 I : kthread+0x140/0x150
01-01 08:06:17.754 0 0 I : ret_from_fork+0x10/0x1c
01-01 08:06:17.757 0 0 E : INFO: trying to register non-static key.
01-01 08:06:17.762 0 0 E : the code is fine but needs lockdep annotation.
01-01 08:06:17.768 0 0 I : CPU: 7 PID: 340 Comm: kworker/u16:15 Tainted: G S W O 4.19.157+ #1
01-01 08:06:17.768 0 0 I Hardware name: Qualcomm Technologies, Inc. kona MTP-RmPM8150b. VC1(FSE) EVT3 (DT)
01-01 08:06:17.768 0 0 I Workqueue: events_unbound ion_system_secure_heap_prefetch_work
01-01 08:06:17.768 0 0 I Call trace:
01-01 08:06:17.768 0 0 I : dump_backtrace+0x0/0x258
01-01 08:06:17.768 0 0 I : show_stack+0x20/0x30
01-01 08:06:17.768 0 0 I : dump_stack+0xd8/0x12c
01-01 08:06:17.768 0 0 I : register_lock_class+0x4d0/0x5c8
01-01 08:06:17.768 0 0 I : __lock_acquire+0xbc/0x1e58
01-01 08:06:17.768 0 0 I : lock_acquire+0x1cc/0x218
01-01 08:06:17.768 0 0 I : _raw_spin_lock_irqsave+0x54/0x98
01-01 08:06:17.768 0 0 I : ion_system_secure_heap_prefetch_work+0x94/0x2c0
01-01 08:06:17.768 0 0 I : process_one_work+0x38c/0x660
01-01 08:06:17.768 0 0 I : worker_thread+0x268/0x4b8
01-01 08:06:17.768 0 0 I : kthread+0x140/0x150
01-01 08:06:17.768 0 0 I : ret_from_fork+0x10/0x1c
01-01 08:06:17.770 0 0 E : INFO: trying to register non-static key.
01-19 11:28:01.335 1100 1100 D SystemServerTiming: StartStatsCompanion took to complete: 60ms
01-19 11:28:01.335 1100 1100 I SystemServerTiming: StartRebootReadinessManagerService
01-01 08:06:17.775 0 0 E : the code is fine but needs lockdep annotation.
01-01 08:06:17.781 0 0 I : CPU: 7 PID: 340 Comm: kworker/u16:15 Tainted: G S W O 4.19.157+ #1
01-01 08:06:17.781 0 0 I Hardware name: Qualcomm Technologies, Inc. kona MTP-RmPM8150b. VC1(FSE) EVT3 (DT)
01-01 08:06:17.781 0 0 I Workqueue: events_unbound ion_system_secure_heap_prefetch_work
01-01 08:06:17.781 0 0 I Call trace:
01-01 08:06:17.781 0 0 I : dump_backtrace+0x0/0x258
01-01 08:06:17.781 0 0 I : show_stack+0x20/0x30
01-01 08:06:17.781 0 0 I : dump_stack+0xd8/0x12c
01-01 08:06:17.781 0 0 I : register_lock_class+0x4d0/0x5c8
01-01 08:06:17.781 0 0 I : __lock_acquire+0xbc/0x1e58
01-01 08:06:17.781 0 0 I : lock_acquire+0x1cc/0x218
01-01 08:06:17.781 0 0 I : _raw_spin_lock_irqsave+0x54/0x98
01-01 08:06:17.781 0 0 I : ion_system_secure_heap_prefetch_work+0x94/0x2c0
01-01 08:06:17.781 0 0 I : process_one_work+0x38c/0x660
01-01 08:06:17.781 0 0 I : worker_thread+0x268/0x4b8
01-01 08:06:17.781 0 0 I : kthread+0x140/0x150
01-01 08:06:17.781 0 0 I : ret_from_fork+0x10/0x1c
01-01 08:06:17.789 0 0 E : INFO: trying to register non-static key.
01-01 08:06:17.794 0 0 E : the code is fine but needs lockdep annotation.
01-01 08:06:17.800 0 0 I : CPU: 7 PID: 340 Comm: kworker/u16:15 Tainted: G S W O 4.19.157+ #1
01-01 08:06:17.800 0 0 I Hardware name: Qualcomm Technologies, Inc. kona MTP-RmPM8150b. VC1(FSE) EVT3 (DT)
01-01 08:06:17.800 0 0 I Workqueue: events_unbound ion_system_secure_heap_prefetch_work
01-01 08:06:17.800 0 0 I Call trace:
01-01 08:06:17.800 0 0 I : dump_backtrace+0x0/0x258
01-01 08:06:17.800 0 0 I : show_stack+0x20/0x30
01-01 08:06:17.800 0 0 I : dump_stack+0xd8/0x12c
01-01 08:06:17.800 0 0 I : register_lock_class+0x4d0/0x5c8
01-01 08:06:17.800 0 0 I : __lock_acquire+0xbc/0x1e58
01-01 08:06:17.800 0 0 I : lock_acquire+0x1cc/0x218
01-01 08:06:17.800 0 0 I : _raw_spin_lock_irqsave+0x54/0x98
01-01 08:06:17.800 0 0 I : ion_system_secure_heap_prefetch_work+0x94/0x2c0
01-01 08:06:17.800 0 0 I : process_one_work+0x38c/0x660
01-01 08:06:17.800 0 0 I : worker_thread+0x268/0x4b8
01-01 08:06:17.800 0 0 I : kthread+0x140/0x150
01-01 08:06:17.800 0 0 I : ret_from_fork+0x10/0x1c
01-19 11:28:01.367 1100 1100 I SystemServiceManager: Starting com.android.server.scheduling.RebootReadinessManagerService$Lifecycle
01-19 11:28:01.375 1100 1100 D SystemServerTiming: StartRebootReadinessManagerService took to complete: 40ms
01-19 11:28:01.376 1100 1100 I SystemServerTiming: StartStatsPullAtomService
01-19 11:28:01.376 1100 1100 I SystemServiceManager: Starting com.android.server.stats.pull.StatsPullAtomService
01-19 11:28:01.376 1100 1100 D SystemServerTiming: StartStatsPullAtomService took to complete: 1ms
01-19 11:28:01.376 1100 1100 I SystemServerTiming: StartIncidentCompanionService
01-19 11:28:01.376 1100 1100 I SystemServiceManager: Starting com.android.server.incident.IncidentCompanionService
01-19 11:28:01.377 1100 1100 D SystemServerTiming: StartIncidentCompanionService took to complete: 1ms
01-19 11:28:01.377 1100 1100 I SystemServerTiming: StartMmsService
01-19 11:28:01.377 1100 1100 I SystemServiceManager: Starting com.android.server.MmsServiceBroker
01-19 11:28:01.378 1100 1100 D SystemServerTiming: StartMmsService took to complete: 1ms
01-19 11:28:01.378 1100 1100 I SystemServerTiming: StartAutoFillService
01-19 11:28:01.378 1100 1100 I SystemServiceManager: Starting com.android.server.autofill.AutofillManagerService
01-19 11:28:01.379 1100 1100 D AutofillManagerService: setLogLevelFromSettings(): level=2, debug=true, verbose=false
01-19 11:28:01.379 1100 1100 D AutofillManagerService: setMaxPartitionsFromSettings(): 10
01-19 11:28:01.379 1100 1100 D AutofillManagerService: setMaxVisibleDatasetsFromSettings(): 0
01-19 11:28:01.380 1100 1100 D AutofillManagerServiceImpl: Reset component for user 0:
01-19 11:28:01.380 1100 1201 D AutofillUI: destroySaveUiUiThread(): already destroyed
01-19 11:28:01.381 1100 1100 D SystemServerTiming: StartAutoFillService took to complete: 3ms
01-19 11:28:01.381 1100 1100 D SystemServer: TranslationService not defined by OEM
01-19 11:28:01.381 1100 1100 I SystemServerTiming: StartClipboardService
01-19 11:28:01.381 1100 1100 I SystemServiceManager: Starting com.android.server.clipboard.ClipboardService
01-01 08:06:17.808 0 0 E : INFO: trying to register non-static key.
01-01 08:06:17.813 0 0 E : the code is fine but needs lockdep annotation.
01-01 08:06:17.819 0 0 I : CPU: 7 PID: 340 Comm: kworker/u16:15 Tainted: G S W O 4.19.157+ #1
01-01 08:06:17.819 0 0 I Hardware name: Qualcomm Technologies, Inc. kona MTP-RmPM8150b. VC1(FSE) EVT3 (DT)
01-01 08:06:17.819 0 0 I Workqueue: events_unbound ion_system_secure_heap_prefetch_work
01-01 08:06:17.819 0 0 I Call trace:
01-01 08:06:17.819 0 0 I : dump_backtrace+0x0/0x258
01-01 08:06:17.819 0 0 I : show_stack+0x20/0x30
01-01 08:06:17.819 0 0 I : dump_stack+0xd8/0x12c
01-01 08:06:17.819 0 0 I : register_lock_class+0x4d0/0x5c8
01-01 08:06:17.819 0 0 I : __lock_acquire+0xbc/0x1e58
01-01 08:06:17.819 0 0 I : lock_acquire+0x1cc/0x218
01-01 08:06:17.819 0 0 I : _raw_spin_lock_irqsave+0x54/0x98
01-01 08:06:17.819 0 0 I : ion_system_secure_heap_prefetch_work+0x94/0x2c0
01-01 08:06:17.819 0 0 I : process_one_work+0x38c/0x660
01-01 08:06:17.819 0 0 I : worker_thread+0x268/0x4b8
01-01 08:06:17.819 0 0 I : kthread+0x140/0x150
01-01 08:06:17.819 0 0 I : ret_from_fork+0x10/0x1c
01-01 08:06:17.826 0 0 I msm_vidc: high: 00000001: ....e: Opening video instance: ffffffd758a7c000, 0
01-01 08:06:17.827 0 0 E : INFO: trying to register non-static key.
01-19 11:28:01.391 1100 1100 D SystemServerTiming: StartClipboardService took to complete: 10ms
01-19 11:28:01.391 1100 1100 I SystemServerTiming: AppServiceManager
01-19 11:28:01.391 1100 1100 I SystemServiceManager: Starting com.android.server.appbinding.AppBindingService$Lifecycle
01-19 11:28:01.392 1100 1100 D SystemServerTiming: AppServiceManager took to complete: 1ms
01-19 11:28:01.392 1100 1100 I SystemServerTiming: startTracingServiceProxy
01-19 11:28:01.392 1100 1100 I SystemServiceManager: Starting com.android.server.tracing.TracingServiceProxy
01-19 11:28:01.393 1100 1100 D SystemServerTiming: startTracingServiceProxy took to complete: 1ms
01-19 11:28:01.393 1100 1100 I SystemServerTiming: MakeLockSettingsServiceReady
01-01 08:06:17.832 0 0 E : the code is fine but needs lockdep annotation.
01-01 08:06:17.837 0 0 I : CPU: 7 PID: 340 Comm: kworker/u16:15 Tainted: G S W O 4.19.157+ #1
01-01 08:06:17.837 0 0 I Hardware name: Qualcomm Technologies, Inc. kona MTP-RmPM8150b. VC1(FSE) EVT3 (DT)
01-01 08:06:17.837 0 0 I Workqueue: events_unbound ion_system_secure_heap_prefetch_work
01-01 08:06:17.837 0 0 I Call trace:
01-01 08:06:17.837 0 0 I : dump_backtrace+0x0/0x258
01-01 08:06:17.837 0 0 I : show_stack+0x20/0x30
01-01 08:06:17.837 0 0 I : dump_stack+0xd8/0x12c
01-01 08:06:17.837 0 0 I : register_lock_class+0x4d0/0x5c8
01-01 08:06:17.837 0 0 I : __lock_acquire+0xbc/0x1e58
01-01 08:06:17.837 0 0 I : lock_acquire+0x1cc/0x218
01-01 08:06:17.837 0 0 I : _raw_spin_lock_irqsave+0x54/0x98
01-01 08:06:17.837 0 0 I : ion_system_secure_heap_prefetch_work+0x94/0x2c0
01-01 08:06:17.837 0 0 I : process_one_work+0x38c/0x660
01-01 08:06:17.837 0 0 I : worker_thread+0x268/0x4b8
01-01 08:06:17.837 0 0 I : kthread+0x140/0x150
01-01 08:06:17.837 0 0 I : ret_from_fork+0x10/0x1c
01-19 11:28:01.403 1100 1100 I SyntheticPasswordManager: Device does not support weaver
01-19 11:28:01.404 1100 1100 I LockSettingsService: Device doesn't implement AuthSecret HAL
01-19 11:28:01.406 1100 1100 D SystemServerTiming: MakeLockSettingsServiceReady took to complete: 13ms
01-19 11:28:01.407 1100 1100 I SystemServerTiming: StartBootPhaseLockSettingsReady
01-19 11:28:01.407 1100 1100 I SystemServiceManager: Starting phase 480
01-19 11:28:01.407 1100 1100 I SystemServerTiming: OnBootPhase_480
01-19 11:28:01.407 1100 1100 I SystemServerTiming: OnBootPhase_480_com.android.server.security.FileIntegrityService
01-19 11:28:01.407 1100 1100 D SystemServerTiming: OnBootPhase_480_com.android.server.security.FileIntegrityService took to complete: 0ms
01-19 11:28:01.407 1100 1100 I SystemServerTiming: OnBootPhase_480_com.android.server.pm.Installer
01-19 11:28:01.407 1100 1100 D SystemServerTiming: OnBootPhase_480_com.android.server.pm.Installer took to complete: 0ms
01-19 11:28:01.408 1100 1100 I SystemServerTiming: OnBootPhase_480_com.android.server.os.DeviceIdentifiersPolicyService
01-19 11:28:01.408 1100 1100 D SystemServerTiming: OnBootPhase_480_com.android.server.os.DeviceIdentifiersPolicyService took to complete: 0ms
01-19 11:28:01.408 1100 1100 I SystemServerTiming: OnBootPhase_480_com.android.server.uri.UriGrantsManagerService$Lifecycle
01-19 11:28:01.408 1100 1100 D SystemServerTiming: OnBootPhase_480_com.android.server.uri.UriGrantsManagerService$Lifecycle took to complete: 0ms
01-19 11:28:01.408 1100 1100 I SystemServerTiming: OnBootPhase_480_com.android.server.powerstats.PowerStatsService
01-19 11:28:01.408 1100 1100 D SystemServerTiming: OnBootPhase_480_com.android.server.powerstats.PowerStatsService took to complete: 0ms
01-19 11:28:01.408 1100 1100 I SystemServerTiming: OnBootPhase_480_com.android.server.wm.ActivityTaskManagerService$Lifecycle
01-19 11:28:01.408 1100 1100 D SystemServerTiming: OnBootPhase_480_com.android.server.wm.ActivityTaskManagerService$Lifecycle took to complete: 0ms
01-19 11:28:01.408 1100 1100 I SystemServerTiming: OnBootPhase_480_com.android.server.am.ActivityManagerService$Lifecycle
01-19 11:28:01.408 1100 1100 D SystemServerTiming: OnBootPhase_480_com.android.server.am.ActivityManagerService$Lifecycle took to complete: 0ms
01-19 11:28:01.408 1100 1100 I SystemServerTiming: OnBootPhase_480_com.android.server.pm.DataLoaderManagerService
01-19 11:28:01.408 1100 1100 D SystemServerTiming: OnBootPhase_480_com.android.server.pm.DataLoaderManagerService took to complete: 0ms
01-19 11:28:01.408 1100 1100 I SystemServerTiming: OnBootPhase_480_com.android.server.power.PowerManagerService
01-19 11:28:01.408 1100 1100 D SystemServerTiming: OnBootPhase_480_com.android.server.power.PowerManagerService took to complete: 0ms
01-19 11:28:01.408 1100 1100 I SystemServerTiming: OnBootPhase_480_com.android.server.power.ThermalManagerService
01-19 11:28:01.408 1100 1100 D SystemServerTiming: OnBootPhase_480_com.android.server.power.ThermalManagerService took to complete: 0ms
01-19 11:28:01.408 1100 1100 I SystemServerTiming: OnBootPhase_480_com.android.server.power.hint.HintManagerService
01-19 11:28:01.409 1100 1100 D SystemServerTiming: OnBootPhase_480_com.android.server.power.hint.HintManagerService took to complete: 0ms
01-19 11:28:01.409 1100 1100 I SystemServerTiming: OnBootPhase_480_com.android.server.recoverysystem.RecoverySystemService$Lifecycle
01-19 11:28:01.409 1100 1100 D SystemServerTiming: OnBootPhase_480_com.android.server.recoverysystem.RecoverySystemService$Lifecycle took to complete: 0ms
01-19 11:28:01.409 1100 1100 I SystemServerTiming: OnBootPhase_480_com.android.server.lights.LightsService
01-19 11:28:01.409 1100 1100 D SystemServerTiming: OnBootPhase_480_com.android.server.lights.LightsService took to complete: 0ms
01-19 11:28:01.409 1100 1100 I SystemServerTiming: OnBootPhase_480_com.android.server.display.DisplayManagerService
01-19 11:28:01.409 1100 1100 D SystemServerTiming: OnBootPhase_480_com.android.server.display.DisplayManagerService took to complete: 0ms
01-19 11:28:01.409 1100 1100 I SystemServerTiming: OnBootPhase_480_com.android.server.pm.verify.domain.DomainVerificationService
01-19 11:28:01.409 1100 1100 D SystemServerTiming: OnBootPhase_480_com.android.server.pm.verify.domain.DomainVerificationService took to complete: 0ms
01-19 11:28:01.409 1100 1100 I SystemServerTiming: OnBootPhase_480_com.android.server.pm.PackageInstallerService$Lifecycle
01-19 11:28:01.409 1100 1100 D SystemServerTiming: OnBootPhase_480_com.android.server.pm.PackageInstallerService$Lifecycle took to complete: 0ms
01-19 11:28:01.409 1100 1100 I SystemServerTiming: OnBootPhase_480_com.android.server.pm.UserManagerService$LifeCycle
01-19 11:28:01.409 1100 1100 D SystemServerTiming: OnBootPhase_480_com.android.server.pm.UserManagerService$LifeCycle took to complete: 0ms
01-19 11:28:01.409 1100 1100 I SystemServerTiming: OnBootPhase_480_com.android.server.om.OverlayManagerService
01-19 11:28:01.409 1100 1100 D SystemServerTiming: OnBootPhase_480_com.android.server.om.OverlayManagerService took to complete: 0ms
01-19 11:28:01.409 1100 1100 I SystemServerTiming: OnBootPhase_480_com.android.server.SensorPrivacyService
01-19 11:28:01.410 1100 1100 D SystemServerTiming: OnBootPhase_480_com.android.server.SensorPrivacyService took to complete: 0ms
01-19 11:28:01.410 1100 1100 I SystemServerTiming: OnBootPhase_480_com.android.server.thunderperf.ThunderBoostPerfService
01-19 11:28:01.410 1100 1100 D SystemServerTiming: OnBootPhase_480_com.android.server.thunderperf.ThunderBoostPerfService took to complete: 0ms
01-19 11:28:01.410 1100 1100 I SystemServerTiming: OnBootPhase_480_com.android.server.sensors.SensorService
01-19 11:28:01.410 1100 1100 D SystemServerTiming: OnBootPhase_480_com.android.server.sensors.SensorService took to complete: 0ms
01-19 11:28:01.410 1100 1100 I SystemServerTiming: OnBootPhase_480_com.android.server.SystemConfigService
01-19 11:28:01.410 1100 1100 D SystemServerTiming: OnBootPhase_480_com.android.server.SystemConfigService took to complete: 0ms
01-19 11:28:01.410 1100 1100 I SystemServerTiming: OnBootPhase_480_com.android.server.BatteryService
01-19 11:28:01.410 1100 1100 D SystemServerTiming: OnBootPhase_480_com.android.server.BatteryService took to complete: 0ms
01-19 11:28:01.410 1100 1100 I SystemServerTiming: OnBootPhase_480_com.android.server.usage.UsageStatsService
01-19 11:28:01.410 1100 1100 D SystemServerTiming: OnBootPhase_480_com.android.server.usage.UsageStatsService took to complete: 0ms
01-19 11:28:01.410 1100 1100 I SystemServerTiming: OnBootPhase_480_com.android.server.webkit.WebViewUpdateService
01-19 11:28:01.410 1100 1100 D SystemServerTiming: OnBootPhase_480_com.android.server.webkit.WebViewUpdateService took to complete: 0ms
01-19 11:28:01.410 1100 1100 I SystemServerTiming: OnBootPhase_480_com.android.server.CachedDeviceStateService
01-19 11:28:01.410 1100 1100 D SystemServerTiming: OnBootPhase_480_com.android.server.CachedDeviceStateService took to complete: 0ms
01-19 11:28:01.410 1100 1100 I SystemServerTiming: OnBootPhase_480_com.android.server.BinderCallsStatsService$LifeCycle
01-19 11:28:01.410 1100 1100 D SystemServerTiming: OnBootPhase_480_com.android.server.BinderCallsStatsService$LifeCycle took to complete: 0ms
01-19 11:28:01.410 1100 1100 I SystemServerTiming: OnBootPhase_480_com.android.server.LooperStatsService$Lifecycle
01-19 11:28:01.410 1100 1100 D SystemServerTiming: OnBootPhase_480_com.android.server.LooperStatsService$Lifecycle took to complete: 0ms
01-19 11:28:01.410 1100 1100 I SystemServerTiming: OnBootPhase_480_com.android.server.rollback.RollbackManagerService
01-19 11:28:01.410 1100 1100 D SystemServerTiming: OnBootPhase_480_com.android.server.rollback.RollbackManagerService took to complete: 0ms
01-19 11:28:01.410 1100 1100 I SystemServerTiming: OnBootPhase_480_com.android.server.os.NativeTombstoneManagerService
01-19 11:28:01.411 1100 1100 D SystemServerTiming: OnBootPhase_480_com.android.server.os.NativeTombstoneManagerService took to complete: 0ms
01-19 11:28:01.411 1100 1100 I SystemServerTiming: OnBootPhase_480_com.android.server.os.BugreportManagerService
01-19 11:28:01.411 1100 1100 D SystemServerTiming: OnBootPhase_480_com.android.server.os.BugreportManagerService took to complete: 0ms
01-19 11:28:01.411 1100 1100 I SystemServerTiming: OnBootPhase_480_com.android.server.gpu.GpuService
01-19 11:28:01.411 1100 1100 D SystemServerTiming: OnBootPhase_480_com.android.server.gpu.GpuService took to complete: 0ms
01-19 11:28:01.411 1100 1100 I SystemServerTiming: OnBootPhase_480_com.android.server.security.KeyChainSystemService
01-19 11:28:01.411 1100 1100 D SystemServerTiming: OnBootPhase_480_com.android.server.security.KeyChainSystemService took to complete: 0ms
01-19 11:28:01.411 1100 1100 I SystemServerTiming: OnBootPhase_480_com.android.server.telecom.TelecomLoaderService
01-19 11:28:01.411 1100 1100 D SystemServerTiming: OnBootPhase_480_com.android.server.telecom.TelecomLoaderService took to complete: 0ms
01-19 11:28:01.411 1100 1100 I SystemServerTiming: OnBootPhase_480_com.android.server.accounts.AccountManagerService$Lifecycle
01-19 11:28:01.411 1100 1100 D SystemServerTiming: OnBootPhase_480_com.android.server.accounts.AccountManagerService$Lifecycle took to complete: 0ms
01-19 11:28:01.411 1100 1100 I SystemServerTiming: OnBootPhase_480_com.android.server.content.ContentService$Lifecycle
01-19 11:28:01.411 1100 1100 D SystemServerTiming: OnBootPhase_480_com.android.server.content.ContentService$Lifecycle took to complete: 0ms
01-19 11:28:01.411 1100 1100 I SystemServerTiming: OnBootPhase_480_com.android.server.DropBoxManagerService
01-19 11:28:01.411 1100 1100 D SystemServerTiming: OnBootPhase_480_com.android.server.DropBoxManagerService took to complete: 0ms
01-19 11:28:01.411 1100 1100 I SystemServerTiming: OnBootPhase_480_com.android.role.RoleService
01-19 11:28:01.411 1100 1100 D SystemServerTiming: OnBootPhase_480_com.android.role.RoleService took to complete: 0ms
01-19 11:28:01.411 1100 1100 I SystemServerTiming: OnBootPhase_480_com.android.server.vibrator.VibratorManagerService$Lifecycle
01-19 11:28:01.411 1100 1100 D SystemServerTiming: OnBootPhase_480_com.android.server.vibrator.VibratorManagerService$Lifecycle took to complete: 0ms
01-19 11:28:01.411 1100 1100 I SystemServerTiming: OnBootPhase_480_com.android.server.alarm.AlarmManagerService
01-19 11:28:01.411 1100 1100 D SystemServerTiming: OnBootPhase_480_com.android.server.alarm.AlarmManagerService took to complete: 0ms
01-19 11:28:01.411 1100 1100 I SystemServerTiming: OnBootPhase_480_com.android.server.devicestate.DeviceStateManagerService
01-19 11:28:01.412 1100 1100 D SystemServerTiming: OnBootPhase_480_com.android.server.devicestate.DeviceStateManagerService took to complete: 0ms
01-19 11:28:01.412 1100 1100 I SystemServerTiming: OnBootPhase_480_com.android.server.camera.CameraServiceProxy
01-19 11:28:01.412 1100 1100 D SystemServerTiming: OnBootPhase_480_com.android.server.camera.CameraServiceProxy took to complete: 0ms
01-19 11:28:01.412 1100 1100 I SystemServerTiming: OnBootPhase_480_com.android.server.BluetoothService
01-19 11:28:01.412 1100 1100 D SystemServerTiming: OnBootPhase_480_com.android.server.BluetoothService took to complete: 0ms
01-19 11:28:01.412 1100 1100 I SystemServerTiming: OnBootPhase_480_com.android.server.connectivity.IpConnectivityMetrics
01-19 11:28:01.412 1100 1100 D SystemServerTiming: OnBootPhase_480_com.android.server.connectivity.IpConnectivityMetrics took to complete: 0ms
01-19 11:28:01.412 1100 1100 I SystemServerTiming: OnBootPhase_480_com.android.server.net.watchlist.NetworkWatchlistService$Lifecycle
01-19 11:28:01.412 1100 1100 D SystemServerTiming: OnBootPhase_480_com.android.server.net.watchlist.NetworkWatchlistService$Lifecycle took to complete: 0ms
01-19 11:28:01.412 1100 1100 I SystemServerTiming: OnBootPhase_480_com.android.server.PinnerService
01-19 11:28:01.412 1100 1100 D SystemServerTiming: OnBootPhase_480_com.android.server.PinnerService took to complete: 0ms
01-19 11:28:01.412 1100 1100 I SystemServerTiming: OnBootPhase_480_com.google.android.startop.iorap.IorapForwardingService
01-19 11:28:01.412 1100 1100 D SystemServerTiming: OnBootPhase_480_com.google.android.startop.iorap.IorapForwardingService took to complete: 0ms
01-19 11:28:01.412 1100 1100 I SystemServerTiming: OnBootPhase_480_com.android.server.ActivityTriggerService
01-19 11:28:01.412 1100 1100 D SystemServerTiming: OnBootPhase_480_com.android.server.ActivityTriggerService took to complete: 0ms
01-19 11:28:01.412 1100 1100 I SystemServerTiming: OnBootPhase_480_com.android.server.integrity.AppIntegrityManagerService
01-19 11:28:01.412 1100 1100 D SystemServerTiming: OnBootPhase_480_com.android.server.integrity.AppIntegrityManagerService took to complete: 0ms
01-19 11:28:01.412 1100 1100 I SystemServerTiming: OnBootPhase_480_com.android.server.inputmethod.InputMethodManagerService$Lifecycle
01-19 11:28:01.412 1100 1100 D SystemServerTiming: OnBootPhase_480_com.android.server.inputmethod.InputMethodManagerService$Lifecycle took to complete: 0ms
01-19 11:28:01.412 1100 1100 I SystemServerTiming: OnBootPhase_480_com.android.server.accessibility.AccessibilityManagerService$Lifecycle
01-19 11:28:01.412 1100 1100 D SystemServerTiming: OnBootPhase_480_com.android.server.accessibility.AccessibilityManagerService$Lifecycle took to complete: 0ms
01-19 11:28:01.412 1100 1100 I SystemServerTiming: OnBootPhase_480_com.android.server.StorageManagerService$Lifecycle
01-19 11:28:01.412 1100 1100 D SystemServerTiming: OnBootPhase_480_com.android.server.StorageManagerService$Lifecycle took to complete: 0ms
01-19 11:28:01.413 1100 1100 I SystemServerTiming: OnBootPhase_480_com.android.server.usage.StorageStatsService$Lifecycle
01-19 11:28:01.413 1100 1100 D SystemServerTiming: OnBootPhase_480_com.android.server.usage.StorageStatsService$Lifecycle took to complete: 0ms
01-19 11:28:01.413 1100 1100 I SystemServerTiming: OnBootPhase_480_com.android.server.UiModeManagerService
01-19 11:28:01.413 1100 1100 D SystemServerTiming: OnBootPhase_480_com.android.server.UiModeManagerService took to complete: 0ms
01-19 11:28:01.413 1100 1100 I SystemServerTiming: OnBootPhase_480_com.android.server.locksettings.LockSettingsService$Lifecycle
01-19 11:28:01.413 1100 1100 D SystemServerTiming: OnBootPhase_480_com.android.server.locksettings.LockSettingsService$Lifecycle took to complete: 0ms
01-19 11:28:01.413 1100 1100 I SystemServerTiming: OnBootPhase_480_com.android.server.PersistentDataBlockService
01-19 11:28:01.413 1100 1100 D SystemServerTiming: OnBootPhase_480_com.android.server.PersistentDataBlockService took to complete: 0ms
01-19 11:28:01.413 1100 1100 I SystemServerTiming: OnBootPhase_480_com.android.server.testharness.TestHarnessModeService
01-19 11:28:01.413 1100 1100 D SystemServerTiming: OnBootPhase_480_com.android.server.testharness.TestHarnessModeService took to complete: 0ms
01-19 11:28:01.413 1100 1100 I SystemServerTiming: OnBootPhase_480_com.android.server.oemlock.OemLockService
01-19 11:28:01.413 1100 1100 D SystemServerTiming: OnBootPhase_480_com.android.server.oemlock.OemLockService took to complete: 0ms
01-19 11:28:01.413 1100 1100 I SystemServerTiming: OnBootPhase_480_com.android.server.DeviceIdleController
01-19 11:28:01.413 1100 1100 D SystemServerTiming: OnBootPhase_480_com.android.server.DeviceIdleController took to complete: 0ms
01-19 11:28:01.413 1100 1100 I SystemServerTiming: OnBootPhase_480_com.android.server.devicepolicy.DevicePolicyManagerService$Lifecycle
01-19 11:28:01.416 1100 1100 I DevicePolicyManager: Current version 2, latest version 2, not upgrading.
01-01 08:06:17.845 0 0 E : INFO: trying to register non-static key.
01-01 08:06:17.850 0 0 E : the code is fine but needs lockdep annotation.
01-01 08:06:17.851 0 0 I msm_vidc: high: 00000001: h265e: Closed video instance: ffffffd758a7c000
01-01 08:06:17.856 0 0 I : CPU: 7 PID: 340 Comm: kworker/u16:15 Tainted: G S W O 4.19.157+ #1
01-01 08:06:17.856 0 0 I Hardware name: Qualcomm Technologies, Inc. kona MTP-RmPM8150b. VC1(FSE) EVT3 (DT)
01-01 08:06:17.856 0 0 I Workqueue: events_unbound ion_system_secure_heap_prefetch_work
01-01 08:06:17.856 0 0 I Call trace:
01-01 08:06:17.856 0 0 I : dump_backtrace+0x0/0x258
01-01 08:06:17.856 0 0 I : show_stack+0x20/0x30
01-01 08:06:17.856 0 0 I : dump_stack+0xd8/0x12c
01-01 08:06:17.856 0 0 I : register_lock_class+0x4d0/0x5c8
01-01 08:06:17.856 0 0 I : __lock_acquire+0xbc/0x1e58
01-01 08:06:17.856 0 0 I : lock_acquire+0x1cc/0x218
01-01 08:06:17.856 0 0 I : _raw_spin_lock_irqsave+0x54/0x98
01-01 08:06:17.856 0 0 I : ion_system_secure_heap_prefetch_work+0x94/0x2c0
01-19 11:28:01.420 1100 1742 I SystemServerTimingAsync: InitThreadPoolExec:DevicePolicyManager
01-19 11:28:01.420 1100 1742 D SystemServerInitThreadPool: Started executing DevicePolicyManager
01-19 11:28:01.421 1100 1100 D SystemServerTiming: OnBootPhase_480_com.android.server.devicepolicy.DevicePolicyManagerService$Lifecycle took to complete: 8ms
01-19 11:28:01.421 1100 1100 I SystemServerTiming: OnBootPhase_480_com.android.server.texttospeech.TextToSpeechManagerService
01-19 11:28:01.421 1100 1100 D SystemServerTiming: OnBootPhase_480_com.android.server.texttospeech.TextToSpeechManagerService took to complete: 0ms
01-19 11:28:01.421 1100 1100 I SystemServerTiming: OnBootPhase_480_com.android.server.speech.SpeechRecognitionManagerService
01-19 11:28:01.421 1100 1100 D SystemServerTiming: OnBootPhase_480_com.android.server.speech.SpeechRecognitionManagerService took to complete: 0ms
01-19 11:28:01.421 1100 1100 I SystemServerTiming: OnBootPhase_480_com.android.server.searchui.SearchUiManagerService
01-01 08:06:17.856 0 0 I : process_one_work+0x38c/0x660
01-01 08:06:17.856 0 0 I : worker_thread+0x268/0x4b8
01-01 08:06:17.856 0 0 I : kthread+0x140/0x150
01-01 08:06:17.856 0 0 I : ret_from_fork+0x10/0x1c
01-19 11:28:01.421 1100 1100 D SystemServerTiming: OnBootPhase_480_com.android.server.searchui.SearchUiManagerService took to complete: 0ms
01-19 11:28:01.422 1100 1742 D SystemServerInitThreadPool: Finished executing DevicePolicyManager
01-19 11:28:01.422 1100 1742 D SystemServerTimingAsync: InitThreadPoolExec:DevicePolicyManager took to complete: 2ms
01-19 11:28:01.422 1100 1100 I SystemServerTiming: OnBootPhase_480_com.android.server.smartspace.SmartspaceManagerService
01-19 11:28:01.422 1100 1100 D SystemServerTiming: OnBootPhase_480_com.android.server.smartspace.SmartspaceManagerService took to complete: 0ms
01-19 11:28:01.422 1100 1100 I SystemServerTiming: OnBootPhase_480_com.android.server.graphics.fonts.FontManagerService$Lifecycle
01-19 11:28:01.422 1100 1100 D SystemServerTiming: OnBootPhase_480_com.android.server.graphics.fonts.FontManagerService$Lifecycle took to complete: 0ms
01-19 11:28:01.422 1100 1100 I SystemServerTiming: OnBootPhase_480_com.android.server.textservices.TextServicesManagerService$Lifecycle
01-19 11:28:01.422 1100 1100 D SystemServerTiming: OnBootPhase_480_com.android.server.textservices.TextServicesManagerService$Lifecycle took to complete: 0ms
01-19 11:28:01.422 1100 1100 I SystemServerTiming: OnBootPhase_480_com.android.server.textclassifier.TextClassificationManagerService$Lifecycle
01-19 11:28:01.422 1100 1100 D SystemServerTiming: OnBootPhase_480_com.android.server.textclassifier.TextClassificationManagerService$Lifecycle took to complete: 0ms
01-19 11:28:01.422 1100 1100 I SystemServerTiming: OnBootPhase_480_com.android.server.NetworkScoreService$Lifecycle
01-19 11:28:01.423 1100 1100 D SystemServerTiming: OnBootPhase_480_com.android.server.NetworkScoreService$Lifecycle took to complete: 0ms
01-19 11:28:01.423 1100 1100 I SystemServerTiming: OnBootPhase_480_com.android.server.wifi.WifiService
01-19 11:28:01.423 1100 1100 D SystemServerTiming: OnBootPhase_480_com.android.server.wifi.WifiService took to complete: 0ms
01-19 11:28:01.423 1100 1100 I SystemServerTiming: OnBootPhase_480_com.android.server.wifi.scanner.WifiScanningService
01-19 11:28:01.423 1100 1100 D SystemServerTiming: OnBootPhase_480_com.android.server.wifi.scanner.WifiScanningService took to complete: 0ms
01-19 11:28:01.423 1100 1100 I SystemServerTiming: OnBootPhase_480_com.android.server.wifi.rtt.RttService
01-19 11:28:01.423 1100 1100 D SystemServerTiming: OnBootPhase_480_com.android.server.wifi.rtt.RttService took to complete: 0ms
01-19 11:28:01.423 1100 1100 I SystemServerTiming: OnBootPhase_480_com.android.server.wifi.aware.WifiAwareService
01-19 11:28:01.424 1100 1100 D SystemServerTiming: OnBootPhase_480_com.android.server.wifi.aware.WifiAwareService took to complete: 0ms
01-19 11:28:01.424 1100 1100 I SystemServerTiming: OnBootPhase_480_com.android.server.wifi.p2p.WifiP2pService
01-19 11:28:01.424 1100 1100 D SystemServerTiming: OnBootPhase_480_com.android.server.wifi.p2p.WifiP2pService took to complete: 0ms
01-19 11:28:01.424 1100 1100 I SystemServerTiming: OnBootPhase_480_com.android.server.ethernet.EthernetService
01-19 11:28:01.424 1100 1100 D SystemServerTiming: OnBootPhase_480_com.android.server.ethernet.EthernetService took to complete: 0ms
01-19 11:28:01.424 1100 1100 I SystemServerTiming: OnBootPhase_480_com.android.server.ConnectivityServiceInitializer
01-19 11:28:01.424 1100 1100 D SystemServerTiming: OnBootPhase_480_com.android.server.ConnectivityServiceInitializer took to complete: 0ms
01-19 11:28:01.424 1100 1100 I SystemServerTiming: OnBootPhase_480_com.android.server.notification.NotificationManagerService
01-19 11:28:01.424 1100 1100 D SystemServerTiming: OnBootPhase_480_com.android.server.notification.NotificationManagerService took to complete: 0ms
01-19 11:28:01.424 1100 1100 I SystemServerTiming: OnBootPhase_480_com.android.server.storage.DeviceStorageMonitorService
01-19 11:28:01.424 1100 1100 D SystemServerTiming: OnBootPhase_480_com.android.server.storage.DeviceStorageMonitorService took to complete: 0ms
01-19 11:28:01.424 1100 1100 I SystemServerTiming: OnBootPhase_480_com.android.server.location.LocationManagerService$Lifecycle
01-19 11:28:01.424 1100 1100 D SystemServerTiming: OnBootPhase_480_com.android.server.location.LocationManagerService$Lifecycle took to complete: 0ms
01-19 11:28:01.424 1100 1100 I SystemServerTiming: OnBootPhase_480_com.android.server.timedetector.TimeDetectorService$Lifecycle
01-19 11:28:01.424 1100 1100 D SystemServerTiming: OnBootPhase_480_com.android.server.timedetector.TimeDetectorService$Lifecycle took to complete: 0ms
01-19 11:28:01.424 1100 1100 I SystemServerTiming: OnBootPhase_480_com.android.server.timezonedetector.TimeZoneDetectorService$Lifecycle
01-19 11:28:01.424 1100 1100 D SystemServerTiming: OnBootPhase_480_com.android.server.timezonedetector.TimeZoneDetectorService$Lifecycle took to complete: 0ms
01-19 11:28:01.425 1100 1100 I SystemServerTiming: OnBootPhase_480_com.android.server.timezonedetector.location.LocationTimeZoneManagerService$Lifecycle
01-19 11:28:01.425 1100 1100 D SystemServerTiming: OnBootPhase_480_com.android.server.timezonedetector.location.LocationTimeZoneManagerService$Lifecycle took to complete: 0ms
01-19 11:28:01.425 1100 1100 I SystemServerTiming: OnBootPhase_480_com.android.server.search.SearchManagerService$Lifecycle
01-19 11:28:01.425 1100 1100 D SystemServerTiming: OnBootPhase_480_com.android.server.search.SearchManagerService$Lifecycle took to complete: 0ms
01-19 11:28:01.425 1100 1100 I SystemServerTiming: OnBootPhase_480_com.android.server.wallpaper.WallpaperManagerService$Lifecycle
01-19 11:28:01.425 1100 1100 D SystemServerTiming: OnBootPhase_480_com.android.server.wallpaper.WallpaperManagerService$Lifecycle took to complete: 0ms
01-19 11:28:01.425 1100 1100 I SystemServerTiming: OnBootPhase_480_com.android.server.audio.AudioService$Lifecycle
01-19 11:28:01.425 1100 1100 D SystemServerTiming: OnBootPhase_480_com.android.server.audio.AudioService$Lifecycle took to complete: 0ms
01-19 11:28:01.425 1100 1100 I SystemServerTiming: OnBootPhase_480_com.android.server.soundtrigger_middleware.SoundTriggerMiddlewareService$Lifecycle
01-19 11:28:01.425 1100 1100 D SystemServerTiming: OnBootPhase_480_com.android.server.soundtrigger_middleware.SoundTriggerMiddlewareService$Lifecycle took to complete: 0ms
01-19 11:28:01.425 1100 1100 I SystemServerTiming: OnBootPhase_480_com.android.server.DockObserver
01-19 11:28:01.425 1100 1100 D SystemServerTiming: OnBootPhase_480_com.android.server.DockObserver took to complete: 0ms
01-19 11:28:01.425 1100 1100 I SystemServerTiming: OnBootPhase_480_com.android.server.midi.MidiService$Lifecycle
01-19 11:28:01.425 1100 1100 D SystemServerTiming: OnBootPhase_480_com.android.server.midi.MidiService$Lifecycle took to complete: 0ms
01-19 11:28:01.425 1100 1100 I SystemServerTiming: OnBootPhase_480_com.android.server.adb.AdbService$Lifecycle
01-19 11:28:01.425 1100 1100 D SystemServerTiming: OnBootPhase_480_com.android.server.adb.AdbService$Lifecycle took to complete: 0ms
01-19 11:28:01.425 1100 1100 I SystemServerTiming: OnBootPhase_480_com.android.server.usb.UsbService$Lifecycle
01-19 11:28:01.425 1100 1100 D SystemServerTiming: OnBootPhase_480_com.android.server.usb.UsbService$Lifecycle took to complete: 0ms
01-19 11:28:01.425 1100 1100 I SystemServerTiming: OnBootPhase_480_com.android.server.twilight.TwilightService
01-19 11:28:01.425 1100 1100 D SystemServerTiming: OnBootPhase_480_com.android.server.twilight.TwilightService took to complete: 0ms
01-19 11:28:01.425 1100 1100 I SystemServerTiming: OnBootPhase_480_com.android.server.display.color.ColorDisplayService
01-19 11:28:01.425 1100 1100 D SystemServerTiming: OnBootPhase_480_com.android.server.display.color.ColorDisplayService took to complete: 0ms
01-19 11:28:01.426 1100 1100 I SystemServerTiming: OnBootPhase_480_com.android.server.job.JobSchedulerService
01-19 11:28:01.426 1100 1100 D SystemServerTiming: OnBootPhase_480_com.android.server.job.JobSchedulerService took to complete: 0ms
01-19 11:28:01.426 1100 1100 I SystemServerTiming: OnBootPhase_480_com.android.server.soundtrigger.SoundTriggerService
01-19 11:28:01.426 1100 1100 D SoundTriggerService: onBootPhase: 480 : false
01-19 11:28:01.426 1100 1100 D SystemServerTiming: OnBootPhase_480_com.android.server.soundtrigger.SoundTriggerService took to complete: 0ms
01-19 11:28:01.426 1100 1100 I SystemServerTiming: OnBootPhase_480_com.android.server.trust.TrustManagerService
01-19 11:28:01.426 1100 1100 D SystemServerTiming: OnBootPhase_480_com.android.server.trust.TrustManagerService took to complete: 0ms
01-19 11:28:01.426 1100 1100 I SystemServerTiming: OnBootPhase_480_com.android.server.backup.BackupManagerService$Lifecycle
01-19 11:28:01.426 1100 1100 D SystemServerTiming: OnBootPhase_480_com.android.server.backup.BackupManagerService$Lifecycle took to complete: 0ms
01-19 11:28:01.426 1100 1100 I SystemServerTiming: OnBootPhase_480_com.android.server.appwidget.AppWidgetService
01-19 11:28:01.426 1100 1100 D SystemServerTiming: OnBootPhase_480_com.android.server.appwidget.AppWidgetService took to complete: 0ms
01-19 11:28:01.426 1100 1100 I SystemServerTiming: OnBootPhase_480_com.android.server.voiceinteraction.VoiceInteractionManagerService
01-19 11:28:01.426 1100 1100 D SystemServerTiming: OnBootPhase_480_com.android.server.voiceinteraction.VoiceInteractionManagerService took to complete: 0ms
01-19 11:28:01.426 1100 1100 I SystemServerTiming: OnBootPhase_480_com.android.server.apphibernation.AppHibernationService
01-19 11:28:01.426 1100 1100 D SystemServerTiming: OnBootPhase_480_com.android.server.apphibernation.AppHibernationService took to complete: 0ms
01-19 11:28:01.426 1100 1100 I SystemServerTiming: OnBootPhase_480_com.android.server.SensorNotificationService
01-19 11:28:01.426 1100 1100 D SystemServerTiming: OnBootPhase_480_com.android.server.SensorNotificationService took to complete: 0ms
01-19 11:28:01.426 1100 1100 I SystemServerTiming: OnBootPhase_480_com.android.server.emergency.EmergencyAffordanceService
01-19 11:28:01.426 1100 1100 D SystemServerTiming: OnBootPhase_480_com.android.server.emergency.EmergencyAffordanceService took to complete: 0ms
01-19 11:28:01.426 1100 1100 I SystemServerTiming: OnBootPhase_480_com.android.server.blob.BlobStoreManagerService
01-19 11:28:01.426 1100 1100 D SystemServerTiming: OnBootPhase_480_com.android.server.blob.BlobStoreManagerService took to complete: 0ms
01-19 11:28:01.426 1100 1100 I SystemServerTiming: OnBootPhase_480_com.android.server.dreams.DreamManagerService
01-19 11:28:01.427 1100 1100 D SystemServerTiming: OnBootPhase_480_com.android.server.dreams.DreamManagerService took to complete: 0ms
01-19 11:28:01.427 1100 1100 I SystemServerTiming: OnBootPhase_480_com.android.server.companion.CompanionDeviceManagerService
01-19 11:28:01.427 1100 1100 D SystemServerTiming: OnBootPhase_480_com.android.server.companion.CompanionDeviceManagerService took to complete: 0ms
01-19 11:28:01.427 1100 1100 I SystemServerTiming: OnBootPhase_480_com.android.server.restrictions.RestrictionsManagerService
01-19 11:28:01.427 1100 1100 D SystemServerTiming: OnBootPhase_480_com.android.server.restrictions.RestrictionsManagerService took to complete: 0ms
01-19 11:28:01.427 1100 1100 I SystemServerTiming: OnBootPhase_480_com.android.server.media.MediaSessionService
01-19 11:28:01.427 1100 1100 D SystemServerTiming: OnBootPhase_480_com.android.server.media.MediaSessionService took to complete: 0ms
01-19 11:28:01.427 1100 1100 I SystemServerTiming: OnBootPhase_480_com.android.server.media.MediaResourceMonitorService
