01-19 11:28:08.072 1100 1214 D SystemServerTimingAsync: ssm.onUnlockedUser-0_com.android.server.graphics.fonts.FontManagerService$Lifecycle took to complete: 0ms
01-19 11:28:08.072 1100 1214 I SystemServerTimingAsync: ssm.onUnlockedUser-0_com.android.server.textservices.TextServicesManagerService$Lifecycle
01-01 08:06:24.545 0 0 I perfetto: disabled ftrace
01-19 11:28:08.072 1100 1214 D SystemServerTimingAsync: ssm.onUnlockedUser-0_com.android.server.textservices.TextServicesManagerService$Lifecycle took to complete: 0ms
01-19 11:28:08.072 1100 1214 I SystemServerTimingAsync: ssm.onUnlockedUser-0_com.android.server.textclassifier.TextClassificationManagerService$Lifecycle
01-19 11:28:08.072 1100 1214 D SystemServerTimingAsync: ssm.onUnlockedUser-0_com.android.server.textclassifier.TextClassificationManagerService$Lifecycle took to complete: 0ms
01-19 11:28:08.072 1100 1214 I SystemServerTimingAsync: ssm.onUnlockedUser-0_com.android.server.NetworkScoreService$Lifecycle
01-19 11:28:08.072 1100 1214 D SystemServerTimingAsync: ssm.onUnlockedUser-0_com.android.server.NetworkScoreService$Lifecycle took to complete: 0ms
01-19 11:28:08.072 1461 2846 D LOWI-9.0.0.87.a: [LOWI-Scan]
01-19 11:28:08.072 1100 1214 I SystemServerTimingAsync: ssm.onUnlockedUser-0_com.android.server.wifi.WifiService
01-19 11:28:08.072 1461 2846 D LOWI-9.0.0.87.a: [LOWI-Scan] print_bss_handler: Report beacon TSF 52033064 as it greater than probe TSF 52001390
01-19 11:28:08.072 1100 1214 D SystemServerTimingAsync: ssm.onUnlockedUser-0_com.android.server.wifi.WifiService took to complete: 0ms
01-19 11:28:08.072 1461 2846 D LOWI-9.0.0.87.a: [LOWI-Scan] decode_rsn_wpa_ie: LOWI_ENCRYPTION_TYPE_WPA_PSK
01-19 11:28:08.072 1461 2846 D LOWI-9.0.0.87.a: [LOWI-Scan] is_qcom_ie, bss_age: 0
01-19 11:28:08.072 1100 1214 I SystemServerTimingAsync: ssm.onUnlockedUser-0_com.android.server.wifi.scanner.WifiScanningService
01-19 11:28:08.072 1461 2846 D LOWI-9.0.0.87.a: [LOWI-Scan] BSS 18:6f:2d:80:25:b4 LOWI_PHY_MODE_11AC_VHT20(8), Beacon Interval: 100, LOWI_ENCRYPTION_TYPE_WPA_PSK 11mcRanging: No, ANQP: No, LCI: No, Civic: No, capability(0x0111): ESS Privacy SpectrumMgmt
01-19 11:28:08.072 1461 2846 D LOWI-9.0.0.87.a: [LOWI-Scan] BSS 18:6f:2d:80:25:b4 FREQ: 5280, cFreq1[40:80:160] = [5280:0:0] cFreq2 = 0 Country Code = CN
01-19 11:28:08.072 1100 1214 D SystemServerTimingAsync: ssm.onUnlockedUser-0_com.android.server.wifi.scanner.WifiScanningService took to complete: 0ms
01-19 11:28:08.072 1461 2846 D LOWI-9.0.0.87.a: [LOWI-Scan] BSS 18:6f:2d:80:25:b4 (wlan0) ASSO: NO AddInfo: 0x1, TSF 0, 00:00:52.033, RSSI: -164, CPL: 127, AGE: 568, SSID ThunderSoft, TSFDelta: 0xe31fd393, TXRate: 0
01-19 11:28:08.072 1100 1214 I SystemServerTimingAsync: ssm.onUnlockedUser-0_com.android.server.wifi.rtt.RttService
01-19 11:28:08.072 1100 1214 D SystemServerTimingAsync: ssm.onUnlockedUser-0_com.android.server.wifi.rtt.RttService took to complete: 0ms
01-19 11:28:08.072 1100 1214 I SystemServerTimingAsync: ssm.onUnlockedUser-0_com.android.server.wifi.aware.WifiAwareService
01-19 11:28:08.072 1100 1214 D SystemServerTimingAsync: ssm.onUnlockedUser-0_com.android.server.wifi.aware.WifiAwareService took to complete: 0ms
01-19 11:28:08.072 1100 1214 I SystemServerTimingAsync: ssm.onUnlockedUser-0_com.android.server.wifi.p2p.WifiP2pService
01-19 11:28:08.072 1100 1214 D SystemServerTimingAsync: ssm.onUnlockedUser-0_com.android.server.wifi.p2p.WifiP2pService took to complete: 0ms
01-19 11:28:08.072 1461 2846 D LOWI-9.0.0.87.a: [LOWI-Scan]
01-19 11:28:08.072 1100 1214 I SystemServerTimingAsync: ssm.onUnlockedUser-0_com.android.server.ethernet.EthernetService
01-19 11:28:08.073 1461 2846 D LOWI-9.0.0.87.a: [LOWI-Scan] print_bss_handler: Report beacon TSF 52034254 as it greater than probe TSF 52001889
01-19 11:28:08.073 1461 2846 D LOWI-9.0.0.87.a: [LOWI-Scan] decode_rsn_wpa_ie: LOWI_ENCRYPTION_TYPE_WPA_PSK
01-19 11:28:08.073 1461 2846 D LOWI-9.0.0.87.a: [LOWI-Scan] is_qcom_ie, bss_age: 0
01-19 11:28:08.073 1100 1214 D SystemServerTimingAsync: ssm.onUnlockedUser-0_com.android.server.ethernet.EthernetService took to complete: 0ms
01-19 11:28:08.073 1461 2846 D LOWI-9.0.0.87.a: [LOWI-Scan] BSS 18:6f:2d:80:25:b5 LOWI_PHY_MODE_11AC_VHT20(8), Beacon Interval: 100, LOWI_ENCRYPTION_TYPE_WPA_PSK 11mcRanging: No, ANQP: No, LCI: No, Civic: No, capability(0x0111): ESS Privacy SpectrumMgmt
01-19 11:28:08.073 1461 2846 D LOWI-9.0.0.87.a: [LOWI-Scan] BSS 18:6f:2d:80:25:b5 FREQ: 5280, cFreq1[40:80:160] = [5280:0:0] cFreq2 = 0 Country Code = CN
01-19 11:28:08.073 1100 1214 I SystemServerTimingAsync: ssm.onUnlockedUser-0_com.android.server.ConnectivityServiceInitializer
01-19 11:28:08.073 1461 2846 D LOWI-9.0.0.87.a: [LOWI-Scan] BSS 18:6f:2d:80:25:b5 (wlan0) ASSO: NO AddInfo: 0x1, TSF 0, 00:00:52.034, RSSI: -166, CPL: 127, AGE: 568, SSID GM, TSFDelta: 0xe3227c00, TXRate: 0
01-19 11:28:08.073 1100 1214 D SystemServerTimingAsync: ssm.onUnlockedUser-0_com.android.server.ConnectivityServiceInitializer took to complete: 0ms
01-19 11:28:08.073 1100 1214 I SystemServerTimingAsync: ssm.onUnlockedUser-0_com.android.server.notification.NotificationManagerService
01-19 11:28:08.073 1100 1214 D SystemServerTimingAsync: ssm.onUnlockedUser-0_com.android.server.notification.NotificationManagerService took to complete: 0ms
01-19 11:28:08.073 1100 1214 I SystemServerTimingAsync: ssm.onUnlockedUser-0_com.android.server.storage.DeviceStorageMonitorService
01-19 11:28:08.073 1100 1214 D SystemServerTimingAsync: ssm.onUnlockedUser-0_com.android.server.storage.DeviceStorageMonitorService took to complete: 0ms
01-19 11:28:08.073 1461 2846 D LOWI-9.0.0.87.a: [LOWI-Scan]
01-19 11:28:08.073 1461 2846 D LOWI-9.0.0.87.a: [LOWI-Scan] print_bss_handler: Report Probe TSF 52012512 as it greater than Beacon TSF 0
01-19 11:28:08.073 1100 1214 I SystemServerTimingAsync: ssm.onUnlockedUser-0_com.android.server.location.LocationManagerService$Lifecycle
01-19 11:28:08.073 1461 2846 D LOWI-9.0.0.87.a: [LOWI-Scan] is_qcom_ie, bss_age: 0
01-19 11:28:08.073 1461 2846 D LOWI-9.0.0.87.a: [LOWI-Scan] BSS 18:6f:2d:81:16:41 LOWI_PHY_MODE_11NG_HT20(5), Beacon Interval: 100, LOWI_ENCRYPTION_TYPE_OPEN 11mcRanging: No, ANQP: No, LCI: No, Civic: No, capability(0x0521): ESS ShortPreamble SpectrumMgmt ShortSlotTime
01-19 11:28:08.073 1461 2846 D LOWI-9.0.0.87.a: [LOWI-Scan] BSS 18:6f:2d:81:16:41 FREQ: 2442, cFreq1[40:80:160] = [2442:0:0] cFreq2 = 0 Country Code = CN
01-19 11:28:08.073 1100 1214 D SystemServerTimingAsync: ssm.onUnlockedUser-0_com.android.server.location.LocationManagerService$Lifecycle took to complete: 0ms
01-19 11:28:08.073 1461 2846 D LOWI-9.0.0.87.a: [LOWI-Scan] BSS 18:6f:2d:81:16:41 (wlan0) ASSO: NO AddInfo: 0x0, TSF 0, 00:00:52.012, RSSI: -140, CPL: 127, AGE: 588, SSID Guest, TSFDelta: 0xd273ecd3, TXRate: 0
01-19 11:28:08.073 1100 1214 I SystemServerTimingAsync: ssm.onUnlockedUser-0_com.android.server.timedetector.TimeDetectorService$Lifecycle
01-19 11:28:08.073 1100 1214 D SystemServerTimingAsync: ssm.onUnlockedUser-0_com.android.server.timedetector.TimeDetectorService$Lifecycle took to complete: 0ms
01-19 11:28:08.073 1100 1214 I SystemServerTimingAsync: ssm.onUnlockedUser-0_com.android.server.timezonedetector.TimeZoneDetectorService$Lifecycle
01-19 11:28:08.073 1100 1214 D SystemServerTimingAsync: ssm.onUnlockedUser-0_com.android.server.timezonedetector.TimeZoneDetectorService$Lifecycle took to complete: 0ms
01-19 11:28:08.073 1100 1214 I SystemServerTimingAsync: ssm.onUnlockedUser-0_com.android.server.timezonedetector.location.LocationTimeZoneManagerService$Lifecycle
01-19 11:28:08.073 1100 1214 D SystemServerTimingAsync: ssm.onUnlockedUser-0_com.android.server.timezonedetector.location.LocationTimeZoneManagerService$Lifecycle took to complete: 0ms
01-19 11:28:08.073 1461 2846 D LOWI-9.0.0.87.a: [LOWI-Scan]
01-19 11:28:08.073 1100 1214 I SystemServerTimingAsync: ssm.onUnlockedUser-0_com.android.server.search.SearchManagerService$Lifecycle
01-19 11:28:08.073 1461 2846 D LOWI-9.0.0.87.a: [LOWI-Scan] print_bss_handler: Report beacon TSF 52012667 as it greater than probe TSF 52012667
01-19 11:28:08.073 1461 2846 D LOWI-9.0.0.87.a: [LOWI-Scan] decode_rsn_wpa_ie: LOWI_ENCRYPTION_TYPE_WPA_PSK
01-19 11:28:08.073 1100 1214 D SystemServerTimingAsync: ssm.onUnlockedUser-0_com.android.server.search.SearchManagerService$Lifecycle took to complete: 0ms
01-19 11:28:08.073 1461 2846 D LOWI-9.0.0.87.a: [LOWI-Scan] is_qcom_ie, bss_age: 0
01-19 11:28:08.073 1461 2846 D LOWI-9.0.0.87.a: [LOWI-Scan] BSS 18:6f:2d:81:16:50 LOWI_PHY_MODE_11AC_VHT20(8), Beacon Interval: 100, LOWI_ENCRYPTION_TYPE_WPA_PSK 11mcRanging: No, ANQP: No, LCI: No, Civic: No, capability(0x0111): ESS Privacy SpectrumMgmt
01-19 11:28:08.073 1100 1214 I SystemServerTimingAsync: ssm.onUnlockedUser-0_com.android.server.wallpaper.WallpaperManagerService$Lifecycle
01-19 11:28:08.073 1461 2846 D LOWI-9.0.0.87.a: [LOWI-Scan] BSS 18:6f:2d:81:16:50 FREQ: 5280, cFreq1[40:80:160] = [5280:0:0] cFreq2 = 0 Country Code = CN
01-19 11:28:08.074 1461 2846 D LOWI-9.0.0.87.a: [LOWI-Scan] BSS 18:6f:2d:81:16:50 (wlan0) ASSO: NO AddInfo: 0x1, TSF 0, 00:00:52.012, RSSI: -160, CPL: 127, AGE: 588, SSID Testing , TSFDelta: 0xe3497f02, TXRate: 0
01-19 11:28:08.074 1100 1214 D SystemServerTimingAsync: ssm.onUnlockedUser-0_com.android.server.wallpaper.WallpaperManagerService$Lifecycle took to complete: 0ms
01-19 11:28:08.074 1100 1214 I SystemServerTimingAsync: ssm.onUnlockedUser-0_com.android.server.audio.AudioService$Lifecycle
01-19 11:28:08.074 1100 1214 D SystemServerTimingAsync: ssm.onUnlockedUser-0_com.android.server.audio.AudioService$Lifecycle took to complete: 0ms
01-19 11:28:08.074 1100 1214 I SystemServerTimingAsync: ssm.onUnlockedUser-0_com.android.server.soundtrigger_middleware.SoundTriggerMiddlewareService$Lifecycle
01-19 11:28:08.074 1100 1214 D SystemServerTimingAsync: ssm.onUnlockedUser-0_com.android.server.soundtrigger_middleware.SoundTriggerMiddlewareService$Lifecycle took to complete: 0ms
01-19 11:28:08.074 1100 1214 I SystemServerTimingAsync: ssm.onUnlockedUser-0_com.android.server.DockObserver
01-19 11:28:08.074 1100 1214 D SystemServerTimingAsync: ssm.onUnlockedUser-0_com.android.server.DockObserver took to complete: 0ms
01-19 11:28:08.074 1100 1214 I SystemServerTimingAsync: ssm.onUnlockedUser-0_com.android.server.midi.MidiService$Lifecycle
01-19 11:28:08.074 1100 1214 D SystemServerTimingAsync: ssm.onUnlockedUser-0_com.android.server.midi.MidiService$Lifecycle took to complete: 0ms
01-19 11:28:08.074 1100 1214 I SystemServerTimingAsync: ssm.onUnlockedUser-0_com.android.server.adb.AdbService$Lifecycle
01-19 11:28:08.074 1100 1214 D SystemServerTimingAsync: ssm.onUnlockedUser-0_com.android.server.adb.AdbService$Lifecycle took to complete: 0ms
01-19 11:28:08.074 1461 2846 D LOWI-9.0.0.87.a: [LOWI-Scan]
01-19 11:28:08.074 1100 1214 I SystemServerTimingAsync: ssm.onUnlockedUser-0_com.android.server.usb.UsbService$Lifecycle
01-19 11:28:08.074 1461 2846 D LOWI-9.0.0.87.a: [LOWI-Scan] print_bss_handler: Report beacon TSF 52012752 as it greater than probe TSF 52012752
01-19 11:28:08.074 1100 2731 D CompatibilityChangeReporter: Compat change id reported: 184838306; UID 10086; state: DISABLED
01-19 11:28:08.074 1461 2846 D LOWI-9.0.0.87.a: [LOWI-Scan] is_qcom_ie, bss_age: 0
01-19 11:28:08.077 1461 2846 D LOWI-9.0.0.87.a: [LOWI-Scan] BSS 18:6f:2d:81:16:51 LOWI_PHY_MODE_11AC_VHT20(8), Beacon Interval: 100, LOWI_ENCRYPTION_TYPE_OPEN 11mcRanging: No, ANQP: No, LCI: No, Civic: No, capability(0x0101): ESS SpectrumMgmt
01-19 11:28:08.077 1461 2846 D LOWI-9.0.0.87.a: [LOWI-Scan] BSS 18:6f:2d:81:16:51 FREQ: 5280, cFreq1[40:80:160] = [5280:0:0] cFreq2 = 0 Country Code = CN
01-19 11:28:08.077 1461 2846 D LOWI-9.0.0.87.a: [LOWI-Scan] BSS 18:6f:2d:81:16:51 (wlan0) ASSO: NO AddInfo: 0x1, TSF 0, 00:00:52.012, RSSI: -160, CPL: 127, AGE: 612, SSID Guest, TSFDelta: 0xe34bc3eb, TXRate: 0
01-19 11:28:08.078 1461 2846 D LOWI-9.0.0.87.a: [LOWI-Scan]
01-19 11:28:08.078 1461 2846 D LOWI-9.0.0.87.a: [LOWI-Scan] print_bss_handler: Report beacon TSF 52012831 as it greater than probe TSF 52012831
01-19 11:28:08.078 1461 2846 D LOWI-9.0.0.87.a: [LOWI-Scan] decode_rsn_wpa_ie: LOWI_ENCRYPTION_TYPE_WPA_PSK
01-19 11:28:08.079 1461 2846 D LOWI-9.0.0.87.a: [LOWI-Scan] is_qcom_ie, bss_age: 0
01-19 11:28:08.079 1461 2846 D LOWI-9.0.0.87.a: [LOWI-Scan] BSS 18:6f:2d:81:16:52 LOWI_PHY_MODE_11AC_VHT20(8), Beacon Interval: 100, LOWI_ENCRYPTION_TYPE_WPA_PSK 11mcRanging: No, ANQP: No, LCI: No, Civic: No, capability(0x0111): ESS Privacy SpectrumMgmt
01-19 11:28:08.079 1461 2846 D LOWI-9.0.0.87.a: [LOWI-Scan] BSS 18:6f:2d:81:16:52 FREQ: 5280, cFreq1[40:80:160] = [5280:0:0] cFreq2 = 0 Country Code = CN
01-19 11:28:08.079 1461 2846 D LOWI-9.0.0.87.a: [LOWI-Scan] BSS 18:6f:2d:81:16:52 (wlan0) ASSO: NO AddInfo: 0x1, TSF 0, 00:00:52.012, RSSI: -160, CPL: 127, AGE: 612, SSID ZXHY, TSFDelta: 0xe34dcc86, TXRate: 0
01-19 11:28:08.079 1461 2846 D LOWI-9.0.0.87.a: [LOWI-Scan]
01-19 11:28:08.079 1461 2846 D LOWI-9.0.0.87.a: [LOWI-Scan] print_bss_handler: Report Probe TSF 52015328 as it greater than Beacon TSF 52012909
01-19 11:28:08.079 1461 2846 D LOWI-9.0.0.87.a: [LOWI-Scan] decode_rsn_wpa_ie: LOWI_ENCRYPTION_TYPE_WPA_PSK
01-19 11:28:08.079 1461 2846 D LOWI-9.0.0.87.a: [LOWI-Scan] is_qcom_ie, bss_age: 0
01-19 11:28:08.080 1100 2950 E system_server: No package ID 7f found for ID 0x7f070090.
01-19 11:28:08.080 1100 2731 D CompatibilityChangeReporter: Compat change id reported: 185004937; UID 10086; state: DISABLED
01-19 11:28:08.079 1461 2846 D LOWI-9.0.0.87.a: [LOWI-Scan] BSS 18:6f:2d:81:16:53 LOWI_PHY_MODE_11AC_VHT20(8), Beacon Interval: 100, LOWI_ENCRYPTION_TYPE_WPA_PSK 11mcRanging: No, ANQP: No, LCI: No, Civic: No, capability(0x0111): ESS Privacy SpectrumMgmt
01-19 11:28:08.080 1461 2846 D LOWI-9.0.0.87.a: [LOWI-Scan] BSS 18:6f:2d:81:16:53 FREQ: 5280, cFreq1[40:80:160] = [5280:0:0] cFreq2 = 0 Country Code = CN
01-19 11:28:08.080 1461 2846 D LOWI-9.0.0.87.a: [LOWI-Scan] BSS 18:6f:2d:81:16:53 (wlan0) ASSO: NO AddInfo: 0x0, TSF 0, 00:00:52.015, RSSI: -154, CPL: 127, AGE: 612, SSID Fanya, TSFDelta: 0xe3acc645, TXRate: 0
01-19 11:28:08.081 1461 2846 D LOWI-9.0.0.87.a: [LOWI-Scan]
01-19 11:28:08.081 1461 2846 D LOWI-9.0.0.87.a: [LOWI-Scan] print_bss_handler: Report Probe TSF 52016673 as it greater than Beacon TSF 52013009
01-19 11:28:08.081 1461 2846 D LOWI-9.0.0.87.a: [LOWI-Scan] decode_rsn_wpa_ie: LOWI_ENCRYPTION_TYPE_WPA_PSK
01-19 11:28:08.081 1461 2846 D LOWI-9.0.0.87.a: [LOWI-Scan] is_qcom_ie, bss_age: 0
01-19 11:28:08.081 1461 2846 D LOWI-9.0.0.87.a: [LOWI-Scan] BSS 18:6f:2d:81:16:54 LOWI_PHY_MODE_11AC_VHT20(8), Beacon Interval: 100, LOWI_ENCRYPTION_TYPE_WPA_PSK 11mcRanging: No, ANQP: No, LCI: No, Civic: No, capability(0x0111): ESS Privacy SpectrumMgmt
01-19 11:28:08.081 1461 2846 D LOWI-9.0.0.87.a: [LOWI-Scan] BSS 18:6f:2d:81:16:54 FREQ: 5280, cFreq1[40:80:160] = [5280:0:0] cFreq2 = 0 Country Code = CN
01-19 11:28:08.081 1100 2731 D CompatibilityChangeReporter: Compat change id reported: 181136395; UID 10086; state: DISABLED
01-19 11:28:08.081 1461 2846 D LOWI-9.0.0.87.a: [LOWI-Scan] BSS 18:6f:2d:81:16:54 (wlan0) ASSO: NO AddInfo: 0x0, TSF 0, 00:00:52.016, RSSI: -160, CPL: 127, AGE: 608, SSID ThunderSoft, TSFDelta: 0xe3b7865d, TXRate: 0
01-19 11:28:08.082 1461 2846 D LOWI-9.0.0.87.a: [LOWI-Scan]
01-19 11:28:08.082 1461 2846 D LOWI-9.0.0.87.a: [LOWI-Scan] print_bss_handler: Report Probe TSF 52017700 as it greater than Beacon TSF 0
01-19 11:28:08.082 1461 2846 D LOWI-9.0.0.87.a: [LOWI-Scan] decode_rsn_wpa_ie: LOWI_ENCRYPTION_TYPE_WPA_PSK
01-19 11:28:08.082 1461 2846 D LOWI-9.0.0.87.a: [LOWI-Scan] is_qcom_ie, bss_age: 0
01-19 11:28:08.082 1461 2846 D LOWI-9.0.0.87.a: [LOWI-Scan] BSS 18:6f:2d:81:18:55 LOWI_PHY_MODE_11AC_VHT20(8), Beacon Interval: 100, LOWI_ENCRYPTION_TYPE_WPA_PSK 11mcRanging: No, ANQP: No, LCI: No, Civic: No, capability(0x0111): ESS Privacy SpectrumMgmt
01-19 11:28:08.082 1461 2846 D LOWI-9.0.0.87.a: [LOWI-Scan] BSS 18:6f:2d:81:18:55 FREQ: 5280, cFreq1[40:80:160] = [5280:0:0] cFreq2 = 0 Country Code = CN
01-19 11:28:08.082 1461 2846 D LOWI-9.0.0.87.a: [LOWI-Scan] BSS 18:6f:2d:81:18:55 (wlan0) ASSO: NO AddInfo: 0x0, TSF 0, 00:00:52.017, RSSI: -170, CPL: 127, AGE: 608, SSID GM, TSFDelta: 0xe5af3ef2, TXRate: 0
01-19 11:28:08.082 1100 2731 D CompatibilityChangeReporter: Compat change id reported: 174042936; UID 10086; state: DISABLED
01-19 11:28:08.083 1461 2846 D LOWI-9.0.0.87.a: [LOWI-Scan]
01-19 11:28:08.083 1461 2846 D LOWI-9.0.0.87.a: [LOWI-Scan] print_bss_handler: Report beacon TSF 52027348 as it greater than probe TSF 52027348
01-19 11:28:08.083 1461 2846 D LOWI-9.0.0.87.a: [LOWI-Scan] decode_rsn_wpa_ie: LOWI_ENCRYPTION_TYPE_WPA_PSK
01-19 11:28:08.083 1461 2846 D LOWI-9.0.0.87.a: [LOWI-Scan] is_qcom_ie, bss_age: 0
01-19 11:28:08.083 1461 2846 D LOWI-9.0.0.87.a: [LOWI-Scan] BSS 18:6f:2d:80:25:b0 LOWI_PHY_MODE_11AC_VHT20(8), Beacon Interval: 100, LOWI_ENCRYPTION_TYPE_WPA_PSK 11mcRanging: No, ANQP: No, LCI: No, Civic: No, capability(0x0111): ESS Privacy SpectrumMgmt
01-19 11:28:08.083 1461 2846 D LOWI-9.0.0.87.a: [LOWI-Scan] BSS 18:6f:2d:80:25:b0 FREQ: 5280, cFreq1[40:80:160] = [5280:0:0] cFreq2 = 0 Country Code = CN
01-19 11:28:08.083 1461 2846 D LOWI-9.0.0.87.a: [LOWI-Scan] BSS 18:6f:2d:80:25:b0 (wlan0) ASSO: NO AddInfo: 0x1, TSF 0, 00:00:52.027, RSSI: -166, CPL: 127, AGE: 600, SSID Testing , TSFDelta: 0xe41dd32a, TXRate: 0
01-19 11:28:08.083 1100 2731 D CompatibilityChangeReporter: Compat change id reported: 174042980; UID 10086; state: DISABLED
01-19 11:28:08.084 1100 1214 D SystemServerTimingAsync: ssm.onUnlockedUser-0_com.android.server.usb.UsbService$Lifecycle took to complete: 0ms
01-19 11:28:08.084 1100 1214 I SystemServerTimingAsync: ssm.onUnlockedUser-0_com.android.server.twilight.TwilightService
01-19 11:28:08.084 1100 1214 D SystemServerTimingAsync: ssm.onUnlockedUser-0_com.android.server.twilight.TwilightService took to complete: 0ms
01-19 11:28:08.084 1100 1214 I SystemServerTimingAsync: ssm.onUnlockedUser-0_com.android.server.display.color.ColorDisplayService
01-19 11:28:08.084 1100 1214 D SystemServerTimingAsync: ssm.onUnlockedUser-0_com.android.server.display.color.ColorDisplayService took to complete: 0ms
01-19 11:28:08.084 1100 1214 I SystemServerTimingAsync: ssm.onUnlockedUser-0_com.android.server.job.JobSchedulerService
01-19 11:28:08.084 1100 1214 D SystemServerTimingAsync: ssm.onUnlockedUser-0_com.android.server.job.JobSchedulerService took to complete: 0ms
01-19 11:28:08.085 1100 1214 I SystemServerTimingAsync: ssm.onUnlockedUser-0_com.android.server.soundtrigger.SoundTriggerService
01-19 11:28:08.085 1100 1214 D SystemServerTimingAsync: ssm.onUnlockedUser-0_com.android.server.soundtrigger.SoundTriggerService took to complete: 0ms
01-19 11:28:08.085 1100 1214 I SystemServerTimingAsync: ssm.onUnlockedUser-0_com.android.server.trust.TrustManagerService
01-19 11:28:08.085 1100 1214 D SystemServerTimingAsync: ssm.onUnlockedUser-0_com.android.server.trust.TrustManagerService took to complete: 0ms
01-19 11:28:08.085 1100 1214 I SystemServerTimingAsync: ssm.onUnlockedUser-0_com.android.server.backup.BackupManagerService$Lifecycle
01-19 11:28:08.085 1100 1214 D SystemServerTimingAsync: ssm.onUnlockedUser-0_com.android.server.backup.BackupManagerService$Lifecycle took to complete: 0ms
01-19 11:28:08.085 1100 1214 I SystemServerTimingAsync: ssm.onUnlockedUser-0_com.android.server.appwidget.AppWidgetService
01-19 11:28:08.085 1100 1214 D SystemServerTimingAsync: ssm.onUnlockedUser-0_com.android.server.appwidget.AppWidgetService took to complete: 0ms
01-19 11:28:08.085 1100 1214 I SystemServerTimingAsync: ssm.onUnlockedUser-0_com.android.server.voiceinteraction.VoiceInteractionManagerService
01-19 11:28:08.085 1100 1214 D SystemServerTimingAsync: ssm.onUnlockedUser-0_com.android.server.voiceinteraction.VoiceInteractionManagerService took to complete: 0ms
01-19 11:28:08.085 1100 1214 I SystemServerTimingAsync: ssm.onUnlockedUser-0_com.android.server.apphibernation.AppHibernationService
01-19 11:28:08.085 1100 1214 D SystemServerTimingAsync: ssm.onUnlockedUser-0_com.android.server.apphibernation.AppHibernationService took to complete: 0ms
01-19 11:28:08.085 1100 1214 I SystemServerTimingAsync: ssm.onUnlockedUser-0_com.android.server.SensorNotificationService
01-19 11:28:08.085 1100 1214 D SystemServerTimingAsync: ssm.onUnlockedUser-0_com.android.server.SensorNotificationService took to complete: 0ms
01-19 11:28:08.085 1100 1214 I SystemServerTimingAsync: ssm.onUnlockedUser-0_com.android.server.emergency.EmergencyAffordanceService
01-19 11:28:08.085 1100 1214 D SystemServerTimingAsync: ssm.onUnlockedUser-0_com.android.server.emergency.EmergencyAffordanceService took to complete: 0ms
01-19 11:28:08.085 1100 1214 I SystemServerTimingAsync: ssm.onUnlockedUser-0_com.android.server.blob.BlobStoreManagerService
01-19 11:28:08.085 1100 1214 D SystemServerTimingAsync: ssm.onUnlockedUser-0_com.android.server.blob.BlobStoreManagerService took to complete: 0ms
01-19 11:28:08.085 1100 1214 I SystemServerTimingAsync: ssm.onUnlockedUser-0_com.android.server.dreams.DreamManagerService
01-19 11:28:08.085 1100 1214 D SystemServerTimingAsync: ssm.onUnlockedUser-0_com.android.server.dreams.DreamManagerService took to complete: 0ms
01-19 11:28:08.085 1100 1214 I SystemServerTimingAsync: ssm.onUnlockedUser-0_com.android.server.companion.CompanionDeviceManagerService
01-19 11:28:08.085 1100 1214 D SystemServerTimingAsync: ssm.onUnlockedUser-0_com.android.server.companion.CompanionDeviceManagerService took to complete: 0ms
01-19 11:28:08.085 1100 1214 I SystemServerTimingAsync: ssm.onUnlockedUser-0_com.android.server.restrictions.RestrictionsManagerService
01-19 11:28:08.086 1100 1214 D SystemServerTimingAsync: ssm.onUnlockedUser-0_com.android.server.restrictions.RestrictionsManagerService took to complete: 0ms
01-19 11:28:08.086 1100 1214 I SystemServerTimingAsync: ssm.onUnlockedUser-0_com.android.server.media.MediaSessionService
01-01 08:06:24.611 0 0 I binder : 2971:2971 ioctl 40046210 7fde5712c4 returned -22
01-19 11:28:08.086 1100 1214 D SystemServerTimingAsync: ssm.onUnlockedUser-0_com.android.server.media.MediaSessionService took to complete: 0ms
01-19 11:28:08.086 1100 1214 I SystemServerTimingAsync: ssm.onUnlockedUser-0_com.android.server.media.MediaResourceMonitorService
01-19 11:28:08.086 1100 1214 D SystemServerTimingAsync: ssm.onUnlockedUser-0_com.android.server.media.MediaResourceMonitorService took to complete: 0ms
01-19 11:28:08.086 1100 1214 I SystemServerTimingAsync: ssm.onUnlockedUser-0_com.android.server.biometrics.sensors.fingerprint.FingerprintService
01-19 11:28:08.086 1100 1214 D SystemServerTimingAsync: ssm.onUnlockedUser-0_com.android.server.biometrics.sensors.fingerprint.FingerprintService took to complete: 0ms
01-19 11:28:08.086 1100 1214 I SystemServerTimingAsync: ssm.onUnlockedUser-0_com.android.server.biometrics.BiometricService
01-19 11:28:08.086 1100 1214 D SystemServerTimingAsync: ssm.onUnlockedUser-0_com.android.server.biometrics.BiometricService took to complete: 0ms
01-19 11:28:08.086 1100 1214 I SystemServerTimingAsync: ssm.onUnlockedUser-0_com.android.server.biometrics.AuthService
01-19 11:28:08.086 1100 1214 D SystemServerTimingAsync: ssm.onUnlockedUser-0_com.android.server.biometrics.AuthService took to complete: 0ms
01-19 11:28:08.086 1100 1214 I SystemServerTimingAsync: ssm.onUnlockedUser-0_com.android.server.pm.ShortcutService$Lifecycle
01-19 11:28:08.086 1100 1214 D SystemServerTimingAsync: ssm.onUnlockedUser-0_com.android.server.pm.ShortcutService$Lifecycle took to complete: 0ms
01-19 11:28:08.086 1100 1214 I SystemServerTimingAsync: ssm.onUnlockedUser-0_com.android.server.pm.LauncherAppsService
01-19 11:28:08.086 1100 1214 D SystemServerTimingAsync: ssm.onUnlockedUser-0_com.android.server.pm.LauncherAppsService took to complete: 0ms
01-19 11:28:08.086 1461 2846 D LOWI-9.0.0.87.a: [LOWI-Scan]
01-19 11:28:08.086 1100 1214 I SystemServerTimingAsync: ssm.onUnlockedUser-0_com.android.server.pm.CrossProfileAppsService
01-19 11:28:08.086 1100 1214 D SystemServerTimingAsync: ssm.onUnlockedUser-0_com.android.server.pm.CrossProfileAppsService took to complete: 0ms
01-19 11:28:08.086 1461 2846 D LOWI-9.0.0.87.a: [LOWI-Scan] print_bss_handler: Report beacon TSF 52028746 as it greater than probe TSF 52028746
01-19 11:28:08.086 1461 2846 D LOWI-9.0.0.87.a: [LOWI-Scan] is_qcom_ie, bss_age: 0
01-19 11:28:08.086 1100 1214 I SystemServerTimingAsync: ssm.onUnlockedUser-0_com.android.server.people.PeopleService
01-19 11:28:08.086 1461 2846 D LOWI-9.0.0.87.a: [LOWI-Scan] BSS 18:6f:2d:80:25:b1 LOWI_PHY_MODE_11AC_VHT20(8), Beacon Interval: 100, LOWI_ENCRYPTION_TYPE_OPEN 11mcRanging: No, ANQP: No, LCI: No, Civic: No, capability(0x0101): ESS SpectrumMgmt
01-19 11:28:08.086 1461 2846 D LOWI-9.0.0.87.a: [LOWI-Scan] BSS 18:6f:2d:80:25:b1 FREQ: 5280, cFreq1[40:80:160] = [5280:0:0] cFreq2 = 0 Country Code = CN
01-19 11:28:08.086 1461 2846 D LOWI-9.0.0.87.a: [LOWI-Scan] BSS 18:6f:2d:80:25:b1 (wlan0) ASSO: NO AddInfo: 0x1, TSF 0, 00:00:52.028, RSSI: -164, CPL: 127, AGE: 596, SSID Guest, TSFDelta: 0xe41ff666, TXRate: 0
01-19 11:28:08.087 1100 2950 E system_server: No package ID 7f found for ID 0x7f10009b.
01-19 11:28:08.087 509 509 I hwservicemanager: Since vendor.qti.hardware.iop@2.0::IIop/default is not registered, trying to start it as a lazy HAL.
01-19 11:28:08.087 1461 2846 D LOWI-9.0.0.87.a: [LOWI-Scan]
01-19 11:28:08.087 1461 2846 D LOWI-9.0.0.87.a: [LOWI-Scan] print_bss_handler: Report beacon TSF 52030060 as it greater than probe TSF 52030060
01-19 11:28:08.087 1461 2846 D LOWI-9.0.0.87.a: [LOWI-Scan] decode_rsn_wpa_ie: LOWI_ENCRYPTION_TYPE_WPA_PSK
01-19 11:28:08.087 1461 2846 D LOWI-9.0.0.87.a: [LOWI-Scan] is_qcom_ie, bss_age: 0
01-19 11:28:08.087 1461 2846 D LOWI-9.0.0.87.a: [LOWI-Scan] BSS 18:6f:2d:80:25:b2 LOWI_PHY_MODE_11AC_VHT20(8), Beacon Interval: 100, LOWI_ENCRYPTION_TYPE_WPA_PSK 11mcRanging: No, ANQP: No, LCI: No, Civic: No, capability(0x0111): ESS Privacy SpectrumMgmt
01-19 11:28:08.087 1461 2846 D LOWI-9.0.0.87.a: [LOWI-Scan] BSS 18:6f:2d:80:25:b2 FREQ: 5280, cFreq1[40:80:160] = [5280:0:0] cFreq2 = 0 Country Code = CN
01-19 11:28:08.087 1461 2846 D LOWI-9.0.0.87.a: [LOWI-Scan] BSS 18:6f:2d:80:25:b2 (wlan0) ASSO: NO AddInfo: 0x1, TSF 0, 00:00:52.030, RSSI: -164, CPL: 127, AGE: 596, SSID ZXHY, TSFDelta: 0xe421ff00, TXRate: 0
01-19 11:28:08.088 552 560 D DrmLibTime: got the req here! ret=0
01-19 11:28:08.088 552 560 D DrmLibTime: command id, time_cmd_id = 770
01-19 11:28:08.088 552 560 D DrmLibTime: time_getutcsec starts!
01-19 11:28:08.088 552 560 D DrmLibTime: QSEE Time Listener: time_getutcsec
01-19 11:28:08.088 552 560 D DrmLibTime: QSEE Time Listener: get_utc_seconds
01-19 11:28:08.088 552 560 D DrmLibTime: QSEE Time Listener: time_get_modem_time
01-19 11:28:08.088 552 560 D DrmLibTime: QSEE Time Listener: Checking if ATS_MODEM is set or not.
01-19 11:28:08.088 552 560 D QC-time-services: Lib:time_genoff_operation: pargs->base = 13
01-19 11:28:08.088 552 560 D QC-time-services: Lib:time_genoff_operation: pargs->operation = 2
01-19 11:28:08.088 552 560 D QC-time-services: Lib:time_genoff_operation: pargs->ts_val = 0
01-19 11:28:08.089 552 560 D QC-time-services: Lib:time_genoff_operation: Send to server passed!!
01-19 11:28:08.089 651 1018 D QC-time-services: Daemon: Connection accepted:time_genoff
01-19 11:28:08.089 1461 2846 D LOWI-9.0.0.87.a: [LOWI-Scan]
01-19 11:28:08.089 1461 2846 D LOWI-9.0.0.87.a: [LOWI-Scan] print_bss_handler: Report beacon TSF 52031352 as it greater than probe TSF 52031352
01-19 11:28:08.089 1461 2846 D LOWI-9.0.0.87.a: [LOWI-Scan] decode_rsn_wpa_ie: LOWI_ENCRYPTION_TYPE_WPA_PSK
01-19 11:28:08.089 1461 2846 D LOWI-9.0.0.87.a: [LOWI-Scan] is_qcom_ie, bss_age: 0
01-19 11:28:08.089 1461 2846 D LOWI-9.0.0.87.a: [LOWI-Scan] BSS 18:6f:2d:80:25:b3 LOWI_PHY_MODE_11AC_VHT20(8), Beacon Interval: 100, LOWI_ENCRYPTION_TYPE_WPA_PSK 11mcRanging: No, ANQP: No, LCI: No, Civic: No, capability(0x0111): ESS Privacy SpectrumMgmt
01-19 11:28:08.089 1461 2846 D LOWI-9.0.0.87.a: [LOWI-Scan] BSS 18:6f:2d:80:25:b3 FREQ: 5280, cFreq1[40:80:160] = [5280:0:0] cFreq2 = 0 Country Code = CN
01-19 11:28:08.089 1461 2846 D LOWI-9.0.0.87.a: [LOWI-Scan] BSS 18:6f:2d:80:25:b3 (wlan0) ASSO: NO AddInfo: 0x1, TSF 0, 00:00:52.031, RSSI: -166, CPL: 127, AGE: 596, SSID Fanya, TSFDelta: 0xe424330b, TXRate: 0
01-19 11:28:08.093 1244 1244 I perfetto: ng_service_impl.cc:1821 FlushAndDisableTracing(1) done, success=1
01-19 11:28:08.099 1100 1214 D SystemServerTimingAsync: ssm.onUnlockedUser-0_com.android.server.people.PeopleService took to complete: 13ms
01-19 11:28:08.099 1100 1214 I SystemServerTimingAsync: ssm.onUnlockedUser-0_com.android.server.media.metrics.MediaMetricsManagerService
01-19 11:28:08.099 1100 1214 D SystemServerTimingAsync: ssm.onUnlockedUser-0_com.android.server.media.metrics.MediaMetricsManagerService took to complete: 0ms
01-19 11:28:08.099 1100 1214 I SystemServerTimingAsync: ssm.onUnlockedUser-0_com.android.server.media.projection.MediaProjectionManagerService
01-19 11:28:08.099 1100 1214 D SystemServerTimingAsync: ssm.onUnlockedUser-0_com.android.server.media.projection.MediaProjectionManagerService took to complete: 0ms
01-19 11:28:08.099 1100 1214 I SystemServerTimingAsync: ssm.onUnlockedUser-0_com.android.server.slice.SliceManagerService$Lifecycle
01-19 11:28:08.099 1100 1214 D SystemServerTimingAsync: ssm.onUnlockedUser-0_com.android.server.slice.SliceManagerService$Lifecycle took to complete: 0ms
01-19 11:28:08.099 1100 1214 I SystemServerTimingAsync: ssm.onUnlockedUser-0_com.android.server.stats.StatsCompanion$Lifecycle
01-19 11:28:08.099 1100 1214 D SystemServerTimingAsync: ssm.onUnlockedUser-0_com.android.server.stats.StatsCompanion$Lifecycle took to complete: 0ms
01-19 11:28:08.099 1100 1214 I SystemServerTimingAsync: ssm.onUnlockedUser-0_com.android.server.scheduling.RebootReadinessManagerService$Lifecycle
01-19 11:28:08.099 1100 1214 D SystemServerTimingAsync: ssm.onUnlockedUser-0_com.android.server.scheduling.RebootReadinessManagerService$Lifecycle took to complete: 0ms
01-19 11:28:08.099 1100 1214 I SystemServerTimingAsync: ssm.onUnlockedUser-0_com.android.server.stats.pull.StatsPullAtomService
01-19 11:28:08.099 1100 1214 D SystemServerTimingAsync: ssm.onUnlockedUser-0_com.android.server.stats.pull.StatsPullAtomService took to complete: 0ms
01-19 11:28:08.099 1100 1214 I SystemServerTimingAsync: ssm.onUnlockedUser-0_com.android.server.incident.IncidentCompanionService
01-19 11:28:08.099 1100 1214 D SystemServerTimingAsync: ssm.onUnlockedUser-0_com.android.server.incident.IncidentCompanionService took to complete: 0ms
01-19 11:28:08.100 1100 1214 I SystemServerTimingAsync: ssm.onUnlockedUser-0_com.android.server.MmsServiceBroker
01-19 11:28:08.100 1100 1214 D SystemServerTimingAsync: ssm.onUnlockedUser-0_com.android.server.MmsServiceBroker took to complete: 0ms
01-19 11:28:08.100 1100 1214 I SystemServerTimingAsync: ssm.onUnlockedUser-0_com.android.server.autofill.AutofillManagerService
01-19 11:28:08.100 1100 1214 D SystemServerTimingAsync: ssm.onUnlockedUser-0_com.android.server.autofill.AutofillManagerService took to complete: 0ms
01-19 11:28:08.100 1100 1214 I SystemServerTimingAsync: ssm.onUnlockedUser-0_com.android.server.clipboard.ClipboardService
01-19 11:28:08.100 1100 1214 D SystemServerTimingAsync: ssm.onUnlockedUser-0_com.android.server.clipboard.ClipboardService took to complete: 0ms
01-19 11:28:08.100 1100 1214 I SystemServerTimingAsync: ssm.onUnlockedUser-0_com.android.server.appbinding.AppBindingService$Lifecycle
01-19 11:28:08.100 1100 1214 D SystemServerTimingAsync: ssm.onUnlockedUser-0_com.android.server.appbinding.AppBindingService$Lifecycle took to complete: 0ms
01-19 11:28:08.100 1100 1214 I SystemServerTimingAsync: ssm.onUnlockedUser-0_com.android.server.tracing.TracingServiceProxy
01-19 11:28:08.100 1241 1241 I perfetto: probes_producer.cc:340 Producer stop (id=1)
01-19 11:28:08.100 1100 1214 D SystemServerTimingAsync: ssm.onUnlockedUser-0_com.android.server.tracing.TracingServiceProxy took to complete: 0ms
01-19 11:28:08.100 1100 1214 I SystemServerTimingAsync: ssm.onUnlockedUser-0_com.android.server.policy.PermissionPolicyService
01-19 11:28:08.100 1100 1214 D SystemServerTimingAsync: ssm.onUnlockedUser-0_com.android.server.policy.PermissionPolicyService took to complete: 0ms
01-19 11:28:08.100 1100 1214 I SystemServerTimingAsync: ssm.onUnlockedUser-0_com.android.server.pm.StagingManager$Lifecycle
01-19 11:28:08.100 1100 1214 D SystemServerTimingAsync: ssm.onUnlockedUser-0_com.android.server.pm.StagingManager$Lifecycle took to complete: 0ms
01-19 11:28:08.100 1100 1214 I SystemServerTimingAsync: ssm.onUnlockedUser-0_com.android.server.app.GameManagerService$Lifecycle
01-19 11:28:08.101 1100 1214 D SystemServerTimingAsync: ssm.onUnlockedUser-0_com.android.server.app.GameManagerService$Lifecycle took to complete: 0ms
01-19 11:28:08.101 1100 1214 I SystemServerTimingAsync: ssm.onUnlockedUser-0_com.android.server.appsearch.AppSearchManagerService
01-19 11:28:08.101 1100 1214 D SystemServerTimingAsync: ssm.onUnlockedUser-0_com.android.server.appsearch.AppSearchManagerService took to complete: 0ms
01-19 11:28:08.102 1100 1214 I SystemServerTimingAsync: ssm.onUnlockedUser-0_com.android.server.media.MediaCommunicationService
01-19 11:28:08.102 1100 1214 D SystemServerTimingAsync: ssm.onUnlockedUser-0_com.android.server.media.MediaCommunicationService took to complete: 0ms
01-19 11:28:08.102 1100 1214 D SystemServerTimingAsync: ssm.UnlockedUser-0 took to complete: 65ms
01-19 11:28:08.102 1100 1214 W ActivityManager: UserLifecycleEvent 6 received without an active userJourneySession.
01-19 11:28:08.103 1100 2731 I wm_task_created: [17,-1]
01-19 11:28:08.103 1100 1202 I DropBoxManagerService: add tag=system_server_strictmode isTagEnabled=true flags=0x2
01-19 11:28:08.106 1461 2846 D LOWI-9.0.0.87.a: [LOWI-Scan]
01-19 11:28:08.106 1461 2846 D LOWI-9.0.0.87.a: [LOWI-Scan] print_bss_handler: Report Probe TSF 52123461 as it greater than Beacon TSF 52095020
01-19 11:28:08.106 1461 2846 D LOWI-9.0.0.87.a: [LOWI-Scan] decode_rsn_wpa_ie: LOWI_ENCRYPTION_TYPE_WPA_PSK
01-19 11:28:08.106 1461 2846 D LOWI-9.0.0.87.a: [LOWI-Scan] is_qcom_ie, bss_age: 0
01-19 11:28:08.106 1461 2846 D LOWI-9.0.0.87.a: [LOWI-Scan] BSS 18:6f:2d:25:2a:d0 LOWI_PHY_MODE_11AC_VHT20(8), Beacon Interval: 100, LOWI_ENCRYPTION_TYPE_WPA_PSK 11mcRanging: No, ANQP: No, LCI: No, Civic: No, capability(0x0111): ESS Privacy SpectrumMgmt
01-19 11:28:08.106 1461 2846 D LOWI-9.0.0.87.a: [LOWI-Scan] BSS 18:6f:2d:25:2a:d0 FREQ: 5300, cFreq1[40:80:160] = [5300:0:0] cFreq2 = 0 Country Code = CN
01-19 11:28:08.106 1461 2846 D LOWI-9.0.0.87.a: [LOWI-Scan] BSS 18:6f:2d:25:2a:d0 (wlan0) ASSO: NO AddInfo: 0x0, TSF 0, 00:00:52.123, RSSI: -168, CPL: 127, AGE: 504, SSID Testing , TSFDelta: 0x73c0f7eb, TXRate: 0
01-19 11:28:08.106 1461 2846 D LOWI-9.0.0.87.a: [LOWI-Scan]
01-19 11:28:08.106 1461 2846 D LOWI-9.0.0.87.a: [LOWI-Scan] print_bss_handler: Report Probe TSF 52125198 as it greater than Beacon TSF 52095590
01-19 11:28:08.106 1461 2846 D LOWI-9.0.0.87.a: [LOWI-Scan] is_qcom_ie, bss_age: 0
01-19 11:28:08.106 1461 2846 D LOWI-9.0.0.87.a: [LOWI-Scan] BSS 18:6f:2d:25:2a:d1 LOWI_PHY_MODE_11AC_VHT20(8), Beacon Interval: 100, LOWI_ENCRYPTION_TYPE_OPEN 11mcRanging: No, ANQP: No, LCI: No, Civic: No, capability(0x0101): ESS SpectrumMgmt
01-19 11:28:08.106 1461 2846 D LOWI-9.0.0.87.a: [LOWI-Scan] BSS 18:6f:2d:25:2a:d1 FREQ: 5300, cFreq1[40:80:160] = [5300:0:0] cFreq2 = 0 Country Code = CN
01-19 11:28:08.106 1461 2846 D LOWI-9.0.0.87.a: [LOWI-Scan] BSS 18:6f:2d:25:2a:d1 (wlan0) ASSO: NO AddInfo: 0x0, TSF 0, 00:00:52.125, RSSI: -166, CPL: 127, AGE: 500, SSID Guest, TSFDelta: 0x73c61c5b, TXRate: 0
01-19 11:28:08.107 1461 2846 D LOWI-9.0.0.87.a: [LOWI-Scan]
01-19 11:28:08.107 1461 2846 D LOWI-9.0.0.87.a: [LOWI-Scan] print_bss_handler: Report Probe TSF 52125840 as it greater than Beacon TSF 52096304
01-19 11:28:08.107 1461 2846 D LOWI-9.0.0.87.a: [LOWI-Scan] decode_rsn_wpa_ie: LOWI_ENCRYPTION_TYPE_WPA_PSK
01-19 11:28:08.107 1461 2846 D LOWI-9.0.0.87.a: [LOWI-Scan] is_qcom_ie, bss_age: 0
01-19 11:28:08.107 1461 2846 D LOWI-9.0.0.87.a: [LOWI-Scan] BSS 18:6f:2d:25:2a:d2 LOWI_PHY_MODE_11AC_VHT20(8), Beacon Interval: 100, LOWI_ENCRYPTION_TYPE_WPA_PSK 11mcRanging: No, ANQP: No, LCI: No, Civic: No, capability(0x0111): ESS Privacy SpectrumMgmt
01-19 11:28:08.107 1461 2846 D LOWI-9.0.0.87.a: [LOWI-Scan] BSS 18:6f:2d:25:2a:d2 FREQ: 5300, cFreq1[40:80:160] = [5300:0:0] cFreq2 = 0 Country Code = CN
01-19 11:28:08.107 1461 2846 D LOWI-9.0.0.87.a: [LOWI-Scan] BSS 18:6f:2d:25:2a:d2 (wlan0) ASSO: NO AddInfo: 0x0, TSF 0, 00:00:52.125, RSSI: -166, CPL: 127, AGE: 500, SSID ZXHY, TSFDelta: 0x73cbbb93, TXRate: 0
01-19 11:28:08.107 1461 2846 D LOWI-9.0.0.87.a: [LOWI-Scan]
01-19 11:28:08.107 1461 2846 D LOWI-9.0.0.87.a: [LOWI-Scan] print_bss_handler: Report Probe TSF 52126331 as it greater than Beacon TSF 52098529
01-19 11:28:08.107 1461 2846 D LOWI-9.0.0.87.a: [LOWI-Scan] decode_rsn_wpa_ie: LOWI_ENCRYPTION_TYPE_WPA_PSK
01-19 11:28:08.107 1461 2846 D LOWI-9.0.0.87.a: [LOWI-Scan] is_qcom_ie, bss_age: 0
01-19 11:28:08.107 1461 2846 D LOWI-9.0.0.87.a: [LOWI-Scan] BSS 18:6f:2d:25:2a:d3 LOWI_PHY_MODE_11AC_VHT20(8), Beacon Interval: 100, LOWI_ENCRYPTION_TYPE_WPA_PSK 11mcRanging: No, ANQP: No, LCI: No, Civic: No, capability(0x0111): ESS Privacy SpectrumMgmt
01-19 11:28:08.107 1461 2846 D LOWI-9.0.0.87.a: [LOWI-Scan] BSS 18:6f:2d:25:2a:d3 FREQ: 5300, cFreq1[40:80:160] = [5300:0:0] cFreq2 = 0 Country Code = CN
01-19 11:28:08.107 1461 2846 D LOWI-9.0.0.87.a: [LOWI-Scan] BSS 18:6f:2d:25:2a:d3 (wlan0) ASSO: NO AddInfo: 0x0, TSF 0, 00:00:52.126, RSSI: -166, CPL: 127, AGE: 500, SSID Fanya, TSFDelta: 0x73d165f3, TXRate: 0
01-19 11:28:08.108 1461 2846 D LOWI-9.0.0.87.a: [LOWI-Scan]
01-19 11:28:08.108 1461 2846 D LOWI-9.0.0.87.a: [LOWI-Scan] print_bss_handler: Report Probe TSF 52126824 as it greater than Beacon TSF 52098640
01-19 11:28:08.108 1461 2846 D LOWI-9.0.0.87.a: [LOWI-Scan] decode_rsn_wpa_ie: LOWI_ENCRYPTION_TYPE_WPA_PSK
01-19 11:28:08.108 1461 2846 D LOWI-9.0.0.87.a: [LOWI-Scan] is_qcom_ie, bss_age: 0
01-19 11:28:08.108 1461 2846 D LOWI-9.0.0.87.a: [LOWI-Scan] BSS 18:6f:2d:25:2a:d4 LOWI_PHY_MODE_11AC_VHT20(8), Beacon Interval: 100, LOWI_ENCRYPTION_TYPE_WPA_PSK 11mcRanging: No, ANQP: No, LCI: No, Civic: No, capability(0x0111): ESS Privacy SpectrumMgmt
01-19 11:28:08.108 1461 2846 D LOWI-9.0.0.87.a: [LOWI-Scan] BSS 18:6f:2d:25:2a:d4 FREQ: 5300, cFreq1[40:80:160] = [5300:0:0] cFreq2 = 0 Country Code = CN
01-19 11:28:08.108 1461 2846 D LOWI-9.0.0.87.a: [LOWI-Scan] BSS 18:6f:2d:25:2a:d4 (wlan0) ASSO: NO AddInfo: 0x0, TSF 0, 00:00:52.126, RSSI: -166, CPL: 127, AGE: 500, SSID ThunderSoft, TSFDelta: 0x73d9a48a, TXRate: 0
01-19 11:28:08.108 1100 1212 I UsageStatsService: User[0] Flushing usage stats to disk
01-19 11:28:08.108 1461 2846 D LOWI-9.0.0.87.a: [LOWI-Scan]
01-19 11:28:08.108 1461 2846 D LOWI-9.0.0.87.a: [LOWI-Scan] print_bss_handler: Report Probe TSF 52127214 as it greater than Beacon TSF 52098760
01-19 11:28:08.108 1461 2846 D LOWI-9.0.0.87.a: [LOWI-Scan] decode_rsn_wpa_ie: LOWI_ENCRYPTION_TYPE_WPA_PSK
01-19 11:28:08.108 1461 2846 D LOWI-9.0.0.87.a: [LOWI-Scan] is_qcom_ie, bss_age: 0
01-19 11:28:08.108 1461 2846 D LOWI-9.0.0.87.a: [LOWI-Scan] BSS 18:6f:2d:25:2a:d5 LOWI_PHY_MODE_11AC_VHT20(8), Beacon Interval: 100, LOWI_ENCRYPTION_TYPE_WPA_PSK 11mcRanging: No, ANQP: No, LCI: No, Civic: No, capability(0x0111): ESS Privacy SpectrumMgmt
01-19 11:28:08.108 1461 2846 D LOWI-9.0.0.87.a: [LOWI-Scan] BSS 18:6f:2d:25:2a:d5 FREQ: 5300, cFreq1[40:80:160] = [5300:0:0] cFreq2 = 0 Country Code = CN
01-19 11:28:08.108 1461 2846 D LOWI-9.0.0.87.a: [LOWI-Scan] BSS 18:6f:2d:25:2a:d5 (wlan0) ASSO: NO AddInfo: 0x0, TSF 0, 00:00:52.127, RSSI: -168, CPL: 127, AGE: 500, SSID GM, TSFDelta: 0x73dc9024, TXRate: 0
01-19 11:28:08.109 651 2979 D QC-time-services: Daemon:Received base = 13, unit = 1, operation = 2,value = 0
01-19 11:28:08.109 651 2979 D QC-time-services: Daemon:genoff_opr: Base = 13, val = 0, operation = 2
01-19 11:28:08.109 651 2979 D QC-time-services: offset is: 0 for base: 13
01-19 11:28:08.110 552 560 E QC-time-services: Receive Passed == base = 13, unit = 1, operation = 2, result = 0
01-19 11:28:08.110 552 560 D DrmLibTime: QSEE Time Listener: ATS_MODEM is not set. Fallback to Android system time.
01-19 11:28:08.110 552 560 D DrmLibTime: QSEE Time Listener: Retrieved Android system time: 1674098888
01-19 11:28:08.110 552 560 D DrmLibTime: time_getutcsec returns 0, sec = 1674098888; nsec = 0
01-19 11:28:08.110 552 560 D DrmLibTime: time_getutcsec finished!
01-19 11:28:08.110 552 560 D DrmLibTime: iotcl_continue_command finished! and return 0
01-19 11:28:08.110 552 560 D DrmLibTime: before calling ioctl to read the next time_cmd
01-19 11:28:08.110 1241 1241 I perfetto: ftrace_procfs.cc:213 disabled ftrace in /sys/kernel/tracing/
01-19 11:28:08.111 1461 2846 D LOWI-9.0.0.87.a: [LOWI-Scan]
01-19 11:28:08.111 1461 2846 D LOWI-9.0.0.87.a: [LOWI-Scan] print_bss_handler: Report Probe TSF 52186165 as it greater than Beacon TSF 0
01-19 11:28:08.111 1461 2846 D LOWI-9.0.0.87.a: [LOWI-Scan] decode_rsn_wpa_ie: LOWI_ENCRYPTION_TYPE_WPA_PSK
01-19 11:28:08.111 1461 2846 D LOWI-9.0.0.87.a: [LOWI-Scan] is_qcom_ie, bss_age: 0
01-19 11:28:08.111 1461 2846 D LOWI-9.0.0.87.a: [LOWI-Scan] BSS e4:7d:eb:08:3c:f4 LOWI_PHY_MODE_11NG_HT20(5), Beacon Interval: 100, LOWI_ENCRYPTION_TYPE_WPA_PSK 11mcRanging: No, ANQP: No, LCI: No, Civic: No, capability(0x0431): ESS Privacy ShortPreamble ShortSlotTime
01-19 11:28:08.111 1461 2846 D LOWI-9.0.0.87.a: [LOWI-Scan] BSS e4:7d:eb:08:3c:f4 FREQ: 2452, cFreq1[40:80:160] = [0:0:0] cFreq2 = 0 Country Code = CN
01-19 11:28:08.111 1461 2846 D LOWI-9.0.0.87.a: [LOWI-Scan] BSS e4:7d:eb:08:3c:f4 (wlan0) ASSO: NO AddInfo: 0x0, TSF 0, 00:00:52.186, RSSI: -106, CPL: 127, AGE: 440, SSID sscz_3CF4, TSFDelta: 0x469b3a2e, TXRate: 0
01-19 11:28:08.123 1100 2731 I wm_task_moved: [17,1,2147483647]
01-19 11:28:08.125 1461 2846 D LOWI-9.0.0.87.a: [LOWI-Scan]
01-19 11:28:08.125 1461 2846 D LOWI-9.0.0.87.a: [LOWI-Scan] print_bss_handler: Report Probe TSF 52344809 as it greater than Beacon TSF 0
01-19 11:28:08.125 1461 2846 D LOWI-9.0.0.87.a: [LOWI-Scan] decode_rsn_wpa_ie: LOWI_ENCRYPTION_TYPE_WPA_PSK
01-19 11:28:08.125 1461 2846 D LOWI-9.0.0.87.a: [LOWI-Scan] is_qcom_ie, bss_age: 0
01-19 11:28:08.125 1461 2846 D LOWI-9.0.0.87.a: [LOWI-Scan] BSS ec:60:73:e8:af:fe LOWI_PHY_MODE_11NG_HT40(7), Beacon Interval: 100, LOWI_ENCRYPTION_TYPE_WPA_PSK 11mcRanging: No, ANQP: No, LCI: No, Civic: No, capability(0x1411): ESS Privacy ShortSlotTime
01-19 11:28:08.125 1461 2846 D LOWI-9.0.0.87.a: [LOWI-Scan] BSS ec:60:73:e8:af:fe FREQ: 2462, cFreq1[40:80:160] = [2452:0:0] cFreq2 = 0 Country Code = CN
01-19 11:28:08.125 1461 2846 D LOWI-9.0.0.87.a: [LOWI-Scan] BSS ec:60:73:e8:af:fe (wlan0) ASSO: NO AddInfo: 0x0, TSF 0, 00:00:52.344, RSSI: -80, CPL: 127, AGE: 280, SSID TP-LINK_AFFE, TSFDelta: 0xf5742bb4, TXRate: 0
01-19 11:28:08.126 1461 2846 D LOWI-9.0.0.87.a: [LOWI-Scan]
01-19 11:28:08.126 1461 2846 D LOWI-9.0.0.87.a: [LOWI-Scan] print_bss_handler: Report Probe TSF 52327787 as it greater than Beacon TSF 52295537
01-19 11:28:08.126 1461 2846 D LOWI-9.0.0.87.a: [LOWI-Scan] decode_rsn_wpa_ie: LOWI_ENCRYPTION_TYPE_WPA_PSK
01-19 11:28:08.126 1461 2846 D LOWI-9.0.0.87.a: [LOWI-Scan] is_qcom_ie, bss_age: 0
01-01 08:06:24.673 0 0 I android_work: did not send uevent (0 0 0000000000000000)
01-19 11:28:08.126 1461 2846 D LOWI-9.0.0.87.a: [LOWI-Scan] BSS 7c:d9:5c:9d:f7:e0 LOWI_PHY_MODE_11NG_HT20(5), Beacon Interval: 100, LOWI_ENCRYPTION_TYPE_WPA_PSK 11mcRanging: No, ANQP: No, LCI: No, Civic: No, capability(0x1431): ESS Privacy ShortPreamble ShortSlotTime
01-19 11:28:08.126 1461 2846 D LOWI-9.0.0.87.a: [LOWI-Scan] BSS 7c:d9:5c:9d:f7:e0 FREQ: 2462, cFreq1[40:80:160] = [0:0:0] cFreq2 = 0 Country Code = US
01-19 11:28:08.126 1461 2846 D LOWI-9.0.0.87.a: [LOWI-Scan] BSS 7c:d9:5c:9d:f7:e0 (wlan0) ASSO: NO AddInfo: 0x0, TSF 0, 00:00:52.327, RSSI: -114, CPL: 127, AGE: 300, SSID Google nest wifi, TSFDelta: 0xcddb41f4, TXRate: 0
01-19 11:28:08.127 1461 2846 D LOWI-9.0.0.87.a: [LOWI-Scan]
01-19 11:28:08.127 1461 2846 D LOWI-9.0.0.87.a: [LOWI-Scan] print_bss_handler: Report Probe TSF 52333918 as it greater than Beacon TSF 0
01-19 11:28:08.127 1461 2846 D LOWI-9.0.0.87.a: [LOWI-Scan] decode_rsn_wpa_ie: LOWI_ENCRYPTION_TYPE_WPA_PSK
01-19 11:28:08.127 1461 2846 D LOWI-9.0.0.87.a: [LOWI-Scan] is_qcom_ie, bss_age: 0
01-19 11:28:08.127 1461 2846 D LOWI-9.0.0.87.a: [LOWI-Scan] BSS 34:f7:16:b2:4c:1e LOWI_PHY_MODE_11NG_HT20(5), Beacon Interval: 100, LOWI_ENCRYPTION_TYPE_WPA_PSK 11mcRanging: No, ANQP: No, LCI: No, Civic: No, capability(0x1431): ESS Privacy ShortPreamble ShortSlotTime
01-19 11:28:08.127 1461 2846 D LOWI-9.0.0.87.a: [LOWI-Scan] BSS 34:f7:16:b2:4c:1e FREQ: 2462, cFreq1[40:80:160] = [2462:0:0] cFreq2 = 0 Country Code =
01-19 11:28:08.127 1461 2846 D LOWI-9.0.0.87.a: [LOWI-Scan] BSS 34:f7:16:b2:4c:1e (wlan0) ASSO: NO AddInfo: 0x0, TSF 0, 00:00:52.333, RSSI: -114, CPL: 127, AGE: 292, SSID martians, TSFDelta: 0xebabd93a, TXRate: 0
01-19 11:28:08.127 1461 2846 D LOWI-9.0.0.87.a: [LOWI-Scan]
01-19 11:28:08.127 1461 2846 D LOWI-9.0.0.87.a: [LOWI-Scan] print_bss_handler: Report Probe TSF 52327659 as it greater than Beacon TSF 0
01-19 11:28:08.127 1461 2846 D LOWI-9.0.0.87.a: [LOWI-Scan] decode_rsn_wpa_ie: LOWI_ENCRYPTION_TYPE_WPA_PSK
01-19 11:28:08.127 1461 2846 D LOWI-9.0.0.87.a: [LOWI-Scan] is_qcom_ie, bss_age: 0
01-19 11:28:08.128 1461 2846 D LOWI-9.0.0.87.a: [LOWI-Scan] BSS dc:fe:18:77:4e:9a LOWI_PHY_MODE_11NG_HT40(7), Beacon Interval: 100, LOWI_ENCRYPTION_TYPE_WPA_PSK 11mcRanging: No, ANQP: No, LCI: No, Civic: No, capability(0x0431): ESS Privacy ShortPreamble ShortSlotTime
01-19 11:28:08.128 1461 2846 D LOWI-9.0.0.87.a: [LOWI-Scan] BSS dc:fe:18:77:4e:9a FREQ: 2462, cFreq1[40:80:160] = [2452:0:0] cFreq2 = 0 Country Code =
01-19 11:28:08.128 1461 2846 D LOWI-9.0.0.87.a: [LOWI-Scan] BSS dc:fe:18:77:4e:9a (wlan0) ASSO: NO AddInfo: 0x0, TSF 0, 00:00:52.327, RSSI: -114, CPL: 127, AGE: 300, SSID TP-LINK_4E9A, TSFDelta: 0x71ca97a2, TXRate: 0
01-19 11:28:08.128 1100 2731 I wm_task_moved: [1,1,5]
01-19 11:28:08.128 1100 2731 I wm_create_task: [0,17]
01-19 11:28:08.128 1100 2731 I wm_create_activity: [0,79622418,17,com.android.launcher3/.uioverrides.QuickstepLauncher,android.intent.action.MAIN,NULL,NULL,268435712]
01-19 11:28:08.128 1100 2731 I wm_task_moved: [1,1,5]
01-19 11:28:08.129 1100 2731 I wm_task_moved: [17,1,2147483647]
01-19 11:28:08.129 1100 2731 I wm_task_to_front: [0,17]
01-19 11:28:08.133 1100 2731 D CompatibilityChangeReporter: Compat change id reported: 168419799; UID 10086; state: DISABLED
01-19 11:28:08.133 1100 2731 D CompatibilityInfo: mCompatibilityFlags - 4
01-19 11:28:08.133 1100 2731 D CompatibilityInfo: applicationDensity - 240
01-19 11:28:08.134 1100 2731 D CompatibilityInfo: applicationScale - 1.0
01-19 11:28:08.135 1100 2731 I ActivityTaskManager: FOREGROUND_APPLICATION_CHANGED to com.android.launcher3.uioverrides.QuickstepLauncher
01-19 11:28:08.138 1461 2846 D LOWI-9.0.0.87.a: [LOWI-Scan]
01-19 11:28:08.138 1461 2846 D LOWI-9.0.0.87.a: [LOWI-Scan] print_bss_handler: Report beacon TSF 52306498 as it greater than probe TSF 52306498
01-19 11:28:08.139 1461 2846 D LOWI-9.0.0.87.a: [LOWI-Scan] decode_rsn_wpa_ie: LOWI_ENCRYPTION_TYPE_WPA_PSK
01-19 11:28:08.139 1461 2846 D LOWI-9.0.0.87.a: [LOWI-Scan] is_qcom_ie, bss_age: 0
01-19 11:28:08.139 1461 2846 D LOWI-9.0.0.87.a: [LOWI-Scan] BSS 18:6f:2d:81:17:60 LOWI_PHY_MODE_11G(1), Beacon Interval: 100, LOWI_ENCRYPTION_TYPE_WPA_PSK 11mcRanging: No, ANQP: No, LCI: No, Civic: No, capability(0x0531): ESS Privacy ShortPreamble SpectrumMgmt ShortSlotTime
01-19 11:28:08.139 1461 2846 D LOWI-9.0.0.87.a: [LOWI-Scan] BSS 18:6f:2d:81:17:60 FREQ: 2462, cFreq1[40:80:160] = [0:0:0] cFreq2 = 0 Country Code = CN
01-19 11:28:08.139 1461 2846 D LOWI-9.0.0.87.a: [LOWI-Scan] BSS 18:6f:2d:81:17:60 (wlan0) ASSO: NO AddInfo: 0x1, TSF 0, 00:00:52.306, RSSI: -168, CPL: 127, AGE: 320, SSID Testing , TSFDelta: 0x669f0e7a, TXRate: 0
01-19 11:28:08.139 1461 2846 D LOWI-9.0.0.87.a: [LOWI-Scan]
01-19 11:28:08.139 1461 2846 D LOWI-9.0.0.87.a: [LOWI-Scan] print_bss_handler: Report Probe TSF 52334350 as it greater than Beacon TSF 52310344
01-19 11:28:08.139 1461 2846 D LOWI-9.0.0.87.a: [LOWI-Scan] is_qcom_ie, bss_age: 0
01-19 11:28:08.139 1461 2846 D LOWI-9.0.0.87.a: [LOWI-Scan] BSS 18:6f:2d:81:17:61 LOWI_PHY_MODE_11G(1), Beacon Interval: 100, LOWI_ENCRYPTION_TYPE_OPEN 11mcRanging: No, ANQP: No, LCI: No, Civic: No, capability(0x0521): ESS ShortPreamble SpectrumMgmt ShortSlotTime
01-19 11:28:08.139 1461 2846 D LOWI-9.0.0.87.a: [LOWI-Scan] BSS 18:6f:2d:81:17:61 FREQ: 2462, cFreq1[40:80:160] = [0:0:0] cFreq2 = 0 Country Code = CN
01-19 11:28:08.139 1461 2846 D LOWI-9.0.0.87.a: [LOWI-Scan] BSS 18:6f:2d:81:17:61 (wlan0) ASSO: NO AddInfo: 0x0, TSF 0, 00:00:52.334, RSSI: -168, CPL: 127, AGE: 304, SSID Guest, TSFDelta: 0x67b04bf8, TXRate: 0
01-19 11:28:08.140 509 2978 W libc : Unable to set property "ctl.interface_start" to "vendor.qti.hardware.iop@2.0::IIop/default": error code: 0x20
01-19 11:28:08.140 509 2978 I hwservicemanager: Tried to start vendor.qti.hardware.iop@2.0::IIop/default as a lazy service, but was unable to. Usually this happens when a service is not installed, but if the service is intended to be used as a lazy service, then it may be configured incorrectly.
01-19 11:28:08.140 1461 2846 D LOWI-9.0.0.87.a: [LOWI-Scan]
01-19 11:28:08.140 1461 2846 D LOWI-9.0.0.87.a: [LOWI-Scan] print_bss_handler: Report beacon TSF 52311501 as it greater than probe TSF 52311501
01-19 11:28:08.140 1461 2846 D LOWI-9.0.0.87.a: [LOWI-Scan] decode_rsn_wpa_ie: LOWI_ENCRYPTION_TYPE_WPA_PSK
