01-19 11:28:08.672 1461 1513 I LOWI-9.0.0.87.a: [LOWIController] isWifiEnabled: Wifi is now enabled
01-19 11:28:08.672 1461 1513 D LOWI-9.0.0.87.a: [LOWIController] terminateScanResultReceiver
01-19 11:28:08.673 2660 3015 E FrameEvents: updateAcquireFence: Did not find frame.
01-19 11:28:08.677 1100 1200 I EthernetTracker: interfaceLinkStateChanged, iface: wlan0, up: false
01-19 11:28:08.682 3061 3061 D CompatibilityChangeReporter: Compat change id reported: 171979766; UID 10061; state: DISABLED
01-19 11:28:08.690 1100 1912 D WifiClientModeImpl[wlan0]: ConnectedMacRandomization SSID(H3C_EPOCH_ETH10). setMacAddress(ba:d9:5f:7d:66:a6) from 46:44:55:a1:5b:6e = true
01-19 11:28:08.696 1461 1513 D LOWI-9.0.0.87.a: [LOWIWpaInterface] OpenCtrl]61 Success for mCtrl
01-19 11:28:08.696 1461 1513 D LOWI-9.0.0.87.a: [LOWI-Scan] nl80211_init:SUCCESS
01-19 11:28:08.703 1100 2953 V BackupManagerConstants: getKeyValueBackupIntervalMilliseconds(...) returns 14400000
01-19 11:28:08.704 1100 2953 V BackupManagerConstants: getKeyValueBackupFuzzMilliseconds(...) returns 600000
01-19 11:28:08.704 1100 2953 V BackupManagerConstants: getKeyValueBackupRequiredNetworkType(...) returns 1
01-19 11:28:08.704 1100 2953 V BackupManagerConstants: getKeyValueBackupRequireCharging(...) returns true
01-19 11:28:08.706 2956 2956 I Perf : Connecting to perf service.
01-19 11:28:08.704 1100 2953 V KeyValueBackupJob: Scheduling k/v pass in 244 minutes
01-19 11:28:08.709 2660 3015 E FrameEvents: updateAcquireFence: Did not find frame.
01-19 11:28:08.709 1461 1513 D LOWI-9.0.0.87.a: [LOWI-Scan] nl_get_wiphy_info, done err = 0
01-19 11:28:08.709 1461 1513 I LOWI-9.0.0.87.a: [LOWI-Scan] WipsGetSupportedChannels: return err = 0 num_2g_ch = 13 num_5g_ch = 13 num_6g_ch = 0
01-19 11:28:08.709 1461 1513 I LOWI-9.0.0.87.a: [LOWIWifiDriverUtils] set the band mask from wiphy 3
01-19 11:28:08.710 2907 2922 I adbd : jdwp connection from 3089
01-19 11:28:08.712 2660 3015 E FrameEvents: updateAcquireFence: Did not find frame.
01-19 11:28:08.716 3061 3061 D nativeloader: classloader namespace configured for unbundled vendor apk. library_path=/vendor/app/TsUartService/lib/arm64:/vendor/lib64
01-19 11:28:08.717 1100 1912 I WifiClientModeImpl[wlan0]: Connecting with ba:d9:5f:7d:66:a6 as the mac address
01-19 11:28:08.719 1295 1295 W wificond: Scan is not started. Ignore abort request
01-19 11:28:08.720 1100 1912 D SupplicantStaIfaceHal: connectToNetwork "H3C_EPOCH_ETH10"WPA_PSK isMixedGbkUtf=false
01-19 11:28:08.722 1100 1912 I SupplicantStaIfaceHal: addSupplicantStaNetwork via HIDL
01-19 11:28:08.733 1461 1513 D LOWI-9.0.0.87.a: [LOWIWifiDriverUtils] getWiFiIdentityFromIoctl: ioctl(GET_MAC_ADDR) return: 0, Mac = ba:d9:5f:7d:66:a6
01-19 11:28:08.736 1100 3012 I am_proc_bound: [0,2993,com.android.providers.media.module]
01-19 11:28:08.739 2956 2956 V GraphicsEnvironment: ANGLE Developer option for 'com.qualcomm.location' set to: 'default'
01-19 11:28:08.739 1100 3012 D CompatibilityChangeReporter: Compat change id reported: 168419799; UID 10100; state: DISABLED
01-19 11:28:08.739 2956 2956 V GraphicsEnvironment: ANGLE GameManagerService for com.qualcomm.location: false
01-19 11:28:08.739 1100 3012 D CompatibilityInfo: mCompatibilityFlags - 4
01-19 11:28:08.739 1100 3012 D CompatibilityInfo: applicationDensity - 240
01-19 11:28:08.739 1100 3012 D CompatibilityInfo: applicationScale - 1.0
01-19 11:28:08.741 1100 3012 I am_uid_active: 10100
01-19 11:28:08.741 2956 2956 D NetworkSecurityConfig: No Network Security Config specified, using platform default
01-19 11:28:08.741 2956 2956 D NetworkSecurityConfig: No Network Security Config specified, using platform default
01-19 11:28:08.742 1100 3012 D CompatibilityInfo: mCompatibilityFlags - 4
01-19 11:28:08.742 1100 3012 D CompatibilityInfo: applicationDensity - 240
01-19 11:28:08.742 1100 3012 D CompatibilityInfo: applicationScale - 1.0
01-19 11:28:08.745 509 509 I hwservicemanager: Since vendor.qti.hardware.iop@2.0::IIop/default is not registered, trying to start it as a lazy HAL.
01-19 11:28:08.746 3089 3089 D ProcessState: Binder ioctl to enable oneway spam detection failed: Invalid argument
01-19 11:28:08.747 2660 2660 V Launcher: LauncherAppState initiated
01-19 11:28:08.748 1297 1297 E ANDR-IOP: IIop:: Iop HAL Service is not available.
01-19 11:28:08.761 3061 3061 I Perf : Connecting to perf service.
01-19 11:28:08.761 2660 2660 D DeviceProfile: updateIconDrawableOffset: folderIconSizePx=68
01-19 11:28:08.763 1100 1135 I am_proc_bound: [0,3089,.pasr]
01-19 11:28:08.766 1100 1135 D CompatibilityChangeReporter: Compat change id reported: 168419799; UID 10056; state: DISABLED
01-19 11:28:08.767 1100 1135 D CompatibilityInfo: mCompatibilityFlags - 4
01-19 11:28:08.767 1100 1135 D CompatibilityInfo: applicationDensity - 240
01-19 11:28:08.767 1100 1135 D CompatibilityInfo: applicationScale - 1.0
01-19 11:28:08.769 1461 1513 I LOWI-9.0.0.87.a: [LOWI-ROME-RTT] RomeWipsOpen: libCld80211 found, load the symbols..
01-19 11:28:08.770 1100 1135 I am_uid_active: 10056
01-19 11:28:08.771 1461 1513 I CLD80211: lowi-server: initialized exit socket pair
01-19 11:28:08.771 1461 1513 D LOWI-9.0.0.87.a: [LOWI-ROME-RTT] cld80211InitAndRegister: Init and Registration done
01-19 11:28:08.772 509 509 I hwservicemanager: getTransport: Cannot find entry android.hardware.wifi.supplicant@1.4::ISupplicant/default in either framework or device VINTF manifest.
01-19 11:28:08.774 509 509 I hwservicemanager: getTransport: Cannot find entry android.hardware.wifi.supplicant@1.4::ISupplicant/default in either framework or device VINTF manifest.
01-19 11:28:08.777 1100 1136 D CompatibilityInfo: mCompatibilityFlags - 4
01-19 11:28:08.777 1100 1136 D CompatibilityInfo: applicationDensity - 240
01-19 11:28:08.777 1100 1136 D CompatibilityInfo: applicationScale - 1.0
01-19 11:28:08.779 1100 1136 D CompatibilityInfo: mCompatibilityFlags - 4
01-19 11:28:08.779 1100 1136 D CompatibilityInfo: applicationDensity - 240
01-19 11:28:08.779 1100 1136 D CompatibilityInfo: applicationScale - 1.0
01-19 11:28:08.781 509 3120 W libc : Unable to set property "ctl.interface_start" to "vendor.qti.hardware.iop@2.0::IIop/default": error code: 0x20
01-19 11:28:08.781 509 3120 I hwservicemanager: Tried to start vendor.qti.hardware.iop@2.0::IIop/default as a lazy service, but was unable to. Usually this happens when a service is not installed, but if the service is intended to be used as a lazy service, then it may be configured incorrectly.
01-19 11:28:08.787 3007 3007 I Perf : Connecting to perf service.
01-19 11:28:08.788 1100 1136 D CompatibilityChangeReporter: Compat change id reported: 168419799; UID 10093; state: DISABLED
01-19 11:28:08.788 1100 1136 D CompatibilityInfo: mCompatibilityFlags - 4
01-19 11:28:08.788 1100 1136 D CompatibilityInfo: applicationDensity - 240
01-19 11:28:08.788 1100 1136 D CompatibilityInfo: applicationScale - 1.0
01-19 11:28:08.788 2993 2993 D CompatibilityChangeReporter: Compat change id reported: 171979766; UID 10100; state: DISABLED
01-19 11:28:08.790 2956 2956 D IzatProvider: getNetworkProvider
01-19 11:28:08.791 2755 2755 I QCCAuthMgr: BootReceiver - onReceive
01-19 11:28:08.791 2755 2755 I QCCAuthMgr: android.intent.action.LOCKED_BOOT_COMPLETED intent received
01-19 11:28:08.792 1461 1513 D LOWI-9.0.0.87.a: [LOWIController] createWifiDriver: wifi driver created.
01-19 11:28:08.792 1461 1513 D LOWI-9.0.0.87.a: [LOWIController] getWifiCapabilities
01-19 11:28:08.792 1461 1513 D LOWI-9.0.0.87.a: [LOWIController] passContConfig
01-19 11:28:08.792 1461 1513 I LOWI-9.0.0.87.a: [LOWIWifiDriverUtils] return band_mask based on wiphy 3
01-19 11:28:08.792 1461 1513 D LOWI-9.0.0.87.a: [LOWIControllerExtn] createScanResultReceiver: scanbitmask(0x26)
01-19 11:28:08.792 1461 1513 D LOWI-9.0.0.87.a: [LOWIController] createScanResultReceiver: Capabilities: discovery(1), ranging(1), bgscan(0), scanbitmask(0x26)
01-19 11:28:08.792 2755 2755 D QCCAuthMgr: SMQContentProvider query uri: content://com.qti.smq.Feedback.provider/smq_settings, selection: key=?, uri_matcher: 1
01-19 11:28:08.792 2755 2755 D QCCAuthMgr: SMQContentProvider query tableName: smq_settings
01-19 11:28:08.792 1461 1513 D LOWI-9.0.0.87.a: [LOWIController] created scanReceiver successfully
01-19 11:28:08.792 1461 1513 D LOWI-9.0.0.87.a: [LOWIController] created scanReceiver successfully
01-19 11:28:08.793 2755 2755 I QCCAuthMgr: BootReceiver - db is not initial
01-19 11:28:08.805 1461 3128 D LOWI-9.0.0.87.a: [LOWI-Scan] Creating the pipe
01-19 11:28:08.805 1461 3128 D LOWI-9.0.0.87.a: [LOWIScanResultReceiver] Enter passive listening mode
01-19 11:28:08.805 1100 2281 D CompatibilityChangeReporter: Compat change id reported: 168419799; UID 1000; state: DISABLED
01-19 11:28:08.805 1461 3128 D LOWI-9.0.0.87.a: [LOWIWifiDriverInterface] getMeasurements - Passive listening mode
01-19 11:28:08.805 1461 3128 D LOWI-9.0.0.87.a: [LOWI-Scan] WipsScanUsingNL:wait -1 sec for netlink message
01-19 11:28:08.805 1100 2281 D CompatibilityInfo: mCompatibilityFlags - 4
01-19 11:28:08.805 1461 3129 D LOWI-9.0.0.87.a: [LOWI-ROME-RTT] Creating pipe to Ranging Thread
01-19 11:28:08.805 1100 2281 D CompatibilityInfo: applicationDensity - 240
01-19 11:28:08.805 1461 3129 D LOWI-9.0.0.87.a: [LOWIScanResultReceiver] Enter passive listening mode
01-19 11:28:08.805 1461 3129 D LOWI-9.0.0.87.a: [LOWIRangingFSM] FSM: Received Event EVENT_START_THREAD, Current state: STATE_IDLE_START
01-19 11:28:08.805 1100 2281 D CompatibilityInfo: applicationScale - 1.0
01-19 11:28:08.806 3089 3089 D CompatibilityChangeReporter: Compat change id reported: 171979766; UID 10056; state: DISABLED
01-19 11:28:08.807 1100 1135 I dvm_lock_sample: [system_server,1,Binder:1100_1,6,WindowManagerService.java,6123,boolean com.android.server.wm.WindowManagerService.hasNavigationBar(int),ActivityTaskManagerService.java,5619,android.content.res.CompatibilityInfo com.android.server.wm.ActivityTaskManagerService$LocalService.compatibilityInfoForPackage(android.content.pm.ApplicationInfo),1]
01-19 11:28:08.813 2572 2572 I QCC:QDMAEmbargoesList: checkEmbargoesListFile
01-19 11:28:08.815 2660 2660 D CompatibilityChangeReporter: Compat change id reported: 171228096; UID 10086; state: ENABLED
01-19 11:28:08.821 1100 1912 I System.out: stanetwork getId >>0
01-19 11:28:08.822 1100 1912 E SupplicantStaNetworkHal: set ISupplicantVendorStaNetwork successfull
01-19 11:28:08.826 1388 1783 D BufferPoolAccessor2.0: bufferpool2 0xb40000722912a598 : 0(0 size) total buffers - 0(0 size) used buffers - 9/11 (recycle/alloc) - 2/10 (fetch/transfer)
01-19 11:28:08.826 1388 1783 D BufferPoolAccessor2.0: bufferpool2 0xb40000722912c5f8 : 0(0 size) total buffers - 0(0 size) used buffers - 8/10 (recycle/alloc) - 3/9 (fetch/transfer)
01-19 11:28:08.826 1388 1783 D BufferPoolAccessor2.0: bufferpool2 0xb40000722912d628 : 0(0 size) total buffers - 0(0 size) used buffers - 8/10 (recycle/alloc) - 2/9 (fetch/transfer)
01-19 11:28:08.826 1388 1783 D BufferPoolAccessor2.0: bufferpool2 0xb400007229127bf8 : 0(0 size) total buffers - 0(0 size) used buffers - 11/15 (recycle/alloc) - 4/14 (fetch/transfer)
01-19 11:28:08.826 1388 1783 D BufferPoolAccessor2.0: bufferpool2 0xb4000072291279a8 : 0(0 size) total buffers - 0(0 size) used buffers - 12/15 (recycle/alloc) - 3/14 (fetch/transfer)
01-19 11:28:08.826 1388 1783 D BufferPoolAccessor2.0: evictor expired: 5, evicted: 5
01-19 11:28:08.826 1100 2160 D BufferPoolAccessor2.0: bufferpool2 0xb400007d39091088 : 0(0 size) total buffers - 0(0 size) used buffers - 3/7 (recycle/alloc) - 4/34 (fetch/transfer)
01-19 11:28:08.826 1100 2160 D BufferPoolAccessor2.0: bufferpool2 0xb400007d39095a88 : 0(0 size) total buffers - 0(0 size) used buffers - 3/7 (recycle/alloc) - 4/24 (fetch/transfer)
01-19 11:28:08.826 1100 2160 D BufferPoolAccessor2.0: bufferpool2 0xb400007d39093a28 : 0(0 size) total buffers - 0(0 size) used buffers - 1/7 (recycle/alloc) - 6/26 (fetch/transfer)
01-19 11:28:08.826 1100 2160 D BufferPoolAccessor2.0: bufferpool2 0xb400007d3909b268 : 0(0 size) total buffers - 0(0 size) used buffers - 3/7 (recycle/alloc) - 4/24 (fetch/transfer)
01-19 11:28:08.826 1100 2160 D BufferPoolAccessor2.0: bufferpool2 0xb400007d3909dc08 : 0(0 size) total buffers - 0(0 size) used buffers - 1/7 (recycle/alloc) - 7/34 (fetch/transfer)
01-19 11:28:08.826 1100 2160 D BufferPoolAccessor2.0: evictor expired: 5, evicted: 5
01-19 11:28:08.829 2956 2956 D IzatProvider: getNetworkProvider finish
01-19 11:28:08.829 2956 2956 D IzatProvider_network: location provider loaded
01-19 11:28:08.831 1100 1200 I ServiceWatcher: [network] connected to {com.qualcomm.location/com.qualcomm.location.izatprovider.NetworkLocationService}
01-19 11:28:08.832 2956 2956 D IzatProvider: getFusedProvider
01-19 11:28:08.832 2956 2956 D IzatProvider: getFusedProvider finish
01-19 11:28:08.832 2956 2956 D IzatProvider_fused: location provider loaded
01-19 11:28:08.833 1100 1200 I ServiceWatcher: [fused] connected to {com.qualcomm.location/com.qualcomm.location.izatprovider.FusedLocationService}
01-19 11:28:08.835 2572 2572 I QCC:QDMAEmbargoesList: QDMAEmbargoesIsDeviceInRegulatedArea regulated:false
01-19 11:28:08.835 2572 2572 I QCC:OptInOutHandler: getAppStatusOptInOut
01-19 11:28:08.841 1461 1504 D LOWI-9.0.0.87.a: [LOWINetlinkSocketReceiver] unpackRTMLinkMessage: RTM_NEWLINK - ifname vlan0, flags 0x11043 ([UP][RUNNING])
01-19 11:28:08.842 946 2825 I WifiHAL : send_nl_data: sent cld80211 msg of len: 48 to driver
01-19 11:28:08.842 1461 3129 D LOWI-9.0.0.87.a: [LOWI-ROME-RTT] send_cld80211_nlmsg: sent cld80211 message for pid 1461
01-19 11:28:08.842 1461 3129 D LOWI-9.0.0.87.a: [LOWIRangingFSM] FSM: New FSM state: STATE_IDLE_START
01-19 11:28:08.842 1461 3129 D LOWI-9.0.0.87.a: [LOWI-ROME-RTT] RomeWaitOnActivityOnSocketOrPipe: issue timed select: TO: 5
01-19 11:28:08.842 946 2825 I WifiHAL : send oem msg of len : 40 to apps
01-19 11:28:08.842 1461 3129 D LOWI-9.0.0.87.a: [LOWI-ROME-RTT] RomeWaitOnActivityOnSocketOrPipe: timed select over: TO: 5 retVal: 1
01-19 11:28:08.842 1461 3129 D LOWI-9.0.0.87.a: [LOWI-ROME-RTT] event_handler: Valid data with length 11
01-19 11:28:08.843 1461 3129 D LOWI-9.0.0.87.a: [LOWI-HELIUM-RTT] RomeNLRecvMessage: The Received RomeMsgType: ROME_REG_RSP_MSG
01-19 11:28:08.843 1461 3129 D LOWI-9.0.0.87.a: [LOWIRangingFSM] FSM: Received Event EVENT_REGISTRATION_SUCCESS, Current state: STATE_IDLE_START
01-19 11:28:08.843 1461 3129 D LOWI-9.0.0.87.a: [LOWI-ROME-RTT] RomeExtractRegRsp: driver support nl packing for oem data
01-19 11:28:08.843 1461 3129 I LOWI-9.0.0.87.a: [LOWI-ROME-RTT] RomeExtractRegRsp: nl format oem data enabled
01-19 11:28:08.843 1461 3129 D LOWI-9.0.0.87.a: [LOWI-ROME-RTT] RomeExtractRegRsp: Registered with CLD, 1 vDevs. Using 0 for STA
01-19 11:28:08.843 946 2825 I WifiHAL : send_nl_data: sent cld80211 msg of len: 32 to driver
01-19 11:28:08.843 1100 1200 I EthernetTracker: interfaceLinkStateChanged, iface: vlan0, up: true
01-19 11:28:08.843 1461 3129 D LOWI-9.0.0.87.a: [LOWI-ROME-RTT] send_oem_nl_msg: sent cld80211 message with subcmd: 3
01-19 11:28:08.843 1461 3129 D LOWI-9.0.0.87.a: [LOWIRangingFSM] FSM: New FSM state: STATE_WAITING_OEM_CAP
01-19 11:28:08.843 1461 3129 D LOWI-9.0.0.87.a: [LOWI-ROME-RTT] RomeWaitOnActivityOnSocketOrPipe: issue timed select: TO: 5
01-19 11:28:08.843 946 2825 I WifiHAL : send oem msg of len : 148 to apps
01-19 11:28:08.843 1461 3129 D LOWI-9.0.0.87.a: [LOWI-ROME-RTT] RomeWaitOnActivityOnSocketOrPipe: timed select over: TO: 5 retVal: 1
01-19 11:28:08.843 1461 3129 D LOWI-9.0.0.87.a: [LOWI-ROME-RTT] event_handler: Valid data with length 116
01-19 11:28:08.843 1461 3129 D LOWI-9.0.0.87.a: [LOWI-HELIUM-RTT] RomeNLRecvMessage: The Received RomeMsgType: ROME_OEM_CAP_MSG
01-19 11:28:08.843 1461 3129 D LOWI-9.0.0.87.a: [LOWIRangingFSM] FSM: Received Event EVENT_OEM_CAP_INFO, Current state: STATE_WAITING_OEM_CAP
01-19 11:28:08.843 1461 3129 D LOWI-9.0.0.87.a: [LOWI-ROME-RTT] RomeExtractOemCapabilities: oem_target_signature(QUALCOMM) oem_target_type(23)oem_fw_version(270140705) driver_version(0xa120205)
01-19 11:28:08.843 1461 3129 D LOWI-9.0.0.87.a: [LOWI-ROME-RTT] allowed_dwell_time_min(20) allowed_dwell_time_max(40)curr_dwell_time_min(0) curr_dwell_time_max(0)supported_bands(3) num_channels(0)
01-19 11:28:08.844 946 2825 I WifiHAL : send_nl_data: sent cld80211 msg of len: 32 to driver
01-19 11:28:08.844 1461 3129 D LOWI-9.0.0.87.a: [LOWI-ROME-RTT] send_oem_nl_msg: sent cld80211 message with subcmd: 4
01-19 11:28:08.844 1461 3129 D LOWI-9.0.0.87.a: [LOWIRangingFSM] FSM: New FSM state: STATE_WAITING_FOR_WIPHY_INFO
01-19 11:28:08.844 1461 3129 D LOWI-9.0.0.87.a: [LOWI-ROME-RTT] RomeWaitOnActivityOnSocketOrPipe: issue timed select: TO: 5
01-19 11:28:08.844 946 2825 I WifiHAL : send oem msg of len : 1608 to apps
01-19 11:28:08.844 1461 3129 D LOWI-9.0.0.87.a: [LOWI-ROME-RTT] RomeWaitOnActivityOnSocketOrPipe: timed select over: TO: 5 retVal: 1
01-19 11:28:08.844 1461 3129 D LOWI-9.0.0.87.a: [LOWI-ROME-RTT] event_handler: Valid data with length 1576
01-19 11:28:08.844 1461 3129 D LOWI-9.0.0.87.a: [LOWI-HELIUM-RTT] RomeNLRecvMessage: The Received RomeMsgType: ROME_CHANNEL_INFO_MSG
01-19 11:28:08.844 1461 3129 D LOWI-9.0.0.87.a: [LOWIRangingFSM] FSM: Received Event EVENT_CHANNEL_INFO, Current state: STATE_WAITING_FOR_WIPHY_INFO
01-19 11:28:08.844 1461 3129 I LOWI-9.0.0.87.a: [LOWI-ROME-RTT] ExtractNLChannelInfo: NumChan = 26
01-19 11:28:08.846 2956 3136 D LocIDLClientBase: try to get LOCAIDL service
01-01 08:06:25.503 0 0 I binder : 3175:3175 ioctl 40046210 7fdc700314 returned -22
01-19 11:28:08.848 946 2825 I WifiHAL : send_nl_data: sent cld80211 msg of len: 64 to driver
01-19 11:28:08.848 1461 3129 D LOWI-9.0.0.87.a: [LOWI-ROME-RTT] send_oem_nl_msg: sent cld80211 message with subcmd: 5
01-19 11:28:08.848 1461 3129 D LOWI-9.0.0.87.a: [LOWIRangingFSM] FSM: New FSM state: STATE_WAITING_FOR_RANGING_CAP
01-19 11:28:08.848 1461 3129 D LOWI-9.0.0.87.a: [LOWI-ROME-RTT] RomeWaitOnActivityOnSocketOrPipe: issue timed select: TO: 5
01-19 11:28:08.849 946 2825 I WifiHAL : send oem msg of len : 112 to apps
01-19 11:28:08.849 1461 3129 D LOWI-9.0.0.87.a: [LOWI-ROME-RTT] RomeWaitOnActivityOnSocketOrPipe: timed select over: TO: 5 retVal: 1
01-19 11:28:08.849 1461 3129 D LOWI-9.0.0.87.a: [LOWI-ROME-RTT] event_handler: Valid data with length 80
01-19 11:28:08.849 1461 3129 D LOWI-9.0.0.87.a: [LOWI-HELIUM-RTT] storeNLFragment: new fragment group, tokenid(2), adding 72 chars @position 0
01-19 11:28:08.849 1461 3129 D LOWI-9.0.0.87.a: [LOWI-HELIUM-RTT] RomeNLRecvMessage: The Received OEMSubType: RTT_MSG_SUBTYPE_CAPABILITY_RSP
01-19 11:28:08.849 1461 3129 D LOWI-9.0.0.87.a: [LOWI-HELIUM-RTT] RomeNLRecvMessage: The Received RomeMsgType: ROME_RANGING_CAP_MSG
01-19 11:28:08.849 1461 3129 D LOWI-9.0.0.87.a: [LOWIRangingFSM] FSM: Received Event EVENT_RANGING_CAP_INFO, Current state: STATE_WAITING_FOR_RANGING_CAP
01-19 11:28:08.849 1461 3129 D LOWI-9.0.0.87.a: [LOWIWifiTlvHandler] processRspHeadTlv: reqId(1) measDone(1) rttStatus(RTT_STATUS_SUCCESS) subtype(RTT_MSG_SUBTYPE_CAPABILITY_RSP) isFrag(0) fragIdx(0) fragLen(0) tknId(0)
01-19 11:28:08.849 1461 3129 D LOWI-9.0.0.87.a: [LOWIWifiTlvHandler] checkTlvTag: Processing idx(0) received TLV: wmi_rtt_oem_rsp_head
01-19 11:28:08.849 1461 3129 D LOWI-9.0.0.87.a: [LOWIWifiTlvHandler] processIfPeerEvtHdrTag: Invalid Tag(33), not added to vector mPeerIdx(0)
01-19 11:28:08.849 1461 3129 D LOWI-9.0.0.87.a: [LOWIWifiTlvHandler] processIfPerFrmInfoTag: Invalid Tag(33) measurement not added for peer(0)
01-19 11:28:08.849 1461 3129 D LOWI-9.0.0.87.a: [LOWIWifiTlvHandler] checkTlvTag: Processing idx(1) received TLV: wmi_rtt_oem_cap_rsp_head
01-19 11:28:08.849 1461 3129 D LOWI-9.0.0.87.a: [LOWIWifiTlvHandler] processIfPeerEvtHdrTag: Invalid Tag(35), not added to vector mPeerIdx(0)
01-19 11:28:08.849 1461 3129 D LOWI-9.0.0.87.a: [LOWIWifiTlvHandler] processIfPerFrmInfoTag: Invalid Tag(35) measurement not added for peer(0)
01-19 11:28:08.849 1461 3129 D LOWI-9.0.0.87.a: [LOWIWifiTlvHandler] checkTlvTag: Processing idx(2) received TLV: wmi_rtt_oem_cap_rsp_event
01-19 11:28:08.849 1461 3129 D LOWI-9.0.0.87.a: [LOWIWifiTlvHandler] processIfPeerEvtHdrTag: Invalid Tag(36), not added to vector mPeerIdx(0)
01-19 11:28:08.849 1461 3129 D LOWI-9.0.0.87.a: [LOWIWifiTlvHandler] processIfPerFrmInfoTag: Invalid Tag(36) measurement not added for peer(0)
01-19 11:28:08.849 1461 3129 D LOWI-9.0.0.87.a: [LOWIWifiTlvHandler] printBssidInfo: No peer info from processing TLVs
01-19 11:28:08.849 1461 3129 D LOWI-9.0.0.87.a: [LOWI-HELIUM-RTT] parseRttCapabilitiesMsg: Skipping wmi_rtt_oem_rsp_head
01-19 11:28:08.849 1461 3129 D LOWI-9.0.0.87.a: [LOWI-HELIUM-RTT] parseRttCapabilitiesMsg: parsing wmi_rtt_oem_cap_rsp_head TLVversion(0x3) major(0x0) minor(0x10001) serviceBitMask[0](0x0) serviceBitMask[1](0x0) serviceBitMask[2](0x0) serviceBitMask[3](0x0)
01-19 11:28:08.849 1461 3129 D LOWI-9.0.0.87.a: [LOWI-HELIUM-RTT] parseRttCapabilitiesMsg: parsing wmi_rtt_oem_cap_rsp_event TLVrangingTypeMask(5) supportedFramesMask(11) maxDestPerReq(10) maxMeasPerDest(31) maxChannelsAllowed(1) maxBwAllowed(2) preambleSupportedMask(7) reportTypeSupportedMask(15) maxRfChains(3) facTypeMask(2) numPhys(1) fwMultiBurstSupport(1)
01-19 11:28:08.849 1461 3129 D LOWI-9.0.0.87.a: [LOWIRangingFSM] FSM: New FSM state: STATE_READY_AND_IDLE
01-19 11:28:08.850 1461 3129 D LOWI-9.0.0.87.a: [LOWI-ROME-RTT] RomeWaitOnActivityOnSocketOrPipe: issue blocking select
01-19 11:28:08.853 3061 3061 I service_manager_slow: [92,vendor.perfservice]
01-19 11:28:08.862 2755 2778 D QCCAuthMgr: SMQContentProvider query uri: content://com.qti.smq.Feedback.provider/smq_settings, selection: key=?, uri_matcher: 1
01-19 11:28:08.863 2755 2778 D QCCAuthMgr: SMQContentProvider query tableName: smq_settings
01-19 11:28:08.863 3007 3007 V GraphicsEnvironment: ANGLE Developer option for 'com.hht.lebocast' set to: 'default'
01-19 11:28:08.863 3007 3007 V GraphicsEnvironment: ANGLE GameManagerService for com.hht.lebocast: false
01-19 11:28:08.863 508 508 E servicemanager: Could not find vendor.qti.gnss.ILocAidlGnss/default in the VINTF manifest.
01-19 11:28:08.864 2956 3136 D LocIDLClientBase: LOCAIDL service not available
01-19 11:28:08.864 2956 3136 D LocIDLClientBase: try to get 4.1 service
01-19 11:28:08.865 3007 3007 D NetworkSecurityConfig: No Network Security Config specified, using platform default
01-19 11:28:08.865 2956 3136 D hw-ProcessState: Binder ioctl to enable oneway spam detection failed: Invalid argument
01-19 11:28:08.866 3007 3007 D NetworkSecurityConfig: No Network Security Config specified, using platform default
01-19 11:28:08.866 3061 3061 V GraphicsEnvironment: ANGLE Developer option for 'ts.car.uart' set to: 'default'
01-19 11:28:08.867 509 509 I hwservicemanager: getTransport: Cannot find entry vendor.qti.gnss@4.1::ILocHidlGnss/gnss_vendor in either framework or device VINTF manifest.
01-19 11:28:08.867 1100 1912 D SupplicantStaNetworkHal: The target security params: Security Parameters:
01-19 11:28:08.867 1100 1912 D SupplicantStaNetworkHal: Type: 4
01-19 11:28:08.867 1100 1912 D SupplicantStaNetworkHal: Enabled: true
01-19 11:28:08.867 1100 1912 D SupplicantStaNetworkHal: KeyMgmt: SAE
01-19 11:28:08.867 1100 1912 D SupplicantStaNetworkHal: Protocols: RSN
01-19 11:28:08.867 1100 1912 D SupplicantStaNetworkHal: AuthAlgorithms:
01-19 11:28:08.867 1100 1912 D SupplicantStaNetworkHal: PairwiseCiphers: CCMP GCMP_256 GCMP_128
01-19 11:28:08.867 1100 1912 D SupplicantStaNetworkHal: GroupCiphers: CCMP GCMP_256 GCMP_128
01-19 11:28:08.867 1100 1912 D SupplicantStaNetworkHal: GroupMgmtCiphers:
01-19 11:28:08.867 1100 1912 D SupplicantStaNetworkHal: SuiteBCiphers:
01-19 11:28:08.867 1100 1912 D SupplicantStaNetworkHal: RequirePmf: false
01-19 11:28:08.867 1100 1912 D SupplicantStaNetworkHal: IsAddedByAutoUpgrade: true
01-19 11:28:08.867 1100 1912 D SupplicantStaNetworkHal: IsSaeH2eOnlyMode: false
01-19 11:28:08.867 1100 1912 D SupplicantStaNetworkHal: IsSaePkOnlyMode: false
01-19 11:28:08.868 3061 3061 V GraphicsEnvironment: ANGLE GameManagerService for ts.car.uart: false
01-19 11:28:08.868 2956 3136 D LocIDLClientBase: NoSuchElementException: java.util.NoSuchElementException
01-19 11:28:08.868 2956 3136 D LocIDLClientBase: try to get 4.0 service
01-19 11:28:08.869 2572 2572 I QCC:OptInOutHandler: getAppStatusOptInOut, ret = false
01-19 11:28:08.870 2572 2572 I QCC:OperationMode: readOpMode operationMode: 1
01-19 11:28:08.872 2572 2572 E QCC:OperationMode: isQDMAUIInstalled - non exist: android.content.pm.PackageManager$NameNotFoundException: com.qualcomm.qti.smq
01-19 11:28:08.873 2572 2572 I QCC:OperationMode: isQDMAUIInstalled : false
01-19 11:28:08.874 2572 2572 I QCC:Collector: calling forceDisableQdmaStatsD
01-19 11:28:08.875 2572 2572 I QCC:Collector: calling forceDisabledAllCollectors
01-19 11:28:08.876 2572 2572 I QCC:Collector: deleteDir: /data/misc/qdma/down/1 already disabled
01-19 11:28:08.875 678 678 D Zygote : Forked child process 3141
01-01 08:06:25.516 0 0 I [wpa_su][0x450a1399][11:28:09.081119] wlan: [2843:I:SME] vdev-0: Connecting to H3C_EPOCH_ETH10 1c:51:7e:52:1a:23 rssi: -27 freq: 2437 akm 3 cipher: uc 6 mc 6, CC:
01-19 11:28:08.877 1100 1216 W ActivityManager: Slow operation: 864ms so far, now at startProcess: returned from zygote!
01-19 11:28:08.878 1100 1216 W ActivityManager: Slow operation: 865ms so far, now at startProcess: done updating battery stats
01-19 11:28:08.878 1100 1216 I am_proc_start: [0,3141,10083,com.qualcomm.qti.services.systemhelper:systemhelper_service,added application,com.qualcomm.qti.services.systemhelper:systemhelper_service]
01-19 11:28:08.878 1100 1216 W ActivityManager: Slow operation: 865ms so far, now at startProcess: building log message
01-19 11:28:08.878 1100 1216 I ActivityManager: Start proc 3141:com.qualcomm.qti.services.systemhelper:systemhelper_service/u0a83 for added application com.qualcomm.qti.services.systemhelper:systemhelper_service
01-01 08:06:25.516 0 0 E [wpa_su][0x450a2905][11:28:09.081404] wlan: [2843:E:QDF] qdf_mem_malloc_debug: 1206: Cannot malloc 0 bytes @ csr_get_cfg_max_tx_power:14199
01-01 08:06:25.542 0 0 E [schedu][0x4511ad6c][11:28:09.107065] wlan: [2712:E:PE] lim_extract_ap_capability: 565: AP does not support op_mode rx
01-19 11:28:08.878 1100 1216 W ActivityManager: Slow operation: 865ms so far, now at startProcess: starting to update pids map
01-19 11:28:08.879 1100 1216 W ActivityManager: Slow operation: 866ms so far, now at startProcess: done updating pids map
01-19 11:28:08.879 1100 1216 W ActivityManager: Slow operation: 866ms so far, now at startProcess: asking zygote to start proc
01-19 11:28:08.880 1100 1216 D CompatibilityChangeReporter: Compat change id reported: 143937733; UID 10094; state: ENABLED
01-19 11:28:08.887 3061 3061 D NetworkSecurityConfig: No Network Security Config specified, using platform default
01-19 11:28:08.887 3061 3061 D NetworkSecurityConfig: No Network Security Config specified, using platform default
01-19 11:28:08.887 3061 3061 E mpu_uart_fws: onCreate
01-19 11:28:08.887 3061 3061 E mpu_uart_fws: onCreate:try get hal service
01-19 11:28:08.888 3061 3061 I mpu_uart_fws: Try get hal sevice:
01-19 11:28:08.888 3061 3061 D hw-ProcessState: Binder ioctl to enable oneway spam detection failed: Invalid argument
01-19 11:28:08.891 1100 1912 D SupplicantStaNetworkHal: Ignore GCMP_128 cipher for the HAL older than 1.4.
01-19 11:28:08.894 2956 3136 I android_os_HwBinder: HwBinder: Starting thread pool for getting: vendor.qti.gnss@4.0::ILocHidlGnss/gnss_vendor
01-19 11:28:08.899 2956 2956 E RilInfoMonitorAidlClient: ILocAidlGnss handle is null
01-19 11:28:08.899 2956 2956 D RilInfoMonitor: ILocHidlGnss.getService(), service = vendor.qti.gnss@4.0::ILocHidlGnss@Proxy
01-19 11:28:08.900 862 862 V LocSvc_HIDL_HidlGnss: [getExtensionLocHidlRilInfoMonitor][306] [HS] <<<<= [HC]
01-19 11:28:08.900 862 862 V LocSvc_HIDL_HidlGnss: [getExtensionLocHidlIzatSubscription_1_1][395] [HS] <<<<= [HC]
01-19 11:28:08.901 3089 3089 D nativeloader: classloader namespace configured for unbundled vendor apk. library_path=/vendor/app/pasrservice/lib/arm64:/vendor/lib64
01-19 11:28:08.901 1100 1912 D SupplicantStaNetworkHal: Ignore GCMP_128 cipher for the HAL older than 1.4.
01-19 11:28:08.903 2956 2956 D RilInfoMonitor: getRilInfoMonitorIface, mRilInfoMonitor=vendor.qti.gnss@1.1::ILocHidlRilInfoMonitor@Proxy
01-19 11:28:08.905 862 862 V LocSvc_HIDL_RilInfoMonitor: [init][18] [HS] <<<<= [HC]
01-19 11:28:08.905 2572 2572 I QCC:OmaDMNative: qcc_hidl_update_vendor_dropbox(), path=/data/misc/qdma/down/1 isEnabled=0
01-19 11:28:08.905 862 862 V LocSvc_HIDL_IzatSubscription: [init][171] [HS] <<<<= [HC]
01-19 11:28:08.905 862 862 V LocSvc_HIDL_IzatSubscription: [updateSubscribe][58] [HS] =>>>> [HC]
01-19 11:28:08.905 2956 2956 D RilInfoMonitor: RilInfoMonitorHidlClient hidl init
01-19 11:28:08.906 970 970 D QCC:qccvndhal: /data/vendor/qdma/down/1 is null
01-19 11:28:08.907 2572 2572 I QCC:OmaDMNative: qcc_hidl_update_vendor_dropbox() res=0
01-19 11:28:08.908 2572 2572 I QCC:Collector: deleteDir: /data/misc/qdma/down/3 already disabled
01-19 11:28:08.909 3141 3141 I libc : SetHeapTaggingLevel: tag level set to 0
01-19 11:28:08.910 2985 2985 E ThermalEngine: thermal_monitor_init_data: ERROR Uknown device
01-19 11:28:08.910 2985 2985 E ThermalEngine: ss_init_data: ERROR Uknown device
01-19 11:28:08.910 2985 2985 I ThermalEngine: Loading config file for virtual sensor
01-19 11:28:08.910 2985 2985 I ThermalEngine: Loading configuration file /vendor/etc/thermal-engine.conf
01-19 11:28:08.911 2985 2985 I ThermalEngine: Parsing section global
01-19 11:28:08.911 2985 2985 E ThermalEngine: virtual_sensors_init: Error getting virtual sensors set
01-19 11:28:08.911 2985 2985 I ThermalEngine: Loading configuration file /vendor/etc/thermal-engine.conf
01-19 11:28:08.911 2985 2985 I ThermalEngine: Parsing section global
01-19 11:28:08.911 2985 2985 E ThermalEngine: Failed to setup at least one sensor for monitoring
01-19 11:28:08.911 2985 2985 I ThermalEngine: ss_algo_init: No SS's configured.
01-19 11:28:08.911 2985 2985 E ThermalEngine: open/sys/module/msm_thermal/parameters/enabled failed2
01-19 11:28:08.912 2956 3132 D OsAgent : [updateSubscribe][2914] [HC] <<= [HS]
01-19 11:28:08.913 2985 3153 I ThermalEngine: limits_write_data_to_partition: thread exit
01-19 11:28:08.915 862 862 V LocSvc_HIDL_IzatSubscription: [requestData][88] [HS] =>>>> [HC]
01-19 11:28:08.915 2907 2919 I adbd : adbd mDNS service _adb._tcp registered: 1
01-19 11:28:08.916 2956 3132 D OsAgent : [requestData][2904] [HC] <<= [HS]
01-19 11:28:08.920 862 862 V LocSvc_HIDL_IzatSubscription: [updateSubscribe][58] [HS] =>>>> [HC]
01-19 11:28:08.921 2956 3132 D OsAgent : [updateSubscribe][2914] [HC] <<= [HS]
01-19 11:28:08.922 3061 3061 I android_os_HwBinder: HwBinder: Starting thread pool for getting: vendor.ts.uart@1.0::IUartServer/vendor.ts.uart
01-19 11:28:08.923 3061 3061 I mpu_uart_fws: hal sevice get success
01-19 11:28:08.923 509 509 I hwservicemanager: Since vendor.qti.hardware.iop@2.0::IIop/default is not registered, trying to start it as a lazy HAL.
01-19 11:28:08.924 1100 2281 D CompatibilityInfo: mCompatibilityFlags - 4
01-19 11:28:08.925 1100 2281 D CompatibilityInfo: applicationDensity - 240
01-19 11:28:08.925 1100 2281 D CompatibilityInfo: applicationScale - 1.0
01-01 08:06:25.571 0 0 I zram0 : detected capacity change from 0 to 4294967296
01-19 11:28:08.928 1297 1297 E ANDR-IOP: IIop:: Iop HAL Service is not available.
01-19 11:28:08.930 2572 2572 I QCC:OmaDMNative: qcc_hidl_update_vendor_dropbox(), path=/data/misc/qdma/down/3 isEnabled=0
01-19 11:28:08.931 970 970 D QCC:qccvndhal: /data/vendor/qdma/down/3 is null
01-19 11:28:08.932 2572 2572 I QCC:OmaDMNative: qcc_hidl_update_vendor_dropbox() res=0
01-19 11:28:08.932 2572 2572 I QCC:Collector: deleteDir: /data/misc/qdma/down/1500 already disabled
01-19 11:28:08.933 3089 3089 I Perf : Connecting to perf service.
01-19 11:28:08.935 509 509 I hwservicemanager: Since vendor.qti.hardware.iop@2.0::IIop/default is not registered, trying to start it as a lazy HAL.
01-19 11:28:08.936 1297 1308 E ANDR-IOP: IIop:: Iop HAL Service is not available.
01-01 08:06:25.578 0 0 I [schedu][0x451c261b][11:28:09.142805] wlan: [2712:I:WMI] send_vdev_start_cmd_tlv: 1062: send_vdev_start_cmd_tlv: vdev_id 0 freq 2437 chanmode 21 ch_info: 0x15 is_dfs 0 beacon interval 100 dtim 0 center_chan 2437 center_freq2 0 reg_info_1: 0x140000 reg_info_2: 0x1400, req->max_txpow: 0x14 Tx SS 1, Rx SS 1, ldpc_rx: 0, cac 0, regd 4, HE ops: 0req->dis_hw_ack: 0
01-19 11:28:08.936 3141 3141 D ProcessState: Binder ioctl to enable oneway spam detection failed: Invalid argument
01-19 11:28:08.938 2907 2922 I adbd : jdwp connection from 3141
01-19 11:28:08.938 2572 2572 I QCC:OmaDMNative: qcc_hidl_update_vendor_dropbox(), path=/data/misc/qdma/down/1500 isEnabled=0
01-19 11:28:08.939 970 970 D QCC:qccvndhal: /data/vendor/qdma/down/1500 is null
01-19 11:28:08.939 2572 2572 I QCC:OmaDMNative: qcc_hidl_update_vendor_dropbox() res=0
01-19 11:28:08.941 2572 2572 I QCC:Collector: deleteDir: /data/misc/qdma/down/1504 already disabled
01-19 11:28:08.944 2956 3132 D CompatibilityChangeReporter: Compat change id reported: 147600208; UID 10079; state: ENABLED
01-19 11:28:08.948 3089 3089 V GraphicsEnvironment: ANGLE Developer option for 'com.qti.pasrservice' set to: 'default'
01-19 11:28:08.949 3089 3089 V GraphicsEnvironment: ANGLE GameManagerService for com.qti.pasrservice: false
01-19 11:28:08.952 1461 1504 D LOWI-9.0.0.87.a: [LOWINetlinkSocketReceiver] unpackRTMLinkMessage: RTM_NEWLINK - ifname vlan0, flags 0x11043 ([UP][RUNNING])
01-19 11:28:08.953 862 862 V LocSvc_HIDL_HidlGnss: [getExtensionLocHidlIzatNetworkProvider][266] [HS] <<<<= [HC]
01-19 11:28:08.953 2572 2572 I QCC:OmaDMNative: qcc_hidl_update_vendor_dropbox(), path=/data/misc/qdma/down/1504 isEnabled=0
01-19 11:28:08.954 970 970 D QCC:qccvndhal: /data/vendor/qdma/down/1504 is null
01-19 11:28:08.955 2572 2572 I QCC:OmaDMNative: qcc_hidl_update_vendor_dropbox() res=0
01-19 11:28:08.955 3089 3089 D NetworkSecurityConfig: No Network Security Config specified, using platform default
01-19 11:28:08.955 862 862 V LocSvc_HIDL_IzatProvider: [init][138] [HS] <<<<= [HC]
01-19 11:28:08.955 2572 2572 I QCC:Collector: deleteDir: /data/misc/qdma/down/6 already disabled
01-19 11:28:08.958 3089 3089 D NetworkSecurityConfig: No Network Security Config specified, using platform default
01-19 11:28:08.958 1100 1200 I EthernetTracker: interfaceLinkStateChanged, iface: vlan0, up: true
01-19 11:28:08.959 2956 3132 D XTProxy : XTProxy ctor
01-19 11:28:08.959 2956 3132 E XTProxy : XTProxy binderDied
01-19 11:28:08.960 2572 2572 I QCC:OmaDMNative: qcc_hidl_update_vendor_dropbox(), path=/data/misc/qdma/down/6 isEnabled=0
01-19 11:28:08.960 970 970 D QCC:qccvndhal: /data/vendor/qdma/down/6 is null
01-19 11:28:08.960 2572 2572 I QCC:OmaDMNative: qcc_hidl_update_vendor_dropbox() res=0
01-19 11:28:08.961 2572 2572 I QCC:Collector: deleteDir: /data/misc/qdma/down/51 already disabled
01-19 11:28:08.962 509 3155 W libc : Unable to set property "ctl.interface_start" to "vendor.qti.hardware.iop@2.0::IIop/default": error code: 0x20
01-19 11:28:08.962 509 3155 I hwservicemanager: Tried to start vendor.qti.hardware.iop@2.0::IIop/default as a lazy service, but was unable to. Usually this happens when a service is not installed, but if the service is intended to be used as a lazy service, then it may be configured incorrectly.
01-01 08:06:25.586 0 0 I [soft_i][0x451e8b44][11:28:09.150981] wlan: [0:I:TXRX] HTT_T2H_MSG_TYPE_PEER_MAP msg for peer id 8 vdev id 0 n
01-19 11:28:08.964 509 3168 W libc : Unable to set property "ctl.interface_start" to "vendor.qti.hardware.iop@2.0::IIop/default": error code: 0x20
01-19 11:28:08.965 1100 2281 I am_uid_running: 10078
01-01 08:06:25.586 0 0 E [soft_i][0x451e8db3][11:28:09.151014] wlan: [0:E:DP] dp_peer_find_add_id: peer ffffffd7481b0000 ID 8 vid 0 mac 1c:51:7e:52:1a:23
01-19 11:28:08.965 509 3168 I hwservicemanager: Tried to start vendor.qti.hardware.iop@2.0::IIop/default as a lazy service, but was unable to. Usually this happens when a service is not installed, but if the service is intended to be used as a lazy service, then it may be configured incorrectly.
01-01 08:06:25.592 0 0 I binder : 3180:3180 ioctl 40046210 7fdc700314 returned -22
01-19 11:28:08.966 509 509 I hwservicemanager: Since vendor.qti.hardware.iop@2.0::IIop/default is not registered, trying to start it as a lazy HAL.
01-19 11:28:08.966 1100 2281 D CompatibilityChangeReporter: Compat change id reported: 135634846; UID 10078; state: DISABLED
01-19 11:28:08.967 1100 2281 D CompatibilityChangeReporter: Compat change id reported: 177438394; UID 10078; state: DISABLED
01-19 11:28:08.967 1297 1308 E ANDR-IOP: IIop:: Iop HAL Service is not available.
01-19 11:28:08.970 2572 2572 I QCC:OmaDMNative: qcc_hidl_update_vendor_dropbox(), path=/data/misc/qdma/down/51 isEnabled=0
01-01 08:06:25.599 0 0 I [soft_i][0x452262ea][11:28:09.164097] wlan: [0:I:DP] dp_peer_find_add_id: ref_cnt: 2
01-01 08:06:25.599 0 0 E [soft_i][0x4522640a][11:28:09.164111] wlan: [0:E:DP] dp_peer_map_ast: peer ffffffd7481b0000 ID 1 vid 0 mac 1c:51:7e:52:1a:23
01-19 11:28:08.971 970 970 D QCC:qccvndhal: /data/vendor/qdma/down/51 is null
01-19 11:28:08.971 2572 2572 I QCC:OmaDMNative: qcc_hidl_update_vendor_dropbox() res=0
01-19 11:28:08.972 2572 2572 I QCC:Collector: deleteDir: /data/misc/qdma/down/102 already disabled
01-19 11:28:08.972 2572 2572 I QCC:Collector: deleteDir: /data/misc/qdma/down/104 already disabled
01-19 11:28:08.973 2572 2572 I QCC:Collector: deleteDir: /data/misc/qdma/down/1501 already disabled
01-19 11:28:08.972 1100 1969 W system_server: Long monitor contention with owner WifiHandlerThread (1912) at boolean com.android.server.wifi.SupplicantStaIfaceHal.checkStatusAndLogFailure(com.android.wifi.x.android.hardware.wifi.supplicant.V1_0.SupplicantStatus, java.lang.String)(SupplicantStaIfaceHal.java:2981) waiters=0 in void com.android.server.wifi.SupplicantStaIfaceCallbackImpl.onNetworkAdded(int) for 246ms
01-19 11:28:08.973 1100 2281 D CompatibilityChangeReporter: Compat change id reported: 135772972; UID 10078; state: DISABLED
01-19 11:28:08.974 1100 2281 D CompatibilityChangeReporter: Compat change id reported: 135754954; UID 10078; state: ENABLED
01-19 11:28:08.974 1100 3012 I am_proc_bound: [0,3141,com.qualcomm.qti.services.systemhelper:systemhelper_service]
01-19 11:28:08.975 1100 1912 D WifiCountryCode: evaluateAllCmmStateAndApplyIfAllReady: {ConcreteClientModeManager{id=46104 iface=wlan0 role=ROLE_CLIENT_PRIMARY}=false}
01-19 11:28:08.975 1100 1912 D WifiClientModeImpl[wlan0]: Start Connecting Watchdog 1
01-19 11:28:08.975 1100 1912 D UntrustedWifiNetworkFactory: got request NetworkRequest [ REQUEST id=27, [ Capabilities: INTERNET&NOT_RESTRICTED&TRUSTED&NOT_VCN_MANAGED Uid: 1000 RequestorUid: 1000 RequestorPkg: android] ]
01-19 11:28:08.976 1100 1912 D OemPaidWifiNetworkFactory: got request NetworkRequest [ REQUEST id=27, [ Capabilities: INTERNET&NOT_RESTRICTED&TRUSTED&NOT_VCN_MANAGED Uid: 1000 RequestorUid: 1000 RequestorPkg: android] ]
01-19 11:28:08.976 2956 3132 D XTProxy : setNppLoaded
01-19 11:28:08.977 2843 2843 I wpa_supplicant: wlan0: Trying to associate with SSID 'H3C_EPOCH_ETH10'
01-19 11:28:08.978 2572 2572 I QCC:OmaDMNative: qcc_hidl_update_vendor_dropbox(), path=/data/misc/qdma/down/1501 isEnabled=0
01-19 11:28:08.979 970 970 D QCC:qccvndhal: /data/vendor/qdma/down/1501 is null
01-19 11:28:08.979 2572 2572 I QCC:OmaDMNative: qcc_hidl_update_vendor_dropbox() res=0
01-19 11:28:08.979 1100 3012 D CompatibilityChangeReporter: Compat change id reported: 168419799; UID 10083; state: DISABLED
01-19 11:28:08.979 2572 2572 I QCC:Collector: deleteDir: /data/misc/qdma/down/1502 already disabled
01-19 11:28:08.979 1100 3012 D CompatibilityInfo: mCompatibilityFlags - 4
01-19 11:28:08.980 1100 3012 D CompatibilityInfo: applicationDensity - 240
01-19 11:28:08.980 1100 3012 D CompatibilityInfo: applicationScale - 1.0
01-19 11:28:08.982 2512 2512 W WifiDebugService: Can not find target wifi network : hht_test_wifi_fc4318c9
01-19 11:28:08.982 2572 2572 I QCC:OmaDMNative: qcc_hidl_update_vendor_dropbox(), path=/data/misc/qdma/down/1502 isEnabled=0
01-19 11:28:08.983 970 970 D QCC:qccvndhal: /data/vendor/qdma/down/1502 is null
01-19 11:28:08.983 2572 2572 I QCC:OmaDMNative: qcc_hidl_update_vendor_dropbox() res=0
01-19 11:28:08.983 1100 1969 I dvm_lock_sample: [system_server,0,HwBinder:1100_3,246,SupplicantStaIfaceCallbackImpl.java,149,void com.android.server.wifi.SupplicantStaIfaceCallbackImpl.onNetworkAdded(int),SupplicantStaIfaceHal.java,2981,boolean com.android.server.wifi.SupplicantStaIfaceHal.checkStatusAndLogFailure(com.android.wifi.x.android.hardware.wifi.supplicant.V1_0.SupplicantStatus, java.lang.String),49]
01-19 11:28:08.983 2572 2572 I QCC:Collector: deleteDir: /data/misc/qdma/down/1503 already disabled
01-19 11:28:08.985 1100 3012 I am_uid_active: 10083
01-19 11:28:08.989 2059 2392 D BufferPoolAccessor2.0: bufferpool2 0xb400007d39078768 : 0(0 size) total buffers - 0(0 size) used buffers - 1/7 (recycle/alloc) - 8/38 (fetch/transfer)
01-19 11:28:08.989 2059 2392 D BufferPoolAccessor2.0: evictor expired: 1, evicted: 1
01-19 11:28:08.991 678 678 D Zygote : Forked child process 3175
01-19 11:28:08.992 1100 1216 W ActivityManager: Slow operation: 979ms so far, now at startProcess: returned from zygote!
01-19 11:28:08.992 2572 2572 I QCC:OmaDMNative: qcc_hidl_update_vendor_dropbox(), path=/data/misc/qdma/down/1503 isEnabled=0
01-19 11:28:08.993 1100 1216 W ActivityManager: Slow operation: 980ms so far, now at startProcess: done updating battery stats
01-19 11:28:08.993 1100 1216 I am_proc_start: [0,3175,10094,com.qualcomm.qti.qccnetstat,added application,com.qualcomm.qti.qccnetstat]
01-19 11:28:08.993 1100 1216 W ActivityManager: Slow operation: 980ms so far, now at startProcess: building log message
01-19 11:28:08.993 1100 1216 I ActivityManager: Start proc 3175:com.qualcomm.qti.qccnetstat/u0a94 for added application com.qualcomm.qti.qccnetstat
01-19 11:28:08.993 1100 1216 W ActivityManager: Slow operation: 980ms so far, now at startProcess: starting to update pids map
01-19 11:28:08.993 970 970 D QCC:qccvndhal: /data/vendor/qdma/down/1503 is null
01-19 11:28:08.994 2572 2572 I QCC:OmaDMNative: qcc_hidl_update_vendor_dropbox() res=0
01-19 11:28:08.994 1100 1216 W ActivityManager: Slow operation: 981ms so far, now at startProcess: done updating pids map
01-19 11:28:08.994 1100 1216 W ActivityManager: Slow operation: 980ms so far, now at startProcess: asking zygote to start proc
01-19 11:28:08.994 1100 1216 D CompatibilityChangeReporter: Compat change id reported: 143937733; UID 10095; state: ENABLED
01-19 11:28:08.995 2572 2572 I QCC:OperationMode: bQDMAUIEnabled : false
01-19 11:28:09.004 2956 3132 D IzatProvider_network: [onEnableProvider][671] [HC] =>> [HS]
01-19 11:28:09.004 862 862 V LocSvc_HIDL_IzatProvider: [onEnable][169] [HS] <<<<= [HC]
01-19 11:28:09.005 3141 3141 D CompatibilityChangeReporter: Compat change id reported: 171979766; UID 10083; state: DISABLED
01-19 11:28:09.005 509 3172 W libc : Unable to set property "ctl.interface_start" to "vendor.qti.hardware.iop@2.0::IIop/default": error code: 0x20
01-19 11:28:09.005 509 3172 I hwservicemanager: Tried to start vendor.qti.hardware.iop@2.0::IIop/default as a lazy service, but was unable to. Usually this happens when a service is not installed, but if the service is intended to be used as a lazy service, then it may be configured incorrectly.
01-19 11:28:09.006 862 862 V LocSvc_HIDL_HidlGnss: [getExtensionLocHidlFlpService_4_0][512] [HS] <<<<= [HC]
01-19 11:28:09.012 862 862 V LocSvc_HIDL_HidlGnss: [getExtensionLocHidlFlpService_4_0][512] [HS] <<<<= [HC]
01-19 11:28:09.012 862 862 V LocSvc_HIDL_FlpService: [init_4_0][122] [HS] <<<<= [HC]
01-19 11:28:09.014 2993 2993 I Perf : Connecting to perf service.
01-19 11:28:09.015 2572 2572 I QCC:OperationMode: prepareProvisioned nProvisioned = 1
01-19 11:28:09.016 2572 2572 I QCC:OperationMode: readOpMode operationMode: 1
01-19 11:28:09.016 2572 2572 I QCC:OperationMode: DEVICE_PROVISIONED done or need to opmode as 3
01-19 11:28:09.018 3141 3141 D ApplicationLoaders: Returning zygote-cached class loader: /system/framework/android.test.base.jar
01-19 11:28:09.019 2956 3132 D RilInfoMonitor: handleMessage what - 601
01-19 11:28:09.019 2956 3132 D RilInfoMonitor: SGLTE with ES SUPL
01-19 11:28:09.020 2956 3132 D RilInfoMonitor: [init][321] [HC] =>> [HS]
01-19 11:28:09.020 862 862 V LocSvc_HIDL_RilInfoMonitor: [init][18] [HS] <<<<= [HC]
01-19 11:28:09.021 2956 3132 D LocSvc_java: [init][993] [HC] =>> [HS]
01-19 11:28:09.022 862 862 V LocSvc_HIDL_HidlGnss: [getExtensionLocHidlGnssNi][282] [HS] <<<<= [HC]
01-19 11:28:09.022 2572 2572 W ContextImpl: Calling a method in the system process without a qualified user: android.app.ContextImpl.startService:1816 android.content.ContextWrapper.startService:774 android.content.ContextWrapper.startService:774 com.qualcomm.qti.qdma.app.BootReceiver.onBootReceived:115 com.qualcomm.qti.innodme.InnoBootReceiver.onReceive:22
01-19 11:28:09.023 2956 3132 D LocSvc_java: getGnssNiIface, sGnssNi=vendor.qti.gnss@1.1::ILocHidlGnssNi@Proxy
01-19 11:28:09.023 862 862 V LocSvc_HIDL_HidlGnss: [getExtensionLocHidlAGnss_2_1][438] [HS] <<<<= [HC]
01-19 11:28:09.024 2956 3132 D LocSvc_java: getAGnssIface with instanceOf, sAGnss_2_1=vendor.qti.gnss@2.1::ILocHidlAGnss@Proxy
01-19 11:28:09.024 862 862 V LocSvc_HIDL_GnssNi: [setVendorCallback][36] [HS] <<<<= [HC]
01-19 11:28:09.025 862 862 V LocSvc_HIDL_HidlAGnss: [setCallbackExt][328] [HS] <<<<= [HC]
01-19 11:28:09.025 862 862 D LocSvc_HIDL_HidlAGnss: getGnssInterface]: loading libgnss.so::getGnssInterface ...
01-19 11:28:09.025 1100 2281 D CompatibilityInfo: mCompatibilityFlags - 4
01-19 11:28:09.025 1100 2281 D CompatibilityInfo: applicationDensity - 240
01-19 11:28:09.025 1100 2281 D CompatibilityInfo: applicationScale - 1.0
01-19 11:28:09.027 1100 2281 D TelephonyRegistry: listen oscl: mHasNotifySubscriptionInfoChangedOccurred==false no callback
01-19 11:28:09.037 2956 3132 D OsAgent : [string_dataitem_update][2980] [HC] =>> [HS]
01-19 11:28:09.037 2993 2993 V GraphicsEnvironment: ANGLE Developer option for 'com.android.providers.media.module' set to: 'default'
01-19 11:28:09.038 862 862 V LocSvc_HIDL_IzatSubscription: [stringDataItemUpdate][283] [HS] <<<<= [HC]
01-19 11:28:09.038 862 944 I LocSvc_SystemStatusOsObserver: DataItem: MCCMNC: - >> XtraSystemStatusObserver
01-19 11:28:09.049 2993 2993 V GraphicsEnvironment: ANGLE GameManagerService for com.android.providers.media.module: false
01-19 11:28:09.053 1100 1135 W FreeFormWindowHelper: Current Display FreeFormTask is null
01-19 11:28:09.054 678 678 D Zygote : Forked child process 3180
01-19 11:28:09.056 1100 1216 W ActivityManager: Slow operation: 1042ms so far, now at startProcess: returned from zygote!
01-19 11:28:09.057 2660 2660 E ThemeUtils: View class com.android.quickstep.views.ClearAllImageView is an AppCompat widget that can only be used with a Theme.AppCompat theme (or descendant).
01-19 11:28:09.060 2993 2993 D NetworkSecurityConfig: No Network Security Config specified, using platform default
01-19 11:28:09.060 2993 2993 D NetworkSecurityConfig: No Network Security Config specified, using platform default
01-19 11:28:09.066 2907 2922 I adbd : jdwp connection from 3175
01-19 11:28:09.067 2572 3186 I QCC:ActiveCareService: onStartCommand :Intent: Intent { act=com.qualcomm.qti.qdma.DEVICE_BOOTED cmp=com.qualcomm.qti.qdma/.app.ActiveCareService }
01-19 11:28:09.067 2572 3186 I QCC:ApplicationManager: isItDMSessionRecovery, Invoked.?
01-19 11:28:09.067 2572 3186 I QCC:ApplicationManager: isItDMSessionRecovery, return false.
01-19 11:28:09.067 2572 3186 I QCC:PeriodicCI: PeriodicCI.start()
01-19 11:28:09.068 1100 1918 D CompatibilityInfo: mCompatibilityFlags - 4
01-19 11:28:09.068 3175 3175 D ProcessState: Binder ioctl to enable oneway spam detection failed: Invalid argument
01-19 11:28:09.068 1100 1918 D CompatibilityInfo: applicationDensity - 240
01-19 11:28:09.068 1100 1918 D CompatibilityInfo: applicationScale - 1.0
01-19 11:28:09.068 2572 3186 W QCC:PeriodicCI: [WARNING] Current time is wrong, status=0
01-19 11:28:09.068 2572 3186 I QCC:PeriodicCI: Waiting for the time change
01-19 11:28:09.070 1100 1216 W ActivityManager: Slow operation: 1056ms so far, now at startProcess: done updating battery stats
01-19 11:28:09.070 1100 1216 I am_proc_start: [0,3180,10095,com.qualcomm.qti.workloadclassifier,added application,com.qualcomm.qti.workloadclassifier]
01-19 11:28:09.070 1100 1216 W ActivityManager: Slow operation: 1056ms so far, now at startProcess: building log message
01-19 11:28:09.070 1100 1216 I ActivityManager: Start proc 3180:com.qualcomm.qti.workloadclassifier/u0a95 for added application com.qualcomm.qti.workloadclassifier
01-19 11:28:09.070 1100 1216 W ActivityManager: Slow operation: 1056ms so far, now at startProcess: starting to update pids map
01-19 11:28:09.070 1100 1216 W ActivityManager: Slow operation: 1056ms so far, now at startProcess: done updating pids map
01-19 11:28:09.071 1100 1216 W ActivityManager: Slow operation: 811ms so far, now at startProcess: asking zygote to start proc
01-19 11:28:09.085 2304 2304 D RCSService BC-Receiver: Boot Complete Event Received. Is IMS RCS Single Reg enabled0
01-19 11:28:09.086 2304 2304 D RCSService BC-Receiver: START RCS SERVICE ON BOOTUP
01-19 11:28:09.087 1100 1135 D CompatibilityInfo: mCompatibilityFlags - 4
01-19 11:28:09.087 1100 1135 D CompatibilityInfo: applicationDensity - 240
01-19 11:28:09.087 1100 1135 D CompatibilityInfo: applicationScale - 1.0
01-19 11:28:09.096 2572 3186 I QCC:QDMATransferCCPScheduler: setCCPReSchedule
