01-01 08:06:14.658 1100 1696 W PackageParsing: No actions in intent-filter at /system/priv-app/BuiltInPrintService/BuiltInPrintService.apk Binary XML file line #53
01-01 08:06:14.678 0 0 D cnss : Removing vote for Regulator vdd-wlan-rfa2
01-01 08:06:14.678 0 0 D cnss : Received QMI WLFW pin connect result indication
01-01 08:06:14.678 0 0 D cnss : Pin connect Result: pwr_pin: 0x1 phy_io_pin: 0x0 rf_io_pin: 0x0
01-01 08:06:14.678 0 0 D cnss : Removing vote for Regulator vdd-wlan-rfa1
01-01 08:06:14.679 0 0 D cnss : Removing vote for Regulator vdd-wlan-dig
01-01 08:06:14.679 0 0 D cnss : Removing vote for Regulator vdd-wlan-aon
01-01 08:06:14.679 0 0 D cnss : Removing vote for Regulator vdd-wlan-io
01-01 08:06:14.679 0 0 D cnss : PM relax, state: 0xf, count: 0
01-01 08:06:14.746 1100 1698 W PackageParsing: Ignoring duplicate uses-permissions/uses-permissions-sdk-m: android.permission.ACCESS_WIFI_STATE in package: com.microsoft.emmx at: Binary XML file line #105
01-01 08:06:14.776 1100 1698 I PackageParsing: Parse times for '/system/priv-app/com.microsoft.emmx_134305015': parse=133ms, update_cache=3 ms
01-01 08:06:14.780 1100 1695 D CompatibilityChangeReporter: Compat change id reported: 150232615; UID -1; state: DISABLED
01-01 08:06:14.783 1100 1695 W PackageParsing: No actions in intent-filter at /system/priv-app/baidu_ime-mainLine-release/baidu_ime-mainLine-release.apk Binary XML file line #1529
01-01 08:06:14.795 1100 1100 D CompatibilityChangeReporter: Compat change id reported: 168782947; UID -1; state: DISABLED
01-01 08:06:14.898 1100 1696 W PackageParsing: No actions in intent-filter at /system/app/Bluetooth/Bluetooth.apk Binary XML file line #186
01-01 08:06:14.899 1100 1696 W PackageParsing: No actions in intent-filter at /system/app/Bluetooth/Bluetooth.apk Binary XML file line #210
01-01 08:06:14.899 1100 1696 W PackageParsing: No actions in intent-filter at /system/app/Bluetooth/Bluetooth.apk Binary XML file line #284
01-01 08:06:14.913 1239 1239 E iorapd : Cannot get package manager service!
01-01 08:06:15.009 1100 1100 W PackageManager: Failed to parse /vendor/app/CneApp: Missing base APK in /vendor/app/CneApp/lib/arm64
01-01 08:06:15.165 0 0 E : msm_qti_pp_get_rms_value_control, back not active to query rms be_idx:3
01-01 08:06:15.193 0 0 I core_get_license_status: cmdrsp_license_result.result = 0x15 for module 0x131ff
01-01 08:06:15.194 0 0 E msm_ext_disp_update_audio_ops: Display not found (EXT_DISPLAY_TYPE_DP) ctld (0) stream (0)
01-01 08:06:15.205 0 0 E msm_ext_disp_update_audio_ops: Display not found (EXT_DISPLAY_TYPE_HDMI) ctld (0) stream (0)
01-01 08:06:15.215 0 0 E msm_ext_disp_update_audio_ops: Display not found (EXT_DISPLAY_TYPE_DP) ctld (0) stream (0)
01-01 08:06:15.224 0 0 E msm_ext_disp_update_audio_ops: Display not found (EXT_DISPLAY_TYPE_DP) ctld (0) stream (0)
01-01 08:06:15.234 0 0 E msm_ext_disp_update_audio_ops: Display not found (EXT_DISPLAY_TYPE_DP) ctld (0) stream (0)
01-01 08:06:15.244 0 0 E msm-ext-disp-audio-codec-rx soc: qcom,msm-ext-disp:qcom,msm-ext-disp-audio-codec-rx: msm_ext_disp_audio_type_get: get_audio_edid_blk() or get_intf_id is NULL
01-01 08:06:15.251 0 0 E : msm_qti_pp_get_rms_value_control, back not active to query rms be_idx:3
01-01 08:06:15.261 0 0 E msm_ext_disp_update_audio_ops: Display not found (EXT_DISPLAY_TYPE_DP) ctld (0) stream (0)
01-01 08:06:15.283 1100 1697 W PackageParsing: Ignoring duplicate uses-permissions/uses-permissions-sdk-m: android.permission.CONFIGURE_WIFI_DISPLAY in package: com.android.systemui at: Binary XML file line #160
01-01 08:06:15.277 0 0 E msm-ext-disp-audio-codec-rx soc: qcom,msm-ext-disp:qcom,msm-ext-disp-audio-codec-rx: msm_ext_disp_audio_type_get: get_audio_edid_blk() or get_intf_id is NULL
01-01 08:06:15.286 0 0 I core_get_license_status: cmdrsp_license_result.result = 0x15 for module 0x131ff
01-01 08:06:15.294 0 0 E msm_ext_disp_update_audio_ops: Display not found (EXT_DISPLAY_TYPE_DP) ctld (0) stream (0)
01-01 08:06:15.301 1100 1697 I PackageParsing: Parse times for '/system_ext/priv-app/SystemUI': parse=172ms, update_cache=2 ms
01-01 08:06:15.303 0 0 E msm-ext-disp-audio-codec-rx soc: qcom,msm-ext-disp:qcom,msm-ext-disp-audio-codec-rx: msm_ext_disp_audio_type_get: get_audio_edid_blk() or get_intf_id is NULL
01-01 08:06:15.320 0 0 E msm_ext_disp_update_audio_ops: Display not found (EXT_DISPLAY_TYPE_DP) ctld (0) stream (0)
01-01 08:06:15.322 0 0 E msm-ext-disp-audio-codec-rx soc: qcom,msm-ext-disp:qcom,msm-ext-disp-audio-codec-rx: msm_ext_disp_audio_device_get: invalid dai id: 4
01-01 08:06:15.330 0 0 E msm_ext_disp_update_audio_ops: Display not found (EXT_DISPLAY_TYPE_HDMI) ctld (0) stream (0)
01-01 08:06:15.353 0 0 E msm_ext_disp_update_audio_ops: Display not found (EXT_DISPLAY_TYPE_DP) ctld (0) stream (0)
01-01 08:06:15.363 0 0 E msm_ext_disp_update_audio_ops: Display not found (EXT_DISPLAY_TYPE_DP) ctld (0) stream (0)
01-01 08:06:15.373 0 0 E msm_ext_disp_update_audio_ops: Display not found (EXT_DISPLAY_TYPE_DP) ctld (0) stream (0)
01-01 08:06:15.383 0 0 E msm-ext-disp-audio-codec-rx soc: qcom,msm-ext-disp:qcom,msm-ext-disp-audio-codec-rx: msm_ext_disp_audio_type_get: get_audio_edid_blk() or get_intf_id is NULL
01-01 08:06:15.394 1294 1294 E storaged: getService package_native failed
01-01 08:06:15.398 1294 1705 I storaged: storaged: Start
01-01 08:06:15.399 0 0 E msm_ext_disp_update_audio_ops: Display not found (EXT_DISPLAY_TYPE_DP) ctld (0) stream (0)
01-01 08:06:15.400 0 0 E : msm_pcm_volume_ctl_get substream not found
01-01 08:06:15.408 0 0 E msm-ext-disp-audio-codec-rx soc: qcom,msm-ext-disp:qcom,msm-ext-disp-audio-codec-rx: msm_ext_disp_audio_type_get: get_audio_edid_blk() or get_intf_id is NULL
01-01 08:06:15.429 0 0 E msm_ext_disp_update_audio_ops: Display not found (EXT_DISPLAY_TYPE_DP) ctld (0) stream (0)
01-01 08:06:15.439 0 0 E msm-ext-disp-audio-codec-rx soc: qcom,msm-ext-disp:qcom,msm-ext-disp-audio-codec-rx: msm_ext_disp_audio_type_get: get_audio_edid_blk() or get_intf_id is NULL
01-01 08:06:15.456 0 0 E msm-ext-disp-audio-codec-rx soc: qcom,msm-ext-disp:qcom,msm-ext-disp-audio-codec-rx: msm_ext_disp_audio_device_get: invalid dai id: 4
01-01 08:06:15.538 0 0 E : msm_pcm_volume_ctl_get substream not found
01-01 08:06:15.656 1100 1696 I PackageParsing: Parse times for '/system_ext/priv-app/Settings': parse=467ms, update_cache=4 ms
01-01 08:06:15.656 1100 1100 I PackageManager: /system_ext/priv-app/Settings changed; collecting certs
01-01 08:06:15.693 0 0 E swr-wcd wsa_swr_ctrl: swrm_runtime_suspend: clk stop mode not supported or SSR entry
01-01 08:06:15.715 1100 1696 W PackageParsing: No actions in intent-filter at /system_ext/app/SnapdragonMusic/SnapdragonMusic.apk Binary XML file line #83
01-01 08:06:15.716 1100 1696 W PackageParsing: No actions in intent-filter at /system_ext/app/SnapdragonMusic/SnapdragonMusic.apk Binary XML file line #206
01-01 08:06:15.762 1100 1696 W PackageParsing: Ignoring duplicate uses-permissions/uses-permissions-sdk-m: android.permission.INTERACT_ACROSS_USERS in package: com.thundercomm.microsettings at: Binary XML file line #13
01-01 08:06:15.762 1100 1696 W PackageParsing: Ignoring duplicate uses-permissions/uses-permissions-sdk-m: android.permission.SET_TIME_ZONE in package: com.thundercomm.microsettings at: Binary XML file line #31
01-01 08:06:15.762 1100 1696 W PackageParsing: Ignoring duplicate uses-permissions/uses-permissions-sdk-m: android.permission.WRITE_EXTERNAL_STORAGE in package: com.thundercomm.microsettings at: Binary XML file line #37
01-01 08:06:15.844 1100 1100 W PackageManager: Skipping provider name com.android.permissioncontroller (in package com.android.permissioncontroller): name already used by com.android.settings
01-01 08:06:15.844 1100 1100 W PackageManager: Skipping provider name com.android.permissioncontroller.role (in package com.android.permissioncontroller): name already used by com.android.settings
01-01 08:06:15.892 1100 1100 I PackageManager: Finished scanning system apps. Time: 1415 ms, packageCount: 144 , timePerPackage: 9 , cached: 0
01-01 08:06:15.892 1100 1100 I boot_progress_pms_data_scan_start: 44020
01-01 08:06:15.893 1100 1100 I PackageManager: Finished scanning non-system apps. Time: 0 ms, packageCount: 0 , timePerPackage: 0 , cached: 0
01-01 08:06:15.895 1100 1100 E PackageManager: updateAllSharedLibrariesLPw failed: Package com.qualcomm.embms requires unavailable shared library com.qualcomm.qcrilhook; failing!
01-01 08:06:15.895 1100 1100 E PackageManager: updateAllSharedLibrariesLPw failed: Package com.android.systemui requires unavailable shared library com.qti.extphone.extphonelib; failing!
01-01 08:06:15.895 1100 1100 E PackageManager: updateAllSharedLibrariesLPw failed: Package com.android.settings requires unavailable shared library com.qti.extphone.extphonelib; failing!
01-01 08:06:15.895 1100 1100 E PackageManager: updateAllSharedLibrariesLPw failed: Package com.qualcomm.qti.devicestatisticsservice requires unavailable shared library qti-telephony-hidl-wrapper-prd; failing!
01-01 08:06:15.895 1100 1100 E PackageManager: updateAllSharedLibrariesLPw failed: Package com.qti.snapdragon.qdcm_ff requires unavailable shared library vendor.display.color.V1_0.IDisplayColor; failing!
01-01 08:06:15.896 1100 1100 E PackageManager: updateAllSharedLibrariesLPw failed: Package com.qti.pasrservice requires unavailable shared library vendor.qti.power.pasrmanager.V1_0.IPasrManager; failing!
01-01 08:06:15.896 1100 1100 E PackageManager: updateAllSharedLibrariesLPw failed: Package com.qualcomm.wfd.service requires unavailable shared library .WfdService; failing!
01-01 08:06:15.896 1100 1100 E PackageManager: updateAllSharedLibrariesLPw failed: Package com.qualcomm.uimremoteserver requires unavailable shared library qti-telephony-hidl-wrapper-prd; failing!
01-01 08:06:15.896 1100 1100 E PackageManager: updateAllSharedLibrariesLPw failed: Package com.qualcomm.uimremoteclient requires unavailable shared library qti-telephony-hidl-wrapper-prd; failing!
01-01 08:06:15.900 1100 1100 I boot_progress_pms_scan_end: 44028
01-01 08:06:15.900 1100 1100 I PackageManager: Time to scan packages: 1.423 seconds
01-01 08:06:15.901 1100 1100 I PackageManager: Permission ownership changed. Updating all permissions.
01-01 08:06:15.913 1239 1239 W iorapd : Reconnect to package manager service: 2 times
01-01 08:06:15.920 1100 1100 V PackageManager: reconcileAppsData for null u0 0x1 migrateAppData=true
01-01 08:06:16.056 1100 1100 V PackageManager: reconcileAppsData finished 27 packages
01-01 08:06:16.056 1100 1100 I PackageManagerTiming: write settings
01-01 08:06:16.057 1100 1721 I SystemServerTimingAsync: InitThreadPoolExec:prepareAppData
01-01 08:06:16.057 1100 1721 D SystemServerInitThreadPool: Started executing prepareAppData
01-01 08:06:16.107 1100 1100 I commit_sys_config_file: [package-user-0,4]
01-01 08:06:16.107 1100 1100 I commit_sys_config_file: [package,51]
01-01 08:06:16.107 1100 1100 D PackageManagerTiming: write settings took to complete: 51ms
01-01 08:06:16.107 1100 1100 I boot_progress_pms_ready: 44235
01-01 08:06:16.108 1100 1100 W PackageManager: Intent filter verifier not found
01-01 08:06:16.108 1100 1100 W PackageManager: Domain verification agent not found
01-01 08:06:16.113 1100 1100 D PackageManager: Ephemeral resolver NOT found; no matching intent filters
01-01 08:06:16.113 1100 1100 D PackageManager: Instant App installer not found with android.intent.action.INSTALL_INSTANT_APP_PACKAGE
01-01 08:06:16.113 1100 1100 D PackageManager: Clear ephemeral installer activity
01-01 08:06:16.120 1100 1100 I PackageManagerTiming: GC
01-01 08:06:16.120 1100 1100 D PackageManagerTiming: GC took to complete: 0ms
01-01 08:06:16.120 1100 1100 I PackageManager: Fix for b/169414761 is applied
01-01 08:06:16.120 1100 1100 D PackageManagerTiming: create package manager took to complete: 1957ms
01-01 08:06:16.120 1100 1100 V UserManagerService: Checking that all system packages are whitelisted.
01-01 08:06:16.122 1100 1100 W UserManagerService: checkWhitelistedSystemPackages(mode=ENFORCE|IMPLICIT_WHITELIST|IMPLICIT_WHITELIST_SYSTEM) has 68 warnings:
01-01 08:06:16.122 1100 1100 W UserManagerService: com.android.internal.display.cutout.emulation.corner is allowlisted but not present.
01-01 08:06:16.122 1100 1100 W UserManagerService: com.android.internal.display.cutout.emulation.double is allowlisted but not present.
01-01 08:06:16.122 1100 1100 W UserManagerService: com.android.theme.color.amethyst is allowlisted but not present.
01-01 08:06:16.122 1100 1100 W UserManagerService: com.android.theme.icon.pebble is allowlisted but not present.
01-01 08:06:16.122 1100 1100 W UserManagerService: com.android.theme.color.sand is allowlisted but not present.
01-01 08:06:16.122 1100 1100 W UserManagerService: com.android.theme.icon.vessel is allowlisted but not present.
01-01 08:06:16.122 1100 1100 W UserManagerService: com.android.theme.color.cinnamon is allowlisted but not present.
01-01 08:06:16.122 1100 1100 W UserManagerService: com.android.theme.icon_pack.victor.settings is allowlisted but not present.
01-01 08:06:16.122 1100 1100 W UserManagerService: com.android.theme.icon_pack.rounded.systemui is allowlisted but not present.
01-01 08:06:16.122 1100 1100 W UserManagerService: com.android.theme.icon.taperedrect is allowlisted but not present.
01-01 08:06:16.123 1100 1100 W UserManagerService: com.android.theme.icon_pack.rounded.android is allowlisted but not present.
01-01 08:06:16.123 1100 1100 W UserManagerService: com.qualcomm.qti.euiccresource is allowlisted but not present.
01-01 08:06:16.123 1100 1100 W UserManagerService: com.qualcomm.qti.telephonyservice is allowlisted but not present.
01-01 08:06:16.123 1100 1100 W UserManagerService: com.android.theme.icon_pack.victor.systemui is allowlisted but not present.
01-01 08:06:16.123 1100 1100 W UserManagerService: com.android.theme.icon_pack.circular.themepicker is allowlisted but not present.
01-01 08:06:16.123 1100 1100 W UserManagerService: com.android.theme.color.tangerine is allowlisted but not present.
01-01 08:06:16.123 1100 1100 W UserManagerService: com.android.theme.color.aquamarine is allowlisted but not present.
01-01 08:06:16.123 1100 1100 W UserManagerService: com.android.internal.display.cutout.emulation.hole is allowlisted but not present.
01-01 08:06:16.123 1100 1100 W UserManagerService: com.android.internal.display.cutout.emulation.tall is allowlisted but not present.
01-01 08:06:16.123 1100 1100 W UserManagerService: com.android.theme.color.black is allowlisted but not present.
01-01 08:06:16.123 1100 1100 W UserManagerService: com.android.theme.color.green is allowlisted but not present.
01-01 08:06:16.123 1100 1100 W UserManagerService: com.android.theme.color.ocean is allowlisted but not present.
01-01 08:06:16.123 1100 1100 W UserManagerService: com.android.theme.color.space is allowlisted but not present.
01-01 08:06:16.123 1100 1100 W UserManagerService: com.android.internal.systemui.navbar.threebutton is allowlisted but not present.
01-01 08:06:16.123 1100 1100 W UserManagerService: com.qti.qualcomm.datastatusnotification is allowlisted but not present.
01-01 08:06:16.123 1100 1100 W UserManagerService: com.qualcomm.qti.callfeaturessetting is allowlisted but not present.
01-01 08:06:16.123 1100 1100 W UserManagerService: com.android.theme.icon_pack.rounded.launcher is allowlisted but not present.
01-01 08:06:16.123 1100 1100 W UserManagerService: com.qti.qualcomm.deviceinfo is allowlisted but not present.
01-01 08:06:16.123 1100 1100 W UserManagerService: com.android.theme.icon_pack.kai.settings is allowlisted but not present.
01-01 08:06:16.123 1100 1100 W UserManagerService: com.android.internal.systemui.navbar.twobutton is allowlisted but not present.
01-01 08:06:16.123 1100 1100 W UserManagerService: org.codeaurora.ims is allowlisted but not present.
01-01 08:06:16.123 1100 1100 W UserManagerService: com.android.theme.icon_pack.sam.settings is allowlisted but not present.
01-01 08:06:16.123 1100 1100 W UserManagerService: com.android.theme.icon_pack.kai.themepicker is allowlisted but not present.
01-01 08:06:16.123 1100 1100 W UserManagerService: com.qualcomm.qcrilmsgtunnel is allowlisted but not present.
01-01 08:06:16.123 1100 1100 W UserManagerService: com.android.theme.icon_pack.victor.launcher is allowlisted but not present.
01-01 08:06:16.123 1100 1100 W UserManagerService: com.android.theme.icon_pack.filled.settings is allowlisted but not present.
01-01 08:06:16.124 1100 1100 W UserManagerService: com.android.theme.icon_pack.kai.systemui is allowlisted but not present.
01-01 08:06:16.124 1100 1100 W UserManagerService: com.android.theme.icon_pack.circular.settings is allowlisted but not present.
01-01 08:06:16.124 1100 1100 W UserManagerService: com.qti.xdivert is allowlisted but not present.
01-01 08:06:16.124 1100 1100 W UserManagerService: com.android.theme.icon_pack.sam.systemui is allowlisted but not present.
01-01 08:06:16.124 1100 1100 W UserManagerService: com.android.theme.icon.teardrop is allowlisted but not present.
01-01 08:06:16.124 1100 1100 W UserManagerService: com.android.theme.icon_pack.rounded.themepicker is allowlisted but not present.
01-01 08:06:16.124 1100 1100 W UserManagerService: com.android.theme.icon_pack.filled.systemui is allowlisted but not present.
01-01 08:06:16.124 1100 1100 W UserManagerService: com.qualcomm.qti.imsiprivacy.tests is allowlisted but not present.
01-01 08:06:16.124 1100 1100 W UserManagerService: com.android.theme.icon_pack.sam.android is allowlisted but not present.
01-01 08:06:16.124 1100 1100 W UserManagerService: com.android.theme.icon_pack.filled.android is allowlisted but not present.
01-01 08:06:16.124 1100 1100 W UserManagerService: com.android.theme.icon_pack.circular.systemui is allowlisted but not present.
01-01 08:06:16.124 1100 1100 W UserManagerService: com.android.theme.icon_pack.kai.android is allowlisted but not present.
01-01 08:06:16.124 1100 1100 W UserManagerService: com.android.theme.icon_pack.kai.launcher is allowlisted but not present.
01-01 08:06:16.124 1100 1100 W UserManagerService: com.qualcomm.qti.sam.service is allowlisted but not present.
01-01 08:06:16.124 1100 1100 W UserManagerService: com.android.theme.icon_pack.sam.launcher is allowlisted but not present.
01-01 08:06:16.124 1100 1100 W UserManagerService: com.android.theme.icon.squircle is allowlisted but not present.
01-01 08:06:16.124 1100 1100 W UserManagerService: com.android.theme.icon_pack.victor.android is allowlisted but not present.
01-01 08:06:16.124 1100 1100 W UserManagerService: com.android.theme.color.palette is allowlisted but not present.
01-01 08:06:16.124 1100 1100 W UserManagerService: com.android.theme.icon_pack.filled.launcher is allowlisted but not present.
01-01 08:06:16.124 1100 1100 W UserManagerService: com.android.theme.color.carbon is allowlisted but not present.
01-01 08:06:16.124 1100 1100 W UserManagerService: com.android.theme.icon_pack.circular.launcher is allowlisted but not present.
01-01 08:06:16.124 1100 1100 W UserManagerService: com.android.theme.icon_pack.filled.themepicker is allowlisted but not present.
01-01 08:06:16.124 1100 1100 W UserManagerService: com.android.theme.icon_pack.victor.themepicker is allowlisted but not present.
01-01 08:06:16.124 1100 1100 W UserManagerService: com.android.theme.color.orchid is allowlisted but not present.
01-01 08:06:16.124 1100 1100 W UserManagerService: com.android.theme.color.purple is allowlisted but not present.
01-01 08:06:16.124 1100 1100 W UserManagerService: com.qualcomm.qti.confdialer is allowlisted but not present.
01-01 08:06:16.124 1100 1100 W UserManagerService: com.android.theme.icon_pack.sam.themepicker is allowlisted but not present.
01-01 08:06:16.125 1100 1100 W UserManagerService: com.qualcomm.atfwd is allowlisted but not present.
01-01 08:06:16.125 1100 1100 W UserManagerService: com.android.theme.icon.roundedrect is allowlisted but not present.
01-01 08:06:16.125 1100 1100 W UserManagerService: com.android.theme.icon_pack.rounded.settings is allowlisted but not present.
01-01 08:06:16.125 1100 1100 W UserManagerService: org.codeaurora.qti.nrNetworkSettingApp is allowlisted but not present.
01-01 08:06:16.125 1100 1100 W UserManagerService: com.android.theme.icon_pack.circular.android is allowlisted but not present.
01-01 08:06:16.126 1100 1100 I Watchdog: Resuming HandlerChecker: main thread for reason: packagemanagermain. Pause count: 0
01-01 08:06:16.126 1100 1100 I SystemServerDexLoadReporter: Configuring system server dex reporter
01-01 08:06:16.130 1100 1100 D SystemServerTiming: StartPackageManagerService took to complete: 1971ms
01-01 08:06:16.131 1100 1100 I SystemServerTiming: StartOtaDexOptService
01-01 08:06:16.131 1100 1100 I Watchdog: Pausing HandlerChecker: main thread for reason: moveab. Pause count: 1
01-01 08:06:16.132 1100 1100 D OTADexopt: No upgrade, skipping A/B artifacts check.
01-01 08:06:16.132 1100 1100 I Watchdog: Resuming HandlerChecker: main thread for reason: moveab. Pause count: 0
01-01 08:06:16.132 1100 1100 D SystemServerTiming: StartOtaDexOptService took to complete: 1ms
01-01 08:06:16.132 1100 1100 I SystemServerTiming: StartUserManagerService
01-01 08:06:16.132 1100 1100 I SystemServiceManager: Starting com.android.server.pm.UserManagerService$LifeCycle
01-01 08:06:16.133 1100 1100 D SystemServerTiming: StartUserManagerService took to complete: 1ms
01-01 08:06:16.133 1100 1100 I SystemServerTiming: InitAttributerCache
01-01 08:06:16.133 1100 1100 D SystemServerTiming: InitAttributerCache took to complete: 1ms
01-01 08:06:16.133 1100 1100 I SystemServerTiming: SetSystemProcess
01-01 08:06:16.138 1100 1100 I am_uid_running: 1000
01-01 08:06:16.139 1100 1217 I ActivityManager: Connection with lmkd established
01-01 08:06:16.141 1100 1100 I am_uid_active: 1000
01-01 08:06:16.142 1100 1100 D SystemServerTiming: SetSystemProcess took to complete: 9ms
01-01 08:06:16.142 1100 1100 I SystemServerTiming: InitWatchdog
01-01 08:06:16.142 1100 1100 D SystemServerTiming: InitWatchdog took to complete: 0ms
01-01 08:06:16.145 1100 1100 I SystemServerTiming: StartOverlayManagerService
01-01 08:06:16.155 1100 1136 V HistoricalRegistry: Interaction before persistence initialized
01-01 08:06:16.214 1100 1100 I commit_sys_config_file: [overlays,2]
01-01 08:06:16.219 1100 1200 W ActivityTaskManager: Skip updateConfiguration because mWindowManager isn't set
01-01 08:06:16.220 1100 1100 D SystemServerTiming: StartOverlayManagerService took to complete: 75ms
01-01 08:06:16.220 1100 1100 I SystemServerTiming: StartSensorPrivacyService
01-01 08:06:16.224 1100 1100 D SystemServerTiming: StartSensorPrivacyService took to complete: 4ms
01-01 08:06:16.225 1100 1100 I SystemServerTiming: StartThunderBoostPerfService
01-01 08:06:16.225 1100 1100 D SystemServerTiming: StartThunderBoostPerfService took to complete: 1ms
01-01 08:06:16.226 1100 1100 I SystemServerTiming: StartSensorService
01-01 08:06:16.226 1100 1100 I SystemServiceManager: Starting com.android.server.sensors.SensorService
01-01 08:06:16.226 1100 1100 D SystemServerTiming: StartSensorService took to complete: 1ms
01-01 08:06:16.226 1100 1100 D SystemServerTiming: startBootstrapServices took to complete: 7001ms
01-01 08:06:16.226 1100 1100 I SystemServerTiming: startCoreServices
01-01 08:06:16.226 1100 1100 I SystemServerTiming: StartSystemConfigService
01-01 08:06:16.226 1100 1100 I SystemServiceManager: Starting com.android.server.SystemConfigService
01-01 08:06:16.227 1100 1100 D SystemServerTiming: StartSystemConfigService took to complete: 0ms
01-01 08:06:16.227 1100 1100 I SystemServerTiming: StartBatteryService
01-01 08:06:16.227 1100 1100 I SystemServiceManager: Starting com.android.server.BatteryService
01-01 08:06:16.227 1100 1742 I SystemServerTimingAsync: InitThreadPoolExec:StartNativeSensorService
01-01 08:06:16.227 1100 1742 D SystemServerInitThreadPool: Started executing StartNativeSensorService
01-01 08:06:16.228 1100 1742 I SystemServerTimingAsync: StartNativeSensorService
01-01 08:06:16.234 0 0 W healthd : battery none chg=
01-01 08:06:16.233 1100 1213 I battery_status: [1,1,0,0,]
01-01 08:06:16.243 1100 1100 I HealthServiceWrapper: health: HealthServiceWrapper listening to instance default
01-01 08:06:16.244 1100 1100 I BatteryService: health: Waited 0ms and received the update.
01-01 08:06:16.245 1100 1100 D SystemServerTiming: StartBatteryService took to complete: 19ms
01-01 08:06:16.245 1100 1100 I SystemServerTiming: StartUsageService
01-01 08:06:16.245 1100 1100 I SystemServiceManager: Starting com.android.server.usage.UsageStatsService
01-01 08:06:16.247 1100 1742 D SystemServerTimingAsync: StartNativeSensorService took to complete: 19ms
01-01 08:06:16.247 1100 1742 D SystemServerInitThreadPool: Finished executing StartNativeSensorService
01-01 08:06:16.247 1100 1742 D SystemServerTimingAsync: InitThreadPoolExec:StartNativeSensorService took to complete: 20ms
01-01 08:06:16.251 1100 1100 D SystemServerTiming: StartUsageService took to complete: 6ms
01-01 08:06:16.251 1100 1100 I SystemServerTiming: StartWebViewUpdateService
01-01 08:06:16.251 1100 1100 I SystemServiceManager: Starting com.android.server.webkit.WebViewUpdateService
01-01 08:06:16.253 1100 1100 D SystemServerTiming: StartWebViewUpdateService took to complete: 2ms
01-01 08:06:16.253 1100 1100 I SystemServerTiming: StartCachedDeviceStateService
01-01 08:06:16.253 1100 1100 I SystemServiceManager: Starting com.android.server.CachedDeviceStateService
01-01 08:06:16.253 1100 1100 D SystemServerTiming: StartCachedDeviceStateService took to complete: 0ms
01-01 08:06:16.253 1100 1100 I SystemServerTiming: StartBinderCallsStatsService
01-01 08:06:16.253 1100 1100 I SystemServiceManager: Starting com.android.server.BinderCallsStatsService$LifeCycle
01-01 08:06:16.254 1100 1100 D SystemServerTiming: StartBinderCallsStatsService took to complete: 1ms
01-01 08:06:16.254 1100 1100 I SystemServerTiming: StartLooperStatsService
01-01 08:06:16.254 1100 1100 I SystemServiceManager: Starting com.android.server.LooperStatsService$Lifecycle
01-01 08:06:16.255 1100 1100 D SystemServerTiming: StartLooperStatsService took to complete: 0ms
01-01 08:06:16.255 1100 1100 I SystemServerTiming: StartRollbackManagerService
01-01 08:06:16.255 1100 1100 I SystemServiceManager: Starting com.android.server.rollback.RollbackManagerService
01-01 08:06:16.252 1280 1280 I auditd : type=1400 audit(0.0:131): avc: denied { read } for comm="Binder:1280_2" name="persist" dev="tmpfs" ino=27779 scontext=u:r:installd:s0 tcontext=u:object_r:tmpfs:s0 tclass=lnk_file permissive=0
01-01 08:06:16.252 1280 1280 I auditd : type=1400 audit(0.0:132): avc: denied { read } for comm="Binder:1280_2" name="persist" dev="tmpfs" ino=27779 scontext=u:r:installd:s0 tcontext=u:object_r:tmpfs:s0 tclass=lnk_file permissive=0
01-01 08:06:16.261 1100 1100 I PackageWatchdog: Syncing state, reason: added new observer
01-01 08:06:16.261 1100 1100 I PackageWatchdog: Not pruning observers, elapsed time: 0ms
01-01 08:06:16.261 1100 1100 I PackageWatchdog: Cancelling state sync, nothing to sync
01-01 08:06:16.261 1100 1212 I PackageWatchdog: Saving observer state to file
01-01 08:06:16.263 1100 1100 D SystemServerTiming: StartRollbackManagerService took to complete: 7ms
01-01 08:06:16.263 1100 1100 I SystemServerTiming: StartNativeTombstoneManagerService
01-01 08:06:16.263 1100 1100 I SystemServiceManager: Starting com.android.server.os.NativeTombstoneManagerService
01-01 08:06:16.264 1100 1100 D SystemServerTiming: StartNativeTombstoneManagerService took to complete: 1ms
01-01 08:06:16.264 1100 1100 I SystemServerTiming: StartBugreportManagerService
01-01 08:06:16.264 1100 1100 I SystemServiceManager: Starting com.android.server.os.BugreportManagerService
01-01 08:06:16.265 1100 1100 D SystemServerTiming: StartBugreportManagerService took to complete: 2ms
01-01 08:06:16.265 1100 1100 I SystemServerTiming: GpuService
01-01 08:06:16.265 1100 1100 I SystemServiceManager: Starting com.android.server.gpu.GpuService
01-01 08:06:16.265 1100 1100 D SystemServerTiming: GpuService took to complete: 0ms
01-01 08:06:16.265 1100 1100 D SystemServerTiming: startCoreServices took to complete: 39ms
01-01 08:06:16.265 1100 1100 I SystemServerTiming: startOtherServices
01-01 08:06:16.266 1100 1100 I SystemServerTiming: StartKeyAttestationApplicationIdProviderService
01-01 08:06:16.266 1100 1765 I SystemServerTimingAsync: InitThreadPoolExec:SecondaryZygotePreload
01-01 08:06:16.266 1100 1765 D SystemServerInitThreadPool: Started executing SecondaryZygotePreload
01-01 08:06:16.266 1100 1765 I SystemServer: SecondaryZygotePreload
01-01 08:06:16.267 1100 1765 I SystemServerTimingAsync: SecondaryZygotePreload
01-01 08:06:16.267 1100 1100 D SystemServerTiming: StartKeyAttestationApplicationIdProviderService took to complete: 1ms
01-01 08:06:16.267 1100 1100 I SystemServerTiming: StartKeyChainSystemService
01-01 08:06:16.267 1100 1100 I SystemServiceManager: Starting com.android.server.security.KeyChainSystemService
01-01 08:06:16.267 1100 1100 D SystemServerTiming: StartKeyChainSystemService took to complete: 0ms
01-01 08:06:16.268 1100 1100 I SystemServerTiming: StartSchedulingPolicyService
01-01 08:06:16.268 1100 1100 D SystemServerTiming: StartSchedulingPolicyService took to complete: 1ms
01-01 08:06:16.269 1100 1100 I SystemServerTiming: StartTelecomLoaderService
01-01 08:06:16.269 1100 1100 I SystemServiceManager: Starting com.android.server.telecom.TelecomLoaderService
01-01 08:06:16.269 1100 1100 D SystemServerTiming: StartTelecomLoaderService took to complete: 1ms
01-01 08:06:16.269 1100 1100 I SystemServerTiming: StartTelephonyRegistry
01-01 08:06:16.270 1100 1100 D SystemServerTiming: StartTelephonyRegistry took to complete: 1ms
01-01 08:06:16.270 1100 1100 I SystemServerTiming: StartEntropyMixer
01-01 08:06:16.271 1100 1100 I EntropyMixer: Writing entropy...
01-01 08:06:16.274 1100 1100 D SystemServerTiming: StartEntropyMixer took to complete: 3ms
01-01 08:06:16.274 1100 1100 I SystemServerTiming: StartAccountManagerService
01-01 08:06:16.274 1100 1100 I SystemServiceManager: Starting com.android.server.accounts.AccountManagerService$Lifecycle
01-01 08:06:16.280 1100 1766 I SystemServerTimingAsync: InitThreadPoolExec:SchedulingPolicyService.
01-01 08:06:16.280 1100 1766 D SystemServerInitThreadPool: Started executing SchedulingPolicyService.
01-01 08:06:16.282 1100 1100 D SystemServerTiming: StartAccountManagerService took to complete: 8ms
01-01 08:06:16.282 1100 1100 I SystemServerTiming: StartContentService
01-01 08:06:16.282 1100 1100 I SystemServiceManager: Starting com.android.server.content.ContentService$Lifecycle
01-01 08:06:16.283 1100 1100 D SystemServerTiming: StartContentService took to complete: 1ms
01-01 08:06:16.283 1100 1100 I SystemServerTiming: InstallSystemProviders
01-01 08:06:16.315 681 681 D ZygoteInitTiming_lazy: BeginPreload took to complete: 44ms
01-01 08:06:16.324 1100 1766 D SystemServerInitThreadPool: Finished executing SchedulingPolicyService.
01-01 08:06:16.324 1100 1766 D SystemServerTimingAsync: InitThreadPoolExec:SchedulingPolicyService. took to complete: 44ms
01-01 08:06:16.352 1451 1451 I auditd : type=1400 audit(0.0:133): avc: denied { read } for comm="tzlog" name="qsee_log" dev="debugfs" ino=18473 scontext=u:r:np_thundercomm_tlog:s0 tcontext=u:object_r:debugfs:s0 tclass=file permissive=1
01-01 08:06:16.352 1451 1451 I auditd : type=1400 audit(0.0:134): avc: denied { open } for comm="tzlog" path="/sys/kernel/debug/tzdbg/qsee_log" dev="debugfs" ino=18473 scontext=u:r:np_thundercomm_tlog:s0 tcontext=u:object_r:debugfs:s0 tclass=file permissive=1
01-01 08:06:16.366 1100 1136 V HistoricalRegistry: Interaction before persistence initialized
01-01 08:06:16.388 1100 1214 D ActivityManager: Freezer enabled
01-01 08:06:16.388 1100 1214 D ActivityManager: freezer override set to false
01-01 08:06:16.392 1100 1100 D SystemServerTiming: InstallSystemProviders took to complete: 108ms
01-01 08:06:16.392 1100 1100 I SystemServerTiming: StartDropBoxManager
01-01 08:06:16.392 1100 1100 I SystemServiceManager: Starting com.android.server.DropBoxManagerService
01-01 08:06:16.398 1100 1100 D SystemServerTiming: StartDropBoxManager took to complete: 6ms
01-01 08:06:16.398 1100 1100 I SystemServerTiming: StartRoleManagerService
01-01 08:06:16.398 1100 1100 I SystemServiceManager: Starting com.android.role.RoleService
01-01 08:06:16.401 1100 1100 D SystemServerTiming: StartRoleManagerService took to complete: 2ms
01-01 08:06:16.401 1100 1100 I SystemServerTiming: StartVibratorManagerService
01-01 08:06:16.401 1100 1100 I SystemServiceManager: Starting com.android.server.vibrator.VibratorManagerService$Lifecycle
01-01 08:06:16.416 1100 1100 D SystemServerTiming: StartVibratorManagerService took to complete: 15ms
01-01 08:06:16.416 1100 1100 I SystemServerTiming: StartDynamicSystemService
01-01 08:06:16.417 1100 1100 D SystemServerTiming: StartDynamicSystemService took to complete: 1ms
01-01 08:06:16.417 1100 1100 I SystemServerTiming: StartConsumerIrService
01-01 08:06:16.422 1100 1100 D SystemServerTiming: StartConsumerIrService took to complete: 5ms
01-01 08:06:16.422 1100 1100 I SystemServerTiming: StartAlarmManagerService
01-01 08:06:16.422 1100 1100 I SystemServiceManager: Starting com.android.server.alarm.AlarmManagerService
01-01 08:06:16.435 1100 1100 I AlarmManager: Current time only 376435, advancing to build time 1674098880000
01-19 11:28:00.004 1100 1100 D SystemServerTiming: StartAlarmManagerService took to complete: 17ms
01-19 11:28:00.004 1100 1100 I SystemServerTiming: StartInputManagerService
01-19 11:28:00.005 1100 1100 I InputManager: Initializing input manager, mUseDevInputEventForAudioJack=true
01-19 11:28:00.014 1100 1100 D SystemServerTiming: StartInputManagerService took to complete: 10ms
01-19 11:28:00.015 1100 1100 I SystemServerTiming: DeviceStateManagerService
01-19 11:28:00.015 1100 1100 I SystemServiceManager: Starting com.android.server.devicestate.DeviceStateManagerService
01-19 11:28:00.030 1100 1100 D SystemServerTiming: DeviceStateManagerService took to complete: 16ms
01-19 11:28:00.030 1100 1100 I SystemServerTiming: StartCameraServiceProxy
01-19 11:28:00.031 1100 1100 I SystemServiceManager: Starting com.android.server.camera.CameraServiceProxy
01-19 11:28:00.034 1100 1100 D SystemServerTiming: StartCameraServiceProxy took to complete: 3ms
01-19 11:28:00.034 1100 1100 I SystemServerTiming: StartWindowManagerService
01-19 11:28:00.034 1100 1100 I SystemServiceManager: Starting phase 200
01-19 11:28:00.034 1100 1100 I SystemServerTiming: OnBootPhase_200
01-19 11:28:00.034 1100 1100 I SystemServerTiming: OnBootPhase_200_com.android.server.security.FileIntegrityService
01-19 11:28:00.034 1100 1100 D SystemServerTiming: OnBootPhase_200_com.android.server.security.FileIntegrityService took to complete: 0ms
01-19 11:28:00.034 1100 1100 I SystemServerTiming: OnBootPhase_200_com.android.server.pm.Installer
01-19 11:28:00.034 1100 1100 D SystemServerTiming: OnBootPhase_200_com.android.server.pm.Installer took to complete: 0ms
01-19 11:28:00.034 1100 1100 I SystemServerTiming: OnBootPhase_200_com.android.server.os.DeviceIdentifiersPolicyService
01-19 11:28:00.034 1100 1100 D SystemServerTiming: OnBootPhase_200_com.android.server.os.DeviceIdentifiersPolicyService took to complete: 0ms
01-19 11:28:00.034 1100 1100 I SystemServerTiming: OnBootPhase_200_com.android.server.uri.UriGrantsManagerService$Lifecycle
01-19 11:28:00.034 1100 1100 D SystemServerTiming: OnBootPhase_200_com.android.server.uri.UriGrantsManagerService$Lifecycle took to complete: 0ms
01-19 11:28:00.034 1100 1100 I SystemServerTiming: OnBootPhase_200_com.android.server.powerstats.PowerStatsService
01-19 11:28:00.034 1100 1100 D SystemServerTiming: OnBootPhase_200_com.android.server.powerstats.PowerStatsService took to complete: 0ms
01-19 11:28:00.034 1100 1100 I SystemServerTiming: OnBootPhase_200_com.android.server.wm.ActivityTaskManagerService$Lifecycle
01-19 11:28:00.034 1100 1100 D SystemServerTiming: OnBootPhase_200_com.android.server.wm.ActivityTaskManagerService$Lifecycle took to complete: 0ms
01-19 11:28:00.034 1100 1100 I SystemServerTiming: OnBootPhase_200_com.android.server.am.ActivityManagerService$Lifecycle
01-19 11:28:00.034 1100 1100 D SystemServerTiming: OnBootPhase_200_com.android.server.am.ActivityManagerService$Lifecycle took to complete: 0ms
01-19 11:28:00.034 1100 1100 I SystemServerTiming: OnBootPhase_200_com.android.server.pm.DataLoaderManagerService
01-19 11:28:00.034 1100 1100 D SystemServerTiming: OnBootPhase_200_com.android.server.pm.DataLoaderManagerService took to complete: 0ms
01-19 11:28:00.034 1100 1100 I SystemServerTiming: OnBootPhase_200_com.android.server.power.PowerManagerService
01-19 11:28:00.035 1100 1100 D SystemServerTiming: OnBootPhase_200_com.android.server.power.PowerManagerService took to complete: 0ms
01-19 11:28:00.035 1100 1100 I SystemServerTiming: OnBootPhase_200_com.android.server.power.ThermalManagerService
01-19 11:28:00.035 1100 1100 D SystemServerTiming: OnBootPhase_200_com.android.server.power.ThermalManagerService took to complete: 0ms
01-19 11:28:00.035 1100 1100 I SystemServerTiming: OnBootPhase_200_com.android.server.power.hint.HintManagerService
01-19 11:28:00.035 1100 1100 D SystemServerTiming: OnBootPhase_200_com.android.server.power.hint.HintManagerService took to complete: 0ms
01-19 11:28:00.035 1100 1100 I SystemServerTiming: OnBootPhase_200_com.android.server.recoverysystem.RecoverySystemService$Lifecycle
01-19 11:28:00.035 1100 1100 D SystemServerTiming: OnBootPhase_200_com.android.server.recoverysystem.RecoverySystemService$Lifecycle took to complete: 0ms
01-19 11:28:00.035 1100 1100 I SystemServerTiming: OnBootPhase_200_com.android.server.lights.LightsService
01-19 11:28:00.035 1100 1100 D SystemServerTiming: OnBootPhase_200_com.android.server.lights.LightsService took to complete: 0ms
01-19 11:28:00.035 1100 1100 I SystemServerTiming: OnBootPhase_200_com.android.server.display.DisplayManagerService
01-19 11:28:00.035 1100 1100 D SystemServerTiming: OnBootPhase_200_com.android.server.display.DisplayManagerService took to complete: 0ms
01-19 11:28:00.035 1100 1100 I SystemServerTiming: OnBootPhase_200_com.android.server.pm.verify.domain.DomainVerificationService
01-19 11:28:00.035 1100 1100 D SystemServerTiming: OnBootPhase_200_com.android.server.pm.verify.domain.DomainVerificationService took to complete: 0ms
01-19 11:28:00.035 1100 1100 I SystemServerTiming: OnBootPhase_200_com.android.server.pm.PackageInstallerService$Lifecycle
01-19 11:28:00.035 1100 1100 D SystemServerTiming: OnBootPhase_200_com.android.server.pm.PackageInstallerService$Lifecycle took to complete: 0ms
01-19 11:28:00.035 1100 1100 I SystemServerTiming: OnBootPhase_200_com.android.server.pm.UserManagerService$LifeCycle
01-19 11:28:00.035 1100 1100 D SystemServerTiming: OnBootPhase_200_com.android.server.pm.UserManagerService$LifeCycle took to complete: 0ms
01-19 11:28:00.035 1100 1100 I SystemServerTiming: OnBootPhase_200_com.android.server.om.OverlayManagerService
01-19 11:28:00.035 1100 1100 D SystemServerTiming: OnBootPhase_200_com.android.server.om.OverlayManagerService took to complete: 0ms
01-19 11:28:00.035 1100 1100 I SystemServerTiming: OnBootPhase_200_com.android.server.SensorPrivacyService
01-19 11:28:00.035 1100 1100 D SystemServerTiming: OnBootPhase_200_com.android.server.SensorPrivacyService took to complete: 0ms
01-19 11:28:00.035 1100 1100 I SystemServerTiming: OnBootPhase_200_com.android.server.thunderperf.ThunderBoostPerfService
01-19 11:28:00.036 1100 1100 D SystemServerTiming: OnBootPhase_200_com.android.server.thunderperf.ThunderBoostPerfService took to complete: 0ms
01-19 11:28:00.036 1100 1100 I SystemServerTiming: OnBootPhase_200_com.android.server.sensors.SensorService
01-19 11:28:00.036 1100 1100 D SystemServerTiming: OnBootPhase_200_com.android.server.sensors.SensorService took to complete: 0ms
01-19 11:28:00.036 1100 1100 I SystemServerTiming: OnBootPhase_200_com.android.server.SystemConfigService
01-19 11:28:00.036 1100 1100 D SystemServerTiming: OnBootPhase_200_com.android.server.SystemConfigService took to complete: 0ms
01-19 11:28:00.036 1100 1100 I SystemServerTiming: OnBootPhase_200_com.android.server.BatteryService
01-19 11:28:00.036 1100 1100 D SystemServerTiming: OnBootPhase_200_com.android.server.BatteryService took to complete: 0ms
01-19 11:28:00.036 1100 1100 I SystemServerTiming: OnBootPhase_200_com.android.server.usage.UsageStatsService
01-19 11:28:00.036 1100 1100 D SystemServerTiming: OnBootPhase_200_com.android.server.usage.UsageStatsService took to complete: 0ms
01-19 11:28:00.036 1100 1100 I SystemServerTiming: OnBootPhase_200_com.android.server.webkit.WebViewUpdateService
01-19 11:28:00.036 1100 1100 D SystemServerTiming: OnBootPhase_200_com.android.server.webkit.WebViewUpdateService took to complete: 0ms
01-19 11:28:00.036 1100 1100 I SystemServerTiming: OnBootPhase_200_com.android.server.CachedDeviceStateService
01-19 11:28:00.036 1100 1100 D SystemServerTiming: OnBootPhase_200_com.android.server.CachedDeviceStateService took to complete: 0ms
01-19 11:28:00.036 1100 1100 I SystemServerTiming: OnBootPhase_200_com.android.server.BinderCallsStatsService$LifeCycle
01-19 11:28:00.036 1100 1100 D SystemServerTiming: OnBootPhase_200_com.android.server.BinderCallsStatsService$LifeCycle took to complete: 0ms
01-19 11:28:00.036 1100 1100 I SystemServerTiming: OnBootPhase_200_com.android.server.LooperStatsService$Lifecycle
01-19 11:28:00.036 1100 1100 D SystemServerTiming: OnBootPhase_200_com.android.server.LooperStatsService$Lifecycle took to complete: 0ms
01-19 11:28:00.036 1100 1100 I SystemServerTiming: OnBootPhase_200_com.android.server.rollback.RollbackManagerService
01-19 11:28:00.036 1100 1100 D SystemServerTiming: OnBootPhase_200_com.android.server.rollback.RollbackManagerService took to complete: 0ms
01-19 11:28:00.036 1100 1100 I SystemServerTiming: OnBootPhase_200_com.android.server.os.NativeTombstoneManagerService
01-19 11:28:00.036 1100 1100 D SystemServerTiming: OnBootPhase_200_com.android.server.os.NativeTombstoneManagerService took to complete: 0ms
01-19 11:28:00.036 1100 1100 I SystemServerTiming: OnBootPhase_200_com.android.server.os.BugreportManagerService
01-19 11:28:00.037 1100 1100 D SystemServerTiming: OnBootPhase_200_com.android.server.os.BugreportManagerService took to complete: 0ms
01-19 11:28:00.037 1100 1100 I SystemServerTiming: OnBootPhase_200_com.android.server.gpu.GpuService
01-19 11:28:00.037 1100 1100 D SystemServerTiming: OnBootPhase_200_com.android.server.gpu.GpuService took to complete: 0ms
01-19 11:28:00.037 1100 1100 I SystemServerTiming: OnBootPhase_200_com.android.server.security.KeyChainSystemService
01-19 11:28:00.037 1100 1100 D SystemServerTiming: OnBootPhase_200_com.android.server.security.KeyChainSystemService took to complete: 0ms
01-19 11:28:00.037 1100 1100 I SystemServerTiming: OnBootPhase_200_com.android.server.telecom.TelecomLoaderService
01-19 11:28:00.037 1100 1100 D SystemServerTiming: OnBootPhase_200_com.android.server.telecom.TelecomLoaderService took to complete: 0ms
01-19 11:28:00.037 1100 1100 I SystemServerTiming: OnBootPhase_200_com.android.server.accounts.AccountManagerService$Lifecycle
01-19 11:28:00.037 1100 1100 D SystemServerTiming: OnBootPhase_200_com.android.server.accounts.AccountManagerService$Lifecycle took to complete: 0ms
01-19 11:28:00.037 1100 1100 I SystemServerTiming: OnBootPhase_200_com.android.server.content.ContentService$Lifecycle
01-19 11:28:00.037 1100 1100 D SystemServerTiming: OnBootPhase_200_com.android.server.content.ContentService$Lifecycle took to complete: 0ms
01-19 11:28:00.037 1100 1100 I SystemServerTiming: OnBootPhase_200_com.android.server.DropBoxManagerService
01-19 11:28:00.037 1100 1100 D SystemServerTiming: OnBootPhase_200_com.android.server.DropBoxManagerService took to complete: 0ms
01-19 11:28:00.037 1100 1100 I SystemServerTiming: OnBootPhase_200_com.android.role.RoleService
01-19 11:28:00.037 1100 1100 D SystemServerTiming: OnBootPhase_200_com.android.role.RoleService took to complete: 0ms
01-19 11:28:00.037 1100 1100 I SystemServerTiming: OnBootPhase_200_com.android.server.vibrator.VibratorManagerService$Lifecycle
01-19 11:28:00.037 1100 1100 D SystemServerTiming: OnBootPhase_200_com.android.server.vibrator.VibratorManagerService$Lifecycle took to complete: 0ms
01-19 11:28:00.037 1100 1100 I SystemServerTiming: OnBootPhase_200_com.android.server.alarm.AlarmManagerService
01-19 11:28:00.037 1100 1100 D SystemServerTiming: OnBootPhase_200_com.android.server.alarm.AlarmManagerService took to complete: 0ms
01-19 11:28:00.038 1100 1100 I SystemServerTiming: OnBootPhase_200_com.android.server.devicestate.DeviceStateManagerService
01-19 11:28:00.038 1100 1100 D SystemServerTiming: OnBootPhase_200_com.android.server.devicestate.DeviceStateManagerService took to complete: 0ms
01-19 11:28:00.038 1100 1100 I SystemServerTiming: OnBootPhase_200_com.android.server.camera.CameraServiceProxy
01-19 11:28:00.038 1100 1100 D SystemServerTiming: OnBootPhase_200_com.android.server.camera.CameraServiceProxy took to complete: 0ms
01-19 11:28:00.038 1100 1100 D SystemServerTiming: OnBootPhase_200 took to complete: 4ms
01-19 11:28:00.038 1100 1100 I WindowManager: No existing display settings, starting empty
01-19 11:28:00.039 1100 1100 I WindowManager: No existing display settings, starting empty
01-19 11:28:00.059 1100 1100 D SystemServerTiming: StartWindowManagerService took to complete: 25ms
01-19 11:28:00.059 1100 1100 I SystemServerTiming: SetWindowManagerService
01-19 11:28:00.102 1100 1100 I ActivityTaskManager: Loaded persisted task ids for user 0
01-19 11:28:00.103 1100 1100 I wm_task_created: [1,-1]
01-19 11:28:00.105 1100 1100 D SystemServerTiming: SetWindowManagerService took to complete: 46ms
01-19 11:28:00.105 1100 1100 I SystemServerTiming: WindowManagerServiceOnInitReady
01-01 08:06:16.547 0 0 E init : Control message: Could not find 'android.frameworks.sensorservice@1.0::ISensorManager/default' for ctl.interface_start from pid: 509 (/system/bin/hwservicemanager)
01-19 11:28:00.132 1100 1203 I sysui_multi_action: [757,1594,758,4,759,0,806,NULL]
01-19 11:28:00.134 1100 1721 D SystemServerTimingAsync: AppDataFixup took to complete: 513ms
01-19 11:28:00.140 1100 1100 D SystemServerTiming: WindowManagerServiceOnInitReady took to complete: 35ms
01-19 11:28:00.141 1100 1100 I SystemServerTiming: StartInputManager
01-19 11:28:00.141 1100 1100 I InputManager: Starting input manager
01-19 11:28:00.144 1100 1825 I SystemServerTimingAsync: InitThreadPoolExec:StartHidlServices
01-19 11:28:00.144 1100 1825 D SystemServerInitThreadPool: Started executing StartHidlServices
01-19 11:28:00.144 1100 1825 I SystemServerTimingAsync: StartHidlServices
01-01 08:06:16.569 0 0 E init : Control message: Could not find 'android.frameworks.sensorservice@1.0::ISensorManager/default' for ctl.interface_start from pid: 509 (/system/bin/hwservicemanager)
01-19 11:28:00.152 1100 1100 D SystemServerTiming: StartInputManager took to complete: 11ms
01-19 11:28:00.153 1100 1100 I SystemServerTiming: DisplayManagerWindowManagerAndInputReady
01-19 11:28:00.153 1100 1100 D SystemServerTiming: DisplayManagerWindowManagerAndInputReady took to complete: 1ms
01-19 11:28:00.153 1100 1100 I SystemServerTiming: StartBluetoothService
01-19 11:28:00.153 1100 1100 I SystemServiceManager: Starting com.android.server.BluetoothService
01-19 11:28:00.154 1100 1203 I LogicalDisplayMapper: Requesting Transition to state: 0
01-19 11:28:00.155 1100 1203 I LogicalDisplayMapper: Applying layout: [{addr: {port=129, model=0x40446d97fee5e6}, dispId: 0(ON)}], Previous layout: [{addr: {port=129, model=0x40446d97fee5e6}, dispId: 0(ON)}]
01-19 11:28:00.167 1100 1825 D SystemServerTimingAsync: StartHidlServices took to complete: 22ms
01-19 11:28:00.167 1100 1825 D SystemServerInitThreadPool: Finished executing StartHidlServices
01-19 11:28:00.167 1100 1825 D SystemServerTimingAsync: InitThreadPoolExec:StartHidlServices took to complete: 24ms
01-19 11:28:00.171 1100 1100 D BluetoothManagerService: Loading stored name and address
01-19 11:28:00.172 1100 1100 D BluetoothManagerService: Stored bluetooth Name=高合娱乐副屏,Address=F0:74:E4:41:13:02
01-19 11:28:00.172 1100 1100 D BluetoothManagerService: Bluetooth persisted state: 1
01-19 11:28:00.172 1100 1100 D BluetoothManagerService: Startup: Bluetooth persisted state is ON.
01-19 11:28:00.172 1100 1100 D BluetoothManagerService: Detected SystemUiUid: 10087
01-19 11:28:00.172 1100 1100 D SystemServerTiming: StartBluetoothService took to complete: 19ms
01-19 11:28:00.172 1100 1100 I SystemServerTiming: IpConnectivityMetrics
01-19 11:28:00.172 1100 1100 I SystemServiceManager: Starting com.android.server.connectivity.IpConnectivityMetrics
01-19 11:28:00.173 1100 1100 D SystemServerTiming: IpConnectivityMetrics took to complete: 0ms
01-19 11:28:00.173 1100 1100 I SystemServerTiming: NetworkWatchlistService
01-19 11:28:00.173 1100 1100 I SystemServiceManager: Starting com.android.server.net.watchlist.NetworkWatchlistService$Lifecycle
01-19 11:28:00.194 1100 1100 I WatchlistSettings: Reload watchlist settings done
01-19 11:28:00.195 1100 1841 I WatchlistLoggingHandler: No need to aggregate record yet.
01-19 11:28:00.195 1100 1100 D SystemServerTiming: NetworkWatchlistService took to complete: 23ms
01-19 11:28:00.196 1100 1100 I SystemServerTiming: PinnerService
01-19 11:28:00.196 1100 1100 I SystemServiceManager: Starting com.android.server.PinnerService
01-19 11:28:00.196 1100 1841 I WatchlistLoggingHandler: Milliseconds spent on tryAggregateRecords(): 0
01-19 11:28:00.196 1100 1100 V HistoricalRegistry: Interaction before persistence initialized
