01-19 11:28:12.190 1100 1200 I EthernetTracker: interfaceLinkStateChanged, iface: vlan8, up: true
01-19 11:28:12.197 1100 1212 I am_pss : [2409,1000,com.thundercomm.tcsetupwizard,7012352,5095424,0,91811840,2,0,12]
01-19 11:28:12.207 3571 3571 I Perf : Connecting to perf service.
01-19 11:28:12.212 1100 1212 I am_pss : [2366,1000,com.tc.logclient,6715392,4763648,0,91512832,2,0,11]
01-19 11:28:12.216 1461 1504 D LOWI-9.0.0.87.a: [LOWINetlinkSocketReceiver] unpackRTMLinkMessage: RTM_NEWLINK - ifname vlan8, flags 0x11043 ([UP][RUNNING])
01-19 11:28:12.217 1100 1200 I EthernetTracker: interfaceLinkStateChanged, iface: vlan8, up: true
01-19 11:28:12.226 1100 1212 I am_pss : [2330,1000,com.thundercomm.tchttpserver,7329792,5406720,0,92135424,2,0,12]
01-19 11:28:12.242 1100 1212 I am_pss : [2304,1001,.dataservices,8597504,6524928,0,94793728,2,0,12]
01-19 11:28:12.245 3571 3571 V GraphicsEnvironment: ANGLE Developer option for 'com.hryt.hiphishowfsecontrol' set to: 'default'
01-19 11:28:12.246 3571 3571 V GraphicsEnvironment: ANGLE GameManagerService for com.hryt.hiphishowfsecontrol: false
01-19 11:28:12.250 1461 1504 D LOWI-9.0.0.87.a: [LOWINetlinkSocketReceiver] unpackRTMLinkMessage: RTM_NEWLINK - ifname vlan8, flags 0x11043 ([UP][RUNNING])
01-19 11:28:12.252 1100 1200 I EthernetTracker: interfaceLinkStateChanged, iface: vlan8, up: true
01-19 11:28:12.258 3571 3571 D NetworkSecurityConfig: No Network Security Config specified, using platform default
01-19 11:28:12.260 3571 3571 D NetworkSecurityConfig: No Network Security Config specified, using platform default
01-19 11:28:12.264 1100 1212 I am_pss : [2311,10055,.qtidataservices,6125568,4157440,0,91930624,2,0,12]
01-19 11:28:12.282 1100 1212 I am_pss : [2246,1000,com.thundercomm.microsettings,38313984,34779136,0,131842048,2,0,13]
01-19 11:28:12.291 1461 1504 D LOWI-9.0.0.87.a: [LOWINetlinkSocketReceiver] unpackRTMLinkMessage: RTM_NEWLINK - ifname vlan8, flags 0x11043 ([UP][RUNNING])
01-19 11:28:12.292 1100 1200 I EthernetTracker: interfaceLinkStateChanged, iface: vlan8, up: true
01-19 11:28:12.297 1100 1212 I am_pss : [2199,1000,com.thundercomm.microservice,9067520,6991872,0,96288768,2,0,12]
01-19 11:28:12.327 3571 3571 V HiPhiShowReceiver: ===:android.intent.action.BOOT_COMPLETED
01-19 11:28:12.330 1461 1504 D LOWI-9.0.0.87.a: [LOWINetlinkSocketReceiver] unpackRTMLinkMessage: RTM_NEWLINK - ifname vlan8, flags 0x11043 ([UP][RUNNING])
01-19 11:28:12.330 1100 2281 I am_uid_running: 10073
01-19 11:28:12.331 1100 1200 I EthernetTracker: interfaceLinkStateChanged, iface: vlan8, up: true
01-19 11:28:12.332 1100 2281 D CompatibilityChangeReporter: Compat change id reported: 135634846; UID 10073; state: DISABLED
01-19 11:28:12.333 1100 2281 D CompatibilityChangeReporter: Compat change id reported: 177438394; UID 10073; state: DISABLED
01-19 11:28:12.333 1100 2281 D CompatibilityChangeReporter: Compat change id reported: 135772972; UID 10073; state: DISABLED
01-19 11:28:12.334 1100 2281 D CompatibilityChangeReporter: Compat change id reported: 135754954; UID 10073; state: DISABLED
01-19 11:28:12.335 1100 1212 I am_pss : [2059,10087,com.android.systemui,168997888,146980864,0,320319488,2,0,19]
01-19 11:28:12.335 1100 1216 D CompatibilityChangeReporter: Compat change id reported: 143937733; UID 10073; state: DISABLED
01-19 11:28:12.349 820 1805 D audio_hw_primary: copl(0xef7ceb00):out of compress_wait
01-19 11:28:12.353 820 2104 D audio_hw_primary: No space available in compress driver, post msg to cb thread
01-19 11:28:12.353 820 1805 D audio_hw_primary: copl(0xef7ceb00):calling compress_wait
01-19 11:28:12.373 678 678 D Zygote : Forked child process 3605
01-19 11:28:12.374 1100 1216 I am_proc_start: [0,3605,10073,com.android.calendar,broadcast,{com.android.calendar/com.android.calendar.alerts.AlertReceiver}]
01-19 11:28:12.375 1100 1216 I ActivityManager: Start proc 3605:com.android.calendar/u0a73 for broadcast {com.android.calendar/com.android.calendar.alerts.AlertReceiver}
01-19 11:28:12.377 1461 1504 D LOWI-9.0.0.87.a: [LOWINetlinkSocketReceiver] unpackRTMLinkMessage: RTM_NEWLINK - ifname vlan8, flags 0x11043 ([UP][RUNNING])
01-19 11:28:12.379 1100 1200 I EthernetTracker: interfaceLinkStateChanged, iface: vlan8, up: true
01-19 11:28:12.386 1100 1212 I am_pss : [1100,1000,system,252026880,149540864,0,578289664,2,0,29]
01-19 11:28:12.393 3605 3605 I libc : SetHeapTaggingLevel: tag level set to 0
01-19 11:28:12.412 1461 1504 D LOWI-9.0.0.87.a: [LOWINetlinkSocketReceiver] unpackRTMLinkMessage: RTM_NEWLINK - ifname vlan8, flags 0x11043 ([UP][RUNNING])
01-19 11:28:12.412 1100 1200 I EthernetTracker: interfaceLinkStateChanged, iface: vlan8, up: true
01-19 11:28:12.427 2907 2922 I adbd : jdwp connection from 3605
01-19 11:28:12.427 3605 3605 D ProcessState: Binder ioctl to enable oneway spam detection failed: Invalid argument
01-01 08:06:28.862 0 0 I binder : 3605:3605 ioctl 40046210 7fdc700314 returned -22
01-19 11:28:12.443 1461 1504 D LOWI-9.0.0.87.a: [LOWINetlinkSocketReceiver] unpackRTMLinkMessage: RTM_NEWLINK - ifname vlan8, flags 0x11043 ([UP][RUNNING])
01-19 11:28:12.444 1100 1200 I EthernetTracker: interfaceLinkStateChanged, iface: vlan8, up: true
01-19 11:28:12.446 1100 1136 I am_proc_bound: [0,3605,com.android.calendar]
01-19 11:28:12.451 1100 1136 D CompatibilityChangeReporter: Compat change id reported: 168419799; UID 10073; state: DISABLED
01-19 11:28:12.451 1100 1136 D CompatibilityInfo: mCompatibilityFlags - 4
01-19 11:28:12.451 1100 1136 D CompatibilityInfo: applicationDensity - 240
01-19 11:28:12.451 1100 1136 D CompatibilityInfo: applicationScale - 1.0
01-19 11:28:12.458 1100 1136 I am_uid_active: 10073
01-19 11:28:12.459 1100 1136 D CompatibilityInfo: mCompatibilityFlags - 4
01-19 11:28:12.459 1100 1136 D CompatibilityInfo: applicationDensity - 240
01-19 11:28:12.459 1100 1136 D CompatibilityInfo: applicationScale - 1.0
01-19 11:28:12.466 3605 3605 D CompatibilityChangeReporter: Compat change id reported: 171979766; UID 10073; state: DISABLED
01-19 11:28:12.491 1461 1504 D LOWI-9.0.0.87.a: [LOWINetlinkSocketReceiver] unpackRTMLinkMessage: RTM_NEWLINK - ifname vlan8, flags 0x11043 ([UP][RUNNING])
01-19 11:28:12.493 1100 1200 I EthernetTracker: interfaceLinkStateChanged, iface: vlan8, up: true
01-19 11:28:12.507 3605 3605 D ApplicationLoaders: Returning zygote-cached class loader: /system/framework/android.test.base.jar
01-19 11:28:12.518 1100 1212 I sysui_multi_action: [757,1717,758,1,759,0]
01-19 11:28:12.519 1100 1212 I sysui_multi_action: [757,1717,758,2,759,0]
01-19 11:28:12.520 1100 1212 I sysui_multi_action: [757,1717,758,3,759,0]
01-19 11:28:12.565 3605 3605 D nativeloader: classloader namespace configured for unbundled product apk. library_path=/product/app/Calendar/lib/arm64:/product/lib64:/system/product/lib64
01-19 11:28:12.599 3605 3605 I Perf : Connecting to perf service.
01-19 11:28:12.615 3625 3625 I auditd : type=1400 audit(0.0:159): avc: denied { read } for comm="ip" name="rt_tables" dev="dm-10" ino=354 scontext=u:r:ethernet:s0 tcontext=u:object_r:net_data_file:s0 tclass=file permissive=0
01-19 11:28:12.623 3605 3605 V GraphicsEnvironment: ANGLE Developer option for 'com.android.calendar' set to: 'default'
01-19 11:28:12.625 3605 3605 V GraphicsEnvironment: ANGLE GameManagerService for com.android.calendar: false
01-19 11:28:12.631 3605 3605 D NetworkSecurityConfig: No Network Security Config specified, using platform default
01-19 11:28:12.633 3605 3605 D NetworkSecurityConfig: No Network Security Config specified, using platform default
01-19 11:28:12.634 654 665 I mpu_uart: [MSG-P:RECV]:No message received in 1000 ms
01-19 11:28:12.663 3627 3627 I auditd : type=1400 audit(0.0:160): avc: denied { read } for comm="ip" name="rt_tables" dev="dm-10" ino=354 scontext=u:r:ethernet:s0 tcontext=u:object_r:net_data_file:s0 tclass=file permissive=0
01-19 11:28:12.663 3627 3627 W ip : type=1400 audit(0.0:160): avc: denied { read } for name="rt_tables" dev="dm-10" ino=354 scontext=u:r:ethernet:s0 tcontext=u:object_r:net_data_file:s0 tclass=file permissive=0
01-19 11:28:12.693 3605 3605 D AlertReceiver: onReceive: a=android.intent.action.BOOT_COMPLETED Intent { act=android.intent.action.BOOT_COMPLETED flg=0x89000010 cmp=com.android.calendar/.alerts.AlertReceiver (has extras) }
01-19 11:28:12.699 1100 2281 D CompatibilityInfo: mCompatibilityFlags - 4
01-19 11:28:12.699 1100 2281 D CompatibilityInfo: applicationDensity - 240
01-19 11:28:12.699 1100 2281 D CompatibilityInfo: applicationScale - 1.0
01-19 11:28:12.713 2887 2887 I AlarmClock: AlarmInitReceiver android.intent.action.BOOT_COMPLETED
01-19 11:28:12.742 2887 2931 I AlarmClock: Fixing alarm instances
01-19 11:28:12.745 2660 2660 D BaseModelUpdateTask: BaseModelUpdateTask constructor
01-19 11:28:12.745 2660 2660 D BaseModelUpdateTask: java.lang.Exception
01-19 11:28:12.745 2660 2660 D BaseModelUpdateTask: at com.android.launcher3.model.BaseModelUpdateTask.(BaseModelUpdateTask.java:57)
01-19 11:28:12.745 2660 2660 D BaseModelUpdateTask: at com.android.launcher3.model.ShortcutsChangedTask.(ShortcutsChangedTask.java:47)
01-19 11:28:12.745 2660 2660 D BaseModelUpdateTask: at com.android.launcher3.LauncherModel.onShortcutsChanged(LauncherModel.java:216)
01-19 11:28:12.745 2660 2660 D BaseModelUpdateTask: at android.content.pm.LauncherApps$CallbackMessageHandler.handleMessage(LauncherApps.java:1821)
01-19 11:28:12.745 2660 2660 D BaseModelUpdateTask: at android.os.Handler.dispatchMessage(Handler.java:106)
01-19 11:28:12.745 2660 2660 D BaseModelUpdateTask: at android.os.Looper.loopOnce(Looper.java:201)
01-19 11:28:12.745 2660 2660 D BaseModelUpdateTask: at android.os.Looper.loop(Looper.java:288)
01-19 11:28:12.745 2660 2660 D BaseModelUpdateTask: at android.app.ActivityThread.main(ActivityThread.java:7880)
01-19 11:28:12.745 2660 2660 D BaseModelUpdateTask: at java.lang.reflect.Method.invoke(Native Method)
01-19 11:28:12.745 2660 2660 D BaseModelUpdateTask: at com.android.internal.os.RuntimeInit$MethodAndArgsCaller.run(RuntimeInit.java:548)
01-19 11:28:12.745 2660 2660 D BaseModelUpdateTask: at com.android.internal.os.ZygoteInit.main(ZygoteInit.java:1009)
01-19 11:28:12.766 2887 2931 V AlarmClock: AlarmInitReceiver finished
01-19 11:28:12.787 1100 2281 D CompatibilityChangeReporter: Compat change id reported: 135634846; UID 1000; state: DISABLED
01-19 11:28:12.788 1100 2281 D CompatibilityChangeReporter: Compat change id reported: 177438394; UID 1000; state: DISABLED
01-19 11:28:12.789 1100 2281 D CompatibilityChangeReporter: Compat change id reported: 135772972; UID 1000; state: DISABLED
01-19 11:28:12.789 1100 2281 D CompatibilityChangeReporter: Compat change id reported: 135754954; UID 1000; state: ENABLED
01-19 11:28:12.830 1461 1504 D LOWI-9.0.0.87.a: [LOWINetlinkSocketReceiver] unpackRTMLinkMessage: RTM_NEWLINK - ifname vlan11, flags 0x11043 ([UP][RUNNING])
01-19 11:28:12.831 1100 1200 I EthernetTracker: interfaceLinkStateChanged, iface: vlan11, up: true
01-19 11:28:12.845 678 678 D Zygote : Forked child process 3632
01-19 11:28:12.846 1100 1216 W ActivityManager: Slow operation: 60ms so far, now at startProcess: returned from zygote!
01-19 11:28:12.846 1100 1216 W ActivityManager: Slow operation: 61ms so far, now at startProcess: done updating battery stats
01-19 11:28:12.846 1100 1216 I am_proc_start: [0,3632,1000,com.android.dynsystem,broadcast,{com.android.dynsystem/com.android.dynsystem.BootCompletedReceiver}]
01-19 11:28:12.846 1100 1216 W ActivityManager: Slow operation: 61ms so far, now at startProcess: building log message
01-19 11:28:12.846 1100 1216 I ActivityManager: Start proc 3632:com.android.dynsystem/1000 for broadcast {com.android.dynsystem/com.android.dynsystem.BootCompletedReceiver}
01-19 11:28:12.846 1100 1216 W ActivityManager: Slow operation: 61ms so far, now at startProcess: starting to update pids map
01-19 11:28:12.846 1100 1216 W ActivityManager: Slow operation: 61ms so far, now at startProcess: done updating pids map
01-19 11:28:12.880 1461 1504 D LOWI-9.0.0.87.a: [LOWINetlinkSocketReceiver] unpackRTMLinkMessage: RTM_NEWLINK - ifname vlan11, flags 0x11043 ([UP][RUNNING])
01-19 11:28:12.882 1100 1200 I EthernetTracker: interfaceLinkStateChanged, iface: vlan11, up: true
01-01 08:06:29.342 0 0 I binder : 3632:3632 ioctl 40046210 7fdc700314 returned -22
01-19 11:28:12.902 2907 2922 I adbd : jdwp connection from 3632
01-19 11:28:12.907 3632 3632 D ProcessState: Binder ioctl to enable oneway spam detection failed: Invalid argument
01-19 11:28:12.913 1461 1504 D LOWI-9.0.0.87.a: [LOWINetlinkSocketReceiver] unpackRTMLinkMessage: RTM_NEWLINK - ifname vlan11, flags 0x11043 ([UP][RUNNING])
01-19 11:28:12.915 1100 1200 I EthernetTracker: interfaceLinkStateChanged, iface: vlan11, up: true
01-19 11:28:12.920 1100 1918 I am_proc_bound: [0,3632,com.android.dynsystem]
01-19 11:28:12.922 1100 1918 I service_manager_stats: [115,531,5149]
01-19 11:28:12.922 1100 1918 D CompatibilityChangeReporter: Compat change id reported: 168419799; UID 1000; state: DISABLED
01-19 11:28:12.923 1100 1918 D CompatibilityInfo: mCompatibilityFlags - 4
01-19 11:28:12.923 1100 1918 D CompatibilityInfo: applicationDensity - 240
01-19 11:28:12.923 1100 1918 D CompatibilityInfo: applicationScale - 1.0
01-19 11:28:12.929 1100 1918 D CompatibilityInfo: mCompatibilityFlags - 4
01-19 11:28:12.929 1100 1918 D CompatibilityInfo: applicationDensity - 240
01-19 11:28:12.929 1100 1918 D CompatibilityInfo: applicationScale - 1.0
01-19 11:28:12.938 3632 3632 D CompatibilityChangeReporter: Compat change id reported: 171979766; UID 1000; state: ENABLED
01-19 11:28:12.972 1461 1504 D LOWI-9.0.0.87.a: [LOWINetlinkSocketReceiver] unpackRTMLinkMessage: RTM_NEWLINK - ifname vlan11, flags 0x11043 ([UP][RUNNING])
01-19 11:28:12.975 1100 1200 I EthernetTracker: interfaceLinkStateChanged, iface: vlan11, up: true
01-19 11:28:13.036 1461 1504 D LOWI-9.0.0.87.a: [LOWINetlinkSocketReceiver] unpackRTMLinkMessage: RTM_NEWLINK - ifname vlan11, flags 0x11043 ([UP][RUNNING])
01-19 11:28:13.039 1100 1200 I EthernetTracker: interfaceLinkStateChanged, iface: vlan11, up: true
01-19 11:28:13.074 1461 1504 D LOWI-9.0.0.87.a: [LOWINetlinkSocketReceiver] unpackRTMLinkMessage: RTM_NEWLINK - ifname vlan11, flags 0x11043 ([UP][RUNNING])
01-19 11:28:13.080 1100 1200 I EthernetTracker: interfaceLinkStateChanged, iface: vlan11, up: true
01-19 11:28:13.091 3632 3632 I Perf : Connecting to perf service.
01-19 11:28:13.105 1461 1504 D LOWI-9.0.0.87.a: [LOWINetlinkSocketReceiver] unpackRTMLinkMessage: RTM_NEWLINK - ifname vlan11, flags 0x11043 ([UP][RUNNING])
01-19 11:28:13.106 1100 1200 I EthernetTracker: interfaceLinkStateChanged, iface: vlan11, up: true
01-19 11:28:13.107 3632 3632 V GraphicsEnvironment: ANGLE Developer option for 'com.android.dynsystem' set to: 'default'
01-19 11:28:13.111 3632 3632 V GraphicsEnvironment: ANGLE GameManagerService for com.android.dynsystem: false
01-19 11:28:13.116 3632 3632 D NetworkSecurityConfig: No Network Security Config specified, using platform default
01-19 11:28:13.117 3632 3632 D NetworkSecurityConfig: No Network Security Config specified, using platform default
01-19 11:28:13.130 1100 1918 D CompatibilityChangeReporter: Compat change id reported: 135634846; UID 1000; state: DISABLED
01-19 11:28:13.130 1100 1918 D CompatibilityChangeReporter: Compat change id reported: 177438394; UID 1000; state: DISABLED
01-19 11:28:13.130 1100 1918 D CompatibilityChangeReporter: Compat change id reported: 135772972; UID 1000; state: DISABLED
01-19 11:28:13.131 1100 1918 D CompatibilityChangeReporter: Compat change id reported: 135754954; UID 1000; state: ENABLED
01-19 11:28:13.138 1100 1918 D CompatibilityInfo: mCompatibilityFlags - 4
01-19 11:28:13.138 1100 1918 D CompatibilityInfo: applicationDensity - 240
01-19 11:28:13.138 1100 1918 D CompatibilityInfo: applicationScale - 1.0
01-19 11:28:13.151 3286 3286 I SystemBroadcastReceiver: Boot has been completed
01-19 11:28:13.154 3286 3286 I SystemBroadcastReceiver: toggleAppIcon() : FLAG_SYSTEM = true
01-19 11:28:13.158 1461 1504 D LOWI-9.0.0.87.a: [LOWINetlinkSocketReceiver] unpackRTMLinkMessage: RTM_NEWLINK - ifname vlan11, flags 0x11043 ([UP][RUNNING])
01-19 11:28:13.160 1100 1200 I EthernetTracker: interfaceLinkStateChanged, iface: vlan11, up: true
01-19 11:28:13.166 1100 1136 I am_uid_running: 10027
01-19 11:28:13.167 1100 1136 I ActivityManager: com.android.managedprovisioning is exempt from freezer
01-19 11:28:13.167 1100 1136 D CompatibilityChangeReporter: Compat change id reported: 135634846; UID 10027; state: DISABLED
01-19 11:28:13.167 1100 1136 D CompatibilityChangeReporter: Compat change id reported: 177438394; UID 10027; state: DISABLED
01-19 11:28:13.167 1100 1136 D CompatibilityChangeReporter: Compat change id reported: 135772972; UID 10027; state: DISABLED
01-19 11:28:13.169 1100 1136 D CompatibilityChangeReporter: Compat change id reported: 135754954; UID 10027; state: ENABLED
01-19 11:28:13.175 678 678 D Zygote : Forked child process 3656
01-19 11:28:13.176 1100 1216 I am_proc_start: [0,3656,1000,com.android.dynsystem:dynsystem,service,{com.android.dynsystem/com.android.dynsystem.DynamicSystemInstallationService}]
01-19 11:28:13.176 1100 1216 I ActivityManager: Start proc 3656:com.android.dynsystem:dynsystem/1000 for service {com.android.dynsystem/com.android.dynsystem.DynamicSystemInstallationService}
01-19 11:28:13.176 1100 1216 D CompatibilityChangeReporter: Compat change id reported: 143937733; UID 10027; state: ENABLED
01-01 08:06:29.653 0 0 I binder : 3656:3656 ioctl 40046210 7fdc700314 returned -22
01-19 11:28:13.208 1461 1504 D LOWI-9.0.0.87.a: [LOWINetlinkSocketReceiver] unpackRTMLinkMessage: RTM_NEWLINK - ifname vlan11, flags 0x11043 ([UP][RUNNING])
01-19 11:28:13.209 1100 1200 I EthernetTracker: interfaceLinkStateChanged, iface: vlan11, up: true
01-19 11:28:13.210 678 678 D Zygote : Forked child process 3662
01-19 11:28:13.211 1100 1216 I am_proc_start: [0,3662,10027,com.android.managedprovisioning,broadcast,{com.android.managedprovisioning/com.android.managedprovisioning.BootReminder}]
01-19 11:28:13.211 1100 1216 I ActivityManager: Start proc 3662:com.android.managedprovisioning/u0a27 for broadcast {com.android.managedprovisioning/com.android.managedprovisioning.BootReminder}
01-19 11:28:13.218 2907 2922 I adbd : jdwp connection from 3656
01-19 11:28:13.217 3656 3656 D ProcessState: Binder ioctl to enable oneway spam detection failed: Invalid argument
01-19 11:28:13.228 1100 1136 I am_proc_bound: [0,3656,com.android.dynsystem:dynsystem]
01-19 11:28:13.228 1100 1136 D CompatibilityInfo: mCompatibilityFlags - 4
01-19 11:28:13.229 1100 1136 D CompatibilityInfo: applicationDensity - 240
01-19 11:28:13.229 1100 1136 D CompatibilityInfo: applicationScale - 1.0
01-19 11:28:13.231 1100 1136 D CompatibilityInfo: mCompatibilityFlags - 4
01-19 11:28:13.231 1100 1136 D CompatibilityInfo: applicationDensity - 240
01-19 11:28:13.231 1100 1136 D CompatibilityInfo: applicationScale - 1.0
01-19 11:28:13.261 3656 3656 D CompatibilityChangeReporter: Compat change id reported: 171979766; UID 1000; state: ENABLED
01-19 11:28:13.264 2907 2922 I adbd : jdwp connection from 3662
01-19 11:28:13.266 3662 3662 D ProcessState: Binder ioctl to enable oneway spam detection failed: Invalid argument
01-01 08:06:29.701 0 0 I binder : 3662:3662 ioctl 40046210 7fdc700314 returned -22
01-19 11:28:13.267 3679 3679 I auditd : type=1400 audit(0.0:161): avc: denied { read } for comm="ip" name="rt_tables" dev="dm-10" ino=354 scontext=u:r:ethernet:s0 tcontext=u:object_r:net_data_file:s0 tclass=file permissive=0
01-19 11:28:13.267 3679 3679 W ip : type=1400 audit(0.0:161): avc: denied { read } for name="rt_tables" dev="dm-10" ino=354 scontext=u:r:ethernet:s0 tcontext=u:object_r:net_data_file:s0 tclass=file permissive=0
01-19 11:28:13.280 1100 2281 I am_proc_bound: [0,3662,com.android.managedprovisioning]
01-19 11:28:13.282 1100 2281 D CompatibilityChangeReporter: Compat change id reported: 168419799; UID 10027; state: DISABLED
01-19 11:28:13.282 1100 2281 D CompatibilityInfo: mCompatibilityFlags - 4
01-19 11:28:13.282 1100 2281 D CompatibilityInfo: applicationDensity - 240
01-19 11:28:13.282 1100 2281 D CompatibilityInfo: applicationScale - 1.0
01-19 11:28:13.289 1100 2281 I am_uid_active: 10027
01-19 11:28:13.290 1100 2281 D CompatibilityInfo: mCompatibilityFlags - 4
01-19 11:28:13.290 1100 2281 D CompatibilityInfo: applicationDensity - 240
01-19 11:28:13.290 1100 2281 D CompatibilityInfo: applicationScale - 1.0
01-19 11:28:13.299 3662 3662 D CompatibilityChangeReporter: Compat change id reported: 171979766; UID 10027; state: ENABLED
01-19 11:28:13.319 3692 3692 I auditd : type=1400 audit(0.0:162): avc: denied { read } for comm="ip" name="rt_tables" dev="dm-10" ino=354 scontext=u:r:ethernet:s0 tcontext=u:object_r:net_data_file:s0 tclass=file permissive=0
01-19 11:28:13.319 3692 3692 W ip : type=1400 audit(0.0:162): avc: denied { read } for name="rt_tables" dev="dm-10" ino=354 scontext=u:r:ethernet:s0 tcontext=u:object_r:net_data_file:s0 tclass=file permissive=0
01-19 11:28:13.335 3656 3656 I Perf : Connecting to perf service.
01-01 08:06:29.767 0 0 W audit : audit_lost=1 audit_rate_limit=5 audit_backlog_limit=64
01-01 08:06:29.767 0 0 E audit : rate limit exceeded
01-19 11:28:13.323 2976 2976 I auditd : type=1400 audit(0.0:163): avc: denied { write } for comm="sh" name="ip_forward" dev="proc" ino=22414 scontext=u:r:ethernet:s0 tcontext=u:object_r:proc_net:s0 tclass=file permissive=0
01-19 11:28:13.323 2976 2976 W sh : type=1400 audit(0.0:163): avc: denied { write } for name="ip_forward" dev="proc" ino=22414 scontext=u:r:ethernet:s0 tcontext=u:object_r:proc_net:s0 tclass=file permissive=0
01-19 11:28:13.327 2976 2976 I auditd : type=1400 audit(0.0:164): avc: denied { write } for comm="sh" name="ip_default_ttl" dev="proc" ino=53251 scontext=u:r:ethernet:s0 tcontext=u:object_r:proc_net:s0 tclass=file permissive=0
01-19 11:28:13.327 2976 2976 W sh : type=1400 audit(0.0:164): avc: denied { write } for name="ip_default_ttl" dev="proc" ino=53251 scontext=u:r:ethernet:s0 tcontext=u:object_r:proc_net:s0 tclass=file permissive=0
01-19 11:28:13.327 2976 2976 I auditd : type=1400 audit(0.0:165): avc: denied { write } for comm="sh" name="tcp_keepalive_probes" dev="proc" ino=53252 scontext=u:r:ethernet:s0 tcontext=u:object_r:proc_net:s0 tclass=file permissive=0
01-19 11:28:13.327 2976 2976 W sh : type=1400 audit(0.0:165): avc: denied { write } for name="tcp_keepalive_probes" dev="proc" ino=53252 scontext=u:r:ethernet:s0 tcontext=u:object_r:proc_net:s0 tclass=file permissive=0
01-01 08:06:29.783 0 0 I init : Service 'ethernet' (pid 2976) exited with status 1 oneshot service took 5.266000 seconds in background
01-01 08:06:29.783 0 0 I init : Sending signal 9 to service 'ethernet' (pid 2976) process group...
01-01 08:06:29.784 0 0 I libprocessgroup: Successfully killed process cgroup uid 0 pid 2976 in 0ms
01-19 11:28:13.351 3656 3656 V GraphicsEnvironment: ANGLE Developer option for 'com.android.dynsystem' set to: 'default'
01-19 11:28:13.353 3656 3656 V GraphicsEnvironment: ANGLE GameManagerService for com.android.dynsystem: false
01-19 11:28:13.356 3656 3656 D NetworkSecurityConfig: No Network Security Config specified, using platform default
01-19 11:28:13.357 3656 3656 D NetworkSecurityConfig: No Network Security Config specified, using platform default
01-19 11:28:13.367 1100 1947 I GameModeConfig: isGameModeOn = false
01-19 11:28:13.368 1100 1947 I GameModeConfig: isGameModeOn = false
01-19 11:28:13.379 3656 3656 D DynamicSystemInstallationService: onStartCommand(): action=android.os.image.action.NOTIFY_IF_IN_USE
01-19 11:28:13.380 1100 1136 I DynamicSystemService: isInstalled(): false
01-19 11:28:13.530 3662 3662 I Perf : Connecting to perf service.
01-19 11:28:13.547 3662 3662 V GraphicsEnvironment: ANGLE Developer option for 'com.android.managedprovisioning' set to: 'default'
01-19 11:28:13.550 3662 3662 V GraphicsEnvironment: ANGLE GameManagerService for com.android.managedprovisioning: false
01-19 11:28:13.562 3662 3662 D NetworkSecurityConfig: No Network Security Config specified, using platform default
01-19 11:28:13.562 3662 3662 D NetworkSecurityConfig: No Network Security Config specified, using platform default
01-19 11:28:13.612 3662 3662 I CarUiInstaller: CarUiInstaller started for com.android.managedprovisioning
01-19 11:28:13.635 654 665 I mpu_uart: [MSG-P:RECV]:No message received in 1000 ms
01-19 11:28:13.669 1100 1136 D CompatibilityChangeReporter: Compat change id reported: 168419799; UID 10019; state: DISABLED
01-19 11:28:13.670 1100 1136 D CompatibilityInfo: mCompatibilityFlags - 4
01-19 11:28:13.670 1100 1136 D CompatibilityInfo: applicationDensity - 240
01-19 11:28:13.670 1100 1136 D CompatibilityInfo: applicationScale - 1.0
01-19 11:28:13.676 3484 3484 D NetworkSecurityConfig: No Network Security Config specified, using platform default
01-19 11:28:13.683 1100 1136 I am_uid_running: 10092
01-19 11:28:13.686 1100 1136 D CompatibilityChangeReporter: Compat change id reported: 135634846; UID 10092; state: DISABLED
01-19 11:28:13.688 1100 1136 D CompatibilityChangeReporter: Compat change id reported: 177438394; UID 10092; state: DISABLED
01-19 11:28:13.689 1100 1136 D CompatibilityChangeReporter: Compat change id reported: 135772972; UID 10092; state: DISABLED
01-19 11:28:13.689 1100 1136 D CompatibilityChangeReporter: Compat change id reported: 135754954; UID 10092; state: ENABLED
01-19 11:28:13.690 1100 1216 D CompatibilityChangeReporter: Compat change id reported: 143937733; UID 10092; state: ENABLED
01-19 11:28:13.726 678 678 D Zygote : Forked child process 3696
01-19 11:28:13.727 1100 1216 I am_proc_start: [0,3696,10092,com.android.music,broadcast,{com.android.music/com.android.music.MediaPlaybackReceiver}]
01-19 11:28:13.727 1100 1216 I ActivityManager: Start proc 3696:com.android.music/u0a92 for broadcast {com.android.music/com.android.music.MediaPlaybackReceiver}
01-19 11:28:13.808 2907 2922 I adbd : jdwp connection from 3696
01-01 08:06:30.251 0 0 I binder : 3696:3696 ioctl 40046210 7fdc700314 returned -22
01-19 11:28:13.816 3696 3696 D ProcessState: Binder ioctl to enable oneway spam detection failed: Invalid argument
01-19 11:28:13.827 1100 1136 I am_proc_bound: [0,3696,com.android.music]
01-19 11:28:13.830 1100 1136 D CompatibilityChangeReporter: Compat change id reported: 168419799; UID 10092; state: DISABLED
01-19 11:28:13.830 1100 1136 D CompatibilityInfo: mCompatibilityFlags - 4
01-19 11:28:13.830 1100 1136 D CompatibilityInfo: applicationDensity - 240
01-19 11:28:13.831 1100 1136 D CompatibilityInfo: applicationScale - 1.0
01-19 11:28:13.848 1100 1136 I am_uid_active: 10092
01-19 11:28:13.849 1100 1136 D CompatibilityInfo: mCompatibilityFlags - 4
01-19 11:28:13.849 1100 1136 D CompatibilityInfo: applicationDensity - 240
01-19 11:28:13.849 1100 1136 D CompatibilityInfo: applicationScale - 1.0
01-19 11:28:13.862 3696 3696 D CompatibilityChangeReporter: Compat change id reported: 171979766; UID 10092; state: ENABLED
01-19 11:28:14.051 3696 3696 I Perf : Connecting to perf service.
01-19 11:28:14.075 3696 3696 V GraphicsEnvironment: ANGLE Developer option for 'com.android.music' set to: 'default'
01-19 11:28:14.079 3696 3696 V GraphicsEnvironment: ANGLE GameManagerService for com.android.music: false
01-19 11:28:14.091 3696 3696 D NetworkSecurityConfig: No Network Security Config specified, using platform default
01-19 11:28:14.092 3696 3696 D NetworkSecurityConfig: No Network Security Config specified, using platform default
01-19 11:28:14.160 1100 1136 I am_uid_running: 10063
01-19 11:28:14.162 1100 1136 D CompatibilityChangeReporter: Compat change id reported: 135634846; UID 10063; state: DISABLED
01-19 11:28:14.162 1100 1136 D CompatibilityChangeReporter: Compat change id reported: 177438394; UID 10063; state: DISABLED
01-19 11:28:14.163 1100 1136 D CompatibilityChangeReporter: Compat change id reported: 135772972; UID 10063; state: DISABLED
01-19 11:28:14.163 1100 1136 D CompatibilityChangeReporter: Compat change id reported: 135754954; UID 10063; state: ENABLED
01-19 11:28:14.166 1100 1216 D CompatibilityChangeReporter: Compat change id reported: 143937733; UID 10063; state: ENABLED
01-19 11:28:14.202 678 678 D Zygote : Forked child process 3714
01-19 11:28:14.203 1100 1216 I am_proc_start: [0,3714,10063,com.android.onetimeinitializer,broadcast,{com.android.onetimeinitializer/com.android.onetimeinitializer.OneTimeInitializerReceiver}]
01-19 11:28:14.203 1100 1216 I ActivityManager: Start proc 3714:com.android.onetimeinitializer/u0a63 for broadcast {com.android.onetimeinitializer/com.android.onetimeinitializer.OneTimeInitializerReceiver}
01-19 11:28:14.278 2907 2922 I adbd : jdwp connection from 3714
01-19 11:28:14.282 3714 3714 D ProcessState: Binder ioctl to enable oneway spam detection failed: Invalid argument
01-01 08:06:30.717 0 0 I binder : 3714:3714 ioctl 40046210 7fdc700314 returned -22
01-19 11:28:14.292 1100 1136 I am_proc_bound: [0,3714,com.android.onetimeinitializer]
01-19 11:28:14.295 1100 1136 D CompatibilityChangeReporter: Compat change id reported: 168419799; UID 10063; state: DISABLED
01-19 11:28:14.295 1100 1136 D CompatibilityInfo: mCompatibilityFlags - 4
01-19 11:28:14.296 1100 1136 D CompatibilityInfo: applicationDensity - 240
01-19 11:28:14.296 1100 1136 D CompatibilityInfo: applicationScale - 1.0
01-19 11:28:14.300 1100 1947 I GameModeConfig: isGameModeOn = false
01-19 11:28:14.303 1100 1136 I am_uid_active: 10063
01-19 11:28:14.304 1100 1136 D CompatibilityInfo: mCompatibilityFlags - 4
01-19 11:28:14.304 1100 1136 D CompatibilityInfo: applicationDensity - 240
01-19 11:28:14.304 1100 1136 D CompatibilityInfo: applicationScale - 1.0
01-19 11:28:14.309 3714 3714 D CompatibilityChangeReporter: Compat change id reported: 171979766; UID 10063; state: ENABLED
01-19 11:28:14.367 3714 3714 D nativeloader: classloader namespace configured for unbundled product apk. library_path=/product/priv-app/OneTimeInitializer/lib/arm64:/product/lib64:/system/product/lib64
01-19 11:28:14.390 1100 1947 I GameModeConfig: isGameModeOn = false
01-19 11:28:14.393 1100 1947 I GameModeConfig: isGameModeOn = false
01-19 11:28:14.404 3714 3714 I Perf : Connecting to perf service.
01-19 11:28:14.417 3714 3714 V GraphicsEnvironment: ANGLE Developer option for 'com.android.onetimeinitializer' set to: 'default'
01-19 11:28:14.421 3714 3714 V GraphicsEnvironment: ANGLE GameManagerService for com.android.onetimeinitializer: false
01-19 11:28:14.423 820 1805 D audio_hw_primary: copl(0xef7ceb00):out of compress_wait
01-19 11:28:14.428 3714 3714 D NetworkSecurityConfig: No Network Security Config specified, using platform default
01-19 11:28:14.429 3714 3714 D NetworkSecurityConfig: No Network Security Config specified, using platform default
01-19 11:28:14.431 820 2104 D audio_hw_primary: No space available in compress driver, post msg to cb thread
01-19 11:28:14.432 820 1805 D audio_hw_primary: copl(0xef7ceb00):calling compress_wait
01-19 11:28:14.434 3714 3714 V OneTimeInitializerReceiver: OneTimeInitializerReceiver.onReceive
01-19 11:28:14.461 1100 1136 I am_uid_running: 10036
01-19 11:28:14.462 1100 1136 I ActivityManager: com.android.packageinstaller is exempt from freezer
01-19 11:28:14.462 1100 1136 D CompatibilityChangeReporter: Compat change id reported: 135634846; UID 10036; state: DISABLED
01-19 11:28:14.462 1100 1136 D CompatibilityChangeReporter: Compat change id reported: 177438394; UID 10036; state: DISABLED
01-19 11:28:14.463 1100 1136 D CompatibilityChangeReporter: Compat change id reported: 135772972; UID 10036; state: DISABLED
01-19 11:28:14.463 1100 1136 D CompatibilityChangeReporter: Compat change id reported: 135754954; UID 10036; state: ENABLED
01-19 11:28:14.464 1100 1216 D CompatibilityChangeReporter: Compat change id reported: 143937733; UID 10036; state: ENABLED
01-19 11:28:14.477 1100 1947 I GameModeConfig: isGameModeOn = false
01-19 11:28:14.510 678 678 D Zygote : Forked child process 3732
01-19 11:28:14.510 1100 1216 I am_proc_start: [0,3732,10036,com.android.packageinstaller,broadcast,{com.android.packageinstaller/com.android.packageinstaller.TemporaryFileManager}]
01-19 11:28:14.510 1100 1216 I ActivityManager: Start proc 3732:com.android.packageinstaller/u0a36 for broadcast {com.android.packageinstaller/com.android.packageinstaller.TemporaryFileManager}
01-19 11:28:14.619 2907 2922 I adbd : jdwp connection from 3732
01-19 11:28:14.626 3732 3732 D ProcessState: Binder ioctl to enable oneway spam detection failed: Invalid argument
01-01 08:06:31.061 0 0 I binder : 3732:3732 ioctl 40046210 7fdc700314 returned -22
01-19 11:28:14.635 654 665 I mpu_uart: [MSG-P:RECV]:No message received in 1000 ms
01-19 11:28:14.636 1100 1136 I am_proc_bound: [0,3732,com.android.packageinstaller]
01-19 11:28:14.642 1100 1136 D CompatibilityChangeReporter: Compat change id reported: 168419799; UID 10036; state: DISABLED
01-19 11:28:14.642 1100 1136 D CompatibilityInfo: mCompatibilityFlags - 4
01-19 11:28:14.642 1100 1136 D CompatibilityInfo: applicationDensity - 240
01-19 11:28:14.643 1100 1136 D CompatibilityInfo: applicationScale - 1.0
01-19 11:28:14.650 1100 1136 I am_uid_active: 10036
01-19 11:28:14.651 1100 1136 D CompatibilityInfo: mCompatibilityFlags - 4
01-19 11:28:14.652 1100 1136 D CompatibilityInfo: applicationDensity - 240
01-19 11:28:14.652 1100 1136 D CompatibilityInfo: applicationScale - 1.0
01-19 11:28:14.670 3732 3732 D CompatibilityChangeReporter: Compat change id reported: 171979766; UID 10036; state: ENABLED
01-19 11:28:14.681 654 664 I mpu_uart: [MSG-P:R]:recv sync frame timeout
01-19 11:28:14.710 2497 2497 D RemoteControlService: startVlanDispatchThread
01-19 11:28:14.720 2497 2497 D RemoteControlService: startWlanDispatchThread
01-19 11:28:14.721 2497 3748 D RemoteControlService: start reader thread, mServerIp = 192.168.11.36, mServerPort = 12600
01-19 11:28:14.724 2497 3749 D RemoteControlService: run: called
01-19 11:28:14.724 2497 3749 D RemoteControlService: getEvent: start waiting...
01-19 11:28:14.859 3732 3732 I Perf : Connecting to perf service.
01-19 11:28:14.874 3732 3732 V GraphicsEnvironment: ANGLE Developer option for 'com.android.packageinstaller' set to: 'default'
01-19 11:28:14.878 3732 3732 V GraphicsEnvironment: ANGLE GameManagerService for com.android.packageinstaller: false
01-19 11:28:14.886 3732 3732 D NetworkSecurityConfig: No Network Security Config specified, using platform default
01-19 11:28:14.887 3732 3732 D NetworkSecurityConfig: No Network Security Config specified, using platform default
01-19 11:28:14.907 1100 1136 I am_uid_running: 10099
01-19 11:28:14.908 1100 1136 D CompatibilityChangeReporter: Compat change id reported: 135634846; UID 10099; state: DISABLED
01-19 11:28:14.908 1100 1136 D CompatibilityChangeReporter: Compat change id reported: 177438394; UID 10099; state: DISABLED
01-19 11:28:14.908 1100 1136 D CompatibilityChangeReporter: Compat change id reported: 135772972; UID 10099; state: DISABLED
01-19 11:28:14.908 1100 1136 D CompatibilityChangeReporter: Compat change id reported: 135754954; UID 10099; state: DISABLED
01-19 11:28:14.915 1100 1216 D CompatibilityChangeReporter: Compat change id reported: 143937733; UID 10099; state: DISABLED
01-19 11:28:14.971 678 678 D Zygote : Forked child process 3751
01-19 11:28:14.972 1100 1216 W ActivityManager: Slow operation: 65ms so far, now at startProcess: returned from zygote!
01-19 11:28:14.972 1100 1216 W ActivityManager: Slow operation: 65ms so far, now at startProcess: done updating battery stats
01-19 11:28:14.972 1100 1216 I am_proc_start: [0,3751,10099,com.android.permissioncontroller,broadcast,{com.android.permissioncontroller/com.android.permissioncontroller.permission.service.LocationAccessCheck$SetupPeriodicBackgroundLocationAccessCheck}]
01-19 11:28:14.972 1100 1216 W ActivityManager: Slow operation: 65ms so far, now at startProcess: building log message
01-19 11:28:14.972 1100 1216 I ActivityManager: Start proc 3751:com.android.permissioncontroller/u0a99 for broadcast {com.android.permissioncontroller/com.android.permissioncontroller.permission.service.LocationAccessCheck$SetupPeriodicBackgroundLocationAccessCheck}
01-19 11:28:14.972 1100 1216 W ActivityManager: Slow operation: 65ms so far, now at startProcess: starting to update pids map
01-19 11:28:14.972 1100 1216 W ActivityManager: Slow operation: 65ms so far, now at startProcess: done updating pids map
01-19 11:28:14.998 1100 2154 I ntp_failure: [time.android.com/216.239.35.12,java.net.SocketTimeoutException: Poll timed out]
01-19 11:28:14.999 1100 2154 D SntpClient: request time failed: java.net.SocketTimeoutException: Poll timed out
01-19 11:28:15.005 3751 3751 I libc : SetHeapTaggingLevel: tag level set to 0
01-19 11:28:15.035 2907 2922 I adbd : jdwp connection from 3751
01-19 11:28:15.038 3751 3751 D ProcessState: Binder ioctl to enable oneway spam detection failed: Invalid argument
01-01 08:06:31.473 0 0 I binder : 3751:3751 ioctl 40046210 7fdc700314 returned -22
01-19 11:28:15.047 1100 1136 I am_proc_bound: [0,3751,com.android.permissioncontroller]
01-19 11:28:15.053 1100 1136 D CompatibilityChangeReporter: Compat change id reported: 168419799; UID 10099; state: DISABLED
01-19 11:28:15.053 1100 1136 D CompatibilityInfo: mCompatibilityFlags - 4
01-19 11:28:15.053 1100 1136 D CompatibilityInfo: applicationDensity - 240
01-19 11:28:15.053 1100 1136 D CompatibilityInfo: applicationScale - 1.0
01-19 11:28:15.058 1100 1136 I am_uid_active: 10099
01-19 11:28:15.060 1100 1136 D CompatibilityInfo: mCompatibilityFlags - 4
01-19 11:28:15.060 1100 1136 D CompatibilityInfo: applicationDensity - 240
01-19 11:28:15.060 1100 1136 D CompatibilityInfo: applicationScale - 1.0
01-19 11:28:15.067 3751 3751 D CompatibilityChangeReporter: Compat change id reported: 171979766; UID 10099; state: DISABLED
01-19 11:28:15.088 3751 3751 D ApplicationLoaders: Returning zygote-cached class loader: /system/framework/android.test.base.jar
01-19 11:28:15.275 3751 3751 I Perf : Connecting to perf service.
01-19 11:28:15.296 3751 3751 V GraphicsEnvironment: ANGLE Developer option for 'com.android.permissioncontroller' set to: 'default'
01-19 11:28:15.298 3751 3751 V GraphicsEnvironment: ANGLE GameManagerService for com.android.permissioncontroller: false
01-19 11:28:15.309 3751 3751 D NetworkSecurityConfig: No Network Security Config specified, using platform default
01-19 11:28:15.312 3751 3751 D NetworkSecurityConfig: No Network Security Config specified, using platform default
01-19 11:28:15.364 3751 3751 I CarUiInstaller: CarUiInstaller started for com.android.permissioncontroller
01-19 11:28:15.411 1100 1936 D ConnectivityService: handleLingerComplete for [101 WIFI]
01-19 11:28:15.464 1100 2281 D CompatibilityInfo: mCompatibilityFlags - 4
01-19 11:28:15.464 1100 2281 D CompatibilityInfo: applicationDensity - 240
01-19 11:28:15.464 1100 2281 D CompatibilityInfo: applicationScale - 1.0
01-19 11:28:15.494 3751 3751 I HibernationPolicy: scheduleHibernationJob with frequency 1296000000ms and threshold 7776000000ms
01-19 11:28:15.499 3751 3751 I HibernationPolicy: user 0 is a profileowner. Running hibernation job.
01-19 11:28:15.501 3751 3751 I HibernationPolicy: Job already scheduled.
01-19 11:28:15.504 1100 2281 I am_uid_running: 10024
01-19 11:28:15.506 1100 2281 D CompatibilityChangeReporter: Compat change id reported: 135634846; UID 10024; state: DISABLED
01-19 11:28:15.507 1100 2281 D CompatibilityChangeReporter: Compat change id reported: 177438394; UID 10024; state: DISABLED
01-19 11:28:15.507 1100 2281 D CompatibilityChangeReporter: Compat change id reported: 135772972; UID 10024; state: DISABLED
01-19 11:28:15.507 1100 2281 D CompatibilityChangeReporter: Compat change id reported: 135754954; UID 10024; state: ENABLED
01-19 11:28:15.508 1100 1216 D CompatibilityChangeReporter: Compat change id reported: 143937733; UID 10024; state: ENABLED
01-19 11:28:15.561 678 678 D Zygote : Forked child process 3769
01-19 11:28:15.561 1100 1216 W ActivityManager: Slow operation: 56ms so far, now at startProcess: returned from zygote!
01-19 11:28:15.562 1100 1216 W ActivityManager: Slow operation: 56ms so far, now at startProcess: done updating battery stats
01-19 11:28:15.562 1100 1216 I am_proc_start: [0,3769,10024,com.android.providers.calendar,broadcast,{com.android.providers.calendar/com.android.providers.calendar.CalendarReceiver}]
01-19 11:28:15.562 1100 1216 W ActivityManager: Slow operation: 57ms so far, now at startProcess: building log message
01-19 11:28:15.562 1100 1216 I ActivityManager: Start proc 3769:com.android.providers.calendar/u0a24 for broadcast {com.android.providers.calendar/com.android.providers.calendar.CalendarReceiver}
01-19 11:28:15.562 1100 1216 W ActivityManager: Slow operation: 57ms so far, now at startProcess: starting to update pids map
01-19 11:28:15.562 1100 1216 W ActivityManager: Slow operation: 57ms so far, now at startProcess: done updating pids map
01-19 11:28:15.628 2907 2922 I adbd : jdwp connection from 3769
01-01 08:06:32.064 0 0 I binder : 3769:3769 ioctl 40046210 7fdc700314 returned -22
01-19 11:28:15.629 3769 3769 D ProcessState: Binder ioctl to enable oneway spam detection failed: Invalid argument
01-19 11:28:15.636 654 665 I mpu_uart: [MSG-P:RECV]:No message received in 1000 ms
01-19 11:28:15.637 1100 2281 I am_proc_bound: [0,3769,com.android.providers.calendar]
01-19 11:28:15.640 1100 2281 D CompatibilityChangeReporter: Compat change id reported: 168419799; UID 10024; state: DISABLED
01-19 11:28:15.640 1100 2281 D CompatibilityInfo: mCompatibilityFlags - 4
01-19 11:28:15.640 1100 2281 D CompatibilityInfo: applicationDensity - 240
01-19 11:28:15.640 1100 2281 D CompatibilityInfo: applicationScale - 1.0
01-19 11:28:15.647 1100 2281 I am_uid_active: 10024
01-19 11:28:15.647 1100 2281 D CompatibilityInfo: mCompatibilityFlags - 4
01-19 11:28:15.647 1100 2281 D CompatibilityInfo: applicationDensity - 240
01-19 11:28:15.647 1100 2281 D CompatibilityInfo: applicationScale - 1.0
01-19 11:28:15.655 3769 3769 D CompatibilityChangeReporter: Compat change id reported: 171979766; UID 10024; state: ENABLED
01-19 11:28:15.770 3769 3769 I Perf : Connecting to perf service.
01-19 11:28:15.784 3769 3769 V GraphicsEnvironment: ANGLE Developer option for 'com.android.providers.calendar' set to: 'default'
01-19 11:28:15.786 3769 3769 V GraphicsEnvironment: ANGLE GameManagerService for com.android.providers.calendar: false
01-19 11:28:15.789 3769 3769 D NetworkSecurityConfig: No Network Security Config specified, using platform default
01-19 11:28:15.790 3769 3769 D NetworkSecurityConfig: No Network Security Config specified, using platform default
01-19 11:28:15.828 1100 1212 I sysui_multi_action: [757,1717,758,1,759,0]
01-19 11:28:15.829 1100 1212 I sysui_multi_action: [757,1717,758,2,759,0]
01-19 11:28:15.830 1100 1212 I sysui_multi_action: [757,1717,758,3,759,0]
01-19 11:28:15.899 3769 3769 I CalendarProvider2: Created com.android.providers.calendar.CalendarAlarmManager@60b72f1(com.android.providers.calendar.CalendarProvider2@74b8ed6)
01-19 11:28:15.930 3769 3788 D CompatibilityChangeReporter: Compat change id reported: 160794467; UID 10024; state: ENABLED
01-19 11:28:15.961 1100 2281 D CompatibilityChangeReporter: Compat change id reported: 171306433; UID 10024; state: ENABLED
01-19 11:28:15.974 1100 1136 D CompatibilityInfo: mCompatibilityFlags - 4
01-19 11:28:15.974 1100 1136 D CompatibilityInfo: applicationDensity - 240
01-19 11:28:15.974 1100 1136 D CompatibilityInfo: applicationScale - 1.0
01-19 11:28:15.983 1100 1947 I GameModeConfig: isGameModeOn = false
01-19 11:28:15.994 1100 1918 D CompatibilityChangeReporter: Compat change id reported: 143231523; UID 10024; state: DISABLED
01-19 11:28:16.003 1100 1136 D CompatibilityInfo: mCompatibilityFlags - 4
01-19 11:28:16.003 1100 1136 D CompatibilityInfo: applicationDensity - 240
01-19 11:28:16.003 1100 1136 D CompatibilityInfo: applicationScale - 1.0
01-19 11:28:16.016 1100 1918 D CompatibilityChangeReporter: Compat change id reported: 168419799; UID 1000; state: DISABLED
01-19 11:28:16.016 1100 1918 D CompatibilityInfo: mCompatibilityFlags - 4
01-19 11:28:16.016 1100 1918 D CompatibilityInfo: applicationDensity - 240
01-19 11:28:16.016 1100 1918 D CompatibilityInfo: applicationScale - 1.0
01-19 11:28:16.034 2575 2575 D CompatibilityChangeReporter: Compat change id reported: 160794467; UID 1000; state: ENABLED
01-19 11:28:16.052 1100 1136 D CompatibilityInfo: mCompatibilityFlags - 4
01-19 11:28:16.052 1100 1136 D CompatibilityInfo: applicationDensity - 240
01-19 11:28:16.052 1100 1136 D CompatibilityInfo: applicationScale - 1.0
01-19 11:28:16.064 1100 1136 D CompatibilityInfo: mCompatibilityFlags - 4
01-19 11:28:16.064 1100 1136 D CompatibilityInfo: applicationDensity - 240
01-19 11:28:16.064 1100 1136 D CompatibilityInfo: applicationScale - 1.0
01-19 11:28:16.139 1100 1136 D CompatibilityInfo: mCompatibilityFlags - 4
01-19 11:28:16.139 1100 1136 D CompatibilityInfo: applicationDensity - 240
01-19 11:28:16.140 1100 1136 D CompatibilityInfo: applicationScale - 1.0
01-19 11:28:16.186 2575 2575 I HibernationPolicy: scheduleHibernationJob with frequency 1296000000ms and threshold 7776000000ms
01-19 11:28:16.194 2575 2575 I HibernationPolicy: user 0 is a profileowner. Running hibernation job.
01-19 11:28:16.196 2575 2575 I HibernationPolicy: Job already scheduled.
01-19 11:28:16.199 1100 1136 I am_uid_running: 2000
01-19 11:28:16.199 1100 1136 I ActivityManager: com.android.shell is exempt from freezer
01-19 11:28:16.200 1100 1136 D CompatibilityChangeReporter: Compat change id reported: 135634846; UID 2000; state: DISABLED
01-19 11:28:16.200 1100 1136 D CompatibilityChangeReporter: Compat change id reported: 177438394; UID 2000; state: DISABLED
01-19 11:28:16.200 1100 1136 D CompatibilityChangeReporter: Compat change id reported: 135772972; UID 2000; state: DISABLED
01-19 11:28:16.203 1100 1136 D CompatibilityChangeReporter: Compat change id reported: 135754954; UID 2000; state: ENABLED
01-19 11:28:16.265 678 678 D Zygote : Forked child process 3792
01-19 11:28:16.266 1100 1216 W ActivityManager: Slow operation: 67ms so far, now at startProcess: returned from zygote!
01-19 11:28:16.266 1100 1216 W ActivityManager: Slow operation: 67ms so far, now at startProcess: done updating battery stats
01-19 11:28:16.266 1100 1216 I am_proc_start: [0,3792,2000,com.android.shell,broadcast,{com.android.shell/com.android.shell.HeapDumpReceiver}]
01-19 11:28:16.266 1100 1216 W ActivityManager: Slow operation: 67ms so far, now at startProcess: building log message
01-19 11:28:16.267 1100 1216 I ActivityManager: Start proc 3792:com.android.shell/2000 for broadcast {com.android.shell/com.android.shell.HeapDumpReceiver}
01-19 11:28:16.267 1100 1216 W ActivityManager: Slow operation: 67ms so far, now at startProcess: starting to update pids map
01-19 11:28:16.267 1100 1216 W ActivityManager: Slow operation: 68ms so far, now at startProcess: done updating pids map
01-01 08:06:32.772 0 0 I binder : 3792:3792 ioctl 40046210 7fdc700314 returned -22
01-19 11:28:16.337 3792 3792 D ProcessState: Binder ioctl to enable oneway spam detection failed: Invalid argument
01-19 11:28:16.339 2907 2922 I adbd : jdwp connection from 3792
01-19 11:28:16.347 1100 1136 I am_proc_bound: [0,3792,com.android.shell]
01-19 11:28:16.349 1100 1136 D CompatibilityChangeReporter: Compat change id reported: 168419799; UID 2000; state: DISABLED
01-19 11:28:16.349 1100 1136 D CompatibilityInfo: mCompatibilityFlags - 4
01-19 11:28:16.349 1100 1136 D CompatibilityInfo: applicationDensity - 240
01-19 11:28:16.350 1100 1136 D CompatibilityInfo: applicationScale - 1.0
01-19 11:28:16.356 1100 1136 I am_uid_active: 2000
01-19 11:28:16.357 1100 1136 D CompatibilityInfo: mCompatibilityFlags - 4
01-19 11:28:16.357 1100 1136 D CompatibilityInfo: applicationDensity - 240
01-19 11:28:16.357 1100 1136 D CompatibilityInfo: applicationScale - 1.0
01-19 11:28:16.371 3792 3792 D CompatibilityChangeReporter: Compat change id reported: 171979766; UID 2000; state: ENABLED
01-19 11:28:16.445 820 1805 D audio_hw_primary: copl(0xef7ceb00):out of compress_wait
01-19 11:28:16.450 820 2104 D audio_hw_primary: No space available in compress driver, post msg to cb thread
01-19 11:28:16.452 820 1805 D audio_hw_primary: copl(0xef7ceb00):calling compress_wait
01-19 11:28:16.475 3792 3792 I Perf : Connecting to perf service.
01-19 11:28:16.495 3792 3792 V GraphicsEnvironment: ANGLE Developer option for 'com.android.shell' set to: 'default'
01-19 11:28:16.498 3792 3792 V GraphicsEnvironment: ANGLE GameManagerService for com.android.shell: false
01-19 11:28:16.507 3792 3792 D NetworkSecurityConfig: No Network Security Config specified, using platform default
01-19 11:28:16.508 3792 3792 D NetworkSecurityConfig: No Network Security Config specified, using platform default
01-19 11:28:16.547 3792 3792 D HeapDumpReceiver: onReceive(): Intent { act=android.intent.action.BOOT_COMPLETED flg=0x89000010 cmp=com.android.shell/.HeapDumpReceiver (has extras) }
01-19 11:28:16.560 3792 3808 D HeapDumpReceiver: Deleting from /data/user_de/0/com.android.shell/files/heapdumps
01-19 11:28:16.572 1100 1136 W BroadcastQueue: Permission Denial: receiving Intent { act=android.intent.action.BOOT_COMPLETED flg=0x89000010 (has extras) } to com.baidu.input/.directboot.DirectBootReceiver requires android.permission.RECEIVE_BOOT_COMPLETED due to sender null (uid 1000)
01-19 11:28:16.582 1100 1214 W BroadcastQueue: Permission Denial: receiving Intent { act=android.intent.action.BOOT_COMPLETED flg=0x89000010 (has extras) } to com.baidu.input/.switchguide.InputMethodChangedReceiver requires android.permission.RECEIVE_BOOT_COMPLETED due to sender null (uid 1000)
01-19 11:28:16.598 1100 1214 D CompatibilityChangeReporter: Compat change id reported: 168419799; UID 10090; state: DISABLED
