01-19 11:28:08.140 1461 2846 D LOWI-9.0.0.87.a: [LOWI-Scan] is_qcom_ie, bss_age: 0
01-19 11:28:08.140 1461 2846 D LOWI-9.0.0.87.a: [LOWI-Scan] BSS 18:6f:2d:81:17:62 LOWI_PHY_MODE_11G(1), Beacon Interval: 100, LOWI_ENCRYPTION_TYPE_WPA_PSK 11mcRanging: No, ANQP: No, LCI: No, Civic: No, capability(0x0531): ESS Privacy ShortPreamble SpectrumMgmt ShortSlotTime
01-19 11:28:08.140 1461 2846 D LOWI-9.0.0.87.a: [LOWI-Scan] BSS 18:6f:2d:81:17:62 FREQ: 2462, cFreq1[40:80:160] = [0:0:0] cFreq2 = 0 Country Code = CN
01-19 11:28:08.140 1461 2846 D LOWI-9.0.0.87.a: [LOWI-Scan] BSS 18:6f:2d:81:17:62 (wlan0) ASSO: NO AddInfo: 0x1, TSF 0, 00:00:52.311, RSSI: -170, CPL: 127, AGE: 328, SSID ThunderSoft_2.4G, TSFDelta: 0x66a6f876, TXRate: 0
01-19 11:28:08.141 1461 2846 D LOWI-9.0.0.87.a: [LOWI-Scan]
01-19 11:28:08.141 1461 2846 D LOWI-9.0.0.87.a: [LOWI-Scan] print_bss_handler: Report beacon TSF 52313527 as it greater than probe TSF 52313527
01-19 11:28:08.141 1461 2846 D LOWI-9.0.0.87.a: [LOWI-Scan] decode_rsn_wpa_ie: LOWI_ENCRYPTION_TYPE_WPA_PSK
01-19 11:28:08.141 1461 2846 D LOWI-9.0.0.87.a: [LOWI-Scan] is_qcom_ie, bss_age: 0
01-19 11:28:08.141 1461 2846 D LOWI-9.0.0.87.a: [LOWI-Scan] BSS 18:6f:2d:81:17:63 LOWI_PHY_MODE_11G(1), Beacon Interval: 100, LOWI_ENCRYPTION_TYPE_WPA_PSK 11mcRanging: No, ANQP: No, LCI: No, Civic: No, capability(0x0531): ESS Privacy ShortPreamble SpectrumMgmt ShortSlotTime
01-19 11:28:08.141 1461 2846 D LOWI-9.0.0.87.a: [LOWI-Scan] BSS 18:6f:2d:81:17:63 FREQ: 2462, cFreq1[40:80:160] = [0:0:0] cFreq2 = 0 Country Code = CN
01-19 11:28:08.141 1461 2846 D LOWI-9.0.0.87.a: [LOWI-Scan] BSS 18:6f:2d:81:17:63 (wlan0) ASSO: NO AddInfo: 0x1, TSF 0, 00:00:52.313, RSSI: -168, CPL: 127, AGE: 324, SSID ZXHY, TSFDelta: 0x66ab6630, TXRate: 0
01-19 11:28:08.141 1461 2846 D LOWI-9.0.0.87.a: [LOWI-Scan]
01-19 11:28:08.141 1461 2846 D LOWI-9.0.0.87.a: [LOWI-Scan] print_bss_handler: Report beacon TSF 52385585 as it greater than probe TSF 52385585
01-19 11:28:08.141 1461 2846 D LOWI-9.0.0.87.a: [LOWI-Scan] is_qcom_ie, bss_age: 0
01-19 11:28:08.141 1461 2846 D LOWI-9.0.0.87.a: [LOWI-Scan] BSS 02:3a:7c:10:37:6a LOWI_PHY_MODE_11G(1), Beacon Interval: 100, LOWI_ENCRYPTION_TYPE_OPEN 11mcRanging: No, ANQP: No, LCI: No, Civic: No, capability(0x0431): ESS Privacy ShortPreamble ShortSlotTime
01-19 11:28:08.141 1461 2846 D LOWI-9.0.0.87.a: [LOWI-Scan] BSS 02:3a:7c:10:37:6a FREQ: 2467, cFreq1[40:80:160] = [0:0:0] cFreq2 = 0 Country Code =
01-19 11:28:08.141 1461 2846 D LOWI-9.0.0.87.a: [LOWI-Scan] BSS 02:3a:7c:10:37:6a (wlan0) ASSO: NO AddInfo: 0x1, TSF 0, 00:00:52.385, RSSI: -160, CPL: 127, AGE: 252, SSID Lenovo1, TSFDelta: 0xe7c1f10f, TXRate: 0
01-19 11:28:08.142 1461 2846 D LOWI-9.0.0.87.a: [LOWI-Scan]
01-19 11:28:08.142 1461 2846 D LOWI-9.0.0.87.a: [LOWI-Scan] print_bss_handler: Report beacon TSF 52412772 as it greater than probe TSF 52412772
01-19 11:28:08.142 1461 2846 D LOWI-9.0.0.87.a: [LOWI-Scan] is_qcom_ie, bss_age: 0
01-19 11:28:08.142 1461 2846 D LOWI-9.0.0.87.a: [LOWI-Scan] BSS 12:3a:7c:10:37:6a LOWI_PHY_MODE_11G(1), Beacon Interval: 100, LOWI_ENCRYPTION_TYPE_OPEN 11mcRanging: No, ANQP: No, LCI: No, Civic: No, capability(0x0431): ESS Privacy ShortPreamble ShortSlotTime
01-19 11:28:08.142 1461 2846 D LOWI-9.0.0.87.a: [LOWI-Scan] BSS 12:3a:7c:10:37:6a FREQ: 2467, cFreq1[40:80:160] = [0:0:0] cFreq2 = 0 Country Code =
01-19 11:28:08.142 1461 2846 D LOWI-9.0.0.87.a: [LOWI-Scan] BSS 12:3a:7c:10:37:6a (wlan0) ASSO: NO AddInfo: 0x1, TSF 0, 00:00:52.412, RSSI: -154, CPL: 127, AGE: 224, SSID Lenovo4, TSFDelta: 0xe87031ae, TXRate: 0
01-19 11:28:08.142 651 1018 E QC-time-services: Daemon: Time-services: Waiting to acceptconnection
01-19 11:28:08.143 1461 2846 D LOWI-9.0.0.87.a: [LOWI-Scan]
01-19 11:28:08.143 1461 2846 D LOWI-9.0.0.87.a: [LOWI-Scan] print_bss_handler: Report beacon TSF 52422551 as it greater than probe TSF 52422551
01-19 11:28:08.143 1461 2846 D LOWI-9.0.0.87.a: [LOWI-Scan] decode_rsn_wpa_ie: LOWI_ENCRYPTION_TYPE_WPA_PSK
01-19 11:28:08.143 1461 2846 D LOWI-9.0.0.87.a: [LOWI-Scan] is_qcom_ie, bss_age: 0
01-19 11:28:08.143 1461 2846 D LOWI-9.0.0.87.a: [LOWI-Scan] BSS 18:6f:2d:80:43:60 LOWI_PHY_MODE_11NG_HT20(5), Beacon Interval: 100, LOWI_ENCRYPTION_TYPE_WPA_PSK 11mcRanging: No, ANQP: No, LCI: No, Civic: No, capability(0x0531): ESS Privacy ShortPreamble SpectrumMgmt ShortSlotTime
01-19 11:28:08.143 1461 2846 D LOWI-9.0.0.87.a: [LOWI-Scan] BSS 18:6f:2d:80:43:60 FREQ: 2467, cFreq1[40:80:160] = [2467:0:0] cFreq2 = 0 Country Code = CN
01-19 11:28:08.143 1461 2846 D LOWI-9.0.0.87.a: [LOWI-Scan] BSS 18:6f:2d:80:43:60 (wlan0) ASSO: NO AddInfo: 0x1, TSF 0, 00:00:52.422, RSSI: -174, CPL: 127, AGE: 216, SSID Testing , TSFDelta: 0x67f09fb9, TXRate: 0
01-19 11:28:08.144 1461 2846 D LOWI-9.0.0.87.a: [LOWI-Scan]
01-19 11:28:08.144 1461 2846 D LOWI-9.0.0.87.a: [LOWI-Scan] print_bss_handler: Report beacon TSF 52454156 as it greater than probe TSF 52454156
01-19 11:28:08.144 1461 2846 D LOWI-9.0.0.87.a: [LOWI-Scan] is_qcom_ie, bss_age: 0
01-19 11:28:08.144 1461 2846 D LOWI-9.0.0.87.a: [LOWI-Scan] BSS 60:3a:7c:10:37:6a LOWI_PHY_MODE_11G(1), Beacon Interval: 100, LOWI_ENCRYPTION_TYPE_OPEN 11mcRanging: No, ANQP: No, LCI: No, Civic: No, capability(0x0421): ESS ShortPreamble ShortSlotTime
01-19 11:28:08.144 1461 2846 D LOWI-9.0.0.87.a: [LOWI-Scan] BSS 60:3a:7c:10:37:6a FREQ: 2467, cFreq1[40:80:160] = [0:0:0] cFreq2 = 0 Country Code =
01-19 11:28:08.144 1461 2846 D LOWI-9.0.0.87.a: [LOWI-Scan] BSS 60:3a:7c:10:37:6a (wlan0) ASSO: NO AddInfo: 0x1, TSF 0, 00:00:52.454, RSSI: -156, CPL: 127, AGE: 184, SSID TP-LINK_GUEST_376A, TSFDelta: 0xe92b8608, TXRate: 0
01-19 11:28:08.144 1100 2731 I ActivityTaskManager: The Process com.android.launcher3 Already Exists in BG. So sending its PID: 2660
01-19 11:28:08.144 1461 2846 D LOWI-9.0.0.87.a: [LOWI-Scan]
01-19 11:28:08.144 1461 2846 D LOWI-9.0.0.87.a: [LOWI-Scan] print_bss_handler: Report beacon TSF 52505789 as it greater than probe TSF 52498786
01-19 11:28:08.144 1461 2846 D LOWI-9.0.0.87.a: [LOWI-Scan] decode_rsn_wpa_ie: LOWI_ENCRYPTION_TYPE_WPA_PSK
01-19 11:28:08.144 1461 2846 D LOWI-9.0.0.87.a: [LOWI-Scan] is_qcom_ie, bss_age: 0
01-19 11:28:08.144 1461 2846 D LOWI-9.0.0.87.a: [LOWI-Scan] BSS 70:8b:cd:5c:19:28 LOWI_PHY_MODE_11NG_HT40(7), Beacon Interval: 100, LOWI_ENCRYPTION_TYPE_WPA_PSK 11mcRanging: No, ANQP: No, LCI: No, Civic: No, capability(0x0c31): ESS Privacy ShortPreamble ShortSlotTime APSD
01-19 11:28:08.144 1461 2846 D LOWI-9.0.0.87.a: [LOWI-Scan] BSS 70:8b:cd:5c:19:28 FREQ: 2472, cFreq1[40:80:160] = [2462:0:0] cFreq2 = 0 Country Code = FR
01-19 11:28:08.144 1461 2846 D LOWI-9.0.0.87.a: [LOWI-Scan] BSS 70:8b:cd:5c:19:28 (wlan0) ASSO: NO AddInfo: 0x1, TSF 0, 00:00:52.505, RSSI: -108, CPL: 127, AGE: 132, SSID ASUS_2.4G, TSFDelta: 0xd42fdad4, TXRate: 0
01-19 11:28:08.145 1461 2846 D LOWI-9.0.0.87.a: [LOWI-Scan]
01-19 11:28:08.145 1461 2846 D LOWI-9.0.0.87.a: [LOWI-Scan] print_bss_handler: Report Probe TSF 52531373 as it greater than Beacon TSF 0
01-19 11:28:08.145 1461 2846 D LOWI-9.0.0.87.a: [LOWI-Scan] decode_rsn_wpa_ie: LOWI_ENCRYPTION_TYPE_WPA_PSK
01-19 11:28:08.145 1461 2846 D LOWI-9.0.0.87.a: [LOWI-Scan] is_qcom_ie, bss_age: 0
01-19 11:28:08.145 1461 2846 D LOWI-9.0.0.87.a: [LOWI-Scan] BSS 18:6f:2d:80:da:60 LOWI_PHY_MODE_11NG_HT20(5), Beacon Interval: 100, LOWI_ENCRYPTION_TYPE_WPA_PSK 11mcRanging: No, ANQP: No, LCI: No, Civic: No, capability(0x0531): ESS Privacy ShortPreamble SpectrumMgmt ShortSlotTime
01-19 11:28:08.145 1461 2846 D LOWI-9.0.0.87.a: [LOWI-Scan] BSS 18:6f:2d:80:da:60 FREQ: 2472, cFreq1[40:80:160] = [2472:0:0] cFreq2 = 0 Country Code = CN
01-19 11:28:08.145 1461 2846 D LOWI-9.0.0.87.a: [LOWI-Scan] BSS 18:6f:2d:80:da:60 (wlan0) ASSO: NO AddInfo: 0x0, TSF 0, 00:00:52.531, RSSI: -146, CPL: 127, AGE: 104, SSID Testing , TSFDelta: 0xe114585a, TXRate: 0
01-19 11:28:08.147 1461 2846 D LOWI-9.0.0.87.a: [LOWI-Scan]
01-19 11:28:08.148 1461 2846 D LOWI-9.0.0.87.a: [LOWI-Scan] print_bss_handler: Report Probe TSF 52538729 as it greater than Beacon TSF 0
01-19 11:28:08.148 1461 2846 D LOWI-9.0.0.87.a: [LOWI-Scan] is_qcom_ie, bss_age: 0
01-19 11:28:08.148 1461 2846 D LOWI-9.0.0.87.a: [LOWI-Scan] BSS 18:6f:2d:80:da:61 LOWI_PHY_MODE_11NG_HT20(5), Beacon Interval: 100, LOWI_ENCRYPTION_TYPE_OPEN 11mcRanging: No, ANQP: No, LCI: No, Civic: No, capability(0x0521): ESS ShortPreamble SpectrumMgmt ShortSlotTime
01-19 11:28:08.148 1461 2846 D LOWI-9.0.0.87.a: [LOWI-Scan] BSS 18:6f:2d:80:da:61 FREQ: 2472, cFreq1[40:80:160] = [2472:0:0] cFreq2 = 0 Country Code = CN
01-19 11:28:08.148 1461 2846 D LOWI-9.0.0.87.a: [LOWI-Scan] BSS 18:6f:2d:80:da:61 (wlan0) ASSO: NO AddInfo: 0x0, TSF 0, 00:00:52.538, RSSI: -154, CPL: 127, AGE: 100, SSID Guest, TSFDelta: 0xe122cf77, TXRate: 0
01-19 11:28:08.148 1461 2846 D LOWI-9.0.0.87.a: [LOWIDiagLog] Log: lowiMeasResult->request: invalid null argument
01-19 11:28:08.148 1461 2846 I LOWI-9.0.0.87.a: [LOWI-Scan] lowi_close_record:Scan done in 2113ms, 75 APs in scan results
01-19 11:28:08.148 1461 2846 D LOWI-9.0.0.87.a: [LOWI-Scan] WipsScanUsingNL: passive scan cached 0, took 1570 ms, err 0
01-19 11:28:08.148 1461 2846 D LOWI-9.0.0.87.a: [LOWI-Scan] lowi_proc_req_passive_scan_with_live_meas - No WLAN Frames to be parsed
01-19 11:28:08.148 1461 2846 D LOWI-9.0.0.87.a: [LOWIScanResultReceiver] Send scan meas to listener
01-19 11:28:08.148 1461 2846 D LOWI-9.0.0.87.a: [LOWIScanResultReceiver] Enter passive listening mode
01-19 11:28:08.148 1461 2846 D LOWI-9.0.0.87.a: [LOWIWifiDriverInterface] getMeasurements - Passive listening mode
01-19 11:28:08.148 1461 1513 D LOWI-9.0.0.87.a: [LOWIEventReceiver] handleEvent:FROM:NA, TO:NA, REQ:NA, IREQ:NA, REQ_ID:0, RESP:NA, INFO:NA
01-19 11:28:08.148 1461 1513 D LOWI-9.0.0.87.a: [LOWIBackgroundScanMgr] isRspForBgScanMgr: evt(LOWI_NO_EVT) - not handled
01-19 11:28:08.148 1461 1513 D LOWI-9.0.0.87.a: [LOWIScheduler] manageMsg: NULL results or NULL request in results
01-19 11:28:08.148 1461 1513 D LOWI-9.0.0.87.a: [LOWIController] Measurements received
01-19 11:28:08.148 1461 1513 D LOWI-9.0.0.87.a: [LOWICacheManager] putInCache:Num of Meas to add: 75
01-19 11:28:08.148 1461 2846 D LOWI-9.0.0.87.a: [LOWI-Scan] WipsScanUsingNL:wait -1 sec for netlink message
01-19 11:28:08.149 1461 1513 D LOWI-9.0.0.87.a: [LOWIController] processMeasurementResults: No current Request. Cache measurements
01-19 11:28:08.149 1461 1513 I LOWI-9.0.0.87.a: [LOWIController] sendAsyncScanResponse: Request FreeWifiScanObserver_0 timeout! Report error!
01-19 11:28:08.149 1461 1513 D LOWI-9.0.0.87.a: [LOWIController] generateResponse: Type (ASYNC_DISCOVERY_SCAN_RESULTS) ScanStatus (6) request FreeWifiScanObserver_0
01-19 11:28:08.149 1461 1513 D LOWI-9.0.0.87.a: [LOWIEventDispatcher] sendResponse - originator = FreeWifiScanObserver
01-19 11:28:08.149 1461 1513 D LOWI-9.0.0.87.a: [LOWIUtils] injectScanMeasurements - num of APs = 0
01-19 11:28:08.149 1461 1513 I LOWI-9.0.0.87.a: [LOWIUtils] responseToOutPostcard - TO: FreeWifiScanObserver, FROM: LOWI-SERVER, RESP: LOWI_ASYNC_DISCOVERY_SCAN_RESULTS
01-19 11:28:08.149 1461 1513 D LOWI-9.0.0.87.a: [LOWIControllerExtn] sendLOWILpDiscoveryScanResponse: Not a discovery scan response
01-19 11:28:08.155 1100 2731 D CompatibilityChangeReporter: Compat change id reported: 174042980; UID 1000; state: DISABLED
01-19 11:28:08.157 1100 2731 I wm_restart_activity: [0,79622418,17,com.android.launcher3/.uioverrides.QuickstepLauncher]
01-19 11:28:08.157 1100 2731 D CompatibilityInfo: mCompatibilityFlags - 4
01-19 11:28:08.157 1100 2731 D CompatibilityInfo: applicationDensity - 240
01-19 11:28:08.157 1100 2731 D CompatibilityInfo: applicationScale - 1.0
01-19 11:28:08.161 1100 2731 I wm_set_resumed_activity: [0,com.android.launcher3/.uioverrides.QuickstepLauncher,minimalResumeActivityLocked]
01-19 11:28:08.166 1244 1244 I perfetto: ng_service_impl.cc:2293 Tracing session 1 ended, total sessions:0
01-19 11:28:08.171 820 1805 D audio_hw_primary: copl(0xef7ceb00):out of compress_wait
01-19 11:28:08.175 1291 1852 D NuPlayerDecoderPassThrough: return aggregated buffer and save err(=-1011) for later
01-19 11:28:08.175 2971 2971 I qspmsvc-service: Qspmsvc We're inside the service
01-19 11:28:08.176 820 2104 D audio_hw_primary: No space available in compress driver, post msg to cb thread
01-19 11:28:08.176 2971 2971 D ProcessState: Binder ioctl to enable oneway spam detection failed: Invalid argument
01-19 11:28:08.176 820 1805 D audio_hw_primary: copl(0xef7ceb00):calling compress_wait
01-19 11:28:08.186 1100 1203 I dvm_lock_sample: [system_server,1,android.display,120,ActivityMetricsLogger.java,809,void com.android.server.wm.ActivityMetricsLogger.checkActivityToBeDrawn(com.android.server.wm.Task, com.android.server.wm.ActivityRecord),,0,null,24]
01-19 11:28:08.187 1100 1135 W system_server: Long monitor contention with owner Binder:1100_A (2731) at void com.android.server.wm.TaskChangeNotificationController.forAllLocalListeners(com.android.server.wm.TaskChangeNotificationController$TaskStackConsumer, android.os.Message)(TaskChangeNotificationController.java:342) waiters=2 in void com.android.server.wm.WindowProcessController.setThread(android.app.IApplicationThread) for 117ms
01-19 11:28:08.187 1100 1135 I dvm_lock_sample: [system_server,1,Binder:1100_1,117,WindowProcessController.java,274,void com.android.server.wm.WindowProcessController.setThread(android.app.IApplicationThread),TaskChangeNotificationController.java,342,void com.android.server.wm.TaskChangeNotificationController.forAllLocalListeners(com.android.server.wm.TaskChangeNotificationController$TaskStackConsumer, android.os.Message),23]
01-19 11:28:08.188 1100 1135 W ActivityManager: Slow operation: 151ms so far, now at attachApplicationLocked: immediately after bindApplication
01-19 11:28:08.188 1100 1135 W ActivityManager: Slow operation: 151ms so far, now at attachApplicationLocked: after updateLruProcessLocked
01-19 11:28:08.189 1100 1135 W ActivityManager: Slow operation: 151ms so far, now at attachApplicationLocked: after mServices.attachApplicationLocked
01-19 11:28:08.190 2059 2059 V NotificationMediaManager: DEBUG_MEDIA: updating album art for notification null metadata=null metaDataChanged=false state=0
01-19 11:28:08.191 1100 1135 I am_uid_active: 10079
01-19 11:28:08.194 2971 2971 I qspmsvc-service: IQspmsvc::IQspmsvc()
01-19 11:28:08.196 1100 1135 D CompatibilityInfo: mCompatibilityFlags - 4
01-19 11:28:08.196 1100 1135 D CompatibilityInfo: applicationDensity - 240
01-19 11:28:08.196 1100 1135 D CompatibilityInfo: applicationScale - 1.0
01-19 11:28:08.197 1100 1135 W ActivityManager: Slow operation: 160ms so far, now at attachApplicationLocked: after sendPendingBroadcastsLocked
01-19 11:28:08.198 1100 1972 I dvm_lock_sample: [system_server,0,backup,172,ActivityManagerService.java,12480,android.content.Intent com.android.server.am.ActivityManagerService.registerReceiverWithFeature(android.app.IApplicationThread, java.lang.String, java.lang.String, java.lang.String, android.content.IIntentReceiver, android.content.IntentFilter, java.lang.String, int, int),,0,null,34]
01-19 11:28:08.206 2956 2956 D CompatibilityChangeReporter: Compat change id reported: 171979766; UID 10079; state: DISABLED
01-19 11:28:08.211 2971 2971 I qspmsvc-service: Qspmsvc service is now ready
01-19 11:28:08.213 1100 1131 I system_server: Background young concurrent copying GC freed 109259(6083KB) AllocSpace objects, 35(1164KB) LOS objects, 27% free, 13MB/17MB, paused 381us,232us total 173.303ms
01-19 11:28:08.214 1100 1136 I dvm_lock_sample: [system_server,1,Binder:1100_2,185,ContentProviderHelper.java,622,void com.android.server.am.ContentProviderHelper.publishContentProviders(android.app.IApplicationThread, java.util.List),,0,null,37]
01-19 11:28:08.218 1100 1100 V NotificationAssistants: enabling notification assistant for 0: ComponentInfo{android.ext.services/android.ext.services.notification.Assistant}
01-19 11:28:08.218 1100 1100 V NotificationAssistants: binding: Intent { act=android.service.notification.NotificationAssistantService cmp=android.ext.services/.notification.Assistant (has extras) }
01-19 11:28:08.219 1100 1200 I dvm_lock_sample: [system_server,0,android.fg,157,ActivityManagerService.java,13713,int com.android.server.am.ActivityManagerService.broadcastIntentWithFeature(android.app.IApplicationThread, java.lang.String, android.content.Intent, java.lang.String, android.content.IIntentReceiver, int, java.lang.String, android.os.Bundle, java.lang.String[], java.lang.String[], int, android.os.Bundle, boolean, boolean, int),,0,null,31]
01-19 11:28:08.220 1100 2977 I dvm_lock_sample: [system_server,0,pool-7-thread-1,100,ActivityManagerService.java,12480,android.content.Intent com.android.server.am.ActivityManagerService.registerReceiverWithFeature(android.app.IApplicationThread, java.lang.String, java.lang.String, java.lang.String, android.content.IIntentReceiver, android.content.IntentFilter, java.lang.String, int, int),,0,null,20]
01-19 11:28:08.233 1100 1100 D CompatibilityChangeReporter: Compat change id reported: 168419799; UID 10101; state: DISABLED
01-19 11:28:08.233 1100 1100 D CompatibilityInfo: mCompatibilityFlags - 4
01-19 11:28:08.233 1100 1100 D CompatibilityInfo: applicationDensity - 240
01-19 11:28:08.233 1100 1100 D CompatibilityInfo: applicationScale - 1.0
01-19 11:28:08.236 2907 2923 I adbd : USB event: FUNCTIONFS_BIND
01-19 11:28:08.237 1100 1100 D GameModeIF_GameModeSettings: getUriFor setting_content_uri_root = content://com.thundercomm.gamemode.api/gamemode_settings , name = gamemode_enable
01-19 11:28:08.239 1100 1912 D PasspointManager: ANQP entry not found for: 7e:b5:9b:1b:a4:31:
01-19 11:28:08.245 507 507 I lowmemorykiller: lmkd data connection established
01-19 11:28:08.247 1100 1200 I AppWidgetServiceImpl: Processing of handleUserUnlocked u0 took 228 ms
01-19 11:28:08.247 1100 1200 W Looper : Slow dispatch took 228ms android.fg h=android.os.Handler c=com.android.server.am.UserController$Injector$$ExternalSyntheticLambda0@10f18a3 m=0
01-19 11:28:08.247 1100 1200 I uc_send_user_broadcast: [0,android.intent.action.BOOT_COMPLETED]
01-19 11:28:08.260 1100 2731 D CompatibilityChangeReporter: Compat change id reported: 135634846; UID 1000; state: DISABLED
01-19 11:28:08.260 1100 2731 D CompatibilityChangeReporter: Compat change id reported: 177438394; UID 1000; state: DISABLED
01-19 11:28:08.260 1100 2731 D CompatibilityChangeReporter: Compat change id reported: 135772972; UID 1000; state: DISABLED
01-19 11:28:08.260 1100 2731 D CompatibilityChangeReporter: Compat change id reported: 135754954; UID 1000; state: ENABLED
01-19 11:28:08.268 2985 2985 I ThermalEngine: Thermal daemon started
01-19 11:28:08.268 1100 1203 I dvm_lock_sample: [system_server,1,android.display,33,ProcessRecord.java,1269,void com.android.server.am.ProcessRecord.updateProcessInfo(boolean, boolean, boolean),,0,null,6]
01-19 11:28:08.269 1100 1203 I sysui_multi_action: [757,803,799,window_time_0,802,10]
01-19 11:28:08.269 2985 2985 E ThermalEngine: Unknown target identified with soc id 481
01-19 11:28:08.269 2985 2985 I ThermalEngine: No target config file, falling back to '/vendor/etc/thermal-engine.conf'
01-19 11:28:08.271 509 509 I hwservicemanager: Since vendor.qti.hardware.iop@2.0::IIop/default is not registered, trying to start it as a lazy HAL.
01-19 11:28:08.273 1100 1200 W Looper : Slow delivery took 228ms android.fg h=android.os.Handler c=com.android.server.am.UserController$$ExternalSyntheticLambda9@669e8d0 m=0
01-19 11:28:08.273 1100 1200 I ServiceWatcher: [network] chose new implementation 10079/com.qualcomm.location/.izatprovider.NetworkLocationService@1
01-19 11:28:08.275 1100 2058 E ANDR-PERF-JNI: UXEngine Trigger - Returning null
01-19 11:28:08.281 1100 1200 I ServiceWatcher: [fused] chose new implementation 10079/com.qualcomm.location/.izatprovider.FusedLocationService@1
01-19 11:28:08.283 1100 1100 E Binder : Outgoing transactions from this process must be FLAG_ONEWAY
01-19 11:28:08.283 1100 1100 E Binder : java.lang.Throwable
01-19 11:28:08.283 1100 1100 E Binder : at android.os.BinderProxy.transact(BinderProxy.java:528)
01-19 11:28:08.283 1100 1100 E Binder : at android.content.ContentProviderProxy.query(ContentProviderNative.java:479)
01-19 11:28:08.283 1100 1100 E Binder : at android.content.ContentResolver.query(ContentResolver.java:1221)
01-19 11:28:08.283 1100 1100 E Binder : at android.content.ContentResolver.query(ContentResolver.java:1152)
01-19 11:28:08.283 1100 1100 E Binder : at android.content.ContentResolver.query(ContentResolver.java:1108)
01-19 11:28:08.283 1100 1100 E Binder : at com.thundercomm.gamemode.api.GameModeSettings$Settings.getInt(GameModeSettings.java:142)
01-19 11:28:08.283 1100 1100 E Binder : at com.thundercomm.gamemode.api.GameModeSettings$Settings.getBoolean(GameModeSettings.java:188)
01-19 11:28:08.283 1100 1100 E Binder : at com.android.server.notification.GameModeConfig.updateData(GameModeConfig.java:116)
01-19 11:28:08.283 1100 1100 E Binder : at com.android.server.notification.ZenModeHelper.onUserUnlocked(ZenModeHelper.java:265)
01-19 11:28:08.283 1100 1100 E Binder : at com.android.server.notification.NotificationManagerService$6.onReceive(NotificationManagerService.java:1855)
01-19 11:28:08.283 1100 1100 E Binder : at android.app.LoadedApk$ReceiverDispatcher$Args.lambda$getRunnable$0$LoadedApk$ReceiverDispatcher$Args(LoadedApk.java:1679)
01-19 11:28:08.283 1100 1100 E Binder : at android.app.LoadedApk$ReceiverDispatcher$Args$$ExternalSyntheticLambda0.run(Unknown Source:2)
01-19 11:28:08.283 1100 1100 E Binder : at android.os.Handler.handleCallback(Handler.java:938)
01-19 11:28:08.283 1100 1100 E Binder : at android.os.Handler.dispatchMessage(Handler.java:99)
01-19 11:28:08.283 1100 1100 E Binder : at android.os.Looper.loopOnce(Looper.java:201)
01-19 11:28:08.283 1100 1100 E Binder : at android.os.Looper.loop(Looper.java:288)
01-19 11:28:08.283 1100 1100 E Binder : at com.android.server.SystemServer.run(SystemServer.java:909)
01-19 11:28:08.283 1100 1100 E Binder : at com.android.server.SystemServer.main(SystemServer.java:616)
01-19 11:28:08.283 1100 1100 E Binder : at java.lang.reflect.Method.invoke(Native Method)
01-19 11:28:08.283 1100 1100 E Binder : at com.android.internal.os.RuntimeInit$MethodAndArgsCaller.run(RuntimeInit.java:548)
01-19 11:28:08.283 1100 1100 E Binder : at com.android.internal.os.ZygoteInit.main(ZygoteInit.java:987)
01-19 11:28:08.284 1100 1214 I am_wtf : [0,1100,system_server,-1,Binder,Outgoing transactions from this process must be FLAG_ONEWAY]
01-19 11:28:08.289 1100 1135 D CompatibilityInfo: mCompatibilityFlags - 4
01-19 11:28:08.289 1100 1135 D CompatibilityInfo: applicationDensity - 240
01-19 11:28:08.289 1100 1135 D CompatibilityInfo: applicationScale - 1.0
01-19 11:28:08.295 1100 1200 D CompatibilityInfo: mCompatibilityFlags - 4
01-19 11:28:08.295 1100 1200 D CompatibilityInfo: applicationDensity - 240
01-19 11:28:08.295 1100 1200 D CompatibilityInfo: applicationScale - 1.0
01-19 11:28:08.300 509 2992 W libc : Unable to set property "ctl.interface_start" to "vendor.qti.hardware.iop@2.0::IIop/default": error code: 0x20
01-19 11:28:08.301 509 2992 I hwservicemanager: Tried to start vendor.qti.hardware.iop@2.0::IIop/default as a lazy service, but was unable to. Usually this happens when a service is not installed, but if the service is intended to be used as a lazy service, then it may be configured incorrectly.
01-19 11:28:08.303 1100 1200 W Looper : Drained
01-19 11:28:08.306 1100 1100 D GameModeIF_GameModeSettings: getUriFor setting_content_uri_root = content://com.thundercomm.gamemode.api/gamemode_settings , name = gamemode_dnd_notification
01-19 11:28:08.313 1100 1912 W UnsafeUtil: platform method missing - proto runtime falling back to safer methods: java.lang.NoSuchMethodException: sun.misc.Unsafe.copyMemory [class java.lang.Object, long, class java.lang.Object, long, long]
01-19 11:28:08.313 1100 1200 I ServiceWatcher: [fused] disconnected from 1000/com.android.location.fused/.FusedLocationService@0
01-19 11:28:08.313 678 678 D Zygote : Forked child process 2993
01-01 08:06:24.808 0 0 W QSEECOM : __qseecom_unload_app: App (9) is unloaded
01-19 11:28:08.315 1100 1216 W ActivityManager: Slow operation: 322ms so far, now at startProcess: returned from zygote!
01-19 11:28:08.315 1100 1200 D CompatibilityInfo: mCompatibilityFlags - 4
01-19 11:28:08.315 1100 1200 D CompatibilityInfo: applicationDensity - 240
01-01 08:06:24.809 0 0 D qbt : qbt_release: entry minor_no=0 fd_available=0
01-19 11:28:08.315 1100 1200 D CompatibilityInfo: applicationScale - 1.0
01-01 08:06:24.809 0 0 D qbt : qbt_release: Releasing wakelock
01-01 08:06:24.809 0 0 D qbt : qbt_release: exit : fd_available=1
01-19 11:28:08.316 1100 1216 W ActivityManager: Slow operation: 324ms so far, now at startProcess: done updating battery stats
01-01 08:06:24.809 0 0 D qbt : qbt_release: entry minor_no=1 fd_available=1
01-01 08:06:24.809 0 0 D qbt : qbt_release: exit : fd_available=1
01-19 11:28:08.316 1100 1216 I am_proc_start: [0,2993,10100,com.android.providers.media.module,service,{com.android.providers.media.module/com.android.providers.media.fuse.ExternalStorageServiceImpl}]
01-01 08:06:24.811 0 0 I devfreq-qcom-fw 18590000.qcom,devfreq-l3: qcom,cdsp-cdsp-l3-lat: Successfully started CDSP L3 governor
01-19 11:28:08.316 1100 1216 I Watchdog: Interesting Java process com.android.providers.media.module started. Pid 2993
01-19 11:28:08.316 1100 1216 W ActivityManager: Slow operation: 324ms so far, now at startProcess: building log message
01-19 11:28:08.316 1100 1216 I ActivityManager: Start proc 2993:com.android.providers.media.module/u0a100 for service {com.android.providers.media.module/com.android.providers.media.fuse.ExternalStorageServiceImpl}
01-19 11:28:08.316 1100 1216 W ActivityManager: Slow operation: 324ms so far, now at startProcess: starting to update pids map
01-19 11:28:08.317 1100 1216 W ActivityManager: Slow operation: 324ms so far, now at startProcess: done updating pids map
01-19 11:28:08.317 1100 1216 W ActivityManager: Slow operation: 306ms so far, now at startProcess: asking zygote to start proc
01-19 11:28:08.317 1100 1216 D CompatibilityChangeReporter: Compat change id reported: 143937733; UID 10090; state: ENABLED
01-19 11:28:08.319 1100 1912 D WifiScoreReport: setShouldReduceNetworkScore=false mNetworkAgent is null? true
01-19 11:28:08.319 1100 1912 D WifiClientModeImpl[wlan0]: CMD_START_CONNECT my state DisconnectedState nid=0 roam=false
01-19 11:28:08.331 1483 2949 E QFP : qfpCommand: error from send_command_to_tz: 0, QFP result -11 on (0 0)
01-19 11:28:08.331 1483 2949 I QFP : close: close, usecase 3 options 0
01-19 11:28:08.331 1483 2949 I QFP : closeHandle: closeHandle (0 0)
01-19 11:28:08.346 1483 2949 D QSEECOMAPI: QSEECom_dealloc_memory
01-19 11:28:08.346 1483 2949 D QSEECOMAPI: QSEECom_shutdown_app, app_id = 9
01-19 11:28:08.356 2907 2915 I adbd : adbd_auth: received a new framework connection
01-19 11:28:08.357 2907 2915 I adbd : adbd_auth: received new framework fd 48 (current = -1)
01-19 11:28:08.358 1100 2977 I service_manager_slow: [25,isub]
01-19 11:28:08.367 1100 1100 D GameModeIF_GameModeSettings: getUriFor setting_content_uri_root = content://com.thundercomm.gamemode.api/gamemode_settings , name = gamemode_isgaming
01-19 11:28:08.367 1100 1972 V BackupManagerService: [UserID:0] No ancestral data
01-19 11:28:08.373 2956 2956 W alcomm.locatio: ClassLoaderContext classpath size mismatch. expected=1, found=0 (PCL[/system/framework/com.android.location.provider.jar*3633238673] | PCL[])
01-19 11:28:08.374 1483 2949 E QFP : Dropping unsupported QBT command
01-19 11:28:08.374 1483 2949 I QFP : openFramework:QFP TZ VERSION: 3.0.3.39
01-19 11:28:08.374 1483 2949 E QFP : releaseWakelock: qbt sensor handle is invalid
01-19 11:28:08.374 1483 2949 E QFP : qfp_init failed -1
01-19 11:28:08.374 1483 2949 E QFP : execute: could not enumerate error -1
01-19 11:28:08.374 1483 2949 I QFP : onError: ERROR: -1
01-19 11:28:08.374 1483 2949 I QFP : onError: Valid Error Code: 2
01-19 11:28:08.374 1483 2949 I QFP : onError: Vendor Error Code: 0
01-19 11:28:08.374 1483 2949 I QFP : ~QtiBiometricsFingerprintCallback:
01-19 11:28:08.374 1483 2949 I QFP : QfpThreadOptimize::invoke: entry.
01-19 11:28:08.374 1483 2949 I QFP : QfpThreadOptimize::invoke: QFP not initialized, exiting Optimize thread
01-19 11:28:08.375 1483 2949 I QFP : QfpThreadErieEvent::invoke: entry.
01-19 11:28:08.375 1483 2949 I QFP : QfpThreadErieEvent::invoke: QFP not initialized, exiting ErieEvent thread
01-19 11:28:08.385 2985 2985 I ThermalEngine: devices_manager_init: Init
01-19 11:28:08.385 2985 2985 I ThermalEngine: Number of gpus :1
01-19 11:28:08.385 2985 2985 I ThermalEngine: Number of cpus :8
01-19 11:28:08.386 1100 1100 D GameModeIF_GameModeSettings: getUriFor setting_content_uri_root = content://com.thundercomm.gamemode.api/gamemode_settings , name = gamemode_dnd_voice
01-19 11:28:08.386 2985 2985 I ThermalEngine: update_cpu_topology: Cluster info node not found/sys/module/msm_thermal/cluster_info
01-19 11:28:08.390 2985 2985 E ThermalEngine: tmd_add_cpufreq_dev_data: Invalid or no boost freqs
01-19 11:28:08.390 1100 1100 W Looper : Slow dispatch took 358ms main h=android.app.ActivityThread$H c=android.app.LoadedApk$ReceiverDispatcher$Args$$ExternalSyntheticLambda0@1b7c1d5 m=0
01-19 11:28:08.391 1100 1100 W Looper : Slow delivery took 371ms main h=android.app.ActivityThread$H c=android.app.LoadedApk$ReceiverDispatcher$Args$$ExternalSyntheticLambda0@80a9dea m=0
01-19 11:28:08.397 1100 2953 V BackupManagerConstants: getKeyValueBackupIntervalMilliseconds(...) returns 14400000
01-01 08:06:24.855 0 0 I [schedu][0x444887fb][11:28:08.420484] wlan: [2712:I:HIF] Deinitializing Runtime PM wakelock &vdev->vdev_set_key_runtime_wakelock
01-19 11:28:08.397 1100 2953 V BackupManagerConstants: getKeyValueBackupFuzzMilliseconds(...) returns 600000
01-19 11:28:08.397 1100 2953 V BackupManagerConstants: getKeyValueBackupRequiredNetworkType(...) returns 1
01-19 11:28:08.397 1100 2953 V BackupManagerConstants: getKeyValueBackupRequireCharging(...) returns true
01-19 11:28:08.397 1100 2953 V KeyValueBackupJob: Scheduling k/v pass in 242 minutes
01-19 11:28:08.400 2985 2985 E ThermalEngine: tmd_add_cpufreq_dev_data: Invalid or no boost freqs
01-19 11:28:08.408 2985 2985 E ThermalEngine: tmd_add_cpufreq_dev_data: Invalid or no boost freqs
01-19 11:28:08.412 1100 1212 W Searchables: No global search activity found
01-19 11:28:08.415 1100 2953 D ConnectivityService: requestNetwork for uid/pid:1000/1100 activeRequest: null callbackRequest: 26 [NetworkRequest [ REQUEST id=27, [ Capabilities: INTERNET&NOT_RESTRICTED&TRUSTED&NOT_VCN_MANAGED Uid: 1000 RequestorUid: 1000 RequestorPkg: android] ]] callback flags: 0 priority: 2147483647
01-19 11:28:08.416 1100 1936 D ConnectivityService: NetReassign [27 : null → 100]
01-19 11:28:08.416 1100 2015 D Ethernet: got request NetworkRequest [ REQUEST id=27, [ Capabilities: INTERNET&NOT_RESTRICTED&TRUSTED&NOT_VCN_MANAGED Uid: 1000 RequestorUid: 1000 RequestorPkg: android] ]
01-19 11:28:08.417 1100 2015 D EthernetNetworkFactory: acceptRequest, request: NetworkRequest [ REQUEST id=27, [ Capabilities: INTERNET&NOT_RESTRICTED&TRUSTED&NOT_VCN_MANAGED Uid: 1000 RequestorUid: 1000 RequestorPkg: android] ]
01-19 11:28:08.417 1100 2015 I EthernetNetworkFactory: networkForRequest, request: NetworkRequest [ REQUEST id=27, [ Capabilities: INTERNET&NOT_RESTRICTED&TRUSTED&NOT_VCN_MANAGED Uid: 1000 RequestorUid: 1000 RequestorPkg: android] ], network: NetworkInterfaceState{ refCount: 6, iface: eth0, up: true, hwAddress: 36:7c:7c:00:00:0f, networkCapabilities: [ Transports: ETHERNET Capabilities: NOT_METERED&INTERNET&NOT_RESTRICTED&TRUSTED&NOT_VPN&NOT_ROAMING&NOT_CONGESTED&NOT_SUSPENDED&NOT_VCN_MANAGED LinkUpBandwidth>=100000Kbps LinkDnBandwidth>=100000Kbps], networkAgent: com.android.server.ethernet.EthernetNetworkFactory$NetworkInterfaceState$1@f0d0042, score: 70, ipClient: android.net.ip.IIpClient$Stub$Proxy@4200d80,linkProperties: {InterfaceName: eth0 LinkAddresses: [ fe80::8887:c1a9:a80e:74a8/64,192.168.11.35/23 ] DnsAddresses: [ /192.168.10.1,/61.139.2.69 ] Domains: null MTU: 0 ServerAddress: /192.168.10.1 TcpBufferSizes: 524288,1048576,3145728,524288,1048576,2097152 Routes: [ fe80::/64 -> :: eth0 mtu 0,192.168.10.0/23 -> 0.0.0.0 eth0 mtu 0,0.0.0.0/0 -> 192.168.10.1 eth0 mtu 0 ]}}
01-19 11:28:08.417 1100 2015 I EthernetNetworkFactory: networkForRequest, request: NetworkRequest [ REQUEST id=27, [ Capabilities: INTERNET&NOT_RESTRICTED&TRUSTED&NOT_VCN_MANAGED Uid: 1000 RequestorUid: 1000 RequestorPkg: android] ], network: NetworkInterfaceState{ refCount: 6, iface: eth0, up: true, hwAddress: 36:7c:7c:00:00:0f, networkCapabilities: [ Transports: ETHERNET Capabilities: NOT_METERED&INTERNET&NOT_RESTRICTED&TRUSTED&NOT_VPN&NOT_ROAMING&NOT_CONGESTED&NOT_SUSPENDED&NOT_VCN_MANAGED LinkUpBandwidth>=100000Kbps LinkDnBandwidth>=100000Kbps], networkAgent: com.android.server.ethernet.EthernetNetworkFactory$NetworkInterfaceState$1@f0d0042, score: 70, ipClient: android.net.ip.IIpClient$Stub$Proxy@4200d80,linkProperties: {InterfaceName: eth0 LinkAddresses: [ fe80::8887:c1a9:a80e:74a8/64,192.168.11.35/23 ] DnsAddresses: [ /192.168.10.1,/61.139.2.69 ] Domains: null MTU: 0 ServerAddress: /192.168.10.1 TcpBufferSizes: 524288,1048576,3145728,524288,1048576,2097152 Routes: [ fe80::/64 -> :: eth0 mtu 0,192.168.10.0/23 -> 0.0.0.0 eth0 mtu 0,0.0.0.0/0 -> 192.168.10.1 eth0 mtu 0 ]}}
01-19 11:28:08.423 2985 2985 I ThermalEngine: tmd_init_cluster_devs: No clusters found
01-19 11:28:08.429 2985 2985 E ThermalEngine: devices_init: Init NPU TMD failed 5
01-19 11:28:08.432 1100 1100 I AccountManagerService: User 0 is unlocked - opening CE database
01-01 08:06:24.867 0 0 I [schedu][0x444be882][11:28:08.432012] wlan: [2712:I:HIF] Initializing Runtime PM wakelock &vdev->vdev_set_key_runtime_wakelock
01-19 11:28:08.436 2985 2985 I ThermalEngine: vdd_rstr_init: Could not read /sys/module/msm_thermal/vdd_restriction/enabled
01-19 11:28:08.441 2985 2985 E ThermalEngine: Error reading /sys/class/leds/lcd-backlight/max_brightness
01-19 11:28:08.441 2985 2985 E ThermalEngine: open/sys/class/power_supply/battery/system_temp_level failed2
01-19 11:28:08.441 2985 2985 E ThermalEngine: Unable to init battery charging mitigation to 0
01-19 11:28:08.440 681 681 D Zygote : Forked child process 3007
01-19 11:28:08.442 1100 1216 W ActivityManager: Slow operation: 431ms so far, now at startProcess: returned from zygote!
01-19 11:28:08.442 1100 1216 W ActivityManager: Slow operation: 431ms so far, now at startProcess: done updating battery stats
01-19 11:28:08.442 1100 1216 I am_proc_start: [0,3007,10090,com.hht.lebocast,added application,com.hht.lebocast]
01-19 11:28:08.442 1100 1216 W ActivityManager: Slow operation: 431ms so far, now at startProcess: building log message
01-19 11:28:08.442 1100 1216 I ActivityManager: Start proc 3007:com.hht.lebocast/u0a90 for added application com.hht.lebocast
01-19 11:28:08.442 1100 1216 W ActivityManager: Slow operation: 431ms so far, now at startProcess: starting to update pids map
01-19 11:28:08.442 1100 1216 W ActivityManager: Slow operation: 431ms so far, now at startProcess: done updating pids map
01-19 11:28:08.443 1100 1216 W ActivityManager: Slow operation: 431ms so far, now at startProcess: asking zygote to start proc
01-19 11:28:08.443 1100 1216 D CompatibilityChangeReporter: Compat change id reported: 143937733; UID 10061; state: ENABLED
01-19 11:28:08.447 1100 1972 I BackupManagerService: isBackupEnabled() => false due to absent settings file
01-19 11:28:08.447 1100 1972 D BackupManagerService: user:0 readBackupEnableState enabled:false
01-19 11:28:08.447 1100 1972 I BackupManagerService: [UserID:0] Backup enabled => false
01-19 11:28:08.447 2985 2985 I ThermalEngine: sensors_manager_init: Init
01-19 11:28:08.450 2985 3008 E ThermalEngine: socket creation success
01-19 11:28:08.452 1461 1504 D LOWI-9.0.0.87.a: [LOWINetlinkSocketReceiver] unpackRTMLinkMessage: RTM_NEWLINK - ifname wlan0, flags 0x1002 ()
01-19 11:28:08.453 1461 1504 D LOWI-9.0.0.87.a: [LOWINetlinkSocketReceiver] processNetlinkPacket: ifname(wlan0) status(0)
01-19 11:28:08.453 1461 1504 D LOWI-9.0.0.87.a: [LOWIController] intfStateReceived: ifname(wlan0) state(0)
01-19 11:28:08.454 2660 2660 D CompatibilityChangeReporter: Compat change id reported: 160794467; UID 10086; state: ENABLED
01-19 11:28:08.454 1461 1513 D LOWI-9.0.0.87.a: [LOWIEventReceiver] handleEvent:FROM:NA, TO:NA, REQ:NA, IREQ:NA, REQ_ID:0, RESP:NA, INFO:INTF-STATUS-UPDATE
01-19 11:28:08.454 1461 1513 D LOWI-9.0.0.87.a: [LOWIEventReceiver] Info to [INTF-STATUS-UPDATE]
01-19 11:28:08.454 1461 1513 D LOWI-9.0.0.87.a: [LOWIController] updateIntfState: WIFI enabled 0 mNlWifiStatus 1 mWifiStateEnabled 1
01-19 11:28:08.454 1461 1513 D LOWI-9.0.0.87.a: [LOWIController] isWifiEnabled: mNlWifiStatus 0 mWifiStateEnabled 1
01-19 11:28:08.454 1461 1513 I LOWI-9.0.0.87.a: [LOWIController] isWifiEnabled: Wifi is now disabled
01-19 11:28:08.454 1461 1513 D LOWI-9.0.0.87.a: [LOWIController] terminateScanResultReceiver
01-19 11:28:08.455 1461 2846 D LOWI-9.0.0.87.a: [LOWI-Scan] wips_wait_on_nl_socket: read returned 6, Received string: Close
01-19 11:28:08.455 1461 2846 D LOWI-9.0.0.87.a: [LOWI-Scan] do_listen_events: Select Error return - -301
01-19 11:28:08.455 1461 2846 D LOWI-9.0.0.87.a: [LOWI-Scan] No dump done. Error -301
01-19 11:28:08.455 1461 2846 D LOWI-9.0.0.87.a: [LOWI-Scan] WipsScanUsingNL: passive scan cached 0, took 307 ms, err -301
01-19 11:28:08.455 1461 2846 D LOWI-9.0.0.87.a: [LOWI-Scan] lowi_proc_req_passive_scan_with_live_meas - No WLAN Frames to be parsed
01-19 11:28:08.455 1461 2846 D LOWI-9.0.0.87.a: [LOWIWifiDriverInterface] Scan terminated for passive listening request
01-19 11:28:08.455 1461 2846 I LOWI-9.0.0.87.a: [LOWIScanResultReceiver] Thread terminate was requested
01-19 11:28:08.459 1100 1200 I EthernetTracker: interfaceLinkStateChanged, iface: wlan0, up: false
01-19 11:28:08.488 1461 2846 D LOWI-9.0.0.87.a: [LOWI-Scan] Closing the pipe
01-19 11:28:08.496 507 507 I lowmemorykiller: Using psi monitors for memory pressure detection
01-19 11:28:08.497 507 507 I lowmemorykiller: Properties reinitilized
01-19 11:28:08.497 2982 2982 I lowmemorykiller: lmkd updated properties successfully
01-19 11:28:08.498 507 507 I lowmemorykiller: lmkd data connection dropped
01-19 11:28:08.498 507 507 I lowmemorykiller: closing lmkd data connection
01-19 11:28:08.499 1461 1513 D LOWI-9.0.0.87.a: [LOWIScanResultReceiver] After join complete
01-19 11:28:08.499 1461 1513 D LOWI-9.0.0.87.a: [LOWI-ROME-RTT] RomeUnblockRangingThread
01-19 11:28:08.500 1461 2847 D LOWI-9.0.0.87.a: [LOWI-ROME-RTT] RomeWaitOnActivityOnSocketOrPipe: Ranging thread Received string: Close, request socket shutdown
01-19 11:28:08.500 1461 2847 D LOWI-9.0.0.87.a: [LOWIRangingFSM] FSM: Received Terminate Thread request from Controller
01-19 11:28:08.500 1461 2847 I LOWI-9.0.0.87.a: [LOWIScanResultReceiver] Thread terminate was requested
01-19 11:28:08.500 1461 2847 D LOWI-9.0.0.87.a: [LOWI-ROME-RTT] Closing the Ranging pipe
01-19 11:28:08.501 1461 1513 D LOWI-9.0.0.87.a: [LOWIScanResultReceiver] After join complete
01-19 11:28:08.501 1461 1513 D LOWI-9.0.0.87.a: [LOWIController] terminateWifiDriver
01-19 11:28:08.504 2660 3015 I AdrenoGLES-0: QUALCOMM build : 47421dbee6, I139f36ad46
01-19 11:28:08.504 2660 3015 I AdrenoGLES-0: Build Date : 02/18/22
01-19 11:28:08.504 2660 3015 I AdrenoGLES-0: OpenGL ES Shader Compiler Version: EV031.32.02.17
01-19 11:28:08.504 2660 3015 I AdrenoGLES-0: Local Branch :
01-19 11:28:08.504 2660 3015 I AdrenoGLES-0: Remote Branch :
01-19 11:28:08.504 2660 3015 I AdrenoGLES-0: Remote Branch :
01-19 11:28:08.504 2660 3015 I AdrenoGLES-0: Reconstruct Branch :
01-19 11:28:08.504 2660 3015 I AdrenoGLES-0: Build Config : S P 10.0.7 AArch64
01-19 11:28:08.504 2660 3015 I AdrenoGLES-0: Driver Path : /vendor/lib64/egl/libGLESv2_adreno.so
01-19 11:28:08.504 3007 3007 W om.hht.lebocas: Using default instruction set features for ARM CPU variant (cortex-a9) using conservative defaults
01-19 11:28:08.507 1461 1513 I CLD80211: lowi-server: Sent msg on exit sock to unblock poll()
01-19 11:28:08.512 1100 1100 V NotificationAssistants: 0 notification assistant service connected: ComponentInfo{android.ext.services/android.ext.services.notification.Assistant}
01-19 11:28:08.520 2993 2993 D ProcessState: Binder ioctl to enable oneway spam detection failed: Invalid argument
01-01 08:06:24.955 0 0 I binder : 2993:2993 ioctl 40046210 7fdc700314 returned -22
01-19 11:28:08.520 509 509 I hwservicemanager: getTransport: Cannot find entry android.hardware.graphics.mapper@4.0::IMapper/default in either framework or device VINTF manifest.
01-19 11:28:08.526 3007 3007 D ProcessState: Binder ioctl to enable oneway spam detection failed: Invalid argument
01-19 11:28:08.531 2660 3015 I AdrenoGLES-0: PFP: 0x016dd093, ME: 0x00000000
01-19 11:28:08.532 2907 2922 I adbd : jdwp connection from 3007
01-19 11:28:08.538 2907 2922 I adbd : jdwp connection from 2993
01-19 11:28:08.539 1100 1100 D Fingerprint21: handleError, client: FingerprintInternalCleanupClient, error: 2, vendorCode: 0
01-19 11:28:08.540 1100 1100 E Fingerprint21: onError for non-error consumer: FingerprintInternalCleanupClient
01-19 11:28:08.541 1100 1100 W Looper : Drained
01-19 11:28:08.551 678 678 D Zygote : Forked child process 3061
01-01 08:06:24.961 0 0 I binder : 3007:3007 ioctl 40046210 fffa12a8 returned -22
01-01 08:06:25.066 0 0 I binder : 2660:3015 ioctl 40046210 7bd024c254 returned -22
01-01 08:06:25.078 0 0 I binder : 3061:3061 ioctl 40046210 7fdc700314 returned -22
01-01 08:06:25.080 0 0 I [wifi@1][0x448a45aa][11:28:08.644881] wlan: [946:I:DP] dp_vdev_attach_wifi3: wlan_cfg_ap_bridge_enabled 0
01-01 08:06:25.182 0 0 I binder : 3089:3089 ioctl 40046210 7fdc700314 returned -22
01-01 08:06:25.241 0 0 E [wifi@1][0x44b986c1][11:28:08.806175] wlan: [2825:E:wifipos] wifi_pos_process_app_reg_req: 608: Received App Req Req pid(-310377550), len(16)
01-01 08:06:25.278 0 0 I [wifi@1][0x44c465b9][11:28:08.843280] wlan: [2825:I:wifipos] wifi_pos_get_ch_info: 461: num channels: 26
01-01 08:06:25.279 0 0 I [wifi@1][0x44c4a162][11:28:08.844076] wlan: [2825:I:wifipos] wifi_pos_get_ch_info: 461: num channels: 26
01-01 08:06:25.301 0 0 I binder : 2956:3136 ioctl 40046210 7c37a0c934 returned -22
01-19 11:28:08.552 1100 1216 W ActivityManager: Slow operation: 541ms so far, now at startProcess: returned from zygote!
01-19 11:28:08.552 1100 1216 W ActivityManager: Slow operation: 541ms so far, now at startProcess: done updating battery stats
01-19 11:28:08.552 1100 1216 I am_proc_start: [0,3061,10061,ts.car.uart,added application,ts.car.uart]
01-19 11:28:08.552 1100 1216 W ActivityManager: Slow operation: 541ms so far, now at startProcess: building log message
01-19 11:28:08.552 1100 1216 I ActivityManager: Start proc 3061:ts.car.uart/u0a61 for added application ts.car.uart
01-19 11:28:08.552 1100 1216 W ActivityManager: Slow operation: 541ms so far, now at startProcess: starting to update pids map
01-19 11:28:08.553 1100 1216 W ActivityManager: Slow operation: 541ms so far, now at startProcess: done updating pids map
01-01 08:06:25.323 0 0 I binder : 3061:3061 ioctl 40046210 7fdc6ff204 returned -22
01-19 11:28:08.553 1100 1216 W ActivityManager: Slow operation: 540ms so far, now at startProcess: asking zygote to start proc
01-19 11:28:08.553 1100 1216 D CompatibilityChangeReporter: Compat change id reported: 143937733; UID 10056; state: ENABLED
01-19 11:28:08.558 2660 3015 D libEGL : MSAA-->msaa:0 gamemode:0 4x_msaa:0
01-19 11:28:08.558 2660 3015 D libEGL : MSAA-->msaa:0 gamemode:0 4x_msaa:0
01-19 11:28:08.558 2660 3015 D libEGL : MSAA-->msaa:0 gamemode:0 4x_msaa:0
01-19 11:28:08.574 1100 3012 I am_proc_bound: [0,3007,com.hht.lebocast]
01-19 11:28:08.585 1100 3012 D CompatibilityChangeReporter: Compat change id reported: 168419799; UID 10090; state: DISABLED
01-19 11:28:08.585 1100 3012 D CompatibilityInfo: mCompatibilityFlags - 4
01-19 11:28:08.585 1100 3012 D CompatibilityInfo: applicationDensity - 240
01-19 11:28:08.585 1100 3012 D CompatibilityInfo: applicationScale - 1.0
01-19 11:28:08.587 1100 3012 I am_uid_active: 10090
01-19 11:28:08.595 2985 3002 I ThermalEngine: ADSP thermal mitigation available.
01-19 11:28:08.595 3007 3007 D CompatibilityChangeReporter: Compat change id reported: 171979766; UID 10090; state: ENABLED
01-19 11:28:08.595 2985 3002 I ThermalEngine: Mitigation:vdd_restriction[ADSP]:0 pending QMI request succeded
01-19 11:28:08.624 2956 2956 W alcomm.locatio: ClassLoaderContext shared library size mismatch. Expected=0, found=3 (PCL[] | PCL[]{PCL[/system/framework/com.android.location.provider.jar*3633238673]#PCL[/system/system_ext/framework/izat.xt.srv.jar*844606969]#PCL[/system/framework/services.jar*974024924:/system/framework/services.jar!classes2.dex*259167597]})
01-19 11:28:08.627 961 1107 I SDM : HWCDisplay::GetColorModeCount: Supported color mode count = 1
01-19 11:28:08.627 961 1107 I SDM : HWCDisplay::GetColorModes: Color mode = 0 is supported
01-19 11:28:08.628 1055 2234 E HWComposer: getSupportedContentTypes: getSupportedContentTypes failed for display 4630946816427681409: Unsupported (8)
01-19 11:28:08.631 2660 3015 D hw-ProcessState: Binder ioctl to enable oneway spam detection failed: Invalid argument
01-19 11:28:08.632 509 509 I hwservicemanager: getTransport: Cannot find entry android.hardware.graphics.mapper@4.0::IMapper/default in either framework or device VINTF manifest.
01-19 11:28:08.633 2660 3015 I Gralloc4: mapper 4.x is not supported
01-19 11:28:08.633 654 665 I mpu_uart: [MSG-P:RECV]:No message received in 1000 ms
01-19 11:28:08.636 1461 1504 D LOWI-9.0.0.87.a: [LOWINetlinkSocketReceiver] unpackRTMLinkMessage: RTM_NEWLINK - ifname wlan0, flags 0x1002 ()
01-19 11:28:08.636 1461 1504 D LOWI-9.0.0.87.a: [LOWINetlinkSocketReceiver] processNetlinkPacket: ifname(wlan0) status(0)
01-19 11:28:08.636 1461 1504 D LOWI-9.0.0.87.a: [LOWIController] intfStateReceived: ifname(wlan0) state(0)
01-19 11:28:08.637 1461 1513 D LOWI-9.0.0.87.a: [LOWIEventReceiver] handleEvent:FROM:NA, TO:NA, REQ:NA, IREQ:NA, REQ_ID:0, RESP:NA, INFO:INTF-STATUS-UPDATE
01-19 11:28:08.637 1461 1513 D LOWI-9.0.0.87.a: [LOWIEventReceiver] Info to [INTF-STATUS-UPDATE]
01-19 11:28:08.637 1461 1513 D LOWI-9.0.0.87.a: [LOWIController] updateIntfState: WIFI enabled 0 mNlWifiStatus 0 mWifiStateEnabled 0
01-19 11:28:08.637 1461 1513 D LOWI-9.0.0.87.a: [LOWIController] isWifiEnabled: mNlWifiStatus 0 mWifiStateEnabled 0
01-19 11:28:08.639 1100 1200 I EthernetTracker: interfaceLinkStateChanged, iface: wlan0, up: false
01-19 11:28:08.639 509 509 I hwservicemanager: getTransport: Cannot find entry android.hardware.graphics.allocator@4.0::IAllocator/default in either framework or device VINTF manifest.
01-19 11:28:08.640 2660 3015 W Gralloc4: allocator 4.x is not supported
01-19 11:28:08.642 2907 2922 I adbd : jdwp connection from 3061
01-19 11:28:08.641 946 946 D android.hardware.wifi@1.0-service: Successfully SetMacAddress.
01-19 11:28:08.643 3061 3061 D ProcessState: Binder ioctl to enable oneway spam detection failed: Invalid argument
01-01 08:06:25.371 0 0 I binder : 3141:3141 ioctl 40046210 7fdc700314 returned -22
01-19 11:28:08.643 678 678 D Zygote : Forked child process 3089
01-19 11:28:08.644 1100 1216 W ActivityManager: Slow operation: 632ms so far, now at startProcess: returned from zygote!
01-19 11:28:08.644 1100 1216 W ActivityManager: Slow operation: 632ms so far, now at startProcess: done updating battery stats
01-19 11:28:08.644 1100 1216 I am_proc_start: [0,3089,10056,.pasr,added application,.pasr]
01-19 11:28:08.644 1100 1216 W ActivityManager: Slow operation: 632ms so far, now at startProcess: building log message
01-19 11:28:08.644 1100 1216 I ActivityManager: Start proc 3089:.pasr/u0a56 for added application .pasr
01-19 11:28:08.644 1100 1216 W ActivityManager: Slow operation: 632ms so far, now at startProcess: starting to update pids map
01-19 11:28:08.645 1100 1216 W ActivityManager: Slow operation: 633ms so far, now at startProcess: done updating pids map
01-19 11:28:08.645 1100 1216 W ActivityManager: Slow operation: 632ms so far, now at startProcess: asking zygote to start proc
01-19 11:28:08.645 1100 1216 D CompatibilityChangeReporter: Compat change id reported: 143937733; UID 10083; state: DISABLED
01-19 11:28:08.651 1100 1136 I am_proc_bound: [0,3061,ts.car.uart]
01-19 11:28:08.654 1100 1136 D CompatibilityChangeReporter: Compat change id reported: 168419799; UID 10061; state: DISABLED
01-19 11:28:08.654 1100 1136 D CompatibilityInfo: mCompatibilityFlags - 4
01-19 11:28:08.654 1100 1136 D CompatibilityInfo: applicationDensity - 240
01-19 11:28:08.654 1100 1136 D CompatibilityInfo: applicationScale - 1.0
01-19 11:28:08.657 1100 1136 I am_uid_active: 10061
01-19 11:28:08.667 2660 3015 E FrameEvents: updateAcquireFence: Did not find frame.
01-19 11:28:08.671 1461 1504 D LOWI-9.0.0.87.a: [LOWINetlinkSocketReceiver] unpackRTMLinkMessage: RTM_NEWLINK - ifname wlan0, flags 0x1003 ([UP])
01-19 11:28:08.672 1461 1504 D LOWI-9.0.0.87.a: [LOWINetlinkSocketReceiver] processNetlinkPacket: ifname(wlan0) status(1)
01-19 11:28:08.672 1461 1504 D LOWI-9.0.0.87.a: [LOWIController] intfStateReceived: ifname(wlan0) state(1)
01-19 11:28:08.672 1461 1513 D LOWI-9.0.0.87.a: [LOWIEventReceiver] handleEvent:FROM:NA, TO:NA, REQ:NA, IREQ:NA, REQ_ID:0, RESP:NA, INFO:INTF-STATUS-UPDATE
01-19 11:28:08.672 1461 1513 D LOWI-9.0.0.87.a: [LOWIEventReceiver] Info to [INTF-STATUS-UPDATE]
01-19 11:28:08.672 1461 1513 D LOWI-9.0.0.87.a: [LOWIController] updateIntfState: WIFI enabled 1 mNlWifiStatus 0 mWifiStateEnabled 0
01-19 11:28:08.672 1461 1513 D LOWI-9.0.0.87.a: [LOWIController] isWifiEnabled: mNlWifiStatus 1 mWifiStateEnabled 0
