01-19 11:28:03.074 1100 2190 W ContextImpl: Calling a method in the system process without a qualified user: android.app.ContextImpl.bindService:1895 android.content.ContextWrapper.bindService:810 com.qualcomm.qti.activityextension.ActivityNotifier.bindToDynamicDDSService:103 com.qualcomm.qti.activityextension.ActivityNotifier.handleSendActivityInvokeNotification:184 com.qualcomm.qti.activityextension.ActivityNotifier.access$300:26
01-19 11:28:03.075 1100 1100 D SystemServerTiming: startBoostPerfService took to complete: 1ms
01-19 11:28:03.075 1100 1100 D SystemServerTiming: startOtherServices took to complete: 3245ms
01-19 11:28:03.075 1100 1100 D SystemServerTiming: StartServices took to complete: 10285ms
01-19 11:28:03.090 1100 1100 W Looper : Slow delivery took 5286ms main h=android.app.PropertyInvalidatedCache$AutoCorker$1 c=null m=0
01-01 08:06:19.505 0 0 E register_client_adhoc: Failed to find path.src 1 dest 589
01-01 08:06:19.523 0 0 I binder : 2199:2199 ioctl 40046210 7fdc700314 returned -22
01-01 08:06:19.532 0 0 E init : Control message: Could not find 'vendor.qti.hardware.iop@2.0::IIop/default' for ctl.interface_start from pid: 509 (/system/bin/hwservicemanager)
01-01 08:06:19.542 0 0 E swr-wcd rx_swr_ctrl: swrm_get_logical_dev_num: device 0xd01170224 is not ready
01-01 08:06:19.566 0 0 E swr_get_logical_dev_num: Error -22 to get logical addr for device d01170224
01-19 11:28:03.132 1100 2197 I wm_task_created: [5,-1]
01-19 11:28:03.132 1100 1100 D ConditionProviders.SCP: onConnected
01-19 11:28:03.134 1100 1100 I GameModeConfig: isGameModeOn = false
01-19 11:28:03.134 1100 1100 D ConditionProviders: Subscribing to condition://android/event?userId=-10000&calendar=&reply=1 with ComponentInfo{android/com.android.server.notification.EventConditionProvider}
01-19 11:28:03.135 1100 1100 D ConditionProviders: Subscribing to condition://android/schedule?days=1.2.3.4.5.6.7&start=22.0&end=7.0&exitAtAlarm=true with ComponentInfo{android/com.android.server.notification.ScheduleConditionProvider}
01-19 11:28:03.135 1100 1100 I notification_cancel_all: [1000,1100,android,0,0,0,20,NULL]
01-19 11:28:03.139 1100 1135 I wm_task_created: [6,-1]
01-19 11:28:03.139 1100 1212 I netstats_mobile_sample: [0,0,0,0,0,0,0,0,0,0,0,0,1674098883139]
01-19 11:28:03.139 1100 1212 I netstats_wifi_sample: [0,0,0,0,0,0,0,0,0,0,0,0,1674098883139]
01-01 08:06:19.576 0 0 E swr-wcd rx_swr_ctrl: swrm_get_logical_dev_num: device 0xd01170224 is not ready
01-19 11:28:03.146 1100 1135 I wm_task_created: [7,-1]
01-19 11:28:03.150 1100 1100 I am_uid_running: 10101
01-01 08:06:19.585 0 0 E swr_get_logical_dev_num: Error -22 to get logical addr for device d01170224
01-19 11:28:03.151 1100 1100 D CompatibilityChangeReporter: Compat change id reported: 135634846; UID 10101; state: DISABLED
01-19 11:28:03.152 1100 1100 D CompatibilityChangeReporter: Compat change id reported: 177438394; UID 10101; state: DISABLED
01-19 11:28:03.152 1100 1100 D CompatibilityChangeReporter: Compat change id reported: 135772972; UID 10101; state: DISABLED
01-19 11:28:03.152 1100 1100 D CompatibilityChangeReporter: Compat change id reported: 135754954; UID 10101; state: ENABLED
01-19 11:28:03.154 1100 2197 I am_proc_bound: [0,2199,com.thundercomm.microservice]
01-19 11:28:03.167 1100 1100 I GameModeConfig: isGameModeOn = false
01-01 08:06:19.604 0 0 E swr-wcd rx_swr_ctrl: swrm_get_logical_dev_num: device 0xd01170224 is not ready
01-19 11:28:03.184 1100 1212 I netstats_mobile_sample: [0,0,0,0,0,0,0,0,0,0,0,0,1674098883184]
01-01 08:06:19.613 0 0 E swr_get_logical_dev_num: Error -22 to get logical addr for device d01170224
01-01 08:06:19.631 0 0 E swr-wcd rx_swr_ctrl: swrm_get_logical_dev_num: device 0xd01170224 is not ready
01-01 08:06:19.640 0 0 E swr_get_logical_dev_num: Error -22 to get logical addr for device d01170224
01-01 08:06:19.652 0 0 I binder : undelivered TRANSACTION_COMPLETE
01-01 08:06:19.652 0 0 I binder : undelivered transaction 20094, process died.
01-01 08:06:19.658 0 0 I binder : 1241:1241 ioctl 40046210 7fc0508634 returned -22
01-01 08:06:19.659 0 0 E swr-wcd rx_swr_ctrl: swrm_get_logical_dev_num: device 0xd01170224 is not ready
01-19 11:28:03.184 1100 1212 I netstats_wifi_sample: [0,0,0,0,0,0,0,0,0,0,0,0,1674098883184]
01-19 11:28:03.212 1100 1216 W ActivityManager: Slow operation: 385ms so far, now at startProcess: returned from zygote!
01-19 11:28:03.213 1100 1216 W ActivityManager: Slow operation: 386ms so far, now at startProcess: done updating battery stats
01-19 11:28:03.213 1100 1216 I am_proc_start: [0,2246,1000,com.thundercomm.microsettings,added application,com.thundercomm.microsettings]
01-19 11:28:03.213 1100 1216 W ActivityManager: Slow operation: 386ms so far, now at startProcess: building log message
01-19 11:28:03.213 1100 1216 I ActivityManager: Start proc 2246:com.thundercomm.microsettings/1000 for added application com.thundercomm.microsettings
01-19 11:28:03.213 1100 1216 W ActivityManager: Slow operation: 386ms so far, now at startProcess: starting to update pids map
01-19 11:28:03.214 1100 1216 W ActivityManager: Slow operation: 386ms so far, now at startProcess: done updating pids map
01-19 11:28:03.214 1100 1216 W ActivityManager: Slow operation: 382ms so far, now at startProcess: asking zygote to start proc
01-01 08:06:19.667 0 0 E swr_get_logical_dev_num: Error -22 to get logical addr for device d01170224
01-01 08:06:19.672 0 0 I nf_conntrack: default automatic helper assignment has been turned off for security reasons and CT-based firewall rule not found. Use the iptables CT target to attach helpers instead.
01-01 08:06:19.673 0 0 D cnss : WLFW server arriving: node 7 port 1
01-01 08:06:19.673 0 0 D cnss : Posting event: SERVER_ARRIVE(0), state: 0x10 flags: 0x0
01-01 08:06:19.673 0 0 D cnss : PM stay awake, state: 0x10, count: 1
01-01 08:06:19.674 0 0 D cnss : PM relax, state: 0x10, count: 0
01-01 08:06:19.674 0 0 D cnss : PM stay awake, state: 0x10, count: 1
01-01 08:06:19.674 0 0 D cnss : Processing driver event: SERVER_ARRIVE(0), state: 0x10
01-01 08:06:19.674 0 0 I cnss : QMI WLFW service connected, state: 0x11
01-01 08:06:19.674 0 0 D cnss : Sending indication register message, state: 0x11
01-01 08:06:19.676 0 0 E wcd938x_codec wcd938x-codec: wcd938x_bind: Slave bind failed, ret = -517
01-01 08:06:19.687 0 0 E : [drm:dp_display_init_aux_switch][msm-dp-err][398 ]failed to register notifier (-22)
01-01 08:06:19.690 0 0 I msm-dwc3 a600000.ssusb: DWC3 in low power mode
01-01 08:06:19.692 0 0 D cnss : Sending host capability message, state: 0x11
01-01 08:06:19.692 0 0 D cnss : Number of clients is 2
01-01 08:06:19.692 0 0 D cnss : Assign MSI to user: WAKE, num_vectors: 1, user_base_data: 813, base_vector: 13
01-01 08:06:19.692 0 0 D cnss : WAKE MSI base data is 813
01-01 08:06:19.692 0 0 D cnss : Calibration done is 1
01-01 08:06:19.692 0 0 D cnss : Sending iova starting 0xa0000000 with size 0x10010000
01-01 08:06:19.703 0 0 I msm-dwc3 a800000.ssusb: DWC3 in low power mode
01-01 08:06:19.704 0 0 D cnss : PM relax, state: 0x11, count: 0
01-01 08:06:19.726 0 0 E init : Control message: Could not find 'vendor.qti.hardware.iop@2.0::IIop/default' for ctl.interface_start from pid: 509 (/system/bin/hwservicemanager)
01-01 08:06:19.743 0 0 I binder : 2246:2246 ioctl 40046210 7fdc700314 returned -22
01-19 11:28:03.247 1100 2197 D CompatibilityChangeReporter: Compat change id reported: 171306433; UID 1000; state: ENABLED
01-19 11:28:03.284 1100 1918 I ActivityManager: Process WebViewLoader-armeabi-v7a (pid 2106) has died: psvc PER
01-19 11:28:03.289 1100 1918 I am_proc_died: [0,2106,WebViewLoader-armeabi-v7a,-700,0]
01-19 11:28:03.291 1100 1918 I am_low_memory: 5
01-19 11:28:03.306 1100 1212 I netstats_mobile_sample: [0,0,0,0,0,0,0,0,0,0,0,0,1674098883306]
01-19 11:28:03.306 1100 1212 I netstats_wifi_sample: [0,0,0,0,0,0,0,0,0,0,0,0,1674098883306]
01-19 11:28:03.312 1100 1918 I am_proc_bound: [0,2246,com.thundercomm.microsettings]
01-19 11:28:03.313 1100 1918 D CompatibilityChangeReporter: Compat change id reported: 168419799; UID 1000; state: DISABLED
01-19 11:28:03.315 1100 1918 D CompatibilityChangeReporter: Compat change id reported: 181136395; UID 1000; state: DISABLED
01-19 11:28:03.318 1100 1905 I dvm_lock_sample: [system_server,0,NetworkPolicy,112,NetworkStatsService.java,1026,void com.android.server.net.NetworkStatsService.advisePersistThreshold(long),-,1506,void com.android.server.net.NetworkStatsService.performPoll(int),22]
01-19 11:28:03.318 1100 1918 D CompatibilityChangeReporter: Compat change id reported: 174042936; UID 1000; state: DISABLED
01-19 11:28:03.325 2052 2252 I bt_config_source: 1
01-19 11:28:03.325 2052 2252 I bt_config_source: 3
01-19 11:28:03.328 2059 2059 W OneHandedController: Device doesn't support OneHanded feature
01-19 11:28:03.365 1100 1212 I netstats_mobile_sample: [0,0,0,0,0,0,0,0,0,0,0,0,1674098883365]
01-19 11:28:03.366 1100 1212 I netstats_wifi_sample: [0,0,0,0,0,0,0,0,0,0,0,0,1674098883365]
01-19 11:28:03.366 1100 2150 I ActivityManager: Process WebViewLoader-arm64-v8a (pid 2109) has died: psvc PER
01-19 11:28:03.370 1100 2150 I am_proc_died: [0,2109,WebViewLoader-arm64-v8a,-700,0]
01-19 11:28:03.371 1100 2150 I am_uid_stopped: 1037
01-19 11:28:03.373 1100 2150 I am_low_memory: 5
01-19 11:28:03.391 1100 1212 I service_manager_slow: [23,phone]
01-01 08:06:19.801 0 0 E init : Control message: Could not find 'vendor.qti.hardware.iop@2.0::IIop/default' for ctl.interface_start from pid: 509 (/system/bin/hwservicemanager)
01-01 08:06:19.833 0 0 E init : Control message: Could not find 'vendor.qti.hardware.iop@2.0::IIop/default' for ctl.interface_start from pid: 509 (/system/bin/hwservicemanager)
01-19 11:28:03.452 1100 1100 W Looper : Slow dispatch took 261ms main h=android.app.ActivityThread$H c=null m=114
01-19 11:28:03.453 1100 1100 I PackageWatchdog: Syncing health check requests for packages: {}
01-19 11:28:03.453 1100 1100 I ExplicitHealthCheckController: Service not ready to get health check supported packages. Binding...
01-19 11:28:03.454 1100 1100 I ExplicitHealthCheckController: Explicit health check service is bound
01-19 11:28:03.469 1100 1216 I dvm_lock_sample: [system_server,1,ActivityManager:procStart,255,ZygoteProcess.java,784,android.os.Process$ProcessStartResult android.os.ZygoteProcess.startViaZygote(java.lang.String, java.lang.String, int, int, int[], int, int, int, java.lang.String, java.lang.String, java.lang.String, java.lang.String, java.lang.String, boolean, java.lang.String, int, boolean, long[], java.util.Map, java.util.Map, boolean, boolean, java.lang.String[]),-,787,android.os.Process$ProcessStartResult android.os.ZygoteProcess.startViaZygote(java.lang.String, java.lang.String, int, int, int[], int, int, int, java.lang.String, java.lang.String, java.lang.String, java.lang.String, java.lang.String, boolean, java.lang.String, int, boolean, long[], java.util.Map, java.util.Map, boolean, boolean, java.lang.String[]),51]
01-01 08:06:19.920 0 0 I perfetto: enabled ftrace
01-01 08:06:19.924 0 0 I binder : 2052:2052 ioctl 40046210 7fdc6ff984 returned -22
01-19 11:28:03.491 1100 1212 I netstats_mobile_sample: [0,0,0,0,0,0,0,0,0,0,0,0,1674098883491]
01-19 11:28:03.491 1100 1212 I netstats_wifi_sample: [0,0,0,0,0,0,0,0,0,0,0,0,1674098883491]
01-19 11:28:03.513 1100 2146 D TelephonyRegistry: listen oscl: mHasNotifySubscriptionInfoChangedOccurred==false no callback
01-19 11:28:03.514 1100 1212 I netstats_mobile_sample: [0,0,0,0,0,0,0,0,0,0,0,0,1674098883514]
01-19 11:28:03.514 1100 1212 I netstats_wifi_sample: [0,0,0,0,0,0,0,0,0,0,0,0,1674098883514]
01-19 11:28:03.527 1100 1216 W ActivityManager: Slow operation: 696ms so far, now at startProcess: returned from zygote!
01-19 11:28:03.527 1100 1216 W ActivityManager: Slow operation: 696ms so far, now at startProcess: done updating battery stats
01-19 11:28:03.527 1100 1216 I am_proc_start: [0,2304,1001,.dataservices,added application,.dataservices]
01-19 11:28:03.527 1100 1216 W ActivityManager: Slow operation: 696ms so far, now at startProcess: building log message
01-19 11:28:03.527 1100 1216 I ActivityManager: Start proc 2304:.dataservices/1001 for added application .dataservices
01-19 11:28:03.527 1100 1216 W ActivityManager: Slow operation: 696ms so far, now at startProcess: starting to update pids map
01-19 11:28:03.529 1100 1216 W ActivityManager: Slow operation: 698ms so far, now at startProcess: done updating pids map
01-19 11:28:03.529 1100 1216 W ActivityManager: Slow operation: 696ms so far, now at startProcess: asking zygote to start proc
01-19 11:28:03.529 1100 1216 D CompatibilityChangeReporter: Compat change id reported: 143937733; UID 10055; state: DISABLED
01-19 11:28:03.538 2246 2246 I service_manager_slow: [11,vendor.perfservice]
01-19 11:28:03.552 1100 1135 D CompatibilityChangeReporter: Compat change id reported: 157233955; UID 10087; state: ENABLED
01-19 11:28:03.560 1100 1100 I SystemServerTiming: ManagedServices.unbindOtherUserServices_current0
01-19 11:28:03.560 1100 1100 D SystemServerTiming: ManagedServices.unbindOtherUserServices_current0 took to complete: 0ms
01-19 11:28:03.561 1100 1100 I SystemServerTiming: ManagedServices.unbindOtherUserServices_current0
01-19 11:28:03.563 1100 1100 D SystemServerTiming: ManagedServices.unbindOtherUserServices_current0 took to complete: 0ms
01-19 11:28:03.563 1100 1100 I SystemServerTiming: ManagedServices.unbindOtherUserServices_current0
01-19 11:28:03.563 1100 1100 D SystemServerTiming: ManagedServices.unbindOtherUserServices_current0 took to complete: 0ms
01-19 11:28:03.563 1100 1100 V NotificationAssistants: enabling notification assistant for 0: ComponentInfo{android.ext.services/android.ext.services.notification.Assistant}
01-19 11:28:03.564 1100 1100 V NotificationAssistants: binding: Intent { act=android.service.notification.NotificationAssistantService cmp=android.ext.services/.notification.Assistant (has extras) }
01-19 11:28:03.567 1100 1212 I netstats_mobile_sample: [0,0,0,0,0,0,0,0,0,0,0,0,1674098883567]
01-19 11:28:03.567 1100 1212 I netstats_wifi_sample: [0,0,0,0,0,0,0,0,0,0,0,0,1674098883567]
01-19 11:28:03.570 1100 1216 W ActivityManager: Slow operation: 736ms so far, now at startProcess: returned from zygote!
01-19 11:28:03.574 1100 1905 I dvm_lock_sample: [system_server,0,NetworkPolicy,50,NetworkStatsService.java,1026,void com.android.server.net.NetworkStatsService.advisePersistThreshold(long),-,1506,void com.android.server.net.NetworkStatsService.performPoll(int),10]
01-19 11:28:03.575 1100 1216 W ActivityManager: Slow operation: 741ms so far, now at startProcess: done updating battery stats
01-19 11:28:03.575 1100 1216 I am_proc_start: [0,2311,10055,.qtidataservices,added application,.qtidataservices]
01-19 11:28:03.575 1100 1216 W ActivityManager: Slow operation: 742ms so far, now at startProcess: building log message
01-19 11:28:03.575 1100 1216 I ActivityManager: Start proc 2311:.qtidataservices/u0a55 for added application .qtidataservices
01-19 11:28:03.575 1100 1216 W ActivityManager: Slow operation: 742ms so far, now at startProcess: starting to update pids map
01-19 11:28:03.584 1100 1216 W ActivityManager: Slow operation: 751ms so far, now at startProcess: done updating pids map
01-19 11:28:03.584 1100 1216 W ActivityManager: Slow operation: 749ms so far, now at startProcess: asking zygote to start proc
01-01 08:06:20.046 0 0 I init : Service 'exec 23 (/vendor/bin/modprobe -a -d /vendor/lib/modules/ qca_cld3_qca6390 qca_cld3_qca6490)' (pid 1208) exited with status 0 oneshot service took 10.781000 seconds in background
01-01 08:06:20.046 0 0 I init : Sending signal 9 to service 'exec 23 (/vendor/bin/modprobe -a -d /vendor/lib/modules/ qca_cld3_qca6390 qca_cld3_qca6490)' (pid 1208) process group...
01-19 11:28:03.645 1100 1212 I netstats_mobile_sample: [0,0,0,0,0,0,0,0,0,0,0,0,1674098883644]
01-19 11:28:03.646 1100 1212 I netstats_wifi_sample: [0,0,0,0,0,0,0,0,0,0,0,0,1674098883644]
01-19 11:28:03.653 1100 1212 D TelephonyRegistry: listen oscl: mHasNotifySubscriptionInfoChangedOccurred==false no callback
01-19 11:28:03.655 1100 1212 D CountryDetector: Using custom country detector class: com.android.server.location.ComprehensiveCountryDetector
01-19 11:28:03.655 1100 1212 E CountryDetector: Could not instantiate the custom country detector class
01-19 11:28:03.655 1100 1212 D CountryDetector: Using default country detector
01-19 11:28:03.657 1100 1202 I DropBoxManagerService: add tag=system_server_strictmode isTagEnabled=true flags=0x2
01-19 11:28:03.659 1100 1202 I DropBoxManagerService: add tag=system_server_strictmode isTagEnabled=true flags=0x2
01-01 08:06:20.095 0 0 I binder : 2311:2311 ioctl 40046210 7fdc700314 returned -22
01-19 11:28:03.686 1100 1136 I am_proc_bound: [0,2311,.qtidataservices]
01-19 11:28:03.695 1100 1136 D CompatibilityChangeReporter: Compat change id reported: 168419799; UID 10055; state: DISABLED
01-19 11:28:03.700 1100 1136 I am_uid_active: 10055
01-19 11:28:03.707 1100 1216 W ActivityManager: Slow operation: 871ms so far, now at startProcess: returned from zygote!
01-19 11:28:03.707 1100 1216 W ActivityManager: Slow operation: 872ms so far, now at startProcess: done updating battery stats
01-19 11:28:03.708 1100 1216 I am_proc_start: [0,2330,1000,com.thundercomm.tchttpserver,added application,com.thundercomm.tchttpserver]
01-19 11:28:03.708 1100 1216 W ActivityManager: Slow operation: 872ms so far, now at startProcess: building log message
01-19 11:28:03.708 1100 1216 I ActivityManager: Start proc 2330:com.thundercomm.tchttpserver/1000 for added application com.thundercomm.tchttpserver
01-19 11:28:03.708 1100 1216 W ActivityManager: Slow operation: 873ms so far, now at startProcess: starting to update pids map
01-19 11:28:03.708 1100 1216 W ActivityManager: Slow operation: 873ms so far, now at startProcess: done updating pids map
01-19 11:28:03.708 1100 1216 W ActivityManager: Slow operation: 872ms so far, now at startProcess: asking zygote to start proc
01-01 08:06:20.161 0 0 I binder : 2304:2304 ioctl 40046210 7fdc700314 returned -22
01-19 11:28:03.734 2246 2246 W ContextImpl: Calling a method in the system process without a qualified user: android.app.ContextImpl.startService:1816 android.content.ContextWrapper.startService:774 com.thundercomm.microsettings.service.SettingsApplication.onCreate:30 android.app.Instrumentation.callApplicationOnCreate:1212 android.app.ActivityThread.handleBindApplication:6744
01-19 11:28:03.735 1100 1135 W ActivityManager: Unable to start service Intent { act=com.thundercomm.microsettings.SETTING_SERVICE pkg=com.thundercomm.microsettings } U=0: not found
01-19 11:28:03.735 2246 2246 W ContextImpl: Calling a method in the system process without a qualified user: android.app.ContextImpl.startService:1816 android.content.ContextWrapper.startService:774 com.thundercomm.microsettings.service.SettingsApplication.onCreate:36 android.app.Instrumentation.callApplicationOnCreate:1212 android.app.ActivityThread.handleBindApplication:6744
01-19 11:28:03.736 1100 1135 W ActivityManager: Unable to start service Intent { act=com.thundercomm.microsettings.EOL_SERVICE pkg=com.thundercomm.microsettings } U=0: not found
01-19 11:28:03.740 2059 2059 D SystemUIBootTiming: DependencyInjection took to complete: 0ms
01-19 11:28:03.752 1100 2146 I am_proc_bound: [0,2304,.dataservices]
01-19 11:28:03.754 1100 2146 D CompatibilityChangeReporter: Compat change id reported: 168419799; UID 1001; state: DISABLED
01-19 11:28:03.756 1100 2146 I am_uid_active: 1001
01-19 11:28:03.767 1100 2146 D CompatibilityChangeReporter: Compat change id reported: 168419799; UID 1001; state: DISABLED
01-19 11:28:03.776 2059 2059 D SystemUIBootTiming: StartServicescom.android.systemui.util.NotificationChannels took to complete: 4ms
01-19 11:28:03.790 2246 2246 D MicroServiceManager: add linkToDeath
01-19 11:28:03.791 2246 2246 D MicroServiceManager: bindMicroService: called already get service
01-19 11:28:03.855 2059 2059 D SystemUIBootTiming: StartServicescom.android.systemui.keyguard.KeyguardViewMediator took to complete: 79ms
01-19 11:28:03.856 1100 1216 W ActivityManager: Slow operation: 1019ms so far, now at startProcess: returned from zygote!
01-19 11:28:03.863 1100 1216 W ActivityManager: Slow operation: 1027ms so far, now at startProcess: done updating battery stats
01-19 11:28:03.863 1100 1216 I am_proc_start: [0,2366,1000,com.tc.logclient,added application,com.tc.logclient]
01-19 11:28:03.863 1100 1216 W ActivityManager: Slow operation: 1027ms so far, now at startProcess: building log message
01-19 11:28:03.863 1100 1216 I ActivityManager: Start proc 2366:com.tc.logclient/1000 for added application com.tc.logclient
01-19 11:28:03.863 1100 1216 W ActivityManager: Slow operation: 1027ms so far, now at startProcess: starting to update pids map
01-19 11:28:03.864 1100 1216 W ActivityManager: Slow operation: 1028ms so far, now at startProcess: done updating pids map
01-19 11:28:03.865 1100 1216 W ActivityManager: Slow operation: 1028ms so far, now at startProcess: asking zygote to start proc
01-19 11:28:03.870 1100 2146 I am_uid_running: 10086
01-19 11:28:03.870 1100 2146 D CompatibilityChangeReporter: Compat change id reported: 135634846; UID 10086; state: DISABLED
01-19 11:28:03.871 1100 2146 D CompatibilityChangeReporter: Compat change id reported: 177438394; UID 10086; state: DISABLED
01-19 11:28:03.871 1100 2146 D CompatibilityChangeReporter: Compat change id reported: 135772972; UID 10086; state: DISABLED
01-19 11:28:03.871 1100 2146 D CompatibilityChangeReporter: Compat change id reported: 135754954; UID 10086; state: ENABLED
01-19 11:28:03.872 2059 2059 D SystemUIBootTiming: StartServicescom.android.systemui.recents.Recents took to complete: 17ms
01-01 08:06:20.349 0 0 I binder : 2330:2330 ioctl 40046210 7fdc700314 returned -22
01-01 08:06:20.358 0 0 I binder : 2059:2377 ioctl 40046210 7bbe18e124 returned -22
01-01 08:06:20.385 0 0 I binder : 2304:2387 ioctl 40046210 7c37903344 returned -22
01-19 11:28:03.936 1100 1216 W ActivityManager: Slow operation: 1099ms so far, now at startProcess: returned from zygote!
01-19 11:28:03.937 1100 1216 W ActivityManager: Slow operation: 1100ms so far, now at startProcess: done updating battery stats
01-19 11:28:03.937 1100 1216 I am_proc_start: [0,2388,1073,com.android.networkstack.process,added application,com.android.networkstack.process]
01-19 11:28:03.937 1100 1216 W ActivityManager: Slow operation: 1100ms so far, now at startProcess: building log message
01-19 11:28:03.937 1100 1216 I ActivityManager: Start proc 2388:com.android.networkstack.process/1073 for added application com.android.networkstack.process
01-19 11:28:03.937 1100 1216 W ActivityManager: Slow operation: 1100ms so far, now at startProcess: starting to update pids map
01-19 11:28:03.938 1100 1216 W ActivityManager: Slow operation: 1100ms so far, now at startProcess: done updating pids map
01-19 11:28:03.938 1100 1216 W ActivityManager: Slow operation: 1100ms so far, now at startProcess: asking zygote to start proc
01-19 11:28:03.940 1100 1136 I am_proc_bound: [0,2330,com.thundercomm.tchttpserver]
01-19 11:28:03.940 1100 1136 D CompatibilityChangeReporter: Compat change id reported: 168419799; UID 1000; state: DISABLED
01-01 08:06:20.411 0 0 I cnss-daemon: DMS thread joined succesfully
01-01 08:06:20.411 0 0 I cnss-daemon: wlfw_stop: Stop done: 0
01-01 08:06:20.412 0 0 I cnss-daemon: wlfw_start: Starting
01-19 11:28:03.974 1100 1216 W ActivityManager: Slow operation: 1135ms so far, now at startProcess: returned from zygote!
01-19 11:28:03.974 1100 1216 W ActivityManager: Slow operation: 1136ms so far, now at startProcess: done updating battery stats
01-19 11:28:03.974 1100 1216 I am_proc_start: [0,2409,1000,com.thundercomm.tcsetupwizard,added application,com.thundercomm.tcsetupwizard]
01-19 11:28:03.974 1100 1216 W ActivityManager: Slow operation: 1136ms so far, now at startProcess: building log message
01-19 11:28:03.974 1100 1216 I ActivityManager: Start proc 2409:com.thundercomm.tcsetupwizard/1000 for added application com.thundercomm.tcsetupwizard
01-19 11:28:03.974 1100 1216 W ActivityManager: Slow operation: 1136ms so far, now at startProcess: starting to update pids map
01-19 11:28:03.975 1100 1216 W ActivityManager: Slow operation: 1136ms so far, now at startProcess: done updating pids map
01-19 11:28:03.975 1100 1216 W ActivityManager: Slow operation: 1135ms so far, now at startProcess: asking zygote to start proc
01-01 08:06:20.417 0 0 I binder : 2366:2366 ioctl 40046210 7fdc700314 returned -22
01-19 11:28:04.026 2366 2366 I service_manager_slow: [30,activity]
01-19 11:28:04.026 1100 1136 I am_proc_bound: [0,2366,com.tc.logclient]
01-19 11:28:04.029 1100 1136 D CompatibilityChangeReporter: Compat change id reported: 168419799; UID 1000; state: DISABLED
01-19 11:28:04.043 1100 1216 W ActivityManager: Slow operation: 1204ms so far, now at startProcess: returned from zygote!
01-19 11:28:04.044 1100 1216 W ActivityManager: Slow operation: 1204ms so far, now at startProcess: done updating battery stats
01-19 11:28:04.044 1100 1216 I am_proc_start: [0,2425,1000,vendor.qti.qesdk.sysservice,added application,vendor.qti.qesdk.sysservice]
01-19 11:28:04.044 1100 1216 W ActivityManager: Slow operation: 1205ms so far, now at startProcess: building log message
01-19 11:28:04.044 1100 1216 I ActivityManager: Start proc 2425:vendor.qti.qesdk.sysservice/1000 for added application vendor.qti.qesdk.sysservice
01-19 11:28:04.044 1100 1216 W ActivityManager: Slow operation: 1205ms so far, now at startProcess: starting to update pids map
01-01 08:06:20.434 0 0 I cnss-daemon: wlfw_service_request: Start the pthread: 0x0K
01-01 08:06:20.457 0 0 I cnss-daemon: pm_release_vote: pm_handle is NULL
01-01 08:06:20.457 0 0 I cnss-daemon: pm_release_vote: pm_handle is NULL
01-01 08:06:20.457 0 0 I cnss-daemon: wlfw_build_cal_table: not read /data/vendor/wifi/wlfw_cal_00.bin
01-01 08:06:20.483 0 0 I binder : 2409:2409 ioctl 40046210 7fdc700314 returned -22
01-01 08:06:20.484 0 0 D cnss : Received QMI WLFW request memory indication
01-01 08:06:20.484 0 0 D cnss : FW requests for memory, size: 0x5e0000, type: 1
01-01 08:06:20.484 0 0 D cnss : FW requests for memory, size: 0xd8000, type: 4
01-01 08:06:20.484 0 0 D cnss : Posting event: REQUEST_MEM(2), state: 0x11 flags: 0x0
01-01 08:06:20.484 0 0 D cnss : PM stay awake, state: 0x11, count: 1
01-01 08:06:20.484 0 0 D cnss : PM relax, state: 0x11, count: 0
01-01 08:06:20.484 0 0 D cnss : PM stay awake, state: 0x11, count: 1
01-01 08:06:20.484 0 0 D cnss : Processing driver event: REQUEST_MEM(2), state: 0x11
01-01 08:06:20.484 0 0 D cnss : Sending respond memory message, state: 0x11
01-01 08:06:20.484 0 0 D cnss : Memory for FW, va: 0xffffff8025142000, pa: 0x00000000a1000000, size: 0x5e0000, type: 1
01-01 08:06:20.484 0 0 D cnss : Memory for FW, va: 0xffffff80221fb000, pa: 0x00000000a1600000, size: 0xd8000, type: 4
01-01 08:06:20.491 0 0 D cnss : PM relax, state: 0x11, count: 0
01-01 08:06:20.502 0 0 D cnss : Received QMI WLFW FW memory ready indication
01-01 08:06:20.502 0 0 D cnss : Posting event: FW_MEM_READY(3), state: 0x11 flags: 0x0
01-01 08:06:20.502 0 0 D cnss : PM stay awake, state: 0x11, count: 1
01-01 08:06:20.502 0 0 D cnss : PM relax, state: 0x11, count: 0
01-01 08:06:20.502 0 0 D cnss : PM stay awake, state: 0x11, count: 1
01-01 08:06:20.502 0 0 D cnss : Processing driver event: FW_MEM_READY(3), state: 0x11
01-01 08:06:20.502 0 0 D cnss : Sending target capability message, state: 0x13
01-01 08:06:20.513 0 0 D cnss : Voltage for CPR: 948mV
01-01 08:06:20.513 0 0 D cnss : Update TCS CMD data address 0x000000000b2e5844 with voltage 950mV
01-01 08:06:20.513 0 0 D cnss : Device frequency is 24000000 HZ
01-01 08:06:20.513 0 0 D cnss : Target capability: chip_id: 0x0, chip_family: 0xb, board_id: 0xff, soc_id: 0xffffffff, fw_version: 0x101a0521, fw_build_timestamp: 2021-12-20 07:54, fw_build_id: QC_IMAGE_VERSION_STRING=WLAN.HST.1.0.1.r1-01313-QCAHSTSWPL_SILICONZ-1, otp_version: 0x0
01-01 08:06:20.513 0 0 D cnss : Sending BDF download message, state: 0x13, type: 4
01-01 08:06:20.513 0 0 D cnss : FW name added with prefix: qca6390/regdb.bin
01-01 08:06:20.515 0 0 W cnss2 b0000000.qcom,cnss-qca6390: Falling back to syfs fallback for: qca6390/regdb.bin
01-01 08:06:20.528 0 0 I binder : 2388:2388 ioctl 40046210 7fdc700314 returned -22
01-01 08:06:20.545 0 0 I ueventd : firmware: loading 'qca6390/regdb.bin' for '/devices/platform/soc/b0000000.qcom,cnss-qca6390/firmware/qca6390!regdb.bin'
01-01 08:06:20.547 0 0 E ueventd : firmware: could not find firmware for qca6390/regdb.bin
01-19 11:28:04.048 1100 1216 W ActivityManager: Slow operation: 1209ms so far, now at startProcess: done updating pids map
01-19 11:28:04.048 1100 1216 W ActivityManager: Slow operation: 1208ms so far, now at startProcess: asking zygote to start proc
01-19 11:28:04.049 1100 1216 D CompatibilityChangeReporter: Compat change id reported: 143937733; UID 10088; state: DISABLED
01-19 11:28:04.049 1100 1100 W Looper : Slow dispatch took 474ms main h=android.app.ActivityThread$H c=android.app.LoadedApk$ReceiverDispatcher$Args$$ExternalSyntheticLambda0@60155bc m=0
01-19 11:28:04.051 1100 1100 D ConditionProviders.SCP: onSubscribe condition://android/schedule?days=1.2.3.4.5.6.7&start=22.0&end=7.0&exitAtAlarm=true
01-19 11:28:04.051 1100 1100 D ConditionProviders.SCP: setRegistered true
01-19 11:28:04.057 2059 2059 D SystemUIBootTiming: StartServicescom.android.systemui.volume.VolumeUI took to complete: 185ms
01-19 11:28:04.064 2409 2409 I service_manager_slow: [12,activity]
01-19 11:28:04.064 1100 2197 I am_proc_bound: [0,2409,com.thundercomm.tcsetupwizard]
01-19 11:28:04.065 1100 1100 D ConditionProviders.SCP: evaluateSubscriptionLocked cal=ScheduleCalendar[mDays={1, 2, 3, 4, 5, 6, 7}, mSchedule=ScheduleInfo{days=[1, 2, 3, 4, 5, 6, 7], startHour=22, startMinute=0, endHour=7, endMinute=0, exitAtAlarm=true, nextAlarm=Thu Jan 01 08:00:00 GMT+08:00 1970 (0)}], now=Thu Jan 19 11:28:04 GMT+08:00 2023 (1674098884051), nextUserAlarmTime=Thu Jan 01 08:00:00 GMT+08:00 1970 (0)
01-19 11:28:04.066 1100 1100 D ConditionProviders.SCP: notifyCondition condition://android/schedule?days=1.2.3.4.5.6.7&start=22.0&end=7.0&exitAtAlarm=true STATE_FALSE reason=!meetsSchedule
01-19 11:28:04.066 1100 2197 D CompatibilityChangeReporter: Compat change id reported: 168419799; UID 1000; state: DISABLED
01-19 11:28:04.070 1100 1100 D ConditionProviders.SCP: Scheduling evaluate for Thu Jan 19 22:00:00 GMT+08:00 2023 (1674136800000), in +10h31m55s949ms, now=Thu Jan 19 11:28:04 GMT+08:00 2023 (1674098884051)
01-19 11:28:04.071 1100 1100 D BluetoothManagerService: Bluetooth Adapter name changed to 高合娱乐副屏 by android
01-19 11:28:04.071 1100 1100 D BluetoothManagerService: Stored Bluetooth name: 高合娱乐副屏
01-19 11:28:04.089 1100 1100 W BluetoothManagerService: bindBluetoothProfileService:Trying to bind to profile: 1, while Bluetooth is disabled
01-19 11:28:04.107 1100 1216 W ActivityManager: Slow operation: 1267ms so far, now at startProcess: returned from zygote!
01-19 11:28:04.120 1100 1216 W ActivityManager: Slow operation: 1280ms so far, now at startProcess: done updating battery stats
01-19 11:28:04.120 1100 1216 I am_proc_start: [0,2449,10088,com.qti.qualcomm.mstatssystemservice,added application,com.qti.qualcomm.mstatssystemservice]
01-19 11:28:04.120 1100 1216 W ActivityManager: Slow operation: 1280ms so far, now at startProcess: building log message
01-19 11:28:04.120 1100 1216 I ActivityManager: Start proc 2449:com.qti.qualcomm.mstatssystemservice/u0a88 for added application com.qti.qualcomm.mstatssystemservice
01-19 11:28:04.120 1100 1216 W ActivityManager: Slow operation: 1280ms so far, now at startProcess: starting to update pids map
01-19 11:28:04.121 1100 1216 W ActivityManager: Slow operation: 1281ms so far, now at startProcess: done updating pids map
01-19 11:28:04.125 1100 1216 W ActivityManager: Slow operation: 1282ms so far, now at startProcess: asking zygote to start proc
01-19 11:28:04.127 1100 2451 I Telecom : BluetoothRouteManager: getBluetoothAudioConnectedDevice: no service available.
01-19 11:28:04.130 1100 1948 W ActivityThread: Failed to find provider info for com.android.calendar (user not unlocked)
01-19 11:28:04.130 1100 1100 I Telecom : SystemStateHelper: Registering broadcast receiver: android.content.IntentFilter@b7d7998: TS.init@AAA
01-19 11:28:04.130 1100 1100 I Telecom : SystemStateHelper: Registering broadcast receiver: android.content.IntentFilter@b3ec057: TS.init@AAA
01-19 11:28:04.134 1100 1948 W ActivityThread: Failed to find provider info for com.android.calendar (user not unlocked)
01-19 11:28:04.135 1100 2197 I am_proc_bound: [0,2388,com.android.networkstack.process]
01-19 11:28:04.136 1100 2197 D CompatibilityChangeReporter: Compat change id reported: 168419799; UID 1073; state: DISABLED
01-19 11:28:04.138 1100 2197 I am_uid_active: 1073
01-01 08:06:20.567 0 0 E ueventd : firmware: attempted /etc/firmware/qca6390/regdb.bin, open failed: No such file or directory
01-01 08:06:20.578 0 0 E ueventd : firmware: attempted /odm/firmware/qca6390/regdb.bin, open failed: No such file or directory
01-19 11:28:04.144 1100 2197 D CompatibilityChangeReporter: Compat change id reported: 168419799; UID 1073; state: DISABLED
01-01 08:06:20.591 0 0 E ueventd : firmware: attempted /vendor/firmware/qca6390/regdb.bin, open failed: No such file or directory
01-19 11:28:04.159 1100 2454 I Telecom : Logging.Events: Non-call EVENT: AUDIO_ROUTE, Entering state QuiescentEarpieceRoute
01-19 11:28:04.160 1100 2454 I Telecom : BluetoothRouteManager: getBluetoothAudioConnectedDevice: no service available.
01-01 08:06:20.604 0 0 E ueventd : firmware: attempted /firmware/image/qca6390/regdb.bin, open failed: No such file or directory
01-01 08:06:20.615 0 0 E ueventd : firmware: attempted /vendor/firmware_mnt/image/qca6390/regdb.bin, open failed: No such file or directory
01-19 11:28:04.180 2059 2059 W CarrierConfigManager: Error getting config for subId -1 ICarrierConfigLoader is null
01-01 08:06:20.629 0 0 I ueventd : loading /devices/platform/soc/b0000000.qcom,cnss-qca6390/firmware/qca6390!regdb.bin took 98ms
01-01 08:06:20.633 0 0 E cnss : Failed to load BDF: qca6390/regdb.bin
01-19 11:28:04.193 1100 2459 I Telecom : CallAudioModeStateMachine: Message received: null.: TS.init->CAMSM.pM_1@AAA
01-19 11:28:04.200 1100 1100 I Telecom : MissedCallNotifierImpl: reloadFromDatabase: Boot not yet complete -- call log db may not be available. Deferring loading until boot complete for user 0: TS.init@AAA
01-19 11:28:04.201 1100 1216 W ActivityManager: Slow operation: 1359ms so far, now at startProcess: returned from zygote!
01-19 11:28:04.201 1100 1216 W ActivityManager: Slow operation: 1359ms so far, now at startProcess: done updating battery stats
01-19 11:28:04.201 1100 1216 I am_proc_start: [0,2469,1068,com.android.se,added application,com.android.se]
01-19 11:28:04.202 1100 2456 D TelephonyRegistry: listen oscl: mHasNotifySubscriptionInfoChangedOccurred==false no callback
01-19 11:28:04.203 1100 1216 W ActivityManager: Slow operation: 1359ms so far, now at startProcess: building log message
01-19 11:28:04.203 1100 1216 I ActivityManager: Start proc 2469:com.android.se/1068 for added application com.android.se
01-19 11:28:04.203 1100 1216 W ActivityManager: Slow operation: 1361ms so far, now at startProcess: starting to update pids map
01-19 11:28:04.205 1100 1216 W ActivityManager: Slow operation: 1362ms so far, now at startProcess: done updating pids map
01-19 11:28:04.205 1100 1216 W ActivityManager: Slow operation: 1362ms so far, now at startProcess: asking zygote to start proc
01-01 08:06:20.644 0 0 D cnss : Sending BDF download message, state: 0x13, type: 1
01-01 08:06:20.644 0 0 D cnss : FW name added with prefix: qca6390/bdwlan.elf
01-01 08:06:20.645 0 0 W cnss2 b0000000.qcom,cnss-qca6390: Falling back to syfs fallback for: qca6390/bdwlan.elf
01-01 08:06:20.660 0 0 I binder : 2425:2425 ioctl 40046210 7fdc700314 returned -22
01-01 08:06:20.666 0 0 I binder : 2449:2449 ioctl 40046210 7fdc700314 returned -22
01-19 11:28:04.216 1100 1100 D TelephonyRegistry: listen oscl: mHasNotifySubscriptionInfoChangedOccurred==false no callback
01-19 11:28:04.216 1100 1100 I Telecom : MissedCallNotifierImpl: reloadFromDatabase: Boot not yet complete -- call log db may not be available. Deferring loading until boot complete for user 0: TS.init@AAA
01-19 11:28:04.217 1100 1100 I Telecom : Class: TelecomSystem.INSTANCE being set
01-19 11:28:04.230 1100 2018 I service_manager_slow: [24,network_stack]
01-19 11:28:04.231 1100 1100 W Looper : Slow dispatch took 160ms main h=android.app.ActivityThread$H c=android.app.LoadedApk$ServiceDispatcher$RunConnection@d2ae50b m=0
01-19 11:28:04.232 1100 1100 D BluetoothManagerService: BluetoothServiceConnection: com.android.bluetooth.btservice.AdapterService
01-19 11:28:04.232 1100 1202 D BluetoothManagerService: MESSAGE_BLUETOOTH_SERVICE_CONNECTED: 1
01-19 11:28:04.232 1100 1100 D AutofillManagerService: Restriction did not change for user 0
01-19 11:28:04.234 1100 1100 I notification_enqueue: [10087,2059,com.android.systemui,1,empty_media,0,Notification(channel=empty_media_style_id shortcut=null contentView=null vibrate=null sound=null defaults=0x0 flags=0x20 color=0x00000000 category=transport actions=4 vis=PRIVATE),0]
01-19 11:28:04.244 1100 1100 I notification_cancel_all: [1000,1100,com.android.systemui,0,0,0,20,NULL]
01-19 11:28:04.249 2425 2425 I service_manager_slow: [21,activity]
01-19 11:28:04.249 1100 2146 I am_proc_bound: [0,2425,vendor.qti.qesdk.sysservice]
01-19 11:28:04.251 1100 1216 W ActivityManager: Slow operation: 1408ms so far, now at startProcess: returned from zygote!
01-19 11:28:04.252 2388 2388 I service_manager_slow: [13,vendor.perfservice]
01-19 11:28:04.252 1100 1202 D BluetoothManagerService: MESSAGE_INFORM_ADAPTER_SERVICE_UP
01-19 11:28:04.252 1100 1202 D BluetoothManagerService: Broadcasting onBluetoothServiceUp() to 3 receivers.
01-19 11:28:04.254 1100 1202 D BluetoothManagerService: MESSAGE_BLUETOOTH_STATE_CHANGE: OFF > BLE_TURNING_ON
01-19 11:28:04.254 1100 1202 D BluetoothManagerService: Sending BLE State Change: OFF > BLE_TURNING_ON
01-19 11:28:04.257 1100 1135 I dvm_lock_sample: [system_server,1,Binder:1100_1,187,AudioService.java,6216,int com.android.server.audio.AudioService.getDevicesForStreamInt(int),-,7232,int com.android.server.audio.AudioService$VolumeStreamState.getIndex(int),37]
01-19 11:28:04.258 1100 2146 D CompatibilityChangeReporter: Compat change id reported: 168419799; UID 1000; state: DISABLED
01-19 11:28:04.258 1100 1100 D TelephonyRegistry: notifyCellLocationForSubscriber: subId=2147483647 cellIdentity=null
01-19 11:28:04.260 1100 1216 W ActivityManager: Slow operation: 1417ms so far, now at startProcess: done updating battery stats
01-19 11:28:04.260 1100 1216 I am_proc_start: [0,2497,1000,com.thundercomm.remotecontrolservice,added application,com.thundercomm.remotecontrolservice]
01-19 11:28:04.260 1100 1216 W ActivityManager: Slow operation: 1417ms so far, now at startProcess: building log message
01-19 11:28:04.261 1100 1216 I ActivityManager: Start proc 2497:com.thundercomm.remotecontrolservice/1000 for added application com.thundercomm.remotecontrolservice
01-19 11:28:04.261 1100 1216 W ActivityManager: Slow operation: 1417ms so far, now at startProcess: starting to update pids map
01-19 11:28:04.261 1100 1216 W ActivityManager: Slow operation: 1418ms so far, now at startProcess: done updating pids map
01-19 11:28:04.262 1100 1216 W ActivityManager: Slow operation: 1417ms so far, now at startProcess: asking zygote to start proc
01-19 11:28:04.263 1100 1100 I Telecom : WiredHeadsetManager: ACTION_HEADSET_PLUG event, plugged in: false, : WHC.oADA@AAE
01-19 11:28:04.264 1100 1918 I am_proc_bound: [0,2449,com.qti.qualcomm.mstatssystemservice]
01-01 08:06:20.704 0 0 I ueventd : firmware: loading 'qca6390/bdwlan.elf' for '/devices/platform/soc/b0000000.qcom,cnss-qca6390/firmware/qca6390!bdwlan.elf'
01-01 08:06:20.714 0 0 I ueventd : loading /devices/platform/soc/b0000000.qcom,cnss-qca6390/firmware/qca6390!bdwlan.elf took 10ms
01-01 08:06:20.717 0 0 D cnss : Downloading BDF: qca6390/bdwlan.elf, size: 57908
01-19 11:28:04.266 1100 1918 D CompatibilityChangeReporter: Compat change id reported: 168419799; UID 10088; state: DISABLED
01-19 11:28:04.268 1100 1918 I am_uid_active: 10088
01-19 11:28:04.289 2059 2373 I sysui_multi_action: [757,213,758,4,759,-1]
01-19 11:28:04.294 1100 1100 I sysui_multi_action: [757,1501,758,1,793,576,794,0,795,576,796,1,797,empty_media,806,com.android.systemui,857,empty_media_style_id,858,4,947,0,1500,0,1641,transport,1745,1043716538]
01-19 11:28:04.295 1100 1100 I sysui_multi_action: [757,804,799,note_interruptive,801,0,802,1]
01-19 11:28:04.295 1100 1100 I GameModeConfig: isGameModeOn = false
01-19 11:28:04.305 1100 1135 D CompatibilityChangeReporter: Compat change id reported: 168419799; UID 1002; state: DISABLED
01-01 08:06:20.753 0 0 I binder : 2469:2469 ioctl 40046210 7fdc700314 returned -22
01-01 08:06:20.796 0 0 I binder : 2497:2497 ioctl 40046210 7fdc700314 returned -22
01-19 11:28:04.306 1100 1216 W ActivityManager: Slow operation: 1462ms so far, now at startProcess: returned from zygote!
01-19 11:28:04.306 1100 1216 W ActivityManager: Slow operation: 1462ms so far, now at startProcess: done updating battery stats
01-19 11:28:04.307 1100 1216 I am_proc_start: [0,2512,1000,com.thundercomm.tcservice,added application,com.thundercomm.tcservice]
01-19 11:28:04.307 1100 1216 W ActivityManager: Slow operation: 1462ms so far, now at startProcess: building log message
01-19 11:28:04.307 1100 1216 I ActivityManager: Start proc 2512:com.thundercomm.tcservice/1000 for added application com.thundercomm.tcservice
01-19 11:28:04.307 1100 1216 W ActivityManager: Slow operation: 1463ms so far, now at startProcess: starting to update pids map
01-19 11:28:04.309 1100 1216 W ActivityManager: Slow operation: 1465ms so far, now at startProcess: done updating pids map
01-19 11:28:04.309 1100 1216 W ActivityManager: Slow operation: 1464ms so far, now at startProcess: asking zygote to start proc
01-19 11:28:04.309 1100 1216 D CompatibilityChangeReporter: Compat change id reported: 143937733; UID 10072; state: ENABLED
01-19 11:28:04.310 1100 1100 W NotificationHistory: Attempted to add notif for locked/gone/disabled user 0
01-19 11:28:04.311 1100 1100 D CompanionDeviceManagerService: Received BT state transition broadcast: OFF -> BLE_TURNING_ON
01-19 11:28:04.332 1100 1100 W Looper : Drained
01-19 11:28:04.342 2469 2469 I service_manager_slow: [10,activity]
01-19 11:28:04.343 1100 2146 I am_proc_bound: [0,2469,com.android.se]
01-19 11:28:04.344 1100 2146 D CompatibilityChangeReporter: Compat change id reported: 168419799; UID 1068; state: DISABLED
01-19 11:28:04.345 1100 2146 I am_uid_active: 1068
01-19 11:28:04.368 1100 1135 I StatusBarManagerService: registerStatusBar bar=com.android.internal.statusbar.IStatusBar$Stub$Proxy@975c6bb
01-19 11:28:04.370 1100 1214 I am_wtf : [0,1100,system_server,-1,Binder,Outgoing transactions from this process must be FLAG_ONEWAY]
01-19 11:28:04.372 1100 1214 I DropBoxManagerService: add tag=system_server_wtf isTagEnabled=true flags=0x2
01-19 11:28:04.389 1100 1947 I GameModeConfig: isGameModeOn = false
01-01 08:06:20.814 0 0 D cnss : Sending M3 information message, state: 0x13
01-01 08:06:20.814 0 0 D cnss : M3 memory, va: 0xffffff80223f5000, pa: 0x00000000a1800000, size: 0x411bc
01-01 08:06:20.827 0 0 D cnss : PM relax, state: 0x13, count: 0
01-01 08:06:20.828 0 0 D cnss : Received QMI WLFW FW initialization done indication
01-01 08:06:20.828 0 0 D cnss : Posting event: FW_READY(4), state: 0x13 flags: 0x0
01-01 08:06:20.828 0 0 D cnss : PM stay awake, state: 0x13, count: 1
01-01 08:06:20.828 0 0 D cnss : Processing driver event: FW_READY(4), state: 0x13
01-01 08:06:20.828 0 0 D cnss : PCIE Gen speed not setup
01-01 08:06:20.830 0 0 E bt_ioctl: BT_CMD_PWR_CTRL pwr_cntrl:0
01-01 08:06:20.838 0 0 E bt_ioctl: BT state already:0 no change done
01-01 08:06:20.839 0 0 I binder : 2512:2512 ioctl 40046210 7fdc700314 returned -22
01-01 08:06:20.845 0 0 E bt_ioctl: BT_CMD_PWR_CTRL pwr_cntrl:1
01-01 08:06:20.852 0 0 I bt_power vendor: bt_qca6390: Linked as a consumer to regulator.9
01-01 08:06:20.853 0 0 E bt_vreg_enable: vreg_en successful for : qca,bt-vdd-aon
01-19 11:28:04.391 1100 1100 I ConnectivityModuleConnector: Networking module service connected
01-19 11:28:04.392 1100 1947 I GameModeConfig: isGameModeOn = false
01-19 11:28:04.394 1100 1135 I am_proc_bound: [0,2497,com.thundercomm.remotecontrolservice]
01-19 11:28:04.396 1100 1135 D CompatibilityChangeReporter: Compat change id reported: 168419799; UID 1000; state: DISABLED
01-01 08:06:20.859 0 0 I bt_power vendor: bt_qca6390: Linked as a consumer to regulator.51
01-19 11:28:04.408 1100 1216 W ActivityManager: Slow operation: 1563ms so far, now at startProcess: returned from zygote!
01-19 11:28:04.408 1100 1216 W ActivityManager: Slow operation: 1563ms so far, now at startProcess: done updating battery stats
01-19 11:28:04.409 1100 1216 I am_proc_start: [0,2564,10072,com.qualcomm.qti.devicestatisticsservice,added application,com.qualcomm.qti.devicestatisticsservice]
01-19 11:28:04.409 1100 1216 W ActivityManager: Slow operation: 1563ms so far, now at startProcess: building log message
01-19 11:28:04.409 1100 1216 I ActivityManager: Start proc 2564:com.qualcomm.qti.devicestatisticsservice/u0a72 for added application com.qualcomm.qti.devicestatisticsservice
01-19 11:28:04.409 1100 1216 W ActivityManager: Slow operation: 1564ms so far, now at startProcess: starting to update pids map
01-19 11:28:04.409 1100 1216 W ActivityManager: Slow operation: 1564ms so far, now at startProcess: done updating pids map
01-19 11:28:04.409 1100 1216 W ActivityManager: Slow operation: 1563ms so far, now at startProcess: asking zygote to start proc
01-19 11:28:04.416 1100 1135 I am_proc_bound: [0,2512,com.thundercomm.tcservice]
01-19 11:28:04.419 1100 1135 D CompatibilityChangeReporter: Compat change id reported: 168419799; UID 1000; state: DISABLED
01-19 11:28:04.452 1100 1216 W ActivityManager: Slow operation: 1606ms so far, now at startProcess: returned from zygote!
01-01 08:06:20.859 0 0 E bt_vreg_enable: vreg_en successful for : qca,bt-vdd-dig
01-19 11:28:04.453 1100 1216 W ActivityManager: Slow operation: 1607ms so far, now at startProcess: done updating battery stats
01-01 08:06:20.866 0 0 I bt_power vendor: bt_qca6390: Linked as a consumer to regulator.8
01-01 08:06:20.866 0 0 E bt_vreg_enable: vreg_en successful for : qca,bt-vdd-rfa1
01-19 11:28:04.453 1100 1216 I am_proc_start: [0,2572,1000,com.qualcomm.qti.qdma,added application,com.qualcomm.qti.qdma]
01-01 08:06:20.873 0 0 I bt_power vendor: bt_qca6390: Linked as a consumer to regulator.36
01-01 08:06:20.873 0 0 E bt_vreg_enable: vreg_en successful for : qca,bt-vdd-rfa2
01-01 08:06:20.880 0 0 I bt_power vendor: bt_qca6390: Linked as a consumer to regulator.27
01-01 08:06:20.884 0 0 E bt_vreg_enable: vreg_en successful for : qca,bt-vdd-asd
01-19 11:28:04.453 1100 1216 W ActivityManager: Slow operation: 1607ms so far, now at startProcess: building log message
01-19 11:28:04.453 1100 1216 I ActivityManager: Start proc 2572:com.qualcomm.qti.qdma/1000 for added application com.qualcomm.qti.qdma
01-19 11:28:04.453 1100 1216 W ActivityManager: Slow operation: 1607ms so far, now at startProcess: starting to update pids map
01-19 11:28:04.453 1100 1216 W ActivityManager: Slow operation: 1607ms so far, now at startProcess: done updating pids map
01-19 11:28:04.453 1100 1216 W ActivityManager: Slow operation: 1455ms so far, now at startProcess: asking zygote to start proc
01-19 11:28:04.475 1100 1202 I DropBoxManagerService: add tag=system_app_strictmode isTagEnabled=true flags=0x2
01-19 11:28:04.476 1100 1947 I GameModeConfig: isGameModeOn = false
01-19 11:28:04.480 1100 1202 I DropBoxManagerService: add tag=system_app_strictmode isTagEnabled=true flags=0x2
01-01 08:06:20.946 0 0 I bt_configure_gpios: BTON:Turn Bt Off bt-reset-gpio(1121) value(0)
01-01 08:06:20.946 0 0 I bt_configure_gpios: BTON:Turn Bt Off
01-01 08:06:20.946 0 0 I bt_configure_gpios: bt-sw-ctrl-gpio(1224) value(1)
01-01 08:06:20.946 0 0 I bt_enable_bt_reset_gpios_safely: bt_enable_bt_reset_gpios_safely: BTON:Turn Bt On
01-01 08:06:20.946 0 0 I bt_enable_bt_reset_gpios_safely: bt_enable_bt_reset_gpios_safely: wl-reset-gpio(1120) value(1)
01-01 08:06:20.946 0 0 I bt_enable_bt_reset_gpios_safely: bt_enable_bt_reset_gpios_safely: BTON: Asserting BT_EN
01-01 08:06:20.947 0 0 I binder : 2469:2469 ioctl 40046210 7fdc6ff2c4 returned -22
01-01 08:06:20.959 0 0 I binder : 2572:2572 ioctl 40046210 7fdc700314 returned -22
01-19 11:28:04.491 1100 1216 W ActivityManager: Slow operation: 1493ms so far, now at startProcess: returned from zygote!
01-19 11:28:04.491 1100 1216 W ActivityManager: Slow operation: 1493ms so far, now at startProcess: done updating battery stats
01-19 11:28:04.491 1100 1216 I am_proc_start: [0,2575,1000,com.android.settings,top-activity,{com.android.settings/com.android.settings.FallbackHome}]
01-19 11:28:04.491 1100 1216 W ActivityManager: Slow operation: 1493ms so far, now at startProcess: building log message
01-19 11:28:04.491 1100 1216 I ActivityManager: Start proc 2575:com.android.settings/1000 for top-activity {com.android.settings/com.android.settings.FallbackHome}
01-19 11:28:04.491 1100 1216 W ActivityManager: Slow operation: 1493ms so far, now at startProcess: starting to update pids map
01-19 11:28:04.492 1100 1202 I DropBoxManagerService: add tag=system_app_strictmode isTagEnabled=true flags=0x2
01-19 11:28:04.492 1100 1216 W ActivityManager: Slow operation: 1494ms so far, now at startProcess: done updating pids map
