01-19 11:28:01.755 1100 1100 D SystemServerTiming: OnBootPhase_520_com.android.server.scheduling.RebootReadinessManagerService$Lifecycle took to complete: 0ms
01-19 11:28:01.755 1100 1100 I SystemServerTiming: OnBootPhase_520_com.android.server.stats.pull.StatsPullAtomService
01-19 11:28:01.755 1100 1100 D SystemServerTiming: OnBootPhase_520_com.android.server.stats.pull.StatsPullAtomService took to complete: 0ms
01-19 11:28:01.755 1100 1100 I SystemServerTiming: OnBootPhase_520_com.android.server.incident.IncidentCompanionService
01-19 11:28:01.755 1100 1100 D SystemServerTiming: OnBootPhase_520_com.android.server.incident.IncidentCompanionService took to complete: 0ms
01-19 11:28:01.755 1100 1100 I SystemServerTiming: OnBootPhase_520_com.android.server.MmsServiceBroker
01-19 11:28:01.755 1100 1100 D SystemServerTiming: OnBootPhase_520_com.android.server.MmsServiceBroker took to complete: 0ms
01-19 11:28:01.755 1100 1100 I SystemServerTiming: OnBootPhase_520_com.android.server.autofill.AutofillManagerService
01-19 11:28:01.755 1100 1100 D SystemServerTiming: OnBootPhase_520_com.android.server.autofill.AutofillManagerService took to complete: 0ms
01-19 11:28:01.755 1100 1100 I SystemServerTiming: OnBootPhase_520_com.android.server.clipboard.ClipboardService
01-19 11:28:01.756 1100 1100 D SystemServerTiming: OnBootPhase_520_com.android.server.clipboard.ClipboardService took to complete: 0ms
01-19 11:28:01.756 1100 1100 I SystemServerTiming: OnBootPhase_520_com.android.server.appbinding.AppBindingService$Lifecycle
01-19 11:28:01.756 1100 1100 D SystemServerTiming: OnBootPhase_520_com.android.server.appbinding.AppBindingService$Lifecycle took to complete: 0ms
01-19 11:28:01.756 1100 1100 I SystemServerTiming: OnBootPhase_520_com.android.server.tracing.TracingServiceProxy
01-19 11:28:01.756 1100 1100 D SystemServerTiming: OnBootPhase_520_com.android.server.tracing.TracingServiceProxy took to complete: 0ms
01-19 11:28:01.756 1100 1100 I SystemServerTiming: OnBootPhase_520_com.android.server.policy.PermissionPolicyService
01-19 11:28:01.756 1100 1100 D SystemServerTiming: OnBootPhase_520_com.android.server.policy.PermissionPolicyService took to complete: 0ms
01-19 11:28:01.756 1100 1100 I SystemServerTiming: OnBootPhase_520_com.android.server.pm.StagingManager$Lifecycle
01-19 11:28:01.756 1100 1100 D SystemServerTiming: OnBootPhase_520_com.android.server.pm.StagingManager$Lifecycle took to complete: 0ms
01-19 11:28:01.756 1100 1100 I SystemServerTiming: OnBootPhase_520_com.android.server.app.GameManagerService$Lifecycle
01-19 11:28:01.756 1100 1100 D SystemServerTiming: OnBootPhase_520_com.android.server.app.GameManagerService$Lifecycle took to complete: 0ms
01-19 11:28:01.756 1100 1100 D SystemServerTiming: OnBootPhase_520 took to complete: 17ms
01-19 11:28:01.756 1100 1100 D SystemServerTiming: StartBootPhaseDeviceSpecificServicesReady took to complete: 17ms
01-19 11:28:01.756 1100 1100 I SystemServerTiming: AppSearchManagerService
01-01 08:06:18.187 0 0 E : INFO: trying to register non-static key.
01-01 08:06:18.192 0 0 E : the code is fine but needs lockdep annotation.
01-01 08:06:18.198 0 0 I : CPU: 4 PID: 340 Comm: kworker/u16:15 Tainted: G S W O 4.19.157+ #1
01-01 08:06:18.198 0 0 I Hardware name: Qualcomm Technologies, Inc. kona MTP-RmPM8150b. VC1(FSE) EVT3 (DT)
01-01 08:06:18.198 0 0 I Workqueue: events_unbound ion_system_secure_heap_prefetch_work
01-01 08:06:18.198 0 0 I Call trace:
01-01 08:06:18.198 0 0 I : dump_backtrace+0x0/0x258
01-01 08:06:18.198 0 0 I : show_stack+0x20/0x30
01-01 08:06:18.198 0 0 I : dump_stack+0xd8/0x12c
01-01 08:06:18.198 0 0 I : register_lock_class+0x4d0/0x5c8
01-01 08:06:18.198 0 0 I : __lock_acquire+0xbc/0x1e58
01-01 08:06:18.198 0 0 I : lock_acquire+0x1cc/0x218
01-01 08:06:18.198 0 0 I : _raw_spin_lock_irqsave+0x54/0x98
01-01 08:06:18.198 0 0 I : ion_system_secure_heap_prefetch_work+0x94/0x2c0
01-01 08:06:18.198 0 0 I : process_one_work+0x38c/0x660
01-01 08:06:18.198 0 0 I : worker_thread+0x268/0x4b8
01-01 08:06:18.198 0 0 I : kthread+0x140/0x150
01-01 08:06:18.198 0 0 I : ret_from_fork+0x10/0x1c
01-19 11:28:01.767 1100 1100 I SystemServiceManager: Starting com.android.server.appsearch.AppSearchManagerService
01-19 11:28:01.771 1100 1100 D SystemServerTiming: AppSearchManagerService took to complete: 15ms
01-19 11:28:01.772 1100 1100 I SystemServerTiming: StartMediaCommunicationService
01-19 11:28:01.772 1100 1100 I SystemServiceManager: Starting com.android.server.media.MediaCommunicationService
01-19 11:28:01.774 1100 1100 D SystemServerTiming: StartMediaCommunicationService took to complete: 3ms
01-19 11:28:01.775 1100 1100 I SystemServerTiming: PhaseActivityManagerReady
01-19 11:28:01.775 1100 1100 I SystemServerTiming: controllersReady
01-01 08:06:18.200 0 0 E : INFO: trying to register non-static key.
01-01 08:06:18.205 0 0 E : the code is fine but needs lockdep annotation.
01-01 08:06:18.211 0 0 I : CPU: 4 PID: 340 Comm: kworker/u16:15 Tainted: G S W O 4.19.157+ #1
01-01 08:06:18.211 0 0 I Hardware name: Qualcomm Technologies, Inc. kona MTP-RmPM8150b. VC1(FSE) EVT3 (DT)
01-01 08:06:18.211 0 0 I Workqueue: events_unbound ion_system_secure_heap_prefetch_work
01-01 08:06:18.211 0 0 I Call trace:
01-01 08:06:18.211 0 0 I : dump_backtrace+0x0/0x258
01-01 08:06:18.211 0 0 I : show_stack+0x20/0x30
01-01 08:06:18.211 0 0 I : dump_stack+0xd8/0x12c
01-01 08:06:18.211 0 0 I : register_lock_class+0x4d0/0x5c8
01-01 08:06:18.211 0 0 I : __lock_acquire+0xbc/0x1e58
01-01 08:06:18.211 0 0 I : lock_acquire+0x1cc/0x218
01-01 08:06:18.211 0 0 I : _raw_spin_lock_irqsave+0x54/0x98
01-01 08:06:18.211 0 0 I : ion_system_secure_heap_prefetch_work+0x94/0x2c0
01-01 08:06:18.211 0 0 I : process_one_work+0x38c/0x660
01-01 08:06:18.211 0 0 I : worker_thread+0x268/0x4b8
01-01 08:06:18.211 0 0 I : kthread+0x140/0x150
01-01 08:06:18.211 0 0 I : ret_from_fork+0x10/0x1c
01-19 11:28:01.780 1100 1766 I SystemServerTimingAsync: InitThreadPoolExec:Update app-ops uidState in case package com.android.providers.media.module changed
01-19 11:28:01.780 1100 1766 D SystemServerInitThreadPool: Started executing Update app-ops uidState in case package com.android.providers.media.module changed
01-19 11:28:01.780 1100 1869 I SystemServerTimingAsync: InitThreadPoolExec:Update app-ops uidState in case package com.android.music changed
01-19 11:28:01.780 1100 1869 D SystemServerInitThreadPool: Started executing Update app-ops uidState in case package com.android.music changed
01-19 11:28:01.781 1100 1876 I SystemServerTimingAsync: InitThreadPoolExec:Update app-ops uidState in case package com.hht.lebocast changed
01-19 11:28:01.781 1100 1876 D SystemServerInitThreadPool: Started executing Update app-ops uidState in case package com.hht.lebocast changed
01-19 11:28:01.781 1100 1825 I SystemServerTimingAsync: InitThreadPoolExec:Update app-ops uidState in case package com.qualcomm.qti.workloadclassifier changed
01-19 11:28:01.781 1100 1825 D SystemServerInitThreadPool: Started executing Update app-ops uidState in case package com.qualcomm.qti.workloadclassifier changed
01-19 11:28:01.781 1100 1766 D SystemServerInitThreadPool: Finished executing Update app-ops uidState in case package com.android.providers.media.module changed
01-19 11:28:01.781 1100 1869 D SystemServerInitThreadPool: Finished executing Update app-ops uidState in case package com.android.music changed
01-19 11:28:01.781 1100 1869 D SystemServerTimingAsync: InitThreadPoolExec:Update app-ops uidState in case package com.android.music changed took to complete: 1ms
01-19 11:28:01.782 1100 1869 I SystemServerTimingAsync: InitThreadPoolExec:Update app-ops uidState in case package com.qualcomm.qtil.aptxui changed
01-19 11:28:01.782 1100 1869 D SystemServerInitThreadPool: Started executing Update app-ops uidState in case package com.qualcomm.qtil.aptxui changed
01-19 11:28:01.782 1100 1869 D SystemServerInitThreadPool: Finished executing Update app-ops uidState in case package com.qualcomm.qtil.aptxui changed
01-19 11:28:01.782 1100 1869 D SystemServerTimingAsync: InitThreadPoolExec:Update app-ops uidState in case package com.qualcomm.qtil.aptxui changed took to complete: 1ms
01-19 11:28:01.782 1100 1869 I SystemServerTimingAsync: InitThreadPoolExec:Update app-ops uidState in case package com.android.systemui changed
01-19 11:28:01.782 1100 1869 D SystemServerInitThreadPool: Started executing Update app-ops uidState in case package com.android.systemui changed
01-19 11:28:01.782 1100 1869 D SystemServerInitThreadPool: Finished executing Update app-ops uidState in case package com.android.systemui changed
01-19 11:28:01.782 1100 1869 D SystemServerTimingAsync: InitThreadPoolExec:Update app-ops uidState in case package com.android.systemui changed took to complete: 0ms
01-19 11:28:01.782 1100 1869 I SystemServerTimingAsync: InitThreadPoolExec:Update app-ops uidState in case package com.android.launcher3 changed
01-19 11:28:01.782 1100 1869 D SystemServerInitThreadPool: Started executing Update app-ops uidState in case package com.android.launcher3 changed
01-19 11:28:01.782 1100 1869 D SystemServerInitThreadPool: Finished executing Update app-ops uidState in case package com.android.launcher3 changed
01-19 11:28:01.782 1100 1766 D SystemServerTimingAsync: InitThreadPoolExec:Update app-ops uidState in case package com.android.providers.media.module changed took to complete: 1ms
01-19 11:28:01.782 1100 1766 I SystemServerTimingAsync: InitThreadPoolExec:Update app-ops uidState in case package com.qti.ltebc changed
01-19 11:28:01.782 1100 1869 D SystemServerTimingAsync: InitThreadPoolExec:Update app-ops uidState in case package com.android.launcher3 changed took to complete: 0ms
01-19 11:28:01.783 1100 1869 I SystemServerTimingAsync: InitThreadPoolExec:Update app-ops uidState in case package com.qualcomm.location changed
01-19 11:28:01.783 1100 1869 D SystemServerInitThreadPool: Started executing Update app-ops uidState in case package com.qualcomm.location changed
01-19 11:28:01.783 1100 1869 D SystemServerInitThreadPool: Finished executing Update app-ops uidState in case package com.qualcomm.location changed
01-19 11:28:01.783 1100 1869 D SystemServerTimingAsync: InitThreadPoolExec:Update app-ops uidState in case package com.qualcomm.location changed took to complete: 0ms
01-19 11:28:01.783 1100 1869 I SystemServerTimingAsync: InitThreadPoolExec:Update app-ops uidState in case package com.android.inputmethod.latin changed
01-19 11:28:01.783 1100 1869 D SystemServerInitThreadPool: Started executing Update app-ops uidState in case package com.android.inputmethod.latin changed
01-19 11:28:01.783 1100 1869 D SystemServerInitThreadPool: Finished executing Update app-ops uidState in case package com.android.inputmethod.latin changed
01-19 11:28:01.783 1100 1869 D SystemServerTimingAsync: InitThreadPoolExec:Update app-ops uidState in case package com.android.inputmethod.latin changed took to complete: 0ms
01-19 11:28:01.783 1100 1869 I SystemServerTimingAsync: InitThreadPoolExec:Update app-ops uidState in case package com.android.deskclock changed
01-01 08:06:18.213 0 0 E : INFO: trying to register non-static key.
01-01 08:06:18.219 0 0 E : the code is fine but needs lockdep annotation.
01-01 08:06:18.224 0 0 I : CPU: 7 PID: 340 Comm: kworker/u16:15 Tainted: G S W O 4.19.157+ #1
01-01 08:06:18.224 0 0 I Hardware name: Qualcomm Technologies, Inc. kona MTP-RmPM8150b. VC1(FSE) EVT3 (DT)
01-01 08:06:18.224 0 0 I Workqueue: events_unbound ion_system_secure_heap_prefetch_work
01-01 08:06:18.224 0 0 I Call trace:
01-01 08:06:18.224 0 0 I : dump_backtrace+0x0/0x258
01-01 08:06:18.224 0 0 I : show_stack+0x20/0x30
01-01 08:06:18.224 0 0 I : dump_stack+0xd8/0x12c
01-01 08:06:18.224 0 0 I : register_lock_class+0x4d0/0x5c8
01-01 08:06:18.224 0 0 I : __lock_acquire+0xbc/0x1e58
01-01 08:06:18.224 0 0 I : lock_acquire+0x1cc/0x218
01-01 08:06:18.224 0 0 I : _raw_spin_lock_irqsave+0x54/0x98
01-01 08:06:18.224 0 0 I : ion_system_secure_heap_prefetch_work+0x94/0x2c0
01-01 08:06:18.224 0 0 I : process_one_work+0x38c/0x660
01-01 08:06:18.224 0 0 I : worker_thread+0x268/0x4b8
01-01 08:06:18.224 0 0 I : kthread+0x140/0x150
01-01 08:06:18.224 0 0 I : ret_from_fork+0x10/0x1c
01-19 11:28:01.783 1100 1766 D SystemServerInitThreadPool: Started executing Update app-ops uidState in case package com.qti.ltebc changed
01-19 11:28:01.783 1100 1766 D SystemServerInitThreadPool: Finished executing Update app-ops uidState in case package com.qti.ltebc changed
01-19 11:28:01.783 1100 1766 D SystemServerTimingAsync: InitThreadPoolExec:Update app-ops uidState in case package com.qti.ltebc changed took to complete: 1ms
01-19 11:28:01.784 1100 1766 I SystemServerTimingAsync: InitThreadPoolExec:Update app-ops uidState in case package com.android.documentsui changed
01-19 11:28:01.784 1100 1766 D SystemServerInitThreadPool: Started executing Update app-ops uidState in case package com.android.documentsui changed
01-19 11:28:01.784 1100 1876 D SystemServerInitThreadPool: Finished executing Update app-ops uidState in case package com.hht.lebocast changed
01-19 11:28:01.784 1100 1100 D SystemServerTiming: controllersReady took to complete: 9ms
01-19 11:28:01.784 1100 1825 D SystemServerInitThreadPool: Finished executing Update app-ops uidState in case package com.qualcomm.qti.workloadclassifier changed
01-19 11:28:01.784 1100 1825 D SystemServerTimingAsync: InitThreadPoolExec:Update app-ops uidState in case package com.qualcomm.qti.workloadclassifier changed took to complete: 3ms
01-19 11:28:01.784 1100 1825 I SystemServerTimingAsync: InitThreadPoolExec:Update app-ops uidState in case package com.microsoft.emmx changed
01-19 11:28:01.784 1100 1825 D SystemServerInitThreadPool: Started executing Update app-ops uidState in case package com.microsoft.emmx changed
01-19 11:28:01.784 1100 1825 D SystemServerInitThreadPool: Finished executing Update app-ops uidState in case package com.microsoft.emmx changed
01-19 11:28:01.784 1100 1825 D SystemServerTimingAsync: InitThreadPoolExec:Update app-ops uidState in case package com.microsoft.emmx changed took to complete: 0ms
01-19 11:28:01.784 1100 1825 I SystemServerTimingAsync: InitThreadPoolExec:Update app-ops uidState in case package com.baidu.input changed
01-19 11:28:01.784 1100 1825 D SystemServerInitThreadPool: Started executing Update app-ops uidState in case package com.baidu.input changed
01-19 11:28:01.784 1100 1825 D SystemServerInitThreadPool: Finished executing Update app-ops uidState in case package com.baidu.input changed
01-19 11:28:01.784 1100 1825 D SystemServerTimingAsync: InitThreadPoolExec:Update app-ops uidState in case package com.baidu.input changed took to complete: 0ms
01-19 11:28:01.785 1100 1825 I SystemServerTimingAsync: InitThreadPoolExec:Update app-ops uidState in case package com.android.externalstorage changed
01-19 11:28:01.785 1100 1825 D SystemServerInitThreadPool: Started executing Update app-ops uidState in case package com.android.externalstorage changed
01-19 11:28:01.785 1100 1869 D SystemServerInitThreadPool: Started executing Update app-ops uidState in case package com.android.deskclock changed
01-19 11:28:01.785 1100 1869 D SystemServerInitThreadPool: Finished executing Update app-ops uidState in case package com.android.deskclock changed
01-19 11:28:01.785 1100 1869 D SystemServerTimingAsync: InitThreadPoolExec:Update app-ops uidState in case package com.android.deskclock changed took to complete: 2ms
01-19 11:28:01.785 1100 1869 I SystemServerTimingAsync: InitThreadPoolExec:Update app-ops uidState in case package com.android.providers.calendar changed
01-19 11:28:01.785 1100 1869 D SystemServerInitThreadPool: Started executing Update app-ops uidState in case package com.android.providers.calendar changed
01-19 11:28:01.785 1100 1869 D SystemServerInitThreadPool: Finished executing Update app-ops uidState in case package com.android.providers.calendar changed
01-19 11:28:01.785 1100 1869 D SystemServerTimingAsync: InitThreadPoolExec:Update app-ops uidState in case package com.android.providers.calendar changed took to complete: 0ms
01-19 11:28:01.785 1100 1869 I SystemServerTimingAsync: InitThreadPoolExec:Update app-ops uidState in case package com.android.providers.downloads changed
01-19 11:28:01.785 1100 1869 D SystemServerInitThreadPool: Started executing Update app-ops uidState in case package com.android.providers.downloads changed
01-19 11:28:01.785 1100 1869 D SystemServerInitThreadPool: Finished executing Update app-ops uidState in case package com.android.providers.downloads changed
01-19 11:28:01.785 1100 1869 D SystemServerTimingAsync: InitThreadPoolExec:Update app-ops uidState in case package com.android.providers.downloads changed took to complete: 0ms
01-19 11:28:01.785 1100 1869 I SystemServerTimingAsync: InitThreadPoolExec:Update app-ops uidState in case package com.android.providers.downloads.ui changed
01-19 11:28:01.785 1100 1869 D SystemServerInitThreadPool: Started executing Update app-ops uidState in case package com.android.providers.downloads.ui changed
01-19 11:28:01.785 1100 1825 D SystemServerInitThreadPool: Finished executing Update app-ops uidState in case package com.android.externalstorage changed
01-19 11:28:01.786 1100 1825 D SystemServerTimingAsync: InitThreadPoolExec:Update app-ops uidState in case package com.android.externalstorage changed took to complete: 1ms
01-19 11:28:01.786 1100 1825 I SystemServerTimingAsync: InitThreadPoolExec:Update app-ops uidState in case package com.android.providers.userdictionary changed
01-19 11:28:01.786 1100 1825 D SystemServerInitThreadPool: Started executing Update app-ops uidState in case package com.android.providers.userdictionary changed
01-19 11:28:01.786 1100 1876 D SystemServerTimingAsync: InitThreadPoolExec:Update app-ops uidState in case package com.hht.lebocast changed took to complete: 4ms
01-19 11:28:01.786 1100 1825 D SystemServerInitThreadPool: Finished executing Update app-ops uidState in case package com.android.providers.userdictionary changed
01-19 11:28:01.786 1100 1766 D SystemServerInitThreadPool: Finished executing Update app-ops uidState in case package com.android.documentsui changed
01-19 11:28:01.786 1100 1766 D SystemServerTimingAsync: InitThreadPoolExec:Update app-ops uidState in case package com.android.documentsui changed took to complete: 3ms
01-19 11:28:01.786 1100 1766 I SystemServerTimingAsync: InitThreadPoolExec:Update app-ops uidState in case package com.android.bluetooth changed
01-19 11:28:01.786 1100 1766 D SystemServerInitThreadPool: Started executing Update app-ops uidState in case package com.android.bluetooth changed
01-19 11:28:01.787 1100 1766 D SystemServerInitThreadPool: Finished executing Update app-ops uidState in case package com.android.bluetooth changed
01-19 11:28:01.787 1100 1766 D SystemServerTimingAsync: InitThreadPoolExec:Update app-ops uidState in case package com.android.bluetooth changed took to complete: 0ms
01-19 11:28:01.787 1100 1766 I SystemServerTimingAsync: InitThreadPoolExec:Update app-ops uidState in case package android changed
01-19 11:28:01.787 1100 1766 D SystemServerInitThreadPool: Started executing Update app-ops uidState in case package android changed
01-19 11:28:01.787 1100 1766 D SystemServerInitThreadPool: Finished executing Update app-ops uidState in case package android changed
01-19 11:28:01.787 1100 1766 D SystemServerTimingAsync: InitThreadPoolExec:Update app-ops uidState in case package android changed took to complete: 0ms
01-19 11:28:01.787 1100 1766 I SystemServerTimingAsync: InitThreadPoolExec:Update app-ops uidState in case package com.thundercomm.tcsetupwizard changed
01-19 11:28:01.787 1100 1766 D SystemServerInitThreadPool: Started executing Update app-ops uidState in case package com.thundercomm.tcsetupwizard changed
01-19 11:28:01.787 1100 1825 D SystemServerTimingAsync: InitThreadPoolExec:Update app-ops uidState in case package com.android.providers.userdictionary changed took to complete: 0ms
01-19 11:28:01.787 1100 1825 I SystemServerTimingAsync: InitThreadPoolExec:Update app-ops uidState in case package com.android.server.telecom changed
01-19 11:28:01.788 1100 1825 D SystemServerInitThreadPool: Started executing Update app-ops uidState in case package com.android.server.telecom changed
01-19 11:28:01.788 1100 1869 D SystemServerInitThreadPool: Finished executing Update app-ops uidState in case package com.android.providers.downloads.ui changed
01-19 11:28:01.788 1100 1876 I SystemServerTimingAsync: InitThreadPoolExec:Update app-ops uidState in case package com.android.providers.contacts changed
01-19 11:28:01.788 1100 1876 D SystemServerInitThreadPool: Started executing Update app-ops uidState in case package com.android.providers.contacts changed
01-19 11:28:01.788 1100 1876 D SystemServerInitThreadPool: Finished executing Update app-ops uidState in case package com.android.providers.contacts changed
01-19 11:28:01.788 1100 1876 D SystemServerTimingAsync: InitThreadPoolExec:Update app-ops uidState in case package com.android.providers.contacts changed took to complete: 0ms
01-19 11:28:01.788 1100 1876 I SystemServerTimingAsync: InitThreadPoolExec:Update app-ops uidState in case package com.android.settings changed
01-19 11:28:01.788 1100 1876 D SystemServerInitThreadPool: Started executing Update app-ops uidState in case package com.android.settings changed
01-19 11:28:01.788 1100 1876 D SystemServerInitThreadPool: Finished executing Update app-ops uidState in case package com.android.settings changed
01-19 11:28:01.788 1100 1876 D SystemServerTimingAsync: InitThreadPoolExec:Update app-ops uidState in case package com.android.settings changed took to complete: 0ms
01-19 11:28:01.788 1100 1825 D SystemServerInitThreadPool: Finished executing Update app-ops uidState in case package com.android.server.telecom changed
01-19 11:28:01.788 1100 1825 D SystemServerTimingAsync: InitThreadPoolExec:Update app-ops uidState in case package com.android.server.telecom changed took to complete: 1ms
01-19 11:28:01.788 1100 1869 D SystemServerTimingAsync: InitThreadPoolExec:Update app-ops uidState in case package com.android.providers.downloads.ui changed took to complete: 3ms
01-19 11:28:01.789 1100 1766 D SystemServerInitThreadPool: Finished executing Update app-ops uidState in case package com.thundercomm.tcsetupwizard changed
01-19 11:28:01.789 1100 1766 D SystemServerTimingAsync: InitThreadPoolExec:Update app-ops uidState in case package com.thundercomm.tcsetupwizard changed took to complete: 1ms
01-19 11:28:01.794 1100 1100 I service_manager_slow: [10,device_identifiers]
01-19 11:28:01.798 1100 1100 I SystemServerTiming: killProcesses
01-19 11:28:01.798 1100 1100 D SystemServerTiming: killProcesses took to complete: 0ms
01-19 11:28:01.798 1100 1100 I ActivityManager: System now ready
01-19 11:28:01.798 1100 1100 I boot_progress_ams_ready: 46361
01-19 11:28:01.799 1100 1100 I SystemServerTiming: updateTopComponentForFactoryTest
01-19 11:28:01.799 1100 1100 D SystemServerTiming: updateTopComponentForFactoryTest took to complete: 1ms
01-19 11:28:01.799 1100 1100 I SystemServerTiming: registerActivityLaunchObserver
01-19 11:28:01.799 1100 1100 D SystemServerTiming: registerActivityLaunchObserver took to complete: 0ms
01-19 11:28:01.799 1100 1100 I SystemServerTiming: watchDeviceProvisioning
01-01 08:06:18.227 0 0 E : INFO: trying to register non-static key.
01-01 08:06:18.232 0 0 E : the code is fine but needs lockdep annotation.
01-01 08:06:18.238 0 0 I : CPU: 7 PID: 340 Comm: kworker/u16:15 Tainted: G S W O 4.19.157+ #1
01-01 08:06:18.238 0 0 I Hardware name: Qualcomm Technologies, Inc. kona MTP-RmPM8150b. VC1(FSE) EVT3 (DT)
01-01 08:06:18.238 0 0 I Workqueue: events_unbound ion_system_secure_heap_prefetch_work
01-01 08:06:18.238 0 0 I Call trace:
01-01 08:06:18.238 0 0 I : dump_backtrace+0x0/0x258
01-01 08:06:18.238 0 0 I : show_stack+0x20/0x30
01-01 08:06:18.238 0 0 I : dump_stack+0xd8/0x12c
01-01 08:06:18.238 0 0 I : register_lock_class+0x4d0/0x5c8
01-01 08:06:18.238 0 0 I : __lock_acquire+0xbc/0x1e58
01-01 08:06:18.238 0 0 I : lock_acquire+0x1cc/0x218
01-01 08:06:18.238 0 0 I : _raw_spin_lock_irqsave+0x54/0x98
01-01 08:06:18.238 0 0 I : ion_system_secure_heap_prefetch_work+0x94/0x2c0
01-01 08:06:18.238 0 0 I : process_one_work+0x38c/0x660
01-01 08:06:18.238 0 0 I : worker_thread+0x268/0x4b8
01-01 08:06:18.238 0 0 I : kthread+0x140/0x150
01-01 08:06:18.238 0 0 I : ret_from_fork+0x10/0x1c
01-19 11:28:01.812 1100 1100 D SystemServerTiming: watchDeviceProvisioning took to complete: 12ms
01-19 11:28:01.812 1100 1100 I SystemServerTiming: retrieveSettings
01-19 11:28:01.814 1100 1100 I configuration_changed: 268435456
01-01 08:06:18.241 0 0 E : INFO: trying to register non-static key.
01-01 08:06:18.246 0 0 E : the code is fine but needs lockdep annotation.
01-01 08:06:18.252 0 0 I : CPU: 7 PID: 340 Comm: kworker/u16:15 Tainted: G S W O 4.19.157+ #1
01-01 08:06:18.252 0 0 I Hardware name: Qualcomm Technologies, Inc. kona MTP-RmPM8150b. VC1(FSE) EVT3 (DT)
01-01 08:06:18.252 0 0 I Workqueue: events_unbound ion_system_secure_heap_prefetch_work
01-01 08:06:18.252 0 0 I Call trace:
01-01 08:06:18.252 0 0 I : dump_backtrace+0x0/0x258
01-01 08:06:18.252 0 0 I : show_stack+0x20/0x30
01-01 08:06:18.252 0 0 I : dump_stack+0xd8/0x12c
01-01 08:06:18.252 0 0 I : register_lock_class+0x4d0/0x5c8
01-01 08:06:18.252 0 0 I : __lock_acquire+0xbc/0x1e58
01-01 08:06:18.252 0 0 I : lock_acquire+0x1cc/0x218
01-01 08:06:18.252 0 0 I : _raw_spin_lock_irqsave+0x54/0x98
01-01 08:06:18.252 0 0 I : ion_system_secure_heap_prefetch_work+0x94/0x2c0
01-19 11:28:01.814 1100 1100 I ActivityTaskManager: Config changes=10000000 {1.0 ?mcc?mnc [zh_CN] ldltr sw720dp w1706dp h624dp 240dpi lrg long land finger -keyb/v/h -nav/h winConfig={ mBounds=Rect(0, 0 - 2560, 1080) mAppBounds=Rect(0, 0 - 2560, 1008) mMaxBounds=Rect(0, 0 - 2560, 1080) mWindowingMode=fullscreen mDisplayWindowingMode=fullscreen mActivityType=undefined mAlwaysOnTop=undefined mRotation=ROTATION_0} s.8 fontWeightAdjustment=0}
01-01 08:06:18.252 0 0 I : process_one_work+0x38c/0x660
01-19 11:28:01.815 1100 1100 I WindowManager: Override config changes=10000000 {1.0 ?mcc?mnc [zh_CN] ldltr sw720dp w1706dp h624dp 240dpi lrg long land finger -keyb/v/h -nav/h winConfig={ mBounds=Rect(0, 0 - 2560, 1080) mAppBounds=Rect(0, 0 - 2560, 1008) mMaxBounds=Rect(0, 0 - 2560, 1080) mWindowingMode=fullscreen mDisplayWindowingMode=fullscreen mActivityType=undefined mAlwaysOnTop=undefined mRotation=ROTATION_0} s.8 fontWeightAdjustment=0} for displayId=0
01-01 08:06:18.252 0 0 I : worker_thread+0x268/0x4b8
01-01 08:06:18.252 0 0 I : kthread+0x140/0x150
01-01 08:06:18.252 0 0 I : ret_from_fork+0x10/0x1c
01-19 11:28:01.818 1100 1100 D SystemServerTiming: retrieveSettings took to complete: 6ms
01-19 11:28:01.818 1100 1100 I SystemServerTiming: Ugm.onSystemReady
01-19 11:28:01.823 1100 1100 D SystemServerTiming: Ugm.onSystemReady took to complete: 5ms
01-19 11:28:01.823 1100 1100 I SystemServerTiming: updateForceBackgroundCheck
01-19 11:28:01.823 1100 1100 D SystemServerTiming: updateForceBackgroundCheck took to complete: 0ms
01-19 11:28:01.823 1100 1100 I SystemServer: Making services ready
01-19 11:28:01.823 1100 1100 I SystemServerTiming: StartActivityManagerReadyPhase
01-19 11:28:01.823 1100 1100 I SystemServiceManager: Starting phase 550
01-19 11:28:01.823 1100 1100 I SystemServerTiming: OnBootPhase_550
01-19 11:28:01.823 1100 1100 I SystemServerTiming: OnBootPhase_550_com.android.server.security.FileIntegrityService
01-19 11:28:01.823 1100 1100 D SystemServerTiming: OnBootPhase_550_com.android.server.security.FileIntegrityService took to complete: 0ms
01-19 11:28:01.823 1100 1100 I SystemServerTiming: OnBootPhase_550_com.android.server.pm.Installer
01-19 11:28:01.823 1100 1100 D SystemServerTiming: OnBootPhase_550_com.android.server.pm.Installer took to complete: 0ms
01-19 11:28:01.823 1100 1100 I SystemServerTiming: OnBootPhase_550_com.android.server.os.DeviceIdentifiersPolicyService
01-19 11:28:01.823 1100 1100 D SystemServerTiming: OnBootPhase_550_com.android.server.os.DeviceIdentifiersPolicyService took to complete: 0ms
01-19 11:28:01.824 1100 1100 I SystemServerTiming: OnBootPhase_550_com.android.server.uri.UriGrantsManagerService$Lifecycle
01-19 11:28:01.824 1100 1100 D SystemServerTiming: OnBootPhase_550_com.android.server.uri.UriGrantsManagerService$Lifecycle took to complete: 0ms
01-19 11:28:01.824 1100 1100 I SystemServerTiming: OnBootPhase_550_com.android.server.powerstats.PowerStatsService
01-19 11:28:01.824 1100 1100 D SystemServerTiming: OnBootPhase_550_com.android.server.powerstats.PowerStatsService took to complete: 0ms
01-19 11:28:01.824 1100 1100 I SystemServerTiming: OnBootPhase_550_com.android.server.wm.ActivityTaskManagerService$Lifecycle
01-19 11:28:01.824 1100 1100 D SystemServerTiming: OnBootPhase_550_com.android.server.wm.ActivityTaskManagerService$Lifecycle took to complete: 0ms
01-19 11:28:01.824 1100 1100 I SystemServerTiming: OnBootPhase_550_com.android.server.am.ActivityManagerService$Lifecycle
01-19 11:28:01.824 1100 1100 D SystemServerTiming: OnBootPhase_550_com.android.server.am.ActivityManagerService$Lifecycle took to complete: 0ms
01-19 11:28:01.824 1100 1100 I SystemServerTiming: OnBootPhase_550_com.android.server.pm.DataLoaderManagerService
01-19 11:28:01.824 1100 1100 D SystemServerTiming: OnBootPhase_550_com.android.server.pm.DataLoaderManagerService took to complete: 0ms
01-19 11:28:01.824 1100 1100 I SystemServerTiming: OnBootPhase_550_com.android.server.power.PowerManagerService
01-19 11:28:01.824 1100 1100 D SystemServerTiming: OnBootPhase_550_com.android.server.power.PowerManagerService took to complete: 0ms
01-19 11:28:01.825 1100 1100 I SystemServerTiming: OnBootPhase_550_com.android.server.power.ThermalManagerService
01-19 11:28:01.828 1100 1100 I ThermalHalWrapper: Thermal HAL 2.0 service connected.
01-01 08:06:18.255 0 0 E : INFO: trying to register non-static key.
01-01 08:06:18.260 0 0 E : the code is fine but needs lockdep annotation.
01-01 08:06:18.266 0 0 I : CPU: 7 PID: 340 Comm: kworker/u16:15 Tainted: G S W O 4.19.157+ #1
01-01 08:06:18.266 0 0 I Hardware name: Qualcomm Technologies, Inc. kona MTP-RmPM8150b. VC1(FSE) EVT3 (DT)
01-01 08:06:18.266 0 0 I Workqueue: events_unbound ion_system_secure_heap_prefetch_work
01-01 08:06:18.266 0 0 I Call trace:
01-01 08:06:18.266 0 0 I : dump_backtrace+0x0/0x258
01-01 08:06:18.266 0 0 I : show_stack+0x20/0x30
01-01 08:06:18.266 0 0 I : dump_stack+0xd8/0x12c
01-01 08:06:18.266 0 0 I : register_lock_class+0x4d0/0x5c8
01-01 08:06:18.266 0 0 I : __lock_acquire+0xbc/0x1e58
01-01 08:06:18.266 0 0 I : lock_acquire+0x1cc/0x218
01-01 08:06:18.266 0 0 I : _raw_spin_lock_irqsave+0x54/0x98
01-01 08:06:18.266 0 0 I : ion_system_secure_heap_prefetch_work+0x94/0x2c0
01-01 08:06:18.266 0 0 I : process_one_work+0x38c/0x660
01-01 08:06:18.266 0 0 I : worker_thread+0x268/0x4b8
01-01 08:06:18.266 0 0 I : kthread+0x140/0x150
01-01 08:06:18.266 0 0 I : ret_from_fork+0x10/0x1c
01-19 11:28:01.829 1100 1100 E ThermalHalWrapper: Couldn't get temperatures because of HAL error: ThermalHAL not initialized properly.
01-19 11:28:01.829 1100 1100 W ThermalManagerService: Thermal HAL reported invalid data, abort connection
01-19 11:28:01.829 1100 1100 E ThermalHalWrapper: Couldn't get temperature thresholds because of HAL error: ThermalHAL not initialized properly.
01-19 11:28:01.829 1100 1100 D SystemServerTiming: OnBootPhase_550_com.android.server.power.ThermalManagerService took to complete: 5ms
01-19 11:28:01.829 1100 1100 I SystemServerTiming: OnBootPhase_550_com.android.server.power.hint.HintManagerService
01-19 11:28:01.829 1100 1100 D SystemServerTiming: OnBootPhase_550_com.android.server.power.hint.HintManagerService took to complete: 0ms
01-19 11:28:01.829 1100 1100 I SystemServerTiming: OnBootPhase_550_com.android.server.recoverysystem.RecoverySystemService$Lifecycle
01-19 11:28:01.829 1100 1100 D SystemServerTiming: OnBootPhase_550_com.android.server.recoverysystem.RecoverySystemService$Lifecycle took to complete: 0ms
01-19 11:28:01.829 1100 1100 I SystemServerTiming: OnBootPhase_550_com.android.server.lights.LightsService
01-19 11:28:01.830 1100 1100 D SystemServerTiming: OnBootPhase_550_com.android.server.lights.LightsService took to complete: 0ms
01-19 11:28:01.830 1100 1100 I SystemServerTiming: OnBootPhase_550_com.android.server.display.DisplayManagerService
01-19 11:28:01.830 1100 1100 D SystemServerTiming: OnBootPhase_550_com.android.server.display.DisplayManagerService took to complete: 0ms
01-19 11:28:01.830 1100 1100 I SystemServerTiming: OnBootPhase_550_com.android.server.pm.verify.domain.DomainVerificationService
01-19 11:28:01.830 1100 1100 D SystemServerTiming: OnBootPhase_550_com.android.server.pm.verify.domain.DomainVerificationService took to complete: 0ms
01-19 11:28:01.830 1100 1100 I SystemServerTiming: OnBootPhase_550_com.android.server.pm.PackageInstallerService$Lifecycle
01-19 11:28:01.830 1100 1100 D SystemServerTiming: OnBootPhase_550_com.android.server.pm.PackageInstallerService$Lifecycle took to complete: 0ms
01-19 11:28:01.830 1100 1100 I SystemServerTiming: OnBootPhase_550_com.android.server.pm.UserManagerService$LifeCycle
01-19 11:28:01.830 1100 1100 D SystemServerTiming: OnBootPhase_550_com.android.server.pm.UserManagerService$LifeCycle took to complete: 0ms
01-19 11:28:01.830 1100 1100 I SystemServerTiming: OnBootPhase_550_com.android.server.om.OverlayManagerService
01-19 11:28:01.830 1100 1100 D SystemServerTiming: OnBootPhase_550_com.android.server.om.OverlayManagerService took to complete: 0ms
01-19 11:28:01.830 1100 1100 I SystemServerTiming: OnBootPhase_550_com.android.server.SensorPrivacyService
01-19 11:28:01.830 1100 1100 D SystemServerTiming: OnBootPhase_550_com.android.server.SensorPrivacyService took to complete: 0ms
01-19 11:28:01.830 1100 1100 I SystemServerTiming: OnBootPhase_550_com.android.server.thunderperf.ThunderBoostPerfService
01-19 11:28:01.830 1100 1100 D SystemServerTiming: OnBootPhase_550_com.android.server.thunderperf.ThunderBoostPerfService took to complete: 0ms
01-19 11:28:01.830 1100 1100 I SystemServerTiming: OnBootPhase_550_com.android.server.sensors.SensorService
01-19 11:28:01.830 1100 1100 D SystemServerTiming: OnBootPhase_550_com.android.server.sensors.SensorService took to complete: 0ms
01-19 11:28:01.830 1100 1100 I SystemServerTiming: OnBootPhase_550_com.android.server.SystemConfigService
01-19 11:28:01.830 1100 1100 D SystemServerTiming: OnBootPhase_550_com.android.server.SystemConfigService took to complete: 0ms
01-19 11:28:01.830 1100 1100 I SystemServerTiming: OnBootPhase_550_com.android.server.BatteryService
01-19 11:28:01.831 1100 1100 D SystemServerTiming: OnBootPhase_550_com.android.server.BatteryService took to complete: 1ms
01-19 11:28:01.831 1100 1100 I SystemServerTiming: OnBootPhase_550_com.android.server.usage.UsageStatsService
01-19 11:28:01.831 1100 1100 D SystemServerTiming: OnBootPhase_550_com.android.server.usage.UsageStatsService took to complete: 0ms
01-19 11:28:01.831 1100 1100 I SystemServerTiming: OnBootPhase_550_com.android.server.webkit.WebViewUpdateService
01-19 11:28:01.831 1100 1100 D SystemServerTiming: OnBootPhase_550_com.android.server.webkit.WebViewUpdateService took to complete: 0ms
01-19 11:28:01.831 1100 1100 I SystemServerTiming: OnBootPhase_550_com.android.server.CachedDeviceStateService
01-19 11:28:01.831 1100 1100 D SystemServerTiming: OnBootPhase_550_com.android.server.CachedDeviceStateService took to complete: 0ms
01-19 11:28:01.831 1100 1100 I SystemServerTiming: OnBootPhase_550_com.android.server.BinderCallsStatsService$LifeCycle
01-19 11:28:01.831 1100 1100 D SystemServerTiming: OnBootPhase_550_com.android.server.BinderCallsStatsService$LifeCycle took to complete: 0ms
01-19 11:28:01.831 1100 1100 I SystemServerTiming: OnBootPhase_550_com.android.server.LooperStatsService$Lifecycle
01-19 11:28:01.831 1100 1100 D SystemServerTiming: OnBootPhase_550_com.android.server.LooperStatsService$Lifecycle took to complete: 0ms
01-19 11:28:01.831 1100 1100 I SystemServerTiming: OnBootPhase_550_com.android.server.rollback.RollbackManagerService
01-19 11:28:01.831 1100 1100 D SystemServerTiming: OnBootPhase_550_com.android.server.rollback.RollbackManagerService took to complete: 0ms
01-19 11:28:01.831 1100 1100 I SystemServerTiming: OnBootPhase_550_com.android.server.os.NativeTombstoneManagerService
01-19 11:28:01.832 1100 1100 D SystemServerTiming: OnBootPhase_550_com.android.server.os.NativeTombstoneManagerService took to complete: 1ms
01-19 11:28:01.832 1100 1100 I SystemServerTiming: OnBootPhase_550_com.android.server.os.BugreportManagerService
01-19 11:28:01.832 1100 1100 D SystemServerTiming: OnBootPhase_550_com.android.server.os.BugreportManagerService took to complete: 0ms
01-19 11:28:01.832 1100 1100 I SystemServerTiming: OnBootPhase_550_com.android.server.gpu.GpuService
01-19 11:28:01.832 1100 1100 D SystemServerTiming: OnBootPhase_550_com.android.server.gpu.GpuService took to complete: 0ms
01-19 11:28:01.832 1100 1100 I SystemServerTiming: OnBootPhase_550_com.android.server.security.KeyChainSystemService
01-19 11:28:01.832 1100 1100 D SystemServerTiming: OnBootPhase_550_com.android.server.security.KeyChainSystemService took to complete: 0ms
01-19 11:28:01.832 1100 1100 I SystemServerTiming: OnBootPhase_550_com.android.server.telecom.TelecomLoaderService
01-19 11:28:01.839 1100 1100 W ActivityManager: Too early to start/bind service in system_server: Phase=550 ComponentInfo{com.android.server.telecom/com.android.server.telecom.components.TelecomService}
01-01 08:06:18.268 0 0 E : INFO: trying to register non-static key.
01-19 11:28:01.842 1100 1100 W ActivityManager: Too early to start/bind service in system_server: Phase=550 ComponentInfo{com.android.server.telecom/com.android.server.telecom.components.TelecomService}
01-01 08:06:18.273 0 0 E : the code is fine but needs lockdep annotation.
01-01 08:06:18.278 0 0 I : CPU: 7 PID: 340 Comm: kworker/u16:15 Tainted: G S W O 4.19.157+ #1
01-01 08:06:18.278 0 0 I Hardware name: Qualcomm Technologies, Inc. kona MTP-RmPM8150b. VC1(FSE) EVT3 (DT)
01-01 08:06:18.278 0 0 I Workqueue: events_unbound ion_system_secure_heap_prefetch_work
01-19 11:28:01.844 1100 1100 D SystemServerTiming: OnBootPhase_550_com.android.server.telecom.TelecomLoaderService took to complete: 12ms
01-19 11:28:01.844 1100 1100 I SystemServerTiming: OnBootPhase_550_com.android.server.accounts.AccountManagerService$Lifecycle
01-19 11:28:01.845 1100 1100 D SystemServerTiming: OnBootPhase_550_com.android.server.accounts.AccountManagerService$Lifecycle took to complete: 0ms
01-19 11:28:01.845 1100 1100 I SystemServerTiming: OnBootPhase_550_com.android.server.content.ContentService$Lifecycle
01-19 11:28:01.848 1100 1100 I SyncManager: No initial accounts
01-01 08:06:18.278 0 0 I Call trace:
01-01 08:06:18.278 0 0 I : dump_backtrace+0x0/0x258
01-01 08:06:18.278 0 0 I : show_stack+0x20/0x30
01-01 08:06:18.279 0 0 I : dump_stack+0xd8/0x12c
01-01 08:06:18.279 0 0 I : register_lock_class+0x4d0/0x5c8
01-01 08:06:18.279 0 0 I : __lock_acquire+0xbc/0x1e58
01-01 08:06:18.279 0 0 I : lock_acquire+0x1cc/0x218
01-01 08:06:18.279 0 0 I : _raw_spin_lock_irqsave+0x54/0x98
01-01 08:06:18.279 0 0 I : ion_system_secure_heap_prefetch_work+0x94/0x2c0
01-01 08:06:18.279 0 0 I : process_one_work+0x38c/0x660
01-01 08:06:18.279 0 0 I : worker_thread+0x268/0x4b8
01-01 08:06:18.279 0 0 I : kthread+0x140/0x150
01-01 08:06:18.279 0 0 I : ret_from_fork+0x10/0x1c
01-01 08:06:18.282 0 0 E : INFO: trying to register non-static key.
01-01 08:06:18.287 0 0 E : the code is fine but needs lockdep annotation.
01-01 08:06:18.292 0 0 I : CPU: 7 PID: 340 Comm: kworker/u16:15 Tainted: G S W O 4.19.157+ #1
01-01 08:06:18.292 0 0 I Hardware name: Qualcomm Technologies, Inc. kona MTP-RmPM8150b. VC1(FSE) EVT3 (DT)
01-01 08:06:18.292 0 0 I Workqueue: events_unbound ion_system_secure_heap_prefetch_work
01-01 08:06:18.292 0 0 I Call trace:
01-01 08:06:18.292 0 0 I : dump_backtrace+0x0/0x258
01-01 08:06:18.292 0 0 I : show_stack+0x20/0x30
01-01 08:06:18.292 0 0 I : dump_stack+0xd8/0x12c
01-01 08:06:18.292 0 0 I : register_lock_class+0x4d0/0x5c8
01-01 08:06:18.292 0 0 I : __lock_acquire+0xbc/0x1e58
01-01 08:06:18.292 0 0 I : lock_acquire+0x1cc/0x218
01-01 08:06:18.292 0 0 I : _raw_spin_lock_irqsave+0x54/0x98
01-01 08:06:18.292 0 0 I : ion_system_secure_heap_prefetch_work+0x94/0x2c0
01-01 08:06:18.292 0 0 I : process_one_work+0x38c/0x660
01-01 08:06:18.292 0 0 I : worker_thread+0x268/0x4b8
01-01 08:06:18.292 0 0 I : kthread+0x140/0x150
01-01 08:06:18.292 0 0 I : ret_from_fork+0x10/0x1c
01-19 11:28:01.857 1100 1100 D SystemServerTiming: OnBootPhase_550_com.android.server.content.ContentService$Lifecycle took to complete: 13ms
01-19 11:28:01.857 1100 1100 I SystemServerTiming: OnBootPhase_550_com.android.server.DropBoxManagerService
01-19 11:28:01.857 1100 1100 D SystemServerTiming: OnBootPhase_550_com.android.server.DropBoxManagerService took to complete: 0ms
01-19 11:28:01.857 1100 1100 I SystemServerTiming: OnBootPhase_550_com.android.role.RoleService
01-19 11:28:01.857 1100 1100 D SystemServerTiming: OnBootPhase_550_com.android.role.RoleService took to complete: 0ms
01-19 11:28:01.857 1100 1100 I SystemServerTiming: OnBootPhase_550_com.android.server.vibrator.VibratorManagerService$Lifecycle
01-19 11:28:01.857 1100 1100 D SystemServerTiming: OnBootPhase_550_com.android.server.vibrator.VibratorManagerService$Lifecycle took to complete: 0ms
01-19 11:28:01.857 1100 1100 I SystemServerTiming: OnBootPhase_550_com.android.server.alarm.AlarmManagerService
01-19 11:28:01.857 1100 1100 D SystemServerTiming: OnBootPhase_550_com.android.server.alarm.AlarmManagerService took to complete: 0ms
01-19 11:28:01.858 1100 1100 I SystemServerTiming: OnBootPhase_550_com.android.server.devicestate.DeviceStateManagerService
01-19 11:28:01.858 1100 1100 D SystemServerTiming: OnBootPhase_550_com.android.server.devicestate.DeviceStateManagerService took to complete: 0ms
01-19 11:28:01.858 1100 1100 I SystemServerTiming: OnBootPhase_550_com.android.server.camera.CameraServiceProxy
01-19 11:28:01.858 1100 1100 D SystemServerTiming: OnBootPhase_550_com.android.server.camera.CameraServiceProxy took to complete: 0ms
01-19 11:28:01.858 1100 1100 I SystemServerTiming: OnBootPhase_550_com.android.server.BluetoothService
01-19 11:28:01.858 1100 1100 D BluetoothManagerService: Bluetooth boot completed
01-19 11:28:01.858 1100 1100 D BluetoothManagerService: Auto-enabling Bluetooth.
01-19 11:28:01.862 1100 1100 D SystemServerTiming: OnBootPhase_550_com.android.server.BluetoothService took to complete: 3ms
01-19 11:28:01.862 1100 1100 I SystemServerTiming: OnBootPhase_550_com.android.server.connectivity.IpConnectivityMetrics
01-19 11:28:01.862 1100 1100 D SystemServerTiming: OnBootPhase_550_com.android.server.connectivity.IpConnectivityMetrics took to complete: 0ms
01-19 11:28:01.862 1100 1100 I SystemServerTiming: OnBootPhase_550_com.android.server.net.watchlist.NetworkWatchlistService$Lifecycle
01-19 11:28:01.864 1100 1202 D BluetoothManagerService: MESSAGE_ENABLE(0): mBluetooth = null
01-19 11:28:01.864 1100 1202 D BluetoothManagerService: MESSAGE_ENABLE: handleEnable
01-19 11:28:01.864 1100 1202 D BluetoothManagerService: binding Bluetooth service
01-19 11:28:01.865 1100 1100 D SystemServerTiming: OnBootPhase_550_com.android.server.net.watchlist.NetworkWatchlistService$Lifecycle took to complete: 3ms
01-19 11:28:01.865 1100 1100 I SystemServerTiming: OnBootPhase_550_com.android.server.PinnerService
01-19 11:28:01.865 1100 1100 D SystemServerTiming: OnBootPhase_550_com.android.server.PinnerService took to complete: 0ms
01-19 11:28:01.865 1100 1100 I SystemServerTiming: OnBootPhase_550_com.google.android.startop.iorap.IorapForwardingService
01-19 11:28:01.865 1100 1100 D SystemServerTiming: OnBootPhase_550_com.google.android.startop.iorap.IorapForwardingService took to complete: 0ms
01-19 11:28:01.865 1100 1100 I SystemServerTiming: OnBootPhase_550_com.android.server.ActivityTriggerService
01-19 11:28:01.865 1100 1100 D SystemServerTiming: OnBootPhase_550_com.android.server.ActivityTriggerService took to complete: 0ms
01-19 11:28:01.865 1100 1100 I SystemServerTiming: OnBootPhase_550_com.android.server.integrity.AppIntegrityManagerService
01-19 11:28:01.865 1100 1100 D SystemServerTiming: OnBootPhase_550_com.android.server.integrity.AppIntegrityManagerService took to complete: 0ms
01-19 11:28:01.865 1100 1100 I SystemServerTiming: OnBootPhase_550_com.android.server.inputmethod.InputMethodManagerService$Lifecycle
01-19 11:28:01.866 1100 1202 I am_uid_running: 1002
01-19 11:28:01.867 1100 1202 D CompatibilityChangeReporter: Compat change id reported: 135634846; UID 1002; state: DISABLED
01-19 11:28:01.867 1100 1202 D CompatibilityChangeReporter: Compat change id reported: 177438394; UID 1002; state: DISABLED
01-19 11:28:01.868 1100 1202 D CompatibilityChangeReporter: Compat change id reported: 135772972; UID 1002; state: DISABLED
01-19 11:28:01.868 1100 1202 D CompatibilityChangeReporter: Compat change id reported: 135754954; UID 1002; state: ENABLED
01-19 11:28:01.869 1239 1239 I iorapd : iorapd (the prefetchening) readied up
01-01 08:06:18.301 0 0 E : INFO: trying to register non-static key.
01-01 08:06:18.306 0 0 E : the code is fine but needs lockdep annotation.
01-01 08:06:18.312 0 0 I : CPU: 7 PID: 340 Comm: kworker/u16:15 Tainted: G S W O 4.19.157+ #1
01-01 08:06:18.312 0 0 I Hardware name: Qualcomm Technologies, Inc. kona MTP-RmPM8150b. VC1(FSE) EVT3 (DT)
01-01 08:06:18.312 0 0 I Workqueue: events_unbound ion_system_secure_heap_prefetch_work
01-01 08:06:18.312 0 0 I Call trace:
01-01 08:06:18.312 0 0 I : dump_backtrace+0x0/0x258
01-01 08:06:18.312 0 0 I : show_stack+0x20/0x30
01-01 08:06:18.312 0 0 I : dump_stack+0xd8/0x12c
01-01 08:06:18.312 0 0 I : register_lock_class+0x4d0/0x5c8
01-01 08:06:18.312 0 0 I : __lock_acquire+0xbc/0x1e58
01-01 08:06:18.312 0 0 I : lock_acquire+0x1cc/0x218
01-01 08:06:18.312 0 0 I : _raw_spin_lock_irqsave+0x54/0x98
01-01 08:06:18.312 0 0 I : ion_system_secure_heap_prefetch_work+0x94/0x2c0
01-01 08:06:18.312 0 0 I : process_one_work+0x38c/0x660
01-01 08:06:18.312 0 0 I : worker_thread+0x268/0x4b8
01-01 08:06:18.312 0 0 I : kthread+0x140/0x150
01-01 08:06:18.312 0 0 I : ret_from_fork+0x10/0x1c
01-19 11:28:01.874 1100 1202 D BluetoothManagerService: Binding BT service. Current user: 0
01-19 11:28:01.890 1100 1201 W Looper : Slow dispatch took 205ms android.ui h=android.view.Choreographer$FrameHandler c=android.view.Choreographer$FrameDisplayEventReceiver@bd6b743 m=0
01-01 08:06:18.320 0 0 E : INFO: trying to register non-static key.
01-01 08:06:18.326 0 0 E : the code is fine but needs lockdep annotation.
01-01 08:06:18.331 0 0 I : CPU: 7 PID: 340 Comm: kworker/u16:15 Tainted: G S W O 4.19.157+ #1
01-01 08:06:18.331 0 0 I Hardware name: Qualcomm Technologies, Inc. kona MTP-RmPM8150b. VC1(FSE) EVT3 (DT)
01-01 08:06:18.331 0 0 I Workqueue: events_unbound ion_system_secure_heap_prefetch_work
01-01 08:06:18.331 0 0 I Call trace:
01-01 08:06:18.331 0 0 I : dump_backtrace+0x0/0x258
01-01 08:06:18.331 0 0 I : show_stack+0x20/0x30
01-01 08:06:18.331 0 0 I : dump_stack+0xd8/0x12c
01-01 08:06:18.331 0 0 I : register_lock_class+0x4d0/0x5c8
01-01 08:06:18.331 0 0 I : __lock_acquire+0xbc/0x1e58
01-01 08:06:18.331 0 0 I : lock_acquire+0x1cc/0x218
01-01 08:06:18.331 0 0 I : _raw_spin_lock_irqsave+0x54/0x98
01-01 08:06:18.331 0 0 I : ion_system_secure_heap_prefetch_work+0x94/0x2c0
01-01 08:06:18.331 0 0 I : process_one_work+0x38c/0x660
01-01 08:06:18.331 0 0 I : worker_thread+0x268/0x4b8
01-01 08:06:18.331 0 0 I : kthread+0x140/0x150
01-01 08:06:18.331 0 0 I : ret_from_fork+0x10/0x1c
01-01 08:06:18.339 0 0 E : INFO: trying to register non-static key.
01-01 08:06:18.345 0 0 E : the code is fine but needs lockdep annotation.
01-01 08:06:18.350 0 0 I : CPU: 7 PID: 340 Comm: kworker/u16:15 Tainted: G S W O 4.19.157+ #1
01-01 08:06:18.350 0 0 I Hardware name: Qualcomm Technologies, Inc. kona MTP-RmPM8150b. VC1(FSE) EVT3 (DT)
01-01 08:06:18.350 0 0 I Workqueue: events_unbound ion_system_secure_heap_prefetch_work
01-01 08:06:18.350 0 0 I Call trace:
01-01 08:06:18.350 0 0 I : dump_backtrace+0x0/0x258
01-01 08:06:18.350 0 0 I : show_stack+0x20/0x30
01-01 08:06:18.350 0 0 I : dump_stack+0xd8/0x12c
01-01 08:06:18.350 0 0 I : register_lock_class+0x4d0/0x5c8
01-01 08:06:18.350 0 0 I : __lock_acquire+0xbc/0x1e58
01-01 08:06:18.350 0 0 I : lock_acquire+0x1cc/0x218
01-01 08:06:18.350 0 0 I : _raw_spin_lock_irqsave+0x54/0x98
01-01 08:06:18.350 0 0 I : ion_system_secure_heap_prefetch_work+0x94/0x2c0
01-01 08:06:18.350 0 0 I : process_one_work+0x38c/0x660
01-01 08:06:18.350 0 0 I : worker_thread+0x268/0x4b8
01-01 08:06:18.350 0 0 I : kthread+0x140/0x150
01-01 08:06:18.350 0 0 I : ret_from_fork+0x10/0x1c
01-19 11:28:01.934 1100 1216 W ActivityManager: Slow operation: 68ms so far, now at startProcess: returned from zygote!
01-01 08:06:18.360 0 0 E : INFO: trying to register non-static key.
01-01 08:06:18.365 0 0 I qcom_rpmh DRV: apps_rsc TCS Busy, retrying RPMH message send: addr=0x30080
01-01 08:06:18.365 0 0 E : the code is fine but needs lockdep annotation.
01-01 08:06:18.365 0 0 I : CPU: 7 PID: 340 Comm: kworker/u16:15 Tainted: G S W O 4.19.157+ #1
01-01 08:06:18.365 0 0 I Hardware name: Qualcomm Technologies, Inc. kona MTP-RmPM8150b. VC1(FSE) EVT3 (DT)
01-01 08:06:18.365 0 0 I Workqueue: events_unbound ion_system_secure_heap_prefetch_work
01-01 08:06:18.365 0 0 I Call trace:
01-01 08:06:18.365 0 0 I : dump_backtrace+0x0/0x258
01-01 08:06:18.365 0 0 I : show_stack+0x20/0x30
01-01 08:06:18.365 0 0 I : dump_stack+0xd8/0x12c
01-01 08:06:18.365 0 0 I : register_lock_class+0x4d0/0x5c8
01-01 08:06:18.365 0 0 I : __lock_acquire+0xbc/0x1e58
01-01 08:06:18.365 0 0 I : lock_acquire+0x1cc/0x218
