01-01 08:06:14.126 1100 1100 I SystemServerTiming: OnBootPhase_100
01-01 08:06:14.126 1100 1100 I SystemServerTiming: OnBootPhase_100_com.android.server.security.FileIntegrityService
01-01 08:06:14.126 1100 1100 D SystemServerTiming: OnBootPhase_100_com.android.server.security.FileIntegrityService took to complete: 0ms
01-01 08:06:14.126 1100 1100 I SystemServerTiming: OnBootPhase_100_com.android.server.pm.Installer
01-01 08:06:14.126 1100 1100 D SystemServerTiming: OnBootPhase_100_com.android.server.pm.Installer took to complete: 0ms
01-01 08:06:14.126 1100 1100 I SystemServerTiming: OnBootPhase_100_com.android.server.os.DeviceIdentifiersPolicyService
01-01 08:06:14.126 1100 1100 D SystemServerTiming: OnBootPhase_100_com.android.server.os.DeviceIdentifiersPolicyService took to complete: 0ms
01-01 08:06:14.126 1100 1100 I SystemServerTiming: OnBootPhase_100_com.android.server.uri.UriGrantsManagerService$Lifecycle
01-01 08:06:14.126 1100 1100 D SystemServerTiming: OnBootPhase_100_com.android.server.uri.UriGrantsManagerService$Lifecycle took to complete: 0ms
01-01 08:06:14.126 1100 1100 I SystemServerTiming: OnBootPhase_100_com.android.server.powerstats.PowerStatsService
01-01 08:06:14.126 1100 1100 D SystemServerTiming: OnBootPhase_100_com.android.server.powerstats.PowerStatsService took to complete: 0ms
01-01 08:06:14.126 1100 1100 I SystemServerTiming: OnBootPhase_100_com.android.server.wm.ActivityTaskManagerService$Lifecycle
01-01 08:06:14.126 1100 1100 D SystemServerTiming: OnBootPhase_100_com.android.server.wm.ActivityTaskManagerService$Lifecycle took to complete: 0ms
01-01 08:06:14.126 1100 1100 I SystemServerTiming: OnBootPhase_100_com.android.server.am.ActivityManagerService$Lifecycle
01-01 08:06:14.126 1100 1100 D SystemServerTiming: OnBootPhase_100_com.android.server.am.ActivityManagerService$Lifecycle took to complete: 0ms
01-01 08:06:14.126 1100 1100 I SystemServerTiming: OnBootPhase_100_com.android.server.pm.DataLoaderManagerService
01-01 08:06:14.126 1100 1100 D SystemServerTiming: OnBootPhase_100_com.android.server.pm.DataLoaderManagerService took to complete: 0ms
01-01 08:06:14.126 1100 1100 I SystemServerTiming: OnBootPhase_100_com.android.server.power.PowerManagerService
01-01 08:06:14.127 1100 1100 D SystemServerTiming: OnBootPhase_100_com.android.server.power.PowerManagerService took to complete: 0ms
01-01 08:06:14.127 1100 1100 I SystemServerTiming: OnBootPhase_100_com.android.server.power.ThermalManagerService
01-01 08:06:14.127 1100 1100 D SystemServerTiming: OnBootPhase_100_com.android.server.power.ThermalManagerService took to complete: 0ms
01-01 08:06:14.127 1100 1100 I SystemServerTiming: OnBootPhase_100_com.android.server.power.hint.HintManagerService
01-01 08:06:14.127 1100 1100 D SystemServerTiming: OnBootPhase_100_com.android.server.power.hint.HintManagerService took to complete: 0ms
01-01 08:06:14.127 1100 1100 I SystemServerTiming: OnBootPhase_100_com.android.server.recoverysystem.RecoverySystemService$Lifecycle
01-01 08:06:14.127 1100 1100 D SystemServerTiming: OnBootPhase_100_com.android.server.recoverysystem.RecoverySystemService$Lifecycle took to complete: 0ms
01-01 08:06:14.127 1100 1100 I SystemServerTiming: OnBootPhase_100_com.android.server.lights.LightsService
01-01 08:06:14.127 1100 1100 D SystemServerTiming: OnBootPhase_100_com.android.server.lights.LightsService took to complete: 0ms
01-01 08:06:14.127 1100 1100 I SystemServerTiming: OnBootPhase_100_com.android.server.display.DisplayManagerService
01-01 08:06:14.110 0 0 E swr-wcd rx_swr_ctrl: swrm_get_logical_dev_num: device 0xd01170224 is not ready
01-01 08:06:14.119 0 0 E swr_get_logical_dev_num: Error -22 to get logical addr for device d01170224
01-01 08:06:14.128 0 0 E swr-wcd rx_swr_ctrl: swrm_get_logical_dev_num: device 0xd01170224 is not ready
01-01 08:06:14.137 1100 1203 I DisplayDeviceRepository: Display device added: DisplayDeviceInfo{"内置屏幕": uniqueId="local:4630946816427681409", 2560 x 1080, modeId 1, defaultModeId 1, supportedModes [{id=1, width=2560, height=1080, fps=60.000004, alternativeRefreshRates=[30.000002, 45.0]}, {id=2, width=2560, height=1080, fps=45.0, alternativeRefreshRates=[30.000002, 60.000004]}, {id=3, width=2560, height=1080, fps=30.000002, alternativeRefreshRates=[45.0, 60.000004]}], colorMode 0, supportedColorModes [0], hdrCapabilities HdrCapabilities{mSupportedHdrTypes=[2, 3, 4], mMaxLuminance=500.0, mMaxAverageLuminance=500.0, mMinLuminance=0.0}, allmSupported false, gameContentTypeSupported false, density 240, 320.315 x 318.976 dpi, appVsyncOff 1000000, presDeadline 16666666, touch INTERNAL, rotation 0, type INTERNAL, address {port=129, model=0x40446d97fee5e6}, deviceProductInfo DeviceProductInfo{name=, manufacturerPnpId=QCM, productId=1, modelYear=null, manufactureDate=ManufactureDate{week=27, year=2006}, connectionToSinkType=0}, state UNKNOWN, frameRateOverride , brightnessMinimum 0.0, brightnessMaximum 1.0, brightnessDefault 1.0, FLAG_DEFAULT_DISPLAY, FLAG_ROTATES_WITH_CONTENT, FLAG_SECURE, FLAG_SUPPORTS_PROTECTED_BUFFERS}
01-01 08:06:14.138 1100 1203 I LogicalDisplayMapper: Applying layout: [{addr: {port=129, model=0x40446d97fee5e6}, dispId: 0(ON)}], Previous layout: null
01-01 08:06:14.142 1100 1203 I LogicalDisplayMapper: Adding new display: 0: DisplayInfo{"内置屏幕", displayId 0", displayGroupId -1, FLAG_SECURE, FLAG_SUPPORTS_PROTECTED_BUFFERS, FLAG_TRUSTED, real 2560 x 1080, largest app 2560 x 1080, smallest app 2560 x 1080, appVsyncOff 1000000, presDeadline 16666666, mode 1, defaultMode 1, modes [{id=1, width=2560, height=1080, fps=60.000004, alternativeRefreshRates=[30.000002, 45.0]}, {id=2, width=2560, height=1080, fps=45.0, alternativeRefreshRates=[30.000002, 60.000004]}, {id=3, width=2560, height=1080, fps=30.000002, alternativeRefreshRates=[45.0, 60.000004]}], hdrCapabilities HdrCapabilities{mSupportedHdrTypes=[2, 3, 4], mMaxLuminance=500.0, mMaxAverageLuminance=500.0, mMinLuminance=0.0}, userDisabledHdrTypes [], minimalPostProcessingSupported false, rotation 0, state UNKNOWN, type INTERNAL, uniqueId "local:4630946816427681409", app 2560 x 1080, density 240 (320.315 x 318.976) dpi, layerStack 0, colorMode 0, supportedColorModes [0], address {port=129, model=0x40446d97fee5e6}, deviceProductInfo DeviceProductInfo{name=, manufacturerPnpId=QCM, productId=1, modelYear=null, manufactureDate=ManufactureDate{week=27, year=2006}, connectionToSinkType=0}, removeMode 0, refreshRateOverride 0.0, brightnessMinimum 0.0, brightnessMaximum 1.0, brightnessDefault 1.0}
01-01 08:06:14.143 1100 1203 I LogicalDisplayMapper: Setting new display group 0 for display 0, from previous group: null
01-01 08:06:14.136 0 0 E swr_get_logical_dev_num: Error -22 to get logical addr for device d01170224
01-01 08:06:14.145 0 0 E wcd938x_codec wcd938x-codec: wcd938x_bind: Slave bind failed, ret = -517
01-01 08:06:14.146 1100 1203 E DisplayDeviceConfig: requesting nits when no mapping exists.
01-01 08:06:14.154 1100 1203 I am_wtf : [0,1100,system_server,-1,DisplayDeviceConfig,requesting nits when no mapping exists.]
01-01 08:06:14.154 1100 1203 E DisplayDeviceConfig: requesting nits when no mapping exists.
01-01 08:06:14.155 1100 1203 I am_wtf : [0,1100,system_server,-1,DisplayDeviceConfig,requesting nits when no mapping exists.]
01-01 08:06:14.155 1100 1100 D SystemServerTiming: OnBootPhase_100_com.android.server.display.DisplayManagerService took to complete: 28ms
01-01 08:06:14.156 1100 1100 D SystemServerTiming: OnBootPhase_100 took to complete: 30ms
01-01 08:06:14.156 1100 1100 D SystemServerTiming: WaitForDisplay took to complete: 30ms
01-01 08:06:14.156 1100 1100 I SystemServerTiming: StartDomainVerificationService
01-01 08:06:14.159 1100 1203 I DisplayDeviceRepository: Display device changed state: "内置屏幕", ON
01-01 08:06:14.160 1100 1100 D SystemServerTiming: StartDomainVerificationService took to complete: 4ms
01-01 08:06:14.160 1100 1100 I SystemServerTiming: StartPackageManagerService
01-01 08:06:14.160 1100 1100 I Watchdog: Pausing HandlerChecker: main thread for reason: packagemanagermain. Pause count: 1
01-01 08:06:14.163 1100 1100 I PackageManagerTiming: create package manager
01-01 08:06:14.162 0 0 W : ------------[ cut here ]------------
01-01 08:06:14.163 0 0 W : Unbalanced enable for IRQ 400
01-01 08:06:14.163 0 0 W : WARNING: CPU: 1 PID: 82 at kernel/irq/manage.c:621 enable_irq+0x98/0xf0
01-01 08:06:14.163 0 0 I : Modules linked in: wlan(O+) tsnv(O) machine_dlkm(O) wcd938x_slave_dlkm(O) wcd938x_dlkm(O) wcd9xxx_dlkm(O) mbhc_dlkm(O) tx_macro_dlkm(O) rx_macro_dlkm(O) va_macro_dlkm(O) wsa_macro_dlkm(O) swr_ctrl_dlkm(O) bolero_cdc_dlkm(O) wsa881x_dlkm(O) wcd_core_dlkm(O) stub_dlkm(O) hdmi_dlkm(O) swr_dlkm(O) pinctrl_lpi_dlkm(O) pinctrl_wcd_dlkm(O) usf_dlkm(O) native_dlkm(O) platform_dlkm(O) q6_dlkm(O) adsp_loader_dlkm(O) apr_dlkm(O) snd_event_dlkm(O) q6_notifier_dlkm(O) q6_pdr_dlkm(O) msm_11ad_proxy
01-01 08:06:14.163 0 0 I : CPU: 1 PID: 82 Comm: kworker/1:1 Tainted: G S O 4.19.157+ #1
01-01 08:06:14.163 0 0 I Hardware name: Qualcomm Technologies, Inc. kona MTP-RmPM8150b. VC1(FSE) EVT3 (DT)
01-01 08:06:14.163 0 0 I Workqueue: pm pm_runtime_work
01-01 08:06:14.163 0 0 I pstate : 60c00085 (nZCv daIf +PAN +UAO)
01-01 08:06:14.163 0 0 I pc : enable_irq+0x98/0xf0
01-01 08:06:14.163 0 0 I lr : enable_irq+0x98/0xf0
01-01 08:06:14.163 0 0 I sp : ffffff800c08baf0
01-01 08:06:14.163 0 0 I : x29: ffffff800c08bb00 x28: 0000000000000002
01-01 08:06:14.163 0 0 I : x27: 0000000000000000 x26: ffffffd70981fbfd
01-01 08:06:14.163 0 0 I : x25: 0000000000000000 x24: ffffffa76dd6e3d0
01-01 08:06:14.163 0 0 I : x23: ffffffd70981df59 x22: ffffffd70981f9c8
01-01 08:06:14.163 0 0 I : x21: ffffffd70c7dd090 x20: 0000000000000190
01-01 08:06:14.163 0 0 I : x19: ffffffd6f6c0c880 x18: 0000000000000030
01-01 08:06:14.163 0 0 I : x17: ffffffa770f3e000 x16: 00000000fffc2700
01-01 08:06:14.163 0 0 I : x15: 00000000000c2700 x14: 0000000000000086
01-01 08:06:14.163 0 0 I : x13: 0000000000000000 x12: 00000000000000e0
01-01 08:06:14.163 0 0 I : x11: 0000000000000000 x10: 0000000000000001
01-01 08:06:14.163 0 0 I : x9 : 5daf0e48922d6b00 x8 : 5daf0e48922d6b00
01-01 08:06:14.163 0 0 I : x7 : ffffffa76d5826c0 x6 : 0000000000000000
01-01 08:06:14.163 0 0 I : x5 : 0000000000000080 x4 : 0000000000000001
01-01 08:06:14.163 0 0 I : x3 : 0000000000000000 x2 : 0000000000000007
01-01 08:06:14.163 0 0 I : x1 : 0000000000000007 x0 : 000000000000001d
01-01 08:06:14.163 0 0 I Call trace:
01-01 08:06:14.163 0 0 I : enable_irq+0x98/0xf0
01-01 08:06:14.163 0 0 I : swrm_runtime_suspend+0x480/0x608 [swr_ctrl_dlkm]
01-01 08:06:14.163 0 0 I : pm_generic_runtime_suspend+0x34/0x48
01-01 08:06:14.163 0 0 I : __rpm_callback+0x128/0x230
01-01 08:06:14.163 0 0 I : rpm_suspend+0x468/0x820
01-01 08:06:14.163 0 0 I : rpm_idle+0x5bc/0x600
01-01 08:06:14.163 0 0 I : pm_runtime_work+0x7c/0xa8
01-01 08:06:14.163 0 0 I : process_one_work+0x38c/0x660
01-01 08:06:14.163 0 0 I : worker_thread+0x268/0x4b8
01-01 08:06:14.163 0 0 I : kthread+0x140/0x150
01-01 08:06:14.163 0 0 I : ret_from_fork+0x10/0x1c
01-01 08:06:14.163 0 0 I : irq event stamp: 274658
01-01 08:06:14.163 0 0 I : hardirqs last enabled at (274657): [] _raw_spin_unlock_irqrestore+0x44/0x88
01-01 08:06:14.163 0 0 I : hardirqs last disabled at (274658): [] _raw_spin_lock_irqsave+0x28/0x98
01-01 08:06:14.163 0 0 I : softirqs last enabled at (273586): [] __do_softirq+0x50c/0x554
01-01 08:06:14.163 0 0 I : softirqs last disabled at (273567): [] irq_exit+0xfc/0x120
01-01 08:06:14.163 0 0 W : ---[ end trace 1f05b892ea280951 ]---
01-01 08:06:14.167 1100 1100 I boot_progress_pms_start: 42294
01-01 08:06:14.167 1100 1100 I PackageManagerTiming: readListOfPackagesToBeDisabled
01-01 08:06:14.167 1100 1100 D PackageManager: Disabling packages for wifi-only device, source: /vendor/etc/telephony_packages.xml
01-01 08:06:14.167 1100 1100 D PackageManagerTiming: readListOfPackagesToBeDisabled took to complete: 1ms
01-01 08:06:14.167 1100 1100 I PackageManagerTiming: createSubComponents
01-01 08:06:14.165 0 0 E : [drm:dp_display_init_aux_switch][msm-dp-err][493 ]failed to register notifier (-22)
01-01 08:06:14.185 1100 1100 D PackageManagerTiming: createSubComponents took to complete: 18ms
01-01 08:06:14.185 1100 1100 I PackageManagerTiming: addSharedUsers
01-01 08:06:14.185 1100 1100 D PackageManagerTiming: addSharedUsers took to complete: 0ms
01-01 08:06:14.179 0 0 E register_client_adhoc: find path.src 1 dest 589
01-01 08:06:14.186 1100 1100 I PackageManagerTiming: get system config
01-01 08:06:14.186 1100 1100 D PackageManagerTiming: get system config took to complete: 0ms
01-01 08:06:14.191 1100 1100 D PackageManager: Directories scanned as system partitions: [/system:0, /vendor:524288, /odm:4194304, /oem:262144, /product:1048576, /system_ext:2097152, /apex/com.android.vndk.v30:8388608, /apex/com.android.wifi:8388608, /apex/com.android.vndk.v31:8388608, /apex/com.android.tzdata:8388608, /apex/com.android.tethering:8388608, /apex/com.android.sdkext:8388608, /apex/com.android.scheduling:8388608, /apex/com.android.runtime:8388608, /apex/com.android.resolv:8388608, /apex/com.android.permission:8388608, /apex/com.android.os.statsd:8388608, /apex/com.android.neuralnetworks:8388608, /apex/com.android.mediaprovider:8388608, /apex/com.android.media.swcodec:8388608, /apex/com.android.media:8388608, /apex/com.android.ipsec:8388608, /apex/com.android.i18n:8388608, /apex/com.android.extservices:8388608, /apex/com.android.conscrypt:8388608, /apex/com.android.art:8388608, /apex/com.android.appsearch:8388608, /apex/com.android.adbd:8388608]
01-01 08:06:14.198 1100 1100 D SELinuxMMAC: Using policy file /system/etc/selinux/plat_mac_permissions.xml
01-01 08:06:14.200 1100 1100 D SELinuxMMAC: Using policy file /system_ext/etc/selinux/system_ext_mac_permissions.xml
01-01 08:06:14.201 1100 1100 D SELinuxMMAC: Using policy file /product/etc/selinux/product_mac_permissions.xml
01-01 08:06:14.202 1100 1100 D SELinuxMMAC: Using policy file /vendor/etc/selinux/vendor_mac_permissions.xml
01-01 08:06:14.206 1100 1100 D SELinuxMMAC: Using policy file /odm/etc/selinux/odm_mac_permissions.xml
01-01 08:06:14.207 1100 1100 I PackageManagerTiming: loadFallbacks
01-01 08:06:14.209 1100 1100 D PackageManagerTiming: loadFallbacks took to complete: 2ms
01-01 08:06:14.209 1100 1100 I PackageManagerTiming: read user settings
01-01 08:06:14.180 0 0 E register_client_adhoc: Failed to find path.src 1 dest 589
01-01 08:06:14.194 0 0 E swr-wcd rx_swr_ctrl: swrm_get_logical_dev_num: device 0xd01170224 is not ready
01-01 08:06:14.206 0 0 W QSEECOM : qseecom_load_app: App (featenabler) does'nt exist, loading apps for first time
01-01 08:06:14.209 0 0 E swr_get_logical_dev_num: Error -22 to get logical addr for device d01170224
01-01 08:06:14.214 0 0 D cnss : Sending respond memory message, state: 0x9
01-01 08:06:14.218 0 0 E swr-wcd rx_swr_ctrl: swrm_get_logical_dev_num: device 0xd01170224 is not ready
01-01 08:06:14.220 0 0 D cnss : Memory for FW, va: 0xffffff8025142000, pa: 0x00000000a1000000, size: 0x5e0000, type: 1
01-01 08:06:14.226 0 0 E swr_get_logical_dev_num: Error -22 to get logical addr for device d01170224
01-01 08:06:14.227 0 0 W QSEECOM : qseecom_load_app: App with id 5 (featenabler) now loaded
01-01 08:06:14.227 0 0 D cnss : Memory for FW, va: 0xffffff80221fb000, pa: 0x00000000a1600000, size: 0xd8000, type: 4
01-01 08:06:14.235 0 0 E swr-wcd rx_swr_ctrl: swrm_get_logical_dev_num: device 0xd01170224 is not ready
01-01 08:06:14.236 0 0 D cnss : PM relax, state: 0x9, count: 0
01-01 08:06:14.239 0 0 D cnss : Received QMI WLFW FW memory ready indication
01-01 08:06:14.239 0 0 D cnss : Posting event: FW_MEM_READY(3), state: 0x9 flags: 0x0
01-01 08:06:14.239 0 0 D cnss : PM stay awake, state: 0x9, count: 1
01-01 08:06:14.240 0 0 D cnss : PM relax, state: 0x9, count: 0
01-01 08:06:14.243 0 0 E swr_get_logical_dev_num: Error -22 to get logical addr for device d01170224
01-01 08:06:14.244 0 0 D cnss : PM stay awake, state: 0x9, count: 1
01-01 08:06:14.252 0 0 D cnss : Processing driver event: FW_MEM_READY(3), state: 0x9
01-01 08:06:14.252 0 0 D cnss : Sending target capability message, state: 0xb
01-01 08:06:14.252 0 0 E swr-wcd rx_swr_ctrl: swrm_get_logical_dev_num: device 0xd01170224 is not ready
01-01 08:06:14.259 0 0 D cnss : Voltage for CPR: 948mV
01-01 08:06:14.261 0 0 D cnss : Got voltage 800mV from i: 0, j: 0
01-01 08:06:14.261 0 0 E swr_get_logical_dev_num: Error -22 to get logical addr for device d01170224
01-01 08:06:14.270 0 0 D cnss : Got voltage 1012mV from i: 4, j: 1
01-01 08:06:14.270 0 0 D cnss : Update TCS CMD data address 0x000000000b2e5844 with voltage 950mV
01-01 08:06:14.270 0 0 D cnss : Device frequency is 24000000 HZ
01-01 08:06:14.270 0 0 D cnss : Target capability: chip_id: 0x0, chip_family: 0xb, board_id: 0xff, soc_id: 0xffffffff, fw_version: 0x101a0521, fw_build_timestamp: 2021-12-20 07:54, fw_build_id: QC_IMAGE_VERSION_STRING=WLAN.HST.1.0.1.r1-01313-QCAHSTSWPL_SILICONZ-1, otp_version: 0x0
01-01 08:06:14.270 0 0 D cnss : Sending BDF download message, state: 0xb, type: 4
01-01 08:06:14.270 0 0 D cnss : FW name added with prefix: qca6390/regdb.bin
01-01 08:06:14.270 0 0 E swr-wcd rx_swr_ctrl: swrm_get_logical_dev_num: device 0xd01170224 is not ready
01-01 08:06:14.271 0 0 W cnss2 b0000000.qcom,cnss-qca6390: Falling back to syfs fallback for: qca6390/regdb.bin
01-01 08:06:14.271 1100 1100 W android.permission.PermissionManager: Missing ActivityManager; assuming 1000 holds android.permission.SET_PREFERRED_APPLICATIONS
01-01 08:06:14.272 1100 1100 W android.permission.PermissionManager: Missing ActivityManager; assuming 1000 holds android.permission.SET_PREFERRED_APPLICATIONS
01-01 08:06:14.272 1100 1100 W android.permission.PermissionManager: Missing ActivityManager; assuming 1000 holds android.permission.SET_PREFERRED_APPLICATIONS
01-01 08:06:14.274 1100 1100 W android.permission.PermissionManager: Missing ActivityManager; assuming 1000 holds android.permission.SET_PREFERRED_APPLICATIONS
01-01 08:06:14.275 1100 1100 W android.permission.PermissionManager: Missing ActivityManager; assuming 1000 holds android.permission.SET_PREFERRED_APPLICATIONS
01-01 08:06:14.276 1100 1100 W android.permission.PermissionManager: Missing ActivityManager; assuming 1000 holds android.permission.SET_PREFERRED_APPLICATIONS
01-01 08:06:14.277 1100 1100 W android.permission.PermissionManager: Missing ActivityManager; assuming 1000 holds android.permission.SET_PREFERRED_APPLICATIONS
01-01 08:06:14.277 1100 1100 W android.permission.PermissionManager: Missing ActivityManager; assuming 1000 holds android.permission.SET_PREFERRED_APPLICATIONS
01-01 08:06:14.278 1100 1100 W android.permission.PermissionManager: Missing ActivityManager; assuming 1000 holds android.permission.SET_PREFERRED_APPLICATIONS
01-01 08:06:14.278 1100 1100 W android.permission.PermissionManager: Missing ActivityManager; assuming 1000 holds android.permission.SET_PREFERRED_APPLICATIONS
01-01 08:06:14.279 1100 1100 W android.permission.PermissionManager: Missing ActivityManager; assuming 1000 holds android.permission.SET_PREFERRED_APPLICATIONS
01-01 08:06:14.279 1100 1100 W android.permission.PermissionManager: Missing ActivityManager; assuming 1000 holds android.permission.SET_PREFERRED_APPLICATIONS
01-01 08:06:14.279 0 0 E swr_get_logical_dev_num: Error -22 to get logical addr for device d01170224
01-01 08:06:14.279 0 0 E wcd938x_codec wcd938x-codec: wcd938x_bind: Slave bind failed, ret = -517
01-01 08:06:14.283 1100 1100 W android.permission.PermissionManager: Missing ActivityManager; assuming 1000 holds android.permission.SET_PREFERRED_APPLICATIONS
01-01 08:06:14.283 1100 1100 W android.permission.PermissionManager: Missing ActivityManager; assuming 1000 holds android.permission.SET_PREFERRED_APPLICATIONS
01-01 08:06:14.284 1100 1100 W android.permission.PermissionManager: Missing ActivityManager; assuming 1000 holds android.permission.SET_PREFERRED_APPLICATIONS
01-01 08:06:14.285 1100 1100 W android.permission.PermissionManager: Missing ActivityManager; assuming 1000 holds android.permission.SET_PREFERRED_APPLICATIONS
01-01 08:06:14.285 0 0 W QSEECOM : qseecom_load_app: App (fingerpr) does'nt exist, loading apps for first time
01-01 08:06:14.285 0 0 W rpmh_rsc_send_data: 90 callbacks suppressed
01-01 08:06:14.285 0 0 I qcom_rpmh DRV: apps_rsc TCS Busy, retrying RPMH message send: addr=0x30080
01-01 08:06:14.286 1100 1100 W android.permission.PermissionManager: Missing ActivityManager; assuming 1000 holds android.permission.SET_PREFERRED_APPLICATIONS
01-01 08:06:14.287 1100 1100 W android.permission.PermissionManager: Missing ActivityManager; assuming 1000 holds android.permission.SET_PREFERRED_APPLICATIONS
01-01 08:06:14.287 1100 1100 W android.permission.PermissionManager: Missing ActivityManager; assuming 1000 holds android.permission.SET_PREFERRED_APPLICATIONS
01-01 08:06:14.287 1100 1100 W android.permission.PermissionManager: Missing ActivityManager; assuming 1000 holds android.permission.SET_PREFERRED_APPLICATIONS
01-01 08:06:14.288 1100 1100 W android.permission.PermissionManager: Missing ActivityManager; assuming 1000 holds android.permission.SET_PREFERRED_APPLICATIONS
01-01 08:06:14.289 1100 1100 W android.permission.PermissionManager: Missing ActivityManager; assuming 1000 holds android.permission.SET_PREFERRED_APPLICATIONS
01-01 08:06:14.289 1100 1100 W android.permission.PermissionManager: Missing ActivityManager; assuming 1000 holds android.permission.SET_PREFERRED_APPLICATIONS
01-01 08:06:14.290 1100 1100 W android.permission.PermissionManager: Missing ActivityManager; assuming 1000 holds android.permission.SET_PREFERRED_APPLICATIONS
01-01 08:06:14.290 1100 1100 W android.permission.PermissionManager: Missing ActivityManager; assuming 1000 holds android.permission.SET_PREFERRED_APPLICATIONS
01-01 08:06:14.291 1100 1100 W android.permission.PermissionManager: Missing ActivityManager; assuming 1000 holds android.permission.SET_PREFERRED_APPLICATIONS
01-01 08:06:14.291 1100 1100 W android.permission.PermissionManager: Missing ActivityManager; assuming 1000 holds android.permission.SET_PREFERRED_APPLICATIONS
01-01 08:06:14.292 1100 1100 W android.permission.PermissionManager: Missing ActivityManager; assuming 1000 holds android.permission.SET_PREFERRED_APPLICATIONS
01-01 08:06:14.293 1100 1100 W android.permission.PermissionManager: Missing ActivityManager; assuming 1000 holds android.permission.SET_PREFERRED_APPLICATIONS
01-01 08:06:14.293 1100 1100 W android.permission.PermissionManager: Missing ActivityManager; assuming 1000 holds android.permission.SET_PREFERRED_APPLICATIONS
01-01 08:06:14.293 1100 1100 W android.permission.PermissionManager: Missing ActivityManager; assuming 1000 holds android.permission.SET_PREFERRED_APPLICATIONS
01-01 08:06:14.294 1100 1100 W android.permission.PermissionManager: Missing ActivityManager; assuming 1000 holds android.permission.SET_PREFERRED_APPLICATIONS
01-01 08:06:14.294 1100 1100 W android.permission.PermissionManager: Missing ActivityManager; assuming 1000 holds android.permission.SET_PREFERRED_APPLICATIONS
01-01 08:06:14.294 1100 1100 W android.permission.PermissionManager: Missing ActivityManager; assuming 1000 holds android.permission.SET_PREFERRED_APPLICATIONS
01-01 08:06:14.294 1100 1100 W android.permission.PermissionManager: Missing ActivityManager; assuming 1000 holds android.permission.SET_PREFERRED_APPLICATIONS
01-01 08:06:14.295 1100 1100 W android.permission.PermissionManager: Missing ActivityManager; assuming 1000 holds android.permission.SET_PREFERRED_APPLICATIONS
01-01 08:06:14.295 1100 1100 W android.permission.PermissionManager: Missing ActivityManager; assuming 1000 holds android.permission.SET_PREFERRED_APPLICATIONS
01-01 08:06:14.295 1100 1100 W android.permission.PermissionManager: Missing ActivityManager; assuming 1000 holds android.permission.SET_PREFERRED_APPLICATIONS
01-01 08:06:14.295 1100 1100 W android.permission.PermissionManager: Missing ActivityManager; assuming 1000 holds android.permission.SET_PREFERRED_APPLICATIONS
01-01 08:06:14.296 1100 1100 W android.permission.PermissionManager: Missing ActivityManager; assuming 1000 holds android.permission.SET_PREFERRED_APPLICATIONS
01-01 08:06:14.296 1100 1100 W android.permission.PermissionManager: Missing ActivityManager; assuming 1000 holds android.permission.SET_PREFERRED_APPLICATIONS
01-01 08:06:14.296 1100 1100 W android.permission.PermissionManager: Missing ActivityManager; assuming 1000 holds android.permission.SET_PREFERRED_APPLICATIONS
01-01 08:06:14.297 1100 1100 W android.permission.PermissionManager: Missing ActivityManager; assuming 1000 holds android.permission.SET_PREFERRED_APPLICATIONS
01-01 08:06:14.297 1100 1100 W android.permission.PermissionManager: Missing ActivityManager; assuming 1000 holds android.permission.SET_PREFERRED_APPLICATIONS
01-01 08:06:14.297 1100 1100 W android.permission.PermissionManager: Missing ActivityManager; assuming 1000 holds android.permission.SET_PREFERRED_APPLICATIONS
01-01 08:06:14.298 1100 1100 W android.permission.PermissionManager: Missing ActivityManager; assuming 1000 holds android.permission.SET_PREFERRED_APPLICATIONS
01-01 08:06:14.298 1100 1100 W android.permission.PermissionManager: Missing ActivityManager; assuming 1000 holds android.permission.SET_PREFERRED_APPLICATIONS
01-01 08:06:14.298 1100 1100 W android.permission.PermissionManager: Missing ActivityManager; assuming 1000 holds android.permission.SET_PREFERRED_APPLICATIONS
01-01 08:06:14.299 1100 1100 W android.permission.PermissionManager: Missing ActivityManager; assuming 1000 holds android.permission.SET_PREFERRED_APPLICATIONS
01-01 08:06:14.299 1100 1100 W android.permission.PermissionManager: Missing ActivityManager; assuming 1000 holds android.permission.SET_PREFERRED_APPLICATIONS
01-01 08:06:14.299 1100 1100 W android.permission.PermissionManager: Missing ActivityManager; assuming 1000 holds android.permission.SET_PREFERRED_APPLICATIONS
01-01 08:06:14.299 1100 1100 W android.permission.PermissionManager: Missing ActivityManager; assuming 1000 holds android.permission.SET_PREFERRED_APPLICATIONS
01-01 08:06:14.300 1100 1100 W android.permission.PermissionManager: Missing ActivityManager; assuming 1000 holds android.permission.SET_PREFERRED_APPLICATIONS
01-01 08:06:14.301 1100 1100 W android.permission.PermissionManager: Missing ActivityManager; assuming 1000 holds android.permission.SET_PREFERRED_APPLICATIONS
01-01 08:06:14.301 1100 1100 W android.permission.PermissionManager: Missing ActivityManager; assuming 1000 holds android.permission.SET_PREFERRED_APPLICATIONS
01-01 08:06:14.302 1100 1100 W android.permission.PermissionManager: Missing ActivityManager; assuming 1000 holds android.permission.SET_PREFERRED_APPLICATIONS
01-01 08:06:14.302 1100 1100 W android.permission.PermissionManager: Missing ActivityManager; assuming 1000 holds android.permission.SET_PREFERRED_APPLICATIONS
01-01 08:06:14.302 1100 1100 W android.permission.PermissionManager: Missing ActivityManager; assuming 1000 holds android.permission.SET_PREFERRED_APPLICATIONS
01-01 08:06:14.303 1100 1100 W android.permission.PermissionManager: Missing ActivityManager; assuming 1000 holds android.permission.SET_PREFERRED_APPLICATIONS
01-01 08:06:14.303 1100 1100 W android.permission.PermissionManager: Missing ActivityManager; assuming 1000 holds android.permission.SET_PREFERRED_APPLICATIONS
01-01 08:06:14.304 1100 1100 W android.permission.PermissionManager: Missing ActivityManager; assuming 1000 holds android.permission.SET_PREFERRED_APPLICATIONS
01-01 08:06:14.304 1100 1100 W android.permission.PermissionManager: Missing ActivityManager; assuming 1000 holds android.permission.SET_PREFERRED_APPLICATIONS
01-01 08:06:14.304 1100 1100 W android.permission.PermissionManager: Missing ActivityManager; assuming 1000 holds android.permission.SET_PREFERRED_APPLICATIONS
01-01 08:06:14.305 1100 1100 W android.permission.PermissionManager: Missing ActivityManager; assuming 1000 holds android.permission.SET_PREFERRED_APPLICATIONS
01-01 08:06:14.298 0 0 I ueventd : firmware: loading 'qca6390/regdb.bin' for '/devices/platform/soc/b0000000.qcom,cnss-qca6390/firmware/qca6390!regdb.bin'
01-01 08:06:14.299 0 0 E ueventd : firmware: could not find firmware for qca6390/regdb.bin
01-01 08:06:14.305 1100 1100 W android.permission.PermissionManager: Missing ActivityManager; assuming 1000 holds android.permission.SET_PREFERRED_APPLICATIONS
01-01 08:06:14.305 1100 1100 W android.permission.PermissionManager: Missing ActivityManager; assuming 1000 holds android.permission.SET_PREFERRED_APPLICATIONS
01-01 08:06:14.306 1100 1100 W android.permission.PermissionManager: Missing ActivityManager; assuming 1000 holds android.permission.SET_PREFERRED_APPLICATIONS
01-01 08:06:14.306 1100 1100 W android.permission.PermissionManager: Missing ActivityManager; assuming 1000 holds android.permission.SET_PREFERRED_APPLICATIONS
01-01 08:06:14.307 1100 1100 W android.permission.PermissionManager: Missing ActivityManager; assuming 1000 holds android.permission.SET_PREFERRED_APPLICATIONS
01-01 08:06:14.308 1100 1100 W android.permission.PermissionManager: Missing ActivityManager; assuming 1000 holds android.permission.SET_PREFERRED_APPLICATIONS
01-01 08:06:14.309 1100 1100 W android.permission.PermissionManager: Missing ActivityManager; assuming 1000 holds android.permission.SET_PREFERRED_APPLICATIONS
01-01 08:06:14.310 1100 1100 W android.permission.PermissionManager: Missing ActivityManager; assuming 1000 holds android.permission.SET_PREFERRED_APPLICATIONS
01-01 08:06:14.310 1100 1100 W android.permission.PermissionManager: Missing ActivityManager; assuming 1000 holds android.permission.SET_PREFERRED_APPLICATIONS
01-01 08:06:14.311 1100 1100 W android.permission.PermissionManager: Missing ActivityManager; assuming 1000 holds android.permission.SET_PREFERRED_APPLICATIONS
01-01 08:06:14.311 1100 1100 W android.permission.PermissionManager: Missing ActivityManager; assuming 1000 holds android.permission.SET_PREFERRED_APPLICATIONS
01-01 08:06:14.312 1100 1100 W android.permission.PermissionManager: Missing ActivityManager; assuming 1000 holds android.permission.SET_PREFERRED_APPLICATIONS
01-01 08:06:14.312 1100 1100 W android.permission.PermissionManager: Missing ActivityManager; assuming 1000 holds android.permission.SET_PREFERRED_APPLICATIONS
01-01 08:06:14.313 1100 1100 W android.permission.PermissionManager: Missing ActivityManager; assuming 1000 holds android.permission.SET_PREFERRED_APPLICATIONS
01-01 08:06:14.313 1100 1100 W android.permission.PermissionManager: Missing ActivityManager; assuming 1000 holds android.permission.SET_PREFERRED_APPLICATIONS
01-01 08:06:14.313 1100 1100 W android.permission.PermissionManager: Missing ActivityManager; assuming 1000 holds android.permission.SET_PREFERRED_APPLICATIONS
01-01 08:06:14.314 1100 1100 W android.permission.PermissionManager: Missing ActivityManager; assuming 1000 holds android.permission.SET_PREFERRED_APPLICATIONS
01-01 08:06:14.314 1100 1100 W android.permission.PermissionManager: Missing ActivityManager; assuming 1000 holds android.permission.SET_PREFERRED_APPLICATIONS
01-01 08:06:14.314 1100 1100 W android.permission.PermissionManager: Missing ActivityManager; assuming 1000 holds android.permission.SET_PREFERRED_APPLICATIONS
01-01 08:06:14.315 1100 1100 W android.permission.PermissionManager: Missing ActivityManager; assuming 1000 holds android.permission.SET_PREFERRED_APPLICATIONS
01-01 08:06:14.315 1100 1100 W android.permission.PermissionManager: Missing ActivityManager; assuming 1000 holds android.permission.SET_PREFERRED_APPLICATIONS
01-01 08:06:14.316 1100 1100 W android.permission.PermissionManager: Missing ActivityManager; assuming 1000 holds android.permission.SET_PREFERRED_APPLICATIONS
01-01 08:06:14.316 1100 1100 W android.permission.PermissionManager: Missing ActivityManager; assuming 1000 holds android.permission.SET_PREFERRED_APPLICATIONS
01-01 08:06:14.317 1100 1100 W android.permission.PermissionManager: Missing ActivityManager; assuming 1000 holds android.permission.SET_PREFERRED_APPLICATIONS
01-01 08:06:14.307 0 0 E ueventd : firmware: attempted /etc/firmware/qca6390/regdb.bin, open failed: No such file or directory
01-01 08:06:14.317 1100 1100 W android.permission.PermissionManager: Missing ActivityManager; assuming 1000 holds android.permission.SET_PREFERRED_APPLICATIONS
01-01 08:06:14.317 1100 1100 W android.permission.PermissionManager: Missing ActivityManager; assuming 1000 holds android.permission.SET_PREFERRED_APPLICATIONS
01-01 08:06:14.318 1100 1100 W android.permission.PermissionManager: Missing ActivityManager; assuming 1000 holds android.permission.SET_PREFERRED_APPLICATIONS
01-01 08:06:14.318 1100 1100 W android.permission.PermissionManager: Missing ActivityManager; assuming 1000 holds android.permission.SET_PREFERRED_APPLICATIONS
01-01 08:06:14.318 1100 1100 W android.permission.PermissionManager: Missing ActivityManager; assuming 1000 holds android.permission.SET_PREFERRED_APPLICATIONS
01-01 08:06:14.319 1100 1100 W android.permission.PermissionManager: Missing ActivityManager; assuming 1000 holds android.permission.SET_PREFERRED_APPLICATIONS
01-01 08:06:14.319 1100 1100 W android.permission.PermissionManager: Missing ActivityManager; assuming 1000 holds android.permission.SET_PREFERRED_APPLICATIONS
01-01 08:06:14.320 1100 1100 W android.permission.PermissionManager: Missing ActivityManager; assuming 1000 holds android.permission.SET_PREFERRED_APPLICATIONS
01-01 08:06:14.320 1100 1100 W android.permission.PermissionManager: Missing ActivityManager; assuming 1000 holds android.permission.SET_PREFERRED_APPLICATIONS
01-01 08:06:14.320 1100 1100 W android.permission.PermissionManager: Missing ActivityManager; assuming 1000 holds android.permission.SET_PREFERRED_APPLICATIONS
01-01 08:06:14.321 1100 1100 W android.permission.PermissionManager: Missing ActivityManager; assuming 1000 holds android.permission.SET_PREFERRED_APPLICATIONS
01-01 08:06:14.321 1100 1100 W android.permission.PermissionManager: Missing ActivityManager; assuming 1000 holds android.permission.SET_PREFERRED_APPLICATIONS
01-01 08:06:14.321 1100 1100 W android.permission.PermissionManager: Missing ActivityManager; assuming 1000 holds android.permission.SET_PREFERRED_APPLICATIONS
01-01 08:06:14.322 1100 1100 W android.permission.PermissionManager: Missing ActivityManager; assuming 1000 holds android.permission.SET_PREFERRED_APPLICATIONS
01-01 08:06:14.322 1100 1100 W android.permission.PermissionManager: Missing ActivityManager; assuming 1000 holds android.permission.SET_PREFERRED_APPLICATIONS
01-01 08:06:14.323 1100 1100 W android.permission.PermissionManager: Missing ActivityManager; assuming 1000 holds android.permission.SET_PREFERRED_APPLICATIONS
01-01 08:06:14.323 1100 1100 W android.permission.PermissionManager: Missing ActivityManager; assuming 1000 holds android.permission.SET_PREFERRED_APPLICATIONS
01-01 08:06:14.323 1100 1100 W android.permission.PermissionManager: Missing ActivityManager; assuming 1000 holds android.permission.SET_PREFERRED_APPLICATIONS
01-01 08:06:14.324 1100 1100 W android.permission.PermissionManager: Missing ActivityManager; assuming 1000 holds android.permission.SET_PREFERRED_APPLICATIONS
01-01 08:06:14.324 1100 1100 W android.permission.PermissionManager: Missing ActivityManager; assuming 1000 holds android.permission.SET_PREFERRED_APPLICATIONS
01-01 08:06:14.325 1100 1100 W android.permission.PermissionManager: Missing ActivityManager; assuming 1000 holds android.permission.SET_PREFERRED_APPLICATIONS
01-01 08:06:14.317 0 0 E ueventd : firmware: attempted /odm/firmware/qca6390/regdb.bin, open failed: No such file or directory
01-01 08:06:14.325 1100 1100 W android.permission.PermissionManager: Missing ActivityManager; assuming 1000 holds android.permission.SET_PREFERRED_APPLICATIONS
01-01 08:06:14.325 1100 1100 W android.permission.PermissionManager: Missing ActivityManager; assuming 1000 holds android.permission.SET_PREFERRED_APPLICATIONS
01-01 08:06:14.326 1100 1100 W android.permission.PermissionManager: Missing ActivityManager; assuming 1000 holds android.permission.SET_PREFERRED_APPLICATIONS
01-01 08:06:14.326 1100 1100 W android.permission.PermissionManager: Missing ActivityManager; assuming 1000 holds android.permission.SET_PREFERRED_APPLICATIONS
01-01 08:06:14.326 1100 1100 W android.permission.PermissionManager: Missing ActivityManager; assuming 1000 holds android.permission.SET_PREFERRED_APPLICATIONS
01-01 08:06:14.327 1100 1100 W android.permission.PermissionManager: Missing ActivityManager; assuming 1000 holds android.permission.SET_PREFERRED_APPLICATIONS
01-01 08:06:14.327 1100 1100 W android.permission.PermissionManager: Missing ActivityManager; assuming 1000 holds android.permission.SET_PREFERRED_APPLICATIONS
01-01 08:06:14.327 1100 1100 W android.permission.PermissionManager: Missing ActivityManager; assuming 1000 holds android.permission.SET_PREFERRED_APPLICATIONS
01-01 08:06:14.328 1100 1100 W android.permission.PermissionManager: Missing ActivityManager; assuming 1000 holds android.permission.SET_PREFERRED_APPLICATIONS
01-01 08:06:14.328 1100 1100 W android.permission.PermissionManager: Missing ActivityManager; assuming 1000 holds android.permission.SET_PREFERRED_APPLICATIONS
01-01 08:06:14.329 1100 1100 W android.permission.PermissionManager: Missing ActivityManager; assuming 1000 holds android.permission.SET_PREFERRED_APPLICATIONS
01-01 08:06:14.329 1100 1100 W android.permission.PermissionManager: Missing ActivityManager; assuming 1000 holds android.permission.SET_PREFERRED_APPLICATIONS
01-01 08:06:14.330 1100 1100 W android.permission.PermissionManager: Missing ActivityManager; assuming 1000 holds android.permission.SET_PREFERRED_APPLICATIONS
01-01 08:06:14.330 1100 1100 W android.permission.PermissionManager: Missing ActivityManager; assuming 1000 holds android.permission.SET_PREFERRED_APPLICATIONS
01-01 08:06:14.330 1100 1100 W android.permission.PermissionManager: Missing ActivityManager; assuming 1000 holds android.permission.SET_PREFERRED_APPLICATIONS
01-01 08:06:14.331 1100 1100 W android.permission.PermissionManager: Missing ActivityManager; assuming 1000 holds android.permission.SET_PREFERRED_APPLICATIONS
01-01 08:06:14.331 1100 1100 W android.permission.PermissionManager: Missing ActivityManager; assuming 1000 holds android.permission.SET_PREFERRED_APPLICATIONS
01-01 08:06:14.331 1100 1100 W android.permission.PermissionManager: Missing ActivityManager; assuming 1000 holds android.permission.SET_PREFERRED_APPLICATIONS
01-01 08:06:14.332 1100 1100 W android.permission.PermissionManager: Missing ActivityManager; assuming 1000 holds android.permission.SET_PREFERRED_APPLICATIONS
01-01 08:06:14.332 1100 1100 W android.permission.PermissionManager: Missing ActivityManager; assuming 1000 holds android.permission.SET_PREFERRED_APPLICATIONS
01-01 08:06:14.333 1100 1100 W android.permission.PermissionManager: Missing ActivityManager; assuming 1000 holds android.permission.SET_PREFERRED_APPLICATIONS
01-01 08:06:14.333 1100 1100 W android.permission.PermissionManager: Missing ActivityManager; assuming 1000 holds android.permission.SET_PREFERRED_APPLICATIONS
01-01 08:06:14.333 1100 1100 W android.permission.PermissionManager: Missing ActivityManager; assuming 1000 holds android.permission.SET_PREFERRED_APPLICATIONS
01-01 08:06:14.334 1100 1100 W android.permission.PermissionManager: Missing ActivityManager; assuming 1000 holds android.permission.SET_PREFERRED_APPLICATIONS
01-01 08:06:14.334 1100 1100 W android.permission.PermissionManager: Missing ActivityManager; assuming 1000 holds android.permission.SET_PREFERRED_APPLICATIONS
01-01 08:06:14.334 1100 1100 W android.permission.PermissionManager: Missing ActivityManager; assuming 1000 holds android.permission.SET_PREFERRED_APPLICATIONS
01-01 08:06:14.335 1100 1100 W android.permission.PermissionManager: Missing ActivityManager; assuming 1000 holds android.permission.SET_PREFERRED_APPLICATIONS
01-01 08:06:14.335 1100 1100 W android.permission.PermissionManager: Missing ActivityManager; assuming 1000 holds android.permission.SET_PREFERRED_APPLICATIONS
01-01 08:06:14.336 1100 1100 W android.permission.PermissionManager: Missing ActivityManager; assuming 1000 holds android.permission.SET_PREFERRED_APPLICATIONS
01-01 08:06:14.336 1100 1100 W android.permission.PermissionManager: Missing ActivityManager; assuming 1000 holds android.permission.SET_PREFERRED_APPLICATIONS
01-01 08:06:14.336 1100 1100 W android.permission.PermissionManager: Missing ActivityManager; assuming 1000 holds android.permission.SET_PREFERRED_APPLICATIONS
01-01 08:06:14.337 1100 1100 W android.permission.PermissionManager: Missing ActivityManager; assuming 1000 holds android.permission.SET_PREFERRED_APPLICATIONS
01-01 08:06:14.337 1100 1100 W android.permission.PermissionManager: Missing ActivityManager; assuming 1000 holds android.permission.SET_PREFERRED_APPLICATIONS
01-01 08:06:14.337 1100 1100 W android.permission.PermissionManager: Missing ActivityManager; assuming 1000 holds android.permission.SET_PREFERRED_APPLICATIONS
01-01 08:06:14.338 1100 1100 W android.permission.PermissionManager: Missing ActivityManager; assuming 1000 holds android.permission.SET_PREFERRED_APPLICATIONS
01-01 08:06:14.329 0 0 E ueventd : firmware: attempted /vendor/firmware/qca6390/regdb.bin, open failed: No such file or directory
01-01 08:06:14.340 0 0 E ueventd : firmware: attempted /firmware/image/qca6390/regdb.bin, open failed: No such file or directory
01-01 08:06:14.350 0 0 E ueventd : firmware: attempted /vendor/firmware_mnt/image/qca6390/regdb.bin, open failed: No such file or directory
01-01 08:06:14.362 0 0 I ueventd : loading /devices/platform/soc/b0000000.qcom,cnss-qca6390/firmware/qca6390!regdb.bin took 64ms
01-01 08:06:14.363 0 0 E cnss : Failed to load BDF: qca6390/regdb.bin
01-01 08:06:14.370 0 0 D cnss : Sending BDF download message, state: 0xb, type: 1
01-01 08:06:14.370 0 0 D cnss : FW name added with prefix: qca6390/bdwlan.elf
01-01 08:06:14.370 0 0 W cnss2 b0000000.qcom,cnss-qca6390: Falling back to syfs fallback for: qca6390/bdwlan.elf
01-01 08:06:14.378 0 0 I ueventd : firmware: loading 'qca6390/bdwlan.elf' for '/devices/platform/soc/b0000000.qcom,cnss-qca6390/firmware/qca6390!bdwlan.elf'
01-01 08:06:14.389 0 0 D cnss : Downloading BDF: qca6390/bdwlan.elf, size: 57908
01-01 08:06:14.390 0 0 W QSEECOM : qseecom_load_app: App with id 6 (fingerpr) now loaded
01-01 08:06:14.392 0 0 I ueventd : loading /devices/platform/soc/b0000000.qcom,cnss-qca6390/firmware/qca6390!bdwlan.elf took 12ms
01-01 08:06:14.399 1100 1100 W PackageSettings: Missing permission state for package: android.frameworkres.overlay
01-01 08:06:14.399 1100 1100 W PackageSettings: Missing permission state for package: com.android.cts.priv.ctsshim
01-01 08:06:14.399 1100 1100 W PackageSettings: Missing permission state for package: com.thundercomm.gamemode.provider
01-01 08:06:14.400 1100 1100 W PackageSettings: Missing permission state for package: com.android.internal.systemui.navbar.gestural_wide_back
01-01 08:06:14.400 1100 1100 W PackageSettings: Missing permission state for package: com.qualcomm.qti.gpudrivers.kona.api30
01-01 08:06:14.400 1100 1100 W PackageSettings: Missing permission state for package: com.android.htmlviewer
01-01 08:06:14.400 1100 1100 W PackageSettings: Missing permission state for package: com.android.internal.systemui.onehanded.gestural
01-01 08:06:14.400 1100 1100 W PackageSettings: Missing permission state for package: com.qualcomm.qti.optinoverlay
01-01 08:06:14.400 1100 1100 W PackageSettings: Missing permission state for package: android.qvaoverlay.common
01-01 08:06:14.400 1100 1100 W PackageSettings: Missing permission state for package: android.overlay.common
01-01 08:06:14.400 1100 1100 W PackageSettings: Missing permission state for package: com.android.connectivity.resources
01-01 08:06:14.400 1100 1100 W PackageSettings: Missing permission state for package: com.android.modulemetadata
01-01 08:06:14.401 1100 1100 W PackageSettings: Missing permission state for package: android.overlay.target
01-01 08:06:14.401 1100 1100 W PackageSettings: Missing permission state for package: com.android.internal.systemui.navbar.gestural_extra_wide_back
01-01 08:06:14.401 1100 1100 W PackageSettings: Missing permission state for package: com.android.wifi.resources.overlay.common
01-01 08:06:14.401 1100 1100 W PackageSettings: Missing permission state for package: com.android.dreams.basic
01-01 08:06:14.401 1100 1100 W PackageSettings: Missing permission state for package: com.android.settings.overlay.common
01-01 08:06:14.401 1100 1100 W PackageSettings: Missing permission state for package: android.ext.shared
01-01 08:06:14.401 1100 1100 W PackageSettings: Missing permission state for package: com.android.wifi.resources.overlay.target
01-01 08:06:14.401 1100 1100 W PackageSettings: Missing permission state for package: com.android.wifi.resources
01-01 08:06:14.401 1100 1100 W PackageSettings: Missing permission state for package: com.android.systemui.overlay.common
01-01 08:06:14.401 1100 1100 W PackageSettings: Missing permission state for package: com.android.cameraextensions
01-01 08:06:14.401 1100 1100 W PackageSettings: Missing permission state for package: com.android.theme.font.notoserifsource
01-01 08:06:14.401 1100 1100 W PackageSettings: Missing permission state for package: com.android.internal.display.cutout.emulation.waterfall
01-01 08:06:14.401 1100 1100 W PackageSettings: Missing permission state for package: com.android.providers.settings.overlay
01-01 08:06:14.402 1100 1100 W PackageSettings: Missing permission state for package: com.android.bookmarkprovider
01-01 08:06:14.402 1100 1100 W PackageSettings: Missing permission state for package: com.android.cts.ctsshim
01-01 08:06:14.402 1100 1100 W PackageSettings: Missing permission state for package: com.qualcomm.qti.xrcb
01-01 08:06:14.402 1100 1100 W PackageSettings: Missing permission state for package: com.android.internal.systemui.navbar.gestural
01-01 08:06:14.402 1100 1100 W PackageSettings: Missing permission state for package: com.android.internal.systemui.navbar.gestural_narrow_back
01-01 08:06:14.402 1100 1100 W PackageSettings: Missing permission state for package: com.android.cellbroadcastreceiver.overlay.common
01-01 08:06:14.402 1100 1100 W PackageSettings: Missing permission state for shared user: android.uid.log
01-01 08:06:14.402 1100 1100 W PackageSettings: Missing permission state for shared user: android.uid.uwb
01-01 08:06:14.429 0 0 W QSEECOM : __qseecom_reentrancy_process_incomplete_cmd: send lsr 11 rsp, but app 6 block on lsr 10
01-01 08:06:14.430 0 0 W QSEECOM : __qseecom_process_reentrancy_blocked_on_listener: Lsntr 10 in_use 1, block session(1) app(6)
01-01 08:06:14.434 0 0 W QSEECOM : __qseecom_process_reentrancy_blocked_on_listener: Lsntr 10 is available, unblock session(1) app(6)
01-01 08:06:14.461 0 0 D cnss : FW name added with prefix: qca6390/m3.bin
01-01 08:06:14.461 0 0 W cnss_pci 0000: 01:00.0: Falling back to syfs fallback for: qca6390/m3.bin
01-01 08:06:14.466 1100 1100 D PackageManagerTiming: read user settings took to complete: 257ms
01-01 08:06:14.478 1100 1100 I boot_progress_pms_system_scan_start: 42605
01-01 08:06:14.485 1100 1100 D PackageManager: Keeping known cache 6fa228c41ea29a9613211edc939bb8decb112449
01-01 08:06:14.490 0 0 D cnss : Sending M3 information message, state: 0xb
01-01 08:06:14.490 0 0 D cnss : M3 memory, va: 0xffffff80223f5000, pa: 0x00000000a1800000, size: 0x411bc
01-01 08:06:14.493 1100 1100 W android.permission.PermissionManager: Missing ActivityManager; assuming 1000 holds android.permission.WATCH_APPOPS
01-01 08:06:14.493 1100 1100 W android.permission.PermissionManager: Missing ActivityManager; assuming 1000 holds android.permission.WATCH_APPOPS
01-01 08:06:14.495 0 0 D cnss : PM relax, state: 0xb, count: 0
01-01 08:06:14.495 0 0 D cnss : Received QMI WLFW FW initialization done indication
01-01 08:06:14.496 0 0 D cnss : Posting event: FW_READY(4), state: 0xb flags: 0x0
01-01 08:06:14.496 0 0 D cnss : PM stay awake, state: 0xb, count: 1
01-01 08:06:14.496 0 0 D cnss : PM relax, state: 0xb, count: 0
01-01 08:06:14.496 0 0 D cnss : PM stay awake, state: 0xb, count: 1
01-01 08:06:14.496 0 0 D cnss : Processing driver event: FW_READY(4), state: 0xb
01-01 08:06:14.496 0 0 D cnss : PCIE Gen speed not setup
01-01 08:06:14.496 0 0 D cnss : Sending antenna switch sync request, state: 0xf
01-01 08:06:14.501 0 0 E cnss : Antenna switch request failed, result: 1, err: 94
01-01 08:06:14.508 0 0 D cnss : Sending mode message, mode: CALIBRATION(7), state: 0xf
01-01 08:06:14.523 1100 1100 D CompatibilityChangeReporter: Compat change id reported: 143539591; UID -1; state: ENABLED
01-01 08:06:14.570 1100 1100 D CompatibilityChangeReporter: Compat change id reported: 143539591; UID -1; state: DISABLED
01-01 08:06:14.570 0 0 W QSEECOM : __qseecom_unload_app: App (6) is unloaded
01-01 08:06:14.571 0 0 D qbt : qbt_release: entry minor_no=0 fd_available=0
01-01 08:06:14.571 0 0 D qbt : qbt_release: Releasing wakelock
01-01 08:06:14.571 0 0 D qbt : qbt_release: exit : fd_available=1
01-01 08:06:14.571 0 0 D qbt : qbt_release: entry minor_no=1 fd_available=1
01-01 08:06:14.571 0 0 D qbt : qbt_release: exit : fd_available=1
01-01 08:06:14.571 1100 1100 D CompatibilityChangeReporter: Compat change id reported: 168782947; UID -1; state: ENABLED
01-01 08:06:14.584 1100 1100 W PackageManager: Failed to parse /system/framework/arm: Missing base APK in /system/framework/arm
01-01 08:06:14.584 1100 1100 W PackageManager: Failed to parse /system/framework/oat: Missing base APK in /system/framework/oat
01-01 08:06:14.584 1100 1100 W PackageManager: Failed to parse /system/framework/arm64: Missing base APK in /system/framework/arm64
