01-19 11:28:10.711 2993 3421 W ModernMediaScanner: Failed to visit /oem/media: java.nio.file.NoSuchFileException: /oem/media
01-19 11:28:10.713 3370 3370 V GraphicsEnvironment: ANGLE GameManagerService for com.android.traceur: false
01-19 11:28:10.713 2993 3421 I MediaProvider: Scanned internal due to REASON_MOUNTED, found 0 items in 2ms, 0 inserts 0 updates 0 deletes
01-19 11:28:10.718 3370 3370 D NetworkSecurityConfig: No Network Security Config specified, using platform default
01-19 11:28:10.719 3370 3370 D NetworkSecurityConfig: No Network Security Config specified, using platform default
01-19 11:28:10.728 1291 1788 I ExtendedUtils: printFileName fd(12) -> /product/media/audio/ringtones/CanisMajor.ogg
01-19 11:28:10.734 1461 1504 D LOWI-9.0.0.87.a: [LOWINetlinkSocketReceiver] unpackRTMLinkMessage: RTM_NEWLINK - ifname vlan1, flags 0x11043 ([UP][RUNNING])
01-19 11:28:10.734 1100 1200 I EthernetTracker: interfaceLinkStateChanged, iface: vlan1, up: true
01-19 11:28:10.743 1284 1321 I MMParserExtractor: Created(0xb400007cc38dd630)
01-19 11:28:10.743 3286 3352 I LatinIME:LogUtils: Dictionary info: dictionary = main:en ; version = 54 ; date = 1414726273
01-19 11:28:10.746 3366 3435 I ContactLocale: AddressBook Labels [[zh_CN]]: […, A, B, C, D, E, F, G, H, I, J, K, L, M, N, O, P, Q, R, S, T, U, V, W, X, Y, Z, Α, Β, Γ, Δ, Ε, Ζ, Η, Θ, Ι, Κ, Λ, Μ, Ν, Ξ, Ο, Π, Ρ, Σ, Τ, Υ, Φ, Χ, Ψ, Ω, …, А, Б, В, Г, Д, Ђ, Е, Є, Ж, З, И, І, Й, Ј, К, Л, Љ, М, Н, Њ, О, П, Р, С, Т, Ћ, У, Ф, Х, Ц, Ч, Џ, Ш, Щ, Ю, Я, …, א, ב, ג, ד, ה, ו, ז, ח, ט, י, כ, ל, מ, נ, ס, ע, פ, צ, ק, ר, ש, ת, …, ا, ب, ت, ث, ج, ح, خ, د, ذ, ر, ز, س, ش, ص, ض, ط, ظ, ع, غ, ف, ق, ك, ل, م, ن, ه, و, ي, …, ก, ข, ฃ, ค, ฅ, ฆ, ง, จ, ฉ, ช, ซ, ฌ, ญ, ฎ, ฏ, ฐ, ฑ, ฒ, ณ, ด, ต, ถ, ท, ธ, น, บ, ป, ผ, ฝ, พ, ฟ, ภ, ม, ย, ร, ฤ, ล, ฦ, ว, ศ, ษ, ส, ห, ฬ, อ, ฮ, …, ㄱ, ㄴ, ㄷ, ㄹ, ㅁ, ㅂ, ㅅ, ㅇ, ㅈ, ㅊ, ㅋ, ㅌ, ㅍ, ㅎ, …, あ, か, さ, た, な, は, ま, や, ら, わ, #, …]
01-19 11:28:10.762 3370 3370 I Traceur : Received BOOT_COMPLETE
01-19 11:28:10.766 1100 1947 I GameModeConfig: isGameModeOn = false
01-19 11:28:10.766 1100 1947 I GameModeConfig: isGameModeOn = false
01-19 11:28:10.766 1100 1947 I GameModeConfig: isGameModeOn = false
01-19 11:28:10.766 1100 1947 I GameModeConfig: isGameModeOn = false
01-19 11:28:10.771 3366 3435 D ContactsDatabaseHelper: WAL enabled for profile.db: false
01-19 11:28:10.772 1461 1504 D LOWI-9.0.0.87.a: [LOWINetlinkSocketReceiver] unpackRTMLinkMessage: RTM_NEWLINK - ifname vlan1, flags 0x11043 ([UP][RUNNING])
01-19 11:28:10.781 1100 1200 I EthernetTracker: interfaceLinkStateChanged, iface: vlan1, up: true
01-19 11:28:10.796 1291 3448 I ExtendedUtils: printFileName fd(12) -> /product/media/audio/ringtones/hydra.ogg
01-19 11:28:10.800 1100 3012 D CompatibilityChangeReporter: Compat change id reported: 135634846; UID 1000; state: DISABLED
01-19 11:28:10.801 1100 3012 D CompatibilityChangeReporter: Compat change id reported: 177438394; UID 1000; state: DISABLED
01-19 11:28:10.801 1100 3012 D CompatibilityChangeReporter: Compat change id reported: 135772972; UID 1000; state: DISABLED
01-19 11:28:10.801 1100 3012 D CompatibilityChangeReporter: Compat change id reported: 135754954; UID 1000; state: DISABLED
01-19 11:28:10.816 1284 1321 I MMParserExtractor: Created(0xb400007cc38dd630)
01-19 11:28:10.840 678 678 D Zygote : Forked child process 3452
01-19 11:28:10.841 1100 1216 I am_proc_start: [0,3452,1000,com.qualcomm.qti.qmmi,broadcast,{com.qualcomm.qti.qmmi/com.qualcomm.qti.qmmi.framework.QmmiReceiver}]
01-19 11:28:10.841 1100 1216 I ActivityManager: Start proc 3452:com.qualcomm.qti.qmmi/1000 for broadcast {com.qualcomm.qti.qmmi/com.qualcomm.qti.qmmi.framework.QmmiReceiver}
01-01 08:06:27.275 0 0 I init : Service 'qcom-post-boot' (pid 2884) exited with status 0 oneshot service took 3.615000 seconds in background
01-01 08:06:27.275 0 0 I init : Sending signal 9 to service 'qcom-post-boot' (pid 2884) process group...
01-01 08:06:27.276 0 0 I libprocessgroup: Successfully killed process cgroup uid 0 pid 2884 in 0ms
01-19 11:28:10.855 3452 3452 I libc : SetHeapTaggingLevel: tag level set to 0
01-19 11:28:10.857 1291 3453 I ExtendedUtils: printFileName fd(12) -> /product/media/audio/ringtones/ANDROMEDA.ogg
01-19 11:28:10.859 3454 3454 I auditd : type=1400 audit(0.0:151): avc: denied { read } for comm="ip" name="rt_tables" dev="dm-10" ino=354 scontext=u:r:ethernet:s0 tcontext=u:object_r:net_data_file:s0 tclass=file permissive=0
01-19 11:28:10.859 3454 3454 W ip : type=1400 audit(0.0:151): avc: denied { read } for name="rt_tables" dev="dm-10" ino=354 scontext=u:r:ethernet:s0 tcontext=u:object_r:net_data_file:s0 tclass=file permissive=0
01-19 11:28:10.882 1284 1321 I MMParserExtractor: Created(0xb400007cc38dd630)
01-19 11:28:10.883 3455 3455 I auditd : type=1400 audit(0.0:152): avc: denied { read } for comm="ip" name="rt_tables" dev="dm-10" ino=354 scontext=u:r:ethernet:s0 tcontext=u:object_r:net_data_file:s0 tclass=file permissive=0
01-19 11:28:10.883 3455 3455 W ip : type=1400 audit(0.0:152): avc: denied { read } for name="rt_tables" dev="dm-10" ino=354 scontext=u:r:ethernet:s0 tcontext=u:object_r:net_data_file:s0 tclass=file permissive=0
01-01 08:06:27.327 0 0 I binder : 3452:3452 ioctl 40046210 7fdc700314 returned -22
01-19 11:28:10.891 2907 2922 I adbd : jdwp connection from 3452
01-19 11:28:10.892 3452 3452 D ProcessState: Binder ioctl to enable oneway spam detection failed: Invalid argument
01-19 11:28:10.898 1100 2707 I am_proc_bound: [0,3452,com.qualcomm.qti.qmmi]
01-19 11:28:10.900 1100 2707 D CompatibilityInfo: mCompatibilityFlags - 4
01-19 11:28:10.901 1100 2707 D CompatibilityInfo: applicationDensity - 240
01-19 11:28:10.901 1100 2707 D CompatibilityInfo: applicationScale - 1.0
01-19 11:28:10.903 1100 2707 D CompatibilityInfo: mCompatibilityFlags - 4
01-19 11:28:10.903 1100 2707 D CompatibilityInfo: applicationDensity - 240
01-19 11:28:10.903 1100 2707 D CompatibilityInfo: applicationScale - 1.0
01-19 11:28:10.907 1291 1291 I ExtendedUtils: printFileName fd(12) -> /product/media/audio/ringtones/Perseus.ogg
01-19 11:28:10.914 3452 3452 D CompatibilityChangeReporter: Compat change id reported: 171979766; UID 1000; state: DISABLED
01-19 11:28:10.937 3452 3452 D ApplicationLoaders: Returning zygote-cached class loader: /system/framework/android.test.base.jar
01-19 11:28:10.937 3452 3452 D ApplicationLoaders: Returning zygote-cached class loader: /system/framework/android.hidl.manager-V1.0-java.jar
01-19 11:28:10.937 3452 3452 D ApplicationLoaders: Returning zygote-cached class loader: /system/framework/android.hidl.base-V1.0-java.jar
01-19 11:28:10.958 1284 1321 I MMParserExtractor: Created(0xb400007cc38dd630)
01-19 11:28:10.985 1291 3471 I ExtendedUtils: printFileName fd(12) -> /product/media/audio/ringtones/UrsaMinor.ogg
01-19 11:28:10.988 1461 1504 D LOWI-9.0.0.87.a: [LOWINetlinkSocketReceiver] unpackRTMLinkMessage: RTM_NEWLINK - ifname vlan2, flags 0x11043 ([UP][RUNNING])
01-19 11:28:10.989 1100 1200 I EthernetTracker: interfaceLinkStateChanged, iface: vlan2, up: true
01-19 11:28:11.019 1461 1504 D LOWI-9.0.0.87.a: [LOWINetlinkSocketReceiver] unpackRTMLinkMessage: RTM_NEWLINK - ifname vlan2, flags 0x11043 ([UP][RUNNING])
01-19 11:28:11.020 1100 1200 I EthernetTracker: interfaceLinkStateChanged, iface: vlan2, up: true
01-19 11:28:11.023 1284 1321 I MMParserExtractor: Created(0xb400007cc38dd630)
01-19 11:28:11.066 1461 1504 D LOWI-9.0.0.87.a: [LOWINetlinkSocketReceiver] unpackRTMLinkMessage: RTM_NEWLINK - ifname vlan2, flags 0x11043 ([UP][RUNNING])
01-19 11:28:11.067 1100 1200 I EthernetTracker: interfaceLinkStateChanged, iface: vlan2, up: true
01-19 11:28:11.069 1100 2281 D CompatibilityChangeReporter: Compat change id reported: 172100307; UID 10100; state: DISABLED
01-19 11:28:11.072 3452 3452 I Perf : Connecting to perf service.
01-19 11:28:11.090 3452 3452 V GraphicsEnvironment: ANGLE Developer option for 'com.qualcomm.qti.qmmi' set to: 'default'
01-19 11:28:11.092 3452 3452 V GraphicsEnvironment: ANGLE GameManagerService for com.qualcomm.qti.qmmi: false
01-19 11:28:11.093 2993 3225 W MediaProvider: getVolumePath for unknown volume: internal
01-19 11:28:11.100 3452 3452 D NetworkSecurityConfig: No Network Security Config specified, using platform default
01-19 11:28:11.101 3452 3452 D NetworkSecurityConfig: No Network Security Config specified, using platform default
01-19 11:28:11.102 2993 3225 W MediaProvider: getVolumePath for unknown volume: internal
01-19 11:28:11.103 2993 3225 W MediaProvider: getVolumePath for unknown volume: internal
01-19 11:28:11.103 2993 3225 W MediaProvider: getVolumePath for unknown volume: internal
01-19 11:28:11.104 2993 3225 W MediaProvider: getVolumePath for unknown volume: internal
01-19 11:28:11.105 1461 1504 D LOWI-9.0.0.87.a: [LOWINetlinkSocketReceiver] unpackRTMLinkMessage: RTM_NEWLINK - ifname vlan2, flags 0x11043 ([UP][RUNNING])
01-19 11:28:11.105 1100 1200 I EthernetTracker: interfaceLinkStateChanged, iface: vlan2, up: true
01-19 11:28:11.126 3452 3452 I Qmmi : [Utils.java] [getSystemProperties] ro.bootmode=unknown
01-19 11:28:11.126 3452 3452 I Qmmi : [QmmiReceiver.java] [onReceive] bootmode:unknown
01-19 11:28:11.133 1100 2281 D CompatibilityChangeReporter: Compat change id reported: 168419799; UID 10072; state: DISABLED
01-19 11:28:11.133 1100 2281 D CompatibilityInfo: mCompatibilityFlags - 4
01-19 11:28:11.134 1100 2281 D CompatibilityInfo: applicationDensity - 240
01-19 11:28:11.134 1100 2281 D CompatibilityInfo: applicationScale - 1.0
01-19 11:28:11.136 2564 2564 D DeviceStatisticsBootReceiver: Boot complete received. Start DeviceStatisticsService
01-19 11:28:11.137 1100 2281 D CompatibilityInfo: mCompatibilityFlags - 4
01-19 11:28:11.137 1100 2281 D CompatibilityInfo: applicationDensity - 240
01-19 11:28:11.137 1100 2281 D CompatibilityInfo: applicationScale - 1.0
01-19 11:28:11.139 2564 2564 D DeviceStatisticsService: Service started
01-19 11:28:11.140 2564 2564 D AndroidRuntime: Shutting down VM --------- beginning of crash
01-19 11:28:11.140 2564 2564 E AndroidRuntime: FATAL EXCEPTION: main
01-19 11:28:11.140 2564 2564 E AndroidRuntime: Process: com.qualcomm.qti.devicestatisticsservice, PID: 2564
01-19 11:28:11.140 2564 2564 E AndroidRuntime: java.lang.NoClassDefFoundError: Failed resolution of: Landroid/hidl/manager/V1_0/IServiceNotification$Stub;
01-19 11:28:11.140 2564 2564 E AndroidRuntime: at com.qualcomm.qti.devicestatisticsservice.DeviceStatisticsService.onStartCommand(DeviceStatisticsService.java:83)
01-19 11:28:11.140 2564 2564 E AndroidRuntime: at android.app.ActivityThread.handleServiceArgs(ActivityThread.java:4640)
01-19 11:28:11.140 2564 2564 E AndroidRuntime: at android.app.ActivityThread.access$2000(ActivityThread.java:248)
01-19 11:28:11.140 2564 2564 E AndroidRuntime: at android.app.ActivityThread$H.handleMessage(ActivityThread.java:2092)
01-19 11:28:11.140 2564 2564 E AndroidRuntime: at android.os.Handler.dispatchMessage(Handler.java:106)
01-19 11:28:11.140 2564 2564 E AndroidRuntime: at android.os.Looper.loopOnce(Looper.java:201)
01-19 11:28:11.140 2564 2564 E AndroidRuntime: at android.os.Looper.loop(Looper.java:288)
01-19 11:28:11.140 2564 2564 E AndroidRuntime: at android.app.ActivityThread.main(ActivityThread.java:7880)
01-19 11:28:11.140 2564 2564 E AndroidRuntime: at java.lang.reflect.Method.invoke(Native Method)
01-19 11:28:11.140 2564 2564 E AndroidRuntime: at com.android.internal.os.RuntimeInit$MethodAndArgsCaller.run(RuntimeInit.java:548)
01-19 11:28:11.140 2564 2564 E AndroidRuntime: at com.android.internal.os.ZygoteInit.main(ZygoteInit.java:1009)
01-19 11:28:11.140 2564 2564 E AndroidRuntime: Caused by: java.lang.ClassNotFoundException: android.hidl.manager.V1_0.IServiceNotification$Stub
01-19 11:28:11.140 2564 2564 E AndroidRuntime: ... 11 more
01-19 11:28:11.141 1100 3012 I am_crash: [2564,0,com.qualcomm.qti.devicestatisticsservice,814235213,java.lang.ClassNotFoundException,android.hidl.manager.V1_0.IServiceNotification$Stub,DeviceStatisticsService.java,83]
01-19 11:28:11.144 2059 2059 D KeyguardViewMediator: adjustStatusBarLocked: mShowing=false mOccluded=false isSecure=false force=false --> flags=0x0
01-19 11:28:11.147 1461 1504 D LOWI-9.0.0.87.a: [LOWINetlinkSocketReceiver] unpackRTMLinkMessage: RTM_NEWLINK - ifname vlan2, flags 0x11043 ([UP][RUNNING])
01-19 11:28:11.148 1100 1200 I EthernetTracker: interfaceLinkStateChanged, iface: vlan2, up: true
01-19 11:28:11.150 1100 2281 D CompatibilityChangeReporter: Compat change id reported: 168419799; UID 1000; state: DISABLED
01-19 11:28:11.150 1100 2281 D CompatibilityInfo: mCompatibilityFlags - 4
01-19 11:28:11.150 1100 2281 D CompatibilityInfo: applicationDensity - 240
01-19 11:28:11.150 1100 2281 D CompatibilityInfo: applicationScale - 1.0
01-19 11:28:11.152 1291 3453 I ExtendedUtils: printFileName fd(12) -> /product/media/audio/notifications/Arcturus.ogg
01-19 11:28:11.152 1100 1100 D NetworkSecurityConfig: No Network Security Config specified, using platform default
01-19 11:28:11.153 1100 1100 E BootReceiver: Could not open /sys/kernel/tracing/instances/bootreceiver/trace_pipe
01-19 11:28:11.153 1100 1100 E BootReceiver: android.system.ErrnoException: open failed: ENOENT (No such file or directory)
01-19 11:28:11.153 1100 1100 E BootReceiver: at libcore.io.Linux.open(Native Method)
01-19 11:28:11.153 1100 1100 E BootReceiver: at libcore.io.ForwardingOs.open(ForwardingOs.java:567)
01-19 11:28:11.153 1100 1100 E BootReceiver: at libcore.io.BlockGuardOs.open(BlockGuardOs.java:273)
01-19 11:28:11.153 1100 1100 E BootReceiver: at android.system.Os.open(Os.java:501)
01-19 11:28:11.153 1100 1100 E BootReceiver: at com.android.server.BootReceiver.onReceive(BootReceiver.java:167)
01-19 11:28:11.153 1100 1100 E BootReceiver: at android.app.ActivityThread.handleReceiver(ActivityThread.java:4309)
01-19 11:28:11.153 1100 1100 E BootReceiver: at android.app.ActivityThread.access$1600(ActivityThread.java:248)
01-19 11:28:11.153 1100 1100 E BootReceiver: at android.app.ActivityThread$H.handleMessage(ActivityThread.java:2065)
01-19 11:28:11.153 1100 1100 E BootReceiver: at android.os.Handler.dispatchMessage(Handler.java:106)
01-19 11:28:11.153 1100 1100 E BootReceiver: at android.os.Looper.loopOnce(Looper.java:201)
01-19 11:28:11.153 1100 1100 E BootReceiver: at android.os.Looper.loop(Looper.java:288)
01-19 11:28:11.153 1100 1100 E BootReceiver: at com.android.server.SystemServer.run(SystemServer.java:909)
01-19 11:28:11.153 1100 1100 E BootReceiver: at com.android.server.SystemServer.main(SystemServer.java:616)
01-19 11:28:11.153 1100 1100 E BootReceiver: at java.lang.reflect.Method.invoke(Native Method)
01-19 11:28:11.153 1100 1100 E BootReceiver: at com.android.internal.os.RuntimeInit$MethodAndArgsCaller.run(RuntimeInit.java:548)
01-19 11:28:11.153 1100 1100 E BootReceiver: at com.android.internal.os.ZygoteInit.main(ZygoteInit.java:987)
01-19 11:28:11.154 1100 1214 I am_wtf : [0,1100,system_server,-1,BootReceiver,open failed: ENOENT (No such file or directory)]
01-19 11:28:11.155 1100 3012 I sysui_multi_action: [757,316,758,4,759,-1]
01-19 11:28:11.158 2564 2564 I Process : Sending signal. PID: 2564 SIG: 9
01-19 11:28:11.158 1100 1214 I DropBoxManagerService: add tag=system_server_wtf isTagEnabled=true flags=0x2
01-19 11:28:11.159 1100 3480 I DropBoxManagerService: add tag=system_app_crash isTagEnabled=true flags=0x2
01-19 11:28:11.161 1100 1100 D CompatibilityInfo: mCompatibilityFlags - 4
01-19 11:28:11.161 1100 1100 D CompatibilityInfo: applicationDensity - 240
01-19 11:28:11.161 1100 1100 D CompatibilityInfo: applicationScale - 1.0
01-19 11:28:11.166 1100 3481 I RecoverySystem: No recovery log file
01-19 11:28:11.170 1100 3481 I DropBoxManagerService: add tag=SYSTEM_BOOT isTagEnabled=true flags=0x2
01-19 11:28:11.173 1100 3481 I BootReceiver: Copying audit failures to DropBox
01-19 11:28:11.174 1100 3481 I BootReceiver: Checking for fsck errors
01-19 11:28:11.174 1100 3481 I BootReceiver: fs_stat, partition:dsp_a stat:0x3
01-19 11:28:11.174 1100 3481 I BootReceiver: fs_stat, partition:persist stat:0x40b
01-19 11:28:11.178 1100 3481 I commit_sys_config_file: [log-files,2]
01-19 11:28:11.179 1100 3481 I am_uid_running: 10019
01-19 11:28:11.180 1100 3481 D CompatibilityChangeReporter: Compat change id reported: 135634846; UID 10019; state: DISABLED
01-19 11:28:11.180 1100 3481 D CompatibilityChangeReporter: Compat change id reported: 177438394; UID 10019; state: DISABLED
01-19 11:28:11.180 1100 3481 D CompatibilityChangeReporter: Compat change id reported: 135772972; UID 10019; state: DISABLED
01-19 11:28:11.180 1100 3481 D CompatibilityChangeReporter: Compat change id reported: 135754954; UID 10019; state: ENABLED
01-19 11:28:11.180 1100 1216 D CompatibilityChangeReporter: Compat change id reported: 143937733; UID 10019; state: ENABLED
01-19 11:28:11.194 1284 1321 I MMParserExtractor: Created(0xb400007cc38dd630)
01-19 11:28:11.207 1461 1504 D LOWI-9.0.0.87.a: [LOWINetlinkSocketReceiver] unpackRTMLinkMessage: RTM_NEWLINK - ifname vlan2, flags 0x11043 ([UP][RUNNING])
01-19 11:28:11.213 1100 2281 I ActivityManager: Process com.qualcomm.qti.devicestatisticsservice (pid 2564) has died: pers PER
01-19 11:28:11.213 1100 2281 I am_proc_died: [0,2564,com.qualcomm.qti.devicestatisticsservice,-800,0]
01-19 11:28:11.216 678 678 D Zygote : Forked child process 3484
01-19 11:28:11.216 1100 1200 I EthernetTracker: interfaceLinkStateChanged, iface: vlan2, up: true
01-19 11:28:11.223 2304 2304 D NetworkSecurityConfig: No Network Security Config specified, using platform default
01-19 11:28:11.223 1100 1217 I libprocessgroup: Successfully killed process cgroup uid 10072 pid 2564 in 0ms
01-19 11:28:11.223 2304 2304 W nsconfig: .dataservices: New config does not match the previously set config.
01-19 11:28:11.224 2304 2304 D DpmServiceAppReceiver: Received Intent Intent { act=android.intent.action.BOOT_COMPLETED flg=0x89000010 cmp=com.qti.dpmserviceapp/.DpmServiceAppReceiver (has extras) }
01-19 11:28:11.224 1100 2281 W ActivityManager: Scheduling restart of crashed service com.qualcomm.qti.devicestatisticsservice/.DeviceStatisticsService in 0ms for persistent
01-19 11:28:11.224 1100 2281 I am_schedule_service_restart: [0,com.qualcomm.qti.devicestatisticsservice/.DeviceStatisticsService,0]
01-19 11:28:11.226 1100 2281 I am_uid_stopped: 10072
01-19 11:28:11.226 1100 2281 W ActivityManager: Re-adding persistent process ProcessRecord{6bdad42 2564:com.qualcomm.qti.devicestatisticsservice/u0a72}
01-19 11:28:11.226 1100 2281 I am_uid_running: 10072
01-19 11:28:11.228 1100 2281 D CompatibilityChangeReporter: Compat change id reported: 135634846; UID 10072; state: DISABLED
01-19 11:28:11.229 1100 2281 D CompatibilityChangeReporter: Compat change id reported: 177438394; UID 10072; state: DISABLED
01-19 11:28:11.229 1100 2281 D CompatibilityChangeReporter: Compat change id reported: 135772972; UID 10072; state: DISABLED
01-19 11:28:11.229 1100 2281 D CompatibilityChangeReporter: Compat change id reported: 135754954; UID 10072; state: ENABLED
01-19 11:28:11.229 1100 2281 I am_uid_active: 10072
01-19 11:28:11.230 1100 1216 W ActivityManager: Slow operation: 51ms so far, now at startProcess: done updating battery stats
01-19 11:28:11.230 1100 1216 I am_proc_start: [0,3484,10019,android.process.media,content provider,{com.android.providers.downloads/com.android.providers.downloads.DownloadProvider}]
01-19 11:28:11.230 1100 1216 W ActivityManager: Slow operation: 51ms so far, now at startProcess: building log message
01-19 11:28:11.230 1100 1216 I ActivityManager: Start proc 3484:android.process.media/u0a19 for content provider {com.android.providers.downloads/com.android.providers.downloads.DownloadProvider}
01-19 11:28:11.230 1100 1216 W ActivityManager: Slow operation: 51ms so far, now at startProcess: starting to update pids map
01-19 11:28:11.231 1100 1216 W ActivityManager: Slow operation: 52ms so far, now at startProcess: done updating pids map
01-19 11:28:11.231 1100 1216 D CompatibilityChangeReporter: Compat change id reported: 143937733; UID 10072; state: ENABLED
01-19 11:28:11.232 1100 1918 D CompatibilityInfo: mCompatibilityFlags - 4
01-19 11:28:11.233 1100 1918 D CompatibilityInfo: applicationDensity - 240
01-19 11:28:11.233 1100 1918 D CompatibilityInfo: applicationScale - 1.0
01-19 11:28:11.237 678 678 I Zygote : Process 2564 exited due to signal 9 (Killed)
01-19 11:28:11.238 2304 2304 D DpmServiceAppReceiver: DpmService Auto Boot Started Successfully
01-19 11:28:11.239 2304 2304 D DpmServiceApp: Mwqem feature is disabled
01-19 11:28:11.239 2304 2304 D DpmServiceApp: dpmd system daemon is enabled
01-19 11:28:11.239 2304 2304 D DpmServiceApp: start dpm system service
01-19 11:28:11.247 2304 2304 E DPMJ : |SERVICE| DPM SERVICE REGISTER SERVICE FOR NETWORK CHANGE.
01-19 11:28:11.249 1100 1918 D CompatibilityChangeReporter: Compat change id reported: 168419799; UID 10083; state: DISABLED
01-19 11:28:11.249 1100 1918 D CompatibilityInfo: mCompatibilityFlags - 4
01-19 11:28:11.249 1100 1918 D CompatibilityInfo: applicationDensity - 240
01-19 11:28:11.249 1100 1918 D CompatibilityInfo: applicationScale - 1.0
01-19 11:28:11.257 1100 2281 D TelephonyRegistry: listen oscl: mHasNotifySubscriptionInfoChangedOccurred==false no callback
01-19 11:28:11.260 1100 2281 D ConnectivityService: requestNetwork for uid/pid:1001/2304 activeRequest: null callbackRequest: 28 [NetworkRequest [ REQUEST id=29, [ Capabilities: INTERNET&NOT_RESTRICTED&TRUSTED&NOT_VCN_MANAGED Uid: 1001 RequestorUid: 1001 RequestorPkg: com.qti.dpmserviceapp] ]] callback flags: 0 priority: 2147483647
01-19 11:28:11.261 1100 1936 D ConnectivityService: NetReassign [29 : null → 100]
01-19 11:28:11.262 1100 2015 D Ethernet: got request NetworkRequest [ REQUEST id=29, [ Capabilities: INTERNET&NOT_RESTRICTED&TRUSTED&NOT_VCN_MANAGED Uid: 1001 RequestorUid: 1001 RequestorPkg: com.qti.dpmserviceapp] ]
01-19 11:28:11.262 1100 2015 D EthernetNetworkFactory: acceptRequest, request: NetworkRequest [ REQUEST id=29, [ Capabilities: INTERNET&NOT_RESTRICTED&TRUSTED&NOT_VCN_MANAGED Uid: 1001 RequestorUid: 1001 RequestorPkg: com.qti.dpmserviceapp] ]
01-19 11:28:11.262 1100 2015 I EthernetNetworkFactory: networkForRequest, request: NetworkRequest [ REQUEST id=29, [ Capabilities: INTERNET&NOT_RESTRICTED&TRUSTED&NOT_VCN_MANAGED Uid: 1001 RequestorUid: 1001 RequestorPkg: com.qti.dpmserviceapp] ], network: NetworkInterfaceState{ refCount: 7, iface: eth0, up: true, hwAddress: 36:7c:7c:00:00:0f, networkCapabilities: [ Transports: ETHERNET Capabilities: NOT_METERED&INTERNET&NOT_RESTRICTED&TRUSTED&NOT_VPN&NOT_ROAMING&NOT_CONGESTED&NOT_SUSPENDED&NOT_VCN_MANAGED LinkUpBandwidth>=100000Kbps LinkDnBandwidth>=100000Kbps], networkAgent: com.android.server.ethernet.EthernetNetworkFactory$NetworkInterfaceState$1@f0d0042, score: 70, ipClient: android.net.ip.IIpClient$Stub$Proxy@4200d80,linkProperties: {InterfaceName: eth0 LinkAddresses: [ fe80::8887:c1a9:a80e:74a8/64,192.168.11.35/23 ] DnsAddresses: [ /192.168.10.1,/61.139.2.69 ] Domains: null MTU: 0 ServerAddress: /192.168.10.1 TcpBufferSizes: 524288,1048576,3145728,524288,1048576,2097152 Routes: [ fe80::/64 -> :: eth0 mtu 0,192.168.10.0/23 -> 0.0.0.0 eth0 mtu 0,0.0.0.0/0 -> 192.168.10.1 eth0 mtu 0 ]}}
01-19 11:28:11.262 1100 2015 I EthernetNetworkFactory: networkForRequest, request: NetworkRequest [ REQUEST id=29, [ Capabilities: INTERNET&NOT_RESTRICTED&TRUSTED&NOT_VCN_MANAGED Uid: 1001 RequestorUid: 1001 RequestorPkg: com.qti.dpmserviceapp] ], network: NetworkInterfaceState{ refCount: 7, iface: eth0, up: true, hwAddress: 36:7c:7c:00:00:0f, networkCapabilities: [ Transports: ETHERNET Capabilities: NOT_METERED&INTERNET&NOT_RESTRICTED&TRUSTED&NOT_VPN&NOT_ROAMING&NOT_CONGESTED&NOT_SUSPENDED&NOT_VCN_MANAGED LinkUpBandwidth>=100000Kbps LinkDnBandwidth>=100000Kbps], networkAgent: com.android.server.ethernet.EthernetNetworkFactory$NetworkInterfaceState$1@f0d0042, score: 70, ipClient: android.net.ip.IIpClient$Stub$Proxy@4200d80,linkProperties: {InterfaceName: eth0 LinkAddresses: [ fe80::8887:c1a9:a80e:74a8/64,192.168.11.35/23 ] DnsAddresses: [ /192.168.10.1,/61.139.2.69 ] Domains: null MTU: 0 ServerAddress: /192.168.10.1 TcpBufferSizes: 524288,1048576,3145728,524288,1048576,2097152 Routes: [ fe80::/64 -> :: eth0 mtu 0,192.168.10.0/23 -> 0.0.0.0 eth0 mtu 0,0.0.0.0/0 -> 192.168.10.1 eth0 mtu 0 ]}}
01-19 11:28:11.262 1100 1912 D UntrustedWifiNetworkFactory: got request NetworkRequest [ REQUEST id=29, [ Capabilities: INTERNET&NOT_RESTRICTED&TRUSTED&NOT_VCN_MANAGED Uid: 1001 RequestorUid: 1001 RequestorPkg: com.qti.dpmserviceapp] ]
01-19 11:28:11.262 1100 1912 D OemPaidWifiNetworkFactory: got request NetworkRequest [ REQUEST id=29, [ Capabilities: INTERNET&NOT_RESTRICTED&TRUSTED&NOT_VCN_MANAGED Uid: 1001 RequestorUid: 1001 RequestorPkg: com.qti.dpmserviceapp] ]
01-19 11:28:11.266 2304 3487 I DPMJ : |REQ:RCVR| DPM creating socket
01-01 08:06:27.735 0 0 I binder : 3484:3484 ioctl 40046210 7fdc700314 returned -22
01-19 11:28:11.266 2304 3487 I DPMJ : |REQ:RCVR| Connected to 'dpmd' socket
01-19 11:28:11.267 1461 1504 D LOWI-9.0.0.87.a: [LOWINetlinkSocketReceiver] unpackRTMLinkMessage: RTM_NEWLINK - ifname vlan2, flags 0x11043 ([UP][RUNNING])
01-19 11:28:11.267 2304 2304 I TetheringManager: registerTetheringEventCallback:com.qti.dpmserviceapp
01-19 11:28:11.268 1100 1200 I EthernetTracker: interfaceLinkStateChanged, iface: vlan2, up: true
01-19 11:28:11.269 678 678 D Zygote : Forked child process 3489
01-19 11:28:11.270 1100 1216 I am_proc_start: [0,3489,10072,com.qualcomm.qti.devicestatisticsservice,restart,com.qualcomm.qti.devicestatisticsservice]
01-19 11:28:11.270 1100 1216 I ActivityManager: Start proc 3489:com.qualcomm.qti.devicestatisticsservice/u0a72 for restart com.qualcomm.qti.devicestatisticsservice
01-19 11:28:11.278 1291 1788 I ExtendedUtils: printFileName fd(12) -> /product/media/audio/notifications/Vega.ogg
01-19 11:28:11.279 2304 3487 I DPMJ : |SERVICE| DPM_S_RSP_GET_FEATURE_STATUS
01-19 11:28:11.300 3484 3484 D ProcessState: Binder ioctl to enable oneway spam detection failed: Invalid argument
01-19 11:28:11.303 2907 2922 I adbd : jdwp connection from 3484
01-19 11:28:11.311 3489 3489 D ProcessState: Binder ioctl to enable oneway spam detection failed: Invalid argument
01-01 08:06:27.746 0 0 I binder : 3489:3489 ioctl 40046210 7fdc700314 returned -22
01-19 11:28:11.312 1100 1918 D CompatibilityInfo: mCompatibilityFlags - 4
01-19 11:28:11.312 1100 1918 D CompatibilityInfo: applicationDensity - 240
01-19 11:28:11.312 1100 1918 D CompatibilityInfo: applicationScale - 1.0
01-19 11:28:11.315 2907 2922 I adbd : jdwp connection from 3489
01-19 11:28:11.315 1461 1504 D LOWI-9.0.0.87.a: [LOWINetlinkSocketReceiver] unpackRTMLinkMessage: RTM_NEWLINK - ifname vlan2, flags 0x11043 ([UP][RUNNING])
01-19 11:28:11.316 1100 1200 I EthernetTracker: interfaceLinkStateChanged, iface: vlan2, up: true
01-19 11:28:11.318 1100 2281 D CompatibilityChangeReporter: Compat change id reported: 135634846; UID 1000; state: DISABLED
01-19 11:28:11.318 1100 2281 D CompatibilityChangeReporter: Compat change id reported: 177438394; UID 1000; state: DISABLED
01-19 11:28:11.318 1100 2281 D CompatibilityChangeReporter: Compat change id reported: 135772972; UID 1000; state: DISABLED
01-19 11:28:11.318 1100 2281 D CompatibilityChangeReporter: Compat change id reported: 135754954; UID 1000; state: ENABLED
01-19 11:28:11.319 3141 3141 D SysHelperService: Service started flags 0 startId 1
01-19 11:28:11.320 3141 3518 D hw-ProcessState: Binder ioctl to enable oneway spam detection failed: Invalid argument
01-19 11:28:11.320 3141 3518 D mhelper_servic: SystemEvent interface registering.
01-19 11:28:11.324 1100 2281 I am_proc_bound: [0,3489,com.qualcomm.qti.devicestatisticsservice]
01-19 11:28:11.325 1100 2281 D CompatibilityInfo: mCompatibilityFlags - 4
01-19 11:28:11.325 1100 2281 D CompatibilityInfo: applicationDensity - 240
01-19 11:28:11.325 1100 2281 D CompatibilityInfo: applicationScale - 1.0
01-19 11:28:11.327 1100 2281 D CompatibilityInfo: mCompatibilityFlags - 4
01-19 11:28:11.327 1100 2281 D CompatibilityInfo: applicationDensity - 240
01-19 11:28:11.327 1100 2281 D CompatibilityInfo: applicationScale - 1.0
01-19 11:28:11.332 3141 3518 I HidlServiceManagement: Registered vendor.qti.hardware.systemhelper@1.0::ISystemEvent/default
01-19 11:28:11.333 3141 3518 D mhelper_servic: SystemResource interface registering.
01-19 11:28:11.334 1284 1321 I MMParserExtractor: Created(0xb400007cc38dd630)
01-19 11:28:11.335 3141 3518 I HidlServiceManagement: Registered vendor.qti.hardware.systemhelper@1.0::ISystemResource/default
01-19 11:28:11.335 3141 3518 D mhelper_servic: Successfully registered for both SystemEvent and SystemResource 1.0 interfaces
01-19 11:28:11.337 3489 3489 D CompatibilityChangeReporter: Compat change id reported: 171979766; UID 10072; state: ENABLED
01-19 11:28:11.343 1100 1918 I am_proc_bound: [0,3484,android.process.media]
01-19 11:28:11.351 1100 1918 D CompatibilityChangeReporter: Compat change id reported: 168419799; UID 10019; state: DISABLED
01-19 11:28:11.351 1100 1918 D CompatibilityInfo: mCompatibilityFlags - 4
01-19 11:28:11.351 1100 1918 D CompatibilityInfo: applicationDensity - 240
01-19 11:28:11.351 3489 3489 D nativeloader: classloader namespace configured for unbundled product apk. library_path=/product/app/DeviceStatisticsService/lib/arm64:/product/lib64:/system/product/lib64
01-01 08:06:27.755 0 0 I binder : 3141:3518 ioctl 40046210 7c37a90604 returned -22
01-19 11:28:11.352 1100 1918 D CompatibilityInfo: applicationScale - 1.0
01-19 11:28:11.358 678 678 D Zygote : Forked child process 3525
01-19 11:28:11.360 1100 1918 I am_uid_active: 10019
01-19 11:28:11.360 3489 3489 I Perf : Connecting to perf service.
01-19 11:28:11.361 677 748 I netd : bandwidthAddNiceApp(10019) <0.08ms>
01-19 11:28:11.363 1100 1216 I am_proc_start: [0,3525,1000,com.qti.diagservices,broadcast,{com.qti.diagservices/com.qti.diagservices.Diag_OnBoot}]
01-19 11:28:11.363 1100 1216 I ActivityManager: Start proc 3525:com.qti.diagservices/1000 for broadcast {com.qti.diagservices/com.qti.diagservices.Diag_OnBoot}
01-19 11:28:11.364 3484 3484 D CompatibilityChangeReporter: Compat change id reported: 171979766; UID 10019; state: ENABLED
01-19 11:28:11.370 3489 3489 V GraphicsEnvironment: ANGLE Developer option for 'com.qualcomm.qti.devicestatisticsservice' set to: 'default'
01-19 11:28:11.370 3489 3489 V GraphicsEnvironment: ANGLE GameManagerService for com.qualcomm.qti.devicestatisticsservice: false
01-19 11:28:11.372 3489 3489 D NetworkSecurityConfig: No Network Security Config specified, using platform default
01-19 11:28:11.372 1100 2953 I backup_transport_lifecycle: [com.android.localtransport/.LocalTransportService,1]
01-19 11:28:11.372 3489 3489 D NetworkSecurityConfig: No Network Security Config specified, using platform default
01-19 11:28:11.400 1461 1504 D LOWI-9.0.0.87.a: [LOWINetlinkSocketReceiver] unpackRTMLinkMessage: RTM_NEWLINK - ifname vlan2, flags 0x11043 ([UP][RUNNING])
01-19 11:28:11.407 3525 3525 D ProcessState: Binder ioctl to enable oneway spam detection failed: Invalid argument
01-01 08:06:27.843 0 0 I binder : 3525:3525 ioctl 40046210 7fdc700314 returned -22
01-19 11:28:11.408 2907 2922 I adbd : jdwp connection from 3525
01-19 11:28:11.404 1100 1200 I EthernetTracker: interfaceLinkStateChanged, iface: vlan2, up: true
01-19 11:28:11.412 678 678 D Zygote : Forked child process 3539
01-19 11:28:11.413 1100 1216 I am_proc_start: [0,3539,1000,com.android.localtransport,service,{com.android.localtransport/com.android.localtransport.LocalTransportService}]
01-19 11:28:11.413 1100 1216 I ActivityManager: Start proc 3539:com.android.localtransport/1000 for service {com.android.localtransport/com.android.localtransport.LocalTransportService}
01-19 11:28:11.417 2993 3225 W MediaProvider: getVolumePath for unknown volume: internal
01-19 11:28:11.417 2993 3421 I MediaProvider: Scanned internal due to REASON_MOUNTED, found 230 items in 702ms, 0 inserts 7 updates 0 deletes
01-19 11:28:11.418 2993 3225 W MediaProvider: getVolumePath for unknown volume: internal
01-19 11:28:11.430 3525 3525 I service_manager_slow: [18,activity]
01-19 11:28:11.431 1100 2281 I am_proc_bound: [0,3525,com.qti.diagservices]
01-19 11:28:11.435 3484 3484 I Perf : Connecting to perf service.
01-19 11:28:11.438 1100 2281 D CompatibilityInfo: mCompatibilityFlags - 4
01-19 11:28:11.438 1100 2281 D CompatibilityInfo: applicationDensity - 240
01-19 11:28:11.438 1100 2281 D CompatibilityInfo: applicationScale - 1.0
01-19 11:28:11.444 1100 2281 D CompatibilityInfo: mCompatibilityFlags - 4
01-19 11:28:11.444 1100 2281 D CompatibilityInfo: applicationDensity - 240
01-19 11:28:11.444 1100 2281 D CompatibilityInfo: applicationScale - 1.0
01-19 11:28:11.455 3525 3525 D CompatibilityChangeReporter: Compat change id reported: 171979766; UID 1000; state: DISABLED
01-19 11:28:11.457 3484 3484 V GraphicsEnvironment: ANGLE Developer option for 'com.android.providers.downloads' set to: 'default'
01-19 11:28:11.458 3484 3484 V GraphicsEnvironment: ANGLE GameManagerService for com.android.providers.downloads: false
01-19 11:28:11.462 3484 3484 D NetworkSecurityConfig: No Network Security Config specified, using platform default
01-19 11:28:11.462 3484 3484 D NetworkSecurityConfig: No Network Security Config specified, using platform default
01-19 11:28:11.471 2907 2922 I adbd : jdwp connection from 3539
01-19 11:28:11.474 3539 3539 D ProcessState: Binder ioctl to enable oneway spam detection failed: Invalid argument
01-01 08:06:27.910 0 0 I binder : 3539:3539 ioctl 40046210 7fdc700314 returned -22
01-19 11:28:11.487 3543 3543 I auditd : type=1400 audit(0.0:153): avc: denied { read } for comm="ip" name="rt_tables" dev="dm-10" ino=354 scontext=u:r:ethernet:s0 tcontext=u:object_r:net_data_file:s0 tclass=file permissive=0
01-19 11:28:11.487 3543 3543 W ip : type=1400 audit(0.0:153): avc: denied { read } for name="rt_tables" dev="dm-10" ino=354 scontext=u:r:ethernet:s0 tcontext=u:object_r:net_data_file:s0 tclass=file permissive=0
01-19 11:28:11.480 1100 1136 I am_proc_bound: [0,3539,com.android.localtransport]
01-19 11:28:11.483 1100 1136 D CompatibilityChangeReporter: Compat change id reported: 168419799; UID 1000; state: DISABLED
01-19 11:28:11.483 1100 1136 D CompatibilityInfo: mCompatibilityFlags - 4
01-19 11:28:11.483 1100 1136 D CompatibilityInfo: applicationDensity - 240
01-19 11:28:11.483 1100 1136 D CompatibilityInfo: applicationScale - 1.0
01-19 11:28:11.496 1100 1136 D CompatibilityInfo: mCompatibilityFlags - 4
01-19 11:28:11.496 1100 1136 D CompatibilityInfo: applicationDensity - 240
01-19 11:28:11.496 1100 1136 D CompatibilityInfo: applicationScale - 1.0
01-19 11:28:11.498 3539 3539 D CompatibilityChangeReporter: Compat change id reported: 171979766; UID 1000; state: ENABLED
01-19 11:28:11.501 1291 1291 I ExtendedUtils: printFileName fd(12) -> /storage/emulated/0/h263+aac_1247kbps_800x480_30fps_44.1khz.wmv
01-19 11:28:11.515 1100 1947 I GameModeConfig: isGameModeOn = false
01-19 11:28:11.515 1100 1947 I GameModeConfig: isGameModeOn = false
01-19 11:28:11.523 3539 3539 I Perf : Connecting to perf service.
01-19 11:28:11.511 3558 3558 I auditd : type=1400 audit(0.0:154): avc: denied { read } for comm="ip" name="rt_tables" dev="dm-10" ino=354 scontext=u:r:ethernet:s0 tcontext=u:object_r:net_data_file:s0 tclass=file permissive=0
01-19 11:28:11.511 3558 3558 W ip : type=1400 audit(0.0:154): avc: denied { read } for name="rt_tables" dev="dm-10" ino=354 scontext=u:r:ethernet:s0 tcontext=u:object_r:net_data_file:s0 tclass=file permissive=0
01-19 11:28:11.530 3539 3539 V GraphicsEnvironment: ANGLE Developer option for 'com.android.localtransport' set to: 'default'
01-19 11:28:11.531 3539 3539 V GraphicsEnvironment: ANGLE GameManagerService for com.android.localtransport: false
01-19 11:28:11.532 3539 3539 D NetworkSecurityConfig: No Network Security Config specified, using platform default
01-19 11:28:11.532 3539 3539 D NetworkSecurityConfig: No Network Security Config specified, using platform default
01-19 11:28:11.545 1100 1100 I backup_transport_connection: [com.android.localtransport/.LocalTransportService,1]
01-19 11:28:11.545 1100 1100 I TransportClient: LocalTransportService#0: Notifying [TransportManager.registerTransport()] transport = IBackupTransport
01-19 11:28:11.549 1100 2953 D BackupTransportManager: Transport com.android.localtransport/.LocalTransportService registered
01-19 11:28:11.549 1100 2953 D BackupManagerService: [UserID:0] Transport com.android.localtransport/.LocalTransport registered 3217ms after first request (delay = 3000ms)
01-19 11:28:11.551 1100 2953 I backup_transport_lifecycle: [com.android.localtransport/.LocalTransportService,0]
01-19 11:28:11.551 1100 2953 I backup_transport_connection: [com.android.localtransport/.LocalTransportService,0]
01-19 11:28:11.556 1284 1798 I MMParserExtractor: Created(0xb400007cc38de270)
01-19 11:28:11.560 1284 1798 E MM_OSAL : Unsupported Video Codec/format
01-19 11:28:11.560 1100 2953 I BackupManagerService: [UserID:0] Found 5 stale backup journal(s), scheduling.
01-19 11:28:11.560 1284 1798 E MMParserExtractor: FileSourceWrapper::New Init returned -1004
01-19 11:28:11.560 1284 1798 E MMParserExtractor: readMetaData - FileSourceWrapper::New returned NULL
01-19 11:28:11.560 1284 1798 E MMParserExtractor: MMParserExtractor::countTracks no tracks
01-19 11:28:11.574 1100 2953 I BackupManagerService: [UserID:0] Stale backup journals: Scheduled 8 package(s) total
01-19 11:28:11.585 2993 3421 I MediaProvider: Scanned external_primary due to REASON_MOUNTED, found 21 items in 155ms, 0 inserts 1 updates 0 deletes
01-19 11:28:11.586 2993 3421 I MediaProvider: End Intent { act=com.android.providers.media.action.SCAN_VOLUME (has extras) }
01-19 11:28:11.605 1100 1947 I GameModeConfig: isGameModeOn = false
01-19 11:28:11.605 1100 1947 I GameModeConfig: isGameModeOn = false
01-19 11:28:11.606 1100 1947 I GameModeConfig: isGameModeOn = false
01-19 11:28:11.606 1100 1947 I GameModeConfig: isGameModeOn = false
01-19 11:28:11.606 1100 1947 I GameModeConfig: isGameModeOn = false
01-19 11:28:11.606 1100 1947 I GameModeConfig: isGameModeOn = false
01-19 11:28:11.607 1461 1504 D LOWI-9.0.0.87.a: [LOWINetlinkSocketReceiver] unpackRTMLinkMessage: RTM_NEWLINK - ifname vlan4, flags 0x11043 ([UP][RUNNING])
01-19 11:28:11.608 1100 1200 I EthernetTracker: interfaceLinkStateChanged, iface: vlan4, up: true
01-19 11:28:11.611 3525 3525 I Perf : Connecting to perf service.
01-19 11:28:11.634 654 665 I mpu_uart: [MSG-P:RECV]:No message received in 1000 ms
01-19 11:28:11.635 1461 1504 D LOWI-9.0.0.87.a: [LOWINetlinkSocketReceiver] unpackRTMLinkMessage: RTM_NEWLINK - ifname vlan4, flags 0x11043 ([UP][RUNNING])
01-19 11:28:11.636 1100 1200 I EthernetTracker: interfaceLinkStateChanged, iface: vlan4, up: true
01-19 11:28:11.637 3525 3525 V GraphicsEnvironment: ANGLE Developer option for 'com.qti.diagservices' set to: 'default'
01-19 11:28:11.643 3525 3525 V GraphicsEnvironment: ANGLE GameManagerService for com.qti.diagservices: false
01-19 11:28:11.647 3525 3525 D NetworkSecurityConfig: No Network Security Config specified, using platform default
01-19 11:28:11.647 3525 3525 D NetworkSecurityConfig: No Network Security Config specified, using platform default
01-19 11:28:11.654 3525 3525 W ContextImpl: Calling a method in the system process without a qualified user: android.app.ContextImpl.startService:1816 android.content.ContextWrapper.startService:774 android.content.ContextWrapper.startService:774 com.qti.diagservices.Diag_OnBoot.onReceive:40 android.app.ActivityThread.handleReceiver:4309
01-19 11:28:11.658 1100 1918 D CompatibilityInfo: mCompatibilityFlags - 4
01-19 11:28:11.658 1100 1918 D CompatibilityInfo: applicationDensity - 240
01-19 11:28:11.658 1100 1918 D CompatibilityInfo: applicationScale - 1.0
01-19 11:28:11.661 3525 3525 D Diag_OnBoot: Started Successfully
01-19 11:28:11.664 3525 3525 E DiagJNIInterface: Trying to load libDiagService
01-19 11:28:11.665 1100 1100 I Telecom : DefaultDialerCache: Refreshing default dialer for user 0: now null: DDC.oR@ABA
01-19 11:28:11.666 1100 1100 I Telecom : MissedCallNotifierImpl: reloadAfterBootComplete: user=0: TSBCR.oR@ABE
01-19 11:28:11.669 1100 1100 I Telecom : MissedCallNotifierImpl: reloadAfterBootComplete: user=0: TSBCR.oR@ABE
01-19 11:28:11.672 1100 1918 I am_uid_running: 10022
01-19 11:28:11.672 1100 1918 D CompatibilityChangeReporter: Compat change id reported: 135634846; UID 10022; state: DISABLED
01-19 11:28:11.672 1100 1918 D CompatibilityChangeReporter: Compat change id reported: 177438394; UID 10022; state: DISABLED
01-19 11:28:11.673 1100 1918 D CompatibilityChangeReporter: Compat change id reported: 135772972; UID 10022; state: DISABLED
01-19 11:28:11.673 1100 1918 D CompatibilityChangeReporter: Compat change id reported: 135754954; UID 10022; state: ENABLED
01-19 11:28:11.673 1100 1216 D CompatibilityChangeReporter: Compat change id reported: 143937733; UID 10022; state: ENABLED
01-19 11:28:11.673 654 666 I mpu_uart: [TIME-:0]:create
01-19 11:28:11.676 654 663 V mpu_uart: send data buf:[0x3c, 0x7, 0x0, 0x11, 0x14, 0x83, 0xbd, ], send_res=7
01-19 11:28:11.681 654 664 V mpu_uart: [MSG-P:SYNC]:sync resp:62
01-19 11:28:11.681 654 666 I mpu_uart: [TIME-:0]:delete
01-19 11:28:11.681 1100 1212 I am_meminfo: [1182007296,3806736384,12288,903872512,685292544]
01-19 11:28:11.683 2512 2668 D ProtectUartService: send mpu boot completed res=0
01-19 11:28:11.690 1461 1504 D LOWI-9.0.0.87.a: [LOWINetlinkSocketReceiver] unpackRTMLinkMessage: RTM_NEWLINK - ifname vlan4, flags 0x11043 ([UP][RUNNING])
01-19 11:28:11.693 1100 1200 I EthernetTracker: interfaceLinkStateChanged, iface: vlan4, up: true
01-19 11:28:11.708 1100 1212 I am_pss : [2660,10086,com.android.launcher3,104162304,90861568,0,230985728,2,2,15]
01-19 11:28:11.715 678 678 D Zygote : Forked child process 3571
01-19 11:28:11.716 1100 1216 I am_proc_start: [0,3571,10022,com.hryt.hiphishowfsecontrol,broadcast,{com.hryt.hiphishowfsecontrol/com.hryt.hiphishowfsecontrol.receivers.HiPhiShowReceiver}]
01-19 11:28:11.716 1100 1216 I ActivityManager: Start proc 3571:com.hryt.hiphishowfsecontrol/u0a22 for broadcast {com.hryt.hiphishowfsecontrol/com.hryt.hiphishowfsecontrol.receivers.HiPhiShowReceiver}
01-19 11:28:11.732 1100 1212 I am_pss : [2575,1000,com.android.settings,29900800,16662528,0,142876672,2,19,14]
01-19 11:28:11.734 1461 1504 D LOWI-9.0.0.87.a: [LOWINetlinkSocketReceiver] unpackRTMLinkMessage: RTM_NEWLINK - ifname vlan4, flags 0x11043 ([UP][RUNNING])
01-19 11:28:11.735 1100 1200 I EthernetTracker: interfaceLinkStateChanged, iface: vlan4, up: true
01-19 11:28:11.737 3525 3525 I Diag_Lib: Diag_LSM_Init call succeeded
01-19 11:28:11.753 3571 3571 I ishowfsecontro: Late-enabling -Xcheck:jni
01-19 11:28:11.756 1100 1212 I am_pss : [3175,10094,com.qualcomm.qti.qccnetstat,6384640,4370432,0,92090368,2,0,12]
01-19 11:28:11.769 1461 1504 D LOWI-9.0.0.87.a: [LOWINetlinkSocketReceiver] unpackRTMLinkMessage: RTM_NEWLINK - ifname vlan4, flags 0x11043 ([UP][RUNNING])
01-19 11:28:11.770 1100 1200 I EthernetTracker: interfaceLinkStateChanged, iface: vlan4, up: true
01-19 11:28:11.776 1100 1212 I am_pss : [3141,10083,com.qualcomm.qti.services.systemhelper:systemhelper_service,6713344,4628480,0,94232576,2,0,12]
01-19 11:28:11.793 1100 2058 I commit_sys_config_file: [appops,12]
01-19 11:28:11.796 1100 1212 I am_pss : [2755,10093,com.qualcomm.qti.qccauthmgr,6753280,4472832,0,96231424,2,5,12]
01-19 11:28:11.796 2907 2922 I adbd : jdwp connection from 3571
01-19 11:28:11.801 3571 3571 D ProcessState: Binder ioctl to enable oneway spam detection failed: Invalid argument
01-01 08:06:28.236 0 0 I binder : 3571:3571 ioctl 40046210 7fdc6ffc34 returned -22
01-19 11:28:11.809 1100 2281 I am_proc_bound: [0,3571,com.hryt.hiphishowfsecontrol]
01-19 11:28:11.811 1100 2281 D CompatibilityChangeReporter: Compat change id reported: 168419799; UID 10022; state: DISABLED
01-19 11:28:11.811 1100 2281 D CompatibilityInfo: mCompatibilityFlags - 4
01-19 11:28:11.811 1100 2281 D CompatibilityInfo: applicationDensity - 240
01-19 11:28:11.811 1100 2281 D CompatibilityInfo: applicationScale - 1.0
01-19 11:28:11.817 1100 2281 I am_uid_active: 10022
01-19 11:28:11.817 1100 1212 I am_pss : [3089,10056,.pasr,5492736,3575808,0,89444352,2,0,12]
01-19 11:28:11.818 1100 2281 D CompatibilityInfo: mCompatibilityFlags - 4
01-19 11:28:11.818 1100 2281 D CompatibilityInfo: applicationDensity - 240
01-19 11:28:11.818 1100 2281 D CompatibilityInfo: applicationScale - 1.0
01-19 11:28:11.819 1461 1504 D LOWI-9.0.0.87.a: [LOWINetlinkSocketReceiver] unpackRTMLinkMessage: RTM_NEWLINK - ifname vlan4, flags 0x11043 ([UP][RUNNING])
01-19 11:28:11.824 1100 1200 I EthernetTracker: interfaceLinkStateChanged, iface: vlan4, up: true
01-19 11:28:11.839 1100 1212 I am_pss : [2993,10100,com.android.providers.media.module,21164032,17440768,0,123412480,2,0,14]
01-19 11:28:11.851 1461 1504 D LOWI-9.0.0.87.a: [LOWINetlinkSocketReceiver] unpackRTMLinkMessage: RTM_NEWLINK - ifname vlan4, flags 0x11043 ([UP][RUNNING])
01-19 11:28:11.851 1100 1200 I EthernetTracker: interfaceLinkStateChanged, iface: vlan4, up: true
01-19 11:28:11.861 1100 1212 I am_pss : [3061,10061,ts.car.uart,6480896,4538368,0,90927104,2,0,12]
01-19 11:28:11.879 3571 3571 D CompatibilityChangeReporter: Compat change id reported: 171979766; UID 10022; state: DISABLED
01-19 11:28:11.879 1100 1212 I am_pss : [3007,10090,com.hht.lebocast,25128960,6537216,0,78671872,2,0,11]
01-19 11:28:11.881 1461 1504 D LOWI-9.0.0.87.a: [LOWINetlinkSocketReceiver] unpackRTMLinkMessage: RTM_NEWLINK - ifname vlan4, flags 0x11043 ([UP][RUNNING])
01-19 11:28:11.882 1100 1200 I EthernetTracker: interfaceLinkStateChanged, iface: vlan4, up: true
01-19 11:28:11.898 1100 1212 I am_pss : [2728,10070,com.thundercomm.gamemode.provider,8162304,5947392,0,96833536,2,5,12]
01-19 11:28:11.919 1100 1212 I am_pss : [2619,10101,android.ext.services,7149568,4804608,0,97353728,2,5,11]
01-19 11:28:11.919 1461 1504 D LOWI-9.0.0.87.a: [LOWINetlinkSocketReceiver] unpackRTMLinkMessage: RTM_NEWLINK - ifname vlan4, flags 0x11043 ([UP][RUNNING])
01-19 11:28:11.920 1100 1200 I EthernetTracker: interfaceLinkStateChanged, iface: vlan4, up: true
01-19 11:28:11.943 1100 1212 I am_pss : [2956,10079,com.qualcomm.location,10728448,7856128,0,103059456,2,0,13]
01-19 11:28:11.963 1100 1212 I am_pss : [2887,10075,com.android.deskclock,10628096,7094272,0,104546304,2,19,13]
01-19 11:28:11.975 3594 3594 I auditd : type=1400 audit(0.0:155): avc: denied { read } for comm="ip" name="rt_tables" dev="dm-10" ino=354 scontext=u:r:ethernet:s0 tcontext=u:object_r:net_data_file:s0 tclass=file permissive=0
01-19 11:28:11.975 3594 3594 W ip : type=1400 audit(0.0:155): avc: denied { read } for name="rt_tables" dev="dm-10" ino=354 scontext=u:r:ethernet:s0 tcontext=u:object_r:net_data_file:s0 tclass=file permissive=0
01-19 11:28:11.991 1100 1212 I am_pss : [2052,1002,com.android.bluetooth,31056896,24416256,0,140242944,2,0,16]
01-19 11:28:12.012 1100 1212 I am_pss : [2595,1000,com.thundercomm.gamemode,8664064,6508544,0,96567296,2,10,12]
01-19 11:28:12.019 3595 3595 I auditd : type=1400 audit(0.0:156): avc: denied { read } for comm="ip" name="rt_tables" dev="dm-10" ino=354 scontext=u:r:ethernet:s0 tcontext=u:object_r:net_data_file:s0 tclass=file permissive=0
01-19 11:28:12.019 3595 3595 W ip : type=1400 audit(0.0:156): avc: denied { read } for name="rt_tables" dev="dm-10" ino=354 scontext=u:r:ethernet:s0 tcontext=u:object_r:net_data_file:s0 tclass=file permissive=0
01-19 11:28:12.051 1100 1212 I am_pss : [2572,1000,com.qualcomm.qti.qdma,10346496,6823936,0,106401792,2,0,14]
01-19 11:28:12.069 1100 1212 I am_pss : [2512,1000,com.thundercomm.tcservice,8601600,6463488,0,96399360,2,0,13]
01-19 11:28:12.092 1100 1212 I am_pss : [2497,1000,com.thundercomm.remotecontrolservice,9607168,7032832,0,101724160,2,0,13]
01-19 11:28:12.099 1451 1451 I auditd : type=1400 audit(0.0:157): avc: denied { read } for comm="tzlog" name="qsee_log" dev="debugfs" ino=18473 scontext=u:r:np_thundercomm_tlog:s0 tcontext=u:object_r:debugfs:s0 tclass=file permissive=1
01-19 11:28:12.099 1451 1451 I tzlog : type=1400 audit(0.0:157): avc: denied { read } for name="qsee_log" dev="debugfs" ino=18473 scontext=u:r:np_thundercomm_tlog:s0 tcontext=u:object_r:debugfs:s0 tclass=file permissive=1
01-19 11:28:12.099 1451 1451 I auditd : type=1400 audit(0.0:158): avc: denied { open } for comm="tzlog" path="/sys/kernel/debug/tzdbg/qsee_log" dev="debugfs" ino=18473 scontext=u:r:np_thundercomm_tlog:s0 tcontext=u:object_r:debugfs:s0 tclass=file permissive=1
01-19 11:28:12.099 1451 1451 I tzlog : type=1400 audit(0.0:158): avc: denied { open } for path="/sys/kernel/debug/tzdbg/qsee_log" dev="debugfs" ino=18473 scontext=u:r:np_thundercomm_tlog:s0 tcontext=u:object_r:debugfs:s0 tclass=file permissive=1
01-19 11:28:12.113 1100 1212 I am_pss : [2469,1068,com.android.se,6308864,4182016,0,94007296,2,0,12]
01-19 11:28:12.122 1451 1474 D tlogd : [TzLogger](saveTzlogMain) saveTzlogMain: End rp=/sys/kernel/debug/tzdbg/qsee_log sp=/data/tlog/tzlog/tzqsee_log.txt tid=1319357616
01-19 11:28:12.126 1451 1474 D tlogd : [TzLogger](saveTzlogMain) saveTzlogMain: End rp=/sys/kernel/debug/tzdbg/log sp=/data/tlog/tzlog/tzlog.txt tid=1319357616
01-19 11:28:12.147 1100 1212 I am_pss : [2449,10088,com.qti.qualcomm.mstatssystemservice,5630976,3702784,0,90279936,2,0,12]
01-19 11:28:12.164 1100 1212 I am_pss : [2425,1000,vendor.qti.qesdk.sysservice,5731328,3743744,0,91713536,2,0,12]
01-19 11:28:12.181 1100 1212 I am_pss : [2388,1073,com.android.networkstack.process,16492544,13647872,0,110321664,2,0,12]
01-19 11:28:12.187 1461 1504 D LOWI-9.0.0.87.a: [LOWINetlinkSocketReceiver] unpackRTMLinkMessage: RTM_NEWLINK - ifname vlan8, flags 0x11043 ([UP][RUNNING])
