01-19 11:28:18.970 3007 3835 W hpplay-java: [AsyncTask #8]:AuthSDK:analysisUrlData imdns / imdns.hpplay.cn
01-19 11:28:18.970 3007 3835 W hpplay-java: [AsyncTask #8]:AuthSDK:analysisUrlData tvapi / tvapi.hpplay.com.cn:9999
01-19 11:28:18.970 3007 3835 W hpplay-java: [AsyncTask #8]:AuthSDK:analysisUrlData fix / fix.hpplay.cn:8999
01-19 11:28:18.970 3007 3835 W hpplay-java: [AsyncTask #8]:AuthSDK:analysisUrlData adengine / adeng.hpplay.cn
01-19 11:28:18.970 3007 3835 W hpplay-java: [AsyncTask #8]:AuthSDK:analysisUrlData ad / ad.hpplay.cn
01-19 11:28:18.971 3007 3835 W hpplay-java: [AsyncTask #8]:AuthSDK:analysisUrlData gslb / gslb.hpplay.cn
01-19 11:28:18.971 3007 3835 W hpplay-java: [AsyncTask #8]:AuthSDK:analysisUrlData report / rp.hpplay.cn
01-19 11:28:18.971 3007 3835 W hpplay-java: [AsyncTask #8]:AuthSDK:analysisUrlData push / im.hpplay.cn
01-19 11:28:18.971 3007 3835 W hpplay-java: [AsyncTask #8]:AuthSDK:analysisUrlData switch / switch.hpplay.com.cn
01-19 11:28:18.971 3007 3835 W hpplay-java: [AsyncTask #8]:AuthSDK:analysisUrlData im / 120.76.135.195
01-19 11:28:18.971 3007 3835 I hpplay-java: [AsyncTask #8]:AuthSDK:im server: http://120.76.135.195
01-19 11:28:18.971 3007 3835 I hpplay-java: [AsyncTask #8]:AuthSDK:getIMRoot connect
01-19 11:28:18.972 3007 3835 I hpplay-java: [AsyncTask #8]:IM_PublicCastClient:cs 1
01-19 11:28:18.972 3007 3835 I hpplay-java: [AsyncTask #8]:IM_PublicCastClient:connect http://120.76.135.195 com.hpplay.sdk.sink.cloud.PublicCastClient@6158ea5
01-19 11:28:18.977 3007 3835 W hpplay-java: [AsyncTask #8]:IM_PublicCastClient:connect BSSID:02%3A00%3A00%3A00%3A00%3A00 / 02:00:00:00:00:00
01-19 11:28:18.978 3007 3835 I hpplay-java: [AsyncTask #8]:IPManager:getActiveNets type: Ethernet
01-19 11:28:18.978 3007 3835 I hpplay-java: [AsyncTask #8]:IPManager:getActiveNets eth0:true wifi:false mobile:false ap:false
01-19 11:28:18.978 3007 3835 I hpplay-java: [AsyncTask #8]:IPManager:getIPAddress IP_ETH0
01-19 11:28:18.984 3007 3835 I hpplay-java: [AsyncTask #8]:IPManager:updateIPAddress getIPAddress: 192.168.4.16 name:vlan4
01-19 11:28:18.984 3007 3835 I hpplay-java: [AsyncTask #8]:IPManager:updateIPAddress getIPAddress: 192.168.11.36 name:wlan0
01-19 11:28:18.985 3007 3835 I hpplay-java: [AsyncTask #8]:IPManager:updateIPAddress getIPAddress: 192.168.8.16 name:vlan8
01-19 11:28:18.985 3007 3835 I hpplay-java: [AsyncTask #8]:IPManager:updateIPAddress getIPAddress: 192.168.11.16 name:vlan11
01-19 11:28:18.985 3007 3835 I hpplay-java: [AsyncTask #8]:IPManager:updateIPAddress getIPAddress: 192.168.11.35 name:eth0
01-19 11:28:18.985 3007 3835 I hpplay-java: [AsyncTask #8]:IPManager:updateIPAddress getIPAddress: 192.168.0.16 name:vlan0
01-19 11:28:18.985 3007 3835 I hpplay-java: [AsyncTask #8]:IPManager:updateIPAddress getIPAddress: 192.168.2.16 name:vlan2
01-19 11:28:18.985 3007 3835 I hpplay-java: [AsyncTask #8]:IPManager:updateIPAddress getIPAddress: 192.168.1.16 name:vlan1
01-19 11:28:18.986 3007 3835 I hpplay-java: [AsyncTask #8]:Preference:checkFeature none
01-19 11:28:18.986 3007 3835 I hpplay-java: [AsyncTask #8]:Feature:isPlayListEnable :true
01-19 11:28:18.986 3007 3835 I hpplay-java: [AsyncTask #8]:IM_PublicCastClient:connect capbilityBean.fe:11011100
01-19 11:28:18.986 3007 3835 I hpplay-java: [AsyncTask #8]:IM_PublicCastClient:connect support youme
01-19 11:28:18.986 3007 3835 I hpplay-java: [AsyncTask #8]:IM_IMEntrance:connect imUrl: http://120.76.135.195 uid: 975106318865898752
01-19 11:28:18.987 3007 3835 I hpplay-java: [AsyncTask #8]:ControlCloudAPI:updateDynamicUrls
01-19 11:28:18.988 3007 3835 I hpplay-java: [AsyncTask #8]:AuthSDK:readCacheData urlValid: true
01-19 11:28:18.988 3007 3835 I hpplay-java: [AsyncTask #8]:AuthSDK:readCacheData switchData: {"sw_list":"M\u0016]CB\fZ@\u0012\\\u0004\u0019\u0014\u0012W\u0017\u000es\u0005f\u000b\u000f\u0004C_V\u001b","ver":3}
01-19 11:28:18.988 3007 3835 I hpplay-java: [AsyncTask #8]:SWI:analyzeSwitch after: {"msshow":0,"pathAdTime":5}
01-19 11:28:18.989 3007 3835 I hpplay-java: [AsyncTask #8]:AuthSDK:readCacheData switchValid: true
01-19 11:28:18.991 3007 3835 I hpplay-java: [AsyncTask #8]:BPIFileUtil:getMd5ByFile: 0FA04FD08975C81CDD9275F6AE23A020
01-19 11:28:18.991 3007 3835 I hpplay-java: [AsyncTask #8]:BPIFileUtil:getMd5ByFile: 0FA04FD08975C81CDD9275F6AE23A020
01-19 11:28:18.991 3007 3835 I hpplay-java: [AsyncTask #8]:DeviceUtils:getNumCores
01-19 11:28:18.995 3007 3835 I hpplay-java: [AsyncTask #8]:DeviceInfo:codec: OMX.qcom.video.decoder.avc/8
01-19 11:28:18.995 3007 3835 I hpplay-java: [AsyncTask #8]:DeviceInfo:model: figure mf: TC product: figure_CN os:31
01-19 11:28:18.995 3007 3835 I hpplay-java: [AsyncTask #8]:DeviceInfo:uid: 975106318865898752 hid: 17C7180D624D02C9B785A87C2800F45B9
01-19 11:28:18.995 3007 3835 I hpplay-java: [AsyncTask #8]:DeviceInfo:version: 60146-2.59.15-2022-07-25-17-24
01-19 11:28:19.042 3007 3852 I hpplay-java: [AsyncTask #16]:IM_AbstractBlockingClient:run socket:Socket[address=/120.76.135.195,port=8080,localPort=59080]
01-19 11:28:19.042 3007 3853 I hpplay-java: [AsyncTask #17]:Session:updateRegTime use server regTime
01-19 11:28:19.042 3007 3852 I hpplay-java: [AsyncTask #16]:IM_PublicCastClient:onConnectSuccess
01-19 11:28:19.044 3007 3853 I hpplay-java: [AsyncTask #17]:AuthSDK:authSDK connectTimeout = 6000
01-19 11:28:19.054 3007 3858 I hpplay-java: [AsyncTask #19]:HttpRequest:http://sdkauth.hpplay.cn/Author/TVAuthor/?uid=975106318865898752&appid=21409&prot_ver=4.1&version=60146-25915 path post
01-19 11:28:19.056 3007 3835 I hpplay-java: [AsyncTask #8]:DeviceInfo:fir: sw.v:
01-19 11:28:19.057 3007 3835 I hpplay-java: [AsyncTask #8]:DeviceInfo:lelink.so version: 90611
01-19 11:28:19.057 3007 3835 I hpplay-java: [AsyncTask #8]:LelinkCastImpl:LEBO_OPTION_36 value: com.hht.lebocast.LelinkHelper$d@8d702f6
01-19 11:28:19.057 3007 3835 I hpplay-java: [AsyncTask #8]:LelinkCastImpl:setMirrorSurfaceType value: 0
01-19 11:28:19.057 3007 3858 I DpmTcmClient: RegisterTcmMonitor from: $Proxy2
01-19 11:28:19.057 3007 3835 I hpplay-java: [AsyncTask #8]:LelinkCastImpl:setDeviceName deviceName: 高合娱乐副屏
01-19 11:28:19.057 3007 3835 I hpplay-java: [AsyncTask #8]:LelinkCastImpl:choosePlayer type: 0
01-19 11:28:19.057 3007 3835 I hpplay-java: [AsyncTask #8]:LelinkCastImpl:setMaxFps maxFps: 60
01-19 11:28:19.058 3007 3835 D hpplay-base: [jniBridge:613] Java_com_hpplay_sdk_sink_protocol_Bridge__1setMaxFps 60
01-19 11:28:19.058 3007 3835 I hpplay-java: [AsyncTask #8]:LelinkCastImpl:setServerListener serverListener: com.hht.lebocast.LelinkHelper$e@6b766f7
01-19 11:28:19.058 3007 3835 I hpplay-java: [AsyncTask #8]:Preference:checkFeature none
01-19 11:28:19.058 3007 3835 I hpplay-java: [AsyncTask #8]:LelinkCastImpl:setAuthCodeCallback value: com.hht.lebocast.LelinkHelper$b@7804964
01-19 11:28:19.058 3007 3835 I hpplay-java: [AsyncTask #8]:LelinkCastImpl:setVolumeType value: 0
01-19 11:28:19.058 3007 3835 I hpplay-java: [AsyncTask #8]:Feature:getVolumeType model:figure mf:TC
01-19 11:28:19.058 3007 3835 I hpplay-java: [AsyncTask #8]:LelinkCastImpl:showFps showFps: true
01-19 11:28:19.059 3007 3835 I hpplay-java: [AsyncTask #8]:OptionSetter:setMediaPlayerCallBack LEBO_OPTION_101 value: com.hht.lebocast.LelinkHelper$c@f53e7cd
01-19 11:28:19.059 3007 3835 I hpplay-java: [AsyncTask #8]:LelinkCastImpl:setAuthMode mode: 0
01-19 11:28:19.060 3007 3835 I hpplay-java: [AsyncTask #8]:LelinkCastImpl:performAction action: ACTION_STARTSERVER
01-19 11:28:19.060 3007 3835 I hpplay-java: [AsyncTask #8]:LelinkCastImpl:startServer
01-19 11:28:19.060 3007 3835 I hpplay-java: [AsyncTask #8]:DeviceUtil:getPermissionDid: 1
01-19 11:28:19.060 3007 3835 I hpplay-java: [AsyncTask #8]:LelinkCastImpl:registerReceiver mNetworkReceiver: null
01-19 11:28:19.060 3007 3835 I hpplay-java: [AsyncTask #8]:NetworkReceiver:NetworkReceiver context: com.hht.lebocast.CastApplication@783c5b9
01-19 11:28:19.061 3007 3835 I hpplay-java: [AsyncTask #8]:IPManager:getActiveNets type: Ethernet
01-19 11:28:19.062 3007 3835 I hpplay-java: [AsyncTask #8]:IPManager:getActiveNets eth0:true wifi:false mobile:false ap:false
01-19 11:28:19.062 3007 3835 I hpplay-java: [AsyncTask #8]:IPManager:getIPAddress IP_ETH0
01-19 11:28:19.062 3007 3835 I hpplay-java: [AsyncTask #8]:NetworkReceiver:NetworkReceiver mStartIp: 192.168.11.35
01-19 11:28:19.064 3007 3861 I hpplay-java: [AsyncTask #21]:LelinkCastImpl:startServer_l
01-19 11:28:19.064 3007 3861 I hpplay-java: [AsyncTask #21]:Preference:checkFeature none
01-19 11:28:19.064 3007 3861 I hpplay-java: [AsyncTask #21]:ServerTaskManager:startServer
01-19 11:28:19.064 3007 3861 I hpplay-java: [AsyncTask #21]:ServerTaskManager:startServer add, reason: server start first or server was stopped
01-19 11:28:19.064 3007 3861 I hpplay-java: [AsyncTask #21]:ServerTaskManager:addStartTask
01-19 11:28:19.065 3007 3862 I hpplay-java: [AsyncTask #22]:NetworkReceiver:onReceive action: android.net.conn.CONNECTIVITY_CHANGE
01-19 11:28:19.066 3007 3861 I hpplay-java: [AsyncTask #21]:IPManager:getActiveNets type: Ethernet
01-19 11:28:19.066 3007 3861 I hpplay-java: [AsyncTask #21]:IPManager:getActiveNets eth0:true wifi:false mobile:false ap:false
01-19 11:28:19.066 3007 3861 I hpplay-java: [AsyncTask #21]:IPManager:getIPAddress IP_ETH0
01-19 11:28:19.067 3007 3860 I hpplay-java: [AsyncTask #20]:IPManager:updateIPAddress getIPAddress: 192.168.4.16 name:vlan4
01-19 11:28:19.067 3007 3860 I hpplay-java: [AsyncTask #20]:IPManager:updateIPAddress getIPAddress: 192.168.11.36 name:wlan0
01-19 11:28:19.067 3007 3860 I hpplay-java: [AsyncTask #20]:IPManager:updateIPAddress getIPAddress: 192.168.8.16 name:vlan8
01-19 11:28:19.067 3007 3860 I hpplay-java: [AsyncTask #20]:IPManager:updateIPAddress getIPAddress: 192.168.11.16 name:vlan11
01-19 11:28:19.067 3007 3860 I hpplay-java: [AsyncTask #20]:IPManager:updateIPAddress getIPAddress: 192.168.11.35 name:eth0
01-19 11:28:19.067 3007 3860 I hpplay-java: [AsyncTask #20]:IPManager:updateIPAddress getIPAddress: 192.168.0.16 name:vlan0
01-19 11:28:19.067 3007 3860 I hpplay-java: [AsyncTask #20]:IPManager:updateIPAddress getIPAddress: 192.168.2.16 name:vlan2
01-19 11:28:19.067 3007 3860 I hpplay-java: [AsyncTask #20]:IPManager:updateIPAddress getIPAddress: 192.168.1.16 name:vlan1
01-19 11:28:19.071 3007 3861 I hpplay-java: [AsyncTask #21]:IPManager:updateIPAddress getIPAddress: 192.168.4.16 name:vlan4
01-19 11:28:19.071 3007 3861 I hpplay-java: [AsyncTask #21]:IPManager:updateIPAddress getIPAddress: 192.168.11.36 name:wlan0
01-19 11:28:19.071 3007 3861 I hpplay-java: [AsyncTask #21]:IPManager:updateIPAddress getIPAddress: 192.168.8.16 name:vlan8
01-19 11:28:19.071 3007 3861 I hpplay-java: [AsyncTask #21]:IPManager:updateIPAddress getIPAddress: 192.168.11.16 name:vlan11
01-19 11:28:19.072 3007 3861 I hpplay-java: [AsyncTask #21]:IPManager:updateIPAddress getIPAddress: 192.168.11.35 name:eth0
01-19 11:28:19.072 3007 3861 I hpplay-java: [AsyncTask #21]:IPManager:updateIPAddress getIPAddress: 192.168.0.16 name:vlan0
01-19 11:28:19.072 3007 3861 I hpplay-java: [AsyncTask #21]:IPManager:updateIPAddress getIPAddress: 192.168.2.16 name:vlan2
01-19 11:28:19.072 3007 3861 I hpplay-java: [AsyncTask #21]:IPManager:updateIPAddress getIPAddress: 192.168.1.16 name:vlan1
01-19 11:28:19.072 3007 3861 I hpplay-java: [AsyncTask #21]:ServerTaskManager:exeTask startServer
01-19 11:28:19.073 3007 3861 I hpplay-java: [AsyncTask #21]:ServerTaskManager:startTimeOutCheck
01-19 11:28:19.074 3007 3865 I hpplay-java: [AsyncTask #25]:Bridge:assembleInParameters
01-19 11:28:19.076 677 3866 D resolv : GetAddrInfoHandler::run: {100 262244 100 983140 10090 0}
01-19 11:28:19.077 677 3866 D resolv : resolv_getaddrinfo: explore_fqdn(): ai_family=0 ai_socktype=1 ai_protocol=6
01-19 11:28:19.077 3007 3864 I hpplay-java: [AsyncTask #24]:ServerBusiness:startDaemonBusiness
01-19 11:28:19.077 3007 3864 I hpplay-java: [AsyncTask #24]:TimeOutCheckUtil:addTask id:upgrade
01-19 11:28:19.077 3007 3864 I hpplay-java: [AsyncTask #24]:TimeOutCheckUtil:addTask id:ijkupgrade
01-19 11:28:19.078 677 3867 D resolv : doQuery: (1, 1)
01-19 11:28:19.078 677 3867 D resolv : res_nmkquery: (QUERY, IN, A)
01-19 11:28:19.078 677 3867 D resolv : res_nsend
01-19 11:28:19.078 677 3867 I resolv : resolv_cache_lookup: lookup
01-19 11:28:19.078 677 3867 I resolv : resolv_cache_lookup: NOT IN CACHE
01-19 11:28:19.078 677 3867 I resolv : resolv_populate_res_for_net: netid=100
01-19 11:28:19.078 677 3867 I resolv : res_stats_usable_server: NS stats: S 1 + E 0 + T 0 + I 0 = 1, rtt = 5, min_samples = 8
01-19 11:28:19.078 677 3867 I resolv : res_stats_usable_server: NS stats: S 0 + E 0 + T 0 + I 0 = 0, rtt = -1, min_samples = 8
01-19 11:28:19.078 677 3867 D resolv : res_nsend: Querying server (# 1) address = 192.168.10.1:53
01-19 11:28:19.079 677 3867 D resolv : send_dg: new DG socket
01-19 11:28:19.079 677 3867 I resolv : get_timeout: using timeout of 5000 msec
01-19 11:28:19.079 677 3867 I resolv : retrying_poll: 60 retrying_poll
01-19 11:28:19.080 3007 3865 I hpplay-java: [AsyncTask #25]:Bridge:createDeviceId deviceId:NzQ6NWU6NDk6N2I6Y2I6MTM=
01-19 11:28:19.080 3007 3868 I hpplay-java: NanoHTTPDNanoHTTPD:server is started
01-19 11:28:19.080 3007 3865 I hpplay-java: [AsyncTask #25]:IPManager:getActiveNets type: Ethernet
01-19 11:28:19.080 3007 3865 I hpplay-java: [AsyncTask #25]:IPManager:getActiveNets eth0:true wifi:false mobile:false ap:false
01-19 11:28:19.080 3007 3865 I hpplay-java: [AsyncTask #25]:IPManager:getIPAddress IP_ETH0
01-19 11:28:19.081 3007 3865 I hpplay-java: [AsyncTask #25]:Preference:checkFeature none
01-19 11:28:19.081 3007 3865 I hpplay-java: [AsyncTask #25]:SWI:dlna tip
01-19 11:28:19.081 3007 3865 I hpplay-java: [AsyncTask #25]:SWI:lefp tip
01-19 11:28:19.081 3007 3865 I hpplay-java: [AsyncTask #25]:Bridge:assembleInParameters none alias name use device name: 高合娱乐副屏
01-19 11:28:19.081 3007 3865 I hpplay-java: [AsyncTask #25]:Feature:isSendAdvertisement
01-19 11:28:19.081 3007 3865 I hpplay-java: [AsyncTask #25]:Preference:checkFeature none
01-19 11:28:19.081 677 3867 I resolv : retrying_poll: 60 retrying_poll returning 1
01-19 11:28:19.081 3007 3865 I hpplay-java: [AsyncTask #25]:Preference:checkFeature none
01-19 11:28:19.081 3007 3865 I hpplay-java: [AsyncTask #25]:Bridge:backupHpplayDat bakPath:
01-19 11:28:19.081 3007 3865 I hpplay-java: [AsyncTask #25]:Bridge:path:/data/user/0/com.hht.lebocast/files/hpplay/file/happyplay.dat
01-19 11:28:19.081 3007 3865 I hpplay-java: [AsyncTask #25]:Bridge:mAppId:21409
01-19 11:28:19.081 3007 3865 I hpplay-java: [AsyncTask #25]:Bridge:mode:3
01-19 11:28:19.082 3007 3865 I hpplay-java: [AsyncTask #25]:Bridge:type:1
01-19 11:28:19.082 3007 3865 I hpplay-java: [AsyncTask #25]:Bridge:SN:
01-19 11:28:19.082 3007 3865 I hpplay-java: [AsyncTask #25]:Preference:checkFeature none
01-19 11:28:19.082 3007 3865 I hpplay-java: [AsyncTask #25]:Bridge:backPath:
01-19 11:28:19.082 3007 3865 I hpplay-java: [AsyncTask #25]:DeviceUtil:getPermissionDid: 1
01-19 11:28:19.082 3007 3865 I hpplay-java: [AsyncTask #25]:DeviceUtil:getPermissionDid: 1
01-19 11:28:19.082 677 3867 I resolv : res_nsend: used send_dg 51 terrno: 0
01-19 11:28:19.082 677 3867 I resolv : res_stats_set_sample: rcode = 0, sec = 3
01-19 11:28:19.082 677 3867 I resolv : res_cache_add_stats_sample_locked: adding sample to stats, next = 1, count = 1
01-19 11:28:19.082 3007 3865 I hpplay-java: [AsyncTask #25]:BPIFileUtil:getMd5ByFile: 0FA04FD08975C81CDD9275F6AE23A020
01-19 11:28:19.082 677 3867 D resolv : res_nsend: got answer:
01-19 11:28:19.082 3007 3865 I hpplay-java: [AsyncTask #25]:Preference:checkFeature none
01-19 11:28:19.082 3007 3865 I hpplay-java: [AsyncTask #25]:Preference:checkFeature none
01-19 11:28:19.082 677 3867 I resolv : answer_getTTL: TTL = 135
01-19 11:28:19.083 3007 3865 I hpplay-java: [AsyncTask #25]:Preference:checkFeature none
01-19 11:28:19.083 3007 3865 I hpplay-java: [AsyncTask #25]:Preference:checkFeature none
01-19 11:28:19.083 677 3867 I resolv : _cache_add_p: entry 2 added (count=2)
01-19 11:28:19.083 3007 3865 I hpplay-java: [AsyncTask #25]:Preference:checkFeature none
01-19 11:28:19.083 677 3867 I resolv : cache_dump_mru_locked: MRU LIST ( 2): 2 1
01-19 11:28:19.085 677 3867 D resolv : doQuery: rcode=0, ancount=1
01-19 11:28:19.085 677 3866 I ResolverController: No valid NAT64 prefix (100, /0)
01-19 11:28:19.089 3007 3864 W hpplay-java: [AsyncTask #24]:ServerBusiness:startDaemonBusiness start LelinkHTTPD sucess 52288
01-19 11:28:19.091 3007 3007 I hpplay-java: [main]:ServerBusiness:get deviceCode:2360601827
01-19 11:28:19.096 3007 3852 I hpplay-java: [AsyncTask #16]:IM_PublicCastClient:onAuthCallback
01-19 11:28:19.096 3007 3852 I hpplay-java: [AsyncTask #16]:IM_PublicCastClient:authResult,code: 0
01-19 11:28:19.097 3007 3852 I hpplay-java: [AsyncTask #16]:IM_AbstractBlockingClient:stopHeartBeat null
01-19 11:28:19.098 3007 3852 I hpplay-java: [AsyncTask #16]:IM_AbstractBlockingClient:heartBeat after 50000
01-19 11:28:19.098 3007 3864 I hpplay-java: [AsyncTask #24]:Support_Config:youme support version: 105
01-19 11:28:19.101 3007 3872 I hpplay-java: [AsyncTask #26]:PluginLoader:autoLoadPlugin ignore,YOUMI/2
01-19 11:28:19.117 3007 3865 W hpplay-java: [AsyncTask #25]:DeviceUtils:getDomain create lb domain
01-19 11:28:19.118 3007 3865 I hpplay-java: [AsyncTask #25]:BuildConfigSupport:getBuildType BUILD_TYPE:release
01-19 11:28:19.118 3007 3865 I hpplay-java: [AsyncTask #25]:Feature:getMirrorAudioVideoSync DISABLE
01-19 11:28:19.118 3007 3865 I hpplay-java: [AsyncTask #25]:Feature:checkSupportRedirectOtherApp,no set redirect api
01-19 11:28:19.118 3007 3865 I hpplay-java: [AsyncTask #25]:Feature:getRedirectSearchFlag,value: 0
01-19 11:28:19.119 3007 3865 I hpplay-java: [AsyncTask #25]:Bridge:mIn: InParameters{appInfo='0', appKey='21409', authMode=0, authPwd='null', broadcastDirection=0, broadcastState=1, broadcastTimeout=3, buildType='release', cacheAVPath='/data/user/0/com.hht.lebocast/cache/hpplay/av', cachePhotoPath='/data/user/0/com.hht.lebocast/cache/hpplay/image', channel='LEBO-APK--60146-25915', desPath='/data/user/0/com.hht.lebocast/files/hpplay/file/config/dcf', , deviceName='高合娱乐副屏', dlna=1, dlnaCompany='Microsoft Corporation', dlnaCompanyURL='http://www.microsoft.com', dlnaDeviceDescribe='Media Renderer', dlnaDeviceName='Windows Media Player', dlnaDeviceURL='http://go.microsoft.com/fwlink/Linkld=105927', dlnaLelinkSwitch=1, dlnaManufacturer=0, dlnaName='高合娱乐副屏', dlnaUPC='null', dlnaUUID='980bd986-8dd5-bf01-1f54-adf1e4424a5e', domain='Lebo-figure-12e665f1edec', drainage=0, feature='6655', fps=60, height=1080, host='null', , keyPath='/data/user/0/com.hht.lebocast/files/hpplay/file', lelinkfp=1, lelinkfp2=0, logBaseState=1, logPath='/storage/emulated/0/com.hht.lebocast/sink/sdk/common', , mdnsEnable=1, mirrorSyncType=0, netCastVer='2.0', packageName='com.hht.lebocast', packagePath='/data/user/0/com.hht.lebocast', permissionDid='12:e6:65:f1:ed:ec', permissionMode=3, permissionPreSN='', port=0, preemptMode=0, regType='_leboremote._tcp.', serverPorts=null, sockWaitTimeOut=45, teleControlPort=53388, tunnels=3, txtKeys=null, txtValues=null, uid='975106318865898752', videoFrameType=1001, width=1920}com.hpplay.sdk.sink.protocol.InParameters@16550ad
01-19 11:28:19.119 3007 3007 I hpplay-java: [main]:Bridge:startServer state: 0
01-19 11:28:19.119 3007 3007 D hpplay-base: [jniBridge:185] not conference version
01-19 11:28:19.119 3007 3007 I hpplay-base: [jniBridge:241] 1initServer nSettingWidth=1920 nSettingHeight=1080 nSettingMaxFPS=60 dlnaEnable=1 lelinkFpEnable=1
01-19 11:28:19.119 3007 3007 D hpplay-base: [jniBridge:283] 1initServer cfg.leLinkIp=192.168.11.35
01-19 11:28:19.119 3007 3007 D hpplay-base: [jniBridge:286] 1initServer cfg.mPermissionMode=3
01-19 11:28:19.119 3007 3007 D hpplay-base: [jniBridge:304] 1initServer cfg.permissionDid=12:e6:65:f1:ed:ec000000000000000
01-19 11:28:19.119 3007 3007 D hpplay-base: [jniBridge:313] 1initServer cfg.mPermissionPreSN=00000000000000000000000000000000
01-19 11:28:19.119 3007 3007 D hpplay-base: [jniBridge:317] Bridge___1initServer status:0
01-19 11:28:19.119 3007 3007 I hpplay-base: [jniBridge:325] 1initServer cfg.feature=6655
01-19 11:28:19.119 3007 3007 D hpplay-base: [jniBridge:377] 1initServer isSendBroadCast=3
01-19 11:28:19.119 3007 3007 D hpplay-base: [jniBridge:380] 1initServer broadcastDirection=0
01-19 11:28:19.119 3007 3007 D hpplay-base: [jniBridge:382] 1initServer ipBroadcast direction=0
01-19 11:28:19.119 3007 3007 D hpplay-base: [jniBridge:387] 1initServer tunnel=3
01-19 11:28:19.119 3007 3007 D hpplay-base: [jniBridge:390] 1initServer drainage=0
01-19 11:28:19.119 3007 3007 D hpplay-base: [jniBridge:401] 1initServer mDNSEnable=1
01-19 11:28:19.119 3007 3007 D hpplay-base: [jniBridge:406] 1initServer nSockWaitTimeOut=45
01-19 11:28:19.119 3007 3007 D hpplay-base: [jniBridge:410] 1initServer nMirrorAudioVideoSync=0
01-19 11:28:19.120 3007 3007 I hpplay-base: [sign_check:168] checkSign strPackageName:com.hht.lebocast
01-19 11:28:19.120 3007 3007 I hpplay-base: [sign_check:169] checkSign buildType:release
01-19 11:28:19.120 3007 3007 I hpplay-base: [sign_check:170] checkSign appKey:21409
01-19 11:28:19.120 3007 3007 D hpplay-base: [LelinkBase:405] bridgeInit port: 0, lelinkfp: 0
01-19 11:28:19.120 3007 3007 D hpplay-base: [LelinkBase:462] bridgeInit mPackagePath =/data/user/0/com.hht.lebocast
01-19 11:28:19.120 3007 3007 D hpplay-base: [LelinkBase:463] bridgeInit mKeyPath =/data/user/0/com.hht.lebocast/files/hpplay/file
01-19 11:28:19.120 3007 3007 D hpplay-base: [SinkContext:97] initSinkContext mPackagePath =/data/user/0/com.hht.lebocast
01-19 11:28:19.120 3007 3007 D hpplay-base: [SinkContext:98] initSinkContext mKeyPath =/data/user/0/com.hht.lebocast/files/hpplay/file
01-19 11:28:19.120 3007 3007 D hpplay-base: [jniBridge:478] Java_com_hpplay_sdk_sink_protocol_Bridge__1initServer end
01-19 11:28:19.120 3007 3007 D hpplay-base: [jniBridge:869] Bridge__1startServer status:1
01-19 11:28:19.121 3007 3007 D hpplay-base: [LelinkBase:492] startAllServer at base
01-19 11:28:19.121 3007 3007 D hpplay-base: [lelinkSinkServer:152] httpPlugins_SetServerPort TYPE_SERVER_LELINK:52266
01-19 11:28:19.121 3007 3007 D hpplay-base: [network.c:362] protocol bind host :192.168.11.35 port:52266 curent bind port:52266
01-19 11:28:19.121 3007 3007 D hpplay-base: [lelinkSinkServer:681] HTTP Server real at:52266
01-19 11:28:19.122 3007 3007 D hpplay-base: [ScreenStream:1285] current bind port:7100
01-19 11:28:19.122 3007 3007 D hpplay-base: [LelinkBase:515] startAllServer pBaseContext->config.dlnaEnable:1
01-19 11:28:19.122 3007 3007 D hpplay-base: [lelinkDlna:324] addDMRCallback end
01-19 11:28:19.122 3007 3877 D hpplay-base: [lelinkSinkServer:644] Connected Service Type:0
01-19 11:28:19.122 3007 3877 I hpplay-base: : (server.c.315) startServer listen_ing....:
01-19 11:28:19.122 3007 3877 D hpplay-base: [Server:371] startHttpServer srv_sockets.used:1 nCurrentFd:71, tid is 3877
01-19 11:28:19.122 3007 3878 D hpplay-base: [stream_mirror_compat:759] compat mirror stream begin to run,server fd:74,thread_id:3255316928!!
01-19 11:28:19.134 3007 3007 E hpplay-base-dlna: miniserver.c:788::dlna_port(ipv4: 49152 ipv6:0)
01-19 11:28:19.136 3007 3007 D hpplay-base-dlna: [lebodlna-dlnaframe:166] succeed to load lebodlnaplugin
01-19 11:28:19.137 3007 3007 D hpplay-base-dlna: [lebodlna-dlnaframe:232] Succeed to load specified plugin:lebodlna_plugin
01-19 11:28:19.137 3007 3007 D hpplay-base: [lelinkDlna:328] startDLNAServer ret=0
01-19 11:28:19.137 3007 3007 D hpplay-base: [LelinkBase:531] startDLNAServer ret= 0
01-19 11:28:19.137 3007 3007 D hpplay-base: [lelinkDlna:342] setDMRFriendlyName 高合娱乐副屏
01-19 11:28:19.137 3007 3007 D hpplay-base-dlna: [lebodlna-dlna_android:136] setBroadcastTimeout mBroadcastTimeOut=66 status=3!
01-19 11:28:19.137 3007 3007 D hpplay-base-dlna: [lebodlna_api:32] start DMR
01-19 11:28:19.137 3007 3007 D hpplay-base-dlna: [UpnpDefine:434] RegisterDMRender invalid lelink info
01-19 11:28:19.137 3007 3007 D hpplay-base-dlna: [UpnpDefine:551] DLNA DESCRIPTION FROME SERVER
01-19 11:28:19.138 3007 3007 E hpplay-base-dlna: upnpapi.c:1078::Exiting RegisterRootDevice2 *Hnd =1, return value == 0
01-19 11:28:19.138 3007 3007 D hpplay-base-dlna: [CUpnpDevice:41] Register Root Device 2:0
01-19 11:28:19.138 3007 3007 D hpplay-base-dlna: [UpnpDefine:794] ESDMRender:Register success
01-19 11:28:19.138 3007 3007 D hpplay-base-dlna: [lebodlna_api:41] sendBroadcast mBroadcastTimeOut=3
01-19 11:28:19.138 3007 3007 D hpplay-base-dlna: [lebodlna_api:44] sendBroadcast timeout=66
01-19 11:28:19.189 3007 3858 I hpplay-java: [AsyncTask #19]:HttpRequest:doPost responseCode:200
01-19 11:28:19.195 3007 3007 D hpplay-base: [lelinkDlna:361] startDLNADevice dlnaManufacturer:0 ret=0
01-19 11:28:19.195 3007 3007 D hpplay-base: [LelinkBase:535] lelinkSetDlnaInfo ret= 0
01-19 11:28:19.195 3007 3007 D hpplay-base: [LelinkBase:547] startAllServer pBaseContext->config.mDNSEnable:1
01-19 11:28:19.196 3007 3007 D hpplay-base: [base_mdns:509] mdns net.hostname:
01-19 11:28:19.196 3007 3007 D hpplay-base: [base_mdns:529] mdns namelabel:-36-7C-7C-00-00-0F
01-19 11:28:19.196 3007 3007 D hpplay-base: [base_mdns:509] mdns net.hostname:
01-19 11:28:19.196 3007 3007 D hpplay-base: [base_mdns:529] mdns namelabel:-36-7C-7C-00-00-0F
01-19 11:28:19.197 3007 3007 D hpplay-base: [mdns:813] mdns start bind port:0
01-19 11:28:19.200 3007 3007 D hpplay-base: [mdns:813] mdns start bind port:5353
01-19 11:28:19.200 3007 3007 D hpplay-base: [mdns:813] mdns start bind port:5353
01-19 11:28:19.200 3007 3007 D hpplay-base: [mdns:813] mdns start bind port:5353
01-19 11:28:19.201 3007 3007 D hpplay-base: [mdns:813] mdns start bind port:5353
01-19 11:28:19.201 3007 3007 D hpplay-base: [mdns:813] mdns start bind port:5353
01-19 11:28:19.201 3007 3007 D hpplay-base: [mdns:813] mdns start bind port:5353
01-19 11:28:19.201 3007 3007 D hpplay-base: [mdns:813] mdns start bind port:5353
01-19 11:28:19.202 3007 3007 D hpplay-base: [mdns:813] mdns start bind port:5353
01-19 11:28:19.202 3007 3007 I hpplay-base: [mDNSEmbeded:57] embedded_mDNSInit stopmDNSNow:0 status:0
01-19 11:28:19.202 3007 3007 D hpplay-base: [mDNSEmbeded:436] startmDNSServer end nRet=0
01-19 11:28:19.202 3007 3007 D hpplay-base: [LelinkBase:555] lelink broadcast_on_off:1 log2java_on_off:1
01-19 11:28:19.203 3007 3894 D hpplay-base: [LelinkMDNS:729] leboAuthorizationCheck strUuid=12:e6:65:f1:ed:ec000000000000000
01-19 11:28:19.203 3007 3894 D hpplay-base: [LelinkMDNS:730] leboAuthorizationCheck mPermissionDid=12:e6:65:f1:ed:ec000000000000000
01-19 11:28:19.203 3007 3894 D hpplay-base: [LelinkMDNS:755] leboAuthorizationCheck mPermissionMac=12:e6:65:f1:ed:ec000000000000000
01-19 11:28:19.203 3007 3895 I hpplay-base: [mDNSEmbeded:268] start lelink publish server, tid is 3895
01-19 11:28:19.203 3007 3007 D hpplay-base: [AEventUtils:595] request to start event handle service!!
01-19 11:28:19.203 3007 3007 D hpplay-base: [AEventUtils:603] start_event_handle_service,begin to run!!
01-19 11:28:19.203 3007 3896 D hpplay-base: [mDNSEmbeded:197] http_port bind check 197 http_port_check
01-19 11:28:19.204 3007 3007 D hpplay-base: [REventUtils:210] start_event_handle_service,begin to run!!
01-19 11:28:19.204 3007 3007 D hpplay-base: [LelinkBase:576] startAllServer success .
01-19 11:28:19.204 3007 3007 D hpplay-base: [jniBridge:894] startDlna_link:http://192.168.11.35:49152/description.xml
01-19 11:28:19.204 3007 3899 D hpplay-base: [jniBridge:1081] notifyJavaDlnalink:http://192.168.11.35:49152/description.xml
01-19 11:28:19.204 3007 3899 D hpplay-base: [jniBridge:1726] notifyJava, what:207, castType:0, mimeType:0 baseStatus:2
01-19 11:28:19.204 3007 3899 D hpplay-base: [jniBridge:1727] notifyJava sessionID:(null)
01-19 11:28:19.206 3007 3898 D hpplay-base: [REventUtils:59] create handleREventThread thread ok!!,tid is 3898
01-19 11:28:19.206 3007 3899 I hpplay-java: [Thread-3]:Bridge:notify: what: 207
01-19 11:28:19.206 677 3900 D resolv : GetHostByNameHandler::run: result: Success
01-19 11:28:19.207 3007 3899 I hpplay-java: [Thread-3]:Bridge:notify: out: OutParameters:{audioSessionId=-1, audiotrackIndex=0, castHandleType=-1, castType=0, deviceName='http://192.168.11.35:49152/description.xml', dlnaName='', dramaID='', extra=0, frameHandleType=-1, handleInside=true, headduration=0, header='', headers=null, isAD=false, isMultiMirror=false, lelinkVer='', limitTime=0, , mediaAlbum='null', mediaAlbumArtURI='', mediaArtist='null', mediaAssets='', mediaTitle='null', mimeType=0, multiSession=null, period=0, pinCode='', playSpeed=0.0, playerChoice=0, plugin=0, port=0, position=0.0, positionUnit=2, protocol=0, realSessionID='', regType='', , sinkIp='', sourceAPPVersion='', sourceChannel='', sourceClientInfo='', sourceDeviceInfo='', sourceDeviceModel='', sourceDeviceName='', sourceDeviceType=0, sourceHID='', , sourceInfo='', , , sourceOSVersion='', sourceSDKVersion='', sourceUid='', stopDetail=0, stopReason=0, tailduration=0, url='', urlID='', urls=null, userAgent='', videoDecoder=0, volume=0, what=207}com.hpplay.sdk.sink.protocol.OutParameters@6c3f73
01-19 11:28:19.207 3007 3899 I hpplay-java: [Thread-3]:Bridge:notify: address:257834544
01-19 11:28:19.219 3007 3007 I auditd : type=1400 audit(0.0:188): avc: granted { read } for comm="om.hht.lebocast" name="arp" dev="proc" ino=4026532256 scontext=u:r:platform_app:s0:c512,c768 tcontext=u:object_r:proc_net:s0 tclass=file app=com.hht.lebocast
01-19 11:28:19.219 3007 3007 W om.hht.lebocast: type=1400 audit(0.0:188): avc: granted { read } for name="arp" dev="proc" ino=4026532256 scontext=u:r:platform_app:s0:c512,c768 tcontext=u:object_r:proc_net:s0 tclass=file app=com.hht.lebocast
01-19 11:28:19.207 3007 3897 D hpplay-base: [AEventUtils:171] create handle AEvent thread ok!!,tid is 3897
01-19 11:28:19.219 3007 3007 I auditd : type=1400 audit(0.0:189): avc: granted { read open } for comm="om.hht.lebocast" path="/proc/3007/net/arp" dev="proc" ino=4026532256 scontext=u:r:platform_app:s0:c512,c768 tcontext=u:object_r:proc_net:s0 tclass=file app=com.hht.lebocast
01-19 11:28:19.219 3007 3007 W om.hht.lebocast: type=1400 audit(0.0:189): avc: granted { read open } for path="/proc/3007/net/arp" dev="proc" ino=4026532256 scontext=u:r:platform_app:s0:c512,c768 tcontext=u:object_r:proc_net:s0 tclass=file app=com.hht.lebocast
01-19 11:28:19.208 3007 3901 I hpplay-java: [AsyncTask #28]:AuthSDK:analysisVerifyData
01-19 11:28:19.219 3007 3007 I auditd : type=1400 audit(0.0:190): avc: granted { getattr } for comm="om.hht.lebocast" path="/proc/3007/net/arp" dev="proc" ino=4026532256 scontext=u:r:platform_app:s0:c512,c768 tcontext=u:object_r:proc_net:s0 tclass=file app=com.hht.lebocast
01-19 11:28:19.219 3007 3007 W om.hht.lebocast: type=1400 audit(0.0:190): avc: granted { getattr } for path="/proc/3007/net/arp" dev="proc" ino=4026532256 scontext=u:r:platform_app:s0:c512,c768 tcontext=u:object_r:proc_net:s0 tclass=file app=com.hht.lebocast
01-19 11:28:19.208 3007 3901 I hpplay-java: [AsyncTask #28]:AuthSDK: analysisVerifyData servListValid: false {"ver":0,"url_list":[]}
01-19 11:28:19.208 3007 3901 I hpplay-java: [AsyncTask #28]:AuthSDK:++++++++++++++++++++++++++1674098928626
01-19 11:28:19.208 3007 3901 W hpplay-java: [AsyncTask #28]:SWI:analyzeSwitch invalid sw data
01-19 11:28:19.209 3007 3901 I hpplay-java: [AsyncTask #28]:AuthSDK:analysisVerifyData switchValid: false
01-19 11:28:19.209 3007 3901 I hpplay-java: [AsyncTask #28]:AuthSDK:readCacheData switchData: {"sw_list":"M\u0016]CB\fZ@\u0012\\\u0004\u0019\u0014\u0012W\u0017\u000es\u0005f\u000b\u000f\u0004C_V\u001b","ver":3}
01-19 11:28:19.209 3007 3901 I hpplay-java: [AsyncTask #28]:SWI:analyzeSwitch after: {"msshow":0,"pathAdTime":5}
01-19 11:28:19.209 3007 3896 D hpplay-base: [mDNSEmbeded:217] http_port bind check 217 http_port_check
01-19 11:28:19.209 3007 3901 I hpplay-java: [AsyncTask #28]:AuthSDK:readCacheData switchValid: true
01-19 11:28:19.210 3007 3901 I hpplay-java: [AsyncTask #28]:IM_PublicCastClient:cs 1
01-19 11:28:19.210 3007 3896 D hpplay-base: [mDNSEmbeded:222] http_port bind check 222 http_port_check
01-19 11:28:19.211 3007 3901 I hpplay-java: [AsyncTask #28]:Preference:checkFeature none
01-19 11:28:19.211 3007 3901 I hpplay-java: [AsyncTask #28]:SWI:dr tip
01-19 11:28:19.211 3007 3901 I hpplay-java: [AsyncTask #28]:DataReportShare:setReportSwitch,value:true
01-19 11:28:19.211 3007 3901 I hpplay-java: [AsyncTask #28]:AuthSDK:requestDeviceFunctionList
01-19 11:28:19.213 3007 3901 I hpplay : [AsyncTask #28]:LelinkHelper:onAuthSDK status: 1
01-19 11:28:19.214 3007 3901 I hpplay-java: [AsyncTask #28]:AuthSDK:requestLogo
01-19 11:28:19.214 3007 3007 D hpplay : [main]:LelinkHelper:认证成功
01-19 11:28:19.216 3007 3901 I hpplay-java: [AsyncTask #28]:AuthSDK:requestSdkConfigData
01-19 11:28:19.219 3007 3901 I hpplay-java: [AsyncTask #28]:VipAuthSDK:vipAuth
01-19 11:28:19.221 677 3904 D resolv : GetAddrInfoHandler::run: {100 262244 100 983140 10090 0}
01-19 11:28:19.222 677 3904 D resolv : resolv_getaddrinfo: explore_fqdn(): ai_family=0 ai_socktype=1 ai_protocol=6
01-19 11:28:19.223 3007 3896 D hpplay-base: [mDNSEmbeded:234] http_port bind check 234 http_port_check port:52266
01-19 11:28:19.223 3007 3896 D hpplay-base: [mDNSEmbeded:237] http_port bind check 237 http_port_check
01-19 11:28:19.223 677 3906 D resolv : doQuery: (1, 1)
01-19 11:28:19.223 677 3906 D resolv : res_nmkquery: (QUERY, IN, A)
01-19 11:28:19.224 677 3906 D resolv : res_nsend
01-19 11:28:19.224 677 3906 I resolv : resolv_cache_lookup: lookup
01-19 11:28:19.224 677 3906 I resolv : resolv_cache_lookup: NOT IN CACHE
01-19 11:28:19.224 677 3906 I resolv : resolv_populate_res_for_net: netid=100
01-19 11:28:19.224 677 3906 I resolv : res_stats_usable_server: NS stats: S 2 + E 0 + T 0 + I 0 = 2, rtt = 4, min_samples = 8
01-19 11:28:19.224 677 3906 I resolv : res_stats_usable_server: NS stats: S 0 + E 0 + T 0 + I 0 = 0, rtt = -1, min_samples = 8
01-19 11:28:19.224 677 3906 D resolv : res_nsend: Querying server (# 1) address = 192.168.10.1:53
01-19 11:28:19.224 3007 3905 D hpplay-base: [lelinkSinkServer:93] new client connection from 127.0.0.1 18560, fd=102
01-19 11:28:19.224 3007 3905 D hpplay-base: [SinkContext:137] addSinkContextSession,begin to run!!
01-19 11:28:19.224 3007 3905 D hpplay-base: [SinkContext:142] addSinkContextSession,begin to get lock!!
01-19 11:28:19.224 3007 3905 D hpplay-base: [SinkContext:144] addSinkContextSession,get lock ok!!
01-19 11:28:19.224 3007 3905 D hpplay-base: [SinkContext:149] addSinkContextSession,session list is null,begin to malloc!!
01-19 11:28:19.224 3007 3905 D hpplay-base: [SinkContext:156] addSinkContextSession,begin to update!!
01-19 11:28:19.224 3007 3905 D hpplay-base: [SinkContext:160] addSinkContextSession,begin to update header!!
01-19 11:28:19.224 3007 3905 D hpplay-base: [SinkContext:172] addSinkContextSession,begin to unlock!!
01-19 11:28:19.224 3007 3905 D hpplay-base: [SinkContext:174] addSinkContextSession,unlock ok!!
01-19 11:28:19.224 3007 3905 D hpplay-base: [LelinkReceiver:4908] get ping !!!
01-19 11:28:19.224 677 3906 D resolv : send_dg: new DG socket
01-19 11:28:19.225 3007 3896 D hpplay-base: [mDNSEmbeded:240] http_port bind check 240 http_port_check recieved:64
01-19 11:28:19.225 3007 3896 D hpplay-base: [mDNSEmbeded:243] http_port bind check 243 http_port_check
01-19 11:28:19.225 677 3906 I resolv : get_timeout: using timeout of 5000 msec
01-19 11:28:19.225 3007 3896 D hpplay-base: [mDNSEmbeded:244] http_port bind check ok!
01-19 11:28:19.225 677 3906 I resolv : retrying_poll: 59 retrying_poll
01-19 11:28:19.226 2993 3279 E MediaProvider: Creating a non-default top level directory or deleting an existing one is not allowed!
01-19 11:28:19.230 677 3907 D resolv : GetAddrInfoHandler::run: {100 262244 100 983140 10090 0}
01-19 11:28:19.230 2993 3279 E MediaProvider: Creating a non-default top level directory or deleting an existing one is not allowed!
01-19 11:28:19.230 677 3907 D resolv : resolv_getaddrinfo: explore_fqdn(): ai_family=0 ai_socktype=1 ai_protocol=6
01-19 11:28:19.230 677 3908 D resolv : GetAddrInfoHandler::run: {100 262244 100 983140 10090 0}
01-19 11:28:19.230 677 3908 D resolv : resolv_getaddrinfo: explore_fqdn(): ai_family=0 ai_socktype=1 ai_protocol=6
01-19 11:28:19.232 677 3909 D resolv : doQuery: (1, 1)
01-19 11:28:19.232 677 3909 D resolv : res_nmkquery: (QUERY, IN, A)
01-19 11:28:19.232 677 3909 D resolv : res_nsend
01-19 11:28:19.232 677 3909 I resolv : resolv_cache_lookup: lookup
01-19 11:28:19.232 677 3909 I resolv : resolv_cache_lookup: NOT IN CACHE
01-19 11:28:19.232 677 3909 I resolv : resolv_populate_res_for_net: netid=100
01-19 11:28:19.232 677 3909 I resolv : res_stats_usable_server: NS stats: S 2 + E 0 + T 0 + I 0 = 2, rtt = 4, min_samples = 8
01-19 11:28:19.232 677 3909 I resolv : res_stats_usable_server: NS stats: S 0 + E 0 + T 0 + I 0 = 0, rtt = -1, min_samples = 8
01-19 11:28:19.232 677 3909 D resolv : res_nsend: Querying server (# 1) address = 192.168.10.1:53
01-19 11:28:19.233 1100 1947 I GameModeConfig: isGameModeOn = false
01-19 11:28:19.237 677 3909 D resolv : send_dg: new DG socket
01-19 11:28:19.237 677 3909 I resolv : get_timeout: using timeout of 5000 msec
01-19 11:28:19.237 677 3909 I resolv : retrying_poll: 64 retrying_poll
01-19 11:28:19.238 3007 3901 I hpplay-java: [AsyncTask #28]:EnterpriseAuthManager:getCompanyAuthSavePath,sdk install path
01-19 11:28:19.238 3007 3901 I hpplay-java: [AsyncTask #28]:EnterpriseAuthManager:getNewCompanyAuthSavePath
01-19 11:28:19.239 677 3909 I resolv : retrying_poll: 64 retrying_poll returning 1
01-19 11:28:19.240 677 3909 I resolv : res_nsend: used send_dg 49 terrno: 0
01-19 11:28:19.240 677 3909 I resolv : res_stats_set_sample: rcode = 0, sec = 3
01-19 11:28:19.240 677 3909 I resolv : res_cache_add_stats_sample_locked: adding sample to stats, next = 2, count = 2
01-19 11:28:19.240 677 3909 D resolv : res_nsend: got answer:
01-19 11:28:19.240 677 3909 I resolv : answer_getTTL: TTL = 248
01-19 11:28:19.240 677 3909 I resolv : _cache_add_p: entry 3 added (count=3)
01-19 11:28:19.241 677 3909 I resolv : cache_dump_mru_locked: MRU LIST ( 3): 3 2 1
01-19 11:28:19.241 677 3910 D resolv : doQuery: (1, 1)
01-19 11:28:19.241 677 3910 D resolv : res_nmkquery: (QUERY, IN, A)
01-19 11:28:19.241 677 3910 D resolv : res_nsend
01-19 11:28:19.241 677 3910 I resolv : resolv_cache_lookup: lookup
01-19 11:28:19.242 677 3910 I resolv : resolv_cache_lookup: FOUND IN CACHE entry=0xb400007ba4c663d0
01-19 11:28:19.242 677 3910 D resolv : doQuery: rcode=0, ancount=1
01-19 11:28:19.243 677 3909 D resolv : doQuery: rcode=0, ancount=1
01-19 11:28:19.243 2993 3279 E MediaProvider: Creating a non-default top level directory or deleting an existing one is not allowed!
01-19 11:28:19.244 677 3908 I ResolverController: No valid NAT64 prefix (100, /0)
01-19 11:28:19.245 677 3907 I ResolverController: No valid NAT64 prefix (100, /0)
01-19 11:28:19.246 2993 3279 E MediaProvider: Creating a non-default top level directory or deleting an existing one is not allowed!
01-19 11:28:19.246 3007 3901 I hpplay-java: [AsyncTask #28]:EnterpriseAuthManager:getNewCompanyAuthSavePath,get app cache path
01-19 11:28:19.247 3007 3901 I hpplay-java: [AsyncTask #28]:EnterpriseAuthManager:updateCompanyAccountSavePath
01-19 11:28:19.247 3007 3901 I hpplay-java: [AsyncTask #28]:EnterpriseAuthManager:getCompanyAccount
01-19 11:28:19.248 3007 3901 I hpplay-java: [AsyncTask #28]:EnterpriseAuthManager:getNewCompanyAuthSavePath
01-19 11:28:19.248 3007 3901 I hpplay-java: [AsyncTask #28]:EnterpriseAuthManager:getNewCompanyAuthSavePath,get app cache path
01-19 11:28:19.249 3007 3901 I hpplay-java: [AsyncTask #28]:AuthTask:refreshAuth 11
01-19 11:28:19.249 3007 3901 I hpplay-java: [AsyncTask #28]:PlayerConfig:start request player cloud config, curVersion: 0
01-19 11:28:19.249 3007 3901 I hpplay-java: [AsyncTask #28]:ModelUtil:Build.MANUFACTURER: TC -- Model: -- Build.MODEL: figure
01-19 11:28:19.249 3007 3901 I hpplay-java: [AsyncTask #28]:AuthSDK:controlStartServer
01-19 11:28:19.250 3007 3831 I hpplay-java: [AsyncTask #4]:HttpRequest:https://vipauth.hpplay.cn/VipAuth path post
01-19 11:28:19.250 3007 3901 I hpplay-java: [AsyncTask #28]:ServiceUpdater:upLoadDeviceInfo ignore, 2360601827
01-19 11:28:19.250 3007 3901 I hpplay-java: [AsyncTask #28]:BusinessConfig:requestConfig
01-19 11:28:19.250 3007 3834 W hpplay-java: [AsyncTask #7]:CreateUtils:notifyQRReady server not start,ignore
01-19 11:28:19.251 3007 3834 W hpplay-java: [AsyncTask #7]:CreateUtils:isServerStartAndAuth server not start
01-19 11:28:19.251 3007 3834 W hpplay-java: [AsyncTask #7]:CreateUtils:isServerStartAndAuth server not start
01-19 11:28:19.251 3007 3834 I hpplay-java: [AsyncTask #7]:ServerBusiness:createPinCode ignore
01-19 11:28:19.252 677 3911 D resolv : GetAddrInfoHandler::run: {100 262244 100 983140 10090 0}
01-19 11:28:19.252 677 3911 D resolv : resolv_getaddrinfo: explore_fqdn(): ai_family=0 ai_socktype=1 ai_protocol=6
01-19 11:28:19.253 677 3913 D resolv : doQuery: (1, 1)
01-19 11:28:19.253 1100 1136 W ActivityManager: Unable to start service Intent { act=android.intent.action.START_LEBO_SERVICE pkg=com.hpplay.happyplay.aw } U=0: not found
01-19 11:28:19.253 677 3913 D resolv : res_nmkquery: (QUERY, IN, A)
01-19 11:28:19.253 677 3913 D resolv : res_nsend
01-19 11:28:19.253 677 3913 I resolv : resolv_cache_lookup: lookup
01-19 11:28:19.253 677 3913 I resolv : resolv_cache_lookup: NOT IN CACHE
01-19 11:28:19.253 677 3913 I resolv : resolv_cache_lookup: Waiting for previous request
01-19 11:28:19.253 3007 3901 I hpplay-java: [AsyncTask #28]:LeboUtil:wu r:false
01-19 11:28:19.254 677 3912 D resolv : GetAddrInfoHandler::run: {100 262244 100 983140 10090 0}
01-19 11:28:19.254 677 3912 D resolv : resolv_getaddrinfo: explore_fqdn(): ai_family=0 ai_socktype=1 ai_protocol=6
01-19 11:28:19.255 677 3914 D resolv : doQuery: (1, 1)
01-19 11:28:19.255 677 3914 D resolv : res_nmkquery: (QUERY, IN, A)
01-19 11:28:19.255 677 3914 D resolv : res_nsend
01-19 11:28:19.255 677 3914 I resolv : resolv_cache_lookup: lookup
01-19 11:28:19.255 677 3914 I resolv : resolv_cache_lookup: NOT IN CACHE
01-19 11:28:19.255 677 3914 I resolv : resolv_populate_res_for_net: netid=100
01-19 11:28:19.255 677 3914 I resolv : res_stats_usable_server: NS stats: S 3 + E 0 + T 0 + I 0 = 3, rtt = 3, min_samples = 8
01-19 11:28:19.255 677 3914 I resolv : res_stats_usable_server: NS stats: S 0 + E 0 + T 0 + I 0 = 0, rtt = -1, min_samples = 8
01-19 11:28:19.255 677 3914 D resolv : res_nsend: Querying server (# 1) address = 192.168.10.1:53
01-19 11:28:19.256 677 3914 D resolv : send_dg: new DG socket
01-19 11:28:19.256 677 3914 I resolv : get_timeout: using timeout of 5000 msec
01-19 11:28:19.256 677 3914 I resolv : retrying_poll: 64 retrying_poll
01-19 11:28:19.259 677 3915 D resolv : GetAddrInfoHandler::run: {100 262244 100 983140 10090 0}
01-19 11:28:19.259 677 3915 D resolv : resolv_getaddrinfo: explore_fqdn(): ai_family=0 ai_socktype=1 ai_protocol=6
01-19 11:28:19.261 677 3916 D resolv : doQuery: (1, 1)
01-19 11:28:19.261 677 3916 D resolv : res_nmkquery: (QUERY, IN, A)
01-19 11:28:19.261 677 3916 D resolv : res_nsend
01-19 11:28:19.261 677 3916 I resolv : resolv_cache_lookup: lookup
01-19 11:28:19.261 677 3916 I resolv : resolv_cache_lookup: NOT IN CACHE
01-19 11:28:19.261 677 3916 I resolv : resolv_cache_lookup: Waiting for previous request
01-19 11:28:19.261 677 3917 D resolv : GetAddrInfoHandler::run: {100 262244 100 983140 10090 0}
01-19 11:28:19.262 677 3917 D resolv : resolv_getaddrinfo: explore_fqdn(): ai_family=0 ai_socktype=1 ai_protocol=6
01-19 11:28:19.264 677 3918 D resolv : doQuery: (1, 1)
01-19 11:28:19.264 677 3918 D resolv : res_nmkquery: (QUERY, IN, A)
01-19 11:28:19.264 677 3918 D resolv : res_nsend
01-19 11:28:19.264 677 3918 I resolv : resolv_cache_lookup: lookup
01-19 11:28:19.264 677 3918 I resolv : resolv_cache_lookup: NOT IN CACHE
01-19 11:28:19.265 677 3918 I resolv : resolv_populate_res_for_net: netid=100
01-19 11:28:19.265 677 3918 I resolv : res_stats_usable_server: NS stats: S 3 + E 0 + T 0 + I 0 = 3, rtt = 3, min_samples = 8
01-19 11:28:19.265 677 3918 I resolv : res_stats_usable_server: NS stats: S 0 + E 0 + T 0 + I 0 = 0, rtt = -1, min_samples = 8
01-19 11:28:19.265 677 3918 D resolv : res_nsend: Querying server (# 1) address = 192.168.10.1:53
01-19 11:28:19.267 677 3906 I resolv : retrying_poll: 59 retrying_poll returning 1
01-19 11:28:19.267 677 3906 I resolv : res_nsend: used send_dg 48 terrno: 0
01-19 11:28:19.267 677 3906 I resolv : res_stats_set_sample: rcode = 0, sec = 42
01-19 11:28:19.268 677 3906 I resolv : res_cache_add_stats_sample_locked: adding sample to stats, next = 3, count = 3
01-19 11:28:19.268 677 3906 D resolv : res_nsend: got answer:
01-19 11:28:19.268 677 3906 I resolv : answer_getTTL: TTL = 461
01-19 11:28:19.268 677 3906 I resolv : _cache_add_p: entry 4 added (count=4)
01-19 11:28:19.268 677 3906 I resolv : cache_dump_mru_locked: MRU LIST ( 4): 4 3 2 1
01-19 11:28:19.269 677 3916 I resolv : resolv_cache_lookup: FOUND IN CACHE entry=0xb400007b94c69ea0
01-19 11:28:19.269 677 3916 D resolv : doQuery: rcode=0, ancount=1
01-19 11:28:19.270 677 3918 D resolv : send_dg: new DG socket
01-19 11:28:19.270 677 3918 I resolv : get_timeout: using timeout of 5000 msec
01-19 11:28:19.270 677 3918 I resolv : retrying_poll: 63 retrying_poll
01-19 11:28:19.270 677 3906 D resolv : doQuery: rcode=0, ancount=1
01-19 11:28:19.271 677 3915 I ResolverController: No valid NAT64 prefix (100, /0)
01-19 11:28:19.272 677 3904 I ResolverController: No valid NAT64 prefix (100, /0)
01-19 11:28:19.273 677 3918 I resolv : retrying_poll: 63 retrying_poll returning 1
01-19 11:28:19.274 677 3918 I resolv : res_nsend: used send_dg 48 terrno: 0
01-19 11:28:19.275 677 3918 I resolv : res_stats_set_sample: rcode = 0, sec = 4
01-19 11:28:19.275 677 3918 I resolv : res_cache_add_stats_sample_locked: adding sample to stats, next = 4, count = 4
01-19 11:28:19.275 677 3918 D resolv : res_nsend: got answer:
01-19 11:28:19.275 677 3918 I resolv : answer_getTTL: TTL = 435
01-19 11:28:19.275 677 3918 I resolv : _cache_add_p: entry 5 added (count=5)
01-19 11:28:19.276 677 3918 I resolv : cache_dump_mru_locked: MRU LIST ( 5): 5 4 3 2 1
01-19 11:28:19.276 677 3913 I resolv : resolv_cache_lookup: FOUND IN CACHE entry=0xb400007b94c69ea0
01-19 11:28:19.276 677 3913 D resolv : doQuery: rcode=0, ancount=1
01-19 11:28:19.277 677 3911 I ResolverController: No valid NAT64 prefix (100, /0)
01-19 11:28:19.278 677 3918 D resolv : doQuery: rcode=0, ancount=1
01-19 11:28:19.280 677 3917 I ResolverController: No valid NAT64 prefix (100, /0)
01-19 11:28:19.299 677 3914 I resolv : retrying_poll: 64 retrying_poll returning 1
01-19 11:28:19.300 677 3914 I resolv : res_nsend: used send_dg 255 terrno: 0
01-19 11:28:19.300 677 3914 I resolv : res_stats_set_sample: rcode = 0, sec = 44
01-19 11:28:19.300 677 3914 I resolv : res_cache_add_stats_sample_locked: adding sample to stats, next = 5, count = 5
01-19 11:28:19.300 677 3914 D resolv : res_nsend: got answer:
01-19 11:28:19.300 677 3914 I resolv : answer_getTTL: TTL = 11
01-19 11:28:19.301 677 3914 I resolv : _cache_add_p: entry 6 added (count=6)
01-19 11:28:19.301 677 3914 I resolv : cache_dump_mru_locked: MRU LIST ( 6): 6 4 5 3 2 1
01-19 11:28:19.309 677 3914 D resolv : doQuery: rcode=0, ancount=9
01-19 11:28:19.313 677 3912 I ResolverController: No valid NAT64 prefix (100, /0)
01-19 11:28:19.330 3007 3894 D hpplay-base: [LelinkMDNS:766] devicePermissionPublic leboPermissionCheck:-2
01-19 11:28:19.331 3007 3894 D hpplay-base: [jniBridge:1125] com_hpplay_sdk_sink_protocol_Bridge_WHAT_SERVER_ERROR
01-19 11:28:19.331 3007 3894 D hpplay-base: [jniBridge:1726] notifyJava, what:204, castType:0, mimeType:0 baseStatus:2
01-19 11:28:19.331 3007 3894 D hpplay-base: [jniBridge:1727] notifyJava sessionID:(null)
01-19 11:28:19.335 3007 3894 I hpplay-java: [Thread-4]:Bridge:notify: what: 204
01-19 11:28:19.340 3007 3894 I hpplay-java: [Thread-4]:Bridge:notify: out: OutParameters:{audioSessionId=-1, audiotrackIndex=0, castHandleType=-1, castType=0, deviceName='', dlnaName='', dramaID='', extra=-2002, frameHandleType=-1, handleInside=true, headduration=0, header='', headers=null, isAD=false, isMultiMirror=false, lelinkVer='', limitTime=0, , mediaAlbum='null', mediaAlbumArtURI='', mediaArtist='null', mediaAssets='', mediaTitle='null', mimeType=0, multiSession=null, period=0, pinCode='', playSpeed=0.0, playerChoice=0, plugin=0, port=0, position=0.0, positionUnit=2, protocol=0, realSessionID='', regType='', , sinkIp='', sourceAPPVersion='', sourceChannel='', sourceClientInfo='', sourceDeviceInfo='', sourceDeviceModel='', sourceDeviceName='', sourceDeviceType=0, sourceHID='', , sourceInfo='', , , sourceOSVersion='', sourceSDKVersion='', sourceUid='', stopDetail=0, stopReason=0, tailduration=0, url='', urlID='', urls=null, userAgent='', videoDecoder=0, volume=0, what=204}com.hpplay.sdk.sink.protocol.OutParameters@d026592
01-19 11:28:19.342 3007 3894 I hpplay-java: [Thread-4]:Bridge:notify: address:98823011
01-19 11:28:19.343 3007 3007 I hpplay-java: [main]:Bridge:findServiceID start out: 98823011
01-19 11:28:19.343 3007 3894 I hpplay-base: [mDNSEmbeded:79] embedded_mDNSLoop stopmDNSNow:0 nPublish:-2 nExitFlag:6 tid is 3894
