01-12 14:41:24.070 15906 15906 I auditd : type=1400 audit(0.0:1077): avc: denied { read } for comm="novo.lsf.device" name="u:object_r:sn_default_prop:s0" dev="tmpfs" ino=23626 scontext=u:r:priv_app:s0:c512,c768 tcontext=u:object_r:sn_default_prop:s0 tclass=file permissive=0 app=com.lenovo.lsf.device
01-12 14:41:24.098 1116 1116 I power_screen_broadcast_done: [1,946,1]
01-12 14:41:24.201 3134 6272 I c2dm : [-19,ERR_AUTHENTICATION_FAILED,0,0]
01-12 14:41:24.592 1116 2145 I input_interaction: Interaction with: 33812c7 NotificationShade (server), PointerEventDispatcher0 (server),
01-12 14:41:24.687 2236 2236 I sysui_multi_action: [757,197,758,5,759,0]
01-12 14:41:24.692 1116 1199 I wm_set_keyguard_shown: [1,0,1,keyguardGoingAway]
01-12 14:41:24.694 1116 1199 I wm_set_resumed_activity: [0,com.nextdoordeveloper.miperf.miperf/.MainActivity,resumeTopActivityInnerLocked]
01-12 14:41:24.695 1116 1317 I am_uid_active: 10218
01-12 14:41:24.716 1116 1199 I wm_resume_activity: [0,33173638,67,com.nextdoordeveloper.miperf.miperf/.MainActivity]
01-12 14:41:24.733 1116 8900 I dvm_lock_sample: [system_server,1,Binder:1116_16,39,ActivityTaskManagerService.java,5403,boolean com.android.server.wm.ActivityTaskManagerService$LocalService.isGetTasksAllowed(java.lang.String, int, int),,0,null,7]
01-12 14:41:24.735 11850 11850 I wm_on_restart_called: [33173638,com.nextdoordeveloper.miperf.miperf.MainActivity,performRestartActivity]
01-12 14:41:24.736 11850 11850 I wm_on_start_called: [33173638,com.nextdoordeveloper.miperf.miperf.MainActivity,handleStartActivity]
01-12 14:41:24.737 11850 11850 I wm_on_resume_called: [33173638,com.nextdoordeveloper.miperf.miperf.MainActivity,RESUME_ACTIVITY]
01-12 14:41:24.739 11850 11850 I wm_on_top_resumed_gained_called: [33173638,com.nextdoordeveloper.miperf.miperf.MainActivity,topWhenResuming]
01-12 14:41:24.832 1116 1317 I dvm_lock_sample: [system_server,1,android.display,53,WindowManagerService.java,5330,void com.android.server.wm.WindowManagerService$H.handleMessage(android.os.Message),,0,null,10]
01-12 14:41:24.893 2236 2236 I sysui_multi_action: [757,111,758,2]
01-12 14:41:24.902 1116 2513 I sysui_multi_action: [757,128,758,2,793,5316157,794,1025,795,5316157,796,26,798,2,806,android,857,DEVELOPER_IMPORTANT,858,4,947,0,1395,9,1500,5315658,1688,1]
01-12 14:41:24.902 1116 2513 I notification_visibility: [-1|android|26|null|1000,0,5316157,5316157,0,2]
01-12 14:41:24.903 1116 2513 I sysui_multi_action: [757,128,758,2,793,2699969,794,1025,795,2699969,796,741,797,ConnectivityNotification:105,798,1,806,android,857,NETWORK_ALERTS,858,4,947,0,1395,9,1500,2699749,1688,1]
01-12 14:41:24.903 1116 2513 I notification_visibility: [-1|android|741|ConnectivityNotification:105|1000,0,2699969,2699969,0,1]
01-12 14:41:24.903 1116 2513 I sysui_multi_action: [757,128,758,2,793,6545808,794,1025,795,2707780,796,9,798,0,806,com.google.android.setupwizard,857,suw_consolidate_foreground_-e437bac7,858,3,947,0,1395,9,1500,2707780,1688,1]
01-12 14:41:24.903 1116 2513 I notification_visibility: [0|com.google.android.setupwizard|9|null|10177,0,6545808,2707780,0,0]
01-12 14:41:24.916 2236 2236 I sysui_multi_action: [757,196,758,2,759,0]
01-12 14:41:24.916 2236 2236 I sysui_status_bar_state: [0,0,0,0,0,1]
01-12 14:41:24.957 1116 1317 I user_activity_timeout_override: -1
01-12 14:41:24.965 1116 1318 I input_focus: [Focus request d53d0d1 com.nextdoordeveloper.miperf.miperf/com.nextdoordeveloper.miperf.miperf.MainActivity,reason=UpdateInputWindows]
01-12 14:41:24.986 1116 3971 I wm_set_keyguard_shown: [0,0,1,setKeyguardShown]
01-12 14:41:24.987 1116 2145 I input_focus: [Focus leaving 33812c7 NotificationShade (server),reason=NOT_FOCUSABLE]
01-12 14:41:24.987 1116 2145 I input_focus: [Focus entering d53d0d1 com.nextdoordeveloper.miperf.miperf/com.nextdoordeveloper.miperf.miperf.MainActivity (server),reason=setFocusedWindow]
01-12 14:41:25.006 1116 2513 I sysui_multi_action: [757,127,758,2]
01-12 14:41:25.007 1116 2513 I notification_panel_hidden:
01-12 14:41:25.059 1116 8900 I am_uid_active: 99002
01-12 14:41:25.074 1116 8900 I am_uid_active: 10066
01-12 14:41:25.275 2741 12377 E PhoneSubInfoController: getLine1Number phone is null for Subscription:-1
01-12 14:41:25.333 1116 1116 I notification_enqueue: [10066,7561,com.nttdocomo.android.wipe,3,NULL,0,Notification(channel=default shortcut=null contentView=null vibrate=null sound=null tick defaults=0x0 flags=0x42 color=0x00000000 vis=PRIVATE),0]
01-12 14:41:25.334 1116 3971 I dvm_lock_sample: [system_server,1,Binder:1116_10,233,AccessibilityManagerService.java,911,java.util.List com.android.server.accessibility.AccessibilityManagerService.getEnabledAccessibilityServiceList(int, int),-,602,void com.android.server.accessibility.AccessibilityManagerService$2.onReceive(android.content.Context, android.content.Intent),46]
01-12 14:41:25.335 1116 1116 I sysui_multi_action: [757,128,758,5,759,8,793,175,794,0,795,175,796,3,806,com.nttdocomo.android.wipe,857,default,858,3,947,0,1500,175]
01-12 14:41:25.335 1116 1116 I notification_canceled: [0|com.nttdocomo.android.wipe|3|null|10066,8,175,175,0,-1,-1,NULL]
01-12 14:41:25.340 1116 8905 I dvm_lock_sample: [system_server,0,Binder:1116_17,229,AccessibilityManagerService.java,1198,void com.android.server.accessibility.AccessibilityManagerService.onSystemActionsChanged(),-,602,void com.android.server.accessibility.AccessibilityManagerService$2.onReceive(android.content.Context, android.content.Intent),45]
01-12 14:41:25.912 1116 1377 I am_meminfo: [723881984,48324608,130027520,1011474432,475783168]
01-12 14:41:25.930 1116 1377 I am_pss : [11850,10218,com.nextdoordeveloper.miperf.miperf,58374144,52350976,1829888,127877120,1,2,16]
01-12 14:41:25.952 1116 1377 I am_pss : [8699,10168,com.google.android.inputmethod.latin,66022400,59944960,104448,159592448,1,7,19]
01-12 14:41:25.969 1116 1377 I am_pss : [2879,10186,com.android.launcher3,47939584,43024384,807936,134905856,1,5,15]
01-12 14:41:25.992 1116 1377 I am_pss : [11071,1000,com.android.settings,60140544,46985216,8781824,116215808,1,16,19]
01-12 14:41:26.010 1116 1377 I am_pss : [13018,1002,com.android.bluetooth,30718976,26218496,115712,109903872,1,0,16]
01-12 14:41:26.032 1116 1377 I am_pss : [3725,10056,com.nttdocomo.android.homezozo,58231808,47779840,6920192,136105984,1,5,18]
01-12 14:41:26.050 1116 1377 I am_pss : [3400,10063,com.nttdocomo.android.mascot,40385536,31277056,6810624,103735296,1,4,16]
01-12 14:41:26.069 1116 1377 I am_pss : [4061,10055,com.nttdocomo.android.applicationmanager,28252160,11636736,12314624,92450816,1,5,15]
01-12 14:41:26.093 1116 1377 I am_pss : [3134,10136,com.google.android.gms.persistent,70844416,47001600,3656704,167415808,1,5,20]
01-12 14:41:26.108 1116 1377 I am_pss : [4927,10120,com.tblenovo.lewea,10883072,6803456,2755584,74055680,1,4,12]
01-12 14:41:26.122 1116 1377 I am_pss : [3008,10195,com.android.smspush,5726208,1019904,3516416,66301952,1,6,11]
01-12 14:41:26.138 1116 1377 I am_pss : [4538,10059,com.nttdocomo.android.idmanager,17991680,13484032,3123200,82296832,1,5,13]
01-12 14:41:26.157 1116 1377 I am_pss : [12524,10155,com.google.android.apps.photos,37531648,29605888,6671360,77520896,1,19,16]
01-12 14:41:26.174 1116 1377 I am_pss : [9992,10130,com.google.android.apps.wellbeing,27131904,21389312,4695040,67235840,1,19,14]
01-12 14:41:26.191 1116 1377 I am_pss : [3693,10200,com.google.android.providers.media.module,16219136,3526656,11322368,72286208,1,0,14]
01-12 14:41:26.207 1116 1377 I am_pss : [3804,10136,com.google.process.gapps,8841216,3313664,4524032,40808448,1,19,14]
01-12 14:41:26.226 1116 1377 I am_pss : [5539,10129,com.android.vending,52025344,34123776,16743424,83009536,1,19,16]
01-12 14:41:26.243 1116 1377 I am_pss : [9651,10196,com.qualcomm.qti.qccauthmgr,6522880,1605632,4267008,38584320,1,19,14]
01-12 14:41:26.259 1116 1377 I am_pss : [16188,10119,com.google.android.partnersetup,8682496,2863104,3901440,48799744,1,19,15]
01-12 14:41:26.276 1116 1377 I am_pss : [15906,10047,com.lenovo.lsf.device,10288128,4943872,3117056,56291328,1,10,15]
01-12 14:41:26.284 1116 2145 I input_interaction: Interaction with: d53d0d1 com.nextdoordeveloper.miperf.miperf/com.nextdoordeveloper.miperf.miperf.MainActivity (server), PointerEventDispatcher0 (server),
01-12 14:41:26.299 1116 1377 I am_pss : [14162,10080,com.nttdocomo.android.mymagazine,21875712,9543680,10238976,61059072,1,19,18]
01-12 14:41:26.319 1116 1377 I am_pss : [13576,10137,com.google.android.googlequicksearchbox:privileged_process0,36423680,12218368,10950656,87035904,1,10,17]
01-12 14:41:26.335 1116 1377 I am_pss : [13545,99002,com.google.android.webview:sandboxed_process0:org.chromium.content.app.SandboxedProcessService0:0,37094400,4988928,29461504,25616384,1,10,13]
01-12 14:41:26.354 1116 1377 I am_pss : [11314,10049,android.process.media,8057856,1957888,5313536,40812544,1,19,15]
01-12 14:41:26.383 1116 1377 I am_pss : [3914,10137,com.google.android.googlequicksearchbox:search,106553344,58978304,34415616,144281600,1,10,24]
01-12 14:41:26.401 1116 1377 I am_pss : [3509,10137,com.google.android.googlequicksearchbox:interactor,29523968,6180864,19782656,78422016,1,5,15]
01-12 14:41:26.390 17474 17474 I auditd : type=1400 audit(0.0:1078): avc: granted { execute } for comm=4173796E635461736B202335 name="iperf" dev="sda13" ino=17586 scontext=u:r:untrusted_app_25:s0:c512,c768 tcontext=u:object_r:app_data_file:s0:c512,c768 tclass=file app=com.nextdoordeveloper.miperf.miperf
01-12 14:41:26.390 17474 17474 I auditd : type=1400 audit(0.0:1079): avc: granted { execute_no_trans } for comm=4173796E635461736B202335 path="/data/user/0/com.nextdoordeveloper.miperf.miperf/files/iperf" dev="sda13" ino=17586 scontext=u:r:untrusted_app_25:s0:c512,c768 tcontext=u:object_r:app_data_file:s0:c512,c768 tclass=file app=com.nextdoordeveloper.miperf.miperf
01-12 14:41:26.390 17474 17474 I auditd : type=1400 audit(0.0:1080): avc: granted { execute } for comm="iperf" path="/data/user/0/com.nextdoordeveloper.miperf.miperf/files/iperf" dev="sda13" ino=17586 scontext=u:r:untrusted_app_25:s0:c512,c768 tcontext=u:object_r:app_data_file:s0:c512,c768 tclass=file app=com.nextdoordeveloper.miperf.miperf
01-12 14:41:26.419 1116 1377 I am_pss : [7561,10066,com.nttdocomo.android.wipe,8264704,4579328,2942976,45723648,1,10,13]
01-12 14:41:26.436 1116 1377 I am_pss : [7864,10054,jp.co.nttdocomo.lcsapp,7624704,3743744,3178496,43847680,1,10,13]
01-12 14:41:26.453 1116 1377 I am_pss : [7831,10065,.clmail_dl,11780096,1716224,8762368,42663936,1,10,13]
01-12 14:41:26.469 1116 1377 I am_pss : [2814,10199,com.google.android.ext.services,18481152,13709312,3205120,82268160,1,5,13]
01-12 14:41:26.485 1116 1377 I am_pss : [7612,10191,com.qualcomm.telephony,6567936,458752,5627904,33193984,1,10,12]
01-12 14:41:26.504 1116 1377 I am_pss : [7164,1000,com.longcheertel.midtest,6933504,430080,5890048,34574336,1,10,13]
01-12 14:41:26.521 1116 1377 I am_pss : [3790,10177,com.google.android.setupwizard,12320768,6848512,4103168,75177984,1,4,13]
01-12 14:41:26.537 1116 1377 I am_pss : [5135,1000,com.qti.diagservices,6634496,425984,5749760,32563200,1,10,13]
01-12 14:41:26.553 1116 1377 I am_pss : [4559,10063,com.nttdocomo.android.mascot:persistent,6724608,1015808,4468736,64749568,1,4,12]
01-12 14:41:26.566 1116 1377 I am_pss : [4519,99000,com.google.android.webview:sandboxed_process0:org.chromium.content.app.SandboxedProcessService0:0,16258048,856064,5167104,42201088,1,5,10]
01-12 14:41:26.582 1116 1377 I am_pss : [3688,10184,com.qualcomm.location,8793088,4829184,2641920,71970816,1,0,13]
01-12 14:41:26.598 1116 1377 I am_pss : [3666,10189,com.qualcomm.qti.workloadclassifier,8813568,4653056,2768896,72224768,1,0,13]
01-12 14:41:26.613 1116 1377 I am_pss : [3637,10197,com.qualcomm.qti.qccnetstat,5449728,995328,3303424,64724992,1,0,12]
01-12 14:41:26.627 1116 1377 I am_pss : [3628,10121,com.tblenovo.kidsmodewebview,12148736,1552384,9447424,57184256,1,0,12]
01-12 14:41:26.642 1116 1377 I am_pss : [3607,10172,com.qualcomm.qti.services.systemhelper:systemhelper_service,5709824,1310720,3248128,65069056,1,0,11]
01-12 14:41:26.656 1116 1377 I am_pss : [3586,10115,.pasr,5159936,1171456,2822144,63930368,1,0,12]
01-12 14:41:26.670 1116 1377 I am_pss : [3558,10178,com.dolby.daxservice,5847040,1048576,3592192,66555904,1,0,12]
01-12 14:41:26.684 1116 1377 I am_pss : [3535,1000,com.goodix.fingerprint,5521408,1056768,3324928,64544768,1,0,12]
01-12 14:41:26.699 1116 1377 I am_pss : [2765,1000,com.qualcomm.qti.qdma,8793088,4775936,2614272,75288576,1,0,12]
01-12 14:41:26.715 1116 1377 I am_pss : [2741,1001,com.android.phone,17744896,13733888,2060288,85573632,1,0,14]
01-12 14:41:26.730 1116 1377 I am_pss : [2717,10162,com.qualcomm.qti.devicestatisticsservice,7165952,2985984,3001344,67194880,1,0,11]
01-12 14:41:26.744 1116 1377 I am_pss : [2688,1068,com.android.se,6184960,1077248,3947520,65204224,1,0,11]
01-12 14:41:26.758 1116 1377 I am_pss : [2669,10188,com.qti.qualcomm.mstatssystemservice,5355520,1196032,3040256,63680512,1,0,11]
01-12 14:41:26.774 1116 1377 I am_pss : [2655,10183,org.codeaurora.ims,7194624,4395008,1659904,67489792,1,0,13]
01-12 14:41:26.788 1116 1377 I am_pss : [2617,1000,vendor.qti.qesdk.sysservice,5428224,1191936,3104768,64303104,1,0,11]
01-12 14:41:26.802 1116 1377 I am_pss : [2603,10181,com.qualcomm.qtil.aptxals,6133760,1703936,3264512,65437696,1,0,11]
01-12 14:41:26.816 1116 1377 I am_pss : [2573,10190,com.qualcomm.qtil.aptxacu,5364736,1187840,3061760,63561728,1,0,12]
01-12 14:41:26.830 1116 1377 I am_pss : [2534,10144,com.qti.phone,8044544,3878912,2945024,68689920,1,0,12]
01-12 14:41:26.844 1116 1377 I am_pss : [2522,1000,com.lenovo.wifi,6519808,2584576,2718720,67686400,1,0,11]
01-12 14:41:26.860 1116 1377 I am_pss : [2482,10114,.qtidataservices,19011584,15044608,2677760,81297408,1,0,13]
01-12 14:41:26.876 1116 1377 I am_pss : [2456,1001,.dataservices,7886848,3883008,2771968,69595136,1,0,12]
01-12 14:41:26.892 1116 1377 I am_pss : [2422,1073,com.android.networkstack.process,16429056,13619200,978944,85078016,1,0,13]
01-12 14:41:26.906 1116 1377 I am_pss : [2300,1000,com.lenovo.lserver,7282688,2703360,3345408,68288512,1,0,12]
01-12 14:41:26.921 1116 1377 I am_pss : [2269,1000,com.lenovo.face,8041472,1904640,4903936,67100672,1,0,12]
01-12 14:41:26.960 1116 1377 I am_pss : [1116,1000,system,176012288,157433856,8898560,265601024,1,0,31]
01-12 14:41:36.552 3134 6272 I c2dm : [-19,ERR_AUTHENTICATION_FAILED,0,0]
01-12 14:41:39.713 3134 6272 I c2dm : [-19,ERR_AUTHENTICATION_FAILED,0,0]
01-12 14:41:42.747 3134 8024 I c2dm : [-19,ERR_AUTHENTICATION_FAILED,0,0]
01-12 14:41:45.844 3134 8024 I c2dm : [-19,ERR_AUTHENTICATION_FAILED,0,0]
01-12 14:41:58.313 3134 8024 I c2dm : [-19,ERR_AUTHENTICATION_FAILED,0,0]
01-12 14:42:00.214 1116 1116 I notification_enqueue: [10120,4927,com.tblenovo.lewea,4927,NULL,0,Notification(channel=tblenovo.channel.WEATHER shortcut=null contentView=null vibrate=null sound=null defaults=0x0 flags=0x40 color=0x00000000 vis=PRIVATE),1]
01-12 14:42:00.223 1116 1116 I notification_enqueue: [10120,4927,com.tblenovo.lewea,4927,NULL,0,Notification(channel=tblenovo.channel.WEATHER shortcut=null contentView=com.tblenovo.lewea/0x7f090018 vibrate=null sound=null defaults=0x0 flags=0x50 color=0x00000000 vis=PUBLIC),1]
01-12 14:42:00.476 1116 1316 I commit_sys_config_file: [notification-policy,6628996]
01-12 14:42:01.405 3134 8024 I c2dm : [-19,ERR_AUTHENTICATION_FAILED,0,0]
01-12 14:42:22.974 3134 8024 I c2dm : [-19,ERR_AUTHENTICATION_FAILED,0,0]
01-12 14:42:25.198 1116 1378 I am_uid_idle: 99002
01-12 14:42:25.313 1116 1378 I am_uid_idle: 10066
01-12 14:42:26.028 3134 8024 I c2dm : [-19,ERR_AUTHENTICATION_FAILED,0,0]
01-12 14:42:35.395 3134 17176 I c2dm : [-19,ERR_AUTHENTICATION_FAILED,0,0]
01-12 14:42:40.620 17536 17536 I auditd : type=1400 audit(0.0:1081): avc: granted { execute } for comm=4173796E635461736B202335 name="iperf" dev="sda13" ino=17586 scontext=u:r:untrusted_app_25:s0:c512,c768 tcontext=u:object_r:app_data_file:s0:c512,c768 tclass=file app=com.nextdoordeveloper.miperf.miperf
01-12 14:42:40.620 17536 17536 I auditd : type=1400 audit(0.0:1082): avc: granted { execute_no_trans } for comm=4173796E635461736B202335 path="/data/user/0/com.nextdoordeveloper.miperf.miperf/files/iperf" dev="sda13" ino=17586 scontext=u:r:untrusted_app_25:s0:c512,c768 tcontext=u:object_r:app_data_file:s0:c512,c768 tclass=file app=com.nextdoordeveloper.miperf.miperf
01-12 14:42:40.630 17536 17536 I auditd : type=1400 audit(0.0:1083): avc: granted { execute } for comm="iperf" path="/data/user/0/com.nextdoordeveloper.miperf.miperf/files/iperf" dev="sda13" ino=17586 scontext=u:r:untrusted_app_25:s0:c512,c768 tcontext=u:object_r:app_data_file:s0:c512,c768 tclass=file app=com.nextdoordeveloper.miperf.miperf
01-12 14:42:42.690 17539 17539 I auditd : type=1400 audit(0.0:1084): avc: granted { execute } for comm=4173796E635461736B202335 name="iperf" dev="sda13" ino=17586 scontext=u:r:untrusted_app_25:s0:c512,c768 tcontext=u:object_r:app_data_file:s0:c512,c768 tclass=file app=com.nextdoordeveloper.miperf.miperf
01-12 14:42:42.690 17539 17539 I auditd : type=1400 audit(0.0:1085): avc: granted { execute_no_trans } for comm=4173796E635461736B202335 path="/data/user/0/com.nextdoordeveloper.miperf.miperf/files/iperf" dev="sda13" ino=17586 scontext=u:r:untrusted_app_25:s0:c512,c768 tcontext=u:object_r:app_data_file:s0:c512,c768 tclass=file app=com.nextdoordeveloper.miperf.miperf
01-12 14:42:42.690 17539 17539 I auditd : type=1400 audit(0.0:1086): avc: granted { execute } for comm="iperf" path="/data/user/0/com.nextdoordeveloper.miperf.miperf/files/iperf" dev="sda13" ino=17586 scontext=u:r:untrusted_app_25:s0:c512,c768 tcontext=u:object_r:app_data_file:s0:c512,c768 tclass=file app=com.nextdoordeveloper.miperf.miperf
01-12 14:42:43.950 17542 17542 I auditd : type=1400 audit(0.0:1087): avc: granted { execute } for comm=4173796E635461736B202335 name="iperf" dev="sda13" ino=17586 scontext=u:r:untrusted_app_25:s0:c512,c768 tcontext=u:object_r:app_data_file:s0:c512,c768 tclass=file app=com.nextdoordeveloper.miperf.miperf
01-12 14:42:43.950 17542 17542 I auditd : type=1400 audit(0.0:1088): avc: granted { execute_no_trans } for comm=4173796E635461736B202335 path="/data/user/0/com.nextdoordeveloper.miperf.miperf/files/iperf" dev="sda13" ino=17586 scontext=u:r:untrusted_app_25:s0:c512,c768 tcontext=u:object_r:app_data_file:s0:c512,c768 tclass=file app=com.nextdoordeveloper.miperf.miperf
01-12 14:42:43.950 17542 17542 I auditd : type=1400 audit(0.0:1089): avc: granted { execute } for comm="iperf" path="/data/user/0/com.nextdoordeveloper.miperf.miperf/files/iperf" dev="sda13" ino=17586 scontext=u:r:untrusted_app_25:s0:c512,c768 tcontext=u:object_r:app_data_file:s0:c512,c768 tclass=file app=com.nextdoordeveloper.miperf.miperf
01-12 14:42:44.691 3134 6272 I c2dm : [-19,ERR_AUTHENTICATION_FAILED,0,0]
01-12 14:42:45.180 17550 17550 I auditd : type=1400 audit(0.0:1090): avc: granted { execute } for comm=4173796E635461736B202335 name="iperf" dev="sda13" ino=17586 scontext=u:r:untrusted_app_25:s0:c512,c768 tcontext=u:object_r:app_data_file:s0:c512,c768 tclass=file app=com.nextdoordeveloper.miperf.miperf
01-12 14:42:45.180 17550 17550 I auditd : type=1400 audit(0.0:1091): avc: granted { execute_no_trans } for comm=4173796E635461736B202335 path="/data/user/0/com.nextdoordeveloper.miperf.miperf/files/iperf" dev="sda13" ino=17586 scontext=u:r:untrusted_app_25:s0:c512,c768 tcontext=u:object_r:app_data_file:s0:c512,c768 tclass=file app=com.nextdoordeveloper.miperf.miperf
01-12 14:42:45.180 17550 17550 I auditd : type=1400 audit(0.0:1092): avc: granted { execute } for comm="iperf" path="/data/user/0/com.nextdoordeveloper.miperf.miperf/files/iperf" dev="sda13" ino=17586 scontext=u:r:untrusted_app_25:s0:c512,c768 tcontext=u:object_r:app_data_file:s0:c512,c768 tclass=file app=com.nextdoordeveloper.miperf.miperf
01-12 14:43:00.249 1116 1116 I notification_enqueue: [10120,4927,com.tblenovo.lewea,4927,NULL,0,Notification(channel=tblenovo.channel.WEATHER shortcut=null contentView=null vibrate=null sound=null defaults=0x0 flags=0x40 color=0x00000000 vis=PRIVATE),1]
01-12 14:43:00.272 1116 1116 I notification_enqueue: [10120,4927,com.tblenovo.lewea,4927,NULL,0,Notification(channel=tblenovo.channel.WEATHER shortcut=null contentView=com.tblenovo.lewea/0x7f090018 vibrate=null sound=null defaults=0x0 flags=0x50 color=0x00000000 vis=PUBLIC),1]
01-12 14:43:00.510 1116 1316 I commit_sys_config_file: [notification-policy,6689031]
01-12 14:43:25.915 2741 2741 I force_gc: Binder
01-12 14:43:52.060 1116 1317 I dvm_lock_sample: [system_server,1,android.display,11,WindowManagerService.java,5265,void com.android.server.wm.WindowManagerService$H.handleMessage(android.os.Message),TaskSnapshotCache.java,66,android.window.TaskSnapshot com.android.server.wm.TaskSnapshotCache.getSnapshot(int, int, boolean, boolean),2]
01-12 14:43:54.049 1116 2145 I input_interaction: Interaction with: 4a3ab9c InputMethod (server), PointerEventDispatcher0 (server),
01-12 14:43:59.883 1116 2145 I input_interaction: Interaction with: d53d0d1 com.nextdoordeveloper.miperf.miperf/com.nextdoordeveloper.miperf.miperf.MainActivity (server), PointerEventDispatcher0 (server),
01-12 14:44:00.268 1116 1116 I notification_enqueue: [10120,4927,com.tblenovo.lewea,4927,NULL,0,Notification(channel=tblenovo.channel.WEATHER shortcut=null contentView=null vibrate=null sound=null defaults=0x0 flags=0x40 color=0x00000000 vis=PRIVATE),1]
01-12 14:44:00.302 1116 1116 I notification_enqueue: [10120,4927,com.tblenovo.lewea,4927,NULL,0,Notification(channel=tblenovo.channel.WEATHER shortcut=null contentView=com.tblenovo.lewea/0x7f090018 vibrate=null sound=null defaults=0x0 flags=0x50 color=0x00000000 vis=PUBLIC),1]
01-12 14:44:00.548 1116 1316 I commit_sys_config_file: [notification-policy,6749068]
01-12 14:44:00.730 17604 17604 I auditd : type=1400 audit(0.0:1093): avc: granted { execute } for comm=4173796E635461736B202335 name="iperf" dev="sda13" ino=17586 scontext=u:r:untrusted_app_25:s0:c512,c768 tcontext=u:object_r:app_data_file:s0:c512,c768 tclass=file app=com.nextdoordeveloper.miperf.miperf
01-12 14:44:00.730 17604 17604 I auditd : type=1400 audit(0.0:1094): avc: granted { execute_no_trans } for comm=4173796E635461736B202335 path="/data/user/0/com.nextdoordeveloper.miperf.miperf/files/iperf" dev="sda13" ino=17586 scontext=u:r:untrusted_app_25:s0:c512,c768 tcontext=u:object_r:app_data_file:s0:c512,c768 tclass=file app=com.nextdoordeveloper.miperf.miperf
01-12 14:44:00.740 17604 17604 I auditd : type=1400 audit(0.0:1095): avc: granted { execute } for comm="iperf" path="/data/user/0/com.nextdoordeveloper.miperf.miperf/files/iperf" dev="sda13" ino=17586 scontext=u:r:untrusted_app_25:s0:c512,c768 tcontext=u:object_r:app_data_file:s0:c512,c768 tclass=file app=com.nextdoordeveloper.miperf.miperf
01-12 14:44:48.845 13247 15053 I aggregation: 1673534688845
01-12 14:44:54.842 3134 8024 I c2dm : [-19,ERR_AUTHENTICATION_FAILED,0,0]
01-12 14:44:57.920 3134 8024 I c2dm : [-19,ERR_AUTHENTICATION_FAILED,0,0]
01-12 14:45:00.331 1116 1116 I notification_enqueue: [10120,4927,com.tblenovo.lewea,4927,NULL,0,Notification(channel=tblenovo.channel.WEATHER shortcut=null contentView=null vibrate=null sound=null defaults=0x0 flags=0x40 color=0x00000000 vis=PRIVATE),1]
01-12 14:45:00.354 1116 1116 I notification_enqueue: [10120,4927,com.tblenovo.lewea,4927,NULL,0,Notification(channel=tblenovo.channel.WEATHER shortcut=null contentView=com.tblenovo.lewea/0x7f090018 vibrate=null sound=null defaults=0x0 flags=0x50 color=0x00000000 vis=PUBLIC),1]
01-12 14:45:00.594 1116 1316 I commit_sys_config_file: [notification-policy,6809115]
01-12 14:46:00.389 1116 1116 I notification_enqueue: [10120,4927,com.tblenovo.lewea,4927,NULL,0,Notification(channel=tblenovo.channel.WEATHER shortcut=null contentView=null vibrate=null sound=null defaults=0x0 flags=0x40 color=0x00000000 vis=PRIVATE),1]
01-12 14:46:00.419 1116 1116 I notification_enqueue: [10120,4927,com.tblenovo.lewea,4927,NULL,0,Notification(channel=tblenovo.channel.WEATHER shortcut=null contentView=com.tblenovo.lewea/0x7f090018 vibrate=null sound=null defaults=0x0 flags=0x50 color=0x00000000 vis=PUBLIC),1]
01-12 14:46:00.627 1116 1316 I commit_sys_config_file: [notification-policy,6869147]
01-12 14:46:30.548 1116 1377 I am_pss : [17177,10156,com.google.android.apps.docs,48301056,35020800,3182592,111190016,0,19,26]
01-12 14:47:00.416 1116 1116 I notification_enqueue: [10120,4927,com.tblenovo.lewea,4927,NULL,0,Notification(channel=tblenovo.channel.WEATHER shortcut=null contentView=null vibrate=null sound=null defaults=0x0 flags=0x40 color=0x00000000 vis=PRIVATE),1]
01-12 14:47:00.472 1116 6346 I dvm_lock_sample: [system_server,1,Binder:1116_12,7,NotificationManagerService.java,5423,void com.android.server.notification.NotificationManagerService$11.applyEnqueuedAdjustmentFromAssistant(android.service.notification.INotificationListener, android.service.notification.Adjustment),-,8293,void com.android.server.notification.NotificationManagerService.handleRankingSort(),1]
01-12 14:47:00.478 1116 1116 I notification_enqueue: [10120,4927,com.tblenovo.lewea,4927,NULL,0,Notification(channel=tblenovo.channel.WEATHER shortcut=null contentView=com.tblenovo.lewea/0x7f090018 vibrate=null sound=null defaults=0x0 flags=0x50 color=0x00000000 vis=PUBLIC),1]
01-12 14:47:00.673 1116 1316 I commit_sys_config_file: [notification-policy,6929193]
01-12 14:47:32.985 3134 17176 I gtalk_connection: 16778495
01-12 14:47:33.003 3134 17176 I gtalk_connection: 16778495
01-12 14:48:00.473 1116 1116 I notification_enqueue: [10120,4927,com.tblenovo.lewea,4927,NULL,0,Notification(channel=tblenovo.channel.WEATHER shortcut=null contentView=null vibrate=null sound=null defaults=0x0 flags=0x40 color=0x00000000 vis=PRIVATE),1]
01-12 14:48:00.501 1116 1116 I notification_enqueue: [10120,4927,com.tblenovo.lewea,4927,NULL,0,Notification(channel=tblenovo.channel.WEATHER shortcut=null contentView=com.tblenovo.lewea/0x7f090018 vibrate=null sound=null defaults=0x0 flags=0x50 color=0x00000000 vis=PUBLIC),1]
01-12 14:48:00.723 1116 1316 I commit_sys_config_file: [notification-policy,6989244]
01-12 14:48:09.517 3134 17176 I c2dm : [-19,ERR_AUTHENTICATION_FAILED,0,0]
01-12 14:48:25.457 3134 6272 I c2dm : [-19,ERR_AUTHENTICATION_FAILED,0,0]
01-12 14:48:31.613 3134 6272 I c2dm : [-19,ERR_AUTHENTICATION_FAILED,0,0]
01-12 14:48:34.725 3134 17176 I c2dm : [-19,ERR_AUTHENTICATION_FAILED,0,0]
01-12 14:49:00.513 1116 1116 I notification_enqueue: [10120,4927,com.tblenovo.lewea,4927,NULL,0,Notification(channel=tblenovo.channel.WEATHER shortcut=null contentView=null vibrate=null sound=null defaults=0x0 flags=0x40 color=0x00000000 vis=PRIVATE),1]
01-12 14:49:00.539 1116 1116 I notification_enqueue: [10120,4927,com.tblenovo.lewea,4927,NULL,0,Notification(channel=tblenovo.channel.WEATHER shortcut=null contentView=com.tblenovo.lewea/0x7f090018 vibrate=null sound=null defaults=0x0 flags=0x50 color=0x00000000 vis=PUBLIC),1]
01-12 14:49:00.772 1116 1316 I commit_sys_config_file: [notification-policy,7049292]
01-12 14:49:08.134 1116 2513 I am_uid_active: 10106
01-12 14:49:08.169 1116 3511 I am_uid_active: 10048
01-12 14:49:18.291 3134 6272 I c2dm : [-19,ERR_AUTHENTICATION_FAILED,0,0]
01-12 14:49:18.292 1116 1377 I am_pss : [4538,10059,com.nttdocomo.android.idmanager,18464768,13946880,3123200,82759680,0,4,13]
01-12 14:49:21.357 1116 1116 I sysui_multi_action: [757,128,758,5,759,8,793,3176423,794,477479,795,3176423,796,741,797,ConnectivityNotification:105,806,android,857,NETWORK_ALERTS,858,4,947,0,1500,3176203,1688,1]
01-12 14:49:21.358 1116 1116 I notification_canceled: [-1|android|741|ConnectivityNotification:105|1000,8,3176423,3176423,477479,-1,-1,NULL]
01-12 14:49:21.367 2741 8534 D SubscriptionController: [getSlotIndex]- subId invalid
01-12 14:49:21.371 1116 1116 I service_manager_slow: [12,platform_compat]
01-12 14:49:21.498 1116 2174 I netstats_mobile_sample: [0,0,0,0,0,0,0,0,0,0,0,0,1673534961498]
01-12 14:49:21.499 1116 2174 I netstats_wifi_sample: [10079498,8795,542889,3729,10079538,8796,542965,3730,22219718,16541,541325,3689,1673534961498]
01-12 14:49:21.644 1116 1116 I notification_enqueue: [10177,3790,com.google.android.setupwizard,9,NULL,0,Notification(channel=suw_consolidate_foreground_notification shortcut=null contentView=null vibrate=null sound=null defaults=0x0 flags=0x860 color=0xff1a73e8 vis=PRIVATE),1]
01-12 14:49:23.375 3134 6272 I c2dm : [-19,ERR_AUTHENTICATION_FAILED,0,0]
01-12 14:49:26.698 4538 17703 I liblog : 90
01-12 14:49:26.749 3134 6272 I c2dm : [-19,ERR_AUTHENTICATION_FAILED,0,0]
01-12 14:49:34.810 17766 17766 I auditd : type=1400 audit(0.0:1096): avc: granted { execute } for comm=4173796E635461736B202335 name="iperf" dev="sda13" ino=17586 scontext=u:r:untrusted_app_25:s0:c512,c768 tcontext=u:object_r:app_data_file:s0:c512,c768 tclass=file app=com.nextdoordeveloper.miperf.miperf
01-12 14:49:34.810 17766 17766 I auditd : type=1400 audit(0.0:1097): avc: granted { execute_no_trans } for comm=4173796E635461736B202335 path="/data/user/0/com.nextdoordeveloper.miperf.miperf/files/iperf" dev="sda13" ino=17586 scontext=u:r:untrusted_app_25:s0:c512,c768 tcontext=u:object_r:app_data_file:s0:c512,c768 tclass=file app=com.nextdoordeveloper.miperf.miperf
01-12 14:49:34.820 17766 17766 I auditd : type=1400 audit(0.0:1098): avc: granted { execute } for comm="iperf" path="/data/user/0/com.nextdoordeveloper.miperf.miperf/files/iperf" dev="sda13" ino=17586 scontext=u:r:untrusted_app_25:s0:c512,c768 tcontext=u:object_r:app_data_file:s0:c512,c768 tclass=file app=com.nextdoordeveloper.miperf.miperf
01-12 14:49:47.787 1116 1377 I am_pss : [4538,10059,com.nttdocomo.android.idmanager,18760704,14237696,3123200,83099648,0,5,21]
01-12 14:49:53.346 1116 2145 I input_interaction: Interaction with: 4aa51c3 NavigationBar0 (server), PointerEventDispatcher0 (server),
01-12 14:49:53.351 2236 2236 I sysui_multi_action: [757,931,758,4,759,4,932,0,933,0]
01-12 14:49:53.362 1116 2145 I input_interaction: Interaction with: d53d0d1 com.nextdoordeveloper.miperf.miperf/com.nextdoordeveloper.miperf.miperf.MainActivity (server), PointerEventDispatcher0 (server),
01-12 14:49:53.381 1116 2145 I input_interaction: Interaction with: 4aa51c3 NavigationBar0 (server), PointerEventDispatcher0 (server),
01-12 14:49:53.429 2236 2236 I sysui_multi_action: [757,931,758,4,759,4,932,0,933,1]
01-12 14:49:53.437 1116 3511 I sysui_multi_action: [757,803,799,key_back_press,802,1]
01-12 14:49:54.468 1116 2145 I input_interaction: Interaction with: d53d0d1 com.nextdoordeveloper.miperf.miperf/com.nextdoordeveloper.miperf.miperf.MainActivity (server), PointerEventDispatcher0 (server),
01-12 14:50:00.548 1116 1116 I notification_enqueue: [10120,4927,com.tblenovo.lewea,4927,NULL,0,Notification(channel=tblenovo.channel.WEATHER shortcut=null contentView=null vibrate=null sound=null defaults=0x0 flags=0x40 color=0x00000000 vis=PRIVATE),1]
01-12 14:50:00.570 1116 1116 I notification_enqueue: [10120,4927,com.tblenovo.lewea,4927,NULL,0,Notification(channel=tblenovo.channel.WEATHER shortcut=null contentView=com.tblenovo.lewea/0x7f090018 vibrate=null sound=null defaults=0x0 flags=0x50 color=0x00000000 vis=PUBLIC),1]
01-12 14:50:00.806 1116 1316 I commit_sys_config_file: [notification-policy,7109326]
01-12 14:50:08.620 1116 1377 I am_pss : [4538,10059,com.nttdocomo.android.idmanager,18621440,14098432,3123200,82960384,0,5,23]
01-12 14:50:14.972 2741 2741 D RILJ : [0091]> GET_ACTIVITY_INFO [PHONE0]
01-12 14:50:14.979 2741 2959 D RILJ : [0091]< GET_ACTIVITY_INFO ModemActivityInfo{ mTimestamp=7200292 mSleepTimeMs=0 mIdleTimeMs=644648 mTxTimeMs[]=[0, 0, 0, 0, 0] mRxTimeMs=0} [PHONE0]
01-12 14:50:15.090 630 630 I auditd : type=1400 audit(0.0:1099): avc: denied { read } for comm="Binder:630_2" name="wakeup38" dev="sysfs" ino=66587 scontext=u:r:system_suspend:s0 tcontext=u:object_r:sysfs:s0 tclass=dir permissive=0
01-12 14:50:15.090 630 630 I auditd : type=1400 audit(0.0:1100): avc: denied { read } for comm="Binder:630_2" name="wakeup28" dev="sysfs" ino=66215 scontext=u:r:system_suspend:s0 tcontext=u:object_r:sysfs:s0 tclass=dir permissive=0
01-12 14:50:15.090 630 630 I auditd : type=1400 audit(0.0:1101): avc: denied { read } for comm="Binder:630_2" name="wakeup18" dev="sysfs" ino=58442 scontext=u:r:system_suspend:s0 tcontext=u:object_r:sysfs:s0 tclass=dir permissive=0
01-12 14:50:15.090 630 630 I auditd : type=1400 audit(0.0:1102): avc: denied { read } for comm="Binder:630_2" name="wakeup46" dev="sysfs" ino=70729 scontext=u:r:system_suspend:s0 tcontext=u:object_r:sysfs:s0 tclass=dir permissive=0
01-12 14:50:15.090 630 630 I auditd : type=1400 audit(0.0:1103): avc: denied { read } for comm="Binder:630_2" name="wakeup2" dev="sysfs" ino=40064 scontext=u:r:system_suspend:s0 tcontext=u:object_r:sysfs:s0 tclass=dir permissive=0
01-12 14:50:15.100 630 630 I auditd : type=1400 audit(0.0:1104): avc: denied { read } for comm="Binder:630_2" name="wakeup36" dev="sysfs" ino=66515 scontext=u:r:system_suspend:s0 tcontext=u:object_r:sysfs:s0 tclass=dir permissive=0
01-12 14:50:15.100 630 630 I auditd : type=1400 audit(0.0:1105): avc: denied { read } for comm="Binder:630_2" name="wakeup26" dev="sysfs" ino=66143 scontext=u:r:system_suspend:s0 tcontext=u:object_r:sysfs:s0 tclass=dir permissive=0
01-12 14:50:15.267 1116 1377 I commit_sys_config_file: [batterystats,73]
01-12 14:50:15.272 1116 1377 I commit_sys_config_file: [batterystats,5]
01-12 14:50:26.684 1116 1378 I am_uid_idle: 10106
01-12 14:50:26.686 1116 1378 I am_uid_idle: 10048
01-12 14:50:26.873 1116 2982 I wm_task_moved: [67,1,9]
01-12 14:50:26.873 1116 2982 I wm_set_resumed_activity: [0,com.nextdoordeveloper.miperf.miperf/.MainActivity,positionChildAt]
01-12 14:50:26.873 1116 2982 I wm_create_activity: [0,1050505,67,com.nextdoordeveloper.miperf.miperf/.CommandEditor,NULL,NULL,NULL,0]
01-12 14:50:26.875 1116 2982 I wm_pause_activity: [0,33173638,com.nextdoordeveloper.miperf.miperf/.MainActivity,userLeaving=true,resumeTopActivityInnerLocked]
01-12 14:50:26.881 11850 11850 I wm_on_top_resumed_lost_called: [33173638,com.nextdoordeveloper.miperf.miperf.MainActivity,topStateChangedWhenResumed]
01-12 14:50:26.907 11850 11850 I wm_on_paused_called: [33173638,com.nextdoordeveloper.miperf.miperf.MainActivity,performPause]
01-12 14:50:26.915 1116 2982 I wm_add_to_stopping: [0,33173638,com.nextdoordeveloper.miperf.miperf/.MainActivity,makeInvisible]
01-12 14:50:26.917 1116 2982 I wm_restart_activity: [0,1050505,67,com.nextdoordeveloper.miperf.miperf/.CommandEditor]
01-12 14:50:26.954 1116 2982 I wm_set_resumed_activity: [0,com.nextdoordeveloper.miperf.miperf/.CommandEditor,minimalResumeActivityLocked]
01-12 14:50:26.960 1116 1317 I sysui_multi_action: [757,803,799,window_time_0,802,2363]
01-12 14:50:26.990 1116 1377 I am_pss : [13247,10136,com.google.android.gms,83868672,60973056,162816,192045056,0,19,24]
01-12 14:50:26.992 1116 2145 I input_focus: [Focus leaving d53d0d1 com.nextdoordeveloper.miperf.miperf/com.nextdoordeveloper.miperf.miperf.MainActivity (server),reason=NO_WINDOW]
01-12 14:50:27.002 11850 11850 I wm_on_create_called: [1050505,com.nextdoordeveloper.miperf.miperf.CommandEditor,performCreate]
01-12 14:50:27.003 11850 11850 I wm_on_start_called: [1050505,com.nextdoordeveloper.miperf.miperf.CommandEditor,handleStartActivity]
01-12 14:50:27.003 11850 11850 I wm_on_resume_called: [1050505,com.nextdoordeveloper.miperf.miperf.CommandEditor,RESUME_ACTIVITY]
01-12 14:50:27.012 11850 11850 I wm_on_top_resumed_gained_called: [1050505,com.nextdoordeveloper.miperf.miperf.CommandEditor,topStateChangedWhenResumed]
01-12 14:50:27.030 1116 1318 I input_focus: [Focus request 6689345 com.nextdoordeveloper.miperf.miperf/com.nextdoordeveloper.miperf.miperf.CommandEditor,reason=UpdateInputWindows]
01-12 14:50:27.111 1116 1313 I wm_activity_launch_time: [0,1050505,com.nextdoordeveloper.miperf.miperf/.CommandEditor,246]
01-12 14:50:27.125 1116 2145 I input_focus: [Focus entering 6689345 com.nextdoordeveloper.miperf.miperf/com.nextdoordeveloper.miperf.miperf.CommandEditor (server),reason=Window became focusable. Previous reason: NOT_VISIBLE]
01-12 14:50:27.219 1116 2982 I dvm_lock_sample: [system_server,0,Binder:1116_B,6,InputMethodManagerService.java,4114,void com.android.server.inputmethod.InputMethodManagerService.applyImeVisibility(android.os.IBinder, android.os.IBinder, boolean),-,3315,com.android.internal.view.InputBindResult com.android.server.inputmethod.InputMethodManagerService.startInputOrWindowGainedFocusInternal(int, com.android.internal.view.IInputMethodClient, android.os.IBinder, int, int, int, android.view.inputmethod.EditorInfo, com.android.internal.view.IInputContext, int, int),1]
01-12 14:50:27.527 1116 1317 I wm_stop_activity: [0,33173638,com.nextdoordeveloper.miperf.miperf/.MainActivity]
01-12 14:50:27.541 11850 11850 I wm_on_stop_called: [33173638,com.nextdoordeveloper.miperf.miperf.MainActivity,STOP_ACTIVITY_ITEM]
01-12 14:50:31.521 1116 2145 I input_interaction: Interaction with: 6689345 com.nextdoordeveloper.miperf.miperf/com.nextdoordeveloper.miperf.miperf.CommandEditor (server), PointerEventDispatcher0 (server),
01-12 14:50:32.902 1116 7373 I wm_finish_activity: [0,1050505,67,com.nextdoordeveloper.miperf.miperf/.CommandEditor,app-request]
01-12 14:50:32.943 1116 7373 I wm_pause_activity: [0,1050505,com.nextdoordeveloper.miperf.miperf/.CommandEditor,userLeaving=false,finish]
01-12 14:50:32.952 11850 11850 I wm_on_top_resumed_lost_called: [1050505,com.nextdoordeveloper.miperf.miperf.CommandEditor,topStateChangedWhenResumed]
01-12 14:50:32.967 11850 11850 I wm_on_paused_called: [1050505,com.nextdoordeveloper.miperf.miperf.CommandEditor,performPause]
01-12 14:50:32.968 1116 7373 I wm_add_to_stopping: [0,1050505,com.nextdoordeveloper.miperf.miperf/.CommandEditor,completeFinishing]
01-12 14:50:32.974 1116 2145 I input_focus: [Focus leaving 6689345 com.nextdoordeveloper.miperf.miperf/com.nextdoordeveloper.miperf.miperf.CommandEditor (server),reason=NO_WINDOW]
01-12 14:50:32.975 1116 7373 I wm_set_resumed_activity: [0,com.nextdoordeveloper.miperf.miperf/.MainActivity,resumeTopActivityInnerLocked]
01-12 14:50:32.978 1116 7373 I wm_resume_activity: [0,33173638,67,com.nextdoordeveloper.miperf.miperf/.MainActivity]
01-12 14:50:32.990 1116 1317 I sysui_multi_action: [757,803,799,window_time_0,802,6]
01-12 14:50:33.005 11850 11850 I wm_on_activity_result_called: [33173638,com.nextdoordeveloper.miperf.miperf.MainActivity,ACTIVITY_RESULT]
01-12 14:50:33.006 11850 11850 I wm_on_restart_called: [33173638,com.nextdoordeveloper.miperf.miperf.MainActivity,performRestartActivity]
01-12 14:50:33.006 11850 11850 I wm_on_start_called: [33173638,com.nextdoordeveloper.miperf.miperf.MainActivity,handleStartActivity]
01-12 14:50:33.007 11850 11850 I wm_on_resume_called: [33173638,com.nextdoordeveloper.miperf.miperf.MainActivity,RESUME_ACTIVITY]
01-12 14:50:33.010 11850 11850 I wm_on_top_resumed_gained_called: [33173638,com.nextdoordeveloper.miperf.miperf.MainActivity,topWhenResuming]
01-12 14:50:33.030 1116 1318 I input_focus: [Focus request d53d0d1 com.nextdoordeveloper.miperf.miperf/com.nextdoordeveloper.miperf.miperf.MainActivity,reason=UpdateInputWindows]
01-12 14:50:33.109 1116 2145 I input_focus: [Focus entering d53d0d1 com.nextdoordeveloper.miperf.miperf/com.nextdoordeveloper.miperf.miperf.MainActivity (server),reason=Window became focusable. Previous reason: NOT_VISIBLE]
01-12 14:50:33.508 1116 1317 I wm_destroy_activity: [0,1050505,67,com.nextdoordeveloper.miperf.miperf/.CommandEditor,finish-imm:idle]
01-12 14:50:33.518 11850 11850 I wm_on_stop_called: [1050505,com.nextdoordeveloper.miperf.miperf.CommandEditor,LIFECYCLER_STOP_ACTIVITY]
01-12 14:50:33.518 11850 11850 I wm_on_destroy_called: [1050505,com.nextdoordeveloper.miperf.miperf.CommandEditor,performDestroy]
01-12 14:50:34.178 1116 2145 I input_interaction: Interaction with: d53d0d1 com.nextdoordeveloper.miperf.miperf/com.nextdoordeveloper.miperf.miperf.MainActivity (server), PointerEventDispatcher0 (server),
01-12 14:50:36.661 1116 2145 I input_interaction: Interaction with: 4a3ab9c InputMethod (server), PointerEventDispatcher0 (server),
01-12 14:50:43.980 15906 15906 I auditd : type=1400 audit(0.0:1130): avc: denied { read } for comm="Thread-10" name="u:object_r:sn_default_prop:s0" dev="tmpfs" ino=23626 scontext=u:r:priv_app:s0:c512,c768 tcontext=u:object_r:sn_default_prop:s0 tclass=file permissive=0 app=com.lenovo.lsf.device
01-12 14:50:43.980 15906 15906 I auditd : type=1400 audit(0.0:1131): avc: denied { read } for comm="Thread-10" name="u:object_r:sn_default_prop:s0" dev="tmpfs" ino=23626 scontext=u:r:priv_app:s0:c512,c768 tcontext=u:object_r:sn_default_prop:s0 tclass=file permissive=0 app=com.lenovo.lsf.device
01-12 14:50:47.013 1116 2145 I input_interaction: Interaction with: 4aa51c3 NavigationBar0 (server), PointerEventDispatcher0 (server),
01-12 14:50:47.111 1116 2145 I input_interaction: Interaction with: 4aa51c3 NavigationBar0 (server), 4a3ab9c InputMethod (server), PointerEventDispatcher0 (server),
01-12 14:50:47.162 1116 2145 I input_interaction: Interaction with: 4aa51c3 NavigationBar0 (server), PointerEventDispatcher0 (server),
01-12 14:50:47.511 1116 2145 I input_interaction: Interaction with: 4a3ab9c InputMethod (server), PointerEventDispatcher0 (server),
01-12 14:50:51.393 1116 2145 I input_interaction: Interaction with: d53d0d1 com.nextdoordeveloper.miperf.miperf/com.nextdoordeveloper.miperf.miperf.MainActivity (server), PointerEventDispatcher0 (server),
01-12 14:50:51.540 17845 17845 I auditd : type=1400 audit(0.0:1132): avc: granted { execute } for comm=4173796E635461736B202338 name="iperf" dev="sda13" ino=17586 scontext=u:r:untrusted_app_25:s0:c512,c768 tcontext=u:object_r:app_data_file:s0:c512,c768 tclass=file app=com.nextdoordeveloper.miperf.miperf
01-12 14:50:51.540 17845 17845 I auditd : type=1400 audit(0.0:1133): avc: granted { execute_no_trans } for comm=4173796E635461736B202338 path="/data/user/0/com.nextdoordeveloper.miperf.miperf/files/iperf" dev="sda13" ino=17586 scontext=u:r:untrusted_app_25:s0:c512,c768 tcontext=u:object_r:app_data_file:s0:c512,c768 tclass=file app=com.nextdoordeveloper.miperf.miperf
01-12 14:50:51.550 17845 17845 I auditd : type=1400 audit(0.0:1134): avc: granted { execute } for comm="iperf" path="/data/user/0/com.nextdoordeveloper.miperf.miperf/files/iperf" dev="sda13" ino=17586 scontext=u:r:untrusted_app_25:s0:c512,c768 tcontext=u:object_r:app_data_file:s0:c512,c768 tclass=file app=com.nextdoordeveloper.miperf.miperf
01-12 14:51:00.595 1116 1116 I notification_enqueue: [10120,4927,com.tblenovo.lewea,4927,NULL,0,Notification(channel=tblenovo.channel.WEATHER shortcut=null contentView=null vibrate=null sound=null defaults=0x0 flags=0x40 color=0x00000000 vis=PRIVATE),1]
01-12 14:51:00.621 1116 1116 I notification_enqueue: [10120,4927,com.tblenovo.lewea,4927,NULL,0,Notification(channel=tblenovo.channel.WEATHER shortcut=null contentView=com.tblenovo.lewea/0x7f090018 vibrate=null sound=null defaults=0x0 flags=0x50 color=0x00000000 vis=PUBLIC),1]
01-12 14:51:00.869 1116 1316 I commit_sys_config_file: [notification-policy,7169390]
01-12 14:51:08.698 1116 1377 I commit_sys_config_file: [procstats,65]
01-12 14:52:00.607 1116 7373 I dvm_lock_sample: [system_server,0,Binder:1116_13,13,ActivityManagerService.java,12158,void com.android.server.am.ActivityManagerService.serviceDoneExecuting(android.os.IBinder, int, int, int),-,15987,android.content.ComponentName com.android.server.am.ActivityManagerService$LocalService.startServiceInPackage(int, android.content.Intent, java.lang.String, boolean, java.lang.String, java.lang.String, int, boolean, android.os.IBinder),2]
01-12 14:52:00.630 1116 1116 I notification_enqueue: [10120,4927,com.tblenovo.lewea,4927,NULL,0,Notification(channel=tblenovo.channel.WEATHER shortcut=null contentView=null vibrate=null sound=null defaults=0x0 flags=0x40 color=0x00000000 vis=PRIVATE),1]
01-12 14:52:00.654 1116 1116 I notification_enqueue: [10120,4927,com.tblenovo.lewea,4927,NULL,0,Notification(channel=tblenovo.channel.WEATHER shortcut=null contentView=com.tblenovo.lewea/0x7f090018 vibrate=null sound=null defaults=0x0 flags=0x50 color=0x00000000 vis=PUBLIC),1]
01-12 14:52:00.911 1116 1316 I commit_sys_config_file: [notification-policy,7229431]
01-12 14:52:04.705 1116 2261 I commit_sys_config_file: [appops,7221358]
01-12 14:52:15.572 2741 2741 I force_gc: Binder
01-12 14:52:19.209 1116 2145 I input_interaction: Interaction with: 4a3ab9c InputMethod (server), PointerEventDispatcher0 (server),
01-12 14:52:25.226 1116 2145 I input_interaction: Interaction with: d53d0d1 com.nextdoordeveloper.miperf.miperf/com.nextdoordeveloper.miperf.miperf.MainActivity (server), PointerEventDispatcher0 (server),
01-12 14:52:26.010 17870 17870 I auditd : type=1400 audit(0.0:1135): avc: granted { execute } for comm=4173796E635461736B202339 name="iperf" dev="sda13" ino=17586 scontext=u:r:untrusted_app_25:s0:c512,c768 tcontext=u:object_r:app_data_file:s0:c512,c768 tclass=file app=com.nextdoordeveloper.miperf.miperf
01-12 14:52:26.010 17870 17870 I auditd : type=1400 audit(0.0:1136): avc: granted { execute_no_trans } for comm=4173796E635461736B202339 path="/data/user/0/com.nextdoordeveloper.miperf.miperf/files/iperf" dev="sda13" ino=17586 scontext=u:r:untrusted_app_25:s0:c512,c768 tcontext=u:object_r:app_data_file:s0:c512,c768 tclass=file app=com.nextdoordeveloper.miperf.miperf
01-12 14:52:26.010 17870 17870 I auditd : type=1400 audit(0.0:1137): avc: granted { execute } for comm="iperf" path="/data/user/0/com.nextdoordeveloper.miperf.miperf/files/iperf" dev="sda13" ino=17586 scontext=u:r:untrusted_app_25:s0:c512,c768 tcontext=u:object_r:app_data_file:s0:c512,c768 tclass=file app=com.nextdoordeveloper.miperf.miperf
01-12 14:52:37.779 1116 2145 I input_interaction: Interaction with: 78595d5 StatusBar (server), PointerEventDispatcher0 (server),
01-12 14:52:37.818 2236 2236 I sysui_multi_action: [757,803,799,panel_open,802,1]
01-12 14:52:37.820 2236 2236 I sysui_multi_action: [757,1328,758,4,1326,20,1327,0,1329,0]
01-12 14:52:37.832 1116 13240 I sysui_multi_action: [757,127,758,1]
01-12 14:52:37.833 1116 13240 I sysui_multi_action: [757,804,799,note_load,801,8,802,1]
01-12 14:52:37.833 1116 13240 I notification_panel_revealed: 8
01-12 14:52:37.859 1116 1318 I input_focus: [Focus request 33812c7 NotificationShade,reason=UpdateInputWindows]
01-12 14:52:37.881 1116 2145 I input_focus: [Focus leaving d53d0d1 com.nextdoordeveloper.miperf.miperf/com.nextdoordeveloper.miperf.miperf.MainActivity (server),reason=Waiting for window because NOT_VISIBLE]
01-12 14:52:37.914 1116 2145 I input_focus: [Focus entering 33812c7 NotificationShade (server),reason=Window became focusable. Previous reason: NOT_VISIBLE]
01-12 14:52:38.421 1116 7373 I sysui_multi_action: [757,128,758,1,793,5989676,794,0,795,5989676,796,26,798,1,806,android,857,DEVELOPER_IMPORTANT,858,4,947,0,1395,8,1500,5989177,1688,1]
01-12 14:52:38.421 1116 7373 I sysui_multi_action: [757,804,799,note_freshness,801,5989676,802,1]
01-12 14:52:38.421 1116 7373 I notification_visibility: [-1|android|26|null|1000,1,5989676,5989676,0,1]
01-12 14:52:38.422 1116 7373 I sysui_multi_action: [757,128,758,1,793,7206039,794,0,795,37769,796,4927,798,4,806,com.tblenovo.lewea,857,tblenovo.channel.WEATHER,858,2,947,0,1395,8,1500,37769,1688,1]
01-12 14:52:38.422 1116 7373 I sysui_multi_action: [757,804,799,note_freshness,801,37769,802,1]
01-12 14:52:38.422 1116 7373 I notification_visibility: [0|com.tblenovo.lewea|4927|null|10120,1,7206039,37769,0,4]
01-12 14:52:38.422 1116 7373 I sysui_multi_action: [757,128,758,1,793,7219327,794,0,795,196782,796,9,798,0,806,com.google.android.setupwizard,857,suw_consolidate_foreground_-e437bac7,858,3,947,0,1395,8,1500,196782,1688,1]
01-12 14:52:38.423 1116 7373 I sysui_multi_action: [757,804,799,note_freshness,801,196782,802,1]
01-12 14:52:38.423 1116 7373 I notification_visibility: [0|com.google.android.setupwizard|9|null|10177,1,7219327,196782,0,0]
01-12 14:52:38.423 1116 7373 I sysui_multi_action: [757,128,758,1,793,7202328,794,0,795,7202328,796,1,798,3,806,com.nttdocomo.android.lpa,857,NotificationChannel,858,2,947,0,1395,8,1500,7202114,1688,1,1745,2098068913]
01-12 14:52:38.423 1116 7373 I sysui_multi_action: [757,804,799,note_freshness,801,7202328,802,1]
01-12 14:52:38.423 1116 7373 I notification_visibility: [0|com.nttdocomo.android.lpa|1|null|10051,1,7202328,7202328,0,3]
01-12 14:52:38.424 1116 7373 I sysui_multi_action: [757,128,758,1,793,7105039,794,0,795,7105039,796,1,798,5,806,jp.co.omronsoft.android.decoemojimanager_docomo,857,permit,858,2,947,0,1395,8,1500,7104832,1688,1,1745,2098068913]
01-12 14:52:38.424 1116 7373 I sysui_multi_action: [757,804,799,note_freshness,801,7105039,802,1]
01-12 14:52:38.424 1116 7373 I notification_visibility: [0|jp.co.omronsoft.android.decoemojimanager_docomo|1|null|10112,1,7105039,7105039,0,5]
01-12 14:52:38.424 1116 7373 I sysui_multi_action: [757,128,758,1,793,6070726,794,0,795,6070726,796,-1000005,798,2,806,com.android.bluetooth,857,opp_notification_channel,858,4,947,0,1395,8,1500,6070501,1688,1]
01-12 14:52:38.424 1116 7373 I sysui_multi_action: [757,804,799,note_freshness,801,6070726,802,1]
01-12 14:52:38.425 1116 7373 I notification_visibility: [0|com.android.bluetooth|-1000005|null|1002,1,6070726,6070726,0,2]
01-12 14:52:39.457 1116 2145 I input_interaction: Interaction with: 33812c7 NotificationShade (server), PointerEventDispatcher0 (server),
01-12 14:52:39.889 2236 2236 I sysui_multi_action: [757,366,758,4,759,126,927,0,928,1,1592,0,1593,0]
01-12 14:52:39.909 1116 13240 I wm_task_moved: [72,1,9]
01-12 14:52:39.909 1116 13240 I wm_task_to_front: [0,72]
01-12 14:52:39.910 1116 13240 I wm_focused_root_task: [0,0,72,67,bringingFoundTaskToFront]
