01-12 20:58:18.358 1116 3510 I sysui_multi_action: [757,128,758,2,793,12114421,794,3506,795,10185176,796,3,797,low_battery,798,1,806,com.android.systemui,857,BAT,858,5,947,0,1395,7,1500,10185176,1688,1,1745,2098068913]
01-12 20:58:18.358 1116 3510 I notification_visibility: [-1|com.android.systemui|3|low_battery|10187,0,12114421,10185176,0,1]
01-12 20:58:18.359 1116 3510 I sysui_multi_action: [757,128,758,2,793,29159264,794,3506,795,21138251,796,9,798,0,806,com.google.android.setupwizard,857,suw_consolidate_foreground_-e437bac7,858,3,947,0,1395,7,1500,21138251,1688,1]
01-12 20:58:18.359 1116 3510 I notification_visibility: [0|com.google.android.setupwizard|9|null|10177,0,29159264,21138251,0,0]
01-12 20:58:18.360 1116 3510 I sysui_multi_action: [757,128,758,2,793,28010662,794,3493,795,28010662,796,-1000005,798,2,806,com.android.bluetooth,857,opp_notification_channel,858,4,947,0,1395,7,1500,28010437,1688,1]
01-12 20:58:18.360 1116 3510 I notification_visibility: [0|com.android.bluetooth|-1000005|null|1002,0,28010662,28010662,0,2]
01-12 20:58:18.399 2236 2236 I sysui_multi_action: [757,196,758,2,759,0]
01-12 20:58:18.399 2236 2236 I sysui_status_bar_state: [0,0,0,0,0,1]
01-12 20:58:18.465 1116 2358 I wm_set_keyguard_shown: [0,0,1,setKeyguardShown]
01-12 20:58:18.468 1116 1317 I device_idle: [0,unlocked]
01-12 20:58:18.468 1116 1317 I device_idle_light: [0,unlocked]
01-12 20:58:18.469 1116 1936 I device_idle_off_start: unlocked
01-12 20:58:18.616 1116 3394 I am_uid_active: 99002
01-12 20:58:18.629 1116 1317 I user_activity_timeout_override: -1
01-12 20:58:18.663 1116 1318 I input_focus: [Focus request d53d0d1 com.nextdoordeveloper.miperf.miperf/com.nextdoordeveloper.miperf.miperf.MainActivity,reason=UpdateInputWindows]
01-12 20:58:18.666 1116 1378 I dvm_lock_sample: [system_server,1,ActivityManager,92,BroadcastQueue.java,1051,void com.android.server.am.BroadcastQueue.processNextBroadcast(boolean),,0,null,18]
01-12 20:58:18.675 1116 1199 I am_uid_active: 10066
01-12 20:58:18.706 1116 17636 I dvm_lock_sample: [system_server,0,Binder:1116_20,30,ActivityManagerService.java,12158,void com.android.server.am.ActivityManagerService.serviceDoneExecuting(android.os.IBinder, int, int, int),-,11968,android.content.ComponentName com.android.server.am.ActivityManagerService.startService(android.app.IApplicationThread, android.content.Intent, java.lang.String, boolean, java.lang.String, java.lang.String, int),6]
01-12 20:58:18.731 1116 2145 I input_focus: [Focus leaving 33812c7 NotificationShade (server),reason=NOT_FOCUSABLE]
01-12 20:58:18.749 1116 7373 I sysui_multi_action: [757,127,758,2]
01-12 20:58:18.758 1116 7373 I notification_panel_hidden:
01-12 20:58:18.802 1116 2145 I input_focus: [Focus entering d53d0d1 com.nextdoordeveloper.miperf.miperf/com.nextdoordeveloper.miperf.miperf.MainActivity (server),reason=setFocusedWindow]
01-12 20:58:18.992 1116 1936 I device_idle_off_phase: net
01-12 20:58:18.999 1116 3971 I dvm_lock_sample: [system_server,1,Binder:1116_10,458,NetworkPolicyManagerService.java,3216,boolean com.android.server.net.NetworkPolicyManagerService.getRestrictBackground(),-,4514,boolean com.android.server.net.NetworkPolicyManagerService.isUidIdle(int),91]
01-12 20:58:19.000 1116 2166 I dvm_lock_sample: [system_server,1,NetworkPolicy.uid,359,NetworkPolicyManagerService.java,5242,void com.android.server.net.NetworkPolicyManagerService.handleUidChanged(int, int, long, int),-,4514,boolean com.android.server.net.NetworkPolicyManagerService.isUidIdle(int),71]
01-12 20:58:19.009 1116 1936 I device_idle_off_complete:
01-12 20:58:19.266 2741 3057 E PhoneSubInfoController: getLine1Number phone is null for Subscription:-1
01-12 20:58:19.355 1116 8900 I dvm_lock_sample: [system_server,1,Binder:1116_16,598,AccessibilityManagerService.java,911,java.util.List com.android.server.accessibility.AccessibilityManagerService.getEnabledAccessibilityServiceList(int, int),-,602,void com.android.server.accessibility.AccessibilityManagerService$2.onReceive(android.content.Context, android.content.Intent),100]
01-12 20:58:19.356 1116 1116 I notification_enqueue: [10066,7561,com.nttdocomo.android.wipe,3,NULL,0,Notification(channel=default shortcut=null contentView=null vibrate=null sound=null tick defaults=0x0 flags=0x42 color=0x00000000 vis=PRIVATE),0]
01-12 20:58:19.358 1116 1199 I dvm_lock_sample: [system_server,0,Binder:1116_2,589,AccessibilityManagerService.java,1198,void com.android.server.accessibility.AccessibilityManagerService.onSystemActionsChanged(),-,602,void com.android.server.accessibility.AccessibilityManagerService$2.onReceive(android.content.Context, android.content.Intent),100]
01-12 20:58:19.376 1116 1116 I battery_saving_stats: [0,1,1,4707,0,0,4707,0,0]
01-12 20:58:19.447 1116 1116 I sysui_multi_action: [757,128,758,5,759,8,793,474,794,0,795,474,796,3,806,com.nttdocomo.android.wipe,857,default,858,3,947,0,1500,474,1688,1]
01-12 20:58:19.449 1116 1116 I notification_canceled: [0|com.nttdocomo.android.wipe|3|null|10066,8,474,474,0,-1,-1,NULL]
01-12 20:58:20.650 1116 2145 I input_interaction: Interaction with: 4aa51c3 NavigationBar0 (server), PointerEventDispatcher0 (server),
01-12 20:58:20.675 2236 2236 I sysui_multi_action: [757,931,758,4,759,3,932,0,933,0]
01-12 20:58:20.744 2236 2236 I sysui_multi_action: [757,931,758,4,759,3,932,0,933,1]
01-12 20:58:20.917 1116 1315 I wm_task_moved: [1,1,10]
01-12 20:58:20.919 1116 1315 I wm_task_moved: [54,1,2147483647]
01-12 20:58:20.919 11850 11850 I wm_on_top_resumed_lost_called: [33173638,com.nextdoordeveloper.miperf.miperf.MainActivity,topStateChangedWhenResumed]
01-12 20:58:20.919 1116 1315 I wm_task_to_front: [0,54]
01-12 20:58:20.919 1116 1315 I wm_focused_root_task: [0,0,1,67,bringingFoundTaskToFront]
01-12 20:58:20.920 1116 1315 I wm_set_resumed_activity: [0,com.nttdocomo.android.homezozo/com.android.launcher3.Launcher,bringingFoundTaskToFront]
01-12 20:58:20.920 1116 1315 I wm_new_intent: [0,58173627,54,com.nttdocomo.android.homezozo/com.android.launcher3.Launcher,android.intent.action.MAIN,NULL,NULL,268435712]
01-12 20:58:20.923 1116 1315 I wm_pause_activity: [0,33173638,com.nextdoordeveloper.miperf.miperf/.MainActivity,userLeaving=true,pauseBackTasks]
01-12 20:58:20.925 1116 1315 I wm_add_to_stopping: [0,33173638,com.nextdoordeveloper.miperf.miperf/.MainActivity,makeInvisible]
01-12 20:58:20.927 1116 1315 I wm_set_resumed_activity: [0,com.nttdocomo.android.homezozo/com.android.launcher3.Launcher,resumeTopActivityInnerLocked]
01-12 20:58:20.928 1116 1315 I wm_resume_activity: [0,58173627,54,com.nttdocomo.android.homezozo/com.android.launcher3.Launcher]
01-12 20:58:20.940 11850 11850 I wm_on_paused_called: [33173638,com.nextdoordeveloper.miperf.miperf.MainActivity,performPause]
01-12 20:58:20.954 1116 1317 I sysui_multi_action: [757,803,799,window_time_0,802,20557]
01-12 20:58:20.962 1116 2145 I input_focus: [Focus leaving d53d0d1 com.nextdoordeveloper.miperf.miperf/com.nextdoordeveloper.miperf.miperf.MainActivity (server),reason=NO_WINDOW]
01-12 20:58:21.037 3725 3725 I wm_on_restart_called: [58173627,com.android.launcher3.Launcher,performRestartActivity]
01-12 20:58:21.082 3725 3725 I wm_on_start_called: [58173627,com.android.launcher3.Launcher,handleStartActivity]
01-12 20:58:21.141 3725 3725 I wm_on_resume_called: [58173627,com.android.launcher3.Launcher,RESUME_ACTIVITY]
01-12 20:58:21.146 3725 3725 I wm_on_top_resumed_gained_called: [58173627,com.android.launcher3.Launcher,topStateChangedWhenResumed]
01-12 20:58:21.165 1116 1318 I input_focus: [Focus request c26cbf0 com.nttdocomo.android.homezozo/com.android.launcher3.Launcher,reason=UpdateInputWindows]
01-12 20:58:21.463 1116 2145 I input_focus: [Focus entering c26cbf0 com.nttdocomo.android.homezozo/com.android.launcher3.Launcher (server),reason=Window became focusable. Previous reason: NOT_VISIBLE]
01-12 20:58:21.523 1116 1313 I sysui_multi_action: [319,659,322,451,325,11996,757,761,758,9,759,2,806,com.nttdocomo.android.homezozo,871,com.android.launcher3.Launcher,905,0,1320,8,1321,5]
01-12 20:58:21.527 1116 2145 I input_interaction: Interaction with: 78595d5 StatusBar (server), PointerEventDispatcher0 (server),
01-12 20:58:21.543 1116 8900 I dvm_lock_sample: [system_server,1,Binder:1116_16,225,WindowManagerService.java,2229,int com.android.server.wm.WindowManagerService.relayoutWindow(com.android.server.wm.Session, android.view.IWindow, android.view.WindowManager$LayoutParams, int, int, int, int, long, android.window.ClientWindowFrames, android.util.MergedConfiguration, android.view.SurfaceControl, android.view.InsetsState, android.view.InsetsSourceControl[], android.graphics.Point),TaskChangeNotificationController.java,342,void com.android.server.wm.TaskChangeNotificationController.forAllLocalListeners(com.android.server.wm.TaskChangeNotificationController$TaskStackConsumer, android.os.Message),45]
01-12 20:58:21.558 1116 1317 I dvm_lock_sample: [system_server,1,android.display,319,WindowManagerService.java,5190,void com.android.server.wm.WindowManagerService$H.handleMessage(android.os.Message),TaskChangeNotificationController.java,342,void com.android.server.wm.TaskChangeNotificationController.forAllLocalListeners(com.android.server.wm.TaskChangeNotificationController$TaskStackConsumer, android.os.Message),63]
01-12 20:58:21.590 1116 2358 I dvm_lock_sample: [system_server,1,Binder:1116_5,111,WindowManagerService.java,8469,boolean com.android.server.wm.WindowManagerService.getWindowInsets(android.view.WindowManager$LayoutParams, int, android.view.InsetsState),TaskChangeNotificationController.java,342,void com.android.server.wm.TaskChangeNotificationController.forAllLocalListeners(com.android.server.wm.TaskChangeNotificationController$TaskStackConsumer, android.os.Message),22]
01-12 20:58:21.596 2236 2236 I sysui_multi_action: [757,803,799,panel_open,802,1]
01-12 20:58:21.598 2236 2236 I sysui_multi_action: [757,1328,758,4,1326,50,1327,0,1329,0]
01-12 20:58:21.620 1116 17636 I dvm_lock_sample: [system_server,1,Binder:1116_20,146,ActivityManagerService.java,12114,int com.android.server.am.ActivityManagerService.bindIsolatedService(android.app.IApplicationThread, android.os.IBinder, android.content.Intent, java.lang.String, android.app.IServiceConnection, int, java.lang.String, java.lang.String, int),,0,null,29]
01-12 20:58:21.639 1116 1316 I commit_sys_config_file: [jobs,54]
01-12 20:58:21.659 1116 8900 I dvm_lock_sample: [system_server,1,Binder:1116_16,82,ActivityManagerService.java,12138,void com.android.server.am.ActivityManagerService.publishService(android.os.IBinder, android.content.Intent, android.os.IBinder),,0,null,16]
01-12 20:58:21.689 1116 2358 I sysui_multi_action: [757,127,758,1]
01-12 20:58:21.689 1116 2358 I sysui_multi_action: [757,804,799,note_load,801,7,802,1]
01-12 20:58:21.690 1116 2358 I notification_panel_revealed: 7
01-12 20:58:21.717 1116 1317 I wm_stop_activity: [0,33173638,com.nextdoordeveloper.miperf.miperf/.MainActivity]
01-12 20:58:21.725 11850 11850 I wm_on_stop_called: [33173638,com.nextdoordeveloper.miperf.miperf.MainActivity,STOP_ACTIVITY_ITEM]
01-12 20:58:21.746 1116 1318 I input_focus: [Focus request 33812c7 NotificationShade,reason=UpdateInputWindows]
01-12 20:58:21.765 1116 2145 I input_focus: [Focus leaving c26cbf0 com.nttdocomo.android.homezozo/com.android.launcher3.Launcher (server),reason=Waiting for window because NOT_VISIBLE]
01-12 20:58:21.806 3400 3400 I liblog : 66
01-12 20:58:21.916 1116 2145 I input_focus: [Focus entering 33812c7 NotificationShade (server),reason=Window became focusable. Previous reason: NOT_VISIBLE]
01-12 20:58:21.919 1116 2185 I dvm_lock_sample: [system_server,1,Binder:1116_4,10,ActivityTaskManagerService.java,1865,android.app.ActivityTaskManager$RootTaskInfo com.android.server.wm.ActivityTaskManagerService.getFocusedRootTaskInfo(),WindowSurfacePlacer.java,58,void com.android.server.wm.WindowSurfacePlacer$Traverser.run(),2]
01-12 20:58:22.458 1116 2185 I sysui_multi_action: [757,128,758,1,793,12118510,794,0,795,10189265,796,3,797,low_battery,798,1,806,com.android.systemui,857,BAT,858,5,947,0,1395,7,1500,10189265,1688,1,1745,2098068913]
01-12 20:58:22.459 1116 2185 I sysui_multi_action: [757,804,799,note_freshness,801,10189265,802,1]
01-12 20:58:22.460 1116 2185 I notification_visibility: [-1|com.android.systemui|3|low_battery|10187,1,12118510,10189265,0,1]
01-12 20:58:22.463 1116 2185 I sysui_multi_action: [757,128,758,1,793,29150079,794,0,795,8307,796,4927,798,4,806,com.tblenovo.lewea,857,tblenovo.channel.WEATHER,858,2,947,0,1395,7,1500,8307,1688,1]
01-12 20:58:22.472 1116 2185 I sysui_multi_action: [757,804,799,note_freshness,801,8307,802,1]
01-12 20:58:22.473 1116 2185 I notification_visibility: [0|com.tblenovo.lewea|4927|null|10120,1,29150079,8307,0,4]
01-12 20:58:22.475 1116 2185 I sysui_multi_action: [757,128,758,1,793,29163379,794,0,795,21142366,796,9,798,0,806,com.google.android.setupwizard,857,suw_consolidate_foreground_-e437bac7,858,3,947,0,1395,7,1500,21142366,1688,1]
01-12 20:58:22.476 1116 2185 I sysui_multi_action: [757,804,799,note_freshness,801,21142366,802,1]
01-12 20:58:22.476 1116 2185 I notification_visibility: [0|com.google.android.setupwizard|9|null|10177,1,29163379,21142366,0,0]
01-12 20:58:22.478 1116 2185 I sysui_multi_action: [757,128,758,1,793,29146382,794,0,795,29146382,796,1,798,3,806,com.nttdocomo.android.lpa,857,NotificationChannel,858,2,947,0,1395,7,1500,29146168,1688,1,1745,2098068913]
01-12 20:58:22.479 1116 2185 I sysui_multi_action: [757,804,799,note_freshness,801,29146382,802,1]
01-12 20:58:22.489 1116 2185 I notification_visibility: [0|com.nttdocomo.android.lpa|1|null|10051,1,29146382,29146382,0,3]
01-12 20:58:22.490 1116 2185 I sysui_multi_action: [757,128,758,1,793,29049105,794,0,795,29049105,796,1,798,5,806,jp.co.omronsoft.android.decoemojimanager_docomo,857,permit,858,2,947,0,1395,7,1500,29048898,1688,1,1745,2098068913]
01-12 20:58:22.492 1116 2185 I sysui_multi_action: [757,804,799,note_freshness,801,29049105,802,1]
01-12 20:58:22.493 1116 2185 I notification_visibility: [0|jp.co.omronsoft.android.decoemojimanager_docomo|1|null|10112,1,29049105,29049105,0,5]
01-12 20:58:22.494 1116 2185 I sysui_multi_action: [757,128,758,1,793,28014796,794,0,795,28014796,796,-1000005,798,2,806,com.android.bluetooth,857,opp_notification_channel,858,4,947,0,1395,7,1500,28014571,1688,1]
01-12 20:58:22.495 1116 2185 I sysui_multi_action: [757,804,799,note_freshness,801,28014796,802,1]
01-12 20:58:22.496 1116 2185 I notification_visibility: [0|com.android.bluetooth|-1000005|null|1002,1,28014796,28014796,0,2]
01-12 20:58:22.640 1116 1317 I sysui_multi_action: [757,856,758,1,806,android,857,com.android.server.wm.AlertWindowNotification - com.nttdocomo.android.mascot,858,1]
01-12 20:58:22.713 1116 1116 I notification_enqueue: [1000,1116,android,0,com.android.server.wm.AlertWindowNotification - com.nttdocomo.android.mascot,0,Notification(channel=com.android.server.wm.AlertWindowNotification - com.nttdocomo.android.mascot shortcut=null contentView=null vibrate=null sound=null defaults=0x0 flags=0x102 color=0x00000000 vis=PRIVATE),0]
01-12 20:58:22.802 1116 8900 I am_proc_died: [0,15906,com.lenovo.lsf.device,999,10]
01-12 20:58:22.804 1116 8900 I am_schedule_service_restart: [0,com.lenovo.lsf.device/com.lenovo.lsf.push.service.PushService,1000]
01-12 20:58:22.805 1116 8900 I am_uid_stopped: 10047
01-12 20:58:22.809 1116 8900 I am_mem_factor: [3,0]
01-12 20:58:22.921 1116 1116 I sysui_multi_action: [757,1501,758,1,793,208,794,0,795,208,796,0,797,com.android.server.wm.AlertWindowNotification - com.nttdocomo.android.mascot,806,android,857,com.android.server.wm.Alert-fef85b51,858,1,947,0,1500,0,1688,1,1745,2098068913]
01-12 20:58:22.922 1116 1116 I sysui_multi_action: [757,804,799,note_interruptive,801,0,802,1]
01-12 20:58:22.944 1116 1316 I commit_sys_config_file: [notification-policy,11921690]
01-12 20:58:23.807 1116 1378 I am_uid_running: 10047
01-12 20:58:23.840 1116 7373 I am_mem_factor: [1,3]
01-12 20:58:23.920 1116 1380 I am_proc_start: [0,21337,10047,com.lenovo.lsf.device,service,{com.lenovo.lsf.device/com.lenovo.lsf.push.service.PushService}]
01-12 20:58:23.921 1116 2145 I input_interaction: Interaction with: 33812c7 NotificationShade (server), PointerEventDispatcher0 (server),
01-12 20:58:24.024 2236 2236 I sysui_multi_action: [757,111,758,1]
01-12 20:58:24.031 2236 2236 I sysui_multi_action: [757,126,758,1,759,126,927,0,928,1,1593,0]
01-12 20:58:24.032 2236 2236 I sysui_multi_action: [757,123,758,1,759,123,927,1,928,0,1593,0]
01-12 20:58:24.033 2236 2236 I sysui_multi_action: [757,112,758,1,759,112,927,2,928,0,1593,0]
01-12 20:58:24.034 2236 2236 I sysui_multi_action: [757,268,758,1,759,268,806,com.google.android.gms,871,com.google.android.gms.nearby.sharing.SharingTileService,927,3,1593,0]
01-12 20:58:24.035 2236 2236 I sysui_multi_action: [757,268,758,1,759,268,806,com.dolby.daxservice,871,com.dolby.daxservice.DaxTileService,927,4,928,0,1593,0]
01-12 20:58:24.035 2236 2236 I sysui_multi_action: [757,268,758,1,759,268,806,com.lenovo.lserver,871,com.lenovo.lserver.qs.SoundTileService,927,5,1593,0]
01-12 20:58:24.036 2236 2236 I sysui_multi_action: [757,113,758,1,759,113,927,7,928,1,1593,0]
01-12 20:58:24.036 2236 2236 I sysui_multi_action: [757,118,758,1,759,118,927,8,928,0,1593,0]
01-12 20:58:24.037 2236 2236 I sysui_multi_action: [757,119,758,1,759,119,927,9,928,0,1593,0]
01-12 20:58:24.037 2236 2236 I sysui_multi_action: [757,261,758,1,759,261,927,10,928,0,1593,0]
01-12 20:58:24.038 2236 2236 I sysui_multi_action: [757,114,758,1,759,114,927,11,928,0,1593,0]
01-12 20:58:24.038 2236 2236 I sysui_multi_action: [757,0,758,1,759,0,927,12,1593,0]
01-12 20:58:24.038 2236 2236 I sysui_multi_action: [757,120,758,1,759,120,927,13,928,0,1593,0]
01-12 20:58:24.039 2236 2236 I sysui_multi_action: [757,111,758,1]
01-12 20:58:24.039 2236 2236 I sysui_multi_action: [757,126,758,1,759,126,927,0,928,1,1593,0]
01-12 20:58:24.040 2236 2236 I sysui_multi_action: [757,123,758,1,759,123,927,1,928,0,1593,0]
01-12 20:58:24.040 2236 2236 I sysui_multi_action: [757,112,758,1,759,112,927,2,928,0,1593,0]
01-12 20:58:24.045 2236 2236 I sysui_multi_action: [757,268,758,1,759,268,806,com.google.android.gms,871,com.google.android.gms.nearby.sharing.SharingTileService,927,3,1593,0]
01-12 20:58:24.136 1116 7373 I am_proc_bound: [0,21337,com.lenovo.lsf.device]
01-12 20:58:24.340 2300 2300 I service_manager_slow: [11,audio]
01-12 20:58:25.667 1116 1377 I am_meminfo: [569090048,67584000,184786944,1117007872,474712064]
01-12 20:58:25.698 1116 1377 I am_pss : [3725,10056,com.nttdocomo.android.homezozo,91317248,75755520,12097536,160288768,1,2,26]
01-12 20:58:25.729 1116 1377 I am_pss : [3400,10063,com.nttdocomo.android.mascot,64596992,51273728,11406336,119902208,1,3,26]
01-12 20:58:25.756 1116 1377 I am_pss : [4061,10055,com.nttdocomo.android.applicationmanager,27583488,11239424,13785088,86319104,1,3,22]
01-12 20:58:25.785 1116 1377 I am_pss : [11850,10218,com.nextdoordeveloper.miperf.miperf,31874048,22749184,7094272,77774848,1,15,24]
01-12 20:58:25.819 1116 1377 I am_pss : [8699,10168,com.google.android.inputmethod.latin,52640768,36597760,12300288,123113472,1,7,27]
01-12 20:58:25.847 1116 1377 I am_pss : [2879,10186,com.android.launcher3,52369408,45719552,4238336,125112320,1,5,22]
01-12 20:58:25.884 1116 1377 I am_pss : [11071,1000,com.android.settings,52013056,21315584,28673024,74231808,1,16,30]
01-12 20:58:25.912 1116 1377 I am_pss : [13018,1002,com.android.bluetooth,23201792,12238848,8991744,84725760,1,0,23]
01-12 20:58:25.940 1116 8900 I am_mem_factor: [0,1]
01-12 20:58:25.944 1116 1377 I am_pss : [14162,10080,com.nttdocomo.android.mymagazine,21649408,3219456,16824320,55373824,1,16,26]
01-12 20:58:25.974 1116 1377 I am_pss : [13247,10136,com.google.android.gms,35418112,25292800,2577408,116559872,1,3,25]
01-12 20:58:26.005 1116 1377 I am_pss : [3134,10136,com.google.android.gms.persistent,63422464,50556928,4396032,141307904,1,3,27]
01-12 20:58:26.028 1116 1377 I am_pss : [20689,10065,jp.co.nttdocomo.carriermail,19725312,17235968,240640,93409280,1,10,19]
01-12 20:58:26.054 1116 1377 I am_pss : [4441,10136,com.google.android.gms.unstable,18981888,11333632,3657728,66531328,1,3,21]
01-12 20:58:26.094 1116 1377 I am_pss : [3914,10137,com.google.android.googlequicksearchbox:search,122598400,78524416,37692416,143126528,1,10,36]
01-12 20:58:26.117 1116 1377 I am_pss : [7561,10066,com.nttdocomo.android.wipe,7948288,4161536,3248128,40759296,1,10,19]
01-12 20:58:26.138 1116 1377 I am_pss : [13545,99002,com.google.android.webview:sandboxed_process0:org.chromium.content.app.SandboxedProcessService0:0,19463168,2359296,15545344,18759680,1,10,17]
01-12 20:58:26.169 1116 1377 I am_pss : [13576,10137,com.google.android.googlequicksearchbox:privileged_process0,22478848,8310784,11301888,53960704,1,10,25]
01-12 20:58:26.195 1116 1377 I am_pss : [3509,10137,com.google.android.googlequicksearchbox:interactor,30121984,5550080,20364288,77291520,1,5,22]
01-12 20:58:26.219 1116 1377 I am_pss : [4927,10120,com.tblenovo.lewea,14086144,9162752,3615744,76345344,1,4,18]
01-12 20:58:26.243 1116 1377 I am_pss : [16188,10119,com.google.android.partnersetup,6618112,1122304,5021696,36651008,1,19,21]
01-12 20:58:26.265 1116 1377 I am_pss : [3477,10136,com.google.process.gservices,7744512,3239936,3645440,41152512,1,19,18]
01-12 20:58:26.291 1116 1377 I am_pss : [9992,10130,com.google.android.apps.wellbeing,21637120,14884864,5790720,58646528,1,19,22]
01-12 20:58:26.313 1116 1377 I am_pss : [8715,10106,com.nttdocomo.android.pf.dcmippushaggregator,8569856,4640768,3371008,44507136,1,19,19]
01-12 20:58:26.335 1116 1377 I am_pss : [6503,10048,com.nttdocomo.android.pf.dcmwappush,5821440,1871872,3545088,35414016,1,10,17]
01-12 20:58:26.357 1116 1377 I am_pss : [4538,10059,com.nttdocomo.android.idmanager,17150976,11878400,4021248,79167488,1,3,19]
01-12 20:58:26.387 1116 1377 I am_pss : [12524,10155,com.google.android.apps.photos,34360320,24879104,8689664,67145728,1,19,24]
01-12 20:58:26.413 1116 1377 I am_pss : [3693,10200,com.google.android.providers.media.module,17253376,4632576,11392000,71839744,1,0,19]
01-12 20:58:26.437 1116 1377 I am_pss : [20532,10087,com.nttdocomo.android.schedulememo,17065984,13373440,2232320,61906944,1,19,19]
01-12 20:58:26.463 1116 1377 I am_pss : [19720,10046,android.process.acore,9439232,4816896,3854336,47394816,1,19,22]
01-12 20:58:26.490 1116 1377 I am_pss : [19652,10070,com.android.providers.calendar,7057408,2134016,4341760,38907904,1,19,22]
01-12 20:58:26.518 1116 1377 I am_pss : [20225,10141,com.google.android.tts,31230976,24457216,5913600,67915776,1,19,24]
01-12 20:58:26.543 1116 1377 I am_pss : [20189,10169,com.google.android.keep,16869376,13094912,2954240,56963072,1,19,22]
01-12 20:58:26.570 1116 1377 I am_pss : [20109,10150,com.google.android.gm,27372544,18616320,7678976,61620224,1,19,22]
01-12 20:58:26.597 1116 1377 I am_pss : [20817,1000,com.qti.diagservices,6969344,3391488,2410496,42844160,1,10,22]
01-12 20:58:26.622 1116 1377 I am_pss : [20749,10054,jp.co.nttdocomo.lcsapp,8482816,4976640,2419712,46424064,1,10,20]
01-12 20:58:26.657 1116 1377 I am_pss : [14298,10073,com.nttdocomo.android.devicehelp,14748672,5861376,8025088,48201728,1,19,25]
01-12 20:58:26.690 1116 1377 I am_pss : [19955,10143,com.google.android.calendar,17050624,7974912,8279040,50954240,1,19,28]
01-12 20:58:26.720 1116 1377 I am_pss : [19649,10127,com.android.contacts,12636160,4972544,6534144,49672192,1,19,23]
01-12 20:58:26.747 1116 1377 I am_pss : [20666,10116,com.qualcomm.timeservice,5436416,1970176,2683904,38838272,1,19,22]
01-12 20:58:26.790 1116 1377 I am_pss : [20621,10060,com.nttdocomo.android.sdcardbackup,15833088,9469952,4828160,57659392,1,19,25]
01-12 20:58:26.806 2236 2236 I sysui_multi_action: [757,366,758,4,759,126,927,0,928,1,1592,0,1593,1]
01-12 20:58:26.823 1116 1377 I am_pss : [20599,1000,com.longcheertel.midtest,7961600,3837952,2963456,43839488,1,10,22]
01-12 20:58:26.855 1116 1377 I am_pss : [20343,10151,com.google.android.youtube,46147584,28786688,14015488,84447232,1,19,26]
01-12 20:58:26.869 1116 7373 I wm_task_moved: [72,1,10]
01-12 20:58:26.869 1116 7373 I wm_task_to_front: [0,72]
01-12 20:58:26.870 1116 7373 I wm_focused_root_task: [0,0,72,1,bringingFoundTaskToFront]
01-12 20:58:26.871 3725 3725 I wm_on_top_resumed_lost_called: [58173627,com.android.launcher3.Launcher,topStateChangedWhenResumed]
01-12 20:58:26.872 1116 7373 I wm_set_resumed_activity: [0,com.android.settings/.Settings$WifiSettingsActivity,bringingFoundTaskToFront]
01-12 20:58:26.874 1116 7373 I wm_finish_activity: [0,230478731,72,com.android.settings/.Settings$WifiSettingsActivity,clear-task-top]
01-12 20:58:26.876 1116 7373 I wm_destroy_activity: [0,230478731,72,com.android.settings/.Settings$WifiSettingsActivity,finish-imm:finishIfPossible]
01-12 20:58:26.883 1116 1377 I am_pss : [20461,10142,com.android.chrome,32577536,14200832,16567296,36110336,1,19,19]
01-12 20:58:26.912 1116 1377 I am_pss : [20449,10068,com.nttdocomo.android.databackup,8826880,4825088,3277824,44359680,1,19,21]
01-12 20:58:26.921 1116 7373 I wm_task_moved: [72,1,10]
01-12 20:58:26.922 1116 7373 I wm_create_activity: [0,90767511,72,com.android.settings/.Settings$WifiSettingsActivity,android.settings.WIFI_SETTINGS,NULL,NULL,339738624]
01-12 20:58:26.939 1116 7373 I wm_pause_activity: [0,58173627,com.nttdocomo.android.homezozo/com.android.launcher3.Launcher,userLeaving=true,pauseBackTasks]
01-12 20:58:26.946 1116 1377 I am_pss : [20264,10145,com.google.android.videos,19316736,12824576,5160960,61128704,1,19,25]
01-12 20:58:26.958 3725 3725 I wm_on_paused_called: [58173627,com.android.launcher3.Launcher,performPause]
01-12 20:58:26.981 1116 17636 I wm_add_to_stopping: [0,58173627,com.nttdocomo.android.homezozo/com.android.launcher3.Launcher,makeInvisible]
01-12 20:58:26.982 1116 17636 I wm_restart_activity: [0,90767511,72,com.android.settings/.Settings$WifiSettingsActivity]
01-12 20:58:26.985 1116 17636 I wm_set_resumed_activity: [0,com.android.settings/.Settings$WifiSettingsActivity,minimalResumeActivityLocked]
01-12 20:58:27.027 1116 1377 I am_pss : [5539,10129,com.android.vending,34185216,11653120,21788672,53702656,1,19,25]
01-12 20:58:27.034 1116 1317 I am_uid_active: 10130
01-12 20:58:27.044 1116 1317 I sysui_multi_action: [757,803,799,window_time_0,802,6]
01-12 20:58:27.089 1116 1377 I am_pss : [20071,10154,com.google.android.deskclock,9951232,5054464,4092928,47403008,1,19,23]
01-12 20:58:27.151 1116 1317 I sysui_multi_action: [757,856,758,2,806,android,857,com.android.server.wm.AlertWindowNotification - com.nttdocomo.android.mascot,858,1]
01-12 20:58:27.152 1116 1116 I sysui_multi_action: [757,128,758,5,759,8,793,4440,794,0,795,4440,796,0,797,com.android.server.wm.AlertWindowNotification - com.nttdocomo.android.mascot,806,android,857,com.android.server.wm.Alert-fef85b51,858,1,947,0,1500,4232,1688,1,1745,2098068913]
01-12 20:58:27.152 1116 1116 I notification_canceled: [0|android|0|com.android.server.wm.AlertWindowNotification - com.nttdocomo.android.mascot|1000,8,4440,4440,0,-1,-1,NULL]
01-12 20:58:27.153 1116 1116 I notification_cancel_all: [1000,1116,android,0,0,0,20,NULL]
01-12 20:58:27.182 1116 1116 I service_manager_slow: [15,platform_compat]
01-12 20:58:27.184 1116 1377 I am_pss : [19859,10165,com.google.android.apps.youtube.music,32759808,18350080,11518976,71143424,1,19,32]
01-12 20:58:27.252 1116 1377 I am_pss : [19802,10149,com.google.android.apps.tachyon,26226688,16527360,9049088,57970688,1,19,25]
01-12 20:58:27.284 1116 1377 I am_pss : [19399,10124,com.google.android.apps.nbu.files,16580608,6897664,9094144,46436352,1,19,23]
01-12 20:58:27.348 1116 1377 I am_pss : [19750,10170,com.google.android.apps.maps,38369280,19124224,17371136,67411968,1,19,29]
01-12 20:58:27.354 11071 11071 I wm_on_destroy_called: [230478731,com.android.settings.Settings$WifiSettingsActivity,performDestroy]
01-12 20:58:27.463 1116 1377 I am_pss : [3008,10195,com.android.smspush,5635072,1560576,2983936,65744896,1,6,19]
01-12 20:58:27.480 1116 1316 I commit_sys_config_file: [notification-policy,11926226]
01-12 20:58:27.534 1116 1377 I am_pss : [11314,10049,android.process.media,6982656,516096,6023168,34619392,1,19,24]
01-12 20:58:27.594 1116 1377 I am_pss : [19614,10191,com.qualcomm.telephony,6073344,561152,5074944,32972800,1,10,23]
01-12 20:58:27.682 1116 7373 I am_uid_running: 10196
01-12 20:58:27.785 1116 1377 I am_pss : [2814,10199,com.google.android.ext.services,26329088,19320832,5577728,85880832,1,5,22]
01-12 20:58:27.823 11071 11071 I service_manager_slow: [12,netstats]
01-12 20:58:27.825 1116 1380 I am_proc_start: [0,21380,10196,com.qualcomm.qti.qccauthmgr,content provider,{com.qualcomm.qti.qccauthmgr/com.qualcomm.qti.qccauthmgr.providers.SMQContentProvider}]
01-12 20:58:27.886 1116 8900 I netstats_mobile_sample: [0,0,0,0,0,0,0,0,0,0,0,0,1673557107886]
01-12 20:58:27.886 1116 8900 I netstats_wifi_sample: [17507688,15181,1263828,6512,17507728,15182,1263904,6513,45618715,33520,1260488,6432,1673557107886]
01-12 20:58:27.904 1116 1377 I am_pss : [3790,10177,com.google.android.setupwizard,10520576,4501504,4858880,71057408,1,4,19]
01-12 20:58:27.954 1116 1377 I am_pss : [4519,99000,com.google.android.webview:sandboxed_process0:org.chromium.content.app.SandboxedProcessService0:0,14769152,729088,5410816,37851136,1,3,16]
01-12 20:58:28.001 2236 2236 I sysui_multi_action: [757,111,758,2]
01-12 20:58:28.002 2236 2236 I sysui_multi_action: [757,111,758,2]
01-12 20:58:28.007 1116 1377 I am_pss : [3688,10184,com.qualcomm.location,7982080,3366912,3463168,68845568,1,0,19]
01-12 20:58:28.025 1116 8900 I netstats_mobile_sample: [0,0,0,0,0,0,0,0,0,0,0,0,1673557108025]
01-12 20:58:28.026 1116 8900 I netstats_wifi_sample: [17507688,15181,1263828,6512,17507728,15182,1263904,6513,45618715,33520,1260488,6432,1673557108025]
01-12 20:58:28.039 11071 11071 I wm_on_create_called: [90767511,com.android.settings.Settings$WifiSettingsActivity,performCreate]
01-12 20:58:28.062 1116 2185 I sysui_multi_action: [757,128,758,2,793,12124125,794,5615,795,10194880,796,3,797,low_battery,798,1,806,com.android.systemui,857,BAT,858,5,947,0,1395,7,1500,10194880,1688,1,1745,2098068913]
01-12 20:58:28.063 1116 2185 I notification_visibility: [-1|com.android.systemui|3|low_battery|10187,0,12124125,10194880,0,1]
01-12 20:58:28.063 1116 2185 I sysui_multi_action: [757,128,758,2,793,29155680,794,5601,795,13908,796,4927,798,4,806,com.tblenovo.lewea,857,tblenovo.channel.WEATHER,858,2,947,0,1395,7,1500,13908,1688,1]
01-12 20:58:28.063 1116 2185 I notification_visibility: [0|com.tblenovo.lewea|4927|null|10120,0,29155680,13908,0,4]
01-12 20:58:28.064 1116 2185 I sysui_multi_action: [757,128,758,2,793,29168969,794,5590,795,21147956,796,9,798,0,806,com.google.android.setupwizard,857,suw_consolidate_foreground_-e437bac7,858,3,947,0,1395,7,1500,21147956,1688,1]
01-12 20:58:28.064 1116 2185 I notification_visibility: [0|com.google.android.setupwizard|9|null|10177,0,29168969,21147956,0,0]
01-12 20:58:28.064 1116 2185 I sysui_multi_action: [757,128,758,2,793,29151969,794,5587,795,29151969,796,1,798,3,806,com.nttdocomo.android.lpa,857,NotificationChannel,858,2,947,0,1395,7,1500,29151755,1688,1,1745,2098068913]
01-12 20:58:28.065 1116 2185 I notification_visibility: [0|com.nttdocomo.android.lpa|1|null|10051,0,29151969,29151969,0,3]
01-12 20:58:28.065 1116 2185 I sysui_multi_action: [757,128,758,2,793,29054680,794,5575,795,29054680,796,1,798,5,806,jp.co.omronsoft.android.decoemojimanager_docomo,857,permit,858,2,947,0,1395,7,1500,29054473,1688,1,1745,2098068913]
01-12 20:58:28.065 1116 2185 I notification_visibility: [0|jp.co.omronsoft.android.decoemojimanager_docomo|1|null|10112,0,29054680,29054680,0,5]
01-12 20:58:28.065 1116 2185 I sysui_multi_action: [757,128,758,2,793,28020367,794,5571,795,28020367,796,-1000005,798,2,806,com.android.bluetooth,857,opp_notification_channel,858,4,947,0,1395,7,1500,28020142,1688,1]
01-12 20:58:28.065 1116 2185 I notification_visibility: [0|com.android.bluetooth|-1000005|null|1002,0,28020367,28020367,0,2]
01-12 20:58:28.073 1116 1377 I am_pss : [3666,10189,com.qualcomm.qti.workloadclassifier,8475648,1380352,5928960,67244032,1,0,19]
01-12 20:58:28.097 1116 2145 I input_focus: [Focus leaving 33812c7 NotificationShade (server),reason=NOT_FOCUSABLE]
01-12 20:58:28.119 1116 1377 I am_pss : [3637,10197,com.qualcomm.qti.qccnetstat,5334016,552960,3738624,63111168,1,0,19]
01-12 20:58:28.142 1116 1377 I am_pss : [3628,10121,com.tblenovo.kidsmodewebview,11914240,1122304,9820160,55091200,1,0,18]
01-12 20:58:28.174 1116 2185 I sysui_multi_action: [757,127,758,2]
01-12 20:58:28.175 1116 2185 I notification_panel_hidden:
01-12 20:58:28.184 1116 2185 I am_proc_bound: [0,21380,com.qualcomm.qti.qccauthmgr]
01-12 20:58:28.189 1116 1377 I am_pss : [3607,10172,com.qualcomm.qti.services.systemhelper:systemhelper_service,5578752,806912,3727360,63426560,1,0,19]
01-12 20:58:28.198 1116 2185 I am_uid_active: 10196
01-12 20:58:28.232 1116 1377 I am_pss : [3586,10115,.pasr,5048320,921600,3074048,62693376,1,0,19]
01-12 20:58:28.252 2741 2741 D TelephonyNetworkFactory[0]: got request NetworkRequest [ REQUEST id=364, [ Capabilities: INTERNET&NOT_RESTRICTED&TRUSTED&NOT_VCN_MANAGED Uid: 1000 RequestorUid: 1000 RequestorPkg: com.android.settings UnderlyingNetworks: Null] ]
01-12 20:58:28.253 2741 2741 D TelephonyNetworkFactory[0]: onNeedNetworkFor NetworkRequest [ REQUEST id=364, [ Capabilities: INTERNET&NOT_RESTRICTED&TRUSTED&NOT_VCN_MANAGED Uid: 1000 RequestorUid: 1000 RequestorPkg: com.android.settings UnderlyingNetworks: Null] ] shouldApply false
01-12 20:58:28.260 1116 1377 I am_pss : [3558,10178,com.dolby.daxservice,6488064,1892352,3253248,67203072,1,0,19]
01-12 20:58:28.274 11071 11071 I wm_on_start_called: [90767511,com.android.settings.Settings$WifiSettingsActivity,handleStartActivity]
01-12 20:58:28.278 11071 11071 I snet_event_log: [120484087,-1,]
01-12 20:58:28.282 11071 11071 I wm_on_resume_called: [90767511,com.android.settings.Settings$WifiSettingsActivity,RESUME_ACTIVITY]
01-12 20:58:28.285 11071 11071 I sysui_multi_action: [757,103,758,1,833,0,1089,575]
01-12 20:58:28.303 1116 1377 I am_pss : [3535,1000,com.goodix.fingerprint,5403648,573440,3793920,63029248,1,0,20]
01-12 20:58:28.323 11071 11071 I wm_on_top_resumed_gained_called: [90767511,com.android.settings.Settings$WifiSettingsActivity,topStateChangedWhenResumed]
01-12 20:58:28.372 1116 1377 I am_pss : [2765,1000,com.qualcomm.qti.qdma,8697856,3444736,4041728,72122368,1,0,20]
01-12 20:58:28.386 1116 1318 I input_focus: [Focus request 2eb4fb0 com.android.settings/com.android.settings.Settings$WifiSettingsActivity,reason=UpdateInputWindows]
01-12 20:58:28.409 1116 1377 I am_pss : [2741,1001,com.android.phone,19317760,14151680,3009536,85356544,1,0,25]
01-12 20:58:28.439 1116 1377 I am_pss : [2717,10162,com.qualcomm.qti.devicestatisticsservice,8010752,3477504,3462144,66621440,1,0,20]
01-12 20:58:28.475 1116 1377 I am_pss : [2688,1068,com.android.se,6062080,983040,4028416,63975424,1,0,19]
01-12 20:58:28.519 1116 2145 I input_focus: [Focus entering 2eb4fb0 com.android.settings/com.android.settings.Settings$WifiSettingsActivity (server),reason=Window became focusable. Previous reason: NOT_VISIBLE]
01-12 20:58:28.530 1116 1377 I am_pss : [2669,10188,com.qti.qualcomm.mstatssystemservice,5242880,847872,3376128,62353408,1,0,19]
01-12 20:58:28.563 1116 1377 I am_pss : [2655,10183,org.codeaurora.ims,8755200,5435392,2251776,68763648,1,0,18]
01-12 20:58:28.629 1116 1377 I am_pss : [2617,1000,vendor.qti.qesdk.sysservice,5313536,905216,3379200,63016960,1,0,19]
01-12 20:58:28.639 1116 7373 I wm_stop_activity: [0,58173627,com.nttdocomo.android.homezozo/com.android.launcher3.Launcher]
01-12 20:58:28.689 1116 1377 I am_pss : [2603,10181,com.qualcomm.qtil.aptxals,6313984,1896448,3368960,64454656,1,0,19]
01-12 20:58:28.719 3725 3725 I wm_on_stop_called: [58173627,com.android.launcher3.Launcher,STOP_ACTIVITY_ITEM]
01-12 20:58:28.731 1116 1313 I sysui_multi_action: [319,493,321,465,322,1630,325,12002,757,761,758,8,759,1,806,com.android.settings,871,com.android.settings.Settings$WifiSettingsActivity,904,com.android.systemui,905,0,1320,8,1321,5]
01-12 20:58:28.735 1116 1313 I wm_activity_launch_time: [0,90767511,com.android.settings/.Settings$WifiSettingsActivity,1630]
01-12 20:58:28.765 1116 1377 I am_pss : [2573,10190,com.qualcomm.qtil.aptxacu,5246976,876544,3353600,62300160,1,0,18]
01-12 20:58:28.792 1116 1377 I am_pss : [2534,10144,com.qti.phone,8302592,2863104,4322304,66580480,1,0,19]
01-12 20:58:28.819 1116 1377 I am_pss : [2522,1000,com.lenovo.wifi,5728256,1810432,2840576,65568768,1,0,18]
01-12 20:58:28.853 1116 1377 I am_pss : [2482,10114,.qtidataservices,22511616,14938112,6419456,79699968,1,0,20]
01-12 20:58:28.876 1116 1377 I am_pss : [2456,1001,.dataservices,7966720,3563520,3302400,67842048,1,0,17]
01-12 20:58:28.903 1116 1377 I am_pss : [2422,1073,com.android.networkstack.process,15660032,11825152,2321408,80719872,1,0,19]
01-12 20:58:28.928 1116 1377 I am_pss : [2300,1000,com.lenovo.lserver,8627200,4096000,3306496,69091328,1,0,18]
01-12 20:58:28.951 1116 1377 I am_pss : [2269,1000,com.lenovo.face,8225792,1880064,5226496,66031616,1,0,18]
01-12 20:58:29.004 1116 1377 I am_pss : [1116,1000,system,155443200,136650752,10809344,231735296,1,0,45]
01-12 20:58:30.239 1116 2145 I input_interaction: Interaction with: 2eb4fb0 com.android.settings/com.android.settings.Settings$WifiSettingsActivity (server), PointerEventDispatcher0 (server),
01-12 20:58:30.365 1116 8900 I wm_finish_activity: [0,90767511,72,com.android.settings/.Settings$WifiSettingsActivity,app-request]
01-12 20:58:30.365 1116 8900 I wm_task_moved: [1,1,10]
01-12 20:58:30.366 1116 8900 I wm_task_moved: [54,1,2147483647]
01-12 20:58:30.366 1116 8900 I wm_task_to_front: [0,54]
01-12 20:58:30.366 1116 8900 I wm_focused_root_task: [0,0,1,72,finish-top adjustFocusToNextFocusableTask]
01-12 20:58:30.367 1116 8900 I wm_set_resumed_activity: [0,com.nttdocomo.android.homezozo/com.android.launcher3.Launcher,finish-top adjustFocusToNextFocusableTask]
01-12 20:58:30.489 1116 8900 I wm_pause_activity: [0,90767511,com.android.settings/.Settings$WifiSettingsActivity,userLeaving=false,finish]
01-12 20:58:30.519 11071 11071 I wm_on_top_resumed_lost_called: [90767511,com.android.settings.Settings$WifiSettingsActivity,topStateChangedWhenResumed]
01-12 20:58:30.525 11071 11071 I sysui_multi_action: [757,103,758,2,1089,2242]
01-12 20:58:30.531 1116 2145 I input_focus: [Focus leaving 2eb4fb0 com.android.settings/com.android.settings.Settings$WifiSettingsActivity (server),reason=NO_WINDOW]
01-12 20:58:30.535 11071 11071 I wm_on_paused_called: [90767511,com.android.settings.Settings$WifiSettingsActivity,performPause]
01-12 20:58:30.537 1116 3394 I wm_add_to_stopping: [0,90767511,com.android.settings/.Settings$WifiSettingsActivity,completeFinishing]
01-12 20:58:30.549 1116 3394 I wm_set_resumed_activity: [0,com.nttdocomo.android.homezozo/com.android.launcher3.Launcher,resumeTopActivityInnerLocked]
01-12 20:58:30.553 1116 3394 I wm_resume_activity: [0,58173627,54,com.nttdocomo.android.homezozo/com.android.launcher3.Launcher]
01-12 20:58:30.587 3725 3725 I wm_on_restart_called: [58173627,com.android.launcher3.Launcher,performRestartActivity]
01-12 20:58:30.590 3725 3725 I wm_on_start_called: [58173627,com.android.launcher3.Launcher,handleStartActivity]
01-12 20:58:30.613 1116 1116 I dvm_lock_sample: [system_server,0,main,42,MessageQueue.java,337,android.os.Message android.os.MessageQueue.next(),-,600,boolean android.os.MessageQueue.enqueueMessage(android.os.Message, long),8]
01-12 20:58:30.614 1116 1317 I sysui_multi_action: [757,803,799,window_time_0,802,3]
01-12 20:58:30.626 3725 3725 I wm_on_resume_called: [58173627,com.android.launcher3.Launcher,RESUME_ACTIVITY]
01-12 20:58:30.626 3725 3725 I wm_on_top_resumed_gained_called: [58173627,com.android.launcher3.Launcher,topWhenResuming]
01-12 20:58:30.649 1116 1318 I input_focus: [Focus request c26cbf0 com.nttdocomo.android.homezozo/com.android.launcher3.Launcher,reason=UpdateInputWindows]
01-12 20:58:30.835 1116 2145 I input_focus: [Focus entering c26cbf0 com.nttdocomo.android.homezozo/com.android.launcher3.Launcher (server),reason=Window became focusable. Previous reason: NOT_VISIBLE]
01-12 20:58:31.061 1116 1317 I wm_destroy_activity: [0,90767511,72,com.android.settings/.Settings$WifiSettingsActivity,finish-imm:idle]
01-12 20:58:31.150 2741 2741 D TelephonyNetworkFactory[0]: onReleaseNetworkFor NetworkRequest [ REQUEST id=364, [ Capabilities: INTERNET&NOT_RESTRICTED&TRUSTED&NOT_VCN_MANAGED Uid: 1000 RequestorUid: 1000 RequestorPkg: com.android.settings UnderlyingNetworks: Null] ] applied false
01-12 20:58:31.165 11071 11071 I wm_on_stop_called: [90767511,com.android.settings.Settings$WifiSettingsActivity,LIFECYCLER_STOP_ACTIVITY]
01-12 20:58:31.175 11071 11071 I wm_on_destroy_called: [90767511,com.android.settings.Settings$WifiSettingsActivity,performDestroy]
01-12 20:58:31.212 1116 7373 I wm_task_removed: [72,removeChild:removeChild last r=ActivityRecord{5690097 u0 com.android.settings/.Settings$WifiSettingsActivity t-1 f}} in t=Task{1278144 #72 type=standard A=1000:com.android.settings U=0 visible=false mode=fullscreen translucent=true sz=0}]
01-12 20:58:31.212 1116 7373 I wm_task_removed: [72,removeChild]
01-12 20:58:31.259 3725 4334 I liblog : 64
01-12 20:58:31.610 1116 1317 I sysui_multi_action: [757,856,758,1,806,android,857,com.android.server.wm.AlertWindowNotification - com.nttdocomo.android.mascot,858,1]
01-12 20:58:31.658 1116 1116 I notification_enqueue: [1000,1116,android,0,com.android.server.wm.AlertWindowNotification - com.nttdocomo.android.mascot,0,Notification(channel=com.android.server.wm.AlertWindowNotification - com.nttdocomo.android.mascot shortcut=null contentView=null vibrate=null sound=null defaults=0x0 flags=0x102 color=0x00000000 vis=PRIVATE),0]
01-12 20:58:31.890 1116 1316 I commit_sys_config_file: [notification-policy,11930636]
01-12 20:58:31.904 1116 1116 I sysui_multi_action: [757,1501,758,1,793,289,794,0,795,289,796,0,797,com.android.server.wm.AlertWindowNotification - com.nttdocomo.android.mascot,806,android,857,com.android.server.wm.Alert-fef85b51,858,1,947,0,1500,0,1688,1,1745,2098068913]
01-12 20:58:31.905 1116 1116 I sysui_multi_action: [757,804,799,note_interruptive,801,0,802,1]
01-12 20:58:32.086 1116 2145 I input_interaction: Interaction with: c26cbf0 com.nttdocomo.android.homezozo/com.android.launcher3.Launcher (server), e4b8c5 com.android.systemui.ImageWallpaper (server), PointerEventDispatcher0 (server),
01-12 20:58:32.887 1116 1317 I sysui_multi_action: [757,856,758,2,806,android,857,com.android.server.wm.AlertWindowNotification - com.nttdocomo.android.mascot,858,1]
01-12 20:58:32.889 1116 1116 I sysui_multi_action: [757,128,758,5,759,8,793,1274,794,0,795,1274,796,0,797,com.android.server.wm.AlertWindowNotification - com.nttdocomo.android.mascot,806,android,857,com.android.server.wm.Alert-fef85b51,858,1,947,0,1500,985,1688,1,1745,2098068913]
01-12 20:58:32.889 1116 1116 I notification_canceled: [0|android|0|com.android.server.wm.AlertWindowNotification - com.nttdocomo.android.mascot|1000,8,1274,1274,0,-1,-1,NULL]
01-12 20:58:32.890 1116 1116 I notification_cancel_all: [1000,1116,android,0,0,0,20,NULL]
01-12 20:58:33.182 1116 1316 I commit_sys_config_file: [notification-policy,11931927]
01-12 20:58:34.691 1116 8900 I wm_task_moved: [68,1,9]
01-12 20:58:34.691 1116 8900 I wm_task_to_front: [0,68]
01-12 20:58:34.693 1116 8900 I wm_focused_root_task: [0,0,68,1,bringingFoundTaskToFront]
01-12 20:58:34.695 1116 8900 I wm_set_resumed_activity: [0,com.android.settings/.SubSettings,bringingFoundTaskToFront]
01-12 20:58:34.696 1116 8900 I wm_finish_activity: [0,82048382,68,com.android.settings/.SubSettings,clear-task-stack]
01-12 20:58:34.698 1116 8900 I wm_destroy_activity: [0,82048382,68,com.android.settings/.SubSettings,finish-imm:finishIfPossible]
01-12 20:58:34.700 1116 8900 I wm_finish_activity: [0,105669771,68,com.android.settings/.SubSettings,clear-task-stack]
01-12 20:58:34.702 1116 8900 I wm_destroy_activity: [0,105669771,68,com.android.settings/.SubSettings,finish-imm:finishIfPossible]
01-12 20:58:34.703 1116 8900 I wm_new_intent: [0,182553885,68,com.android.settings/.Settings,android.intent.action.MAIN,NULL,NULL,270532608]
01-12 20:58:34.706 1116 8900 I wm_pause_activity: [0,58173627,com.nttdocomo.android.homezozo/com.android.launcher3.Launcher,userLeaving=true,pauseBackTasks]
01-12 20:58:34.723 3725 3725 I wm_on_top_resumed_lost_called: [58173627,com.android.launcher3.Launcher,topStateChangedWhenResumed]
01-12 20:58:34.729 3725 3725 I wm_on_paused_called: [58173627,com.android.launcher3.Launcher,performPause]
01-12 20:58:34.735 1116 8900 I wm_set_resumed_activity: [0,com.android.settings/.Settings,resumeTopActivityInnerLocked]
01-12 20:58:34.736 1116 8900 I wm_add_to_stopping: [0,58173627,com.nttdocomo.android.homezozo/com.android.launcher3.Launcher,makeInvisible]
01-12 20:58:34.737 1116 8900 I wm_resume_activity: [0,182553885,68,com.android.settings/.Settings]
01-12 20:58:34.773 1116 1317 I sysui_multi_action: [757,803,799,window_time_0,802,5]
01-12 20:58:34.785 1116 2145 I input_focus: [Focus leaving c26cbf0 com.nttdocomo.android.homezozo/com.android.launcher3.Launcher (server),reason=NO_WINDOW]
01-12 20:58:34.839 11071 11071 I wm_on_destroy_called: [82048382,com.android.settings.SubSettings,performDestroy]
01-12 20:58:34.867 11071 11071 I wm_on_destroy_called: [105669771,com.android.settings.SubSettings,performDestroy]
01-12 20:58:34.888 11071 11071 I wm_on_restart_called: [182553885,com.android.settings.Settings,performRestartActivity]
01-12 20:58:34.913 11071 11071 I wm_on_start_called: [182553885,com.android.settings.Settings,handleStartActivity]
01-12 20:58:34.915 11071 11071 I snet_event_log: [120484087,-1,]
01-12 20:58:34.915 11071 11071 I wm_on_resume_called: [182553885,com.android.settings.Settings,RESUME_ACTIVITY]
01-12 20:58:34.916 11071 11071 I sysui_multi_action: [757,35,758,1,833,0,1089,0]
01-12 20:58:34.933 11071 11071 I wm_on_top_resumed_gained_called: [182553885,com.android.settings.Settings,topWhenResuming]
01-12 20:58:34.956 1116 1318 I input_focus: [Focus request db66387 com.android.settings/com.android.settings.Settings,reason=UpdateInputWindows]
01-12 20:58:34.971 2741 2741 D RILJ : [0125]> GET_ACTIVITY_INFO [PHONE0]
01-12 20:58:34.995 2741 2959 D RILJ : [0125]< GET_ACTIVITY_INFO ModemActivityInfo{ mTimestamp=29300308 mSleepTimeMs=0 mIdleTimeMs=8911946 mTxTimeMs[]=[0, 0, 0, 0, 0] mRxTimeMs=0} [PHONE0]
01-12 20:58:35.097 1116 2145 I input_focus: [Focus entering db66387 com.android.settings/com.android.settings.Settings (server),reason=Window became focusable. Previous reason: NOT_VISIBLE]
01-12 20:58:35.130 1116 1313 I sysui_multi_action: [319,136,321,119,322,386,325,12010,757,761,758,9,759,1,806,com.android.settings,871,com.android.settings.Settings,904,com.nttdocomo.android.homezozo,905,0,1320,8,1321,5]
01-12 20:58:35.305 630 630 I auditd : type=1400 audit(0.0:1728): avc: denied { read } for comm="Binder:630_2" name="wakeup38" dev="sysfs" ino=66587 scontext=u:r:system_suspend:s0 tcontext=u:object_r:sysfs:s0 tclass=dir permissive=0
01-12 20:58:35.305 630 630 I auditd : type=1400 audit(0.0:1729): avc: denied { read } for comm="Binder:630_2" name="wakeup28" dev="sysfs" ino=66215 scontext=u:r:system_suspend:s0 tcontext=u:object_r:sysfs:s0 tclass=dir permissive=0
01-12 20:58:35.305 630 630 I auditd : type=1400 audit(0.0:1730): avc: denied { read } for comm="Binder:630_2" name="wakeup18" dev="sysfs" ino=58442 scontext=u:r:system_suspend:s0 tcontext=u:object_r:sysfs:s0 tclass=dir permissive=0
01-12 20:58:35.305 630 630 I auditd : type=1400 audit(0.0:1731): avc: denied { read } for comm="Binder:630_2" name="wakeup46" dev="sysfs" ino=70729 scontext=u:r:system_suspend:s0 tcontext=u:object_r:sysfs:s0 tclass=dir permissive=0
01-12 20:58:35.305 630 630 I auditd : type=1400 audit(0.0:1732): avc: denied { read } for comm="Binder:630_2" name="wakeup2" dev="sysfs" ino=40064 scontext=u:r:system_suspend:s0 tcontext=u:object_r:sysfs:s0 tclass=dir permissive=0
01-12 20:58:35.419 1116 1317 I wm_stop_activity: [0,58173627,com.nttdocomo.android.homezozo/com.android.launcher3.Launcher]
01-12 20:58:35.446 3725 3725 I wm_on_stop_called: [58173627,com.android.launcher3.Launcher,STOP_ACTIVITY_ITEM]
01-12 20:58:35.547 1116 1393 I dvm_lock_sample: [system_server,0,batterystats-handler,504,BatteryStatsService.java,2829,void com.android.server.am.BatteryStatsService.lambda$noteServiceStopLaunch$105$BatteryStatsService(int, java.lang.String, java.lang.String, long, long),BatteryExternalStatsWorker.java,696,void com.android.server.am.BatteryExternalStatsWorker.updateExternalStatsLocked(java.lang.String, int, boolean, boolean, int, boolean),100]
01-12 20:58:35.692 2741 2741 D RILJ : [0126]> GET_ACTIVITY_INFO [PHONE0]
01-12 20:58:35.699 2741 2959 D RILJ : [0126]< GET_ACTIVITY_INFO ModemActivityInfo{ mTimestamp=0 mSleepTimeMs=0 mIdleTimeMs=0 mTxTimeMs[]=[0, 0, 0, 0, 0] mRxTimeMs=0} [PHONE0]
01-12 20:58:36.806 1116 2145 I input_interaction: Interaction with: db66387 com.android.settings/com.android.settings.Settings (server), PointerEventDispatcher0 (server),
01-12 20:58:36.919 11071 11071 I sysui_multi_action: [757,830,758,4,833,0,854,top_level_network,1089,0]
01-12 20:58:36.943 1116 3508 I wm_task_moved: [68,1,9]
01-12 20:58:36.944 1116 3508 I wm_set_resumed_activity: [0,com.android.settings/.Settings,positionChildAt]
01-12 20:58:36.944 1116 3508 I wm_create_activity: [0,39092755,68,com.android.settings/.SubSettings,android.intent.action.MAIN,NULL,NULL,0]
01-12 20:58:36.950 1116 3508 I wm_pause_activity: [0,182553885,com.android.settings/.Settings,userLeaving=true,resumeTopActivityInnerLocked]
01-12 20:58:36.962 11071 11071 I wm_on_top_resumed_lost_called: [182553885,com.android.settings.Settings,topStateChangedWhenResumed]
