01-12 20:58:36.966 11071 11071 I sysui_multi_action: [757,35,758,2,1089,2049]
01-12 20:58:36.966 11071 11071 I wm_on_paused_called: [182553885,com.android.settings.Settings,performPause]
01-12 20:58:36.973 1116 3508 I wm_add_to_stopping: [0,182553885,com.android.settings/.Settings,makeInvisible]
01-12 20:58:36.975 1116 3508 I wm_restart_activity: [0,39092755,68,com.android.settings/.SubSettings]
01-12 20:58:36.978 1116 3508 I wm_set_resumed_activity: [0,com.android.settings/.SubSettings,minimalResumeActivityLocked]
01-12 20:58:37.010 1116 1317 I dvm_lock_sample: [system_server,1,android.display,11,ActivityTaskSupervisor.java,2550,void com.android.server.wm.ActivityTaskSupervisor$ActivityTaskSupervisorHandler.handleMessage(android.os.Message),ActivityClientController.java,173,void com.android.server.wm.ActivityClientController.activityPaused(android.os.IBinder),2]
01-12 20:58:37.017 1116 1317 I sysui_multi_action: [757,803,799,window_time_0,802,2]
01-12 20:58:37.030 1116 2145 I input_focus: [Focus leaving db66387 com.android.settings/com.android.settings.Settings (server),reason=NO_WINDOW]
01-12 20:58:37.202 11071 11071 I wm_on_create_called: [39092755,com.android.settings.SubSettings,performCreate]
01-12 20:58:37.236 2741 2741 D TelephonyNetworkFactory[0]: got request NetworkRequest [ REQUEST id=366, [ Capabilities: INTERNET&NOT_RESTRICTED&TRUSTED&NOT_VCN_MANAGED Uid: 1000 RequestorUid: 1000 RequestorPkg: com.android.settings UnderlyingNetworks: Null] ]
01-12 20:58:37.237 2741 2741 D TelephonyNetworkFactory[0]: onNeedNetworkFor NetworkRequest [ REQUEST id=366, [ Capabilities: INTERNET&NOT_RESTRICTED&TRUSTED&NOT_VCN_MANAGED Uid: 1000 RequestorUid: 1000 RequestorPkg: com.android.settings UnderlyingNetworks: Null] ] shouldApply false
01-12 20:58:37.254 2741 2741 D TelephonyNetworkFactory[0]: got request NetworkRequest [ REQUEST id=369, [ Capabilities: INTERNET&NOT_RESTRICTED&TRUSTED&NOT_VCN_MANAGED Uid: 1000 RequestorUid: 1000 RequestorPkg: com.android.settings UnderlyingNetworks: Null] ]
01-12 20:58:37.254 2741 2741 D TelephonyNetworkFactory[0]: onNeedNetworkFor NetworkRequest [ REQUEST id=369, [ Capabilities: INTERNET&NOT_RESTRICTED&TRUSTED&NOT_VCN_MANAGED Uid: 1000 RequestorUid: 1000 RequestorPkg: com.android.settings UnderlyingNetworks: Null] ] shouldApply false
01-12 20:58:37.270 11071 11071 I wm_on_start_called: [39092755,com.android.settings.SubSettings,handleStartActivity]
01-12 20:58:37.271 11071 11071 I snet_event_log: [120484087,-1,]
01-12 20:58:37.275 11071 11071 I wm_on_resume_called: [39092755,com.android.settings.SubSettings,RESUME_ACTIVITY]
01-12 20:58:37.334 2741 2741 D TelephonyNetworkFactory[0]: got request NetworkRequest [ REQUEST id=372, [ Capabilities: INTERNET&NOT_RESTRICTED&TRUSTED&NOT_VCN_MANAGED Uid: 1000 RequestorUid: 1000 RequestorPkg: com.android.settings UnderlyingNetworks: Null] ]
01-12 20:58:37.334 2741 2741 D TelephonyNetworkFactory[0]: onNeedNetworkFor NetworkRequest [ REQUEST id=372, [ Capabilities: INTERNET&NOT_RESTRICTED&TRUSTED&NOT_VCN_MANAGED Uid: 1000 RequestorUid: 1000 RequestorPkg: com.android.settings UnderlyingNetworks: Null] ] shouldApply false
01-12 20:58:37.353 11071 11071 I sysui_multi_action: [757,746,758,1,833,35,1089,280]
01-12 20:58:37.452 2741 13932 I dvm_lock_sample: [com.android.phone,1,Binder:2741_10,69,TelephonyProvider.java,-1,android.database.Cursor com.android.providers.telephony.TelephonyProvider.query(android.net.Uri, java.lang.String[], java.lang.String, java.lang.String[], java.lang.String),-,3990,android.database.Cursor com.android.providers.telephony.TelephonyProvider.query(android.net.Uri, java.lang.String[], java.lang.String, java.lang.String[], java.lang.String),13]
01-12 20:58:37.474 2741 3056 D SubscriptionController: [getAvailableSubInfoList]- no info return
01-12 20:58:37.475 2741 13932 D SubscriptionController: [getAvailableSubInfoList]- no info return
01-12 20:58:37.487 2741 3056 D SubscriptionController: [getAvailableSubInfoList]- no info return
01-12 20:58:37.494 2741 3056 D SubscriptionController: [getAvailableSubInfoList]- no info return
01-12 20:58:37.592 2741 13932 D SubscriptionController: [getAvailableSubInfoList]- no info return
01-12 20:58:37.594 2741 3056 D SubscriptionController: [getAvailableSubInfoList]- no info return
01-12 20:58:37.607 2741 13932 D SubscriptionController: [getAvailableSubInfoList]- no info return
01-12 20:58:37.620 11071 11071 I sysui_multi_action: [757,1729,758,4,854,isParalleledControllers:false,1089,547]
01-12 20:58:37.620 2741 13932 D SubscriptionController: [getAvailableSubInfoList]- no info return
01-12 20:58:37.638 11071 11071 I wm_on_top_resumed_gained_called: [39092755,com.android.settings.SubSettings,topStateChangedWhenResumed]
01-12 20:58:37.718 1116 1318 I input_focus: [Focus request 439b31f com.android.settings/com.android.settings.SubSettings,reason=UpdateInputWindows]
01-12 20:58:37.829 1116 1313 I wm_activity_launch_time: [0,39092755,com.android.settings/.SubSettings,892]
01-12 20:58:37.848 1116 2145 I input_focus: [Focus entering 439b31f com.android.settings/com.android.settings.SubSettings (server),reason=Window became focusable. Previous reason: NOT_VISIBLE]
01-12 20:58:37.893 2741 3056 D SubscriptionController: [getAvailableSubInfoList]- no info return
01-12 20:58:37.912 2741 13932 D SubscriptionController: [getAvailableSubInfoList]- no info return
01-12 20:58:37.930 2741 3057 D SubscriptionController: [getAvailableSubInfoList]- no info return
01-12 20:58:37.950 2741 13932 D SubscriptionController: [getAvailableSubInfoList]- no info return
01-12 20:58:38.255 1116 1317 I wm_stop_activity: [0,182553885,com.android.settings/.Settings]
01-12 20:58:38.295 11071 11071 I wm_on_stop_called: [182553885,com.android.settings.Settings,STOP_ACTIVITY_ITEM]
01-12 20:58:38.983 1116 2145 I input_interaction: Interaction with: 439b31f com.android.settings/com.android.settings.SubSettings (server), PointerEventDispatcher0 (server),
01-12 20:58:39.087 1116 8905 I wm_finish_activity: [0,39092755,68,com.android.settings/.SubSettings,app-request]
01-12 20:58:39.088 1116 10193 I am_uid_active: 10106
01-12 20:58:39.088 1116 10193 I am_uid_active: 10048
01-12 20:58:39.165 1116 8905 I wm_pause_activity: [0,39092755,com.android.settings/.SubSettings,userLeaving=false,finish]
01-12 20:58:39.183 11071 11071 I wm_on_top_resumed_lost_called: [39092755,com.android.settings.SubSettings,topStateChangedWhenResumed]
01-12 20:58:39.196 1116 2145 I input_focus: [Focus leaving 439b31f com.android.settings/com.android.settings.SubSettings (server),reason=NO_WINDOW]
01-12 20:58:39.202 11071 11071 I sysui_multi_action: [757,746,758,2,1089,1849]
01-12 20:58:39.208 2741 2741 D TelephonyNetworkFactory[0]: onReleaseNetworkFor NetworkRequest [ REQUEST id=372, [ Capabilities: INTERNET&NOT_RESTRICTED&TRUSTED&NOT_VCN_MANAGED Uid: 1000 RequestorUid: 1000 RequestorPkg: com.android.settings UnderlyingNetworks: Null] ] applied false
01-12 20:58:39.213 11071 11071 I wm_on_paused_called: [39092755,com.android.settings.SubSettings,performPause]
01-12 20:58:39.214 1116 3508 I wm_add_to_stopping: [0,39092755,com.android.settings/.SubSettings,completeFinishing]
01-12 20:58:39.237 1116 3508 I wm_set_resumed_activity: [0,com.android.settings/.Settings,resumeTopActivityInnerLocked]
01-12 20:58:39.240 1116 3508 I wm_resume_activity: [0,182553885,68,com.android.settings/.Settings]
01-12 20:58:39.284 1116 1317 I sysui_multi_action: [757,803,799,window_time_0,802,2]
01-12 20:58:39.288 11071 11071 I wm_on_restart_called: [182553885,com.android.settings.Settings,performRestartActivity]
01-12 20:58:39.318 11071 11071 I wm_on_start_called: [182553885,com.android.settings.Settings,handleStartActivity]
01-12 20:58:39.320 11071 11071 I snet_event_log: [120484087,-1,]
01-12 20:58:39.320 11071 11071 I wm_on_resume_called: [182553885,com.android.settings.Settings,RESUME_ACTIVITY]
01-12 20:58:39.321 11071 11071 I sysui_multi_action: [757,35,758,1,833,0,1089,0]
01-12 20:58:39.330 11071 11071 I wm_on_top_resumed_gained_called: [182553885,com.android.settings.Settings,topWhenResuming]
01-12 20:58:39.366 1116 1318 I input_focus: [Focus request db66387 com.android.settings/com.android.settings.Settings,reason=UpdateInputWindows]
01-12 20:58:39.496 1116 2145 I input_focus: [Focus entering db66387 com.android.settings/com.android.settings.Settings (server),reason=Window became focusable. Previous reason: NOT_VISIBLE]
01-12 20:58:39.724 3134 20098 I c2dm : [-19,ERR_AUTHENTICATION_FAILED,0,0]
01-12 20:58:39.900 1116 1317 I wm_destroy_activity: [0,39092755,68,com.android.settings/.SubSettings,finish-imm:transit]
01-12 20:58:39.923 1116 1317 I dvm_lock_sample: [system_server,1,android.display,20,ActivityTaskSupervisor.java,2550,void com.android.server.wm.ActivityTaskSupervisor$ActivityTaskSupervisorHandler.handleMessage(android.os.Message),WindowSurfacePlacer.java,58,void com.android.server.wm.WindowSurfacePlacer$Traverser.run(),4]
01-12 20:58:39.953 2741 2741 D TelephonyNetworkFactory[0]: onReleaseNetworkFor NetworkRequest [ REQUEST id=369, [ Capabilities: INTERNET&NOT_RESTRICTED&TRUSTED&NOT_VCN_MANAGED Uid: 1000 RequestorUid: 1000 RequestorPkg: com.android.settings UnderlyingNetworks: Null] ] applied false
01-12 20:58:39.956 2741 2741 D TelephonyNetworkFactory[0]: onReleaseNetworkFor NetworkRequest [ REQUEST id=366, [ Capabilities: INTERNET&NOT_RESTRICTED&TRUSTED&NOT_VCN_MANAGED Uid: 1000 RequestorUid: 1000 RequestorPkg: com.android.settings UnderlyingNetworks: Null] ] applied false
01-12 20:58:39.957 11071 11071 I wm_on_stop_called: [39092755,com.android.settings.SubSettings,LIFECYCLER_STOP_ACTIVITY]
01-12 20:58:39.968 11071 11071 I wm_on_destroy_called: [39092755,com.android.settings.SubSettings,performDestroy]
01-12 20:58:40.324 1116 2145 I input_interaction: Interaction with: db66387 com.android.settings/com.android.settings.Settings (server), PointerEventDispatcher0 (server),
01-12 20:58:40.443 11071 11071 I sysui_multi_action: [757,830,758,4,833,0,854,top_level_connected_devices,1089,0]
01-12 20:58:40.461 1116 3508 I wm_task_moved: [68,1,9]
01-12 20:58:40.461 1116 3508 I wm_set_resumed_activity: [0,com.android.settings/.Settings,positionChildAt]
01-12 20:58:40.461 1116 3508 I wm_create_activity: [0,86344630,68,com.android.settings/.SubSettings,android.intent.action.MAIN,NULL,NULL,0]
01-12 20:58:40.464 1116 3508 I wm_pause_activity: [0,182553885,com.android.settings/.Settings,userLeaving=true,resumeTopActivityInnerLocked]
01-12 20:58:40.477 11071 11071 I wm_on_top_resumed_lost_called: [182553885,com.android.settings.Settings,topStateChangedWhenResumed]
01-12 20:58:40.481 11071 11071 I sysui_multi_action: [757,35,758,2,1089,1159]
01-12 20:58:40.481 11071 11071 I wm_on_paused_called: [182553885,com.android.settings.Settings,performPause]
01-12 20:58:40.488 1116 3508 I wm_add_to_stopping: [0,182553885,com.android.settings/.Settings,makeInvisible]
01-12 20:58:40.489 1116 3508 I wm_restart_activity: [0,86344630,68,com.android.settings/.SubSettings]
01-12 20:58:40.493 1116 3508 I wm_set_resumed_activity: [0,com.android.settings/.SubSettings,minimalResumeActivityLocked]
01-12 20:58:40.503 1116 1317 I sysui_multi_action: [757,803,799,window_time_0,802,1]
01-12 20:58:40.516 1116 2145 I input_focus: [Focus leaving db66387 com.android.settings/com.android.settings.Settings (server),reason=NO_WINDOW]
01-12 20:58:41.122 11071 11071 I wm_on_create_called: [86344630,com.android.settings.SubSettings,performCreate]
01-12 20:58:41.281 11071 11071 I wm_on_start_called: [86344630,com.android.settings.SubSettings,handleStartActivity]
01-12 20:58:41.283 11071 11071 I snet_event_log: [120484087,-1,]
01-12 20:58:41.288 11071 11071 I wm_on_resume_called: [86344630,com.android.settings.SubSettings,RESUME_ACTIVITY]
01-12 20:58:41.289 11071 11071 I sysui_multi_action: [757,747,758,1,833,35,1089,729]
01-12 20:58:41.302 11071 11071 I sysui_multi_action: [757,1729,758,4,854,isParalleledControllers:false,1089,742]
01-12 20:58:41.344 11071 11071 I wm_on_top_resumed_gained_called: [86344630,com.android.settings.SubSettings,topStateChangedWhenResumed]
01-12 20:58:41.433 1593 19190 I liblog : 4
01-12 20:58:41.433 1593 19190 I liblog : 1
01-12 20:58:41.433 1593 19190 I liblog : 1
01-12 20:58:41.434 1593 19190 I liblog : 1
01-12 20:58:41.568 1116 1318 I input_focus: [Focus request 5176923 com.android.settings/com.android.settings.SubSettings,reason=UpdateInputWindows]
01-12 20:58:41.641 1116 1313 I wm_activity_launch_time: [0,86344630,com.android.settings/.SubSettings,1184]
01-12 20:58:41.649 1116 2145 I input_focus: [Focus entering 5176923 com.android.settings/com.android.settings.SubSettings (server),reason=Window became focusable. Previous reason: NOT_VISIBLE]
01-12 20:58:42.051 1116 1317 I wm_stop_activity: [0,182553885,com.android.settings/.Settings]
01-12 20:58:42.077 11071 11071 I wm_on_stop_called: [182553885,com.android.settings.Settings,STOP_ACTIVITY_ITEM]
01-12 20:58:42.242 13247 13337 I dvm_lock_sample: [com.google.android.gms,1,Binder:13247_5,1021,:com.google.android.gms@221820044@22.18.20 (190400-451484765),1,com.google.android.chimera.SliceProvider evb.a(),-,10,void ueb.i(java.lang.Object, android.content.Context),100]
01-12 20:58:42.850 3134 21281 I c2dm : [-19,ERR_AUTHENTICATION_FAILED,0,0]
01-12 20:58:42.904 1116 1316 I commit_sys_config_file: [notification-policy,11941650]
01-12 20:58:43.952 1116 2145 I input_interaction: Interaction with: 5176923 com.android.settings/com.android.settings.SubSettings (server), PointerEventDispatcher0 (server),
01-12 20:58:44.071 11071 11071 I sysui_multi_action: [757,830,758,4,833,0,854,add_bt_devices,1089,0]
01-12 20:58:44.089 1116 7373 I wm_task_moved: [68,1,9]
01-12 20:58:44.089 1116 7373 I wm_set_resumed_activity: [0,com.android.settings/.SubSettings,positionChildAt]
01-12 20:58:44.089 1116 7373 I wm_create_activity: [0,109293283,68,com.android.settings/.SubSettings,android.intent.action.MAIN,NULL,NULL,0]
01-12 20:58:44.095 1116 7373 I wm_pause_activity: [0,86344630,com.android.settings/.SubSettings,userLeaving=true,resumeTopActivityInnerLocked]
01-12 20:58:44.112 11071 11071 I wm_on_top_resumed_lost_called: [86344630,com.android.settings.SubSettings,topStateChangedWhenResumed]
01-12 20:58:44.116 11071 11071 I sysui_multi_action: [757,747,758,2,1089,2827]
01-12 20:58:44.118 11071 11071 I wm_on_paused_called: [86344630,com.android.settings.SubSettings,performPause]
01-12 20:58:44.123 1116 7373 I wm_add_to_stopping: [0,86344630,com.android.settings/.SubSettings,makeInvisible]
01-12 20:58:44.125 1116 7373 I wm_restart_activity: [0,109293283,68,com.android.settings/.SubSettings]
01-12 20:58:44.129 1116 7373 I wm_set_resumed_activity: [0,com.android.settings/.SubSettings,minimalResumeActivityLocked]
01-12 20:58:44.137 1116 1317 I sysui_multi_action: [757,803,799,window_time_0,802,4]
01-12 20:58:44.164 1116 2145 I input_focus: [Focus leaving 5176923 com.android.settings/com.android.settings.SubSettings (server),reason=NO_WINDOW]
01-12 20:58:44.198 11071 11071 I wm_on_create_called: [109293283,com.android.settings.SubSettings,performCreate]
01-12 20:58:44.269 11071 11071 I wm_on_start_called: [109293283,com.android.settings.SubSettings,handleStartActivity]
01-12 20:58:44.271 11071 11071 I snet_event_log: [120484087,-1,]
01-12 20:58:44.278 11071 11071 I wm_on_resume_called: [109293283,com.android.settings.SubSettings,RESUME_ACTIVITY]
01-12 20:58:44.280 11071 11071 I sysui_multi_action: [757,1018,758,1,833,747,1089,95]
01-12 20:58:44.295 11071 11071 I sysui_multi_action: [757,1729,758,4,854,isParalleledControllers:false,1089,111]
01-12 20:58:44.323 1116 1377 I am_pss : [21337,10047,com.lenovo.lsf.device,8320000,5529600,106496,78958592,0,10,18]
01-12 20:58:44.336 11071 11071 I wm_on_top_resumed_gained_called: [109293283,com.android.settings.SubSettings,topStateChangedWhenResumed]
01-12 20:58:44.440 1116 1318 I input_focus: [Focus request cbb085d com.android.settings/com.android.settings.SubSettings,reason=UpdateInputWindows]
01-12 20:58:44.524 1116 1313 I wm_activity_launch_time: [0,109293283,com.android.settings/.SubSettings,444]
01-12 20:58:44.538 1116 2145 I input_focus: [Focus entering cbb085d com.android.settings/com.android.settings.SubSettings (server),reason=Window became focusable. Previous reason: NOT_VISIBLE]
01-12 20:58:44.933 1116 1317 I wm_stop_activity: [0,86344630,com.android.settings/.SubSettings]
01-12 20:58:45.257 1116 2164 I netstats_mobile_sample: [0,0,0,0,0,0,0,0,0,0,0,0,1673557125257]
01-12 20:58:45.259 1116 2164 I netstats_wifi_sample: [17507688,15181,1263828,6512,17507728,15182,1263904,6513,45618715,33520,1260488,6432,1673557125257]
01-12 20:58:46.269 11071 11071 I wm_on_stop_called: [86344630,com.android.settings.SubSettings,STOP_ACTIVITY_ITEM]
01-12 20:58:53.246 1116 2927 I battery_level: [6,3586,228]
01-12 20:58:57.779 1116 2145 I input_interaction: Interaction with: cbb085d com.android.settings/com.android.settings.SubSettings (server), PointerEventDispatcher0 (server),
01-12 20:58:57.926 11071 11071 I sysui_multi_action: [757,866,758,4]
01-12 20:58:59.039 1116 8905 I am_uid_running: 10126
01-12 20:58:59.143 1116 1380 I am_proc_start: [0,21503,10126,com.google.android.projection.gearhead:car,broadcast,{com.google.android.projection.gearhead/com.google.android.apps.auto.carservice.gmscorecompatstub.StubCarBluetoothReceiver}]
01-12 20:58:59.300 1116 2501 I am_proc_bound: [0,21503,com.google.android.projection.gearhead:car]
01-12 20:58:59.309 1116 2501 I am_uid_active: 10126
01-12 20:58:59.611 1116 2501 I wm_task_created: [74,-1]
01-12 20:58:59.627 1116 2501 I wm_task_moved: [74,1,10]
01-12 20:58:59.627 1116 2501 I wm_task_to_front: [0,74]
01-12 20:58:59.628 1116 2501 I wm_create_task: [0,74]
01-12 20:58:59.628 1116 2501 I wm_create_activity: [0,254036555,74,com.android.settings/.bluetooth.BluetoothPairingDialog,android.bluetooth.device.action.PAIRING_REQUEST,NULL,NULL,276824064]
01-12 20:58:59.628 1116 2501 I wm_task_moved: [74,1,10]
01-12 20:58:59.631 1116 2501 I wm_pause_activity: [0,109293283,com.android.settings/.SubSettings,userLeaving=true,pauseBackTasks]
01-12 20:58:59.638 11071 11071 I wm_on_top_resumed_lost_called: [109293283,com.android.settings.SubSettings,topStateChangedWhenResumed]
01-12 20:58:59.651 11071 11071 I sysui_multi_action: [757,1018,758,2,1089,15371]
01-12 20:58:59.653 11071 11071 I wm_on_paused_called: [109293283,com.android.settings.SubSettings,performPause]
01-12 20:58:59.668 1116 8905 I wm_restart_activity: [0,254036555,74,com.android.settings/.bluetooth.BluetoothPairingDialog]
01-12 20:58:59.674 1116 8905 I wm_set_resumed_activity: [0,com.android.settings/.bluetooth.BluetoothPairingDialog,minimalResumeActivityLocked]
01-12 20:58:59.689 1116 1317 I sysui_multi_action: [757,803,799,window_time_0,802,16]
01-12 20:58:59.716 11071 11071 I wm_on_create_called: [254036555,com.android.settings.bluetooth.BluetoothPairingDialog,performCreate]
01-12 20:58:59.827 11071 11071 I wm_on_start_called: [254036555,com.android.settings.bluetooth.BluetoothPairingDialog,handleStartActivity]
01-12 20:58:59.828 11071 11071 I wm_on_resume_called: [254036555,com.android.settings.bluetooth.BluetoothPairingDialog,RESUME_ACTIVITY]
01-12 20:58:59.830 11071 11071 I sysui_multi_action: [757,613,758,1,833,0,1089,105]
01-12 20:58:59.842 11071 11071 I wm_on_top_resumed_gained_called: [254036555,com.android.settings.bluetooth.BluetoothPairingDialog,topStateChangedWhenResumed]
01-12 20:58:59.856 1116 1318 I input_focus: [Focus request 541b7c3 com.android.settings/com.android.settings.bluetooth.BluetoothPairingDialog,reason=UpdateInputWindows]
01-12 20:58:59.880 1116 2145 I input_focus: [Focus leaving cbb085d com.android.settings/com.android.settings.SubSettings (server),reason=Waiting for window because NOT_VISIBLE]
01-12 20:58:59.953 1116 1313 I wm_activity_launch_time: [0,254036555,com.android.settings/.bluetooth.BluetoothPairingDialog,367]
01-12 20:58:59.983 1116 2145 I input_focus: [Focus entering 541b7c3 com.android.settings/com.android.settings.bluetooth.BluetoothPairingDialog (server),reason=Window became focusable. Previous reason: NOT_VISIBLE]
01-12 20:59:00.188 1116 1116 I notification_enqueue: [10120,4927,com.tblenovo.lewea,4927,NULL,0,Notification(channel=tblenovo.channel.WEATHER shortcut=null contentView=null vibrate=null sound=null defaults=0x0 flags=0x40 color=0x00000000 vis=PRIVATE),1]
01-12 20:59:00.205 1116 1116 I notification_enqueue: [10120,4927,com.tblenovo.lewea,4927,NULL,0,Notification(channel=tblenovo.channel.WEATHER shortcut=null contentView=com.tblenovo.lewea/0x7f090018 vibrate=null sound=null defaults=0x0 flags=0x50 color=0x00000000 vis=PUBLIC),1]
01-12 20:59:00.409 1116 1316 I commit_sys_config_file: [notification-policy,11959155]
01-12 20:59:01.015 1116 2145 I input_interaction: Interaction with: 541b7c3 com.android.settings/com.android.settings.bluetooth.BluetoothPairingDialog (server), PointerEventDispatcher0 (server),
01-12 20:59:01.123 1116 2501 I wm_finish_activity: [0,254036555,74,com.android.settings/.bluetooth.BluetoothPairingDialog,app-request]
01-12 20:59:01.125 1116 2501 I wm_task_moved: [68,1,10]
01-12 20:59:01.125 1116 2501 I wm_task_to_front: [0,68]
01-12 20:59:01.134 1116 2501 I wm_focused_root_task: [0,0,68,74,finish-top adjustFocusToNextFocusableTask]
01-12 20:59:01.278 1116 2501 I wm_pause_activity: [0,254036555,com.android.settings/.bluetooth.BluetoothPairingDialog,userLeaving=false,finish]
01-12 20:59:01.288 1116 1317 I dvm_lock_sample: [system_server,1,android.display,162,RootWindowContainer.java,3836,void com.android.server.wm.RootWindowContainer$RankTaskLayersRunnable.run(),TaskChangeNotificationController.java,342,void com.android.server.wm.TaskChangeNotificationController.forAllLocalListeners(com.android.server.wm.TaskChangeNotificationController$TaskStackConsumer, android.os.Message),32]
01-12 20:59:01.290 1116 1318 I input_focus: [Focus request cbb085d com.android.settings/com.android.settings.SubSettings,reason=UpdateInputWindows]
01-12 20:59:01.319 1116 2145 I input_focus: [Focus entering cbb085d com.android.settings/com.android.settings.SubSettings (server),reason=setFocusedWindow]
01-12 20:59:01.326 11071 11071 I wm_on_top_resumed_lost_called: [254036555,com.android.settings.bluetooth.BluetoothPairingDialog,topStateChangedWhenResumed]
01-12 20:59:01.335 11071 11071 I sysui_multi_action: [757,613,758,2,1089,1506]
01-12 20:59:01.335 11071 11071 I wm_on_paused_called: [254036555,com.android.settings.bluetooth.BluetoothPairingDialog,performPause]
01-12 20:59:01.339 1116 8311 I wm_set_resumed_activity: [0,com.android.settings/.SubSettings,resumeTopActivityInnerLocked]
01-12 20:59:01.341 1116 8311 I wm_resume_activity: [0,109293283,68,com.android.settings/.SubSettings]
01-12 20:59:01.382 1116 1317 I sysui_multi_action: [757,803,799,window_time_0,802,1]
01-12 20:59:01.389 11071 11071 I wm_on_resume_called: [109293283,com.android.settings.SubSettings,RESUME_ACTIVITY]
01-12 20:59:01.389 11071 11071 I sysui_multi_action: [757,1018,758,1,833,747,1089,0]
01-12 20:59:01.403 11071 11071 I wm_on_top_resumed_gained_called: [109293283,com.android.settings.SubSettings,topWhenResuming]
01-12 20:59:01.434 1116 3394 I wm_destroy_activity: [0,254036555,74,com.android.settings/.bluetooth.BluetoothPairingDialog,finish-idle]
01-12 20:59:01.436 11071 11071 I wm_on_stop_called: [254036555,com.android.settings.bluetooth.BluetoothPairingDialog,LIFECYCLER_STOP_ACTIVITY]
01-12 20:59:01.440 11071 11071 I wm_on_destroy_called: [254036555,com.android.settings.bluetooth.BluetoothPairingDialog,performDestroy]
01-12 20:59:01.662 1116 1318 I wm_task_removed: [74,removeChild:removeChild last r=ActivityRecord{f244a4b u0 com.android.settings/.bluetooth.BluetoothPairingDialog t-1 f}} in t=Task{89be27a #74 type=standard A=1000:.bluetooth.BluetoothPairingDialog U=0 visible=false mode=fullscreen translucent=true sz=0}]
01-12 20:59:01.662 1116 1318 I wm_task_removed: [74,removeChild]
01-12 20:59:02.174 1116 7373 I dvm_lock_sample: [system_server,1,Binder:1116_13,15,ActivityManagerService.java,11956,android.content.ComponentName com.android.server.am.ActivityManagerService.startService(android.app.IApplicationThread, android.content.Intent, java.lang.String, boolean, java.lang.String, java.lang.String, int),BroadcastQueue.java,1053,void com.android.server.am.BroadcastQueue.processNextBroadcast(boolean),3]
01-12 20:59:02.237 1116 1904 I wm_finish_activity: [0,109293283,68,com.android.settings/.SubSettings,app-request]
01-12 20:59:02.327 1116 1904 I wm_pause_activity: [0,109293283,com.android.settings/.SubSettings,userLeaving=false,finish]
01-12 20:59:02.364 1116 2145 I input_focus: [Focus leaving cbb085d com.android.settings/com.android.settings.SubSettings (server),reason=NO_WINDOW]
01-12 20:59:02.430 2741 2741 D TelephonyNetworkFactory[0]: got request NetworkRequest [ REQUEST id=376, [ Capabilities: INTERNET&NOT_RESTRICTED&TRUSTED&NOT_VCN_MANAGED Uid: 1002 RequestorUid: 1002 RequestorPkg: com.android.bluetooth UnderlyingNetworks: Null] ]
01-12 20:59:02.430 2741 2741 D TelephonyNetworkFactory[0]: onNeedNetworkFor NetworkRequest [ REQUEST id=376, [ Capabilities: INTERNET&NOT_RESTRICTED&TRUSTED&NOT_VCN_MANAGED Uid: 1002 RequestorUid: 1002 RequestorPkg: com.android.bluetooth UnderlyingNetworks: Null] ] shouldApply false
01-12 20:59:02.562 11071 11071 I wm_on_top_resumed_lost_called: [109293283,com.android.settings.SubSettings,topStateChangedWhenResumed]
01-12 20:59:02.607 1116 1377 I am_pss : [8715,10106,com.nttdocomo.android.pf.dcmippushaggregator,8691712,5062656,3053568,46247936,0,5,20]
01-12 20:59:02.616 11071 11071 I sysui_multi_action: [757,1018,758,2,1089,1227]
01-12 20:59:02.622 11071 11071 I wm_on_paused_called: [109293283,com.android.settings.SubSettings,performPause]
01-12 20:59:02.624 1116 2501 I wm_add_to_stopping: [0,109293283,com.android.settings/.SubSettings,completeFinishing]
01-12 20:59:02.632 1116 2501 I wm_set_resumed_activity: [0,com.android.settings/.SubSettings,resumeTopActivityInnerLocked]
01-12 20:59:02.636 1116 2501 I wm_resume_activity: [0,86344630,68,com.android.settings/.SubSettings]
01-12 20:59:02.667 1116 1377 I am_pss : [6503,10048,com.nttdocomo.android.pf.dcmwappush,5776384,1585152,3796992,34967552,0,5,18]
01-12 20:59:02.669 1116 1317 I sysui_multi_action: [757,803,799,window_time_0,802,1]
01-12 20:59:02.831 11071 11071 I wm_on_restart_called: [86344630,com.android.settings.SubSettings,performRestartActivity]
01-12 20:59:03.189 2236 2236 I dvm_lock_sample: [com.android.systemui,1,main,26,CachedBluetoothDevice.java,1023,int com.android.settingslib.bluetooth.CachedBluetoothDevice.getMaxConnectionState(),-,706,boolean com.android.settingslib.bluetooth.CachedBluetoothDevice.isConnected(),5]
01-12 20:59:03.353 1116 10193 I dvm_lock_sample: [system_server,1,Binder:1116_1A,6,ActivityManagerService.java,13705,int com.android.server.am.ActivityManagerService.broadcastIntentWithFeature(android.app.IApplicationThread, java.lang.String, android.content.Intent, java.lang.String, android.content.IIntentReceiver, int, java.lang.String, android.os.Bundle, java.lang.String[], java.lang.String[], java.lang.String[], int, android.os.Bundle, boolean, boolean, int),BroadcastQueue.java,1053,void com.android.server.am.BroadcastQueue.processNextBroadcast(boolean),1]
01-12 20:59:03.475 1116 1904 I volume_changed: [6,11,15,15,com.android.bluetooth]
01-12 20:59:03.663 1116 3394 I dvm_lock_sample: [system_server,1,Binder:1116_C,183,AudioService.java,6144,int com.android.server.audio.AudioService.getDevicesForStreamInt(int),-,7484,void com.android.server.audio.AudioService.setDeviceVolume(com.android.server.audio.AudioService$VolumeStreamState, int),36]
01-12 20:59:03.665 1116 8311 I dvm_lock_sample: [system_server,1,Binder:1116_14,775,AudioService.java,4891,int com.android.server.audio.AudioService.getMode(),AudioDeviceBroker.java,216,void com.android.server.audio.AudioDeviceBroker.receiveBtEvent(android.content.Intent),100]
01-12 20:59:04.032 1116 2184 I stream_devices_changed: [3,2,128]
01-12 20:59:04.076 1116 2184 I volume_changed: [3,15,7,15,onSetA2dpSinkConnectionState]
01-12 20:59:04.103 1116 2184 I stream_devices_changed: [0,2,128]
01-12 20:59:04.111 1116 2184 I stream_devices_changed: [2,2,130]
01-12 20:59:04.116 1116 2184 I stream_devices_changed: [4,2,130]
01-12 20:59:04.122 1116 2184 I stream_devices_changed: [6,2,128]
01-12 20:59:04.204 11071 11071 I wm_on_start_called: [86344630,com.android.settings.SubSettings,handleStartActivity]
01-12 20:59:04.207 11071 11071 I snet_event_log: [120484087,-1,]
01-12 20:59:04.213 11071 11071 I wm_on_resume_called: [86344630,com.android.settings.SubSettings,RESUME_ACTIVITY]
01-12 20:59:04.214 11071 11071 I sysui_multi_action: [757,747,758,1,833,35,1089,0]
01-12 20:59:04.232 11071 11071 I wm_on_top_resumed_gained_called: [86344630,com.android.settings.SubSettings,topWhenResuming]
01-12 20:59:04.278 1116 1116 I dvm_lock_sample: [system_server,0,main,181,AudioService.java,6144,int com.android.server.audio.AudioService.getDevicesForStreamInt(int),-,7301,void com.android.server.audio.AudioService$VolumeStreamState.checkFixedVolumeDevices(),36]
01-12 20:59:04.280 1116 3510 I dvm_lock_sample: [system_server,1,Binder:1116_E,237,AudioService.java,6144,int com.android.server.audio.AudioService.getDevicesForStreamInt(int),-,7301,void com.android.server.audio.AudioService$VolumeStreamState.checkFixedVolumeDevices(),47]
01-12 20:59:04.440 1116 1318 I input_focus: [Focus request 5176923 com.android.settings/com.android.settings.SubSettings,reason=UpdateInputWindows]
01-12 20:59:04.548 1116 2145 I input_focus: [Focus entering 5176923 com.android.settings/com.android.settings.SubSettings (server),reason=Window became focusable. Previous reason: NOT_VISIBLE]
01-12 20:59:04.693 1116 1947 I commit_sys_config_file: [settings-1-0,38]
01-12 20:59:04.935 1116 1317 I wm_destroy_activity: [0,109293283,68,com.android.settings/.SubSettings,finish-imm:transit]
01-12 20:59:05.069 11071 11071 I wm_on_stop_called: [109293283,com.android.settings.SubSettings,LIFECYCLER_STOP_ACTIVITY]
01-12 20:59:05.077 11071 11071 I wm_on_destroy_called: [109293283,com.android.settings.SubSettings,performDestroy]
01-12 20:59:05.163 1116 1377 I am_pss : [21337,10047,com.lenovo.lsf.device,7974912,4337664,1976320,49086464,0,10,20]
01-12 20:59:11.476 1116 2145 I input_interaction: Interaction with: 5176923 com.android.settings/com.android.settings.SubSettings (server), PointerEventDispatcher0 (server),
01-12 20:59:19.427 1116 1378 I am_uid_idle: 10066
01-12 20:59:21.730 1116 1378 I am_uid_idle: 10218
01-12 20:59:23.140 1116 1377 I am_pss : [21503,10126,com.google.android.projection.gearhead:car,12371968,8437760,1162240,63254528,0,19,22]
01-12 20:59:23.163 1116 1377 I am_pss : [21380,10196,com.qualcomm.qti.qccauthmgr,7939072,3969024,1793024,48730112,0,19,19]
01-12 20:59:23.185 1116 1377 I am_pss : [8715,10106,com.nttdocomo.android.pf.dcmippushaggregator,8188928,4579328,3034112,45760512,0,5,18]
01-12 20:59:23.204 1116 1377 I am_pss : [6503,10048,com.nttdocomo.android.pf.dcmwappush,5752832,1585152,3773440,34963456,0,5,16]
01-12 20:59:46.166 1116 1378 I am_wtf : [0,1116,system_server,-1,ActivityManager,Sending non-protected broadcast com.lenovo.action.CAPSENSOR_SIM from system 1116:system/1000 pkg android]
01-12 20:59:46.175 1116 1378 I am_wtf : [0,1116,system_server,-1,ActivityManager,Sending non-protected broadcast com.lenovo.action.CAPSENSOR_SIM from system 1116:system/1000 pkg android]
01-12 20:59:46.176 2741 2741 D QtiRilInterface: Received com.lenovo.action.CAPSENSOR_SIM
01-12 20:59:46.176 2741 2741 D QtiRilInterface: capsensor_value is 2
01-12 20:59:46.282 1116 2927 I battery_status: [4,2,1,0,Li-ion]
01-12 20:59:46.459 1116 1947 I commit_sys_config_file: [settings-0-0,36]
01-12 20:59:46.560 1116 2927 I battery_status: [2,2,1,0,Li-ion]
01-12 20:59:46.701 1116 2927 I sysui_multi_action: [757,1417,758,4,1418,6,1421,2]
01-12 20:59:46.702 1116 2927 I battery_discharge: [18074366,13,6]
01-12 20:59:46.702 1116 2927 I battery_status: [2,2,1,2,Li-ion]
01-12 20:59:46.732 1116 1116 I battery_saving_stats: [0,1,0,87356,0,1,269634,0,2]
01-12 20:59:46.785 1116 7373 I dvm_lock_sample: [system_server,1,Binder:1116_13,53,ActivityManagerService.java,12114,int com.android.server.am.ActivityManagerService.bindIsolatedService(android.app.IApplicationThread, android.os.IBinder, android.content.Intent, java.lang.String, android.app.IServiceConnection, int, java.lang.String, java.lang.String, int),,0,null,10]
01-12 20:59:46.785 2741 2741 D RILJ : [0127]> GET_ACTIVITY_INFO [PHONE0]
01-12 20:59:46.793 2741 2959 D RILJ : [0127]< GET_ACTIVITY_INFO ModemActivityInfo{ mTimestamp=29372106 mSleepTimeMs=0 mIdleTimeMs=71812 mTxTimeMs[]=[0, 0, 0, 0, 0] mRxTimeMs=0} [PHONE0]
01-12 20:59:46.935 630 630 I auditd : type=1400 audit(0.0:1790): avc: denied { read } for comm="Binder:630_2" name="wakeup38" dev="sysfs" ino=66587 scontext=u:r:system_suspend:s0 tcontext=u:object_r:sysfs:s0 tclass=dir permissive=0
01-12 20:59:46.945 630 630 I auditd : type=1400 audit(0.0:1791): avc: denied { read } for comm="Binder:630_2" name="wakeup28" dev="sysfs" ino=66215 scontext=u:r:system_suspend:s0 tcontext=u:object_r:sysfs:s0 tclass=dir permissive=0
01-12 20:59:46.975 630 630 I auditd : type=1400 audit(0.0:1792): avc: denied { read } for comm="Binder:630_2" name="wakeup18" dev="sysfs" ino=58442 scontext=u:r:system_suspend:s0 tcontext=u:object_r:sysfs:s0 tclass=dir permissive=0
01-12 20:59:46.975 630 630 I auditd : type=1400 audit(0.0:1793): avc: denied { read } for comm="Binder:630_2" name="wakeup46" dev="sysfs" ino=70729 scontext=u:r:system_suspend:s0 tcontext=u:object_r:sysfs:s0 tclass=dir permissive=0
01-12 20:59:46.975 630 630 I auditd : type=1400 audit(0.0:1794): avc: denied { read } for comm="Binder:630_2" name="wakeup2" dev="sysfs" ino=40064 scontext=u:r:system_suspend:s0 tcontext=u:object_r:sysfs:s0 tclass=dir permissive=0
01-12 20:59:47.212 1116 1378 I service_manager_slow: [18,platform_compat]
01-12 20:59:47.241 1116 1393 I dvm_lock_sample: [system_server,0,batterystats-handler,442,BatteryStatsService.java,1051,void com.android.server.am.BatteryStatsService.lambda$noteStopWakelockFromSource$26$BatteryStatsService(android.os.WorkSource, int, java.lang.String, java.lang.String, int, long, long),BatteryExternalStatsWorker.java,696,void com.android.server.am.BatteryExternalStatsWorker.updateExternalStatsLocked(java.lang.String, int, boolean, boolean, int, boolean),88]
01-12 20:59:47.242 1116 3510 I dvm_lock_sample: [system_server,1,Binder:1116_E,233,BatteryStatsService.java,836,long com.android.server.am.BatteryStatsService.computeChargeTimeRemaining(),BatteryExternalStatsWorker.java,696,void com.android.server.am.BatteryExternalStatsWorker.updateExternalStatsLocked(java.lang.String, int, boolean, boolean, int, boolean),46]
01-12 20:59:47.317 2741 2741 D QtiDCT-C: [0]Intent Recieved : ACTION_TETHER_STATE_CHANGED
01-12 20:59:47.317 2741 2741 D QtiDCT-C: [0] updateBtTetherState: Start
01-12 20:59:47.317 2741 2741 D QtiDCT-C: [0] before BT Tether = false, after BT Tether = false
01-12 20:59:47.319 2741 2741 D QtiDCT-C: [0] updateUsbTetherState: Start
01-12 20:59:47.320 2741 2741 D QtiDCT-C: [0] before USB Tether = false, after USB Tether = false
01-12 20:59:47.320 2741 2741 D QtiDCT-C: [0]updateWifiTetherState: Start
01-12 20:59:47.323 1116 1116 I sysui_multi_action: [757,128,758,5,759,8,793,12203386,794,84876,795,10274141,796,3,797,low_battery,806,com.android.systemui,857,BAT,858,5,947,0,1500,10274141,1688,1,1745,2098068913]
01-12 20:59:47.323 1116 1116 I notification_canceled: [-1|com.android.systemui|3|low_battery|10187,8,12203386,10274141,84876,-1,-1,NULL]
01-12 20:59:47.338 1116 1116 I notification_enqueue: [1000,1116,android,47,NULL,-1,Notification(channel=USB shortcut=null contentView=null vibrate=null sound=null tick defaults=0x0 flags=0x2 color=0x00000000 vis=PUBLIC),0]
01-12 20:59:47.342 2741 2741 D QtiDCT-C: [0] updateEthernetTetherState: Start
01-12 20:59:47.342 2741 2741 D QtiDCT-C: [0] before Ethernet Tether = false, after Ethernet Tether = false
01-12 20:59:47.343 1116 1116 I notification_enqueue: [1000,1116,android,26,NULL,-1,Notification(channel=DEVELOPER_IMPORTANT shortcut=null contentView=null vibrate=null sound=null tick defaults=0x0 flags=0x2 color=0x00000000 vis=PUBLIC),0]
01-12 20:59:47.449 1116 1116 I service_manager_slow: [86,platform_compat]
01-12 20:59:47.493 2741 2741 D QtiDCT-C: [0]getPreferredApn: X not found
01-12 20:59:47.494 2741 2741 D QtiDCT-C: [0] usesSpMode: no preferred apn.
01-12 20:59:47.494 2741 2741 D QtiDCT-C: [0] usesSpMode: sp-mode is not used.
01-12 20:59:47.499 2741 2741 D QtiDCT-C: [0]updateTetherState: Maintain the current APN.
01-12 20:59:47.551 1116 1116 I sysui_multi_action: [757,1501,758,1,793,398,794,0,795,398,796,47,806,android,857,USB,858,1,947,0,1500,0]
01-12 20:59:47.551 1116 1116 I sysui_multi_action: [757,804,799,note_interruptive,801,0,802,1]
01-12 20:59:47.555 1116 1116 I sysui_multi_action: [757,1501,758,1,793,401,794,0,795,401,796,26,806,android,857,DEVELOPER_IMPORTANT,858,4,947,0,1500,0]
01-12 20:59:47.555 1116 1116 I sysui_multi_action: [757,804,799,note_interruptive,801,0,802,1]
01-12 20:59:47.556 1116 1116 I sysui_multi_action: [757,1501,758,1,793,402,794,0,795,402,796,26,806,android,857,DEVELOPER_IMPORTANT,858,4,947,0,1500,0,1688,1]
01-12 20:59:47.556 1116 1116 I sysui_multi_action: [757,804,799,note_interruptive,801,0,802,1]
01-12 20:59:47.556 1116 1116 I sysui_multi_action: [757,199,758,1,759,2,793,402,794,0,795,402,796,26,806,android,857,DEVELOPER_IMPORTANT,858,4,947,0,1500,0,1688,1]
01-12 20:59:47.557 1116 1116 I notification_alert: [-1|android|26|null|1000,0,1,0]
01-12 20:59:47.705 1116 2164 I netstats_mobile_sample: [0,0,0,0,0,0,0,0,0,0,0,0,1673557187704]
01-12 20:59:47.706 1116 2164 I netstats_wifi_sample: [17507688,15181,1263828,6512,17507728,15182,1263904,6513,45618715,33520,1260488,6432,1673557187704]
01-12 20:59:47.813 2741 2741 D QtiDCT-C: [0]Intent Recieved : ACTION_TETHER_STATE_CHANGED
01-12 20:59:47.814 2741 2741 D QtiDCT-C: [0] updateBtTetherState: Start
01-12 20:59:47.815 2741 2741 D QtiDCT-C: [0] before BT Tether = false, after BT Tether = false
01-12 20:59:47.815 2741 2741 D QtiDCT-C: [0] updateUsbTetherState: Start
01-12 20:59:47.816 2741 2741 D QtiDCT-C: [0] before USB Tether = false, after USB Tether = true
01-12 20:59:47.816 2741 2741 D QtiDCT-C: [0]updateWifiTetherState: Start
01-12 20:59:47.832 2741 2741 D QtiDCT-C: [0] updateEthernetTetherState: Start
01-12 20:59:47.833 2741 2741 D QtiDCT-C: [0] before Ethernet Tether = false, after Ethernet Tether = false
01-12 20:59:47.926 2741 2741 D QtiDCT-C: [0]getPreferredApn: X not found
01-12 20:59:47.927 2741 2741 D QtiDCT-C: [0] usesSpMode: no preferred apn.
01-12 20:59:47.927 2741 2741 D QtiDCT-C: [0] usesSpMode: sp-mode is not used.
01-12 20:59:47.927 2741 2741 D QtiDCT-C: [0]updateTetherState: Maintain the current APN.
01-12 20:59:47.937 1116 2164 I netstats_mobile_sample: [0,0,0,0,0,0,0,0,0,0,0,0,1673557187937]
01-12 20:59:47.938 1116 2164 I netstats_wifi_sample: [17507688,15181,1263828,6512,17507728,15182,1263904,6513,45618715,33520,1260488,6432,1673557187937]
01-12 20:59:48.489 1116 1377 I commit_sys_config_file: [batterystats,82]
01-12 20:59:48.564 2236 2236 I sysui_multi_action: [757,803,799,note_peek,802,1]
01-12 20:59:48.568 1116 1377 I commit_sys_config_file: [batterystats,78]
01-12 20:59:48.597 1116 3510 I sysui_multi_action: [757,127,758,1]
01-12 20:59:48.597 1116 3510 I sysui_multi_action: [757,804,799,note_load,801,1,802,1]
01-12 20:59:48.598 1116 3510 I notification_panel_revealed: 1
01-12 20:59:48.605 2236 2236 I sysui_heads_up_status: [-1|android|26|null|1000,1]
01-12 20:59:48.617 1116 1377 I am_pss : [21503,10126,com.google.android.projection.gearhead:car,12353536,7548928,2242560,53084160,0,19,20]
01-12 20:59:48.644 1116 1377 I am_pss : [21380,10196,com.qualcomm.qti.qccauthmgr,7946240,3612672,2205696,47132672,0,19,20]
01-12 20:59:50.252 1116 1378 I am_wtf : [0,1116,system_server,-1,ActivityManager,Sending non-protected broadcast com.lenovo.action.CAPSENSOR_SIM from system 1116:system/1000 pkg android]
01-12 20:59:50.261 1116 1378 I am_wtf : [0,1116,system_server,-1,ActivityManager,Sending non-protected broadcast com.lenovo.action.CAPSENSOR_SIM from system 1116:system/1000 pkg android]
01-12 20:59:50.267 2741 2741 D QtiRilInterface: Received com.lenovo.action.CAPSENSOR_SIM
01-12 20:59:50.268 2741 2741 D QtiRilInterface: capsensor_value is 3
01-12 20:59:51.286 1116 1378 I am_uid_idle: 10196
01-12 20:59:54.278 2236 2236 I sysui_heads_up_status: [-1|android|26|null|1000,0]
01-12 20:59:54.789 1116 2501 I sysui_multi_action: [757,127,758,2]
01-12 20:59:54.790 1116 2501 I notification_panel_hidden: --------- beginning of main
01-12 20:59:59.582 3171 3243 D ThermalEngine: zone:17 sensor:emmc-ufs-therm-adc temp:27337 trip:0 event:0
01-12 20:59:59.586 3171 3243 D ThermalEngine: zone:12 sensor:quiet-therm-adc temp:23268 trip:0 event:0
01-12 20:59:59.586 1116 3508 D CompatibilityInfo: mCompatibilityFlags - 4
01-12 20:59:59.587 1116 3508 D CompatibilityInfo: applicationDensity - 320
01-12 20:59:59.587 1116 3508 D CompatibilityInfo: applicationScale - 1.0
01-12 20:59:59.588 3171 3243 D ThermalEngine: zone:16 sensor:camera-ftherm-adc temp:27203 trip:0 event:0
01-12 20:59:59.591 2741 2741 D QtiImsExtConnector: Attempt to bind QtiImsExt service returned with: true
01-12 20:59:59.592 2655 2655 I QImsService: QtiImsExtService : QtiImsExtService created!
01-12 20:59:59.593 2655 2655 E QImsService: QtiImsExtService : QtiImsExtService, ImsService is not yet started retry.
01-12 20:59:59.593 2655 2655 E QImsService: QtiImsExtService : QtiImsExtService, ImsService is not yet started retry.
01-12 20:59:59.593 2655 2655 W QImsService: QtiImsExtService : onBind returned null
01-12 20:59:59.595 2741 2741 D QtiImsExtConnector: onNullBinding componentName ComponentInfo{org.codeaurora.ims/org.codeaurora.ims.QtiImsExtService}
01-12 21:00:00.024 2236 2236 D KeyguardUpdateMonitor: received broadcast android.intent.action.TIME_TICK
01-12 21:00:00.036 2236 2236 D KeyguardUpdateMonitor: handleTimeUpdate
01-12 21:00:00.105 1116 2501 D CompatibilityInfo: mCompatibilityFlags - 4
01-12 21:00:00.105 1116 2501 D CompatibilityInfo: applicationDensity - 320
01-12 21:00:00.105 1116 2501 D CompatibilityInfo: applicationScale - 1.0
01-12 21:00:00.110 2655 2655 I QImsService: QtiImsExtService : QtiImsExtService created!
01-12 21:00:00.110 2655 2655 E QImsService: QtiImsExtService : QtiImsExtService, ImsService is not yet started retry.
01-12 21:00:00.111 2655 2655 E QImsService: QtiImsExtService : QtiImsExtService, ImsService is not yet started retry.
01-12 21:00:00.111 2655 2655 W QImsService: QtiImsExtService : onBind returned null
01-12 21:00:00.115 2741 2741 D QtiImsExtConnector: Attempt to bind QtiImsExt service returned with: true
01-12 21:00:00.116 2741 2741 D QtiImsExtConnector: onNullBinding componentName ComponentInfo{org.codeaurora.ims/org.codeaurora.ims.QtiImsExtService}
01-12 21:00:00.147 1116 1958 D CompatibilityInfo: mCompatibilityFlags - 4
01-12 21:00:00.147 1116 1958 D CompatibilityInfo: applicationDensity - 320
01-12 21:00:00.147 1116 1958 D CompatibilityInfo: applicationScale - 1.0 --------- beginning of system
01-12 21:00:00.154 1116 7373 I ActivityManager: Background started FGS: Allowed [callingPackage: com.tblenovo.lewea; callingUid: 10120; uidState: FGS ; intent: Intent { cmp=com.tblenovo.lewea/com.tblenovo.weather.service.TimeTickService }; code:START_ACTIVITY_FLAG; tempAllowListReason:; targetSdkVersion:31; callerTargetSdkVersion:31; startForegroundCount:0; bindFromPackage:null]
01-12 21:00:00.156 4927 4927 D LenovoWeatherApp: TimeTickService onCreate
01-12 21:00:00.156 4927 4927 D LenovoWeatherApp: TimeTickService onStartCommand
01-12 21:00:00.156 1116 1378 V ActivityManager: Attempted to start a foreground service (com.tblenovo.lewea/com.tblenovo.weather.service.TimeTickService) with a broken notification (no icon: Notification(channel=tblenovo.channel.WEATHER shortcut=null contentView=null vibrate=null sound=null defaults=0x0 flags=0x40 color=0x00000000 vis=PRIVATE))
01-12 21:00:00.176 1116 1116 I notification_enqueue: [10120,4927,com.tblenovo.lewea,4927,NULL,0,Notification(channel=tblenovo.channel.WEATHER shortcut=null contentView=null vibrate=null sound=null defaults=0x0 flags=0x40 color=0x00000000 vis=PRIVATE),1]
01-12 21:00:00.177 1116 1378 D CompatibilityInfo: mCompatibilityFlags - 4
01-12 21:00:00.177 1116 1378 D CompatibilityInfo: applicationDensity - 320
01-12 21:00:00.177 1116 1378 D CompatibilityInfo: applicationScale - 1.0
01-12 21:00:00.180 4927 4927 D LenovoWeatherApp: TimeTickService onDestroy
01-12 21:00:00.188 2236 2236 D InterruptionStateProvider: No bubble up: not allowed to bubble: 0|com.google.android.setupwizard|9|null|10177
01-12 21:00:00.188 2236 2236 D InterruptionStateProvider: No bubble up: not allowed to bubble: -1|android|26|null|1000
01-12 21:00:00.188 2236 2236 D InterruptionStateProvider: No bubble up: not allowed to bubble: 0|com.android.bluetooth|-1000005|null|1002
01-12 21:00:00.188 1116 1116 I notification_enqueue: [10120,4927,com.tblenovo.lewea,4927,NULL,0,Notification(channel=tblenovo.channel.WEATHER shortcut=null contentView=com.tblenovo.lewea/0x7f090018 vibrate=null sound=null defaults=0x0 flags=0x50 color=0x00000000 vis=PUBLIC),1]
01-12 21:00:00.188 2236 2236 D InterruptionStateProvider: No bubble up: not allowed to bubble: 0|com.nttdocomo.android.lpa|1|null|10051
01-12 21:00:00.188 2236 2236 D InterruptionStateProvider: No bubble up: not allowed to bubble: 0|com.tblenovo.lewea|4927|null|10120
01-12 21:00:00.188 2236 2236 D InterruptionStateProvider: No bubble up: not allowed to bubble: 0|jp.co.omronsoft.android.decoemojimanager_docomo|1|null|10112
01-12 21:00:00.189 2236 2236 D InterruptionStateProvider: No bubble up: not allowed to bubble: 0|com.nttdocomo.android.mascot|10|null|10063
01-12 21:00:00.189 2236 2236 D InterruptionStateProvider: No bubble up: not allowed to bubble: -1|android|47|null|1000
01-12 21:00:00.191 4927 4927 D LenovoWeatherApp: CommonReceiver action=com.lenovo.weather.action.TIME_TICK
01-12 21:00:00.195 2741 13932 W TelephonyPermissions: reportAccessDeniedToReadIdentifiers:com.tblenovo.lewea:getDeviceId:-1
01-12 21:00:00.200 4927 4927 W System.err: java.lang.SecurityException: getDeviceId: The user 10120 does not meet the requirements to access device identifiers.
01-12 21:00:00.200 4927 4927 W System.err: at android.os.Parcel.createExceptionOrNull(Parcel.java:2426)
01-12 21:00:00.200 4927 4927 W System.err: at android.os.Parcel.createException(Parcel.java:2410)
01-12 21:00:00.200 4927 4927 W System.err: at android.os.Parcel.readException(Parcel.java:2393)
01-12 21:00:00.201 4927 4927 W System.err: at android.os.Parcel.readException(Parcel.java:2335)
01-12 21:00:00.201 4927 4927 W System.err: at com.android.internal.telephony.ITelephony$Stub$Proxy.getDeviceIdWithFeature(ITelephony.java:12118)
01-12 21:00:00.201 4927 4927 W System.err: at android.telephony.TelephonyManager.getDeviceId(TelephonyManager.java:1999)
01-12 21:00:00.201 4927 4927 W System.err: at com.tblenovo.weather.i.g.a(Unknown Source:8)
01-12 21:00:00.201 4927 4927 W System.err: at com.tblenovo.weather.receiver.CommonReceiver.onReceive(Unknown Source:338)
01-12 21:00:00.201 4927 4927 W System.err: at android.app.ActivityThread.handleReceiver(ActivityThread.java:4309)
01-12 21:00:00.201 4927 4927 W System.err: at android.app.ActivityThread.access$1600(ActivityThread.java:248)
01-12 21:00:00.202 4927 4927 W System.err: at android.app.ActivityThread$H.handleMessage(ActivityThread.java:2065)
01-12 21:00:00.202 4927 4927 W System.err: at android.os.Handler.dispatchMessage(Handler.java:106)
01-12 21:00:00.202 4927 4927 W System.err: at android.os.Looper.loopOnce(Looper.java:201)
01-12 21:00:00.202 4927 4927 W System.err: at android.os.Looper.loop(Looper.java:288)
01-12 21:00:00.202 4927 4927 W System.err: at android.app.ActivityThread.main(ActivityThread.java:7880)
01-12 21:00:00.202 4927 4927 W System.err: at java.lang.reflect.Method.invoke(Native Method)
01-12 21:00:00.202 4927 4927 W System.err: at com.android.internal.os.RuntimeInit$MethodAndArgsCaller.run(RuntimeInit.java:548)
01-12 21:00:00.202 4927 4927 W System.err: at com.android.internal.os.ZygoteInit.main(ZygoteInit.java:1009)
01-12 21:00:00.202 4927 4927 V LenovoWeatherApp: imeiNo=331
01-12 21:00:00.202 4927 4927 V LenovoWeatherApp: locationTime=31:00
01-12 21:00:00.217 2236 2236 D InterruptionStateProvider: No bubble up: not allowed to bubble: 0|com.google.android.setupwizard|9|null|10177
01-12 21:00:00.217 2236 2236 D InterruptionStateProvider: No bubble up: not allowed to bubble: -1|android|26|null|1000
01-12 21:00:00.218 2236 2236 D InterruptionStateProvider: No bubble up: not allowed to bubble: 0|com.android.bluetooth|-1000005|null|1002
01-12 21:00:00.218 2236 2236 D InterruptionStateProvider: No bubble up: not allowed to bubble: 0|com.nttdocomo.android.lpa|1|null|10051
01-12 21:00:00.218 2236 2236 D InterruptionStateProvider: No bubble up: not allowed to bubble: 0|com.tblenovo.lewea|4927|null|10120
01-12 21:00:00.218 2236 2236 D InterruptionStateProvider: No bubble up: not allowed to bubble: 0|jp.co.omronsoft.android.decoemojimanager_docomo|1|null|10112
01-12 21:00:00.218 2236 2236 D InterruptionStateProvider: No bubble up: not allowed to bubble: 0|com.nttdocomo.android.mascot|10|null|10063
01-12 21:00:00.219 2236 2236 D InterruptionStateProvider: No bubble up: not allowed to bubble: -1|android|47|null|1000
01-12 21:00:00.303 3171 3242 D ThermalEngine: sensor_wait: lcd_charging Wait done.
01-12 21:00:00.314 3171 3242 D ThermalEngine: lcd_charging_sensor_get_temperature: sensor=lcd_charging , temp=24656 torch_brightness = 0, lcd_brightness = 122, chg_status = Charging, camera_state = close
