01-12 16:06:33.181 2741 2741 D QtiRilInterface: capsensor_value is 2
01-12 16:06:33.908 1116 1936 I device_idle_light_step:
01-12 16:06:33.924 1116 1936 I device_idle_light: [5,s:alarm]
01-12 16:06:33.948 1116 1116 I notification_enqueue: [10120,4927,com.tblenovo.lewea,4927,NULL,0,Notification(channel=tblenovo.channel.WEATHER shortcut=null contentView=null vibrate=null sound=null defaults=0x0 flags=0x40 color=0x00000000 vis=PRIVATE),1]
01-12 16:06:33.972 1116 1116 I notification_enqueue: [10120,4927,com.tblenovo.lewea,4927,NULL,0,Notification(channel=tblenovo.channel.WEATHER shortcut=null contentView=com.tblenovo.lewea/0x7f090018 vibrate=null sound=null defaults=0x0 flags=0x50 color=0x00000000 vis=PUBLIC),1]
01-12 16:06:34.184 1116 1380 I am_proc_start: [0,20817,1000,com.qti.diagservices,service,{com.qti.diagservices/com.qti.diagservices.QTIDiagServices}]
01-12 16:06:34.189 1116 1316 I commit_sys_config_file: [notification-policy,11268788]
01-12 16:06:34.283 1116 7373 I am_proc_bound: [0,20817,com.qti.diagservices]
01-12 16:07:36.356 1116 1116 I dvm_lock_sample: [system_server,0,main,69,DeviceIdleController.java,2798,int[] com.android.server.DeviceIdleController.getAppIdTempWhitelistInternal(),-,2993,void com.android.server.DeviceIdleController.checkTempAppWhitelistTimeout(int),13]
01-12 16:08:33.655 1116 1378 I am_wtf : [0,1116,system_server,-1,ActivityManager,Sending non-protected broadcast com.lenovo.action.CAPSENSOR_SIM from system 1116:system/1000 pkg android]
01-12 16:08:33.673 1116 1378 I am_wtf : [0,1116,system_server,-1,ActivityManager,Sending non-protected broadcast com.lenovo.action.CAPSENSOR_SIM from system 1116:system/1000 pkg android]
01-12 16:08:33.675 2741 2741 D QtiRilInterface: Received com.lenovo.action.CAPSENSOR_SIM
01-12 16:08:33.676 2741 2741 D QtiRilInterface: capsensor_value is 3
01-12 16:08:34.330 1116 1378 I am_wtf : [0,1116,system_server,-1,ActivityManager,Sending non-protected broadcast com.lenovo.action.CAPSENSOR_SIM from system 1116:system/1000 pkg android]
01-12 16:08:34.336 1116 1378 I am_wtf : [0,1116,system_server,-1,ActivityManager,Sending non-protected broadcast com.lenovo.action.CAPSENSOR_SIM from system 1116:system/1000 pkg android]
01-12 16:08:34.337 2741 2741 D QtiRilInterface: Received com.lenovo.action.CAPSENSOR_SIM
01-12 16:08:34.337 2741 2741 D QtiRilInterface: capsensor_value is 2
01-12 16:09:39.103 1116 2195 I battery_level: [12,3694,264]
01-12 16:09:39.251 1116 1378 I am_wtf : [0,1116,system_server,-1,ActivityManager,Sending non-protected broadcast com.lenovo.action.CAPSENSOR_SIM from system 1116:system/1000 pkg android]
01-12 16:09:39.261 1116 1378 I am_wtf : [0,1116,system_server,-1,ActivityManager,Sending non-protected broadcast com.lenovo.action.CAPSENSOR_SIM from system 1116:system/1000 pkg android]
01-12 16:09:39.263 2741 2741 D QtiRilInterface: Received com.lenovo.action.CAPSENSOR_SIM
01-12 16:09:39.263 2741 2741 D QtiRilInterface: capsensor_value is 3
01-12 16:09:39.572 1116 1378 I am_wtf : [0,1116,system_server,-1,ActivityManager,Sending non-protected broadcast com.lenovo.action.CAPSENSOR_SIM from system 1116:system/1000 pkg android]
01-12 16:09:39.578 1116 1378 I am_wtf : [0,1116,system_server,-1,ActivityManager,Sending non-protected broadcast com.lenovo.action.CAPSENSOR_SIM from system 1116:system/1000 pkg android]
01-12 16:09:39.584 2741 2741 D QtiRilInterface: Received com.lenovo.action.CAPSENSOR_SIM
01-12 16:09:39.584 2741 2741 D QtiRilInterface: capsensor_value is 2
01-12 16:11:46.494 1116 1377 I dvm_lock_sample: [system_server,0,android.bg,18,HistoricalRegistry.java,750,void com.android.server.appop.HistoricalRegistry.persistPendingHistory(),AppOpsService.java,3493,android.app.SyncNotedAppOp com.android.server.appop.AppOpsService.noteOperationUnchecked(int, int, java.lang.String, java.lang.String, int, java.lang.String, java.lang.String, int, boolean, java.lang.String, boolean),3]
01-12 16:13:53.867 1116 1378 I am_uid_idle: 99002
01-12 16:13:53.868 1116 1378 I am_uid_idle: 10170
01-12 16:13:53.868 1116 1378 I am_uid_idle: 10169
01-12 16:13:53.868 1116 1378 I am_uid_idle: 10165
01-12 16:13:53.868 1116 1378 I am_uid_idle: 10155
01-12 16:13:53.869 1116 1378 I am_uid_idle: 10154
01-12 16:13:53.869 1116 1378 I am_uid_idle: 10151
01-12 16:13:53.869 1116 1378 I am_uid_idle: 10150
01-12 16:13:53.869 1116 1378 I am_uid_idle: 10149
01-12 16:13:53.869 1116 1378 I am_uid_idle: 10145
01-12 16:13:53.869 1116 1378 I am_uid_idle: 10143
01-12 16:13:53.869 1116 1378 I am_uid_idle: 10141
01-12 16:13:53.870 1116 1378 I am_uid_idle: 10130
01-12 16:13:53.870 1116 1378 I am_uid_idle: 10129
01-12 16:13:53.870 1116 1378 I am_uid_idle: 10124
01-12 16:13:53.870 1116 1378 I am_uid_idle: 10116
01-12 16:13:53.871 1116 1378 I am_uid_idle: 10106
01-12 16:13:53.871 1116 1378 I am_uid_idle: 10087
01-12 16:13:53.871 1116 1378 I am_uid_idle: 10073
01-12 16:13:53.871 1116 1378 I am_uid_idle: 10070
01-12 16:13:53.871 1116 1378 I am_uid_idle: 10068
01-12 16:13:53.886 1116 1378 I am_uid_idle: 10065
01-12 16:13:53.901 1116 1378 I am_uid_idle: 10060
01-12 16:13:53.902 1116 1378 I am_uid_idle: 10048
01-12 16:13:53.902 1116 1378 I am_uid_idle: 10046
01-12 16:14:57.756 1116 1378 I am_wtf : [0,1116,system_server,-1,ActivityManager,Sending non-protected broadcast com.lenovo.action.CAPSENSOR_SIM from system 1116:system/1000 pkg android]
01-12 16:14:57.764 2741 2741 D QtiRilInterface: Received com.lenovo.action.CAPSENSOR_SIM
01-12 16:14:57.765 2741 2741 D QtiRilInterface: capsensor_value is 3
01-12 16:14:57.765 1116 1378 I am_wtf : [0,1116,system_server,-1,ActivityManager,Sending non-protected broadcast com.lenovo.action.CAPSENSOR_SIM from system 1116:system/1000 pkg android]
01-12 16:17:35.593 1116 1936 I device_idle_light_step:
01-12 16:17:35.602 1116 1936 I device_idle_light: [6,s:alarm]
01-12 16:17:35.602 1116 1936 I device_idle_off_start: unknown
01-12 16:17:35.620 1116 1116 I notification_enqueue: [10120,4927,com.tblenovo.lewea,4927,NULL,0,Notification(channel=tblenovo.channel.WEATHER shortcut=null contentView=null vibrate=null sound=null defaults=0x0 flags=0x40 color=0x00000000 vis=PRIVATE),1]
01-12 16:17:35.637 1116 1116 I notification_enqueue: [10120,4927,com.tblenovo.lewea,4927,NULL,0,Notification(channel=tblenovo.channel.WEATHER shortcut=null contentView=com.tblenovo.lewea/0x7f090018 vibrate=null sound=null defaults=0x0 flags=0x50 color=0x00000000 vis=PUBLIC),1]
01-12 16:17:35.657 1116 1936 I device_idle_off_phase: net
01-12 16:17:35.659 1116 1936 I device_idle_off_complete:
01-12 16:17:35.667 1116 1116 I battery_saving_stats: [0,0,1,1021596,0,1,1021596,0,1]
01-12 16:17:35.799 13247 13273 I aggregation: 1673540255799
01-12 16:17:35.872 1116 1316 I commit_sys_config_file: [notification-policy,11286944]
01-12 16:17:39.013 2741 3057 D SubscriptionController: [getSlotIndex]- subId invalid
01-12 16:17:40.695 1116 1936 I device_idle_light_step:
01-12 16:17:40.698 1116 1936 I device_idle_light: [4,s:early]
01-12 16:17:40.698 1116 1936 I device_idle_on_start:
01-12 16:17:40.745 1116 1936 I device_idle_on_phase: net
01-12 16:17:40.747 1116 1936 I device_idle_on_complete:
01-12 16:17:40.757 1116 1116 I battery_saving_stats: [0,0,0,5089,0,0,116435,0,0]
01-12 16:18:34.564 1116 8906 I dvm_lock_sample: [system_server,1,Binder:1116_18,16,ActivityManagerService.java,12114,int com.android.server.am.ActivityManagerService.bindIsolatedService(android.app.IApplicationThread, android.os.IBinder, android.content.Intent, java.lang.String, android.app.IServiceConnection, int, java.lang.String, java.lang.String, int),ContentProviderHelper.java,1418,void com.android.server.am.ContentProviderHelper.handleProviderRemoval(com.android.server.am.ContentProviderConnection, boolean, boolean),3]
01-12 16:20:16.426 1116 1378 I am_wtf : [0,1116,system_server,-1,ActivityManager,Sending non-protected broadcast com.lenovo.action.CAPSENSOR_SIM from system 1116:system/1000 pkg android]
01-12 16:20:16.470 1116 1378 I am_wtf : [0,1116,system_server,-1,ActivityManager,Sending non-protected broadcast com.lenovo.action.CAPSENSOR_SIM from system 1116:system/1000 pkg android]
01-12 16:20:16.481 2741 2741 D QtiRilInterface: Received com.lenovo.action.CAPSENSOR_SIM
01-12 16:20:16.481 2741 2741 D QtiRilInterface: capsensor_value is 2
01-12 16:21:20.352 1116 1378 I am_wtf : [0,1116,system_server,-1,ActivityManager,Sending non-protected broadcast com.lenovo.action.CAPSENSOR_SIM from system 1116:system/1000 pkg android]
01-12 16:21:20.363 1116 1378 I am_wtf : [0,1116,system_server,-1,ActivityManager,Sending non-protected broadcast com.lenovo.action.CAPSENSOR_SIM from system 1116:system/1000 pkg android]
01-12 16:21:20.365 2741 2741 D QtiRilInterface: Received com.lenovo.action.CAPSENSOR_SIM
01-12 16:21:20.367 2741 2741 D QtiRilInterface: capsensor_value is 3
01-12 16:21:20.478 1116 1564 I dvm_lock_sample: [system_server,1,PowerManagerService,71,PowerManagerService.java,2979,void com.android.server.power.PowerManagerService.handleSandman(int),-,1430,void com.android.server.power.PowerManagerService.acquireWakeLockInternal(android.os.IBinder, int, int, java.lang.String, java.lang.String, android.os.WorkSource, java.lang.String, int, int),14]
01-12 16:29:39.140 1116 1377 I am_pss : [19955,10143,com.google.android.calendar,23986176,17829888,4956160,67530752,0,19,24]
01-12 16:29:40.730 1116 1936 I device_idle_light_step:
01-12 16:29:40.742 1116 1936 I device_idle_light: [5,s:alarm]
01-12 16:29:40.760 1116 1116 I notification_enqueue: [10120,4927,com.tblenovo.lewea,4927,NULL,0,Notification(channel=tblenovo.channel.WEATHER shortcut=null contentView=null vibrate=null sound=null defaults=0x0 flags=0x40 color=0x00000000 vis=PRIVATE),1]
01-12 16:29:40.787 1116 1116 I notification_enqueue: [10120,4927,com.tblenovo.lewea,4927,NULL,0,Notification(channel=tblenovo.channel.WEATHER shortcut=null contentView=com.tblenovo.lewea/0x7f090018 vibrate=null sound=null defaults=0x0 flags=0x50 color=0x00000000 vis=PUBLIC),1]
01-12 16:29:40.803 1116 2164 I netstats_mobile_sample: [0,0,0,0,0,0,0,0,0,0,0,0,1673540980803]
01-12 16:29:40.804 1116 2164 I netstats_wifi_sample: [17507688,15181,1263828,6512,17507728,15182,1263904,6513,45618715,33520,1260488,6432,1673540980803]
01-12 16:29:41.015 1116 1316 I commit_sys_config_file: [notification-policy,11312853]
01-12 16:29:49.221 1116 3971 I am_kill : [0,3804,com.google.process.gapps,999,empty #31]
01-12 16:29:49.321 1116 7373 I am_proc_died: [0,3804,com.google.process.gapps,999,19]
01-12 16:29:49.340 1116 1377 I am_pss : [20817,1000,com.qti.diagservices,8263680,5517312,142336,78848000,0,10,13]
01-12 16:29:49.356 1116 1377 I am_pss : [20749,10054,jp.co.nttdocomo.lcsapp,9464832,6688768,902144,61419520,0,10,12]
01-12 16:29:49.373 1116 1377 I am_pss : [20599,1000,com.longcheertel.midtest,10535936,6549504,2144256,51752960,0,10,14]
01-12 16:29:49.391 1116 1377 I am_pss : [20264,10145,com.google.android.videos,27910144,21331968,4719616,75218944,0,19,16]
01-12 16:29:49.408 1116 1377 I am_pss : [20225,10141,com.google.android.tts,24922112,18825216,5047296,65888256,0,19,14]
01-12 16:29:49.425 1116 1377 I am_pss : [20071,10154,com.google.android.deskclock,13802496,8957952,3779584,56602624,0,19,14]
01-12 16:29:49.442 1116 1377 I am_pss : [19652,10070,com.android.providers.calendar,6497280,1511424,4385792,39972864,0,19,14]
01-12 16:29:49.462 1116 1377 I am_pss : [19859,10165,com.google.android.apps.youtube.music,41674752,29319168,7925760,91754496,0,19,18]
01-12 16:29:49.481 1116 1377 I am_pss : [19802,10149,com.google.android.apps.tachyon,34795520,25559040,8162304,71667712,0,19,16]
01-12 16:29:49.501 1116 1377 I am_pss : [19750,10170,com.google.android.apps.maps,39880704,25047040,12243968,79441920,0,19,16]
01-12 16:29:49.518 1116 1377 I am_pss : [19720,10046,android.process.acore,10105856,5681152,3460096,51564544,0,19,14]
01-12 16:29:49.535 1116 1377 I am_pss : [19614,10191,com.qualcomm.telephony,6121472,843776,4794368,34942976,0,10,14]
01-12 16:29:58.970 1116 1377 I am_pss : [20343,10151,com.google.android.youtube,58488832,48865280,4752384,114528256,0,19,25]
01-12 16:29:58.988 1116 1377 I am_pss : [20449,10068,com.nttdocomo.android.databackup,10820608,7340032,2556928,50958336,0,19,15]
01-12 16:29:59.000 3134 8024 I gtalk_connection: 16778495
01-12 16:34:44.575 1116 1564 I dvm_lock_sample: [system_server,1,PowerManagerService,58,PowerManagerService.java,2979,void com.android.server.power.PowerManagerService.handleSandman(int),-,1430,void com.android.server.power.PowerManagerService.acquireWakeLockInternal(android.os.IBinder, int, int, java.lang.String, java.lang.String, android.os.WorkSource, java.lang.String, int, int),11]
01-12 16:34:44.605 1116 1116 I notification_enqueue: [10120,4927,com.tblenovo.lewea,4927,NULL,0,Notification(channel=tblenovo.channel.WEATHER shortcut=null contentView=null vibrate=null sound=null defaults=0x0 flags=0x40 color=0x00000000 vis=PRIVATE),1]
01-12 16:34:44.613 1116 1116 I notification_enqueue: [10120,4927,com.tblenovo.lewea,4927,NULL,0,Notification(channel=tblenovo.channel.WEATHER shortcut=null contentView=com.tblenovo.lewea/0x7f090018 vibrate=null sound=null defaults=0x0 flags=0x50 color=0x00000000 vis=PUBLIC),1]
01-12 16:35:49.043 1116 1316 I commit_sys_config_file: [notification-policy,11325838]
01-12 16:37:56.825 1116 1377 I am_pss : [20689,10065,jp.co.nttdocomo.carriermail,25017344,21200896,915456,101793792,0,10,21]
01-12 16:37:56.850 1116 1377 I am_pss : [19649,10127,com.android.contacts,14401536,9699328,3296256,59863040,0,19,16]
01-12 16:37:56.865 1116 1377 I am_pss : [20666,10116,com.qualcomm.timeservice,5691392,2629632,1927168,44236800,0,19,13]
01-12 16:37:56.882 1116 1377 I am_pss : [20621,10060,com.nttdocomo.android.sdcardbackup,22477824,17973248,2286592,74559488,0,19,14]
01-12 16:37:56.897 1116 1377 I am_pss : [20461,10142,com.android.chrome,52056064,35610624,13784064,62451712,0,19,13]
01-12 16:46:42.909 1116 1378 I am_uid_idle: 10127
01-12 16:46:42.923 1116 1378 I am_uid_idle: 10054
01-12 16:46:42.978 1116 1936 I device_idle_light_step:
01-12 16:46:43.000 1116 1936 I device_idle_light: [6,s:alarm]
01-12 16:46:43.001 1116 1936 I device_idle_off_start: unknown
01-12 16:46:43.002 1116 1116 I notification_enqueue: [10120,4927,com.tblenovo.lewea,4927,NULL,0,Notification(channel=tblenovo.channel.WEATHER shortcut=null contentView=null vibrate=null sound=null defaults=0x0 flags=0x40 color=0x00000000 vis=PRIVATE),1]
01-12 16:46:43.016 1116 1116 I notification_enqueue: [10120,4927,com.tblenovo.lewea,4927,NULL,0,Notification(channel=tblenovo.channel.WEATHER shortcut=null contentView=com.tblenovo.lewea/0x7f090018 vibrate=null sound=null defaults=0x0 flags=0x50 color=0x00000000 vis=PUBLIC),1]
01-12 16:46:43.044 1116 1936 I device_idle_off_phase: net
01-12 16:46:43.046 1116 1936 I device_idle_off_complete:
01-12 16:46:43.056 1116 1116 I battery_saving_stats: [0,0,1,1742299,50770,0,2763895,50770,1]
01-12 16:46:43.250 1116 1316 I commit_sys_config_file: [notification-policy,11344526]
01-12 16:46:48.091 1116 1936 I device_idle_light_step:
01-12 16:46:48.093 1116 1936 I device_idle_light: [4,s:early]
01-12 16:46:48.093 1116 1936 I device_idle_on_start:
01-12 16:46:48.140 1116 1936 I device_idle_on_phase: net
01-12 16:46:48.142 1116 1936 I device_idle_on_complete:
01-12 16:46:48.146 1116 1116 I battery_saving_stats: [0,0,0,5090,0,0,121525,0,0]
01-12 16:48:17.599 1116 1116 I notification_enqueue: [10120,4927,com.tblenovo.lewea,4927,NULL,0,Notification(channel=tblenovo.channel.WEATHER shortcut=null contentView=null vibrate=null sound=null defaults=0x0 flags=0x40 color=0x00000000 vis=PRIVATE),1]
01-12 16:48:17.600 1116 1377 I am_pss : [20109,10150,com.google.android.gm,36355072,32800768,2248704,82509824,0,19,19]
01-12 16:48:17.621 1116 1116 I notification_enqueue: [10120,4927,com.tblenovo.lewea,4927,NULL,0,Notification(channel=tblenovo.channel.WEATHER shortcut=null contentView=com.tblenovo.lewea/0x7f090018 vibrate=null sound=null defaults=0x0 flags=0x50 color=0x00000000 vis=PUBLIC),1]
01-12 16:48:33.625 1116 1316 I commit_sys_config_file: [notification-policy,11352405]
01-12 16:52:28.907 1116 1116 I notification_enqueue: [10120,4927,com.tblenovo.lewea,4927,NULL,0,Notification(channel=tblenovo.channel.WEATHER shortcut=null contentView=null vibrate=null sound=null defaults=0x0 flags=0x40 color=0x00000000 vis=PRIVATE),1]
01-12 16:52:28.935 1116 1116 I notification_enqueue: [10120,4927,com.tblenovo.lewea,4927,NULL,0,Notification(channel=tblenovo.channel.WEATHER shortcut=null contentView=com.tblenovo.lewea/0x7f090018 vibrate=null sound=null defaults=0x0 flags=0x50 color=0x00000000 vis=PUBLIC),1]
01-12 16:53:23.038 1116 1316 I commit_sys_config_file: [notification-policy,11359926]
01-12 16:57:35.940 1116 2164 I netstats_mobile_sample: [0,0,0,0,0,0,0,0,0,0,0,0,1673542655940]
01-12 16:57:35.940 1116 2164 I netstats_wifi_sample: [17507688,15181,1263828,6512,17507728,15182,1263904,6513,45618715,33520,1260488,6432,1673542655940]
01-12 16:57:35.942 1116 1116 I notification_enqueue: [10120,4927,com.tblenovo.lewea,4927,NULL,0,Notification(channel=tblenovo.channel.WEATHER shortcut=null contentView=null vibrate=null sound=null defaults=0x0 flags=0x40 color=0x00000000 vis=PRIVATE),1]
01-12 16:57:35.977 1116 1116 I notification_enqueue: [10120,4927,com.tblenovo.lewea,4927,NULL,0,Notification(channel=tblenovo.channel.WEATHER shortcut=null contentView=com.tblenovo.lewea/0x7f090018 vibrate=null sound=null defaults=0x0 flags=0x50 color=0x00000000 vis=PUBLIC),1]
01-12 16:58:34.961 1116 1316 I commit_sys_config_file: [notification-policy,11367532]
01-12 16:58:34.995 1116 2195 I battery_level: [11,3646,238]
01-12 17:04:58.408 1116 1378 I am_wtf : [0,1116,system_server,-1,ActivityManager,Sending non-protected broadcast com.lenovo.action.CAPSENSOR_SIM from system 1116:system/1000 pkg android]
01-12 17:04:58.415 1116 1378 I am_wtf : [0,1116,system_server,-1,ActivityManager,Sending non-protected broadcast com.lenovo.action.CAPSENSOR_SIM from system 1116:system/1000 pkg android]
01-12 17:04:58.416 2741 2741 D QtiRilInterface: Received com.lenovo.action.CAPSENSOR_SIM
01-12 17:04:58.416 2741 2741 D QtiRilInterface: capsensor_value is 2
01-12 17:05:49.500 1116 1936 I device_idle_light_step:
01-12 17:05:49.530 1116 1936 I device_idle_light: [5,s:alarm]
01-12 17:05:49.542 1116 1116 I notification_enqueue: [10120,4927,com.tblenovo.lewea,4927,NULL,0,Notification(channel=tblenovo.channel.WEATHER shortcut=null contentView=null vibrate=null sound=null defaults=0x0 flags=0x40 color=0x00000000 vis=PRIVATE),1]
01-12 17:05:49.571 1116 1116 I notification_enqueue: [10120,4927,com.tblenovo.lewea,4927,NULL,0,Notification(channel=tblenovo.channel.WEATHER shortcut=null contentView=com.tblenovo.lewea/0x7f090018 vibrate=null sound=null defaults=0x0 flags=0x50 color=0x00000000 vis=PUBLIC),1]
01-12 17:06:54.096 1116 2501 I dvm_lock_sample: [system_server,1,Binder:1116_7,15,ActivityManagerService.java,8537,java.util.List com.android.server.am.ActivityManagerService.getRunningAppProcesses(),OomAdjuster.java,641,boolean com.android.server.am.OomAdjuster.updateOomAdjLocked(com.android.server.am.ProcessRecord, java.lang.String),3]
01-12 17:06:54.101 1116 1316 I commit_sys_config_file: [notification-policy,11380968]
01-12 17:06:54.125 1116 1377 I am_pss : [19955,10143,com.google.android.calendar,24037376,17764352,5072896,67244032,0,19,21]
01-12 17:07:58.336 1116 2501 I am_proc_died: [0,19511,com.google.android.gms:snet,999,19]
01-12 17:07:58.346 1116 2501 I am_mem_factor: [1,0]
01-12 17:07:58.425 1116 1377 I am_pss : [20189,10169,com.google.android.keep,18883584,15982592,1794048,67186688,0,19,15]
01-12 17:07:58.442 1116 1377 I am_pss : [20817,1000,com.qti.diagservices,8301568,5554176,143360,79196160,0,10,12]
01-12 17:07:58.457 1116 1377 I am_pss : [20749,10054,jp.co.nttdocomo.lcsapp,9551872,6778880,890880,61808640,0,10,13]
01-12 17:07:58.474 1116 1377 I am_pss : [20599,1000,com.longcheertel.midtest,10588160,6692864,2049024,52097024,0,10,14]
01-12 17:07:58.495 1116 1377 I am_pss : [20343,10151,com.google.android.youtube,56463360,46419968,4889600,112312320,0,19,19]
01-12 17:07:58.510 1116 1377 I am_pss : [20449,10068,com.nttdocomo.android.databackup,10884096,7544832,2405376,51425280,0,19,14]
01-12 17:08:27.421 1116 1377 I am_pss : [20264,10145,com.google.android.videos,27955200,21561344,4521984,75743232,0,19,17]
01-12 17:08:27.489 1116 1377 I am_pss : [20225,10141,com.google.android.tts,24908800,18767872,5079040,66056192,0,19,23]
01-12 17:08:27.510 1116 1377 I am_pss : [20071,10154,com.google.android.deskclock,13848576,9211904,3561472,57065472,0,19,15]
01-12 17:08:27.526 1116 1377 I am_pss : [19652,10070,com.android.providers.calendar,6571008,1732608,4226048,40521728,0,19,13]
01-12 17:08:27.548 1116 1377 I am_pss : [19859,10165,com.google.android.apps.youtube.music,41974784,29380608,7957504,91926528,0,19,18]
01-12 17:08:27.565 1116 1377 I am_pss : [19802,10149,com.google.android.apps.tachyon,34841600,25604096,8154112,71786496,0,19,15]
01-12 17:08:27.583 1116 1377 I am_pss : [19750,10170,com.google.android.apps.maps,39536640,24788992,12129280,79810560,0,19,15]
01-12 17:08:27.599 1116 1377 I am_pss : [19720,10046,android.process.acore,10168320,5808128,3385344,51933184,0,19,14]
01-12 17:08:33.919 1116 2501 I am_mem_factor: [0,1]
01-12 17:13:16.434 1116 1378 I am_wtf : [0,1116,system_server,-1,ActivityManager,Sending non-protected broadcast com.lenovo.action.CAPSENSOR_SIM from system 1116:system/1000 pkg android]
01-12 17:13:16.453 2741 2741 D QtiRilInterface: Received com.lenovo.action.CAPSENSOR_SIM
01-12 17:13:16.453 1116 1378 I am_wtf : [0,1116,system_server,-1,ActivityManager,Sending non-protected broadcast com.lenovo.action.CAPSENSOR_SIM from system 1116:system/1000 pkg android]
01-12 17:13:16.453 2741 2741 D QtiRilInterface: capsensor_value is 3
01-12 17:21:44.478 1116 1936 I device_idle_light_step:
01-12 17:21:44.512 1116 2164 I netstats_mobile_sample: [0,0,0,0,0,0,0,0,0,0,0,0,1673544104512]
01-12 17:21:44.513 1116 2164 I netstats_wifi_sample: [17507688,15181,1263828,6512,17507728,15182,1263904,6513,45618715,33520,1260488,6432,1673544104512]
01-12 17:21:44.517 1116 1936 I device_idle_light: [6,s:alarm]
01-12 17:21:44.517 1116 1936 I device_idle_off_start: unknown
01-12 17:21:44.517 1116 1116 I notification_enqueue: [10120,4927,com.tblenovo.lewea,4927,NULL,0,Notification(channel=tblenovo.channel.WEATHER shortcut=null contentView=null vibrate=null sound=null defaults=0x0 flags=0x40 color=0x00000000 vis=PRIVATE),1]
01-12 17:21:44.553 1116 1936 I device_idle_off_phase: net
01-12 17:21:44.554 1116 1936 I device_idle_off_complete:
01-12 17:21:44.581 1116 1116 I battery_saving_stats: [0,0,1,2096435,0,1,4860330,50770,2]
01-12 17:21:44.583 1116 1116 I notification_enqueue: [10120,4927,com.tblenovo.lewea,4927,NULL,0,Notification(channel=tblenovo.channel.WEATHER shortcut=null contentView=com.tblenovo.lewea/0x7f090018 vibrate=null sound=null defaults=0x0 flags=0x50 color=0x00000000 vis=PUBLIC),1]
01-12 17:21:44.697 13247 13299 I aggregation: 1673544104697
01-12 17:21:44.765 1116 1316 I commit_sys_config_file: [notification-policy,11402706]
01-12 17:21:46.979 1116 1316 I commit_sys_config_file: [jobs,33]
01-12 17:21:49.618 1116 1936 I device_idle_light_step:
01-12 17:21:49.620 1116 1936 I device_idle_light: [4,s:early]
01-12 17:21:49.620 1116 1936 I device_idle_on_start:
01-12 17:21:49.670 1116 1936 I device_idle_on_phase: net
01-12 17:21:49.671 1116 1936 I device_idle_on_complete:
01-12 17:21:49.673 1116 1116 I battery_saving_stats: [0,0,0,5092,0,0,126617,0,0]
01-12 17:21:49.696 1116 1316 I commit_sys_config_file: [jobs,27]
01-12 17:28:07.946 1116 1377 I am_pss : [20109,10150,com.google.android.gm,36385792,32403456,2674688,82104320,0,19,21]
01-12 17:30:00.592 1116 1116 I notification_enqueue: [10120,4927,com.tblenovo.lewea,4927,NULL,0,Notification(channel=tblenovo.channel.WEATHER shortcut=null contentView=null vibrate=null sound=null defaults=0x0 flags=0x40 color=0x00000000 vis=PRIVATE),1]
01-12 17:30:00.601 3134 18051 I gtalk_connection: 16778495
01-12 17:30:00.614 1116 1377 I am_pss : [19649,10127,com.android.contacts,14479360,9510912,3573760,58236928,0,19,16]
01-12 17:30:00.614 1116 1116 I notification_enqueue: [10120,4927,com.tblenovo.lewea,4927,NULL,0,Notification(channel=tblenovo.channel.WEATHER shortcut=null contentView=com.tblenovo.lewea/0x7f090018 vibrate=null sound=null defaults=0x0 flags=0x50 color=0x00000000 vis=PUBLIC),1]
01-12 17:30:00.631 1116 1377 I am_pss : [20666,10116,com.qualcomm.timeservice,5733376,2658304,1935360,44474368,0,19,14]
01-12 17:30:00.651 1116 1377 I am_pss : [20621,10060,com.nttdocomo.android.sdcardbackup,22504448,17756160,2524160,73519104,0,19,15]
01-12 17:31:04.945 1116 1377 I am_pss : [20461,10142,com.android.chrome,52345856,35979264,13629440,63168512,0,19,16]
01-12 17:31:04.964 1116 1316 I commit_sys_config_file: [notification-policy,11423503]
01-12 17:36:23.900 1116 2195 I battery_level: [10,3644,232]
01-12 17:36:23.938 1116 1116 I notification_enqueue: [10187,2236,com.android.systemui,3,low_battery,-1,Notification(channel=BAT shortcut=null contentView=null vibrate=null sound=null defaults=0x0 flags=0x0 color=0xffff7043 actions=1 vis=PUBLIC),0]
01-12 17:37:27.169 1116 1116 I sysui_multi_action: [757,1501,758,1,793,63231,794,0,795,63231,796,3,797,low_battery,806,com.android.systemui,857,BAT,858,5,947,0,1500,0,1745,2098068913]
01-12 17:37:27.183 1116 1116 I sysui_multi_action: [757,804,799,note_interruptive,801,0,802,1]
01-12 17:37:27.195 1116 1116 I sysui_multi_action: [757,1501,758,1,793,63257,794,0,795,63257,796,3,797,low_battery,806,com.android.systemui,857,BAT,858,5,947,0,1500,0,1688,1,1745,2098068913]
01-12 17:37:27.200 1116 1116 I sysui_multi_action: [757,804,799,note_interruptive,801,0,802,1]
01-12 17:37:27.202 1116 1116 I sysui_multi_action: [757,199,758,1,759,2,793,63264,794,0,795,63264,796,3,797,low_battery,806,com.android.systemui,857,BAT,858,5,947,0,1500,7,1688,1,1745,2098068913]
01-12 17:37:27.204 1116 1116 I notification_alert: [-1|com.android.systemui|3|low_battery|10187,0,1,0]
01-12 17:37:27.421 1116 1318 I dvm_lock_sample: [system_server,1,android.anim,59,WindowAnimator.java,103,void com.android.server.wm.WindowAnimator.lambda$new$1$WindowAnimator(long),WindowManagerService.java,1872,int com.android.server.wm.WindowManagerService.addWindow(com.android.server.wm.Session, android.view.IWindow, android.view.WindowManager$LayoutParams, int, int, int, android.view.InsetsState, android.view.InputChannel, android.view.InsetsState, android.view.InsetsSourceControl[]),11]
01-12 17:37:27.461 1116 1317 I dvm_lock_sample: [system_server,1,android.display,23,WindowManagerService.java,5337,void com.android.server.wm.WindowManagerService$H.handleMessage(android.os.Message),,0,null,4]
01-12 17:37:27.464 1116 1318 I input_focus: [Focus request 6dfdaa2 Please connect your charger,reason=UpdateInputWindows]
01-12 17:37:27.476 1116 2145 I input_focus: [Focus leaving 33812c7 NotificationShade (server),reason=Waiting for window because NOT_VISIBLE]
01-12 17:37:27.529 1116 2145 I input_focus: [Focus entering 6dfdaa2 Please connect your charger (server),reason=Window became focusable. Previous reason: NOT_VISIBLE]
01-12 17:37:27.725 1116 1378 I am_wtf : [0,1116,system_server,-1,ActivityManager,Sending non-protected broadcast com.lenovo.action.CAPSENSOR_SIM from system 1116:system/1000 pkg android]
01-12 17:37:27.734 1116 1378 I am_wtf : [0,1116,system_server,-1,ActivityManager,Sending non-protected broadcast com.lenovo.action.CAPSENSOR_SIM from system 1116:system/1000 pkg android]
01-12 17:37:27.737 2741 2741 D QtiRilInterface: Received com.lenovo.action.CAPSENSOR_SIM
01-12 17:37:27.737 2741 2741 D QtiRilInterface: capsensor_value is 2
01-12 17:37:27.771 2236 2236 I sysui_heads_up_status: [-1|com.android.systemui|3|low_battery|10187,1]
01-12 17:37:27.926 2741 2741 D RILJ : [0109]> SEND_DEVICE_STATE 2:false [PHONE0]
01-12 17:37:27.936 2741 2741 D RILJ : [0110]> SET_UNSOLICITED_RESPONSE_FILTER 127 [PHONE0]
01-12 17:37:27.937 2741 2741 D SST : [0] handleMessage: received event 61
01-12 17:37:27.939 2741 2741 D RILJ : [0111]> SET_SIGNAL_STRENGTH_REPORTING_CRITERIA [PHONE0]
01-12 17:37:27.941 2741 2741 D RILJ : [0112]> SET_SIGNAL_STRENGTH_REPORTING_CRITERIA [PHONE0]
01-12 17:37:27.948 2741 2741 D RILJ : [0113]> SET_SIGNAL_STRENGTH_REPORTING_CRITERIA [PHONE0]
01-12 17:37:27.949 2741 2741 D NetworkTypeController: [0] LegacyState: process EVENT_PHYSICAL_CHANNEL_CONFIG_NOTIF_CHANGED
01-12 17:37:27.949 2741 2741 D NetworkTypeController: [0] Remove all timers
01-12 17:37:27.949 2741 2741 D NetworkTypeController: [0] DefaultState: process EVENT_PHYSICAL_CHANNEL_CONFIG_NOTIF_CHANGED
01-12 17:37:27.950 2741 2741 D NetworkTypeController: [0] mIsPhysicalChannelConfigOn changed to: true
01-12 17:37:27.954 2741 2959 D RILJ : [0109]< SEND_DEVICE_STATE [PHONE0]
01-12 17:37:27.968 1116 10193 I dvm_lock_sample: [system_server,1,Binder:1116_1A,14,ActivityTaskManagerService.java,5403,boolean com.android.server.wm.ActivityTaskManagerService$LocalService.isGetTasksAllowed(java.lang.String, int, int),,0,null,2]
01-12 17:37:27.942 630 630 I auditd : type=1400 audit(0.0:1604): avc: denied { read } for comm="Binder:630_2" name="wakeup38" dev="sysfs" ino=66587 scontext=u:r:system_suspend:s0 tcontext=u:object_r:sysfs:s0 tclass=dir permissive=0
01-12 17:37:27.972 630 630 I auditd : type=1400 audit(0.0:1605): avc: denied { read } for comm="Binder:630_2" name="wakeup28" dev="sysfs" ino=66215 scontext=u:r:system_suspend:s0 tcontext=u:object_r:sysfs:s0 tclass=dir permissive=0
01-12 17:37:27.982 630 630 I auditd : type=1400 audit(0.0:1606): avc: denied { read } for comm="Binder:630_2" name="wakeup18" dev="sysfs" ino=58442 scontext=u:r:system_suspend:s0 tcontext=u:object_r:sysfs:s0 tclass=dir permissive=0
01-12 17:37:27.982 630 630 I auditd : type=1400 audit(0.0:1607): avc: denied { read } for comm="Binder:630_2" name="wakeup46" dev="sysfs" ino=70729 scontext=u:r:system_suspend:s0 tcontext=u:object_r:sysfs:s0 tclass=dir permissive=0
01-12 17:37:27.982 630 630 I auditd : type=1400 audit(0.0:1608): avc: denied { read } for comm="Binder:630_2" name="wakeup2" dev="sysfs" ino=40064 scontext=u:r:system_suspend:s0 tcontext=u:object_r:sysfs:s0 tclass=dir permissive=0
01-12 17:37:27.982 630 630 I auditd : type=1400 audit(0.0:1609): avc: denied { read } for comm="Binder:630_2" name="wakeup36" dev="sysfs" ino=66515 scontext=u:r:system_suspend:s0 tcontext=u:object_r:sysfs:s0 tclass=dir permissive=0
01-12 17:37:27.992 630 630 I auditd : type=1400 audit(0.0:1610): avc: denied { read } for comm="Binder:630_2" name="wakeup26" dev="sysfs" ino=66143 scontext=u:r:system_suspend:s0 tcontext=u:object_r:sysfs:s0 tclass=dir permissive=0
01-12 17:37:28.083 2741 2959 D RILJ : [0111]< SET_SIGNAL_STRENGTH_REPORTING_CRITERIA [PHONE0]
01-12 17:37:28.083 2741 2959 D RILJ : [0112]< SET_SIGNAL_STRENGTH_REPORTING_CRITERIA [PHONE0]
01-12 17:37:28.086 2741 2959 D RILJ : [0113]< SET_SIGNAL_STRENGTH_REPORTING_CRITERIA [PHONE0]
01-12 17:37:28.108 2741 2959 D RILJ : [0110]< SET_UNSOLICITED_RESPONSE_FILTER [PHONE0]
01-12 17:37:28.286 1116 1378 I am_wtf : [0,1116,system_server,-1,DisplayDeviceConfig,requesting nits when no mapping exists.]
01-12 17:37:28.295 1116 1378 I am_wtf : [0,1116,system_server,-1,DisplayDeviceConfig,requesting nits when no mapping exists.]
01-12 17:37:28.366 1116 1428 I dvm_lock_sample: [system_server,0,batterystats-worker,508,BatteryExternalStatsWorker.java,629,void com.android.server.am.BatteryExternalStatsWorker.updateExternalStatsLocked(java.lang.String, int, boolean, boolean, int, boolean),BatteryStatsService.java,1219,void com.android.server.am.BatteryStatsService.lambda$noteScreenState$37$BatteryStatsService(int, long, long, long),100]
01-12 17:37:28.422 1116 1116 I notification_enqueue: [10187,2236,com.android.systemui,3,low_battery,-1,Notification(channel=BAT shortcut=null contentView=null vibrate=null sound=null defaults=0x0 flags=0x8 color=0xffff7043 actions=1 vis=PUBLIC),1]
01-12 17:37:28.467 1116 1378 I am_wtf : [0,1116,system_server,-1,ActivityManager,Sending non-protected broadcast com.lenovo.action.CAPSENSOR_SIM from system 1116:system/1000 pkg android]
01-12 17:37:28.473 1116 1378 I am_wtf : [0,1116,system_server,-1,ActivityManager,Sending non-protected broadcast com.lenovo.action.CAPSENSOR_SIM from system 1116:system/1000 pkg android]
01-12 17:37:28.474 2741 2741 D QtiRilInterface: Received com.lenovo.action.CAPSENSOR_SIM
01-12 17:37:28.474 2741 2741 D QtiRilInterface: capsensor_value is 3
01-12 17:37:33.481 2236 2236 I sysui_heads_up_status: [-1|com.android.systemui|3|low_battery|10187,0]
01-12 17:37:33.506 1116 1378 I am_wtf : [0,1116,system_server,-1,DisplayDeviceConfig,requesting nits when no mapping exists.]
01-12 17:37:33.511 1116 1378 I am_wtf : [0,1116,system_server,-1,DisplayDeviceConfig,requesting nits when no mapping exists.]
01-12 17:37:33.512 630 630 I auditd : type=1400 audit(0.0:1635): avc: denied { read } for comm="Binder:630_2" name="wakeup38" dev="sysfs" ino=66587 scontext=u:r:system_suspend:s0 tcontext=u:object_r:sysfs:s0 tclass=dir permissive=0
01-12 17:37:33.512 630 630 I auditd : type=1400 audit(0.0:1636): avc: denied { read } for comm="Binder:630_2" name="wakeup28" dev="sysfs" ino=66215 scontext=u:r:system_suspend:s0 tcontext=u:object_r:sysfs:s0 tclass=dir permissive=0
01-12 17:37:33.522 630 630 I auditd : type=1400 audit(0.0:1637): avc: denied { read } for comm="Binder:630_2" name="wakeup18" dev="sysfs" ino=58442 scontext=u:r:system_suspend:s0 tcontext=u:object_r:sysfs:s0 tclass=dir permissive=0
01-12 17:37:33.522 630 630 I auditd : type=1400 audit(0.0:1638): avc: denied { read } for comm="Binder:630_2" name="wakeup46" dev="sysfs" ino=70729 scontext=u:r:system_suspend:s0 tcontext=u:object_r:sysfs:s0 tclass=dir permissive=0
01-12 17:37:33.522 630 630 I auditd : type=1400 audit(0.0:1639): avc: denied { read } for comm="Binder:630_2" name="wakeup2" dev="sysfs" ino=40064 scontext=u:r:system_suspend:s0 tcontext=u:object_r:sysfs:s0 tclass=dir permissive=0
01-12 17:37:33.552 2741 2741 D RILJ : [0114]> SEND_DEVICE_STATE 2:true [PHONE0]
01-12 17:37:33.558 2741 2959 D RILJ : [0114]< SEND_DEVICE_STATE [PHONE0]
01-12 17:37:33.560 2741 2741 D RILJ : [0115]> SET_UNSOLICITED_RESPONSE_FILTER 32 [PHONE0]
01-12 17:37:33.560 2741 2741 D SST : [0] handleMessage: received event 61
01-12 17:37:33.566 2741 2741 D RILJ : [0116]> SET_SIGNAL_STRENGTH_REPORTING_CRITERIA [PHONE0]
01-12 17:37:33.574 2741 2741 D RILJ : [0117]> SET_SIGNAL_STRENGTH_REPORTING_CRITERIA [PHONE0]
01-12 17:37:33.577 2741 2741 D RILJ : [0118]> SET_SIGNAL_STRENGTH_REPORTING_CRITERIA [PHONE0]
01-12 17:37:33.578 2741 2741 D NetworkTypeController: [0] LegacyState: process EVENT_PHYSICAL_CHANNEL_CONFIG_NOTIF_CHANGED
01-12 17:37:33.578 2741 2741 D NetworkTypeController: [0] Remove all timers
01-12 17:37:33.579 2741 2741 D NetworkTypeController: [0] DefaultState: process EVENT_PHYSICAL_CHANNEL_CONFIG_NOTIF_CHANGED
01-12 17:37:33.579 2741 2741 D NetworkTypeController: [0] mIsPhysicalChannelConfigOn changed to: false
01-12 17:37:33.579 2741 2741 D NetworkTypeController: [0] Remove all timers
01-12 17:37:33.580 2741 2959 D RILJ : [0116]< SET_SIGNAL_STRENGTH_REPORTING_CRITERIA [PHONE0]
01-12 17:37:33.581 2741 2959 D RILJ : [0115]< SET_UNSOLICITED_RESPONSE_FILTER [PHONE0]
01-12 17:37:33.586 2741 2959 D RILJ : [0117]< SET_SIGNAL_STRENGTH_REPORTING_CRITERIA [PHONE0]
01-12 17:37:33.590 2741 2959 D RILJ : [0118]< SET_SIGNAL_STRENGTH_REPORTING_CRITERIA [PHONE0]
01-12 17:37:33.806 1116 1116 I notification_enqueue: [10187,2236,com.android.systemui,3,low_battery,-1,Notification(channel=BAT shortcut=null contentView=null vibrate=null sound=null defaults=0x0 flags=0x8 color=0xffff7043 actions=1 vis=PUBLIC),1]
01-12 17:38:32.423 1116 1116 I notification_enqueue: [10187,2236,com.android.systemui,3,low_battery,-1,Notification(channel=BAT shortcut=null contentView=null vibrate=null sound=null defaults=0x0 flags=0x8 color=0xffff7043 actions=1 vis=PUBLIC),1]
01-12 17:42:07.067 1116 1378 I am_wtf : [0,1116,system_server,-1,ActivityManager,Sending non-protected broadcast com.lenovo.action.CAPSENSOR_SIM from system 1116:system/1000 pkg android]
01-12 17:42:07.070 1116 1378 I service_manager_stats: [100,204,219662]
01-12 17:42:07.077 1116 1378 I am_wtf : [0,1116,system_server,-1,ActivityManager,Sending non-protected broadcast com.lenovo.action.CAPSENSOR_SIM from system 1116:system/1000 pkg android]
01-12 17:42:07.078 2741 2741 D QtiRilInterface: Received com.lenovo.action.CAPSENSOR_SIM
01-12 17:42:07.079 2741 2741 D QtiRilInterface: capsensor_value is 2
01-12 17:44:50.915 1116 1936 I device_idle_light_step:
01-12 17:44:50.931 1116 1116 I dvm_lock_sample: [system_server,0,main,78,AlarmManagerService.java,4840,void com.android.server.alarm.AlarmManagerService$DeliveryTracker.alarmComplete(android.os.IBinder),-,4262,void com.android.server.alarm.AlarmManagerService$AlarmThread.run(),15]
01-12 17:44:50.949 1116 1936 I device_idle_light: [5,s:alarm]
01-12 17:44:50.962 1116 1116 I notification_enqueue: [10120,4927,com.tblenovo.lewea,4927,NULL,0,Notification(channel=tblenovo.channel.WEATHER shortcut=null contentView=null vibrate=null sound=null defaults=0x0 flags=0x40 color=0x00000000 vis=PRIVATE),1]
01-12 17:44:50.987 1116 1116 I notification_enqueue: [10120,4927,com.tblenovo.lewea,4927,NULL,0,Notification(channel=tblenovo.channel.WEATHER shortcut=null contentView=com.tblenovo.lewea/0x7f090018 vibrate=null sound=null defaults=0x0 flags=0x50 color=0x00000000 vis=PUBLIC),1]
01-12 17:44:51.243 1116 1316 I commit_sys_config_file: [notification-policy,11471503]
01-12 17:45:18.561 1116 2358 I dvm_lock_sample: [system_server,1,Binder:1116_5,35,AlarmManagerService.java,2645,void com.android.server.alarm.AlarmManagerService$5.remove(android.app.PendingIntent, android.app.IAlarmListener),-,4262,void com.android.server.alarm.AlarmManagerService$AlarmThread.run(),7]
01-12 17:45:18.592 1116 1116 I notification_enqueue: [10120,4927,com.tblenovo.lewea,4927,NULL,0,Notification(channel=tblenovo.channel.WEATHER shortcut=null contentView=null vibrate=null sound=null defaults=0x0 flags=0x40 color=0x00000000 vis=PRIVATE),1]
01-12 17:45:18.630 1116 1116 I notification_enqueue: [10120,4927,com.tblenovo.lewea,4927,NULL,0,Notification(channel=tblenovo.channel.WEATHER shortcut=null contentView=com.tblenovo.lewea/0x7f090018 vibrate=null sound=null defaults=0x0 flags=0x50 color=0x00000000 vis=PUBLIC),1]
01-12 17:45:18.742 1116 1378 I am_wtf : [0,1116,system_server,-1,ActivityManager,Sending non-protected broadcast com.lenovo.action.CAPSENSOR_SIM from system 1116:system/1000 pkg android]
01-12 17:45:18.749 1116 1378 I am_wtf : [0,1116,system_server,-1,ActivityManager,Sending non-protected broadcast com.lenovo.action.CAPSENSOR_SIM from system 1116:system/1000 pkg android]
01-12 17:45:18.750 2741 2741 D QtiRilInterface: Received com.lenovo.action.CAPSENSOR_SIM
01-12 17:45:18.750 2741 2741 D QtiRilInterface: capsensor_value is 3
01-12 17:45:18.827 1116 1316 I commit_sys_config_file: [notification-policy,11472748]
01-12 17:45:19.043 1116 1378 I am_wtf : [0,1116,system_server,-1,ActivityManager,Sending non-protected broadcast com.lenovo.action.CAPSENSOR_SIM from system 1116:system/1000 pkg android]
01-12 17:45:19.058 1116 1378 I am_wtf : [0,1116,system_server,-1,ActivityManager,Sending non-protected broadcast com.lenovo.action.CAPSENSOR_SIM from system 1116:system/1000 pkg android]
01-12 17:45:19.061 2741 2741 D QtiRilInterface: Received com.lenovo.action.CAPSENSOR_SIM
01-12 17:45:19.062 2741 2741 D QtiRilInterface: capsensor_value is 2
01-12 17:45:20.793 1116 8900 I dvm_lock_sample: [system_server,0,Binder:1116_16,6,ActivityManagerService.java,12158,void com.android.server.am.ActivityManagerService.serviceDoneExecuting(android.os.IBinder, int, int, int),-,11968,android.content.ComponentName com.android.server.am.ActivityManagerService.startService(android.app.IApplicationThread, android.content.Intent, java.lang.String, boolean, java.lang.String, java.lang.String, int),1]
01-12 17:46:18.655 1116 1116 I notification_enqueue: [10120,4927,com.tblenovo.lewea,4927,NULL,0,Notification(channel=tblenovo.channel.WEATHER shortcut=null contentView=null vibrate=null sound=null defaults=0x0 flags=0x40 color=0x00000000 vis=PRIVATE),1]
01-12 17:46:18.701 1116 1116 I notification_enqueue: [10120,4927,com.tblenovo.lewea,4927,NULL,0,Notification(channel=tblenovo.channel.WEATHER shortcut=null contentView=com.tblenovo.lewea/0x7f090018 vibrate=null sound=null defaults=0x0 flags=0x50 color=0x00000000 vis=PUBLIC),1]
01-12 17:46:19.037 1116 1316 I commit_sys_config_file: [notification-policy,11480497]
01-12 17:46:50.824 1116 1378 I am_wtf : [0,1116,system_server,-1,ActivityManager,Sending non-protected broadcast com.lenovo.action.CAPSENSOR_SIM from system 1116:system/1000 pkg android]
01-12 17:46:50.848 1116 1378 I am_wtf : [0,1116,system_server,-1,ActivityManager,Sending non-protected broadcast com.lenovo.action.CAPSENSOR_SIM from system 1116:system/1000 pkg android]
01-12 17:46:50.849 2741 2741 D QtiRilInterface: Received com.lenovo.action.CAPSENSOR_SIM
01-12 17:46:50.850 2741 2741 D QtiRilInterface: capsensor_value is 3
01-12 17:47:18.593 1116 1564 I dvm_lock_sample: [system_server,1,PowerManagerService,42,PowerManagerService.java,2979,void com.android.server.power.PowerManagerService.handleSandman(int),-,1430,void com.android.server.power.PowerManagerService.acquireWakeLockInternal(android.os.IBinder, int, int, java.lang.String, java.lang.String, android.os.WorkSource, java.lang.String, int, int),8]
01-12 17:47:18.656 1116 1116 I notification_enqueue: [10120,4927,com.tblenovo.lewea,4927,NULL,0,Notification(channel=tblenovo.channel.WEATHER shortcut=null contentView=null vibrate=null sound=null defaults=0x0 flags=0x40 color=0x00000000 vis=PRIVATE),1]
01-12 17:47:18.670 1116 1116 I notification_enqueue: [10120,4927,com.tblenovo.lewea,4927,NULL,0,Notification(channel=tblenovo.channel.WEATHER shortcut=null contentView=com.tblenovo.lewea/0x7f090018 vibrate=null sound=null defaults=0x0 flags=0x50 color=0x00000000 vis=PUBLIC),1]
01-12 17:47:19.149 1116 1316 I commit_sys_config_file: [notification-policy,11488046]
01-12 17:47:48.577 1116 1564 I dvm_lock_sample: [system_server,1,PowerManagerService,63,PowerManagerService.java,2979,void com.android.server.power.PowerManagerService.handleSandman(int),-,1430,void com.android.server.power.PowerManagerService.acquireWakeLockInternal(android.os.IBinder, int, int, java.lang.String, java.lang.String, android.os.WorkSource, java.lang.String, int, int),12]
01-12 17:48:33.906 1116 1116 I notification_enqueue: [10187,2236,com.android.systemui,3,low_battery,-1,Notification(channel=BAT shortcut=null contentView=null vibrate=null sound=null defaults=0x0 flags=0x8 color=0xffff7043 actions=1 vis=PUBLIC),1]
01-12 17:50:42.878 1116 3971 I dvm_lock_sample: [system_server,1,Binder:1116_10,43,ActivityManagerService.java,12138,void com.android.server.am.ActivityManagerService.publishService(android.os.IBinder, android.content.Intent, android.os.IBinder),-,12115,int com.android.server.am.ActivityManagerService.bindIsolatedService(android.app.IApplicationThread, android.os.IBinder, android.content.Intent, java.lang.String, android.app.IServiceConnection, int, java.lang.String, java.lang.String, int),8]
01-12 17:52:50.326 1116 1393 I dvm_lock_sample: [system_server,0,batterystats-handler,106,BatteryStatsService.java,2815,void com.android.server.am.BatteryStatsService.lambda$noteServiceStartLaunch$104$BatteryStatsService(int, java.lang.String, java.lang.String, long, long),BatteryExternalStatsWorker.java,696,void com.android.server.am.BatteryExternalStatsWorker.updateExternalStatsLocked(java.lang.String, int, boolean, boolean, int, boolean),21]
01-12 17:58:33.588 1116 1116 I notification_enqueue: [10187,2236,com.android.systemui,3,low_battery,-1,Notification(channel=BAT shortcut=null contentView=null vibrate=null sound=null defaults=0x0 flags=0x8 color=0xffff7043 actions=1 vis=PUBLIC),1]
01-12 18:00:43.070 1116 1378 I am_wtf : [0,1116,system_server,-1,ActivityManager,Sending non-protected broadcast com.lenovo.action.CAPSENSOR_SIM from system 1116:system/1000 pkg android]
01-12 18:00:43.096 2741 2741 D QtiRilInterface: Received com.lenovo.action.CAPSENSOR_SIM
01-12 18:00:43.096 2741 2741 D QtiRilInterface: capsensor_value is 2
01-12 18:00:43.096 1116 1378 I am_wtf : [0,1116,system_server,-1,ActivityManager,Sending non-protected broadcast com.lenovo.action.CAPSENSOR_SIM from system 1116:system/1000 pkg android]
01-12 18:01:19.813 1116 2185 I dvm_lock_sample: [system_server,1,Binder:1116_4,7,ActivityManagerService.java,12114,int com.android.server.am.ActivityManagerService.bindIsolatedService(android.app.IApplicationThread, android.os.IBinder, android.content.Intent, java.lang.String, android.app.IServiceConnection, int, java.lang.String, java.lang.String, int),BroadcastQueue.java,1053,void com.android.server.am.BroadcastQueue.processNextBroadcast(boolean),1]
01-12 18:01:19.942 1116 1378 I am_wtf : [0,1116,system_server,-1,ActivityManager,Sending non-protected broadcast com.lenovo.action.CAPSENSOR_SIM from system 1116:system/1000 pkg android]
01-12 18:01:19.951 1116 1378 I am_wtf : [0,1116,system_server,-1,ActivityManager,Sending non-protected broadcast com.lenovo.action.CAPSENSOR_SIM from system 1116:system/1000 pkg android]
01-12 18:01:19.952 2741 2741 D QtiRilInterface: Received com.lenovo.action.CAPSENSOR_SIM
01-12 18:01:19.952 2741 2741 D QtiRilInterface: capsensor_value is 3
01-12 18:02:23.523 1116 1564 I dvm_lock_sample: [system_server,1,PowerManagerService,1776,PowerManagerService.java,2979,void com.android.server.power.PowerManagerService.handleSandman(int),-,1430,void com.android.server.power.PowerManagerService.acquireWakeLockInternal(android.os.IBinder, int, int, java.lang.String, java.lang.String, android.os.WorkSource, java.lang.String, int, int),100]
01-12 18:07:22.592 1116 1936 I device_idle_light_step:
01-12 18:07:22.651 1116 2164 I netstats_mobile_sample: [0,0,0,0,0,0,0,0,0,0,0,0,1673546842651]
01-12 18:07:22.652 1116 2164 I netstats_wifi_sample: [17507688,15181,1263828,6512,17507728,15182,1263904,6513,45618715,33520,1260488,6432,1673546842651]
01-12 18:07:22.654 1116 1936 I device_idle_light: [6,s:alarm]
01-12 18:07:22.667 1116 1936 I device_idle_off_start: unknown
01-12 18:07:22.667 1116 1116 I notification_enqueue: [10120,4927,com.tblenovo.lewea,4927,NULL,0,Notification(channel=tblenovo.channel.WEATHER shortcut=null contentView=null vibrate=null sound=null defaults=0x0 flags=0x40 color=0x00000000 vis=PRIVATE),1]
01-12 18:07:22.708 1116 1116 I notification_enqueue: [10120,4927,com.tblenovo.lewea,4927,NULL,0,Notification(channel=tblenovo.channel.WEATHER shortcut=null contentView=com.tblenovo.lewea/0x7f090018 vibrate=null sound=null defaults=0x0 flags=0x50 color=0x00000000 vis=PUBLIC),1]
01-12 18:07:22.751 1116 1936 I device_idle_off_phase: net
01-12 18:07:22.757 1116 1116 I battery_saving_stats: [0,0,1,2733084,50770,1,7593414,101540,3]
01-12 18:07:22.759 1116 1936 I device_idle_off_complete:
01-12 18:07:22.869 13247 13273 I aggregation: 1673546842869
01-12 18:07:22.911 1116 1316 I commit_sys_config_file: [notification-policy,11526394]
01-12 18:07:27.015 2741 2741 D TelephonyNetworkFactory[0]: got request NetworkRequest [ REQUEST id=357, [ Capabilities: INTERNET&NOT_RESTRICTED&TRUSTED&NOT_VCN_MANAGED Uid: 10141 RequestorUid: 10141 RequestorPkg: com.google.android.tts UnderlyingNetworks: Null] ]
01-12 18:07:27.015 2741 2741 D TelephonyNetworkFactory[0]: onNeedNetworkFor NetworkRequest [ REQUEST id=357, [ Capabilities: INTERNET&NOT_RESTRICTED&TRUSTED&NOT_VCN_MANAGED Uid: 10141 RequestorUid: 10141 RequestorPkg: com.google.android.tts UnderlyingNetworks: Null] ] shouldApply false
01-12 18:07:27.793 1116 1936 I device_idle_light_step:
01-12 18:07:27.797 1116 1936 I device_idle_light: [4,s:early]
01-12 18:07:27.798 1116 1936 I device_idle_on_start:
01-12 18:07:27.900 1116 1936 I device_idle_on_phase: net
01-12 18:07:27.902 1116 1936 I device_idle_on_complete:
01-12 18:07:27.906 1116 1116 I battery_saving_stats: [0,0,0,5149,0,0,131766,0,0]
01-12 18:08:33.185 1116 1116 I notification_enqueue: [10187,2236,com.android.systemui,3,low_battery,-1,Notification(channel=BAT shortcut=null contentView=null vibrate=null sound=null defaults=0x0 flags=0x8 color=0xffff7043 actions=1 vis=PUBLIC),1]
01-12 18:11:43.959 1116 2195 I battery_level: [9,3665,229]
01-12 18:12:47.915 1116 1116 I dvm_lock_sample: [system_server,0,main,1771,BatteryService.java,812,void com.android.server.BatteryService.sendEnqueuedBatteryLevelChangedEvents(),-,498,void com.android.server.BatteryService.update(android.hardware.health.V2_1.HealthInfo),100]
01-12 18:12:47.917 1116 1564 I dvm_lock_sample: [system_server,1,PowerManagerService,1833,BatteryService.java,1390,boolean com.android.server.BatteryService$LocalService.isPowered(int),-,498,void com.android.server.BatteryService.update(android.hardware.health.V2_1.HealthInfo),100]
01-12 18:13:56.120 1116 1378 I am_wtf : [0,1116,system_server,-1,ActivityManager,Sending non-protected broadcast com.lenovo.action.CAPSENSOR_SIM from system 1116:system/1000 pkg android]
01-12 18:13:56.130 1116 1378 I am_wtf : [0,1116,system_server,-1,ActivityManager,Sending non-protected broadcast com.lenovo.action.CAPSENSOR_SIM from system 1116:system/1000 pkg android]
01-12 18:13:56.131 2741 2741 D QtiRilInterface: Received com.lenovo.action.CAPSENSOR_SIM
01-12 18:13:56.131 2741 2741 D QtiRilInterface: capsensor_value is 2
01-12 18:19:10.059 1116 3510 I dvm_lock_sample: [system_server,0,Binder:1116_E,13,ActivityManagerService.java,12158,void com.android.server.am.ActivityManagerService.serviceDoneExecuting(android.os.IBinder, int, int, int),,0,null,2]
