01-12 12:51:46.058 2741 2741 I CSST : canceling notifications: 1000
01-12 12:51:46.058 2741 2741 D Phone : isWifiCallingEnabled =false
01-12 12:51:46.058 2741 2741 D CSST : isPhoneRegisteredForWifiCalling: false
01-12 12:51:46.058 2741 2741 D Phone : isWifiCallingEnabled =false
01-12 12:51:46.058 2741 2741 I CSST : EmergencyNetworkNotification: sendMessage() w/values: ,-1,false,false,false
01-12 12:51:46.059 2741 2741 I CSST : canceling notifications: 1001
01-12 12:51:46.060 2741 2741 D EmergencyNumberTracker: updateRadioEmergencyNumberListAndNotify(): receiving [EmergencyNumber:Number-#911|CountryIso-|Mnc-|ServiceCategories-0|Urns-[]|Sources-1000|Routing-0, EmergencyNumber:Number-*911|CountryIso-|Mnc-|ServiceCategories-0|Urns-[]|Sources-1000|Routing-0, EmergencyNumber:Number-112|CountryIso-|Mnc-|ServiceCategories-0|Urns-[]|Sources-1000|Routing-0, EmergencyNumber:Number-911|CountryIso-|Mnc-|ServiceCategories-0|Urns-[]|Sources-1000|Routing-0]
01-12 12:51:46.064 2741 2741 D EmergencyNumberTracker: notifyEmergencyNumberList(): notified
01-12 12:51:46.074 2741 2741 D RILJ : [0008]> SEND_DEVICE_STATE 1:false [PHONE0]
01-12 12:51:46.078 2741 2959 D RILJ : [0008]< SEND_DEVICE_STATE [PHONE0]
01-12 12:51:46.080 2741 2741 D RILJ : [0009]> SEND_DEVICE_STATE 2:false [PHONE0]
01-12 12:51:46.083 2741 2741 D RILJ : [0010]> SEND_DEVICE_STATE 0:false [PHONE0]
01-12 12:51:46.084 2741 2959 D RILJ : [0009]< SEND_DEVICE_STATE [PHONE0]
01-12 12:51:46.086 2741 2741 D RILJ : [0011]> SET_UNSOLICITED_RESPONSE_FILTER -1 [PHONE0]
01-12 12:51:46.088 2741 2741 D RILJ : [0012]> SET_SIGNAL_STRENGTH_REPORTING_CRITERIA [PHONE0]
01-12 12:51:46.089 2741 2959 D RILJ : [0010]< SEND_DEVICE_STATE [PHONE0]
01-12 12:51:46.090 2741 2741 D RILJ : [0013]> SET_SIGNAL_STRENGTH_REPORTING_CRITERIA [PHONE0]
01-12 12:51:46.091 2741 2741 D RILJ : [0014]> SET_SIGNAL_STRENGTH_REPORTING_CRITERIA [PHONE0]
01-12 12:51:46.098 2741 2741 D RILJ : [0015]> SET_SIGNAL_STRENGTH_REPORTING_CRITERIA [PHONE0]
01-12 12:51:46.098 2741 2959 D RILJ : [0011]< SET_UNSOLICITED_RESPONSE_FILTER [PHONE0]
01-12 12:51:46.100 2741 2741 D RILJ : [0016]> SET_LINK_CAPACITY_REPORTING_CRITERIA [PHONE0]
01-12 12:51:46.102 2741 2741 D RILJ : [0017]> SET_LINK_CAPACITY_REPORTING_CRITERIA [PHONE0]
01-12 12:51:46.105 2741 2741 D RILJ : [0018]> SET_LINK_CAPACITY_REPORTING_CRITERIA [PHONE0]
01-12 12:51:46.107 2741 2741 D RILJ : [0019]> SET_LINK_CAPACITY_REPORTING_CRITERIA [PHONE0]
01-12 12:51:46.108 2741 2741 D NetworkTypeController: [0] DefaultState: process EVENT_INITIALIZE
01-12 12:51:46.108 2741 2741 D RadioConfig: RIL_REQUEST_GET_HAL_DEVICE_CAPABILITIES > REQUEST_NOT_SUPPORTED
01-12 12:51:46.108 2741 2741 D RadioConfigResponse: Radio Hal Version = 1.4
01-12 12:51:46.109 2741 2973 E RadioInterfaceCapabilityController: setupRadioInterfaceCapabilities: com.android.internal.telephony.CommandException: REQUEST_NOT_SUPPORTED
01-12 12:51:46.109 2741 2973 D RadioInterfaceCapabilityController: setupRadioInterfaceCapabilities: mRadioInterfaceCapabilities now setup
01-12 12:51:46.115 2741 2959 D RILJ : [0016]< SET_LINK_CAPACITY_REPORTING_CRITERIA error 6 [PHONE0]
01-12 12:51:46.116 2741 2959 D RilRequest: [0016]< SET_LINK_CAPACITY_REPORTING_CRITERIA error: com.android.internal.telephony.CommandException: REQUEST_NOT_SUPPORTED ret= result=null
01-12 12:51:46.117 2741 2959 D RILJ : [0012]< SET_SIGNAL_STRENGTH_REPORTING_CRITERIA [PHONE0]
01-12 12:51:46.118 2741 2959 D RILJ : [0013]< SET_SIGNAL_STRENGTH_REPORTING_CRITERIA [PHONE0]
01-12 12:51:46.119 2741 2959 D RILJ : [0014]< SET_SIGNAL_STRENGTH_REPORTING_CRITERIA [PHONE0]
01-12 12:51:46.120 2741 2959 D RILJ : [0017]< SET_LINK_CAPACITY_REPORTING_CRITERIA [PHONE0]
01-12 12:51:46.120 2741 2959 D RILJ : [0015]< SET_SIGNAL_STRENGTH_REPORTING_CRITERIA [PHONE0]
01-12 12:51:46.122 2741 2741 D NetworkTypeController: [0] mOverrideTimerRules: {connected={mState=connected, mOverrideType=NR_NSA, mPrimaryTimers={}, mSecondaryTimers={}}, not_restricted_rrc_con={mState=not_restricted_rrc_con, mOverrideType=NR_NSA, mPrimaryTimers={}, mSecondaryTimers={}}, legacy={mState=legacy, mOverrideType=NONE, mPrimaryTimers={}, mSecondaryTimers={}}, not_restricted_rrc_idle={mState=not_restricted_rrc_idle, mOverrideType=NR_NSA, mPrimaryTimers={}, mSecondaryTimers={}}, restricted={mState=restricted, mOverrideType=NONE, mPrimaryTimers={}, mSecondaryTimers={}}, connected_mmwave={mState=connected_mmwave, mOverrideType=NR_NSA, mPrimaryTimers={}, mSecondaryTimers={}}}
01-12 12:51:46.123 2741 2741 D NetworkTypeController: [0] DefaultState: process EVENT_UPDATE
01-12 12:51:46.123 2741 2741 D NetworkTypeController: [0] Remove all timers
01-12 12:51:46.123 2741 2741 D NetworkTypeController: [0] Entering LegacyState
01-12 12:51:46.124 2741 2741 D NetworkTypeController: [0] Remove all timers
01-12 12:51:46.124 2741 2741 D DisplayInfoController: TelephonyDisplayInfo[0] changed from null to TelephonyDisplayInfo {network=UNKNOWN, override=NONE}
01-12 12:51:46.128 2741 2959 D RILJ : [0018]< SET_LINK_CAPACITY_REPORTING_CRITERIA [PHONE0]
01-12 12:51:46.129 2741 2959 D RILJ : [0019]< SET_LINK_CAPACITY_REPORTING_CRITERIA error 6 [PHONE0]
01-12 12:51:46.129 2741 2959 D RilRequest: [0019]< SET_LINK_CAPACITY_REPORTING_CRITERIA error: com.android.internal.telephony.CommandException: REQUEST_NOT_SUPPORTED ret= result=null
01-12 12:51:46.148 2741 2741 D QtiDCT-C: [0]EVENT_DATA_ENABLED_CHANGED
01-12 12:51:46.148 2741 2741 D QtiDCT-C: [0]onDataEnabledChanged: enable=true, enabledChangedReason=0
01-12 12:51:46.149 2741 2741 D QtiDCT-C: [0]setupDataOnAllConnectableApns: dataEnabled mcx:[state=IDLE,enabled=false] xcap:[state=IDLE,enabled=false] hipri:[state=IDLE,enabled=false] fota:[state=IDLE,enabled=false] ims:[state=IDLE,enabled=false] cbs:[state=IDLE,enabled=false] ia:[state=IDLE,enabled=false] emergency:[state=IDLE,enabled=false] mms:[state=IDLE,enabled=false] supl:[state=IDLE,enabled=false] dun:[state=IDLE,enabled=false] default:[state=IDLE,enabled=false] enterprise:[state=IDLE,enabled=false]
01-12 12:51:46.149 2741 2741 D QtiDCT-C: [0]EVENT_DATA_ENABLED_OVERRIDE_RULES_CHANGED
01-12 12:51:46.149 2741 2741 D QtiDCT-C: [0]onDataEnabledOverrideRulesChanged
01-12 12:51:46.152 2741 2741 D QtiDCT-C: [0]shouldRestrictDataForEcbm: isInEcm=false isInImsEcm=false
01-12 12:51:46.156 2741 2741 D SubscriptionController: [getActiveSubscriptionInfo]- subId=-1 subList=[] subInfo=null
01-12 12:51:46.158 2741 2741 D QtiDCT-C: [0]shouldRestrictDataForEcbm: isInEcm=false isInImsEcm=false
01-12 12:51:46.162 2741 2741 D SubscriptionController: [getActiveSubscriptionInfo]- subId=-1 subList=[] subInfo=null
01-12 12:51:46.164 2741 2741 D QtiDCT-C: [0]shouldRestrictDataForEcbm: isInEcm=false isInImsEcm=false
01-12 12:51:46.168 2741 2741 D SubscriptionController: [getActiveSubscriptionInfo]- subId=-1 subList=[] subInfo=null
01-12 12:51:46.170 2741 2741 D QtiDCT-C: [0]shouldRestrictDataForEcbm: isInEcm=false isInImsEcm=false
01-12 12:51:46.174 2741 2741 D SubscriptionController: [getActiveSubscriptionInfo]- subId=-1 subList=[] subInfo=null
01-12 12:51:46.177 2741 2741 D QtiDCT-C: [0]shouldRestrictDataForEcbm: isInEcm=false isInImsEcm=false
01-12 12:51:46.180 2741 2741 D SubscriptionController: [getActiveSubscriptionInfo]- subId=-1 subList=[] subInfo=null
01-12 12:51:46.185 2741 2741 D QtiDCT-C: [0]shouldRestrictDataForEcbm: isInEcm=false isInImsEcm=false
01-12 12:51:46.189 2741 2741 D SubscriptionController: [getActiveSubscriptionInfo]- subId=-1 subList=[] subInfo=null
01-12 12:51:46.192 2741 2741 D QtiDCT-C: [0]shouldRestrictDataForEcbm: isInEcm=false isInImsEcm=false
01-12 12:51:46.195 2741 2741 D SubscriptionController: [getActiveSubscriptionInfo]- subId=-1 subList=[] subInfo=null
01-12 12:51:46.197 2741 2741 D QtiDCT-C: [0]shouldRestrictDataForEcbm: isInEcm=false isInImsEcm=false
01-12 12:51:46.200 2741 2741 D SubscriptionController: [getActiveSubscriptionInfo]- subId=-1 subList=[] subInfo=null
01-12 12:51:46.202 2741 2741 D QtiDCT-C: [0]shouldRestrictDataForEcbm: isInEcm=false isInImsEcm=false
01-12 12:51:46.206 2741 2741 D SubscriptionController: [getActiveSubscriptionInfo]- subId=-1 subList=[] subInfo=null
01-12 12:51:46.208 2741 2741 D QtiDCT-C: [0]shouldRestrictDataForEcbm: isInEcm=false isInImsEcm=false
01-12 12:51:46.211 2741 2741 D SubscriptionController: [getActiveSubscriptionInfo]- subId=-1 subList=[] subInfo=null
01-12 12:51:46.213 2741 2741 D QtiDCT-C: [0]shouldRestrictDataForEcbm: isInEcm=false isInImsEcm=false
01-12 12:51:46.216 2741 2741 D SubscriptionController: [getActiveSubscriptionInfo]- subId=-1 subList=[] subInfo=null
01-12 12:51:46.218 2741 2741 D QtiDCT-C: [0]shouldRestrictDataForEcbm: isInEcm=false isInImsEcm=false
01-12 12:51:46.222 2741 2741 D SubscriptionController: [getActiveSubscriptionInfo]- subId=-1 subList=[] subInfo=null
01-12 12:51:46.224 2741 2741 D QtiDCT-C: [0]shouldRestrictDataForEcbm: isInEcm=false isInImsEcm=false
01-12 12:51:46.225 1116 1317 I user_activity_timeout_override: 10000
01-12 12:51:46.227 2741 2741 D SubscriptionController: [getActiveSubscriptionInfo]- subId=-1 subList=[] subInfo=null
01-12 12:51:46.228 2741 2741 D QtiDCT-C: [0]onRadioOffOrNotAvailable: is off and clean up all connections
01-12 12:51:46.229 2741 2741 D QtiDCT-C: [0]cleanUpAllConnectionsInternal: detach=false reason=radioTurnedOff
01-12 12:51:46.229 2741 2741 D QtiDCT-C: [0]cleanUpConnectionInternal: X detach=false reason=radioTurnedOff apnContext={mApnType=xcap mState=IDLE mWaitingApns={[] priority=3} mApnSetting={null} mReason=radioTurnedOff mDataEnabled=false} dc=null
01-12 12:51:46.230 2741 2741 D QtiDCT-C: [0]cleanUpConnectionInternal: X detach=false reason=radioTurnedOff apnContext={mApnType=mcx mState=IDLE mWaitingApns={[] priority=3} mApnSetting={null} mReason=radioTurnedOff mDataEnabled=false} dc=null
01-12 12:51:46.230 2741 2741 D QtiDCT-C: [0]cleanUpConnectionInternal: X detach=false reason=radioTurnedOff apnContext={mApnType=fota mState=IDLE mWaitingApns={[] priority=2} mApnSetting={null} mReason=radioTurnedOff mDataEnabled=false} dc=null
01-12 12:51:46.230 2741 2741 D QtiDCT-C: [0]cleanUpConnectionInternal: X detach=false reason=radioTurnedOff apnContext={mApnType=enterprise mState=IDLE mWaitingApns={[] priority=0} mApnSetting={null} mReason=radioTurnedOff mDataEnabled=false} dc=null
01-12 12:51:46.230 2741 2741 D QtiDCT-C: [0]cleanUpConnectionInternal: X detach=false reason=radioTurnedOff apnContext={mApnType=supl mState=IDLE mWaitingApns={[] priority=2} mApnSetting={null} mReason=radioTurnedOff mDataEnabled=false} dc=null
01-12 12:51:46.231 2741 2741 D QtiDCT-C: [0]cleanUpConnectionInternal: X detach=false reason=radioTurnedOff apnContext={mApnType=emergency mState=IDLE mWaitingApns={[] priority=2} mApnSetting={null} mReason=radioTurnedOff mDataEnabled=false} dc=null
01-12 12:51:46.231 2741 2741 D QtiDCT-C: [0]cleanUpConnectionInternal: X detach=false reason=radioTurnedOff apnContext={mApnType=hipri mState=IDLE mWaitingApns={[] priority=3} mApnSetting={null} mReason=radioTurnedOff mDataEnabled=false} dc=null
01-12 12:51:46.231 2741 2741 D QtiDCT-C: [0]cleanUpConnectionInternal: X detach=false reason=radioTurnedOff apnContext={mApnType=ims mState=IDLE mWaitingApns={[] priority=2} mApnSetting={null} mReason=radioTurnedOff mDataEnabled=false} dc=null
01-12 12:51:46.233 2741 2741 D QtiDCT-C: [0]cleanUpConnectionInternal: X detach=false reason=radioTurnedOff apnContext={mApnType=mms mState=IDLE mWaitingApns={[] priority=2} mApnSetting={null} mReason=radioTurnedOff mDataEnabled=false} dc=null
01-12 12:51:46.234 2741 2741 D QtiDCT-C: [0]cleanUpConnectionInternal: X detach=false reason=radioTurnedOff apnContext={mApnType=default mState=IDLE mWaitingApns={[] priority=1} mApnSetting={null} mReason=radioTurnedOff mDataEnabled=false} dc=null
01-12 12:51:46.235 2741 2741 D QtiDCT-C: [0]cleanUpConnectionInternal: X detach=false reason=radioTurnedOff apnContext={mApnType=cbs mState=IDLE mWaitingApns={[] priority=2} mApnSetting={null} mReason=radioTurnedOff mDataEnabled=false} dc=null
01-12 12:51:46.235 2741 2741 D QtiDCT-C: [0]cleanUpConnectionInternal: X detach=false reason=radioTurnedOff apnContext={mApnType=ia mState=IDLE mWaitingApns={[] priority=2} mApnSetting={null} mReason=radioTurnedOff mDataEnabled=false} dc=null
01-12 12:51:46.236 2741 2741 D QtiDCT-C: [0]cleanUpConnectionInternal: X detach=false reason=radioTurnedOff apnContext={mApnType=dun mState=IDLE mWaitingApns={[] priority=2} mApnSetting={null} mReason=radioTurnedOff mDataEnabled=false} dc=null
01-12 12:51:46.237 2741 2741 D QtiDCT-C: [0]stopNetStatPoll
01-12 12:51:46.240 2741 2741 D QtiDCT-C: [0]notify all data disconnected
01-12 12:51:46.241 2741 2741 D QtiDCT-C: [0]onDataConnectionDetached: stop polling and notify detached
01-12 12:51:46.241 2741 2741 D QtiDCT-C: [0]stopNetStatPoll
01-12 12:51:46.246 2741 2741 D QtiDCT-C: [0]onDataRoamingOff
01-12 12:51:46.249 2741 2741 D QtiDCT-C: [0]setDataProfilesAsNeeded
01-12 12:51:46.253 2741 2741 E DCT-C-0 : getPreferredApnSetId: cursor is null
01-12 12:51:46.270 2741 2741 D QtiDCT-C: [0]getPreferredApn: X not found
01-12 12:51:46.271 2741 2741 D DSM-C-0 : setDataProfile
01-12 12:51:46.271 2741 2741 E DSM-C-0 : Data service not bound.
01-12 12:51:46.272 2741 2741 E DCT-C-0 : getPreferredApnSetId: cursor is null
01-12 12:51:46.273 2741 2741 D QtiDCT-C: [0]enablesTethering: mWifiTetherApnFlag=false, mUsbTetherApnFlag=false, mBtTetherApnFlag=false, mEthernetTetherApnFlag=false
01-12 12:51:46.273 2741 2741 D QtiDCT-C: [0]enablesTethering: return false
01-12 12:51:46.277 2741 2741 D QtiDCT-C: [0]setInitialAttachApn: Allowed APN types=ia,default,mms,dun
01-12 12:51:46.278 2741 2741 D QtiDCT-C: [0]setInitialAttachApn: X There in no available apn.
01-12 12:51:46.278 2741 2741 D QtiDCT-C: [0]setupDataOnAllConnectableApns: roamingOff mcx:[state=IDLE,enabled=false] xcap:[state=IDLE,enabled=false] hipri:[state=IDLE,enabled=false] fota:[state=IDLE,enabled=false] ims:[state=IDLE,enabled=false] cbs:[state=IDLE,enabled=false] ia:[state=IDLE,enabled=false] emergency:[state=IDLE,enabled=false] mms:[state=IDLE,enabled=false] supl:[state=IDLE,enabled=false] dun:[state=IDLE,enabled=false] default:[state=IDLE,enabled=false] enterprise:[state=IDLE,enabled=false]
01-12 12:51:46.278 2741 2741 D QtiDCT-C: [0]Data RAT is unknown or no change, mCurrentDataRat=0
01-12 12:51:46.278 2741 2741 D QtiDCT-C: [0]EVENT_GET_ENHANCED_RADIO_CAPABILITY
01-12 12:51:46.279 2741 2741 D CarrierResolver: handleMessage: 2
01-12 12:51:46.279 2741 2741 D QtiGsmCdmaPhone: handleMessage: Event: 46
01-12 12:51:46.279 2741 2741 D VendorGsmCdmaPhone: handleMessage: Event: 46
01-12 12:51:46.279 2741 2741 D GsmCdmaPhone: [0] onVoiceRegStateOrRatChanged
01-12 12:51:46.279 2741 2741 D GsmCdmaPhone: [0] getCsCallRadioTech, current vrs=1, vrat=0
01-12 12:51:46.279 2741 2741 D GsmCdmaPhone: [0] getCsCallRadioTech, result calcVrat=0
01-12 12:51:46.279 2741 2741 D QtiGsmCdmaPhone: handleMessage: Event: 163
01-12 12:51:46.279 2741 2741 D VendorGsmCdmaPhone: handleMessage: Event: 163
01-12 12:51:46.279 2741 2741 D QtiDCT-C: [0]EVENT_DATA_ENABLED_CHANGED
01-12 12:51:46.280 2741 2741 D QtiDCT-C: [0]onDataEnabledChanged: enable=true, enabledChangedReason=0
01-12 12:51:46.280 2741 2741 D QtiDCT-C: [0]setupDataOnAllConnectableApns: dataEnabled mcx:[state=IDLE,enabled=false] xcap:[state=IDLE,enabled=false] hipri:[state=IDLE,enabled=false] fota:[state=IDLE,enabled=false] ims:[state=IDLE,enabled=false] cbs:[state=IDLE,enabled=false] ia:[state=IDLE,enabled=false] emergency:[state=IDLE,enabled=false] mms:[state=IDLE,enabled=false] supl:[state=IDLE,enabled=false] dun:[state=IDLE,enabled=false] default:[state=IDLE,enabled=false] enterprise:[state=IDLE,enabled=false]
01-12 12:51:46.280 2741 2741 D PhoneSwitcher: handle event - 114
01-12 12:51:46.280 2741 2741 D PhoneSwitcher: subscription info isn't initialized yet
01-12 12:51:46.292 2741 2741 D TelephonyNetworkFactory[0]: onActivePhoneSwitch: set primary flag for phoneId: 0
01-12 12:51:46.296 2741 2741 D QtiUiccCardProvisioner: Event RADIO_NOT_AVAILABLE
01-12 12:51:46.297 2741 2741 E QtiUiccCardProvisioner: Error: Invalid card index EVENT_ICC_CHANGED
01-12 12:51:46.298 2741 2741 D DebugService: DebugService DebugService:
01-12 12:51:46.306 2741 2741 D QtiDCT-C: [0]ExtTelephony Service connected
01-12 12:51:46.315 2741 2741 D QtiDCT-C: [0]Client = Client{mId=0, mUid=1001, mPackageName='com.android.phone', mCallback=com.qualcomm.qti.internal.telephony.dataconnection.QtiDcTracker$2@edbb331}
01-12 12:51:46.325 2741 2741 D QtiDCT-C: [0]isCiwlanFeatureEnabledByPlatform: false
01-12 12:51:46.325 2741 2741 D PhoneSwitcher: ExtTelephony Service connected
01-12 12:51:46.331 2741 2741 D PhoneSwitcher: Client = Client{mId=1, mUid=1001, mPackageName='com.android.phone', mCallback=com.qualcomm.qti.internal.telephony.QtiPhoneSwitcher$2@d0a6a16}
01-12 12:51:46.333 2741 2741 D QtiPhoneUtils: mExtTelManagerServiceCallback: service connected Client{mId=2, mUid=1001, mPackageName='com.android.phone', mCallback=com.qualcomm.qti.internal.telephony.QtiPhoneUtils$2@cc60f97}
01-12 12:51:46.334 2741 2741 D QtiGsmCdmaPhone: handleMessage: Event: 30
01-12 12:51:46.334 2741 2741 D VendorGsmCdmaPhone: handleMessage: Event: 30
01-12 12:51:46.335 2741 2741 D GsmSMSDispatcher: GsmSMSDispatcher: subId = -1 slotId = 0
01-12 12:51:46.335 2741 2741 D SST : [0] handleMessage: received event 42
01-12 12:51:46.335 2741 2741 D SST : [0] EVENT_ICC_CHANGED: SIM absent
01-12 12:51:46.335 2741 2741 D SST : [0] cancelAllNotifications: mPrevSubId=-1
01-12 12:51:46.337 2741 2741 D SST : [0] updateSpnDisplayLegacy+
01-12 12:51:46.343 2741 2741 D SST : [0] updateSpnDisplay: radio is on but out of service, set plmn='No service'
01-12 12:51:46.347 2741 2741 D SST : [0] updateSpnDisplay: rawSpn =
01-12 12:51:46.347 2741 2741 D SST : [0] updateSpnDisplayLegacy-
01-12 12:51:46.348 2741 2741 D CarrierResolver: handleMessage: 2
01-12 12:51:46.348 2741 2741 D QtiUiccCardProvisioner: updateIccAvailability, uicc card null, ignore 0
01-12 12:51:46.348 2741 2741 D ImsSmsDispatcher [0]: ImsManager: connection unavailable, reason=2
01-12 12:51:46.349 2741 2741 D GsmCdmaCallTracker: Event EVENT_POLL_CALLS_RESULT Received
01-12 12:51:46.349 2741 2741 D GsmCdmaCallTracker: [0] update phone state, old=IDLE new=IDLE
01-12 12:51:46.350 2741 2741 D QtiUiccCardProvisioner: query provision info, card state[0] = CARDSTATE_ABSENT
01-12 12:51:46.350 2741 2741 D SST : [0] SubscriptionListener.onSubscriptionInfoChanged
01-12 12:51:46.363 2741 2741 D NetworkService: network service created
01-12 12:51:46.365 2741 2741 D NetworkTypeController: [0] LegacyState: process EVENT_DATA_RAT_CHANGED
01-12 12:51:46.365 2741 2741 D NetworkTypeController: [0] Remove all timers
01-12 12:51:46.366 2741 2741 D NetworkTypeController: [0] Remove all timers
01-12 12:51:46.366 2741 2741 D QtiDCT-C: [0]reevaluateCongestedConnections
01-12 12:51:46.367 2741 2741 D QtiDCT-C: [0]reevaluateUnmeteredConnections
01-12 12:51:46.367 2741 2741 D QtiDCT-C: [0]isNetworkTypeUnmeteredViaSubscriptionPlan: networkType=20, isUnmetered=false
01-12 12:51:46.367 2741 2741 D QtiDCT-C: [0]isNetworkTypeUnmeteredViaSubscriptionPlan: networkType=0, isUnmetered=false
01-12 12:51:46.371 2741 2741 D DataService: Data service created
01-12 12:51:46.377 2741 2741 D TelephonyNetworkFactory[0]: got request NetworkRequest [ REQUEST id=37, [ Capabilities: INTERNET&NOT_RESTRICTED&TRUSTED&NOT_VCN_MANAGED Uid: 10088 RequestorUid: 1000 RequestorPkg: android UnderlyingNetworks: Null] ]
01-12 12:51:46.378 2741 2741 D TelephonyNetworkFactory[0]: got request NetworkRequest [ REQUEST id=48, [ Capabilities: INTERNET&NOT_RESTRICTED&TRUSTED&NOT_VCN_MANAGED Uid: 10187 RequestorUid: 10187 RequestorPkg: com.android.systemui UnderlyingNetworks: Null] ]
01-12 12:51:46.379 2741 2741 D TelephonyNetworkFactory[0]: got request NetworkRequest [ BACKGROUND_REQUEST id=2, [ Transports: CELLULAR Capabilities: INTERNET&NOT_RESTRICTED&TRUSTED&NOT_VPN&NOT_VCN_MANAGED RequestorUid: 1000 RequestorPkg: android UnderlyingNetworks: Null] ]
01-12 12:51:46.379 2741 2741 D TelephonyNetworkFactory[0]: got request NetworkRequest [ REQUEST id=35, [ Capabilities: INTERNET&NOT_RESTRICTED&TRUSTED&NOT_VCN_MANAGED Uid: 10129 RequestorUid: 1000 RequestorPkg: android UnderlyingNetworks: Null] ]
01-12 12:51:46.380 2741 2741 D TelephonyNetworkFactory[0]: got request NetworkRequest [ REQUEST id=33, [ Capabilities: INTERNET&NOT_RESTRICTED&TRUSTED&NOT_VCN_MANAGED Uid: 10137 RequestorUid: 1000 RequestorPkg: android UnderlyingNetworks: Null] ]
01-12 12:51:46.380 2741 2741 D TelephonyNetworkFactory[0]: got request NetworkRequest [ REQUEST id=41, [ Capabilities: INTERNET&NOT_RESTRICTED&TRUSTED&NOT_VCN_MANAGED Uid: 1073 RequestorUid: 1073 RequestorPkg: com.google.android.networkstack UnderlyingNetworks: Null] ]
01-12 12:51:46.381 2741 2741 D TelephonyNetworkFactory[0]: got request NetworkRequest [ REQUEST id=19, [ Capabilities: INTERNET&NOT_RESTRICTED&TRUSTED&NOT_VCN_MANAGED Uid: 10169 RequestorUid: 1000 RequestorPkg: android UnderlyingNetworks: Null] ]
01-12 12:51:46.381 2741 2741 D TelephonyNetworkFactory[0]: got request NetworkRequest [ REQUEST id=29, [ Capabilities: INTERNET&NOT_RESTRICTED&TRUSTED&NOT_VCN_MANAGED Uid: 10145 RequestorUid: 1000 RequestorPkg: android UnderlyingNetworks: Null] ]
01-12 12:51:46.381 2741 2741 D TelephonyNetworkFactory[0]: got request NetworkRequest [ REQUEST id=31, [ Capabilities: INTERNET&NOT_RESTRICTED&TRUSTED&NOT_VCN_MANAGED Uid: 10143 RequestorUid: 1000 RequestorPkg: android UnderlyingNetworks: Null] ]
01-12 12:51:46.381 2741 2741 D TelephonyNetworkFactory[0]: got request NetworkRequest [ REQUEST id=1, [ Capabilities: INTERNET&NOT_RESTRICTED&TRUSTED&NOT_VPN&NOT_VCN_MANAGED RequestorUid: 1000 RequestorPkg: android UnderlyingNetworks: Null] ]
01-12 12:51:46.382 2741 2741 D TelephonyNetworkFactory[0]: got request NetworkRequest [ REQUEST id=25, [ Capabilities: INTERNET&NOT_RESTRICTED&TRUSTED&NOT_VCN_MANAGED Uid: 10155 RequestorUid: 1000 RequestorPkg: android UnderlyingNetworks: Null] ]
01-12 12:51:46.382 2741 2741 D TelephonyNetworkFactory[0]: got request NetworkRequest [ REQUEST id=39, [ Capabilities: INTERNET&NOT_RESTRICTED&TRUSTED&NOT_VCN_MANAGED Uid: 1000 RequestorUid: 1000 RequestorPkg: android UnderlyingNetworks: Null] ]
01-12 12:51:46.382 2741 2741 D TelephonyNetworkFactory[0]: got request NetworkRequest [ REQUEST id=52, [ Capabilities: INTERNET&NOT_RESTRICTED&TRUSTED&NOT_VCN_MANAGED Uid: 1001 RequestorUid: 1001 RequestorPkg: com.android.phone UnderlyingNetworks: Null] ]
01-12 12:51:46.383 2741 2741 D TelephonyNetworkFactory[0]: got request NetworkRequest [ REQUEST id=17, [ Capabilities: INTERNET&NOT_RESTRICTED&TRUSTED&NOT_VCN_MANAGED Uid: 10170 RequestorUid: 1000 RequestorPkg: android UnderlyingNetworks: Null] ]
01-12 12:51:46.383 2741 2741 D TelephonyNetworkFactory[0]: got request NetworkRequest [ REQUEST id=15, [ Capabilities: INTERNET&NOT_RESTRICTED&TRUSTED&NOT_VCN_MANAGED Uid: 10177 RequestorUid: 1000 RequestorPkg: android UnderlyingNetworks: Null] ]
01-12 12:51:46.383 2741 2741 D TelephonyNetworkFactory[0]: got request NetworkRequest [ REQUEST id=23, [ Capabilities: INTERNET&NOT_RESTRICTED&TRUSTED&NOT_VCN_MANAGED Uid: 10156 RequestorUid: 1000 RequestorPkg: android UnderlyingNetworks: Null] ]
01-12 12:51:46.384 2741 2741 D TelephonyNetworkFactory[0]: got request NetworkRequest [ REQUEST id=7, [ Capabilities: INTERNET&NOT_RESTRICTED&TRUSTED&NOT_VCN_MANAGED Uid: 1000 RequestorUid: 1000 RequestorPkg: android UnderlyingNetworks: Null] ]
01-12 12:51:46.384 2741 2741 D TelephonyNetworkFactory[0]: got request NetworkRequest [ REQUEST id=21, [ Capabilities: INTERNET&NOT_RESTRICTED&TRUSTED&NOT_VCN_MANAGED Uid: 10168 RequestorUid: 1000 RequestorPkg: android UnderlyingNetworks: Null] ]
01-12 12:51:46.386 2741 2741 D TelephonyNetworkFactory[0]: got request NetworkRequest [ REQUEST id=27, [ Capabilities: INTERNET&NOT_RESTRICTED&TRUSTED&NOT_VCN_MANAGED Uid: 10150 RequestorUid: 1000 RequestorPkg: android UnderlyingNetworks: Null] ]
01-12 12:51:46.387 2741 2741 D TelephonyNetworkFactory[0]: got request NetworkRequest [ REQUEST id=46, [ Capabilities: INTERNET&NOT_RESTRICTED&TRUSTED&NOT_VCN_MANAGED Uid: 10187 RequestorUid: 10187 RequestorPkg: com.android.systemui UnderlyingNetworks: Null] ]
01-12 12:51:46.387 2741 2741 D QtiDCT-C: [0]EVENT_QTI_SUBSCRIPTION_CHANGED
01-12 12:51:46.388 2741 2741 D PhoneSwitcher: handle event - 102
01-12 12:51:46.388 2741 2741 D PhoneSwitcher: subscription info isn't initialized yet
01-12 12:51:46.389 2741 2741 D NRM-C-0 : service ComponentInfo{com.android.phone/com.android.internal.telephony.CellularNetworkService} for transport WWAN is now connected.
01-12 12:51:46.390 2741 2741 D DSM-C-0 : onServiceConnected
01-12 12:51:46.397 2741 3068 D CellularDataService: Cellular data service created for slot 0
01-12 12:51:46.398 2741 2741 D TelephonyNetworkFactory[0]: onNeedNetworkFor NetworkRequest [ REQUEST id=37, [ Capabilities: INTERNET&NOT_RESTRICTED&TRUSTED&NOT_VCN_MANAGED Uid: 10088 RequestorUid: 1000 RequestorPkg: android UnderlyingNetworks: Null] ] shouldApply false
01-12 12:51:46.399 2741 2741 D TelephonyNetworkFactory[0]: onNeedNetworkFor NetworkRequest [ REQUEST id=48, [ Capabilities: INTERNET&NOT_RESTRICTED&TRUSTED&NOT_VCN_MANAGED Uid: 10187 RequestorUid: 10187 RequestorPkg: com.android.systemui UnderlyingNetworks: Null] ] shouldApply false
01-12 12:51:46.399 2741 2741 D TelephonyNetworkFactory[0]: onNeedNetworkFor NetworkRequest [ BACKGROUND_REQUEST id=2, [ Transports: CELLULAR Capabilities: INTERNET&NOT_RESTRICTED&TRUSTED&NOT_VPN&NOT_VCN_MANAGED RequestorUid: 1000 RequestorPkg: android UnderlyingNetworks: Null] ] shouldApply false
01-12 12:51:46.400 2741 2741 D TelephonyNetworkFactory[0]: onNeedNetworkFor NetworkRequest [ REQUEST id=35, [ Capabilities: INTERNET&NOT_RESTRICTED&TRUSTED&NOT_VCN_MANAGED Uid: 10129 RequestorUid: 1000 RequestorPkg: android UnderlyingNetworks: Null] ] shouldApply false
01-12 12:51:46.400 2741 2741 D TelephonyNetworkFactory[0]: onNeedNetworkFor NetworkRequest [ REQUEST id=33, [ Capabilities: INTERNET&NOT_RESTRICTED&TRUSTED&NOT_VCN_MANAGED Uid: 10137 RequestorUid: 1000 RequestorPkg: android UnderlyingNetworks: Null] ] shouldApply false
01-12 12:51:46.400 2741 2741 D TelephonyNetworkFactory[0]: onNeedNetworkFor NetworkRequest [ REQUEST id=41, [ Capabilities: INTERNET&NOT_RESTRICTED&TRUSTED&NOT_VCN_MANAGED Uid: 1073 RequestorUid: 1073 RequestorPkg: com.google.android.networkstack UnderlyingNetworks: Null] ] shouldApply false
01-12 12:51:46.401 2741 2741 D TelephonyNetworkFactory[0]: onNeedNetworkFor NetworkRequest [ REQUEST id=19, [ Capabilities: INTERNET&NOT_RESTRICTED&TRUSTED&NOT_VCN_MANAGED Uid: 10169 RequestorUid: 1000 RequestorPkg: android UnderlyingNetworks: Null] ] shouldApply false
01-12 12:51:46.401 2741 2741 D TelephonyNetworkFactory[0]: onNeedNetworkFor NetworkRequest [ REQUEST id=29, [ Capabilities: INTERNET&NOT_RESTRICTED&TRUSTED&NOT_VCN_MANAGED Uid: 10145 RequestorUid: 1000 RequestorPkg: android UnderlyingNetworks: Null] ] shouldApply false
01-12 12:51:46.401 2741 2741 D TelephonyNetworkFactory[0]: onNeedNetworkFor NetworkRequest [ REQUEST id=31, [ Capabilities: INTERNET&NOT_RESTRICTED&TRUSTED&NOT_VCN_MANAGED Uid: 10143 RequestorUid: 1000 RequestorPkg: android UnderlyingNetworks: Null] ] shouldApply false
01-12 12:51:46.402 2741 2741 D TelephonyNetworkFactory[0]: onNeedNetworkFor NetworkRequest [ REQUEST id=1, [ Capabilities: INTERNET&NOT_RESTRICTED&TRUSTED&NOT_VPN&NOT_VCN_MANAGED RequestorUid: 1000 RequestorPkg: android UnderlyingNetworks: Null] ] shouldApply false
01-12 12:51:46.402 2741 2741 D TelephonyNetworkFactory[0]: onNeedNetworkFor NetworkRequest [ REQUEST id=25, [ Capabilities: INTERNET&NOT_RESTRICTED&TRUSTED&NOT_VCN_MANAGED Uid: 10155 RequestorUid: 1000 RequestorPkg: android UnderlyingNetworks: Null] ] shouldApply false
01-12 12:51:46.403 2741 2741 D TelephonyNetworkFactory[0]: onNeedNetworkFor NetworkRequest [ REQUEST id=39, [ Capabilities: INTERNET&NOT_RESTRICTED&TRUSTED&NOT_VCN_MANAGED Uid: 1000 RequestorUid: 1000 RequestorPkg: android UnderlyingNetworks: Null] ] shouldApply false
01-12 12:51:46.403 2741 2741 D TelephonyNetworkFactory[0]: onNeedNetworkFor NetworkRequest [ REQUEST id=52, [ Capabilities: INTERNET&NOT_RESTRICTED&TRUSTED&NOT_VCN_MANAGED Uid: 1001 RequestorUid: 1001 RequestorPkg: com.android.phone UnderlyingNetworks: Null] ] shouldApply false
01-12 12:51:46.403 2741 2741 D TelephonyNetworkFactory[0]: onNeedNetworkFor NetworkRequest [ REQUEST id=17, [ Capabilities: INTERNET&NOT_RESTRICTED&TRUSTED&NOT_VCN_MANAGED Uid: 10170 RequestorUid: 1000 RequestorPkg: android UnderlyingNetworks: Null] ] shouldApply false
01-12 12:51:46.404 2741 2741 D TelephonyNetworkFactory[0]: onNeedNetworkFor NetworkRequest [ REQUEST id=15, [ Capabilities: INTERNET&NOT_RESTRICTED&TRUSTED&NOT_VCN_MANAGED Uid: 10177 RequestorUid: 1000 RequestorPkg: android UnderlyingNetworks: Null] ] shouldApply false
01-12 12:51:46.404 2741 2741 D TelephonyNetworkFactory[0]: onNeedNetworkFor NetworkRequest [ REQUEST id=23, [ Capabilities: INTERNET&NOT_RESTRICTED&TRUSTED&NOT_VCN_MANAGED Uid: 10156 RequestorUid: 1000 RequestorPkg: android UnderlyingNetworks: Null] ] shouldApply false
01-12 12:51:46.404 2741 2741 D TelephonyNetworkFactory[0]: onNeedNetworkFor NetworkRequest [ REQUEST id=7, [ Capabilities: INTERNET&NOT_RESTRICTED&TRUSTED&NOT_VCN_MANAGED Uid: 1000 RequestorUid: 1000 RequestorPkg: android UnderlyingNetworks: Null] ] shouldApply false
01-12 12:51:46.405 2741 2741 D TelephonyNetworkFactory[0]: onNeedNetworkFor NetworkRequest [ REQUEST id=21, [ Capabilities: INTERNET&NOT_RESTRICTED&TRUSTED&NOT_VCN_MANAGED Uid: 10168 RequestorUid: 1000 RequestorPkg: android UnderlyingNetworks: Null] ] shouldApply false
01-12 12:51:46.405 2741 2741 D TelephonyNetworkFactory[0]: onNeedNetworkFor NetworkRequest [ REQUEST id=27, [ Capabilities: INTERNET&NOT_RESTRICTED&TRUSTED&NOT_VCN_MANAGED Uid: 10150 RequestorUid: 1000 RequestorPkg: android UnderlyingNetworks: Null] ] shouldApply false
01-12 12:51:46.406 2741 2741 D TelephonyNetworkFactory[0]: onNeedNetworkFor NetworkRequest [ REQUEST id=46, [ Capabilities: INTERNET&NOT_RESTRICTED&TRUSTED&NOT_VCN_MANAGED Uid: 10187 RequestorUid: 10187 RequestorPkg: com.android.systemui UnderlyingNetworks: Null] ] shouldApply false
01-12 12:51:46.407 2741 2741 D SST : [0] handleMessage: received event 2
01-12 12:51:46.407 2741 2741 D SST : [0] pollState: modemTriggered=true
01-12 12:51:46.407 2741 2741 D NewNitzStateMachineImpl: handleNetworkUnavailable(): mLatestNitzSignal was already null. Nothing to do.
01-12 12:51:46.408 2741 2741 D SST : [0] useDataRegStateForDataOnlyDevice: VoiceRegState=1 DataRegState=1
01-12 12:51:46.408 2741 2741 D SST : [0] Could not set ServiceState channel number. CellIdentity null
01-12 12:51:46.409 2741 2741 D SST : [0] Poll ServiceState done: oldSS=[{mVoiceRegState=1(OUT_OF_SERVICE), mDataRegState=1(OUT_OF_SERVICE), mChannelNumber=-1, duplexMode()=0, mCellBandwidths=[], mOperatorAlphaLong=null, mOperatorAlphaShort=null, isManualNetworkSelection=false(automatic), getRilVoiceRadioTechnology=0(Unknown), getRilDataRadioTechnology=0(Unknown), mCssIndicator=unsupported, mNetworkId=-1, mSystemId=-1, mCdmaRoamingIndicator=-1, mCdmaDefaultRoamingIndicator=-1, mIsEmergencyOnly=false, isUsingCarrierAggregation=false, mArfcnRsrpBoost=0, mNetworkRegistrationInfos=[NetworkRegistrationInfo{ domain=CS transportType=WWAN registrationState=UNKNOWN roamingType=NOT_ROAMING accessNetworkTechnology=UNKNOWN rejectCause=0 emergencyEnabled=false availableServices=[] cellIdentity=null voiceSpecificInfo=null dataSpecificInfo=null nrState=NONE rRplmn= isUsingCarrierAggregation=false}, NetworkRegistrationInfo{ domain=PS transportType=WWAN registrationState=UNKNOWN roamingType=NOT_ROAMING accessNetworkTechnology=UNKNOWN rejectCause=0 emergencyEnabled=false availableServices=[] cellIdentity=null voiceSpecificInfo=null dataSpecificInfo=null nrState=NONE rRplmn= isUsingCarrierAggregation=false}], mNrFrequencyRange=0, mOperatorAlphaLongRaw=null, mOperatorAlphaShortRaw=null, mIsDataRoamingFromRegistration=false, mIsIwlanPreferred=false}] newSS=[{mVoiceRegState=1(OUT_OF_SERVICE), mDataRegState=1(OUT_OF_SERVICE), mChannelNumber=-1, duplexMode()=0, mCellBandwidths=[], mOperatorAlphaLong=null, mOperatorAlphaShort=null, isManualNetworkSelection=false(automatic), getRilVoiceRadioTechnology=0(Unknown), getRilDataRadioTechnology=0(Unknown), mCssIndicator=unsupported, mNetworkId=-1, mSystemId=-1, mCdmaRoamingIndicator=-1, mCdmaDefaultRoamingIndicator=-1, mIsEmergencyOnly=false, isUsingCarrierAggregation=false, mArfcnRsrpBoost=0, mNetworkRegistrationInfos=[NetworkRegistrationInfo{ domain=CS transportType=WWAN registrationState=UNKNOWN roamingType=NOT_ROAMING accessNetworkTechnology=UNKNOWN rejectCause=0 emergencyEnabled=false availableServices=[] cellIdentity=null voiceSpecificInfo=null dataSpecificInfo=null nrState=NONE rRplmn= isUsingCarrierAggregation=false}, NetworkRegistrationInfo{ domain=PS transportType=WWAN registrationState=UNKNOWN roamingType=NOT_ROAMING accessNetworkTechnology=UNKNOWN rejectCause=0 emergencyEnabled=false availableServices=[] cellIdentity=null voiceSpecificInfo=null dataSpecificInfo=null nrState=NONE rRplmn= isUsingCarrierAggregation=false}], mNrFrequencyRange=0, mOperatorAlphaLongRaw=null, mOperatorAlphaShortRaw=null, mIsDataRoamingFromRegistration=false, mIsIwlanPreferred=false}] oldMaxDataCalls=1 mNewMaxDataCalls=1 oldReasonDataDenied=-1 mNewReasonDataDenied=-1
01-12 12:51:46.410 2741 2741 D SST : [0] pollStateDone: hasRegistered = false hasDeregistered = false hasDataAttached = {1=false} hasDataDetached = {1=false} hasDataRegStateChanged = {1=false} hasRilVoiceRadioTechnologyChanged = false hasRilDataRadioTechnologyChanged = {1=false} hasDataTransportPreferenceChanged = false hasChanged = false hasVoiceRoamingOn = false hasVoiceRoamingOff = false hasDataRoamingOn =false hasDataRoamingOff = false hasLocationChanged = false has4gHandoff = false hasMultiApnSupport = false hasLostMultiApnSupport = false hasCssIndicatorChanged = false hasNrFrequencyRangeChanged = false hasNrStateChanged = false hasAirplaneModeOnlChanged = false
01-12 12:51:46.764 1116 1316 I commit_sys_config_file: [jobs,82]
01-12 12:51:46.780 2741 2741 D QtiDCT-C: [0]EVENT_GET_ENHANCED_RADIO_CAPABILITY_RETRY
01-12 12:51:46.781 2741 2741 D QTIRILJ : getEnhancedRadioCapability, response={ when=-1m32s94ms what=270394 target=com.qualcomm.qti.internal.telephony.dataconnection.QtiDcTracker }
01-12 12:51:46.781 2741 2741 D QtiPhoneUtils: getQtiRadioCapability, response={ when=-1m32s94ms what=270394 target=com.qualcomm.qti.internal.telephony.dataconnection.QtiDcTracker }
01-12 12:51:46.808 2741 2741 D QTIRILJ : getEnhancedRadioCapability, exception
01-12 12:51:46.810 2741 2741 D QTIRILJ : getEnhancedRadioCapability request failed
01-12 12:51:46.820 2741 2741 D QtiDCT-C: [0]EVENT_GET_ENHANCED_RADIO_CAPABILITY
01-12 12:51:47.277 1002 1046 I sf_stop_bootanim: 92590
01-12 12:51:47.287 1116 1317 I wm_boot_animation_done: 92600
01-12 12:51:47.305 1116 2145 I input_focus: [Focus entering 33812c7 NotificationShade (server),reason=setFocusedWindow]
01-12 12:51:47.321 2741 2741 D QtiDCT-C: [0]EVENT_GET_ENHANCED_RADIO_CAPABILITY_RETRY
01-12 12:51:47.322 2741 2741 D QTIRILJ : getEnhancedRadioCapability, response={ when=-1m32s635ms what=270394 target=com.qualcomm.qti.internal.telephony.dataconnection.QtiDcTracker }
01-12 12:51:47.322 2741 2741 D QtiPhoneUtils: getQtiRadioCapability, response={ when=-1m32s636ms what=270394 target=com.qualcomm.qti.internal.telephony.dataconnection.QtiDcTracker }
01-12 12:51:47.331 2741 2741 D QTIRILJ : getEnhancedRadioCapability, exception
01-12 12:51:47.333 2741 2741 D QTIRILJ : getEnhancedRadioCapability request failed
01-12 12:51:47.350 2741 2741 D QtiDCT-C: [0]EVENT_GET_ENHANCED_RADIO_CAPABILITY
01-12 12:51:47.488 1116 1317 I uc_finish_user_boot: 0
01-12 12:51:47.489 1116 1317 I am_user_state_changed: [0,1]
01-12 12:51:47.498 1116 1317 I uc_send_user_broadcast: [0,android.intent.action.LOCKED_BOOT_COMPLETED]
01-12 12:51:47.680 1116 1317 I uc_finish_user_unlocking: 0
01-12 12:51:47.683 1116 1378 I am_mem_factor: [0,1]
01-12 12:51:47.690 1116 2167 I dvm_lock_sample: [system_server,0,WifiHandlerThread,173,ActivityManagerService.java,12468,android.content.Intent com.android.server.am.ActivityManagerService.registerReceiverWithFeature(android.app.IApplicationThread, java.lang.String, java.lang.String, java.lang.String, android.content.IIntentReceiver, android.content.IntentFilter, java.lang.String, int, int),,0,null,34]
01-12 12:51:47.691 1116 1380 I am_proc_start: [0,3090,10130,com.google.android.apps.wellbeing,on-hold,]
01-12 12:51:47.702 1116 1904 I am_uid_active: 10130
01-12 12:51:47.851 2741 2741 D QtiDCT-C: [0]EVENT_GET_ENHANCED_RADIO_CAPABILITY_RETRY
01-12 12:51:47.852 2741 2741 D QTIRILJ : getEnhancedRadioCapability, response={ when=-1m33s165ms what=270394 target=com.qualcomm.qti.internal.telephony.dataconnection.QtiDcTracker }
01-12 12:51:47.852 2741 2741 D QtiPhoneUtils: getQtiRadioCapability, response={ when=-1m33s165ms what=270394 target=com.qualcomm.qti.internal.telephony.dataconnection.QtiDcTracker }
01-12 12:51:47.856 2741 2741 D QTIRILJ : getEnhancedRadioCapability, exception
01-12 12:51:47.859 2741 2741 D QTIRILJ : getEnhancedRadioCapability request failed
01-12 12:51:47.873 2741 2741 D QtiDCT-C: [0]EVENT_GET_ENHANCED_RADIO_CAPABILITY
01-12 12:51:47.972 1116 2460 I am_proc_bound: [0,3090,com.google.android.apps.wellbeing]
01-12 12:51:48.631 1116 1904 I am_uid_running: 10136
01-12 12:51:48.789 1116 1380 I am_proc_start: [0,3134,10136,com.google.android.gms.persistent,service,{com.google.android.gms/com.google.android.gms.chimera.PersistentDirectBootAwareApiService}]
01-12 12:51:48.876 1116 1377 I am_pss : [1116,1000,system,187230208,172969984,0,291209216,0,0,36]
01-12 12:51:48.952 1116 1904 I am_uid_running: 10159
01-12 12:51:49.122 1116 1380 I am_proc_start: [0,3138,10159,com.google.android.marvin.talkback,broadcast,{com.google.android.marvin.talkback/com.google.android.accessibility.talkback.BootReceiver}]
01-12 12:51:49.359 1116 2460 I am_proc_bound: [0,3134,com.google.android.gms.persistent]
01-12 12:51:49.370 1116 2460 I am_uid_active: 10136
01-12 12:51:49.420 1 1 I auditd : type=1400 audit(0.0:100): avc: denied { relabelfrom } for comm="init" name="sensor" dev="sysfs" ino=70214 scontext=u:r:init:s0 tcontext=u:object_r:sysfs_caminfo:s0 tclass=file permissive=0
01-12 12:51:49.527 1116 1904 I am_proc_bound: [0,3138,com.google.android.marvin.talkback]
01-12 12:51:49.537 1116 1904 I am_uid_active: 10159
01-12 12:51:50.163 2741 2741 D ONSNetworkScanCtlr: init called
01-12 12:51:50.175 1116 2513 I am_uid_running: 10154
01-12 12:51:50.199 1116 2513 D TelephonyRegistry: listen ooscl: hasNotifyOpptSubInfoChangedOccurred==false no callback
01-12 12:51:50.200 2741 2741 D ONSProfileSelector: ONSProfileSelector init complete
01-12 12:51:50.230 2741 2741 D ONS : service is enable state true
01-12 12:51:50.272 1116 1116 I notification_enqueue: [1000,1116,android,26,NULL,-1,Notification(channel=DEVELOPER_IMPORTANT shortcut=null contentView=null vibrate=null sound=null tick defaults=0x0 flags=0x2 color=0x00000000 vis=PUBLIC),0]
01-12 12:51:50.443 1116 1380 I am_proc_start: [0,3199,10154,com.google.android.deskclock,broadcast,{com.google.android.deskclock/com.android.deskclock.AlarmInitReceiver}]
01-12 12:51:50.475 1116 1116 I sysui_multi_action: [757,1501,758,1,793,208,794,0,795,208,796,26,806,android,857,DEVELOPER_IMPORTANT,858,4,947,0,1500,0]
01-12 12:51:50.476 1116 1116 I sysui_multi_action: [757,804,799,note_interruptive,801,0,802,1]
01-12 12:51:50.493 1116 1116 I sysui_multi_action: [757,1501,758,1,793,227,794,0,795,227,796,26,806,android,857,DEVELOPER_IMPORTANT,858,4,947,0,1500,0,1688,1]
01-12 12:51:50.493 1116 1116 I sysui_multi_action: [757,804,799,note_interruptive,801,0,802,1]
01-12 12:51:50.493 1116 1116 I sysui_multi_action: [757,199,758,1,759,2,793,227,794,0,795,227,796,26,806,android,857,DEVELOPER_IMPORTANT,858,4,947,0,1500,0,1688,1]
01-12 12:51:50.494 1116 1116 I notification_alert: [-1|android|26|null|1000,0,1,0]
01-12 12:51:50.667 1116 1904 I am_proc_bound: [0,3199,com.google.android.deskclock]
01-12 12:51:50.676 1116 1904 I am_uid_active: 10154
01-12 12:51:50.911 2236 2236 I sysui_heads_up_status: [-1|android|26|null|1000,1]
01-12 12:51:51.350 3171 3171 I auditd : type=1400 audit(0.0:101): avc: denied { dac_override } for comm="thermal-engine" capability=1 scontext=u:r:vendor_thermal-engine:s0 tcontext=u:r:vendor_thermal-engine:s0 tclass=capability permissive=0
01-12 12:51:51.645 1116 2460 I sysui_multi_action: [757,128,758,1,793,1379,794,0,795,1379,796,26,798,0,806,android,857,DEVELOPER_IMPORTANT,858,4,947,0,1395,2,1500,1152,1688,1]
01-12 12:51:51.646 1116 2460 I sysui_multi_action: [757,804,799,note_freshness,801,1379,802,1]
01-12 12:51:51.646 1116 2460 I notification_visibility: [-1|android|26|null|1000,1,1379,1379,0,0]
01-12 12:51:52.034 1116 1377 I am_pss : [2792,1000,com.android.settings,17785856,12267520,0,105230336,0,12,18]
01-12 12:51:54.765 1116 2185 I am_uid_running: 10079
01-12 12:51:55.019 1116 1380 I am_proc_start: [0,3360,10136,com.google.android.gms,service,{com.google.android.gms/com.google.android.gms.chimera.GmsIntentOperationService}]
01-12 12:51:55.293 1116 1380 I am_proc_start: [0,3376,10079,com.nttdocomo.android.accountauthenticator,broadcast,{com.nttdocomo.android.accountauthenticator/com.nttdocomo.android.accountauthenticator.DAAStartupReceiver}]
01-12 12:51:55.328 1116 1564 I sysui_multi_action: [757,1696,758,6,759,2]
01-12 12:51:55.331 1116 1378 I am_wtf : [0,1116,system_server,-1,DisplayDeviceConfig,requesting nits when no mapping exists.]
01-12 12:51:55.342 1116 1378 I am_wtf : [0,1116,system_server,-1,DisplayDeviceConfig,requesting nits when no mapping exists.]
01-12 12:51:55.355 1116 1378 I am_wtf : [0,1116,system_server,-1,DisplayDeviceConfig,requesting nits when no mapping exists.]
01-12 12:51:55.364 1116 1378 I am_wtf : [0,1116,system_server,-1,DisplayDeviceConfig,requesting nits when no mapping exists.]
01-12 12:51:55.373 1116 1378 I am_wtf : [0,1116,system_server,-1,DisplayDeviceConfig,requesting nits when no mapping exists.]
01-12 12:51:55.392 1116 2982 I am_proc_bound: [0,3360,com.google.android.gms]
01-12 12:51:55.393 1116 1378 I service_manager_slow: [19,dropbox]
01-12 12:51:55.393 1116 1378 I am_wtf : [0,1116,system_server,-1,DisplayDeviceConfig,requesting nits when no mapping exists.]
01-12 12:51:55.395 1116 1378 I am_wtf : [0,1116,system_server,-1,DisplayDeviceConfig,requesting nits when no mapping exists.]
01-12 12:51:55.400 1116 1378 I am_wtf : [0,1116,system_server,-1,DisplayDeviceConfig,requesting nits when no mapping exists.]
01-12 12:51:55.407 1116 1378 I am_wtf : [0,1116,system_server,-1,DisplayDeviceConfig,requesting nits when no mapping exists.]
01-12 12:51:55.414 1116 1378 I am_wtf : [0,1116,system_server,-1,DisplayDeviceConfig,requesting nits when no mapping exists.]
01-12 12:51:55.416 1116 1378 I am_wtf : [0,1116,system_server,-1,DisplayDeviceConfig,requesting nits when no mapping exists.]
01-12 12:51:55.420 1116 1378 I am_wtf : [0,1116,system_server,-1,DisplayDeviceConfig,requesting nits when no mapping exists.]
01-12 12:51:55.428 1116 1378 I am_wtf : [0,1116,system_server,-1,DisplayDeviceConfig,requesting nits when no mapping exists.]
01-12 12:51:55.433 1116 1378 I am_wtf : [0,1116,system_server,-1,DisplayDeviceConfig,requesting nits when no mapping exists.]
01-12 12:51:55.459 1116 1378 I am_wtf : [0,1116,system_server,-1,DisplayDeviceConfig,requesting nits when no mapping exists.]
01-12 12:51:55.463 1116 1378 I am_wtf : [0,1116,system_server,-1,DisplayDeviceConfig,requesting nits when no mapping exists.]
01-12 12:51:55.477 1116 1378 I am_wtf : [0,1116,system_server,-1,DisplayDeviceConfig,requesting nits when no mapping exists.]
01-12 12:51:55.485 1116 1378 I am_wtf : [0,1116,system_server,-1,DisplayDeviceConfig,requesting nits when no mapping exists.]
01-12 12:51:55.495 1116 1378 I am_wtf : [0,1116,system_server,-1,DisplayDeviceConfig,requesting nits when no mapping exists.]
01-12 12:51:55.498 1116 1378 I am_wtf : [0,1116,system_server,-1,DisplayDeviceConfig,requesting nits when no mapping exists.]
01-12 12:51:55.504 1116 1378 I am_wtf : [0,1116,system_server,-1,DisplayDeviceConfig,requesting nits when no mapping exists.]
01-12 12:51:55.514 1116 1378 I am_wtf : [0,1116,system_server,-1,DisplayDeviceConfig,requesting nits when no mapping exists.]
01-12 12:51:55.519 1116 1378 I am_wtf : [0,1116,system_server,-1,DisplayDeviceConfig,requesting nits when no mapping exists.]
01-12 12:51:55.522 1116 1378 I am_wtf : [0,1116,system_server,-1,DisplayDeviceConfig,requesting nits when no mapping exists.]
01-12 12:51:55.534 1116 1378 I am_wtf : [0,1116,system_server,-1,DisplayDeviceConfig,requesting nits when no mapping exists.]
01-12 12:51:55.560 1116 1378 I am_wtf : [0,1116,system_server,-1,DisplayDeviceConfig,requesting nits when no mapping exists.]
01-12 12:51:55.564 1116 1378 I am_wtf : [0,1116,system_server,-1,DisplayDeviceConfig,requesting nits when no mapping exists.]
01-12 12:51:55.565 1116 1378 I am_wtf : [0,1116,system_server,-1,DisplayDeviceConfig,requesting nits when no mapping exists.]
01-12 12:51:55.567 1116 1378 I am_wtf : [0,1116,system_server,-1,DisplayDeviceConfig,requesting nits when no mapping exists.]
01-12 12:51:55.571 1116 1378 I am_wtf : [0,1116,system_server,-1,DisplayDeviceConfig,requesting nits when no mapping exists.]
01-12 12:51:55.580 1116 1378 I am_wtf : [0,1116,system_server,-1,DisplayDeviceConfig,requesting nits when no mapping exists.]
01-12 12:51:55.598 1116 1378 I am_wtf : [0,1116,system_server,-1,DisplayDeviceConfig,requesting nits when no mapping exists.]
01-12 12:51:55.604 1116 1378 I am_wtf : [0,1116,system_server,-1,DisplayDeviceConfig,requesting nits when no mapping exists.]
01-12 12:51:55.616 1116 1378 I am_wtf : [0,1116,system_server,-1,DisplayDeviceConfig,requesting nits when no mapping exists.]
01-12 12:51:55.633 1116 1378 I am_wtf : [0,1116,system_server,-1,DisplayDeviceConfig,requesting nits when no mapping exists.]
01-12 12:51:55.649 1116 1378 I am_wtf : [0,1116,system_server,-1,DisplayDeviceConfig,requesting nits when no mapping exists.]
01-12 12:51:55.652 1116 1378 I am_wtf : [0,1116,system_server,-1,DisplayDeviceConfig,requesting nits when no mapping exists.]
01-12 12:51:55.654 1116 1378 I am_wtf : [0,1116,system_server,-1,DisplayDeviceConfig,requesting nits when no mapping exists.]
01-12 12:51:55.657 1116 1378 I service_manager_stats: [100,401,13020]
01-12 12:51:55.657 1116 1378 I am_wtf : [0,1116,system_server,-1,DisplayDeviceConfig,requesting nits when no mapping exists.]
01-12 12:51:55.659 1116 1378 I am_wtf : [0,1116,system_server,-1,DisplayDeviceConfig,requesting nits when no mapping exists.]
01-12 12:51:55.662 1116 1378 I am_wtf : [0,1116,system_server,-1,DisplayDeviceConfig,requesting nits when no mapping exists.]
01-12 12:51:55.665 1116 1378 I am_wtf : [0,1116,system_server,-1,DisplayDeviceConfig,requesting nits when no mapping exists.]
01-12 12:51:55.697 1116 1378 I am_wtf : [0,1116,system_server,-1,DisplayDeviceConfig,requesting nits when no mapping exists.]
01-12 12:51:55.701 1116 1378 I am_wtf : [0,1116,system_server,-1,DisplayDeviceConfig,requesting nits when no mapping exists.]
01-12 12:51:55.708 1116 1378 I am_wtf : [0,1116,system_server,-1,DisplayDeviceConfig,requesting nits when no mapping exists.]
01-12 12:51:55.724 1116 1378 I am_wtf : [0,1116,system_server,-1,DisplayDeviceConfig,requesting nits when no mapping exists.]
01-12 12:51:55.734 1116 1378 I am_wtf : [0,1116,system_server,-1,DisplayDeviceConfig,requesting nits when no mapping exists.]
01-12 12:51:55.736 1116 1378 I am_wtf : [0,1116,system_server,-1,DisplayDeviceConfig,requesting nits when no mapping exists.]
01-12 12:51:55.750 1116 1378 I am_wtf : [0,1116,system_server,-1,DisplayDeviceConfig,requesting nits when no mapping exists.]
01-12 12:51:55.755 1116 1378 I am_wtf : [0,1116,system_server,-1,DisplayDeviceConfig,requesting nits when no mapping exists.]
01-12 12:51:55.762 1116 1378 I am_wtf : [0,1116,system_server,-1,DisplayDeviceConfig,requesting nits when no mapping exists.]
01-12 12:51:55.784 1116 1378 I service_manager_slow: [20,dropbox]
01-12 12:51:55.784 1116 1378 I am_wtf : [0,1116,system_server,-1,DisplayDeviceConfig,requesting nits when no mapping exists.]
01-12 12:51:55.787 1116 1378 I am_wtf : [0,1116,system_server,-1,DisplayDeviceConfig,requesting nits when no mapping exists.]
01-12 12:51:55.789 1116 1378 I am_wtf : [0,1116,system_server,-1,DisplayDeviceConfig,requesting nits when no mapping exists.]
01-12 12:51:55.794 1116 2501 I am_proc_bound: [0,3376,com.nttdocomo.android.accountauthenticator]
01-12 12:51:55.795 1116 1378 I am_wtf : [0,1116,system_server,-1,DisplayDeviceConfig,requesting nits when no mapping exists.]
01-12 12:51:55.798 1116 1378 I am_wtf : [0,1116,system_server,-1,DisplayDeviceConfig,requesting nits when no mapping exists.]
01-12 12:51:55.811 1116 1378 I am_wtf : [0,1116,system_server,-1,DisplayDeviceConfig,requesting nits when no mapping exists.]
01-12 12:51:55.819 1116 1378 I am_wtf : [0,1116,system_server,-1,DisplayDeviceConfig,requesting nits when no mapping exists.]
01-12 12:51:55.837 1116 2501 I am_uid_active: 10079
01-12 12:51:55.846 1116 1378 I am_wtf : [0,1116,system_server,-1,DisplayDeviceConfig,requesting nits when no mapping exists.]
01-12 12:51:55.862 1116 1378 I am_wtf : [0,1116,system_server,-1,DisplayDeviceConfig,requesting nits when no mapping exists.]
01-12 12:51:55.874 1116 1378 I am_wtf : [0,1116,system_server,-1,DisplayDeviceConfig,requesting nits when no mapping exists.]
01-12 12:51:55.883 1116 1378 I am_wtf : [0,1116,system_server,-1,DisplayDeviceConfig,requesting nits when no mapping exists.]
