01-12 15:15:44.548 1116 1318 I input_focus: [Focus request 33812c7 NotificationShade,reason=UpdateInputWindows]
01-12 15:15:44.565 1116 2145 I input_focus: [Focus entering 33812c7 NotificationShade (server),reason=setFocusedWindow]
01-12 15:15:45.000 1116 1116 I battery_saving_stats: [0,1,0,881916,0,0,6279888,50770,-1]
01-12 15:15:45.015 2741 2741 D QtiDCT-C: [0]screen off
01-12 15:15:45.015 2741 2741 D QtiDCT-C: [0]stopNetStatPoll
01-12 15:15:45.134 2741 8534 D SubscriptionController: [getSlotIndex]- subId invalid
01-12 15:15:45.160 1116 2982 I wm_task_moved: [64,0,0]
01-12 15:15:45.168 1116 2982 I wm_task_moved: [65,0,-2147483648]
01-12 15:15:45.235 1116 1116 I power_screen_broadcast_done: [0,825,1]
01-12 15:15:45.417 1116 1377 I am_meminfo: [715075584,63434752,126803968,1013661696,476686336]
01-12 15:15:45.447 1116 1377 I am_pss : [8699,10168,com.google.android.inputmethod.latin,63634432,52731904,5208064,151822336,1,7,26]
01-12 15:15:45.472 1116 1377 I am_pss : [13018,1002,com.android.bluetooth,26622976,22654976,116736,103514112,1,0,21]
01-12 15:15:45.501 1116 1377 I am_pss : [14162,10080,com.nttdocomo.android.mymagazine,37602304,24887296,8196096,93843456,1,16,24]
01-12 15:15:45.531 1116 1377 I am_pss : [3725,10056,com.nttdocomo.android.homezozo,58011648,45002752,9320448,133529600,1,5,25]
01-12 15:15:45.557 1116 1377 I am_pss : [3400,10063,com.nttdocomo.android.mascot,43527168,34226176,7113728,106369024,1,4,22]
01-12 15:15:45.581 1116 1377 I am_pss : [4061,10055,com.nttdocomo.android.applicationmanager,27930624,11259904,12426240,91766784,1,5,22]
01-12 15:15:45.602 1116 1377 I am_pss : [4927,10120,com.tblenovo.lewea,11938816,7806976,2788352,74944512,1,4,18]
01-12 15:15:45.629 1116 1377 I am_pss : [5539,10129,com.android.vending,44923904,30076928,13789184,78553088,1,19,23]
01-12 15:15:45.650 1116 1377 I am_pss : [3693,10200,com.google.android.providers.media.module,16310272,3620864,11323392,72216576,1,0,18]
01-12 15:15:45.673 1116 1377 I am_pss : [11314,10049,android.process.media,7973888,2174976,5078016,40525824,1,19,19]
01-12 15:15:45.697 1116 1377 I am_pss : [3509,10137,com.google.android.googlequicksearchbox:interactor,30517248,7098368,19479552,79933440,1,5,21]
01-12 15:15:45.717 1116 1377 I am_pss : [3008,10195,com.android.smspush,5730304,1019904,3517440,66191360,1,6,17]
01-12 15:15:45.738 1116 1377 I am_pss : [4538,10059,com.nttdocomo.android.idmanager,18774016,14270464,3132416,82993152,1,5,19]
01-12 15:15:45.761 1116 1377 I am_pss : [16188,10119,com.google.android.partnersetup,7838720,2228224,4329472,45236224,1,19,20]
01-12 15:15:45.785 1116 1377 I am_pss : [17913,10087,com.nttdocomo.android.schedulememo,22795264,15581184,4350976,69095424,1,19,21]
01-12 15:15:45.807 1116 1377 I am_pss : [15906,10047,com.lenovo.lsf.device,9669632,6455296,1483776,60350464,1,10,19]
01-12 15:15:45.831 1116 1377 I am_pss : [7561,10066,com.nttdocomo.android.wipe,7902208,2818048,4420608,39702528,1,10,21]
01-12 15:15:45.859 1116 1377 I am_pss : [17177,10156,com.google.android.apps.docs,45654016,33546240,3682304,103133184,1,19,25]
01-12 15:15:45.886 1116 1377 I am_pss : [5286,10198,com.google.android.permissioncontroller,19900416,9453568,7771136,67260416,1,19,24]
01-12 15:15:45.911 1116 1377 I am_pss : [10952,10046,android.process.acore,10240000,3575808,5541888,49160192,1,19,22]
01-12 15:15:45.933 1116 1377 I am_pss : [7864,10054,jp.co.nttdocomo.lcsapp,7506944,3919872,2907136,44204032,1,10,17]
01-12 15:15:45.956 1116 1377 I am_pss : [2814,10199,com.google.android.ext.services,21871616,16916480,3365888,85291008,1,5,19]
01-12 15:15:45.977 1116 1377 I am_pss : [7612,10191,com.qualcomm.telephony,6600704,557056,5566464,33230848,1,10,18]
01-12 15:15:45.999 1116 1377 I am_pss : [7164,1000,com.longcheertel.midtest,6966272,544768,5812224,34656256,1,10,19]
01-12 15:15:46.020 1116 1377 I am_pss : [3790,10177,com.google.android.setupwizard,11936768,6504448,4070400,74633216,1,4,17]
01-12 15:15:46.041 1116 1377 I am_pss : [5135,1000,com.qti.diagservices,6673408,548864,5666816,32722944,1,10,18]
01-12 15:15:46.060 1116 1377 I am_pss : [4559,10063,com.nttdocomo.android.mascot:persistent,6731776,1019904,4469760,64655360,1,4,17]
01-12 15:15:46.078 1116 1377 I am_pss : [4519,99000,com.google.android.webview:sandboxed_process0:org.chromium.content.app.SandboxedProcessService0:0,16196608,860160,5559296,40996864,1,5,15]
01-12 15:15:46.099 1116 1377 I am_pss : [3688,10184,com.qualcomm.location,9315328,5402624,2606080,72294400,1,0,18]
01-12 15:15:46.119 1116 1377 I am_pss : [3666,10189,com.qualcomm.qti.workloadclassifier,8814592,4661248,2769920,72081408,1,0,18]
01-12 15:15:46.139 1116 1377 I am_pss : [3637,10197,com.qualcomm.qti.qccnetstat,5463040,1003520,3304448,64634880,1,0,16]
01-12 15:15:46.159 1116 1377 I am_pss : [3628,10121,com.tblenovo.kidsmodewebview,12079104,1515520,9448448,56893440,1,0,17]
01-12 15:15:46.180 1116 1377 I am_pss : [3607,10172,com.qualcomm.qti.services.systemhelper:systemhelper_service,5719040,1310720,3253248,64966656,1,0,17]
01-12 15:15:46.200 1116 1377 I am_pss : [3586,10115,.pasr,5166080,1171456,2823168,63836160,1,0,16]
01-12 15:15:46.220 1116 1377 I am_pss : [3558,10178,com.dolby.daxservice,5854208,1052672,3593216,66457600,1,0,17]
01-12 15:15:46.240 1116 1377 I am_pss : [3535,1000,com.goodix.fingerprint,5529600,1060864,3325952,64438272,1,0,16]
01-12 15:15:46.260 1116 1377 I am_pss : [2765,1000,com.qualcomm.qti.qdma,9614336,5591040,2589696,76091392,1,0,17]
01-12 15:15:46.283 1116 1377 I am_pss : [2741,1001,com.android.phone,15731712,11759616,2053120,83292160,1,0,20]
01-12 15:15:46.306 1116 1377 I am_pss : [2717,10162,com.qualcomm.qti.devicestatisticsservice,7589888,3420160,2990080,67522560,1,0,16]
01-12 15:15:46.326 1116 1377 I am_pss : [2688,1068,com.android.se,6192128,1081344,3948544,65081344,1,0,16]
01-12 15:15:46.345 1116 1377 I am_pss : [2669,10188,com.qti.qualcomm.mstatssystemservice,5368832,1204224,3041280,63602688,1,0,16]
01-12 15:15:46.365 1116 1377 I am_pss : [2655,10183,org.codeaurora.ims,8480768,5660672,1677312,68644864,1,0,17]
01-12 15:15:46.385 1116 1377 I am_pss : [2617,1000,vendor.qti.qesdk.sysservice,5437440,1126400,3175424,64155648,1,0,16]
01-12 15:15:46.405 1116 1377 I am_pss : [2603,10181,com.qualcomm.qtil.aptxals,6148096,1712128,3269632,65318912,1,0,16]
01-12 15:15:46.425 1116 1377 I am_pss : [2573,10190,com.qualcomm.qtil.aptxacu,5374976,1003520,3251200,63291392,1,0,16]
01-12 15:15:46.446 1116 1377 I am_pss : [2534,10144,com.qti.phone,8108032,3104768,3780608,67809280,1,0,17]
01-12 15:15:46.468 1116 1377 I am_pss : [2522,1000,com.lenovo.wifi,6027264,2105344,2719744,67002368,1,0,17]
01-12 15:15:46.490 1116 1377 I am_pss : [2482,10114,.qtidataservices,23032832,18980864,2736128,85184512,1,0,18]
01-12 15:15:46.511 1116 1377 I am_pss : [2456,1001,.dataservices,8000512,3903488,2870272,69439488,1,0,17]
01-12 15:15:46.534 1116 1377 I am_pss : [2422,1073,com.android.networkstack.process,17309696,14270464,966656,86896640,1,0,18]
01-12 15:15:46.555 1116 1377 I am_pss : [2300,1000,com.lenovo.lserver,7611392,3006464,3371008,68468736,1,0,16]
01-12 15:15:46.575 1116 1377 I am_pss : [2269,1000,com.lenovo.face,8046592,1728512,5085184,66818048,1,0,17]
01-12 15:15:46.623 1116 1377 I am_pss : [1116,1000,system,156819456,138899456,8996864,245108736,1,0,43]
01-12 15:15:48.737 1116 10581 I wm_set_keyguard_shown: [1,1,0,setKeyguardShown]
01-12 15:15:48.782 2236 2236 I sysui_multi_action: [757,196,758,1,759,0]
01-12 15:15:48.782 2236 2236 I sysui_status_bar_state: [1,1,0,0,0,1]
01-12 15:15:48.812 1116 1317 I user_activity_timeout_override: 10000
01-12 15:16:29.479 1116 1116 I dvm_lock_sample: [system_server,0,main,14,MessageQueue.java,337,android.os.Message android.os.MessageQueue.next(),-,600,boolean android.os.MessageQueue.enqueueMessage(android.os.Message, long),2]
01-12 15:16:43.955 1116 1378 I am_uid_idle: 10218
01-12 15:19:00.056 1116 1116 I notification_enqueue: [10120,4927,com.tblenovo.lewea,4927,NULL,0,Notification(channel=tblenovo.channel.WEATHER shortcut=null contentView=null vibrate=null sound=null defaults=0x0 flags=0x40 color=0x00000000 vis=PRIVATE),1]
01-12 15:19:00.084 1116 1116 I notification_enqueue: [10120,4927,com.tblenovo.lewea,4927,NULL,0,Notification(channel=tblenovo.channel.WEATHER shortcut=null contentView=com.tblenovo.lewea/0x7f090018 vibrate=null sound=null defaults=0x0 flags=0x50 color=0x00000000 vis=PUBLIC),1]
01-12 15:19:00.331 1116 1316 I commit_sys_config_file: [notification-policy,8848851]
01-12 15:20:15.183 2741 2741 D RILJ : [0096]> GET_ACTIVITY_INFO [PHONE0]
01-12 15:20:15.194 2741 2959 D RILJ : [0096]< GET_ACTIVITY_INFO ModemActivityInfo{ mTimestamp=9000507 mSleepTimeMs=0 mIdleTimeMs=1152174 mTxTimeMs[]=[0, 0, 0, 0, 0] mRxTimeMs=0} [PHONE0]
01-12 15:20:15.350 630 630 I auditd : type=1400 audit(0.0:1414): avc: denied { read } for comm="Binder:630_2" name="wakeup38" dev="sysfs" ino=66587 scontext=u:r:system_suspend:s0 tcontext=u:object_r:sysfs:s0 tclass=dir permissive=0
01-12 15:20:15.360 630 630 I auditd : type=1400 audit(0.0:1415): avc: denied { read } for comm="Binder:630_2" name="wakeup28" dev="sysfs" ino=66215 scontext=u:r:system_suspend:s0 tcontext=u:object_r:sysfs:s0 tclass=dir permissive=0
01-12 15:20:15.360 630 630 I auditd : type=1400 audit(0.0:1416): avc: denied { read } for comm="Binder:630_2" name="wakeup18" dev="sysfs" ino=58442 scontext=u:r:system_suspend:s0 tcontext=u:object_r:sysfs:s0 tclass=dir permissive=0
01-12 15:20:15.360 630 630 I auditd : type=1400 audit(0.0:1417): avc: denied { read } for comm="Binder:630_2" name="wakeup46" dev="sysfs" ino=70729 scontext=u:r:system_suspend:s0 tcontext=u:object_r:sysfs:s0 tclass=dir permissive=0
01-12 15:20:15.360 630 630 I auditd : type=1400 audit(0.0:1418): avc: denied { read } for comm="Binder:630_2" name="wakeup2" dev="sysfs" ino=40064 scontext=u:r:system_suspend:s0 tcontext=u:object_r:sysfs:s0 tclass=dir permissive=0
01-12 15:20:15.360 630 630 I auditd : type=1400 audit(0.0:1419): avc: denied { read } for comm="Binder:630_2" name="wakeup36" dev="sysfs" ino=66515 scontext=u:r:system_suspend:s0 tcontext=u:object_r:sysfs:s0 tclass=dir permissive=0
01-12 15:20:15.370 630 630 I auditd : type=1400 audit(0.0:1420): avc: denied { read } for comm="Binder:630_2" name="wakeup26" dev="sysfs" ino=66143 scontext=u:r:system_suspend:s0 tcontext=u:object_r:sysfs:s0 tclass=dir permissive=0
01-12 15:20:15.370 630 630 I auditd : type=1400 audit(0.0:1421): avc: denied { read } for comm="Binder:630_2" name="wakeup44" dev="sysfs" ino=70256 scontext=u:r:system_suspend:s0 tcontext=u:object_r:sysfs:s0 tclass=dir permissive=0
01-12 15:20:15.491 1116 1393 I dvm_lock_sample: [system_server,0,batterystats-handler,291,BatteryStatsService.java,999,void com.android.server.am.BatteryStatsService.lambda$noteStopWakelock$23$BatteryStatsService(int, int, java.lang.String, java.lang.String, int, long, long),BatteryExternalStatsWorker.java,696,void com.android.server.am.BatteryExternalStatsWorker.updateExternalStatsLocked(java.lang.String, int, boolean, boolean, int, boolean),58]
01-12 15:20:15.573 1116 1377 I commit_sys_config_file: [batterystats,66]
01-12 15:20:15.580 1116 1377 I commit_sys_config_file: [batterystats,6]
01-12 15:21:00.120 1116 1116 I notification_enqueue: [10120,4927,com.tblenovo.lewea,4927,NULL,0,Notification(channel=tblenovo.channel.WEATHER shortcut=null contentView=null vibrate=null sound=null defaults=0x0 flags=0x40 color=0x00000000 vis=PRIVATE),1]
01-12 15:21:00.167 1116 1116 I notification_enqueue: [10120,4927,com.tblenovo.lewea,4927,NULL,0,Notification(channel=tblenovo.channel.WEATHER shortcut=null contentView=com.tblenovo.lewea/0x7f090018 vibrate=null sound=null defaults=0x0 flags=0x50 color=0x00000000 vis=PUBLIC),1]
01-12 15:21:00.368 1116 1316 I commit_sys_config_file: [notification-policy,8968889]
01-12 15:21:09.052 1116 1377 I commit_sys_config_file: [procstats,64]
01-12 15:22:15.726 1116 2261 I commit_sys_config_file: [appops,9032379]
01-12 15:22:46.748 1116 1116 I notification_enqueue: [10120,4927,com.tblenovo.lewea,4927,NULL,0,Notification(channel=tblenovo.channel.WEATHER shortcut=null contentView=null vibrate=null sound=null defaults=0x0 flags=0x40 color=0x00000000 vis=PRIVATE),1]
01-12 15:22:46.777 1116 1116 I notification_enqueue: [10120,4927,com.tblenovo.lewea,4927,NULL,0,Notification(channel=tblenovo.channel.WEATHER shortcut=null contentView=com.tblenovo.lewea/0x7f090018 vibrate=null sound=null defaults=0x0 flags=0x50 color=0x00000000 vis=PUBLIC),1]
01-12 15:22:47.034 1116 1316 I commit_sys_config_file: [notification-policy,9075554]
01-12 15:23:48.854 2741 2741 I force_gc: Binder
01-12 15:24:27.726 1116 2195 I battery_level: [11,3755,292]
01-12 15:24:46.733 1116 1378 I am_wtf : [0,1116,system_server,-1,ActivityManager,Sending non-protected broadcast com.lenovo.action.CAPSENSOR_SIM from system 1116:system/1000 pkg android]
01-12 15:24:46.750 1116 1378 I am_wtf : [0,1116,system_server,-1,ActivityManager,Sending non-protected broadcast com.lenovo.action.CAPSENSOR_SIM from system 1116:system/1000 pkg android]
01-12 15:24:46.751 2741 2741 D QtiRilInterface: Received com.lenovo.action.CAPSENSOR_SIM
01-12 15:24:46.751 2741 2741 D QtiRilInterface: capsensor_value is 3
01-12 15:25:41.820 1116 2181 I storage_state: [41217664-9172-527a-b3d5-edabb50a7d69,0,0,46997254144,52424421376]
01-12 15:25:57.609 1116 1377 I am_pss : [3477,10136,com.google.process.gservices,8066048,3670016,3468288,42893312,0,19,17]
01-12 15:25:57.617 1116 1116 I notification_enqueue: [10120,4927,com.tblenovo.lewea,4927,NULL,0,Notification(channel=tblenovo.channel.WEATHER shortcut=null contentView=null vibrate=null sound=null defaults=0x0 flags=0x40 color=0x00000000 vis=PRIVATE),1]
01-12 15:25:57.628 3134 3339 I gtalk_connection: 16778495
01-12 15:25:57.645 1116 1116 I notification_enqueue: [10120,4927,com.tblenovo.lewea,4927,NULL,0,Notification(channel=tblenovo.channel.WEATHER shortcut=null contentView=com.tblenovo.lewea/0x7f090018 vibrate=null sound=null defaults=0x0 flags=0x50 color=0x00000000 vis=PUBLIC),1]
01-12 15:25:57.874 1116 1316 I commit_sys_config_file: [notification-policy,9266394]
01-12 15:29:27.800 2741 2741 D RILJ : [0097]> GET_ACTIVITY_INFO [PHONE0]
01-12 15:29:27.816 2741 2959 D RILJ : [0097]< GET_ACTIVITY_INFO ModemActivityInfo{ mTimestamp=9553129 mSleepTimeMs=0 mIdleTimeMs=552617 mTxTimeMs[]=[0, 0, 0, 0, 0] mRxTimeMs=0} [PHONE0]
01-12 15:29:27.940 630 630 I auditd : type=1400 audit(0.0:1445): avc: denied { read } for comm="Binder:630_2" name="wakeup38" dev="sysfs" ino=66587 scontext=u:r:system_suspend:s0 tcontext=u:object_r:sysfs:s0 tclass=dir permissive=0
01-12 15:29:27.940 630 630 I auditd : type=1400 audit(0.0:1446): avc: denied { read } for comm="Binder:630_2" name="wakeup28" dev="sysfs" ino=66215 scontext=u:r:system_suspend:s0 tcontext=u:object_r:sysfs:s0 tclass=dir permissive=0
01-12 15:29:27.940 630 630 I auditd : type=1400 audit(0.0:1447): avc: denied { read } for comm="Binder:630_2" name="wakeup18" dev="sysfs" ino=58442 scontext=u:r:system_suspend:s0 tcontext=u:object_r:sysfs:s0 tclass=dir permissive=0
01-12 15:29:27.940 630 630 I auditd : type=1400 audit(0.0:1448): avc: denied { read } for comm="Binder:630_2" name="wakeup46" dev="sysfs" ino=70729 scontext=u:r:system_suspend:s0 tcontext=u:object_r:sysfs:s0 tclass=dir permissive=0
01-12 15:29:27.940 630 630 I auditd : type=1400 audit(0.0:1449): avc: denied { read } for comm="Binder:630_2" name="wakeup2" dev="sysfs" ino=40064 scontext=u:r:system_suspend:s0 tcontext=u:object_r:sysfs:s0 tclass=dir permissive=0
01-12 15:31:19.922 1116 2982 I dvm_lock_sample: [system_server,0,Binder:1116_B,19,ActivityManagerService.java,12158,void com.android.server.am.ActivityManagerService.serviceDoneExecuting(android.os.IBinder, int, int, int),BroadcastQueue.java,1053,void com.android.server.am.BroadcastQueue.processNextBroadcast(boolean),3]
01-12 15:32:46.012 2741 2741 I force_gc: Binder
01-12 15:33:54.486 1116 1116 I notification_enqueue: [10120,4927,com.tblenovo.lewea,4927,NULL,0,Notification(channel=tblenovo.channel.WEATHER shortcut=null contentView=null vibrate=null sound=null defaults=0x0 flags=0x40 color=0x00000000 vis=PRIVATE),1]
01-12 15:33:54.498 1116 2164 I netstats_mobile_sample: [0,0,0,0,0,0,0,0,0,0,0,0,1673537634498]
01-12 15:33:54.499 1116 2164 I netstats_wifi_sample: [17507688,15181,1263828,6512,17507728,15182,1263904,6513,45618715,33520,1260488,6432,1673537634498]
01-12 15:33:54.500 1116 1116 I notification_enqueue: [10120,4927,com.tblenovo.lewea,4927,NULL,0,Notification(channel=tblenovo.channel.WEATHER shortcut=null contentView=com.tblenovo.lewea/0x7f090018 vibrate=null sound=null defaults=0x0 flags=0x50 color=0x00000000 vis=PUBLIC),1]
01-12 15:33:54.512 1116 2507 I am_uid_active: 10073
01-12 15:33:54.617 1116 2507 I am_uid_active: 10106
01-12 15:33:54.627 1116 2460 I dvm_lock_sample: [system_server,1,Binder:1116_6,12,ActivityManagerService.java,12114,int com.android.server.am.ActivityManagerService.bindIsolatedService(android.app.IApplicationThread, android.os.IBinder, android.content.Intent, java.lang.String, android.app.IServiceConnection, int, java.lang.String, java.lang.String, int),,0,null,2]
01-12 15:33:54.653 1116 2460 I am_uid_active: 10048
01-12 15:33:54.714 13247 13273 I aggregation: 1673537634714
01-12 15:33:54.723 1116 1316 I commit_sys_config_file: [notification-policy,9743244]
01-12 15:33:54.799 3134 18051 I c2dm : [-19,ERR_AUTHENTICATION_FAILED,0,0]
01-12 15:34:54.692 1116 1378 I am_uid_idle: 10106
01-12 15:34:54.694 1116 1378 I am_uid_idle: 10048
01-12 15:35:04.545 1116 1378 I am_uid_idle: 10073
01-12 15:39:27.765 2741 2741 D RILJ : [0098]> SEND_DEVICE_STATE 1:true [PHONE0]
01-12 15:39:27.768 2741 2959 D RILJ : [0098]< SEND_DEVICE_STATE [PHONE0]
01-12 15:39:27.770 2741 2741 D RILJ : [0099]> SET_UNSOLICITED_RESPONSE_FILTER 127 [PHONE0]
01-12 15:39:27.777 2741 2959 D RILJ : [0099]< SET_UNSOLICITED_RESPONSE_FILTER [PHONE0]
01-12 15:41:28.021 1116 2195 I battery_level: [12,3745,293]
01-12 15:41:42.737 2741 2741 I force_gc: Binder
01-12 15:46:28.097 2741 2741 D RILJ : [0100]> GET_ACTIVITY_INFO [PHONE0]
01-12 15:46:28.122 2741 2959 D RILJ : [0100]< GET_ACTIVITY_INFO ModemActivityInfo{ mTimestamp=10573435 mSleepTimeMs=0 mIdleTimeMs=1020300 mTxTimeMs[]=[0, 0, 0, 0, 0] mRxTimeMs=0} [PHONE0]
01-12 15:46:28.260 630 630 I auditd : type=1400 audit(0.0:1476): avc: denied { read } for comm="Binder:630_2" name="wakeup38" dev="sysfs" ino=66587 scontext=u:r:system_suspend:s0 tcontext=u:object_r:sysfs:s0 tclass=dir permissive=0
01-12 15:46:28.260 630 630 I auditd : type=1400 audit(0.0:1477): avc: denied { read } for comm="Binder:630_2" name="wakeup28" dev="sysfs" ino=66215 scontext=u:r:system_suspend:s0 tcontext=u:object_r:sysfs:s0 tclass=dir permissive=0
01-12 15:46:28.260 630 630 I auditd : type=1400 audit(0.0:1478): avc: denied { read } for comm="Binder:630_2" name="wakeup18" dev="sysfs" ino=58442 scontext=u:r:system_suspend:s0 tcontext=u:object_r:sysfs:s0 tclass=dir permissive=0
01-12 15:46:28.260 630 630 I auditd : type=1400 audit(0.0:1479): avc: denied { read } for comm="Binder:630_2" name="wakeup46" dev="sysfs" ino=70729 scontext=u:r:system_suspend:s0 tcontext=u:object_r:sysfs:s0 tclass=dir permissive=0
01-12 15:46:28.260 630 630 I auditd : type=1400 audit(0.0:1480): avc: denied { read } for comm="Binder:630_2" name="wakeup2" dev="sysfs" ino=40064 scontext=u:r:system_suspend:s0 tcontext=u:object_r:sysfs:s0 tclass=dir permissive=0
01-12 15:47:17.690 1116 1116 I notification_enqueue: [10120,4927,com.tblenovo.lewea,4927,NULL,0,Notification(channel=tblenovo.channel.WEATHER shortcut=null contentView=null vibrate=null sound=null defaults=0x0 flags=0x40 color=0x00000000 vis=PRIVATE),1]
01-12 15:47:17.690 1116 1377 I am_pss : [11850,10218,com.nextdoordeveloper.miperf.miperf,32855040,27471872,1587200,102903808,0,12,21]
01-12 15:47:17.703 3134 3339 I gtalk_connection: 16778495
01-12 15:47:17.709 1116 1377 I am_pss : [17913,10087,com.nttdocomo.android.schedulememo,22850560,15536128,4463616,68960256,0,19,15]
01-12 15:47:17.712 1116 1116 I notification_enqueue: [10120,4927,com.tblenovo.lewea,4927,NULL,0,Notification(channel=tblenovo.channel.WEATHER shortcut=null contentView=com.tblenovo.lewea/0x7f090018 vibrate=null sound=null defaults=0x0 flags=0x50 color=0x00000000 vis=PUBLIC),1]
01-12 15:47:17.970 1116 1316 I commit_sys_config_file: [notification-policy,10546491]
01-12 15:50:15.260 2741 2741 D RILJ : [0101]> GET_ACTIVITY_INFO [PHONE0]
01-12 15:50:15.279 2741 2959 D RILJ : [0101]< GET_ACTIVITY_INFO ModemActivityInfo{ mTimestamp=10800592 mSleepTimeMs=0 mIdleTimeMs=227160 mTxTimeMs[]=[0, 0, 0, 0, 0] mRxTimeMs=0} [PHONE0]
01-12 15:50:15.390 630 630 I auditd : type=1400 audit(0.0:1507): avc: denied { read } for comm="Binder:630_2" name="wakeup38" dev="sysfs" ino=66587 scontext=u:r:system_suspend:s0 tcontext=u:object_r:sysfs:s0 tclass=dir permissive=0
01-12 15:50:15.400 630 630 I auditd : type=1400 audit(0.0:1508): avc: denied { read } for comm="Binder:630_2" name="wakeup28" dev="sysfs" ino=66215 scontext=u:r:system_suspend:s0 tcontext=u:object_r:sysfs:s0 tclass=dir permissive=0
01-12 15:50:15.400 630 630 I auditd : type=1400 audit(0.0:1509): avc: denied { read } for comm="Binder:630_2" name="wakeup18" dev="sysfs" ino=58442 scontext=u:r:system_suspend:s0 tcontext=u:object_r:sysfs:s0 tclass=dir permissive=0
01-12 15:50:15.400 630 630 I auditd : type=1400 audit(0.0:1510): avc: denied { read } for comm="Binder:630_2" name="wakeup46" dev="sysfs" ino=70729 scontext=u:r:system_suspend:s0 tcontext=u:object_r:sysfs:s0 tclass=dir permissive=0
01-12 15:50:15.400 630 630 I auditd : type=1400 audit(0.0:1511): avc: denied { read } for comm="Binder:630_2" name="wakeup2" dev="sysfs" ino=40064 scontext=u:r:system_suspend:s0 tcontext=u:object_r:sysfs:s0 tclass=dir permissive=0
01-12 15:50:15.492 1116 1393 I dvm_lock_sample: [system_server,0,batterystats-handler,191,BatteryStatsService.java,999,void com.android.server.am.BatteryStatsService.lambda$noteStopWakelock$23$BatteryStatsService(int, int, java.lang.String, java.lang.String, int, long, long),BatteryExternalStatsWorker.java,696,void com.android.server.am.BatteryExternalStatsWorker.updateExternalStatsLocked(java.lang.String, int, boolean, boolean, int, boolean),38]
01-12 15:50:15.568 1116 1377 I commit_sys_config_file: [batterystats,68]
01-12 15:50:15.574 1116 1377 I commit_sys_config_file: [batterystats,5]
01-12 15:50:39.035 2741 2741 I force_gc: Binder
01-12 15:51:09.195 1116 3511 I dvm_lock_sample: [system_server,1,Binder:1116_F,75,ConnectionRecord.java,161,void com.android.server.am.ConnectionRecord.stopAssociation(),ProcessStatsService.java,259,void com.android.server.am.ProcessStatsService.writeStateAsync(),15]
01-12 15:51:09.199 1116 1377 I commit_sys_config_file: [procstats,94]
01-12 15:51:10.012 1116 1377 I am_meminfo: [699539456,63197184,125239296,1014075392,482519040]
01-12 15:51:10.036 1116 1377 I am_pss : [8699,10168,com.google.android.inputmethod.latin,63636480,52727808,5208064,151838720,2,7,21]
01-12 15:51:10.055 1116 1377 I am_pss : [11850,10218,com.nextdoordeveloper.miperf.miperf,32854016,27471872,1587200,102903808,2,12,16]
01-12 15:51:10.074 1116 1377 I am_pss : [2879,10186,com.android.launcher3,50362368,45617152,844800,137359360,2,5,15]
01-12 15:51:10.095 1116 1377 I am_pss : [11071,1000,com.android.settings,62149632,55984128,1353728,137678848,2,16,17]
01-12 15:51:10.112 1116 1377 I am_pss : [13018,1002,com.android.bluetooth,26938368,22982656,116736,103772160,2,0,15]
01-12 15:51:10.131 1116 1377 I am_pss : [14162,10080,com.nttdocomo.android.mymagazine,37611520,24776704,8333312,93667328,2,16,16]
01-12 15:51:10.152 1116 1377 I am_pss : [3725,10056,com.nttdocomo.android.homezozo,59010048,46002176,9324544,134512640,2,5,17]
01-12 15:51:10.170 1116 1377 I am_pss : [3400,10063,com.nttdocomo.android.mascot,44494848,35196928,7114752,107327488,2,4,15]
01-12 15:51:10.188 1116 1377 I am_pss : [4061,10055,com.nttdocomo.android.applicationmanager,27863040,11329536,12389376,91668480,2,5,15]
01-12 15:51:10.201 1116 1377 I am_pss : [4927,10120,com.tblenovo.lewea,12173312,8044544,2788352,75169792,2,4,12]
01-12 15:51:10.217 1116 1377 I am_pss : [7743,10065,jp.co.nttdocomo.carriermail,14827520,9678848,4021248,61472768,2,10,13]
01-12 15:51:10.238 1116 1377 I am_pss : [13247,10136,com.google.android.gms,78687232,58515456,162816,182661120,2,19,19]
01-12 15:51:10.260 1116 1377 I am_pss : [3134,10136,com.google.android.gms.persistent,69141504,47677440,3636224,162689024,2,5,18]
01-12 15:51:10.276 1116 1377 I am_pss : [4441,10136,com.google.android.gms.unstable,22444032,12169216,3336192,81321984,2,19,14]
01-12 15:51:10.291 1116 1377 I am_pss : [3477,10136,com.google.process.gservices,7972864,4132864,2876416,45285376,2,19,13]
01-12 15:51:10.306 1116 1377 I am_pss : [8715,10106,com.nttdocomo.android.pf.dcmippushaggregator,8445952,4808704,2840576,49766400,2,19,12]
01-12 15:51:10.322 1116 1377 I am_pss : [14298,10073,com.nttdocomo.android.devicehelp,18226176,14807040,1235968,76066816,2,19,14]
01-12 15:51:10.335 1116 1377 I am_pss : [6503,10048,com.nttdocomo.android.pf.dcmwappush,6201344,2572288,3092480,39153664,2,10,11]
01-12 15:51:10.349 1116 1377 I am_pss : [3008,10195,com.android.smspush,5728256,1019904,3517440,66183168,2,6,12]
01-12 15:51:10.364 1116 1377 I am_pss : [4538,10059,com.nttdocomo.android.idmanager,18215936,13713408,3132416,82432000,2,5,13]
01-12 15:51:10.378 1116 1377 I am_pss : [3804,10136,com.google.process.gapps,8037376,3739648,3343360,43769856,2,19,13]
01-12 15:51:10.397 1116 1377 I am_pss : [5539,10129,com.android.vending,46181376,31268864,13859840,79724544,2,19,16]
01-12 15:51:10.411 1116 1377 I am_pss : [3693,10200,com.google.android.providers.media.module,16307200,3620864,11323392,72204288,2,0,12]
01-12 15:51:10.426 1116 1377 I am_pss : [9651,10196,com.qualcomm.qti.qccauthmgr,6380544,2887680,2806784,42307584,2,19,12]
01-12 15:51:10.442 1116 1377 I am_pss : [9992,10130,com.google.android.apps.wellbeing,22063104,18796544,2250752,67346432,2,19,14]
01-12 15:51:10.458 1116 1377 I am_pss : [12524,10155,com.google.android.apps.photos,22820864,14143488,7572480,61325312,2,19,14]
01-12 15:51:10.472 1116 1377 I am_pss : [11314,10049,android.process.media,8008704,2154496,5135360,40480768,2,19,12]
01-12 15:51:10.497 1116 1377 I am_pss : [3914,10137,com.google.android.googlequicksearchbox:search,100911104,55435264,33449984,138059776,2,10,22]
01-12 15:51:10.510 1116 1377 I am_pss : [13545,99002,com.google.android.webview:sandboxed_process0:org.chromium.content.app.SandboxedProcessService0:0,36564992,5861376,28477440,25067520,2,10,11]
01-12 15:51:10.530 1116 1377 I am_pss : [13576,10137,com.google.android.googlequicksearchbox:privileged_process0,34138112,15937536,6750208,85901312,2,10,16]
01-12 15:51:10.546 1116 1377 I am_pss : [3509,10137,com.google.android.googlequicksearchbox:interactor,30447616,7053312,19479552,79839232,2,5,14]
01-12 15:51:10.560 1116 1377 I am_pss : [16188,10119,com.google.android.partnersetup,7887872,2203648,4407296,45137920,2,19,12]
01-12 15:51:10.576 1116 1377 I am_pss : [17913,10087,com.nttdocomo.android.schedulememo,22823936,15486976,4463616,68960256,2,19,14]
01-12 15:51:10.592 1116 1377 I am_pss : [15906,10047,com.lenovo.lsf.device,9661440,6324224,1615872,60174336,2,10,14]
01-12 15:51:10.606 1116 1377 I am_pss : [7561,10066,com.nttdocomo.android.wipe,7936000,2797568,4476928,39665664,2,10,12]
01-12 15:51:10.625 1116 1377 I am_pss : [17177,10156,com.google.android.apps.docs,45088768,35090432,1524736,106872832,2,19,15]
01-12 15:51:10.642 1116 1377 I am_pss : [5286,10198,com.google.android.permissioncontroller,19920896,9400320,7845888,67190784,2,19,15]
01-12 15:51:10.657 1116 1377 I am_pss : [10952,10046,android.process.acore,10268672,3555328,5598208,49090560,2,19,13]
01-12 15:51:10.671 1116 1377 I am_pss : [7864,10054,jp.co.nttdocomo.lcsapp,7755776,4005888,3033088,44617728,2,10,12]
01-12 15:51:10.687 1116 1377 I am_pss : [2814,10199,com.google.android.ext.services,22326272,17375232,3365888,85733376,2,5,13]
01-12 15:51:10.701 1116 1377 I am_pss : [7612,10191,com.qualcomm.telephony,6634496,532480,5624832,33198080,2,10,12]
01-12 15:51:10.715 1116 1377 I am_pss : [7164,1000,com.longcheertel.midtest,7003136,520192,5873664,34619392,2,10,11]
01-12 15:51:10.729 1116 1377 I am_pss : [3790,10177,com.google.android.setupwizard,11936768,6508544,4070400,74625024,2,4,12]
01-12 15:51:10.744 1116 1377 I am_pss : [5135,1000,com.qti.diagservices,6709248,524288,5727232,32690176,2,10,11]
01-12 15:51:10.757 1116 1377 I am_pss : [4559,10063,com.nttdocomo.android.mascot:persistent,6728704,1019904,4470784,64643072,2,4,11]
01-12 15:51:10.770 1116 1377 I am_pss : [4519,99000,com.google.android.webview:sandboxed_process0:org.chromium.content.app.SandboxedProcessService0:0,16196608,860160,5559296,40984576,2,5,10]
01-12 15:51:10.783 1116 1377 I am_pss : [3688,10184,com.qualcomm.location,9311232,5402624,2606080,72282112,2,0,12]
01-12 15:51:10.797 1116 1377 I am_pss : [3666,10189,com.qualcomm.qti.workloadclassifier,8806400,4657152,2769920,72069120,2,0,11]
01-12 15:51:10.811 1116 1377 I am_pss : [3637,10197,com.qualcomm.qti.qccnetstat,5459968,1003520,3304448,64626688,2,0,12]
01-12 15:51:10.824 1116 1377 I am_pss : [3628,10121,com.tblenovo.kidsmodewebview,12077056,1515520,9448448,56877056,2,0,11]
01-12 15:51:10.838 1116 1377 I am_pss : [3607,10172,com.qualcomm.qti.services.systemhelper:systemhelper_service,5716992,1310720,3254272,64958464,2,0,11]
01-12 15:51:10.851 1116 1377 I am_pss : [3586,10115,.pasr,5163008,1171456,2823168,63827968,2,0,11]
01-12 15:51:10.865 1116 1377 I am_pss : [3558,10178,com.dolby.daxservice,5851136,1052672,3593216,66445312,2,0,11]
01-12 15:51:10.879 1116 1377 I am_pss : [3535,1000,com.goodix.fingerprint,5527552,1060864,3325952,64430080,2,0,11]
01-12 15:51:10.893 1116 1377 I am_pss : [2765,1000,com.qualcomm.qti.qdma,9610240,5591040,2589696,76079104,2,0,12]
01-12 15:51:10.909 1116 1377 I am_pss : [2741,1001,com.android.phone,16392192,12419072,2031616,84148224,2,0,14]
01-12 15:51:10.923 1116 1377 I am_pss : [2717,10162,com.qualcomm.qti.devicestatisticsservice,8012800,3846144,2990080,67940352,2,0,11]
01-12 15:51:10.937 1116 1377 I am_pss : [2688,1068,com.android.se,6190080,1081344,3948544,65069056,2,0,12]
01-12 15:51:10.951 1116 1377 I am_pss : [2669,10188,com.qti.qualcomm.mstatssystemservice,5365760,1204224,3041280,63594496,2,0,11]
01-12 15:51:10.964 1116 1377 I am_pss : [2655,10183,org.codeaurora.ims,8953856,6086656,1618944,70811648,2,0,11]
01-12 15:51:10.977 1116 1377 I am_pss : [2617,1000,vendor.qti.qesdk.sysservice,5434368,1093632,3208192,64114688,2,0,11]
01-12 15:51:10.990 1116 1377 I am_pss : [2603,10181,com.qualcomm.qtil.aptxals,6162432,1724416,3274752,65318912,2,0,11]
01-12 15:51:11.004 1116 1377 I am_pss : [2573,10190,com.qualcomm.qtil.aptxacu,5371904,995328,3259392,63275008,2,0,11]
01-12 15:51:11.019 1116 1377 I am_pss : [2534,10144,com.qti.phone,8104960,3067904,3817472,67760128,2,0,12]
01-12 15:51:11.032 1116 1377 I am_pss : [2522,1000,com.lenovo.wifi,6023168,2105344,2719744,66985984,2,0,11]
01-12 15:51:11.047 1116 1377 I am_pss : [2482,10114,.qtidataservices,23028736,18980864,2736128,85172224,2,0,13]
01-12 15:51:11.061 1116 1377 I am_pss : [2456,1001,.dataservices,7996416,3895296,2878464,69419008,2,0,11]
01-12 15:51:11.077 1116 1377 I am_pss : [2422,1073,com.android.networkstack.process,18759680,15728640,966656,88334336,2,0,13]
01-12 15:51:11.091 1116 1377 I am_pss : [2300,1000,com.lenovo.lserver,8210432,3608576,3371008,69058560,2,0,11]
01-12 15:51:11.104 1116 1377 I am_pss : [2269,1000,com.lenovo.face,8044544,1728512,5085184,66805760,2,0,11]
01-12 15:51:11.129 1116 1377 I am_pss : [2236,10187,com.android.systemui,116548608,95719424,15357952,192835584,2,5,21]
01-12 15:51:11.162 1116 1377 I am_pss : [1116,1000,system,172950528,154976256,9017344,261267456,2,0,29]
01-12 15:51:44.505 1116 2164 I netstats_mobile_sample: [0,0,0,0,0,0,0,0,0,0,0,0,1673538704505]
01-12 15:51:44.505 1116 2164 I netstats_wifi_sample: [17507688,15181,1263828,6512,17507728,15182,1263904,6513,45618715,33520,1260488,6432,1673538704505]
01-12 15:51:44.519 1116 1116 I am_uid_running: 10124
01-12 15:51:44.598 1116 1380 I am_proc_start: [0,19399,10124,com.google.android.apps.nbu.files,service,{com.google.android.apps.nbu.files/com.google.android.apps.nbu.files.backup.BackupService}]
01-12 15:51:44.621 1116 1116 I notification_enqueue: [10120,4927,com.tblenovo.lewea,4927,NULL,0,Notification(channel=tblenovo.channel.WEATHER shortcut=null contentView=null vibrate=null sound=null defaults=0x0 flags=0x40 color=0x00000000 vis=PRIVATE),1]
01-12 15:51:44.638 1116 1116 I notification_enqueue: [10120,4927,com.tblenovo.lewea,4927,NULL,0,Notification(channel=tblenovo.channel.WEATHER shortcut=null contentView=com.tblenovo.lewea/0x7f090018 vibrate=null sound=null defaults=0x0 flags=0x50 color=0x00000000 vis=PUBLIC),1]
01-12 15:51:44.638 1116 2460 I am_uid_active: 10106
01-12 15:51:44.679 1116 1199 I am_uid_active: 10048
01-12 15:51:44.765 1116 1316 I commit_sys_config_file: [notification-policy,10813286]
01-12 15:51:44.771 1116 2460 I am_proc_bound: [0,19399,com.google.android.apps.nbu.files]
01-12 15:51:44.850 3134 18051 I c2dm : [-19,ERR_AUTHENTICATION_FAILED,0,0]
01-12 15:51:45.432 3914 19460 I dvm_lock_sample: [com.google.android.googlequickse,0,Blocking Thread #37,120,AssetManager.java,546,boolean android.content.res.AssetManager.getResourceValue(int, int, android.util.TypedValue, boolean),-,563,boolean android.content.res.AssetManager.getResourceValue(int, int, android.util.TypedValue, boolean),24]
01-12 15:51:46.524 1116 1380 I am_proc_start: [0,19511,10136,com.google.android.gms:snet,service,{com.google.android.gms/com.google.android.gms.chimera.SnetIntentOperationService}]
01-12 15:51:46.634 1116 3511 I am_proc_bound: [0,19511,com.google.android.gms:snet]
01-12 15:51:47.349 1116 1316 I commit_sys_config_file: [jobs,14]
01-12 15:51:50.540 19511 19511 I auditd : type=1400 audit(0.0:1538): avc: denied { read } for comm="CTION_IDLE_MODE" name="u:object_r:oem_unlock_prop:s0" dev="tmpfs" ino=23596 scontext=u:r:gmscore_app:s0:c512,c768 tcontext=u:object_r:oem_unlock_prop:s0 tclass=file permissive=0 app=com.google.android.gms
01-12 15:52:36.745 1116 2261 I commit_sys_config_file: [appops,10853398]
01-12 15:52:44.756 1116 1378 I am_uid_idle: 10106
01-12 15:52:44.757 1116 1378 I am_uid_idle: 10048
01-12 15:53:17.766 1116 1116 I dvm_lock_sample: [system_server,0,main,20,AlarmManagerService.java,4840,void com.android.server.alarm.AlarmManagerService$DeliveryTracker.alarmComplete(android.os.IBinder),-,4262,void com.android.server.alarm.AlarmManagerService$AlarmThread.run(),4]
01-12 15:53:17.769 1116 1116 I notification_enqueue: [10120,4927,com.tblenovo.lewea,4927,NULL,0,Notification(channel=tblenovo.channel.WEATHER shortcut=null contentView=null vibrate=null sound=null defaults=0x0 flags=0x40 color=0x00000000 vis=PRIVATE),1]
01-12 15:53:17.799 1116 1116 I notification_enqueue: [10120,4927,com.tblenovo.lewea,4927,NULL,0,Notification(channel=tblenovo.channel.WEATHER shortcut=null contentView=com.tblenovo.lewea/0x7f090018 vibrate=null sound=null defaults=0x0 flags=0x50 color=0x00000000 vis=PUBLIC),1]
01-12 15:53:18.031 1116 1316 I commit_sys_config_file: [notification-policy,10906552]
01-12 15:56:17.652 1116 1116 I notification_enqueue: [10120,4927,com.tblenovo.lewea,4927,NULL,0,Notification(channel=tblenovo.channel.WEATHER shortcut=null contentView=null vibrate=null sound=null defaults=0x0 flags=0x40 color=0x00000000 vis=PRIVATE),1]
01-12 15:56:17.669 1116 1116 I notification_enqueue: [10120,4927,com.tblenovo.lewea,4927,NULL,0,Notification(channel=tblenovo.channel.WEATHER shortcut=null contentView=com.tblenovo.lewea/0x7f090018 vibrate=null sound=null defaults=0x0 flags=0x50 color=0x00000000 vis=PUBLIC),1]
01-12 15:56:17.890 1116 1316 I commit_sys_config_file: [notification-policy,11086411]
01-12 15:56:19.709 1116 1316 I commit_sys_config_file: [jobs,27]
01-12 15:56:20.809 1116 2195 I battery_level: [13,3720,292]
01-12 15:56:50.428 1116 1377 I am_pss : [19511,10136,com.google.android.gms:snet,56830976,38133760,645120,162570240,0,19,17]
01-12 15:57:39.204 1116 2982 I am_proc_died: [0,5286,com.google.android.permissioncontroller,999,19]
01-12 15:57:39.207 1116 2982 I am_uid_stopped: 10198
01-12 15:57:39.212 1116 2982 I am_kill : [0,10952,android.process.acore,999,empty for 5453s]
01-12 15:57:39.215 1116 2982 I am_mem_factor: [2,0]
01-12 15:57:39.287 1116 1377 I am_pss : [19399,10124,com.google.android.apps.nbu.files,35610624,29634560,3140608,79753216,0,19,16]
01-12 15:57:39.348 1116 17636 I am_proc_died: [0,10952,android.process.acore,999,19]
01-12 15:57:39.351 1116 17636 I am_uid_stopped: 10046
01-12 15:57:40.290 1116 3971 I am_mem_factor: [0,2]
01-12 15:57:41.153 1116 1377 I am_meminfo: [752635904,47218688,151556096,1028825088,485474304]
01-12 15:57:41.173 1116 1377 I am_pss : [8699,10168,com.google.android.inputmethod.latin,64260096,50098176,8315904,148787200,1,7,18]
01-12 15:57:41.192 1116 1377 I am_pss : [11850,10218,com.nextdoordeveloper.miperf.miperf,32850944,27336704,1591296,101883904,1,12,16]
01-12 15:57:41.211 1116 1377 I am_pss : [2879,10186,com.android.launcher3,50338816,45355008,910336,136536064,1,5,15]
01-12 15:57:41.236 1116 1377 I am_pss : [11071,1000,com.android.settings,61806592,39915520,17243136,109461504,1,16,22]
01-12 15:57:41.253 1116 1377 I am_pss : [13018,1002,com.android.bluetooth,26334208,22999040,115712,103325696,1,0,15]
01-12 15:57:41.274 1116 1377 I am_pss : [14162,10080,com.nttdocomo.android.mymagazine,35845120,18923520,12740608,85442560,1,16,19]
01-12 15:57:41.295 1116 1377 I am_pss : [3725,10056,com.nttdocomo.android.homezozo,58753024,44982272,10094592,133181440,1,5,17]
01-12 15:57:41.313 1116 1377 I am_pss : [3400,10063,com.nttdocomo.android.mascot,43784192,34398208,7126016,106389504,1,4,15]
01-12 15:57:41.330 1116 1377 I am_pss : [4061,10055,com.nttdocomo.android.applicationmanager,27199488,10911744,12441600,90746880,1,5,15]
01-12 15:57:41.346 1116 1377 I am_pss : [16188,10119,com.google.android.partnersetup,7646208,1929216,4699136,43343872,1,19,14]
01-12 15:57:41.372 1116 1377 I am_pss : [3914,10137,com.google.android.googlequicksearchbox:search,122802176,68444160,41790464,146313216,1,10,24]
01-12 15:57:41.387 1116 1377 I am_pss : [4927,10120,com.tblenovo.lewea,12183552,7999488,2853888,75104256,1,4,12]
01-12 15:57:41.400 1116 1377 I am_pss : [13545,99002,com.google.android.webview:sandboxed_process0:org.chromium.content.app.SandboxedProcessService0:0,35553280,4104192,29370368,22429696,1,10,12]
01-12 15:57:41.421 1116 1377 I am_pss : [13576,10137,com.google.android.googlequicksearchbox:privileged_process0,29930496,8749056,11874304,74121216,1,10,17]
01-12 15:57:41.438 1116 1377 I am_pss : [3509,10137,com.google.android.googlequicksearchbox:interactor,29554688,6352896,19479552,78614528,1,5,15]
01-12 15:57:41.459 1116 1377 I am_pss : [3134,10136,com.google.android.gms.persistent,65190912,45654016,3623936,162922496,1,5,19]
01-12 15:57:41.474 1116 1377 I am_pss : [3477,10136,com.google.process.gservices,8150016,4067328,2983936,45338624,1,19,12]
01-12 15:57:41.494 1116 1377 I am_pss : [13247,10136,com.google.android.gms,53754880,34639872,986112,160063488,1,19,18]
01-12 15:57:41.514 1116 1377 I am_pss : [19511,10136,com.google.android.gms:snet,57012224,38273024,615424,163028992,1,19,18]
01-12 15:57:41.532 1116 1377 I am_pss : [4441,10136,com.google.android.gms.unstable,20468736,11210752,3566592,79917056,1,19,15]
01-12 15:57:41.548 1116 1377 I am_pss : [3804,10136,com.google.process.gapps,8213504,3022848,4159488,40402944,1,19,13]
01-12 15:57:41.565 1116 1377 I am_pss : [19399,10124,com.google.android.apps.nbu.files,35620864,29818880,2967552,80445440,1,19,14]
01-12 15:57:41.584 1116 1377 I am_pss : [5539,10129,com.android.vending,42133504,19955712,21186560,65634304,1,19,16]
01-12 15:57:41.599 1116 1377 I am_pss : [8715,10106,com.nttdocomo.android.pf.dcmippushaggregator,8487936,4231168,3497984,47398912,1,19,12]
01-12 15:57:41.616 1116 1377 I am_pss : [7743,10065,jp.co.nttdocomo.carriermail,14823424,5660672,8137728,52072448,1,10,14]
01-12 15:57:41.631 1116 1377 I am_pss : [4538,10059,com.nttdocomo.android.idmanager,17554432,13041664,3140608,81694720,1,5,13]
01-12 15:57:41.645 1116 1377 I am_pss : [6503,10048,com.nttdocomo.android.pf.dcmwappush,6156288,2568192,3046400,39206912,1,10,12]
01-12 15:57:41.659 1116 1377 I am_pss : [3008,10195,com.android.smspush,5736448,1015808,3522560,66154496,1,6,12]
01-12 15:57:41.678 1116 1377 I am_pss : [14298,10073,com.nttdocomo.android.devicehelp,16864256,7880704,7236608,57442304,1,19,17]
01-12 15:57:41.693 1116 1377 I am_pss : [3693,10200,com.google.android.providers.media.module,16252928,3551232,11331584,72101888,1,0,13]
01-12 15:57:41.709 1116 1377 I am_pss : [9651,10196,com.qualcomm.qti.qccauthmgr,6439936,851968,4951040,37748736,1,19,14]
01-12 15:57:41.727 1116 1377 I am_pss : [9992,10130,com.google.android.apps.wellbeing,20930560,12439552,7575552,56999936,1,19,16]
01-12 15:57:41.745 1116 1377 I am_pss : [12524,10155,com.google.android.apps.photos,19454976,7114752,11274240,53239808,1,19,17]
01-12 15:57:41.762 1116 1377 I am_pss : [11314,10049,android.process.media,7617536,1241088,5681152,39059456,1,19,15]
01-12 15:57:41.782 1116 1377 I am_pss : [17913,10087,com.nttdocomo.android.schedulememo,21476352,12009472,6963200,63057920,1,19,17]
01-12 15:57:41.798 1116 1377 I am_pss : [15906,10047,com.lenovo.lsf.device,9420800,4562944,3547136,51802112,1,10,14]
01-12 15:57:41.814 1116 1377 I am_pss : [7561,10066,com.nttdocomo.android.wipe,7242752,1286144,5308416,37400576,1,10,14]
01-12 15:57:41.833 1116 1377 I am_pss : [17177,10156,com.google.android.apps.docs,33464320,20574208,6791168,87232512,1,19,16]
01-12 15:57:41.848 1116 1377 I am_pss : [7864,10054,jp.co.nttdocomo.lcsapp,7308288,3334144,3277824,43393024,1,10,13]
01-12 15:57:41.863 1116 1377 I am_pss : [2814,10199,com.google.android.ext.services,22458368,17240064,3644416,85549056,1,5,12]
01-12 15:57:41.879 1116 1377 I am_pss : [7612,10191,com.qualcomm.telephony,6424576,565248,5382144,33292288,1,10,13]
01-12 15:57:41.895 1116 1377 I am_pss : [7164,1000,com.longcheertel.midtest,6801408,585728,5605376,34742272,1,10,14]
01-12 15:57:41.909 1116 1377 I am_pss : [3790,10177,com.google.android.setupwizard,11894784,6459392,4070400,74510336,1,4,13]
01-12 15:57:41.926 1116 1377 I am_pss : [5135,1000,com.qti.diagservices,6505472,569344,5476352,32825344,1,10,14]
01-12 15:57:41.939 1116 1377 I am_pss : [4559,10063,com.nttdocomo.android.mascot:persistent,6736896,1019904,4470784,64626688,1,4,12]
01-12 15:57:41.951 1116 1377 I am_pss : [4519,99000,com.google.android.webview:sandboxed_process0:org.chromium.content.app.SandboxedProcessService0:0,16200704,860160,5542912,40964096,1,5,10]
01-12 15:57:41.964 1116 1377 I am_pss : [3688,10184,com.qualcomm.location,9216000,5222400,2682880,72040448,1,0,12]
01-12 15:57:41.979 1116 1377 I am_pss : [3666,10189,com.qualcomm.qti.workloadclassifier,8732672,4550656,2793472,71921664,1,0,12]
01-12 15:57:41.992 1116 1377 I am_pss : [3637,10197,com.qualcomm.qti.qccnetstat,5469184,1003520,3304448,64610304,1,0,11]
01-12 15:57:42.005 1116 1377 I am_pss : [3628,10121,com.tblenovo.kidsmodewebview,12079104,1515520,9448448,56807424,1,0,11]
01-12 15:57:42.019 1116 1377 I am_pss : [3607,10172,com.qualcomm.qti.services.systemhelper:systemhelper_service,5732352,1310720,3260416,64942080,1,0,11]
01-12 15:57:42.033 1116 1377 I am_pss : [3586,10115,.pasr,5176320,1171456,2829312,63807488,1,0,11]
01-12 15:57:42.046 1116 1377 I am_pss : [3558,10178,com.dolby.daxservice,5859328,1052672,3592192,66428928,1,0,12]
01-12 15:57:42.059 1116 1377 I am_pss : [3535,1000,com.goodix.fingerprint,5536768,1060864,3325952,64413696,1,0,11]
01-12 15:57:42.073 1116 1377 I am_pss : [2765,1000,com.qualcomm.qti.qdma,9142272,5066752,2663424,75464704,1,0,12]
01-12 15:57:42.090 1116 1377 I am_pss : [2741,1001,com.android.phone,17795072,13152256,2695168,84799488,1,0,14]
01-12 15:57:42.105 1116 1377 I am_pss : [2717,10162,com.qualcomm.qti.devicestatisticsservice,8090624,3858432,3046400,67936256,1,0,11]
01-12 15:57:42.118 1116 1377 I am_pss : [2688,1068,com.android.se,6198272,1048576,3981312,65019904,1,0,12]
01-12 15:57:42.131 1116 1377 I am_pss : [2669,10188,com.qti.qualcomm.mstatssystemservice,5374976,937984,3307520,63311872,1,0,11]
01-12 15:57:42.145 1116 1377 I am_pss : [2655,10183,org.codeaurora.ims,8724480,5861376,1623040,70492160,1,0,11]
01-12 15:57:42.159 1116 1377 I am_pss : [2617,1000,vendor.qti.qesdk.sysservice,5442560,966656,3335168,63971328,1,0,11]
01-12 15:57:42.172 1116 1377 I am_pss : [2603,10181,com.qualcomm.qtil.aptxals,6173696,1724416,3277824,65282048,1,0,12]
01-12 15:57:42.186 1116 1377 I am_pss : [2573,10190,com.qualcomm.qtil.aptxacu,5380096,962560,3292160,63225856,1,0,12]
01-12 15:57:42.200 1116 1377 I am_pss : [2534,10144,com.qti.phone,7635968,2322432,4104192,66940928,1,0,12]
01-12 15:57:42.214 1116 1377 I am_pss : [2522,1000,com.lenovo.wifi,5903360,1974272,2723840,66793472,1,0,11]
01-12 15:57:42.231 1116 1377 I am_pss : [2482,10114,.qtidataservices,23006208,18911232,2788352,85032960,1,0,13]
01-12 15:57:42.245 1116 1377 I am_pss : [2456,1001,.dataservices,7995392,3837952,2927616,69292032,1,0,12]
01-12 15:57:42.261 1116 1377 I am_pss : [2422,1073,com.android.networkstack.process,17521664,14602240,966656,86810624,1,0,13]
01-12 15:57:42.275 1116 1377 I am_pss : [2300,1000,com.lenovo.lserver,8261632,3633152,3390464,69062656,1,0,11]
01-12 15:57:42.289 1116 1377 I am_pss : [2269,1000,com.lenovo.face,8023040,1695744,5089280,66756608,1,0,12]
01-12 15:57:42.314 1116 1377 I am_pss : [2236,10187,com.android.systemui,122225664,99811328,16906240,196030464,1,5,21]
01-12 15:57:42.348 1116 1377 I am_pss : [1116,1000,system,153946112,135462912,9193472,241565696,1,0,29]
01-12 15:58:32.271 1116 1378 I am_wtf : [0,1116,system_server,-1,ActivityManager,Sending non-protected broadcast com.lenovo.action.CAPSENSOR_SIM from system 1116:system/1000 pkg android]
01-12 15:58:32.294 1116 1378 I am_wtf : [0,1116,system_server,-1,ActivityManager,Sending non-protected broadcast com.lenovo.action.CAPSENSOR_SIM from system 1116:system/1000 pkg android]
01-12 15:58:32.295 2741 2741 D QtiRilInterface: Received com.lenovo.action.CAPSENSOR_SIM
01-12 15:58:32.296 2741 2741 D QtiRilInterface: capsensor_value is 2
01-12 15:58:32.336 1116 2195 I sysui_multi_action: [757,1417,758,5,1418,10,1419,13,1420,3449423,1421,2]
01-12 15:58:32.337 1116 2195 I battery_status: [3,2,1,0,Li-ion]
01-12 15:58:32.351 1116 1116 I device_idle: [1,no activity]
01-12 15:58:32.352 1116 1116 I device_idle_light: [1,no activity]
01-12 15:58:32.373 1116 2982 I am_uid_active: 99002
01-12 15:58:32.399 1116 1116 I battery_saving_stats: [0,0,0,2567399,-152310,-3,4759777,-304620,-7]
01-12 15:58:32.402 2741 2741 D RILJ : [0102]> GET_ACTIVITY_INFO [PHONE0]
01-12 15:58:32.408 1116 1564 I sysui_multi_action: [757,1696,758,6,759,3]
01-12 15:58:32.417 2741 2959 D RILJ : [0102]< GET_ACTIVITY_INFO ModemActivityInfo{ mTimestamp=11297730 mSleepTimeMs=0 mIdleTimeMs=497139 mTxTimeMs[]=[0, 0, 0, 0, 0] mRxTimeMs=0} [PHONE0]
01-12 15:58:32.424 1116 2501 I dvm_lock_sample: [system_server,0,Binder:1116_7,52,ActivityManagerService.java,12158,void com.android.server.am.ActivityManagerService.serviceDoneExecuting(android.os.IBinder, int, int, int),,0,null,10]
01-12 15:58:32.430 1116 1116 I screen_toggled: 1
01-12 15:58:32.436 1116 3510 I dvm_lock_sample: [system_server,1,Binder:1116_E,39,ActivityManagerService.java,11981,int com.android.server.am.ActivityManagerService.stopService(android.app.IApplicationThread, android.content.Intent, java.lang.String, int),,0,null,7]
01-12 15:58:32.441 1116 1116 I power_screen_broadcast_send: 1
01-12 15:58:32.511 1116 3971 I sysui_multi_action: [757,127,758,1]
01-12 15:58:32.511 1116 3971 I sysui_multi_action: [757,804,799,note_load,801,8,802,1]
01-12 15:58:32.511 1116 3971 I notification_panel_revealed: 8
01-12 15:58:32.527 1116 1116 I dvm_lock_sample: [system_server,0,main,17,NotificationManagerService.java,8321,void com.android.server.notification.NotificationManagerService.handleSendRankingUpdate(),-,8293,void com.android.server.notification.NotificationManagerService.handleRankingSort(),3]
01-12 15:58:32.528 1116 1116 I notification_enqueue: [10120,4927,com.tblenovo.lewea,4927,NULL,0,Notification(channel=tblenovo.channel.WEATHER shortcut=null contentView=null vibrate=null sound=null defaults=0x0 flags=0x40 color=0x00000000 vis=PRIVATE),1]
01-12 15:58:32.541 1116 3510 I wm_set_keyguard_shown: [1,0,0,setKeyguardShown]
01-12 15:58:32.573 1116 1116 I notification_enqueue: [10120,4927,com.tblenovo.lewea,4927,NULL,0,Notification(channel=tblenovo.channel.WEATHER shortcut=null contentView=com.tblenovo.lewea/0x7f090018 vibrate=null sound=null defaults=0x0 flags=0x50 color=0x00000000 vis=PUBLIC),1]
01-12 15:58:32.583 1116 1947 I commit_sys_config_file: [settings-0-0,74]
01-12 15:58:32.600 630 630 I auditd : type=1400 audit(0.0:1539): avc: denied { read } for comm="Binder:630_2" name="wakeup38" dev="sysfs" ino=66587 scontext=u:r:system_suspend:s0 tcontext=u:object_r:sysfs:s0 tclass=dir permissive=0
01-12 15:58:32.600 630 630 I auditd : type=1400 audit(0.0:1540): avc: denied { read } for comm="Binder:630_2" name="wakeup28" dev="sysfs" ino=66215 scontext=u:r:system_suspend:s0 tcontext=u:object_r:sysfs:s0 tclass=dir permissive=0
01-12 15:58:32.610 630 630 I auditd : type=1400 audit(0.0:1541): avc: denied { read } for comm="Binder:630_2" name="wakeup18" dev="sysfs" ino=58442 scontext=u:r:system_suspend:s0 tcontext=u:object_r:sysfs:s0 tclass=dir permissive=0
01-12 15:58:32.610 630 630 I auditd : type=1400 audit(0.0:1542): avc: denied { read } for comm="Binder:630_2" name="wakeup46" dev="sysfs" ino=70729 scontext=u:r:system_suspend:s0 tcontext=u:object_r:sysfs:s0 tclass=dir permissive=0
