01-12 13:36:00.083 1116 1116 I notification_enqueue: [10120,4927,com.tblenovo.lewea,4927,NULL,0,Notification(channel=tblenovo.channel.WEATHER shortcut=null contentView=com.tblenovo.lewea/0x7f090018 vibrate=null sound=null defaults=0x0 flags=0x50 color=0x00000000 vis=PUBLIC),1]
01-12 13:36:00.339 1116 1316 I commit_sys_config_file: [notification-policy,2668860]
01-12 13:36:20.110 1116 1377 I am_pss : [4538,10059,com.nttdocomo.android.idmanager,18948096,14344192,3177472,83091456,0,5,29]
01-12 13:36:22.378 1116 2382 I ntp_failure: [time.android.com,java.net.UnknownHostException: Unable to resolve host "time.android.com": No address associated with hostname]
01-12 13:36:22.402 1116 9503 I am_uid_active: 10106
01-12 13:36:22.435 1116 8905 I am_uid_active: 10048
01-12 13:36:22.626 3134 8024 I c2dm : [-19,ERR_AUTHENTICATION_FAILED,0,0]
01-12 13:36:22.652 3134 8024 I c2dm : [-19,ERR_AUTHENTICATION_FAILED,0,0]
01-12 13:36:23.656 3134 8024 I c2dm : [-19,ERR_AUTHENTICATION_FAILED,0,0]
01-12 13:36:24.843 3134 8024 I c2dm : [-19,ERR_AUTHENTICATION_FAILED,0,0]
01-12 13:36:25.830 3134 8024 I c2dm : [-19,ERR_AUTHENTICATION_FAILED,0,0]
01-12 13:36:35.944 1116 1377 I am_pss : [14298,10073,com.nttdocomo.android.devicehelp,19718144,15081472,1460224,75780096,0,19,21]
01-12 13:36:36.002 3134 8024 I c2dm : [-19,ERR_AUTHENTICATION_FAILED,0,0]
01-12 13:36:39.144 3134 8024 I c2dm : [-19,ERR_AUTHENTICATION_FAILED,0,0]
01-12 13:36:45.366 3134 8024 I c2dm : [-19,ERR_AUTHENTICATION_FAILED,0,0]
01-12 13:36:48.497 3134 8024 I c2dm : [-19,ERR_AUTHENTICATION_FAILED,0,0]
01-12 13:36:57.594 3134 10360 I c2dm : [-19,ERR_AUTHENTICATION_FAILED,0,0]
01-12 13:36:57.596 3134 3339 I c2dm : [-19,ERR_AUTHENTICATION_FAILED,0,0]
01-12 13:37:00.110 1116 1116 I notification_enqueue: [10120,4927,com.tblenovo.lewea,4927,NULL,0,Notification(channel=tblenovo.channel.WEATHER shortcut=null contentView=null vibrate=null sound=null defaults=0x0 flags=0x40 color=0x00000000 vis=PRIVATE),1]
01-12 13:37:00.126 1116 1116 I notification_enqueue: [10120,4927,com.tblenovo.lewea,4927,NULL,0,Notification(channel=tblenovo.channel.WEATHER shortcut=null contentView=com.tblenovo.lewea/0x7f090018 vibrate=null sound=null defaults=0x0 flags=0x50 color=0x00000000 vis=PUBLIC),1]
01-12 13:37:00.365 1116 1316 I commit_sys_config_file: [notification-policy,2728886]
01-12 13:37:22.467 1116 1378 I am_uid_idle: 10106
01-12 13:37:22.468 1116 1378 I am_uid_idle: 10048
01-12 13:37:26.302 1116 2145 I input_interaction: Interaction with: 78595d5 StatusBar (server), PointerEventDispatcher0 (server),
01-12 13:37:26.349 2236 2236 I sysui_multi_action: [757,803,799,panel_open,802,1]
01-12 13:37:26.350 2236 2236 I sysui_multi_action: [757,1328,758,4,1326,35,1327,0,1329,0]
01-12 13:37:26.363 1116 2507 I sysui_multi_action: [757,127,758,1]
01-12 13:37:26.364 1116 2507 I sysui_multi_action: [757,804,799,note_load,801,9,802,1]
01-12 13:37:26.366 1116 2507 I notification_panel_revealed: 9
01-12 13:37:26.413 1116 1318 I input_focus: [Focus request 33812c7 NotificationShade,reason=UpdateInputWindows]
01-12 13:37:26.438 1116 2145 I input_focus: [Focus leaving d53d0d1 com.nextdoordeveloper.miperf.miperf/com.nextdoordeveloper.miperf.miperf.MainActivity (server),reason=Waiting for window because NOT_VISIBLE]
01-12 13:37:26.485 1116 2145 I input_focus: [Focus entering 33812c7 NotificationShade (server),reason=Window became focusable. Previous reason: NOT_VISIBLE]
01-12 13:37:26.996 1116 2507 I sysui_multi_action: [757,128,758,1,793,1478251,794,0,795,1478251,796,26,798,2,806,android,857,DEVELOPER_IMPORTANT,858,4,947,0,1395,9,1500,1477752,1688,1]
01-12 13:37:26.997 1116 2507 I sysui_multi_action: [757,804,799,note_freshness,801,1478251,802,1]
01-12 13:37:26.997 1116 2507 I notification_visibility: [-1|android|26|null|1000,1,1478251,1478251,0,2]
01-12 13:37:27.002 1116 2507 I sysui_multi_action: [757,128,758,1,793,274781,794,0,795,274781,796,741,797,ConnectivityNotification:101,798,1,806,android,857,NETWORK_ALERTS,858,4,947,0,1395,9,1500,274572,1688,1]
01-12 13:37:27.002 1116 2507 I sysui_multi_action: [757,804,799,note_freshness,801,274781,802,1]
01-12 13:37:27.003 1116 2507 I notification_visibility: [-1|android|741|ConnectivityNotification:101|1000,1,274781,274781,0,1]
01-12 13:37:27.004 1116 2507 I sysui_multi_action: [757,128,758,1,793,2694621,794,0,795,26890,796,4927,798,5,806,com.tblenovo.lewea,857,tblenovo.channel.WEATHER,858,2,947,0,1395,9,1500,26890,1688,1]
01-12 13:37:27.004 1116 2507 I sysui_multi_action: [757,804,799,note_freshness,801,26890,802,1]
01-12 13:37:27.005 1116 2507 I notification_visibility: [0|com.tblenovo.lewea|4927|null|10120,1,2694621,26890,0,5]
01-12 13:37:27.006 1116 2507 I sysui_multi_action: [757,128,758,1,793,2707911,794,0,795,282586,796,9,798,0,806,com.google.android.setupwizard,857,suw_consolidate_foreground_-e437bac7,858,3,947,0,1395,9,1500,282586,1688,1]
01-12 13:37:27.006 1116 2507 I sysui_multi_action: [757,804,799,note_freshness,801,282586,802,1]
01-12 13:37:27.006 1116 2507 I notification_visibility: [0|com.google.android.setupwizard|9|null|10177,1,2707911,282586,0,0]
01-12 13:37:27.007 1116 2507 I sysui_multi_action: [757,128,758,1,793,2690912,794,0,795,2690912,796,1,798,4,806,com.nttdocomo.android.lpa,857,NotificationChannel,858,2,947,0,1395,9,1500,2690698,1688,1,1745,2098068913]
01-12 13:37:27.008 1116 2507 I sysui_multi_action: [757,804,799,note_freshness,801,2690912,802,1]
01-12 13:37:27.008 1116 2507 I notification_visibility: [0|com.nttdocomo.android.lpa|1|null|10051,1,2690912,2690912,0,4]
01-12 13:37:27.009 1116 2507 I sysui_multi_action: [757,128,758,1,793,1559311,794,0,795,1559311,796,-1000005,798,3,806,com.android.bluetooth,857,opp_notification_channel,858,4,947,0,1395,9,1500,1559086,1688,1]
01-12 13:37:27.009 1116 2507 I sysui_multi_action: [757,804,799,note_freshness,801,1559311,802,1]
01-12 13:37:27.009 1116 2507 I notification_visibility: [0|com.android.bluetooth|-1000005|null|1002,1,1559311,1559311,0,3]
01-12 13:37:27.752 1116 2145 I input_interaction: Interaction with: 33812c7 NotificationShade (server), PointerEventDispatcher0 (server),
01-12 13:37:28.165 2236 2236 I sysui_multi_action: [757,366,758,4,759,126,927,0,928,1,1592,0,1593,0]
01-12 13:37:28.204 1116 13240 I wm_task_moved: [72,1,9]
01-12 13:37:28.204 1116 13240 I wm_task_to_front: [0,72]
01-12 13:37:28.206 11850 11850 I wm_on_top_resumed_lost_called: [33173638,com.nextdoordeveloper.miperf.miperf.MainActivity,topStateChangedWhenResumed]
01-12 13:37:28.207 1116 13240 I wm_focused_root_task: [0,0,72,67,bringingFoundTaskToFront]
01-12 13:37:28.208 1116 13240 I wm_set_resumed_activity: [0,com.android.settings/.Settings$WifiSettingsActivity,bringingFoundTaskToFront]
01-12 13:37:28.210 1116 13240 I wm_finish_activity: [0,252098143,72,com.android.settings/.Settings$WifiSettingsActivity,clear-task-top]
01-12 13:37:28.212 1116 13240 I wm_destroy_activity: [0,252098143,72,com.android.settings/.Settings$WifiSettingsActivity,finish-imm:finishIfPossible]
01-12 13:37:28.226 1116 13240 I service_manager_slow: [10,platform_compat]
01-12 13:37:28.231 1116 13240 I wm_task_moved: [72,1,9]
01-12 13:37:28.231 1116 13240 I wm_create_activity: [0,132493722,72,com.android.settings/.Settings$WifiSettingsActivity,android.settings.WIFI_SETTINGS,NULL,NULL,339738624]
01-12 13:37:28.241 1116 13240 I wm_pause_activity: [0,33173638,com.nextdoordeveloper.miperf.miperf/.MainActivity,userLeaving=true,pauseBackTasks]
01-12 13:37:28.264 11850 11850 I wm_on_paused_called: [33173638,com.nextdoordeveloper.miperf.miperf.MainActivity,performPause]
01-12 13:37:28.284 1116 2507 I wm_add_to_stopping: [0,33173638,com.nextdoordeveloper.miperf.miperf/.MainActivity,makeInvisible]
01-12 13:37:28.285 1116 2507 I wm_restart_activity: [0,132493722,72,com.android.settings/.Settings$WifiSettingsActivity]
01-12 13:37:28.288 1116 2507 I wm_set_resumed_activity: [0,com.android.settings/.Settings$WifiSettingsActivity,minimalResumeActivityLocked]
01-12 13:37:28.294 11071 11071 I wm_on_destroy_called: [252098143,com.android.settings.Settings$WifiSettingsActivity,performDestroy]
01-12 13:37:28.311 1116 1317 I am_uid_active: 10130
01-12 13:37:28.361 1116 1317 I sysui_multi_action: [757,803,799,window_time_0,802,277]
01-12 13:37:28.382 1116 2507 I am_uid_active: 10196
01-12 13:37:28.522 1116 10581 I netstats_mobile_sample: [0,0,0,0,0,0,0,0,0,0,0,0,1673530648522]
01-12 13:37:28.523 1116 10581 I netstats_wifi_sample: [8873173,7026,484001,2906,8873173,7026,484001,2906,19935720,14335,483161,2885,1673530648522]
01-12 13:37:28.598 1116 1377 I am_pss : [14162,10080,com.nttdocomo.android.mymagazine,26489856,15187968,7699456,72130560,0,19,25]
01-12 13:37:28.598 1116 10581 I netstats_mobile_sample: [0,0,0,0,0,0,0,0,0,0,0,0,1673530648598]
01-12 13:37:28.598 1116 10581 I netstats_wifi_sample: [8873173,7026,484001,2906,8873173,7026,484001,2906,19935720,14335,483161,2885,1673530648598]
01-12 13:37:28.601 1116 2165 I dvm_lock_sample: [system_server,0,NetworkPolicy,59,NetworkStatsService.java,1026,void com.android.server.net.NetworkStatsService.advisePersistThreshold(long),-,1506,void com.android.server.net.NetworkStatsService.performPoll(int),11]
01-12 13:37:28.609 11071 11071 I wm_on_create_called: [132493722,com.android.settings.Settings$WifiSettingsActivity,performCreate]
01-12 13:37:28.628 1116 2165 I service_manager_slow: [11,alarm]
01-12 13:37:28.671 1116 1377 I am_pss : [13576,10137,com.google.android.googlequicksearchbox:privileged_process0,45828096,19709952,9565184,102535168,0,10,28]
01-12 13:37:28.693 11071 11071 I wm_on_start_called: [132493722,com.android.settings.Settings$WifiSettingsActivity,handleStartActivity]
01-12 13:37:28.695 11071 11071 I snet_event_log: [120484087,-1,]
01-12 13:37:28.709 11071 11071 I wm_on_resume_called: [132493722,com.android.settings.Settings$WifiSettingsActivity,RESUME_ACTIVITY]
01-12 13:37:28.712 11071 11071 I sysui_multi_action: [757,103,758,1,833,0,1089,297]
01-12 13:37:28.725 2741 2741 D TelephonyNetworkFactory[0]: got request NetworkRequest [ REQUEST id=257, [ Capabilities: INTERNET&NOT_RESTRICTED&TRUSTED&NOT_VCN_MANAGED Uid: 1000 RequestorUid: 1000 RequestorPkg: com.android.settings UnderlyingNetworks: Null] ]
01-12 13:37:28.726 2741 2741 D TelephonyNetworkFactory[0]: onNeedNetworkFor NetworkRequest [ REQUEST id=257, [ Capabilities: INTERNET&NOT_RESTRICTED&TRUSTED&NOT_VCN_MANAGED Uid: 1000 RequestorUid: 1000 RequestorPkg: com.android.settings UnderlyingNetworks: Null] ] shouldApply false
01-12 13:37:28.743 1116 1377 I am_pss : [13545,99002,com.google.android.webview:sandboxed_process0:org.chromium.content.app.SandboxedProcessService0:0,43242496,10567680,29422592,33013760,0,10,20]
01-12 13:37:28.752 11071 11071 I wm_on_top_resumed_gained_called: [132493722,com.android.settings.Settings$WifiSettingsActivity,topStateChangedWhenResumed]
01-12 13:37:28.973 1116 1313 I sysui_multi_action: [319,453,321,353,322,750,325,2833,757,761,758,8,759,1,806,com.android.settings,871,com.android.settings.Settings$WifiSettingsActivity,904,com.android.systemui,905,0,1320,8,1321,5]
01-12 13:37:28.975 1116 1313 I wm_activity_launch_time: [0,132493722,com.android.settings/.Settings$WifiSettingsActivity,750]
01-12 13:37:29.247 1116 10581 I sysui_multi_action: [757,128,758,2,793,1480502,794,2251,795,1480502,796,26,798,2,806,android,857,DEVELOPER_IMPORTANT,858,4,947,0,1395,9,1500,1480003,1688,1]
01-12 13:37:29.247 1116 10581 I notification_visibility: [-1|android|26|null|1000,0,1480502,1480502,0,2]
01-12 13:37:29.248 1116 10581 I sysui_multi_action: [757,128,758,2,793,277027,794,2246,795,277027,796,741,797,ConnectivityNotification:101,798,1,806,android,857,NETWORK_ALERTS,858,4,947,0,1395,9,1500,276818,1688,1]
01-12 13:37:29.248 1116 10581 I notification_visibility: [-1|android|741|ConnectivityNotification:101|1000,0,277027,277027,0,1]
01-12 13:37:29.248 1116 10581 I sysui_multi_action: [757,128,758,2,793,2696865,794,2244,795,29134,796,4927,798,5,806,com.tblenovo.lewea,857,tblenovo.channel.WEATHER,858,2,947,0,1395,9,1500,29134,1688,1]
01-12 13:37:29.249 1116 10581 I notification_visibility: [0|com.tblenovo.lewea|4927|null|10120,0,2696865,29134,0,5]
01-12 13:37:29.249 1116 10581 I sysui_multi_action: [757,128,758,2,793,2710154,794,2243,795,284829,796,9,798,0,806,com.google.android.setupwizard,857,suw_consolidate_foreground_-e437bac7,858,3,947,0,1395,9,1500,284829,1688,1]
01-12 13:37:29.249 1116 10581 I notification_visibility: [0|com.google.android.setupwizard|9|null|10177,0,2710154,284829,0,0]
01-12 13:37:29.249 1116 10581 I sysui_multi_action: [757,128,758,2,793,2693154,794,2242,795,2693154,796,1,798,4,806,com.nttdocomo.android.lpa,857,NotificationChannel,858,2,947,0,1395,9,1500,2692940,1688,1,1745,2098068913]
01-12 13:37:29.250 1116 10581 I notification_visibility: [0|com.nttdocomo.android.lpa|1|null|10051,0,2693154,2693154,0,4]
01-12 13:37:29.250 1116 10581 I sysui_multi_action: [757,128,758,2,793,1561552,794,2241,795,1561552,796,-1000005,798,3,806,com.android.bluetooth,857,opp_notification_channel,858,4,947,0,1395,9,1500,1561327,1688,1]
01-12 13:37:29.250 1116 10581 I notification_visibility: [0|com.android.bluetooth|-1000005|null|1002,0,1561552,1561552,0,3]
01-12 13:37:29.250 1116 1317 I wm_stop_activity: [0,33173638,com.nextdoordeveloper.miperf.miperf/.MainActivity]
01-12 13:37:29.298 1116 1318 I input_focus: [Focus request 55857ee com.android.settings/com.android.settings.Settings$WifiSettingsActivity,reason=UpdateInputWindows]
01-12 13:37:29.319 1116 2145 I input_focus: [Focus leaving 33812c7 NotificationShade (server),reason=NOT_FOCUSABLE]
01-12 13:37:29.319 1116 2145 I input_focus: [Focus entering 55857ee com.android.settings/com.android.settings.Settings$WifiSettingsActivity (server),reason=setFocusedWindow]
01-12 13:37:29.355 1116 10581 I sysui_multi_action: [757,127,758,2]
01-12 13:37:29.355 1116 10581 I notification_panel_hidden:
01-12 13:37:29.374 11850 11850 I wm_on_stop_called: [33173638,com.nextdoordeveloper.miperf.miperf.MainActivity,STOP_ACTIVITY_ITEM]
01-12 13:37:43.470 1593 14998 I liblog : 16
01-12 13:37:43.470 1593 14998 I liblog : 1
01-12 13:37:43.470 1593 14998 I liblog : 1
01-12 13:38:00.127 1116 1377 I am_pss : [13018,1002,com.android.bluetooth,30524416,25313280,115712,112193536,0,0,27]
01-12 13:38:00.145 1116 1116 I notification_enqueue: [10120,4927,com.tblenovo.lewea,4927,NULL,0,Notification(channel=tblenovo.channel.WEATHER shortcut=null contentView=null vibrate=null sound=null defaults=0x0 flags=0x40 color=0x00000000 vis=PRIVATE),1]
01-12 13:38:00.158 3134 8024 I gtalk_connection: 16778495
01-12 13:38:00.163 1116 1116 I notification_enqueue: [10120,4927,com.tblenovo.lewea,4927,NULL,0,Notification(channel=tblenovo.channel.WEATHER shortcut=null contentView=com.tblenovo.lewea/0x7f090018 vibrate=null sound=null defaults=0x0 flags=0x50 color=0x00000000 vis=PUBLIC),1]
01-12 13:38:00.188 3134 8024 I gtalk_connection: 16778495
01-12 13:38:00.415 1116 1316 I commit_sys_config_file: [notification-policy,2788935]
01-12 13:38:09.424 3134 10360 I c2dm : [-19,ERR_AUTHENTICATION_FAILED,0,0]
01-12 13:38:10.178 1116 1377 I am_pss : [12276,10128,com.google.android.configupdater,9099264,2158592,5985280,41537536,0,19,21]
01-12 13:38:10.201 1116 1377 I am_pss : [11681,10053,com.google.android.packageinstaller,7098368,1060864,5309440,36704256,0,19,18]
01-12 13:38:19.418 1116 1116 I sysui_multi_action: [757,128,758,5,759,8,793,327196,794,52415,795,327196,796,741,797,ConnectivityNotification:101,806,android,857,NETWORK_ALERTS,858,4,947,0,1500,326987,1688,1]
01-12 13:38:19.422 1116 1116 I notification_canceled: [-1|android|741|ConnectivityNotification:101|1000,8,327196,327196,52415,-1,-1,NULL]
01-12 13:38:19.520 1116 2174 I netstats_mobile_sample: [0,0,0,0,0,0,0,0,0,0,0,0,1673530699519]
01-12 13:38:19.520 1116 2174 I netstats_wifi_sample: [8873545,7031,484295,2910,8873545,7031,484295,2910,19936014,14339,483455,2889,1673530699519]
01-12 13:38:19.621 2741 8534 D SubscriptionController: [getSlotIndex]- subId invalid
01-12 13:38:19.631 1116 1116 I notification_enqueue: [10177,3790,com.google.android.setupwizard,9,NULL,0,Notification(channel=suw_consolidate_foreground_notification shortcut=null contentView=null vibrate=null sound=null defaults=0x0 flags=0x860 color=0xff1a73e8 vis=PRIVATE),1]
01-12 13:38:29.268 1116 1378 I am_uid_idle: 10218
01-12 13:38:34.508 1116 1378 I am_uid_idle: 10196
01-12 13:39:00.169 1116 1116 I notification_enqueue: [10120,4927,com.tblenovo.lewea,4927,NULL,0,Notification(channel=tblenovo.channel.WEATHER shortcut=null contentView=null vibrate=null sound=null defaults=0x0 flags=0x40 color=0x00000000 vis=PRIVATE),1]
01-12 13:39:00.206 1116 1116 I notification_enqueue: [10120,4927,com.tblenovo.lewea,4927,NULL,0,Notification(channel=tblenovo.channel.WEATHER shortcut=null contentView=com.tblenovo.lewea/0x7f090018 vibrate=null sound=null defaults=0x0 flags=0x50 color=0x00000000 vis=PUBLIC),1]
01-12 13:39:00.430 1116 1316 I commit_sys_config_file: [notification-policy,2848951]
01-12 13:40:00.231 1116 1116 I notification_enqueue: [10120,4927,com.tblenovo.lewea,4927,NULL,0,Notification(channel=tblenovo.channel.WEATHER shortcut=null contentView=null vibrate=null sound=null defaults=0x0 flags=0x40 color=0x00000000 vis=PRIVATE),1]
01-12 13:40:00.232 1116 1377 I am_pss : [4927,10120,com.tblenovo.lewea,8520704,4562944,2598912,71835648,0,4,19]
01-12 13:40:00.262 1116 1116 I notification_enqueue: [10120,4927,com.tblenovo.lewea,4927,NULL,0,Notification(channel=tblenovo.channel.WEATHER shortcut=null contentView=com.tblenovo.lewea/0x7f090018 vibrate=null sound=null defaults=0x0 flags=0x50 color=0x00000000 vis=PUBLIC),1]
01-12 13:40:00.282 1116 1377 I am_pss : [2236,10187,com.android.systemui,114306048,93315072,14956544,191864832,0,0,30]
01-12 13:40:00.518 1116 1316 I commit_sys_config_file: [notification-policy,2909039]
01-12 13:40:20.071 1116 1377 I am_pss : [8699,10168,com.google.android.inputmethod.latin,68324352,61976576,104448,162385920,0,7,31]
01-12 13:41:00.277 1116 1116 I notification_enqueue: [10120,4927,com.tblenovo.lewea,4927,NULL,0,Notification(channel=tblenovo.channel.WEATHER shortcut=null contentView=null vibrate=null sound=null defaults=0x0 flags=0x40 color=0x00000000 vis=PRIVATE),1]
01-12 13:41:00.291 1116 1116 I notification_enqueue: [10120,4927,com.tblenovo.lewea,4927,NULL,0,Notification(channel=tblenovo.channel.WEATHER shortcut=null contentView=com.tblenovo.lewea/0x7f090018 vibrate=null sound=null defaults=0x0 flags=0x50 color=0x00000000 vis=PUBLIC),1]
01-12 13:41:00.556 1116 1316 I commit_sys_config_file: [notification-policy,2969076]
01-12 13:41:12.692 1116 2145 I input_interaction: Interaction with: 55857ee com.android.settings/com.android.settings.Settings$WifiSettingsActivity (server), PointerEventDispatcher0 (server),
01-12 13:41:12.820 11071 11071 I sysui_multi_action: [757,853,758,4,854,wifi.WifiSettings/switch_bar,1089,0]
01-12 13:41:12.823 11071 11071 I sysui_multi_action: [757,138,758,4,759,0]
01-12 13:41:13.072 1116 1947 I commit_sys_config_file: [settings-0-0,43]
01-12 13:42:00.321 1116 1116 I notification_enqueue: [10120,4927,com.tblenovo.lewea,4927,NULL,0,Notification(channel=tblenovo.channel.WEATHER shortcut=null contentView=null vibrate=null sound=null defaults=0x0 flags=0x40 color=0x00000000 vis=PRIVATE),1]
01-12 13:42:00.356 1116 1116 I notification_enqueue: [10120,4927,com.tblenovo.lewea,4927,NULL,0,Notification(channel=tblenovo.channel.WEATHER shortcut=null contentView=com.tblenovo.lewea/0x7f090018 vibrate=null sound=null defaults=0x0 flags=0x50 color=0x00000000 vis=PUBLIC),1]
01-12 13:42:00.578 1116 1316 I commit_sys_config_file: [notification-policy,3029098]
01-12 13:43:00.383 1116 1116 I notification_enqueue: [10120,4927,com.tblenovo.lewea,4927,NULL,0,Notification(channel=tblenovo.channel.WEATHER shortcut=null contentView=null vibrate=null sound=null defaults=0x0 flags=0x40 color=0x00000000 vis=PRIVATE),1]
01-12 13:43:00.405 1116 1116 I notification_enqueue: [10120,4927,com.tblenovo.lewea,4927,NULL,0,Notification(channel=tblenovo.channel.WEATHER shortcut=null contentView=com.tblenovo.lewea/0x7f090018 vibrate=null sound=null defaults=0x0 flags=0x50 color=0x00000000 vis=PUBLIC),1]
01-12 13:43:00.682 1116 1316 I commit_sys_config_file: [notification-policy,3089202]
01-12 13:43:20.233 3134 10360 I gtalk_connection: 16778495
01-12 13:43:20.235 1116 1377 I am_pss : [11071,1000,com.android.settings,101226496,94535680,1013760,177770496,0,2,27]
01-12 13:43:20.262 1116 1377 I am_pss : [10952,10046,android.process.acore,10112000,1576960,7124992,47869952,0,19,22]
01-12 13:43:20.284 1116 1377 I am_pss : [7864,10054,jp.co.nttdocomo.lcsapp,7608320,3104768,3785728,42213376,0,10,18]
01-12 13:43:20.309 1116 1377 I am_pss : [7135,10047,com.lenovo.lsf.device,8909824,4370432,3693568,46125056,0,10,20]
01-12 13:43:20.333 1116 1377 I am_pss : [7831,10065,.clmail_dl,11339776,1638400,8341504,42659840,0,10,19]
01-12 13:43:20.358 1116 1377 I am_pss : [7612,10191,com.qualcomm.telephony,6382592,278528,5620736,32960512,0,10,21]
01-12 13:43:20.382 1116 1377 I am_pss : [7164,1000,com.longcheertel.midtest,6758400,274432,5866496,34414592,0,10,21]
01-12 13:43:20.405 1116 1377 I am_pss : [3790,10177,com.google.android.setupwizard,11871232,6361088,4185088,73293824,0,4,19]
01-12 13:43:20.430 1116 1377 I am_pss : [5135,1000,com.qti.diagservices,6469632,356352,5653504,32497664,0,10,20]
01-12 13:44:00.432 1116 1116 I notification_enqueue: [10120,4927,com.tblenovo.lewea,4927,NULL,0,Notification(channel=tblenovo.channel.WEATHER shortcut=null contentView=null vibrate=null sound=null defaults=0x0 flags=0x40 color=0x00000000 vis=PRIVATE),1]
01-12 13:44:00.463 1116 1116 I notification_enqueue: [10120,4927,com.tblenovo.lewea,4927,NULL,0,Notification(channel=tblenovo.channel.WEATHER shortcut=null contentView=com.tblenovo.lewea/0x7f090018 vibrate=null sound=null defaults=0x0 flags=0x50 color=0x00000000 vis=PUBLIC),1]
01-12 13:44:00.720 1116 1316 I commit_sys_config_file: [notification-policy,3149240]
01-12 13:44:20.304 1116 1377 I am_pss : [3400,10063,com.nttdocomo.android.mascot,39603200,30470144,6801408,103026688,0,4,33]
01-12 13:44:20.324 1116 1377 I am_pss : [4559,10063,com.nttdocomo.android.mascot:persistent,6742016,1019904,4465664,64765952,0,4,16]
01-12 13:45:00.460 1116 3510 I dvm_lock_sample: [system_server,1,Binder:1116_E,7,ActivityManagerService.java,12014,void com.android.server.am.ActivityManagerService.setServiceForeground(android.content.ComponentName, android.os.IBinder, int, android.app.Notification, int, int),-,12115,int com.android.server.am.ActivityManagerService.bindIsolatedService(android.app.IApplicationThread, android.os.IBinder, android.content.Intent, java.lang.String, android.app.IServiceConnection, int, java.lang.String, java.lang.String, int),1]
01-12 13:45:00.480 1116 1116 I notification_enqueue: [10120,4927,com.tblenovo.lewea,4927,NULL,0,Notification(channel=tblenovo.channel.WEATHER shortcut=null contentView=null vibrate=null sound=null defaults=0x0 flags=0x40 color=0x00000000 vis=PRIVATE),1]
01-12 13:45:00.510 1116 1116 I notification_enqueue: [10120,4927,com.tblenovo.lewea,4927,NULL,0,Notification(channel=tblenovo.channel.WEATHER shortcut=null contentView=com.tblenovo.lewea/0x7f090018 vibrate=null sound=null defaults=0x0 flags=0x50 color=0x00000000 vis=PUBLIC),1]
01-12 13:45:00.757 1116 1316 I commit_sys_config_file: [notification-policy,3209277]
01-12 13:45:57.435 2741 2741 I force_gc: Binder
01-12 13:46:00.544 1116 1116 I notification_enqueue: [10120,4927,com.tblenovo.lewea,4927,NULL,0,Notification(channel=tblenovo.channel.WEATHER shortcut=null contentView=null vibrate=null sound=null defaults=0x0 flags=0x40 color=0x00000000 vis=PRIVATE),1]
01-12 13:46:00.564 1116 1116 I notification_enqueue: [10120,4927,com.tblenovo.lewea,4927,NULL,0,Notification(channel=tblenovo.channel.WEATHER shortcut=null contentView=com.tblenovo.lewea/0x7f090018 vibrate=null sound=null defaults=0x0 flags=0x50 color=0x00000000 vis=PUBLIC),1]
01-12 13:46:00.809 1116 1316 I commit_sys_config_file: [notification-policy,3269330]
01-12 13:46:59.438 11071 11071 I sysui_multi_action: [757,853,758,4,854,wifi.WifiSettings/switch_bar,1089,1]
01-12 13:46:59.444 11071 11071 I sysui_multi_action: [757,139,758,4]
01-12 13:46:59.691 1116 1947 I commit_sys_config_file: [settings-0-0,44]
01-12 13:47:00.579 1116 1116 I notification_enqueue: [10120,4927,com.tblenovo.lewea,4927,NULL,0,Notification(channel=tblenovo.channel.WEATHER shortcut=null contentView=null vibrate=null sound=null defaults=0x0 flags=0x40 color=0x00000000 vis=PRIVATE),1]
01-12 13:47:00.605 1116 1116 I notification_enqueue: [10120,4927,com.tblenovo.lewea,4927,NULL,0,Notification(channel=tblenovo.channel.WEATHER shortcut=null contentView=com.tblenovo.lewea/0x7f090018 vibrate=null sound=null defaults=0x0 flags=0x50 color=0x00000000 vis=PUBLIC),1]
01-12 13:47:00.760 2741 3060 D SubscriptionController: [getSlotIndex]- subId invalid
01-12 13:47:00.843 1116 1316 I commit_sys_config_file: [notification-policy,3329363]
01-12 13:47:07.439 11071 11071 I sysui_multi_action: [757,135,758,4,759,1]
01-12 13:47:08.788 1116 2174 I netstats_mobile_sample: [0,0,0,0,0,0,0,0,0,0,0,0,1673531228787]
01-12 13:47:08.788 1116 2174 I netstats_wifi_sample: [8873545,7031,484723,2919,8873545,7031,484723,2919,19936014,14339,483603,2891,1673531228787]
01-12 13:47:08.835 1116 2174 I netstats_mobile_sample: [0,0,0,0,0,0,0,0,0,0,0,0,1673531228835]
01-12 13:47:08.835 1116 2174 I netstats_wifi_sample: [8873545,7031,484723,2919,8873545,7031,484723,2919,19936014,14339,483603,2891,1673531228835]
01-12 13:47:09.053 1116 2174 I netstats_mobile_sample: [0,0,0,0,0,0,0,0,0,0,0,0,1673531229053]
01-12 13:47:09.054 1116 2174 I netstats_wifi_sample: [8873545,7031,484723,2919,8873545,7031,484723,2919,19936014,14339,483603,2891,1673531229053]
01-12 13:47:09.091 1116 2174 I service_manager_slow: [22,alarm]
01-12 13:47:09.120 1116 2174 I netstats_mobile_sample: [0,0,0,0,0,0,0,0,0,0,0,0,1673531229120]
01-12 13:47:09.121 1116 2174 I netstats_wifi_sample: [8873545,7031,484723,2919,8873545,7031,484723,2919,19936014,14339,483603,2891,1673531229120]
01-12 13:47:09.124 1116 2165 I dvm_lock_sample: [system_server,0,NetworkPolicy,54,NetworkStatsService.java,1026,void com.android.server.net.NetworkStatsService.advisePersistThreshold(long),-,1273,void com.android.server.net.NetworkStatsService.handleNotifyNetworkStatus(android.net.Network[], android.net.NetworkStateSnapshot[], java.lang.String),10]
01-12 13:47:09.220 1116 2174 I netstats_mobile_sample: [0,0,0,0,0,0,0,0,0,0,0,0,1673531229220]
01-12 13:47:09.221 1116 2174 I netstats_wifi_sample: [8873545,7031,484723,2919,8873545,7031,484723,2919,19936014,14339,483603,2891,1673531229220]
01-12 13:47:09.294 1116 2174 I netstats_mobile_sample: [0,0,0,0,0,0,0,0,0,0,0,0,1673531229294]
01-12 13:47:09.297 1116 2174 I netstats_wifi_sample: [8873585,7032,484723,2919,8873585,7032,484723,2919,19936054,14340,483603,2891,1673531229294]
01-12 13:47:09.454 1116 2382 I ntp_failure: [time.android.com,java.net.UnknownHostException: Unable to resolve host "time.android.com": No address associated with hostname]
01-12 13:47:09.466 1116 2165 I service_manager_slow: [27,alarm]
01-12 13:47:09.506 1116 1116 I notification_enqueue: [10177,3790,com.google.android.setupwizard,9,NULL,0,Notification(channel=suw_consolidate_foreground_notification shortcut=null contentView=null vibrate=null sound=null defaults=0x0 flags=0x860 color=0xff1a73e8 vis=PRIVATE),1]
01-12 13:47:09.560 7135 7135 I auditd : type=1400 audit(0.0:739): avc: denied { read } for comm="novo.lsf.device" name="u:object_r:sn_default_prop:s0" dev="tmpfs" ino=23626 scontext=u:r:priv_app:s0:c512,c768 tcontext=u:object_r:sn_default_prop:s0 tclass=file permissive=0 app=com.lenovo.lsf.device
01-12 13:47:09.560 7135 7135 I auditd : type=1400 audit(0.0:740): avc: denied { read } for comm="novo.lsf.device" name="u:object_r:sn_default_prop:s0" dev="tmpfs" ino=23626 scontext=u:r:priv_app:s0:c512,c768 tcontext=u:object_r:sn_default_prop:s0 tclass=file permissive=0 app=com.lenovo.lsf.device
01-12 13:47:09.633 3134 8024 I gtalk_connection: 16778495
01-12 13:47:09.650 7135 7135 I auditd : type=1400 audit(0.0:741): avc: denied { read } for comm="novo.lsf.device" name="u:object_r:sn_default_prop:s0" dev="tmpfs" ino=23626 scontext=u:r:priv_app:s0:c512,c768 tcontext=u:object_r:sn_default_prop:s0 tclass=file permissive=0 app=com.lenovo.lsf.device
01-12 13:47:09.660 7135 7135 I auditd : type=1400 audit(0.0:742): avc: denied { read } for comm="novo.lsf.device" name="u:object_r:sn_default_prop:s0" dev="tmpfs" ino=23626 scontext=u:r:priv_app:s0:c512,c768 tcontext=u:object_r:sn_default_prop:s0 tclass=file permissive=0 app=com.lenovo.lsf.device
01-12 13:47:09.766 3134 3339 I c2dm : [-19,ERR_AUTHENTICATION_FAILED,0,0]
01-12 13:47:09.795 3134 8024 I gtalk_connection: 16778495
01-12 13:47:09.818 2741 13932 E PhoneSubInfoController: getIccSerialNumber phone is null for Subscription:-1
01-12 13:47:09.850 7135 7135 I auditd : type=1400 audit(0.0:743): avc: denied { read } for comm="Thread-9" name="u:object_r:sn_default_prop:s0" dev="tmpfs" ino=23626 scontext=u:r:priv_app:s0:c512,c768 tcontext=u:object_r:sn_default_prop:s0 tclass=file permissive=0 app=com.lenovo.lsf.device
01-12 13:47:09.850 7135 7135 I auditd : type=1400 audit(0.0:744): avc: denied { read } for comm="Thread-9" name="u:object_r:sn_default_prop:s0" dev="tmpfs" ino=23626 scontext=u:r:priv_app:s0:c512,c768 tcontext=u:object_r:sn_default_prop:s0 tclass=file permissive=0 app=com.lenovo.lsf.device
01-12 13:47:09.862 2741 3624 E PhoneSubInfoController: getIccSerialNumber phone is null for Subscription:-1
01-12 13:47:09.880 7135 7135 I auditd : type=1400 audit(0.0:745): avc: denied { read } for comm="novo.lsf.device" name="u:object_r:sn_default_prop:s0" dev="tmpfs" ino=23626 scontext=u:r:priv_app:s0:c512,c768 tcontext=u:object_r:sn_default_prop:s0 tclass=file permissive=0 app=com.lenovo.lsf.device
01-12 13:47:10.119 13247 13273 I aggregation: 1673531230119
01-12 13:47:10.129 2741 13932 E PhoneSubInfoController: getIccSerialNumber phone is null for Subscription:-1
01-12 13:47:10.529 13247 15623 I gms_unknown: [CheckinTask:SentRequest,3415842]
01-12 13:47:10.614 13247 15623 I gms_unknown: [CheckinTask:ReceivedFailedResponse,3415928]
01-12 13:47:10.614 13247 15623 I gms_unknown: 7
01-12 13:47:10.623 13247 15623 I gms_unknown: 8
01-12 13:47:10.624 13247 15623 I gms_unknown: [CheckinTask:duration,797]
01-12 13:47:11.460 11071 11071 I sysui_multi_action: [757,853,758,4,854,wifi.WifiSettings/switch_bar,1089,0]
01-12 13:47:11.463 11071 11071 I sysui_multi_action: [757,138,758,4,759,1]
01-12 13:47:11.550 1116 1316 I commit_sys_config_file: [jobs,38]
01-12 13:47:11.707 1116 1947 I commit_sys_config_file: [settings-0-0,37]
01-12 13:47:11.859 2741 13932 D SubscriptionController: [getSlotIndex]- subId invalid
01-12 13:47:11.975 1116 2174 I netstats_mobile_sample: [0,0,0,0,0,0,0,0,0,0,0,0,1673531231975]
01-12 13:47:11.976 1116 2174 I netstats_wifi_sample: [8875471,7056,486481,2945,8875471,7056,486481,2945,19937540,14362,485361,2917,1673531231975]
01-12 13:47:12.083 1116 1116 I notification_enqueue: [10177,3790,com.google.android.setupwizard,9,NULL,0,Notification(channel=suw_consolidate_foreground_notification shortcut=null contentView=null vibrate=null sound=null defaults=0x0 flags=0x860 color=0xff1a73e8 vis=PRIVATE),1]
01-12 13:47:16.067 3134 8024 I gtalk_connection: 16778495
01-12 13:47:16.085 1116 1377 I am_pss : [11071,1000,com.android.settings,104270848,97656832,1013760,180142080,0,2,28]
01-12 13:47:16.112 1116 1377 I am_pss : [11314,10049,android.process.media,8983552,2912256,5195776,41967616,0,19,22]
01-12 13:47:16.138 1116 1377 I am_pss : [7561,10066,com.nttdocomo.android.wipe,7223296,1269760,5298176,37523456,0,10,21]
01-12 13:47:20.420 7135 7135 I auditd : type=1400 audit(0.0:762): avc: denied { read } for comm="Thread-9" name="u:object_r:sn_default_prop:s0" dev="tmpfs" ino=23626 scontext=u:r:priv_app:s0:c512,c768 tcontext=u:object_r:sn_default_prop:s0 tclass=file permissive=0 app=com.lenovo.lsf.device
01-12 13:47:20.420 7135 7135 I auditd : type=1400 audit(0.0:763): avc: denied { read } for comm="Thread-9" name="u:object_r:sn_default_prop:s0" dev="tmpfs" ino=23626 scontext=u:r:priv_app:s0:c512,c768 tcontext=u:object_r:sn_default_prop:s0 tclass=file permissive=0 app=com.lenovo.lsf.device
01-12 13:47:20.910 7135 7135 I auditd : type=1400 audit(0.0:764): avc: denied { read } for comm="Thread-9" name="u:object_r:serialno_prop:s0" dev="tmpfs" ino=23623 scontext=u:r:priv_app:s0:c512,c768 tcontext=u:object_r:serialno_prop:s0 tclass=file permissive=0 app=com.lenovo.lsf.device
01-12 13:47:20.910 7135 7135 I auditd : type=1400 audit(0.0:765): avc: denied { read } for comm="Thread-9" name="u:object_r:sn_default_prop:s0" dev="tmpfs" ino=23626 scontext=u:r:priv_app:s0:c512,c768 tcontext=u:object_r:sn_default_prop:s0 tclass=file permissive=0 app=com.lenovo.lsf.device
01-12 13:47:20.920 7135 7135 I auditd : type=1400 audit(0.0:766): avc: denied { read } for comm="Thread-9" name="u:object_r:sn_default_prop:s0" dev="tmpfs" ino=23626 scontext=u:r:priv_app:s0:c512,c768 tcontext=u:object_r:sn_default_prop:s0 tclass=file permissive=0 app=com.lenovo.lsf.device
01-12 13:47:21.015 1116 1377 I am_pss : [13247,10136,com.google.android.gms,72870912,55537664,278528,172011520,0,4,26]
01-12 13:47:26.113 1116 1377 I am_pss : [3008,10195,com.android.smspush,5743616,1019904,3516416,66310144,0,6,17]
01-12 13:47:28.587 3134 8024 I gtalk_connection: 16778495
01-12 13:47:53.589 1116 1377 I am_pss : [3725,10056,com.nttdocomo.android.homezozo,54112256,42778624,7657472,131223552,0,5,30]
01-12 13:47:53.590 3134 8024 I gtalk_connection: 16778495
01-12 13:47:53.619 1116 1377 I am_pss : [13247,10136,com.google.android.gms,72068096,55025664,176128,170749952,0,19,26]
01-12 13:48:00.618 1116 1116 I notification_enqueue: [10120,4927,com.tblenovo.lewea,4927,NULL,0,Notification(channel=tblenovo.channel.WEATHER shortcut=null contentView=null vibrate=null sound=null defaults=0x0 flags=0x40 color=0x00000000 vis=PRIVATE),1]
01-12 13:48:00.642 1116 1377 I am_pss : [4519,99000,com.google.android.webview:sandboxed_process0:org.chromium.content.app.SandboxedProcessService0:0,16386048,905216,5158912,42455040,0,5,16]
01-12 13:48:00.655 1116 1116 I notification_enqueue: [10120,4927,com.tblenovo.lewea,4927,NULL,0,Notification(channel=tblenovo.channel.WEATHER shortcut=null contentView=com.tblenovo.lewea/0x7f090018 vibrate=null sound=null defaults=0x0 flags=0x50 color=0x00000000 vis=PUBLIC),1]
01-12 13:48:00.874 1116 1316 I commit_sys_config_file: [notification-policy,3389394]
01-12 13:48:43.532 3134 10360 I gtalk_connection: 16778495
01-12 13:48:43.534 1116 1377 I am_pss : [13247,10136,com.google.android.gms,72195072,55152640,176128,170876928,0,19,29]
01-12 13:48:43.564 1116 1377 I am_pss : [13576,10137,com.google.android.googlequicksearchbox:privileged_process0,45810688,19308544,10007552,101494784,0,10,24]
01-12 13:48:43.585 1116 1377 I am_pss : [13545,99002,com.google.android.webview:sandboxed_process0:org.chromium.content.app.SandboxedProcessService0:0,43096064,10588160,29274112,32829440,0,10,18]
01-12 13:48:53.567 1116 1377 I am_pss : [12524,10155,com.google.android.apps.photos,38768640,27262976,10066944,75612160,0,19,34]
01-12 13:49:00.673 1116 1116 I notification_enqueue: [10120,4927,com.tblenovo.lewea,4927,NULL,0,Notification(channel=tblenovo.channel.WEATHER shortcut=null contentView=null vibrate=null sound=null defaults=0x0 flags=0x40 color=0x00000000 vis=PRIVATE),1]
01-12 13:49:00.703 1116 1116 I notification_enqueue: [10120,4927,com.tblenovo.lewea,4927,NULL,0,Notification(channel=tblenovo.channel.WEATHER shortcut=null contentView=com.tblenovo.lewea/0x7f090018 vibrate=null sound=null defaults=0x0 flags=0x50 color=0x00000000 vis=PUBLIC),1]
01-12 13:49:00.930 1116 1316 I commit_sys_config_file: [notification-policy,3449450]
01-12 13:50:00.724 1116 1116 I notification_enqueue: [10120,4927,com.tblenovo.lewea,4927,NULL,0,Notification(channel=tblenovo.channel.WEATHER shortcut=null contentView=null vibrate=null sound=null defaults=0x0 flags=0x40 color=0x00000000 vis=PRIVATE),1]
01-12 13:50:00.760 1116 1116 I notification_enqueue: [10120,4927,com.tblenovo.lewea,4927,NULL,0,Notification(channel=tblenovo.channel.WEATHER shortcut=null contentView=com.tblenovo.lewea/0x7f090018 vibrate=null sound=null defaults=0x0 flags=0x50 color=0x00000000 vis=PUBLIC),1]
01-12 13:50:00.992 1116 1316 I commit_sys_config_file: [notification-policy,3509512]
01-12 13:50:04.672 11071 11071 I sysui_multi_action: [757,853,758,4,854,wifi.WifiSettings/switch_bar,1089,1]
01-12 13:50:04.679 11071 11071 I sysui_multi_action: [757,139,758,4]
01-12 13:50:04.919 1116 1947 I commit_sys_config_file: [settings-0-0,34]
01-12 13:50:05.611 1116 2211 I dvm_lock_sample: [system_server,0,wifiAwareService,886,HalDeviceManager.java,1368,boolean com.android.server.wifi.HalDeviceManager.isWifiStarted(),,0,null,100]
01-12 13:50:05.613 1116 2210 I dvm_lock_sample: [system_server,0,wifiRttService,874,HalDeviceManager.java,1368,boolean com.android.server.wifi.HalDeviceManager.isWifiStarted(),-,1373,boolean com.android.server.wifi.HalDeviceManager.isWifiStarted(),100]
01-12 13:50:06.007 2741 9793 D SubscriptionController: [getSlotIndex]- subId invalid
01-12 13:50:10.496 2422 15680 I service_manager_slow: [11,connmetrics]
01-12 13:50:10.505 1116 2174 I netstats_mobile_sample: [0,0,0,0,0,0,0,0,0,0,0,0,1673531410505]
01-12 13:50:10.505 1116 2174 I netstats_wifi_sample: [8875471,7056,486869,2953,8875471,7056,486869,2953,19937540,14362,485509,2919,1673531410505]
01-12 13:50:10.731 1116 2174 I netstats_mobile_sample: [0,0,0,0,0,0,0,0,0,0,0,0,1673531410731]
01-12 13:50:10.732 1116 2174 I netstats_wifi_sample: [8875471,7056,486869,2953,8875471,7056,486869,2953,19937540,14362,485509,2919,1673531410731]
01-12 13:50:10.744 1116 2165 I service_manager_stats: [100,453,1046468]
01-12 13:50:10.777 1116 2174 I netstats_mobile_sample: [0,0,0,0,0,0,0,0,0,0,0,0,1673531410776]
01-12 13:50:10.778 1116 2174 I netstats_wifi_sample: [8875471,7056,486869,2953,8875471,7056,486869,2953,19937540,14362,485509,2919,1673531410776]
01-12 13:50:10.865 1116 2174 I service_manager_slow: [11,alarm]
01-12 13:50:10.866 1116 2174 I netstats_mobile_sample: [0,0,0,0,0,0,0,0,0,0,0,0,1673531410866]
01-12 13:50:10.867 1116 2174 I netstats_wifi_sample: [8875471,7056,486869,2953,8875471,7056,486869,2953,19937540,14362,485509,2919,1673531410866]
01-12 13:50:10.890 2422 15686 I service_manager_slow: [12,connmetrics]
01-12 13:50:10.893 1116 2165 I service_manager_slow: [16,alarm]
01-12 13:50:10.992 1116 2174 I netstats_mobile_sample: [0,0,0,0,0,0,0,0,0,0,0,0,1673531410992]
01-12 13:50:10.993 1116 2174 I netstats_wifi_sample: [8875511,7057,486869,2953,8875511,7057,486869,2953,19937580,14363,485509,2919,1673531410992]
01-12 13:50:11.094 1116 2382 I ntp_failure: [time.android.com,java.net.UnknownHostException: Unable to resolve host "time.android.com": No address associated with hostname]
01-12 13:50:11.160 7135 7135 I auditd : type=1400 audit(0.0:775): avc: denied { read } for comm="novo.lsf.device" name="u:object_r:sn_default_prop:s0" dev="tmpfs" ino=23626 scontext=u:r:priv_app:s0:c512,c768 tcontext=u:object_r:sn_default_prop:s0 tclass=file permissive=0 app=com.lenovo.lsf.device
01-12 13:50:11.160 7135 7135 I auditd : type=1400 audit(0.0:776): avc: denied { read } for comm="novo.lsf.device" name="u:object_r:sn_default_prop:s0" dev="tmpfs" ino=23626 scontext=u:r:priv_app:s0:c512,c768 tcontext=u:object_r:sn_default_prop:s0 tclass=file permissive=0 app=com.lenovo.lsf.device
01-12 13:50:11.200 7135 7135 I auditd : type=1400 audit(0.0:777): avc: denied { read } for comm="novo.lsf.device" name="u:object_r:sn_default_prop:s0" dev="tmpfs" ino=23626 scontext=u:r:priv_app:s0:c512,c768 tcontext=u:object_r:sn_default_prop:s0 tclass=file permissive=0 app=com.lenovo.lsf.device
01-12 13:50:11.200 7135 7135 I auditd : type=1400 audit(0.0:778): avc: denied { read } for comm="novo.lsf.device" name="u:object_r:sn_default_prop:s0" dev="tmpfs" ino=23626 scontext=u:r:priv_app:s0:c512,c768 tcontext=u:object_r:sn_default_prop:s0 tclass=file permissive=0 app=com.lenovo.lsf.device
01-12 13:50:11.210 1116 1116 I notification_enqueue: [10177,3790,com.google.android.setupwizard,9,NULL,0,Notification(channel=suw_consolidate_foreground_notification shortcut=null contentView=null vibrate=null sound=null defaults=0x0 flags=0x860 color=0xff1a73e8 vis=PRIVATE),1]
01-12 13:50:11.287 3134 8024 I gtalk_connection: 16778495
01-12 13:50:11.370 3134 8024 I gtalk_connection: 16778495
01-12 13:50:11.401 2741 3057 E PhoneSubInfoController: getIccSerialNumber phone is null for Subscription:-1
01-12 13:50:11.434 3134 3339 I c2dm : [-19,ERR_AUTHENTICATION_FAILED,0,0]
01-12 13:50:11.440 7135 7135 I auditd : type=1400 audit(0.0:779): avc: denied { read } for comm="Thread-12" name="u:object_r:sn_default_prop:s0" dev="tmpfs" ino=23626 scontext=u:r:priv_app:s0:c512,c768 tcontext=u:object_r:sn_default_prop:s0 tclass=file permissive=0 app=com.lenovo.lsf.device
01-12 13:50:11.459 1116 1904 I dvm_lock_sample: [system_server,0,Binder:1116_3,15,ActivityManagerService.java,12158,void com.android.server.am.ActivityManagerService.serviceDoneExecuting(android.os.IBinder, int, int, int),-,12128,boolean com.android.server.am.ActivityManagerService.unbindService(android.app.IServiceConnection),3]
01-12 13:50:11.525 2741 3057 E PhoneSubInfoController: getIccSerialNumber phone is null for Subscription:-1
01-12 13:50:11.714 2741 9793 E PhoneSubInfoController: getIccSerialNumber phone is null for Subscription:-1
01-12 13:50:12.205 13247 15718 I gms_unknown: [CheckinTask:SentRequest,3597518]
01-12 13:50:12.339 13247 15718 I gms_unknown: [CheckinTask:ReceivedFailedResponse,3597652]
01-12 13:50:12.339 13247 15718 I gms_unknown: 7
01-12 13:50:12.344 13247 15718 I gms_unknown: 8
01-12 13:50:12.344 13247 15718 I gms_unknown: [CheckinTask:duration,863]
01-12 13:50:13.004 1116 10193 I wm_task_moved: [72,1,9]
01-12 13:50:13.005 1116 10193 I wm_set_resumed_activity: [0,com.android.settings/.Settings$WifiSettingsActivity,positionChildAt]
01-12 13:50:13.005 1116 10193 I wm_create_activity: [0,201213515,72,com.android.settings/.SubSettings,android.intent.action.MAIN,NULL,NULL,0]
01-12 13:50:13.009 1116 10193 I wm_pause_activity: [0,132493722,com.android.settings/.Settings$WifiSettingsActivity,userLeaving=true,resumeTopActivityInnerLocked]
01-12 13:50:13.020 11071 11071 I wm_on_top_resumed_lost_called: [132493722,com.android.settings.Settings$WifiSettingsActivity,topStateChangedWhenResumed]
01-12 13:50:13.027 11071 11071 I sysui_multi_action: [757,103,758,2,1089,764315]
01-12 13:50:13.029 11071 11071 I wm_on_paused_called: [132493722,com.android.settings.Settings$WifiSettingsActivity,performPause]
01-12 13:50:13.034 1116 10581 I wm_add_to_stopping: [0,132493722,com.android.settings/.Settings$WifiSettingsActivity,makeInvisible]
01-12 13:50:13.035 1116 10581 I wm_restart_activity: [0,201213515,72,com.android.settings/.SubSettings]
01-12 13:50:13.042 1116 10581 I wm_set_resumed_activity: [0,com.android.settings/.SubSettings,minimalResumeActivityLocked]
01-12 13:50:13.049 1116 1317 I sysui_multi_action: [757,803,799,window_time_0,802,765]
01-12 13:50:13.072 1116 2145 I input_focus: [Focus leaving 55857ee com.android.settings/com.android.settings.Settings$WifiSettingsActivity (server),reason=NO_WINDOW]
01-12 13:50:13.091 1116 2501 I am_uid_active: 10196
01-12 13:50:13.136 1116 1316 I commit_sys_config_file: [jobs,17]
01-12 13:50:13.299 11071 11071 I wm_on_create_called: [201213515,com.android.settings.SubSettings,performCreate]
01-12 13:50:13.326 11071 11071 I wm_on_start_called: [201213515,com.android.settings.SubSettings,handleStartActivity]
01-12 13:50:13.328 11071 11071 I snet_event_log: [120484087,-1,]
01-12 13:50:13.331 11071 11071 I wm_on_resume_called: [201213515,com.android.settings.SubSettings,RESUME_ACTIVITY]
01-12 13:50:13.335 2741 2741 D TelephonyNetworkFactory[0]: got request NetworkRequest [ REQUEST id=260, [ Capabilities: INTERNET&NOT_RESTRICTED&TRUSTED&NOT_VCN_MANAGED Uid: 1000 RequestorUid: 1000 RequestorPkg: com.android.settings UnderlyingNetworks: Null] ]
01-12 13:50:13.336 2741 2741 D TelephonyNetworkFactory[0]: onNeedNetworkFor NetworkRequest [ REQUEST id=260, [ Capabilities: INTERNET&NOT_RESTRICTED&TRUSTED&NOT_VCN_MANAGED Uid: 1000 RequestorUid: 1000 RequestorPkg: com.android.settings UnderlyingNetworks: Null] ] shouldApply false
01-12 13:50:13.426 11071 11071 I sysui_multi_action: [757,849,758,1,833,103,1089,293]
01-12 13:50:13.540 11071 11071 I sysui_multi_action: [757,1729,758,4,854,isParalleledControllers:false,1089,408]
01-12 13:50:13.538 11071 15473 I sysui_multi_action: [757,853,758,4,854,wifi.details.WifiNetworkDetailsFragment/privacy,1089,1]
01-12 13:50:13.565 11071 11071 I wm_on_top_resumed_gained_called: [201213515,com.android.settings.SubSettings,topStateChangedWhenResumed]
01-12 13:50:13.568 11071 15749 I sysui_multi_action: [757,853,758,4,854,wifi.details.WifiNetworkDetailsFragment/metered,1089,0]
01-12 13:50:13.740 1116 1318 I input_focus: [Focus request 26493b3 com.android.settings/com.android.settings.SubSettings,reason=UpdateInputWindows]
01-12 13:50:13.749 3134 8024 I c2dm : [-19,ERR_AUTHENTICATION_FAILED,0,0]
01-12 13:50:13.859 1116 1313 I wm_activity_launch_time: [0,201213515,com.android.settings/.SubSettings,862]
01-12 13:50:13.872 1116 2145 I input_focus: [Focus entering 26493b3 com.android.settings/com.android.settings.SubSettings (server),reason=Window became focusable. Previous reason: NOT_VISIBLE]
01-12 13:50:14.279 1116 1317 I wm_stop_activity: [0,132493722,com.android.settings/.Settings$WifiSettingsActivity]
01-12 13:50:14.510 11071 11071 I wm_on_stop_called: [132493722,com.android.settings.Settings$WifiSettingsActivity,STOP_ACTIVITY_ITEM]
01-12 13:50:14.512 2741 2741 D TelephonyNetworkFactory[0]: onReleaseNetworkFor NetworkRequest [ REQUEST id=257, [ Capabilities: INTERNET&NOT_RESTRICTED&TRUSTED&NOT_VCN_MANAGED Uid: 1000 RequestorUid: 1000 RequestorPkg: com.android.settings UnderlyingNetworks: Null] ] applied false
01-12 13:50:14.886 2741 2741 D RILJ : [0076]> GET_ACTIVITY_INFO [PHONE0]
01-12 13:50:14.897 2741 2959 D RILJ : [0076]< GET_ACTIVITY_INFO ModemActivityInfo{ mTimestamp=3600210 mSleepTimeMs=0 mIdleTimeMs=1799990 mTxTimeMs[]=[0, 0, 0, 0, 0] mRxTimeMs=0} [PHONE0]
01-12 13:50:15.080 630 630 I auditd : type=1400 audit(0.0:798): avc: denied { read } for comm="Binder:630_2" name="wakeup38" dev="sysfs" ino=66587 scontext=u:r:system_suspend:s0 tcontext=u:object_r:sysfs:s0 tclass=dir permissive=0
01-12 13:50:15.080 630 630 I auditd : type=1400 audit(0.0:799): avc: denied { read } for comm="Binder:630_2" name="wakeup28" dev="sysfs" ino=66215 scontext=u:r:system_suspend:s0 tcontext=u:object_r:sysfs:s0 tclass=dir permissive=0
01-12 13:50:15.090 630 630 I auditd : type=1400 audit(0.0:800): avc: denied { read } for comm="Binder:630_2" name="wakeup18" dev="sysfs" ino=58442 scontext=u:r:system_suspend:s0 tcontext=u:object_r:sysfs:s0 tclass=dir permissive=0
01-12 13:50:15.090 630 630 I auditd : type=1400 audit(0.0:801): avc: denied { read } for comm="Binder:630_2" name="wakeup46" dev="sysfs" ino=70729 scontext=u:r:system_suspend:s0 tcontext=u:object_r:sysfs:s0 tclass=dir permissive=0
01-12 13:50:15.090 630 630 I auditd : type=1400 audit(0.0:802): avc: denied { read } for comm="Binder:630_2" name="wakeup2" dev="sysfs" ino=40064 scontext=u:r:system_suspend:s0 tcontext=u:object_r:sysfs:s0 tclass=dir permissive=0
01-12 13:50:15.298 1116 1377 I commit_sys_config_file: [batterystats,46]
01-12 13:50:15.310 1116 1377 I commit_sys_config_file: [batterystats,11]
01-12 13:50:17.253 1116 2145 I input_interaction: Interaction with: 4aa51c3 NavigationBar0 (server), PointerEventDispatcher0 (server),
01-12 13:50:17.266 2236 2236 I sysui_multi_action: [757,931,758,4,759,4,932,0,933,0]
01-12 13:50:17.304 1116 2145 I input_interaction: Interaction with: 26493b3 com.android.settings/com.android.settings.SubSettings (server), PointerEventDispatcher0 (server),
01-12 13:50:17.307 1116 2145 I input_interaction: Interaction with: 4aa51c3 NavigationBar0 (server), PointerEventDispatcher0 (server),
01-12 13:50:17.344 2236 2236 I sysui_multi_action: [757,931,758,4,759,4,932,0,933,1]
01-12 13:50:17.349 1116 10581 I sysui_multi_action: [757,803,799,key_back_press,802,1]
01-12 13:50:17.369 1116 10193 I wm_finish_activity: [0,201213515,72,com.android.settings/.SubSettings,app-request]
01-12 13:50:17.430 1116 10193 I wm_pause_activity: [0,201213515,com.android.settings/.SubSettings,userLeaving=false,finish]
01-12 13:50:17.436 11071 11071 I wm_on_top_resumed_lost_called: [201213515,com.android.settings.SubSettings,topStateChangedWhenResumed]
01-12 13:50:17.442 11071 11071 I sysui_multi_action: [757,849,758,2,1089,4017]
01-12 13:50:17.446 11071 11071 I wm_on_paused_called: [201213515,com.android.settings.SubSettings,performPause]
01-12 13:50:17.447 1116 1904 I wm_add_to_stopping: [0,201213515,com.android.settings/.SubSettings,completeFinishing]
01-12 13:50:17.450 1116 1904 I wm_set_resumed_activity: [0,com.android.settings/.Settings$WifiSettingsActivity,resumeTopActivityInnerLocked]
01-12 13:50:17.454 1116 1904 I wm_resume_activity: [0,132493722,72,com.android.settings/.Settings$WifiSettingsActivity]
01-12 13:50:17.461 1116 1317 I sysui_multi_action: [757,803,799,window_time_0,802,4]
01-12 13:50:17.461 11071 11071 I wm_on_restart_called: [132493722,com.android.settings.Settings$WifiSettingsActivity,performRestartActivity]
01-12 13:50:17.473 1116 2145 I input_focus: [Focus leaving 26493b3 com.android.settings/com.android.settings.SubSettings (server),reason=NO_WINDOW]
01-12 13:50:17.487 11071 11071 I wm_on_start_called: [132493722,com.android.settings.Settings$WifiSettingsActivity,handleStartActivity]
01-12 13:50:17.489 11071 11071 I snet_event_log: [120484087,-1,]
