01-12 12:52:36.538 1116 1198 I dvm_lock_sample: [system_server,1,Binder:1116_1,64,ActivityManagerService.java,12114,int com.android.server.am.ActivityManagerService.bindIsolatedService(android.app.IApplicationThread, android.os.IBinder, android.content.Intent, java.lang.String, android.app.IServiceConnection, int, java.lang.String, java.lang.String, int),-,1460,void com.android.server.am.ActivityManagerService$AppDeathRecipient.binderDied(),12]
01-12 12:52:36.542 1116 3988 I dvm_lock_sample: [system_server,1,Binder:1116_11,66,ContentProviderHelper.java,155,android.app.ContentProviderHolder com.android.server.am.ContentProviderHelper.getContentProviderImpl(android.app.IApplicationThread, java.lang.String, android.os.IBinder, int, java.lang.String, java.lang.String, boolean, int),ActivityManagerService.java,1460,void com.android.server.am.ActivityManagerService$AppDeathRecipient.binderDied(),13]
01-12 12:52:36.736 1116 1198 I am_proc_died: [0,4490,com.google.android.webview:webview_service,975,19]
01-12 12:52:36.737 1116 1198 I am_uid_stopped: 10147
01-12 12:52:36.741 1116 1198 I am_mem_factor: [2,1]
01-12 12:52:37.076 1116 1380 I am_proc_start: [0,5405,1000,com.android.dynsystem,broadcast,{com.android.dynsystem/com.android.dynsystem.BootCompletedReceiver}]
01-12 12:52:37.314 1116 3394 I am_mem_factor: [1,2]
01-12 12:52:37.332 1116 3394 I am_proc_bound: [0,5405,com.android.dynsystem]
01-12 12:52:37.679 1116 1198 I am_uid_running: 10133
01-12 12:52:37.817 1116 1380 I am_proc_start: [0,5426,1000,com.android.dynsystem:dynsystem,service,{com.android.dynsystem/com.android.dynsystem.DynamicSystemInstallationService}]
01-12 12:52:37.958 1116 1380 I am_proc_start: [0,5427,10133,com.android.imsserviceentitlement,broadcast,{com.android.imsserviceentitlement/com.android.imsserviceentitlement.fcm.FcmRegistrationReceiver}]
01-12 12:52:38.051 1116 3394 I am_proc_bound: [0,5426,com.android.dynsystem:dynsystem]
01-12 12:52:38.201 1116 3988 I am_proc_bound: [0,5427,com.android.imsserviceentitlement]
01-12 12:52:38.214 1116 3988 I am_uid_active: 10133
01-12 12:52:38.581 2741 2741 D TelephonyNetworkFactory[0]: got request NetworkRequest [ REQUEST id=101, [ Capabilities: INTERNET&NOT_RESTRICTED&TRUSTED&NOT_VCN_MANAGED Uid: 10133 RequestorUid: 1000 RequestorPkg: android UnderlyingNetworks: Null] ]
01-12 12:52:38.582 2741 2741 D TelephonyNetworkFactory[0]: onNeedNetworkFor NetworkRequest [ REQUEST id=101, [ Capabilities: INTERNET&NOT_RESTRICTED&TRUSTED&NOT_VCN_MANAGED Uid: 10133 RequestorUid: 1000 RequestorPkg: android UnderlyingNetworks: Null] ] shouldApply false
01-12 12:52:38.585 1116 3394 I am_uid_running: 10072
01-12 12:52:38.634 1116 1315 I dvm_lock_sample: [system_server,1,android.ui,28,ActivityManagerService.java,15542,void com.android.server.am.ActivityManagerService$LocalService.updateDeviceIdleTempAllowlist(int[], int, boolean, long, int, int, java.lang.String, int),-,13831,void com.android.server.am.ActivityManagerService.finishReceiver(android.os.IBinder, int, java.lang.String, android.os.Bundle, boolean, int),5]
01-12 12:52:38.725 1116 1380 I am_proc_start: [0,5462,10072,com.android.managedprovisioning,broadcast,{com.android.managedprovisioning/com.android.managedprovisioning.BootReminder}]
01-12 12:52:39.026 1116 1198 I am_proc_bound: [0,5462,com.android.managedprovisioning]
01-12 12:52:39.039 1116 1198 I am_uid_active: 10072
01-12 12:52:39.572 1116 3394 I am_uid_running: 10070
01-12 12:52:39.706 1116 1380 I am_proc_start: [0,5479,10070,com.android.providers.calendar,broadcast,{com.android.providers.calendar/com.android.providers.calendar.CalendarReceiver}]
01-12 12:52:39.943 1116 3394 I am_proc_bound: [0,5479,com.android.providers.calendar]
01-12 12:52:39.953 1116 3394 I am_uid_active: 10070
01-12 12:52:40.489 1116 3988 I am_mem_factor: [0,1]
01-12 12:52:40.523 1116 1380 I am_proc_start: [0,5503,1000,com.android.settings,broadcast,{com.android.settings/com.android.settings.fuelgauge.batterytip.AnomalyConfigReceiver}]
01-12 12:52:40.652 1116 3988 I am_proc_bound: [0,5503,com.android.settings]
01-12 12:52:41.397 1116 1377 I am_pss : [4061,10055,com.nttdocomo.android.applicationmanager,37932032,29360128,74752,130478080,0,5,23]
01-12 12:52:41.431 1116 1377 I am_pss : [3725,10056,com.nttdocomo.android.homezozo,92726272,74346496,57344,204754944,0,5,29]
01-12 12:52:41.453 1116 1377 I am_pss : [3477,10136,com.google.process.gservices,8992768,6541312,79872,85307392,0,5,17]
01-12 12:52:41.476 1116 1377 I am_pss : [3008,10195,com.android.smspush,5865472,4415488,81920,78913536,0,6,19]
01-12 12:52:41.505 1116 1377 I am_pss : [3509,10137,com.google.android.googlequicksearchbox:interactor,49465344,25714688,70656,150097920,0,5,23]
01-12 12:52:41.528 1116 1377 I am_pss : [2814,10199,com.google.android.ext.services,7694336,5472256,78848,83075072,0,5,18]
01-12 12:52:41.550 1116 1377 I am_pss : [2879,10186,com.android.launcher3,13348864,11415552,81920,89804800,0,5,19]
01-12 12:52:41.582 1116 1377 I am_pss : [2236,10187,com.android.systemui,108146688,101400576,52224,203423744,0,5,27]
01-12 12:52:41.597 1116 1198 I am_uid_running: 2000
01-12 12:52:41.711 1116 1380 I am_proc_start: [0,5521,2000,com.android.shell,broadcast,{com.android.shell/com.android.shell.HeapDumpReceiver}]
01-12 12:52:41.845 1116 1199 I am_proc_bound: [0,5521,com.android.shell]
01-12 12:52:41.859 1116 1199 I am_uid_active: 2000
01-12 12:52:42.450 2741 2741 D CAT : BootCompletedReceiver: [ACTION_BOOT_COMPLETED]
01-12 12:52:42.452 1116 1199 I am_uid_running: 10129
01-12 12:52:42.477 1116 3988 I dvm_lock_sample: [system_server,1,Binder:1116_11,18,ActivityManagerService.java,12127,boolean com.android.server.am.ActivityManagerService.unbindService(android.app.IServiceConnection),,0,null,3]
01-12 12:52:42.485 2741 2741 D CAT : StkAppService: onCreate()+
01-12 12:52:42.486 2741 2741 D CAT : StkAppService: simCount: 1
01-12 12:52:42.487 2741 2741 D CAT : StkAppService: slotId: 0
01-12 12:52:42.491 2741 2741 D CAT : StkAppService: onStart sim id: 0, op: 5, *****
01-12 12:52:42.492 2741 2741 D CAT : StkAppService: mStkService is: -1
01-12 12:52:42.510 2741 2741 D CAT : StkAppService: onDestroy()
01-12 12:52:42.564 1116 1380 I am_proc_start: [0,5539,10129,com.android.vending,broadcast,{com.android.vending/com.google.android.finsky.boothandler.BootCompletedReceiver}]
01-12 12:52:42.740 1116 1377 I am_pss : [4519,99000,com.google.android.webview:sandboxed_process0:org.chromium.content.app.SandboxedProcessService0:0,19481600,4743168,1091584,60784640,0,5,22]
01-12 12:52:42.824 1116 3394 I am_proc_bound: [0,5539,com.android.vending]
01-12 12:52:42.837 1116 3394 I am_uid_active: 10129
01-12 12:52:43.463 1116 1377 I am_pss : [4559,10063,com.nttdocomo.android.mascot:persistent,7609344,5287936,86016,80654336,0,4,17]
01-12 12:52:43.945 1116 1595 I commit_sys_config_file: [package-user-0,32]
01-12 12:52:45.179 1116 1377 I am_pss : [4538,10059,com.nttdocomo.android.idmanager,27086848,24543232,75776,108154880,0,5,20]
01-12 12:52:46.538 2741 2741 D TelephonyNetworkFactory[0]: onReleaseNetworkFor NetworkRequest [ REQUEST id=96, [ Capabilities: INTERNET&NOT_RESTRICTED&TRUSTED&NOT_VCN_MANAGED Uid: 10051 RequestorUid: 10051 RequestorPkg: com.nttdocomo.android.lpa UnderlyingNetworks: Null] ] applied false
01-12 12:52:46.704 3477 5194 I force_gc: Binder
01-12 12:52:47.729 1116 1945 I dvm_lock_sample: [system_server,0,AccountManagerService,72,RegisteredServicesCache.java,351,java.util.Collection android.content.pm.RegisteredServicesCache.getAllServices(int),-,593,void android.content.pm.RegisteredServicesCache.generateServicesMap(int[], int),14]
01-12 12:52:47.784 1116 1936 I service_manager_slow: [44,platform_compat]
01-12 12:52:48.080 5539 5559 I dvm_lock_sample: [com.android.vending,0,LightweightExecutor #0,41,PG,1,java.lang.Object aawc.i(java.util.HashMap, java.lang.String, java.lang.Object),,0,null,8]
01-12 12:52:48.207 1116 1377 I am_pss : [4927,10120,com.tblenovo.lewea,6310912,4833280,81920,80347136,0,4,19]
01-12 12:52:48.226 5539 5560 I dvm_lock_sample: [com.android.vending,0,LightweightExecutor #1,52,PG,1,void aawc.m(java.lang.Object, java.util.HashMap, java.lang.String, java.lang.Object),-,5,java.lang.String aawc.e(android.content.ContentResolver, java.lang.String, java.lang.String),10]
01-12 12:52:48.377 5539 5606 I dvm_lock_sample: [com.android.vending,1,bgExecutor #0,195,PG,-1,java.lang.Object aawc.c(android.content.ContentResolver),,0,null,39]
01-12 12:52:48.573 5539 5560 I dvm_lock_sample: [com.android.vending,0,LightweightExecutor #1,175,PG,1,java.lang.Object aawc.i(java.util.HashMap, java.lang.String, java.lang.Object),,0,null,35]
01-12 12:52:48.669 5539 5560 I dvm_lock_sample: [com.android.vending,0,LightweightExecutor #1,25,PG,1,java.lang.Object aawc.i(java.util.HashMap, java.lang.String, java.lang.Object),,0,null,5]
01-12 12:52:48.677 5539 5562 I dvm_lock_sample: [com.android.vending,0,LightweightExecutor #3,33,PG,-1,java.lang.Object aawc.c(android.content.ContentResolver),,0,null,6]
01-12 12:52:48.724 5539 5606 I dvm_lock_sample: [com.android.vending,1,bgExecutor #0,341,PG,-1,java.lang.Object aawc.c(android.content.ContentResolver),-,5,java.lang.String aawc.e(android.content.ContentResolver, java.lang.String, java.lang.String),68]
01-12 12:52:48.890 5539 5560 I dvm_lock_sample: [com.android.vending,0,LightweightExecutor #1,79,PG,1,java.lang.Object aawc.i(java.util.HashMap, java.lang.String, java.lang.Object),,0,null,15]
01-12 12:52:48.901 5539 5559 I dvm_lock_sample: [com.android.vending,0,LightweightExecutor #0,65,PG,-1,java.lang.Object aawc.c(android.content.ContentResolver),-,5,java.lang.String aawc.e(android.content.ContentResolver, java.lang.String, java.lang.String),13]
01-12 12:52:48.964 2741 3056 D SubscriptionController: [getSlotIndex]- subId invalid
01-12 12:52:48.983 5539 5611 I dvm_lock_sample: [com.android.vending,0,SequenceEventBus,146,PG,-1,java.lang.Object aawc.c(android.content.ContentResolver),-,5,java.lang.String aawc.e(android.content.ContentResolver, java.lang.String, java.lang.String),29]
01-12 12:52:49.077 5539 5611 I dvm_lock_sample: [com.android.vending,0,SequenceEventBus,41,PG,1,java.lang.Object aawc.i(java.util.HashMap, java.lang.String, java.lang.Object),-,5,java.lang.String aawc.e(android.content.ContentResolver, java.lang.String, java.lang.String),8]
01-12 12:52:49.186 5539 5606 I dvm_lock_sample: [com.android.vending,1,bgExecutor #0,201,PG,1,java.lang.Object aawc.i(java.util.HashMap, java.lang.String, java.lang.Object),-,5,java.lang.String aawc.e(android.content.ContentResolver, java.lang.String, java.lang.String),40]
01-12 12:52:49.307 5539 5614 I dvm_lock_sample: [com.android.vending,1,bgExecutor #2,131,PG,-1,java.lang.Object aawc.c(android.content.ContentResolver),,0,null,26]
01-12 12:52:49.620 5539 5562 I dvm_lock_sample: [com.android.vending,0,LightweightExecutor #3,54,PG,-1,java.lang.Object aawc.c(android.content.ContentResolver),-,5,java.lang.String aawc.e(android.content.ContentResolver, java.lang.String, java.lang.String),10]
01-12 12:52:49.689 5539 5614 I dvm_lock_sample: [com.android.vending,1,bgExecutor #2,363,PG,-1,java.lang.Object aawc.c(android.content.ContentResolver),-,5,java.lang.String aawc.e(android.content.ContentResolver, java.lang.String, java.lang.String),72]
01-12 12:52:49.719 5539 5615 I dvm_lock_sample: [com.android.vending,1,bgExecutor #3,212,PG,-1,java.lang.Object aawc.c(android.content.ContentResolver),,0,null,42]
01-12 12:52:49.722 5539 5613 I dvm_lock_sample: [com.android.vending,1,bgExecutor #1,186,PG,1,java.lang.Object aawc.i(java.util.HashMap, java.lang.String, java.lang.Object),-,5,java.lang.String aawc.e(android.content.ContentResolver, java.lang.String, java.lang.String),37]
01-12 12:52:49.821 5539 5613 I dvm_lock_sample: [com.android.vending,1,bgExecutor #1,67,PG,-1,java.lang.Object aawc.c(android.content.ContentResolver),,0,null,13]
01-12 12:52:49.886 5539 5562 I dvm_lock_sample: [com.android.vending,0,LightweightExecutor #3,10,PG,-1,java.lang.Object aawc.c(android.content.ContentResolver),-,5,java.lang.String aawc.e(android.content.ContentResolver, java.lang.String, java.lang.String),2]
01-12 12:52:49.899 1116 1316 I commit_sys_config_file: [jobs,31]
01-12 12:52:49.906 5539 5561 I dvm_lock_sample: [com.android.vending,0,LightweightExecutor #2,10,PG,-1,java.lang.Object aawc.c(android.content.ContentResolver),-,5,java.lang.String aawc.e(android.content.ContentResolver, java.lang.String, java.lang.String),2]
01-12 12:52:50.207 5539 5562 I dvm_lock_sample: [com.android.vending,0,LightweightExecutor #3,179,PG,-1,java.lang.Object aawc.c(android.content.ContentResolver),-,5,java.lang.String aawc.e(android.content.ContentResolver, java.lang.String, java.lang.String),35]
01-12 12:52:50.376 5539 5615 I dvm_lock_sample: [com.android.vending,1,bgExecutor #3,364,PG,1,java.lang.Object aawc.i(java.util.HashMap, java.lang.String, java.lang.Object),-,5,java.lang.String aawc.e(android.content.ContentResolver, java.lang.String, java.lang.String),72]
01-12 12:52:50.486 5539 5613 I dvm_lock_sample: [com.android.vending,1,bgExecutor #1,28,PG,1,java.lang.Object aawc.i(java.util.HashMap, java.lang.String, java.lang.Object),,0,null,5]
01-12 12:52:50.498 5539 5615 I dvm_lock_sample: [com.android.vending,1,bgExecutor #3,118,PG,-1,java.lang.Object aawc.c(android.content.ContentResolver),,0,null,23]
01-12 12:52:50.641 5539 5560 I dvm_lock_sample: [com.android.vending,0,LightweightExecutor #1,117,PG,1,java.lang.Object aawc.i(java.util.HashMap, java.lang.String, java.lang.Object),-,5,java.lang.String aawc.e(android.content.ContentResolver, java.lang.String, java.lang.String),23]
01-12 12:52:50.840 5539 5562 I dvm_lock_sample: [com.android.vending,0,LightweightExecutor #3,43,PG,-1,java.lang.Object aawc.c(android.content.ContentResolver),,0,null,8]
01-12 12:52:50.912 5539 5559 I dvm_lock_sample: [com.android.vending,0,LightweightExecutor #0,80,PG,1,java.lang.String aawc.e(android.content.ContentResolver, java.lang.String, java.lang.String),,0,null,16]
01-12 12:52:51.038 5539 5623 I dvm_lock_sample: [com.android.vending,0,adfv,78,PG,-1,java.lang.Object aawc.c(android.content.ContentResolver),,0,null,15]
01-12 12:52:51.146 5539 5615 I dvm_lock_sample: [com.android.vending,1,bgExecutor #3,303,PG,1,java.lang.Object aawc.i(java.util.HashMap, java.lang.String, java.lang.Object),,0,null,60]
01-12 12:52:51.252 5539 5615 I dvm_lock_sample: [com.android.vending,1,bgExecutor #3,56,PG,-1,java.lang.Object aawc.c(android.content.ContentResolver),-,-1,java.lang.Object aawc.c(android.content.ContentResolver),11]
01-12 12:52:51.621 5539 5560 I dvm_lock_sample: [com.android.vending,0,LightweightExecutor #1,170,PG,-1,java.lang.Object aawc.c(android.content.ContentResolver),-,5,java.lang.String aawc.e(android.content.ContentResolver, java.lang.String, java.lang.String),34]
01-12 12:52:51.908 5539 5614 I dvm_lock_sample: [com.android.vending,1,bgExecutor #2,457,PG,1,java.lang.String aawc.e(android.content.ContentResolver, java.lang.String, java.lang.String),,0,null,91]
01-12 12:52:51.992 5539 5623 I dvm_lock_sample: [com.android.vending,0,adfv,576,PG,-1,java.lang.Object aawc.c(android.content.ContentResolver),-,5,java.lang.String aawc.e(android.content.ContentResolver, java.lang.String, java.lang.String),100]
01-12 12:52:52.199 5539 5606 I dvm_lock_sample: [com.android.vending,1,bgExecutor #0,206,PG,-1,java.lang.Object aawc.c(android.content.ContentResolver),-,5,java.lang.String aawc.e(android.content.ContentResolver, java.lang.String, java.lang.String),41]
01-12 12:52:52.553 5539 5559 I dvm_lock_sample: [com.android.vending,0,LightweightExecutor #0,77,PG,2,java.lang.Object aewp.a(),-,4,java.lang.Object aewp.a(),15]
01-12 12:52:53.304 1116 1378 I am_uid_running: 10093
01-12 12:52:53.433 1116 1380 I am_proc_start: [0,5645,10093,com.goodix.gftest,broadcast,{com.goodix.gftest/com.goodix.gftest.utils.MemoryManagerSettingsReceiver}]
01-12 12:52:53.597 1116 2358 I am_proc_bound: [0,5645,com.goodix.gftest]
01-12 12:52:53.610 1116 2358 I am_uid_active: 10093
01-12 12:52:53.936 5539 5641 I dvm_lock_sample: [com.android.vending,0,AsyncTask #1,629,PG,1,void ewf.c(int),-,14,void ewf.c(int),100]
01-12 12:52:54.063 1116 3511 I am_uid_running: 10156
01-12 12:52:54.070 1602 1602 I auditd : type=1400 audit(0.0:102): avc: denied { read } for comm="fingerprint@2.1" name="u:object_r:default_prop:s0" dev="tmpfs" ino=4056 scontext=u:r:hal_fingerprint_default:s0 tcontext=u:object_r:default_prop:s0 tclass=file permissive=0
01-12 12:52:54.095 5539 5614 I dvm_lock_sample: [com.android.vending,1,bgExecutor #2,37,PG,-1,java.lang.Object aawc.c(android.content.ContentResolver),,0,null,7]
01-12 12:52:54.166 1116 1380 I am_proc_start: [0,5671,10156,com.google.android.apps.docs,broadcast,{com.google.android.apps.docs/com.google.android.libraries.internal.growth.growthkit.inject.GrowthKitBootCompletedBroadcastReceiver}]
01-12 12:52:54.319 1116 1380 I am_proc_start: [0,5673,10129,com.android.vending:background,service,{com.android.vending/com.google.android.finsky.ipcservers.background.BackgroundGrpcServerAndroidService}]
01-12 12:52:54.507 1116 2358 I am_proc_bound: [0,5671,com.google.android.apps.docs]
01-12 12:52:54.523 1116 2358 I am_uid_active: 10156
01-12 12:52:54.539 1116 3988 I am_proc_bound: [0,5673,com.android.vending:background]
01-12 12:52:55.452 5539 5613 I dvm_lock_sample: [com.android.vending,1,bgExecutor #1,57,PG,-1,java.lang.Object aawc.c(android.content.ContentResolver),-,5,java.lang.String aawc.e(android.content.ContentResolver, java.lang.String, java.lang.String),11]
01-12 12:52:55.572 3134 3337 I c2dm : [-19,ERR_AUTHENTICATION_FAILED,0,0]
01-12 12:52:55.592 5539 5613 I dvm_lock_sample: [com.android.vending,1,bgExecutor #1,140,PG,-1,java.lang.Object aawc.c(android.content.ContentResolver),,0,null,28]
01-12 12:52:56.010 1116 1316 I commit_sys_config_file: [notification-policy,84531]
01-12 12:52:56.092 1116 1377 I am_pss : [3914,10137,com.google.android.googlequicksearchbox:search,113244160,81858560,54272,232001536,0,8,32]
01-12 12:52:56.106 1116 3508 I am_uid_running: 10170
01-12 12:52:56.300 1116 1380 I am_proc_start: [0,5768,10170,com.google.android.apps.maps,broadcast,{com.google.android.apps.maps/com.google.android.apps.gmm.geofence.RestartDetectionBroadcastReceiver}]
01-12 12:52:56.474 5539 5563 I google_http_request: [53,-1,Android-Finsky/31.0.39-21%20%5B0%5D%20%5BPR%5D%20455243780 (api=3,versionCode=83103910,sdk=31,device=d-42A,hardware=qcom,product=d-42A,platformVersionRelease=12,model=d-42A,buildId=SKQ1.220201.001,isWideScreen=0,supportedAbis=arm64-v8a;armeabi-v7a;armeabi),0]
01-12 12:52:56.487 1116 3508 I am_proc_bound: [0,5768,com.google.android.apps.maps]
01-12 12:52:56.499 1116 3508 I am_uid_active: 10170
01-12 12:52:56.530 5539 5606 I dvm_lock_sample: [com.android.vending,1,bgExecutor #0,616,PG,1,int pky.h(),-,6,int pky.h(),100]
01-12 12:52:56.579 1116 1595 I commit_sys_config_file: [package-user-0,17]
01-12 12:52:56.858 1116 1199 I dvm_lock_sample: [system_server,1,Binder:1116_2,23,ActivityManagerService.java,11956,android.content.ComponentName com.android.server.am.ActivityManagerService.startService(android.app.IApplicationThread, android.content.Intent, java.lang.String, boolean, java.lang.String, java.lang.String, int),,0,null,4]
01-12 12:52:56.917 1116 1936 I service_manager_slow: [20,platform_compat]
01-12 12:52:56.984 5539 5563 I google_http_request: [2,-1,Android-Finsky/31.0.39-21%20%5B0%5D%20%5BPR%5D%20455243780 (api=3,versionCode=83103910,sdk=31,device=d-42A,hardware=qcom,product=d-42A,platformVersionRelease=12,model=d-42A,buildId=SKQ1.220201.001,isWideScreen=0,supportedAbis=arm64-v8a;armeabi-v7a;armeabi),0]
01-12 12:52:57.098 3134 5233 I c2dm : [-19,ERR_AUTHENTICATION_FAILED,0,0]
01-12 12:52:58.275 2741 2741 D TelephonyNetworkFactory[0]: got request NetworkRequest [ REQUEST id=103, [ Capabilities: INTERNET&NOT_RESTRICTED&TRUSTED&NOT_VCN_MANAGED Uid: 10170 RequestorUid: 10170 RequestorPkg: com.google.android.apps.maps UnderlyingNetworks: Null] ]
01-12 12:52:58.275 2741 2741 D TelephonyNetworkFactory[0]: onNeedNetworkFor NetworkRequest [ REQUEST id=103, [ Capabilities: INTERNET&NOT_RESTRICTED&TRUSTED&NOT_VCN_MANAGED Uid: 10170 RequestorUid: 10170 RequestorPkg: com.google.android.apps.maps UnderlyingNetworks: Null] ] shouldApply false
01-12 12:52:58.306 5539 5563 I google_http_request: [22,-1,Android-Finsky/31.0.39-21%20%5B0%5D%20%5BPR%5D%20455243780 (api=3,versionCode=83103910,sdk=31,device=d-42A,hardware=qcom,product=d-42A,platformVersionRelease=12,model=d-42A,buildId=SKQ1.220201.001,isWideScreen=0,supportedAbis=arm64-v8a;armeabi-v7a;armeabi),0]
01-12 12:52:58.544 5539 5563 I google_http_request: [13,-1,Android-Finsky/31.0.39-21%20%5B0%5D%20%5BPR%5D%20455243780 (api=3,versionCode=83103910,sdk=31,device=d-42A,hardware=qcom,product=d-42A,platformVersionRelease=12,model=d-42A,buildId=SKQ1.220201.001,isWideScreen=0,supportedAbis=arm64-v8a;armeabi-v7a;armeabi),0]
01-12 12:52:59.591 1116 1380 I am_proc_start: [0,5858,10170,com.google.android.apps.maps:server_recovery_process,broadcast,{com.google.android.apps.maps/com.google.android.apps.gmm.plugins.serverrecovery.PhenotypeServerRecoveryHandlerImpl}]
01-12 12:52:59.636 1116 1377 I am_pss : [5135,1000,com.qti.diagservices,6924288,3571712,2567168,48963584,0,10,21]
01-12 12:52:59.759 1116 3971 I am_proc_bound: [0,5858,com.google.android.apps.maps:server_recovery_process]
01-12 12:52:59.774 1116 1116 I notification_cancel_all: [1000,1116,com.android.vending,0,0,0,20,NULL]
01-12 12:52:59.776 1116 1116 I notification_cancel_all: [1000,1116,com.android.vending,0,0,0,20,NULL]
01-12 12:52:59.779 1116 1116 I notification_cancel_all: [1000,1116,com.android.vending,0,0,0,20,NULL]
01-12 12:52:59.780 1116 1116 I notification_cancel_all: [1000,1116,com.android.vending,0,0,0,20,NULL]
01-12 12:52:59.782 1116 1116 I notification_cancel_all: [1000,1116,com.android.vending,0,0,0,20,NULL]
01-12 12:52:59.837 2741 2741 D TelephonyNetworkFactory[0]: got request NetworkRequest [ REQUEST id=105, [ Capabilities: INTERNET&NOT_RESTRICTED&TRUSTED&NOT_VCN_MANAGED Uid: 10129 RequestorUid: 10129 RequestorPkg: com.android.vending UnderlyingNetworks: Null] ]
01-12 12:52:59.837 2741 2741 D TelephonyNetworkFactory[0]: onNeedNetworkFor NetworkRequest [ REQUEST id=105, [ Capabilities: INTERNET&NOT_RESTRICTED&TRUSTED&NOT_VCN_MANAGED Uid: 10129 RequestorUid: 10129 RequestorPkg: com.android.vending UnderlyingNetworks: Null] ] shouldApply false
01-12 12:53:00.065 5768 5826 I dvm_lock_sample: [com.google.android.apps.maps,0,DefaultPool8,1449,PG,2,void com.google.android.apps.gmm.jni.util.NativeHelper.a(),-,9,void com.google.android.apps.gmm.jni.util.NativeHelper.a(),100]
01-12 12:53:00.098 1116 1316 I commit_sys_config_file: [notification-policy,88618]
01-12 12:53:00.430 1116 2460 I am_uid_active: 10124
01-12 12:53:00.626 1116 1377 I sysui_multi_action: [757,1717,758,1,759,0]
01-12 12:53:00.633 1116 1377 I sysui_multi_action: [757,1717,758,2,759,1]
01-12 12:53:00.634 1116 1377 I sysui_multi_action: [757,1717,758,3,759,0]
01-12 12:53:00.788 2741 2741 D TelephonyNetworkFactory[0]: got request NetworkRequest [ REQUEST id=107, [ Capabilities: INTERNET&NOT_RESTRICTED&TRUSTED&NOT_VCN_MANAGED Uid: 10170 RequestorUid: 10170 RequestorPkg: com.google.android.apps.maps UnderlyingNetworks: Null] ]
01-12 12:53:00.788 2741 2741 D TelephonyNetworkFactory[0]: onNeedNetworkFor NetworkRequest [ REQUEST id=107, [ Capabilities: INTERNET&NOT_RESTRICTED&TRUSTED&NOT_VCN_MANAGED Uid: 10170 RequestorUid: 10170 RequestorPkg: com.google.android.apps.maps UnderlyingNetworks: Null] ] shouldApply false
01-12 12:53:00.788 1116 2460 I am_proc_died: [0,5858,com.google.android.apps.maps:server_recovery_process,905,19]
01-12 12:53:00.795 1116 2460 I am_mem_factor: [2,0]
01-12 12:53:00.982 2741 2741 D TelephonyNetworkFactory[0]: got request NetworkRequest [ REQUEST id=110, [ Capabilities: INTERNET&NOT_RESTRICTED&TRUSTED&NOT_VCN_MANAGED Uid: 10124 RequestorUid: 1000 RequestorPkg: android UnderlyingNetworks: Null] ]
01-12 12:53:00.982 2741 2741 D TelephonyNetworkFactory[0]: onNeedNetworkFor NetworkRequest [ REQUEST id=110, [ Capabilities: INTERNET&NOT_RESTRICTED&TRUSTED&NOT_VCN_MANAGED Uid: 10124 RequestorUid: 1000 RequestorPkg: android UnderlyingNetworks: Null] ] shouldApply false
01-12 12:53:01.150 1116 1316 I commit_sys_config_file: [jobs,57]
01-12 12:53:01.220 1116 3988 I am_mem_factor: [1,2]
01-12 12:53:01.545 1116 2358 I am_uid_active: 10155
01-12 12:53:02.056 1116 3988 I dvm_lock_sample: [system_server,1,Binder:1116_11,19,JobSchedulerService.java,1202,java.util.List com.android.server.job.JobSchedulerService.getPendingJobs(int),QuotaController.java,2078,void com.android.server.job.controllers.QuotaController$Timer.stopTrackingJob(com.android.server.job.controllers.JobStatus),3]
01-12 12:53:02.198 1116 1198 I am_mem_factor: [0,1]
01-12 12:53:02.214 2741 2741 D TelephonyNetworkFactory[0]: got request NetworkRequest [ REQUEST id=112, [ Capabilities: INTERNET&NOT_RESTRICTED&TRUSTED&NOT_VCN_MANAGED Uid: 10155 RequestorUid: 10155 RequestorPkg: com.google.android.apps.photos UnderlyingNetworks: Null] ]
01-12 12:53:02.215 2741 2741 D TelephonyNetworkFactory[0]: onNeedNetworkFor NetworkRequest [ REQUEST id=112, [ Capabilities: INTERNET&NOT_RESTRICTED&TRUSTED&NOT_VCN_MANAGED Uid: 10155 RequestorUid: 10155 RequestorPkg: com.google.android.apps.photos UnderlyingNetworks: Null] ] shouldApply false
01-12 12:53:02.218 1116 1198 I am_uid_running: 10149
01-12 12:53:02.259 1116 1936 I am_uid_active: 10149
01-12 12:53:02.316 1116 1936 I dvm_lock_sample: [system_server,0,jobscheduler.bg,38,QuotaController.java,2450,void com.android.server.job.controllers.QuotaController$TempAllowlistTracker.onAppAdded(int),DeviceIdleJobsController.java,116,void com.android.server.job.controllers.DeviceIdleJobsController$1.onReceive(android.content.Context, android.content.Intent),7]
01-12 12:53:02.332 1116 1380 I am_proc_start: [0,5930,10149,com.google.android.apps.tachyon,broadcast,{com.google.android.apps.tachyon/com.google.android.apps.tachyon.common.applifecycle.BootReceiver}]
01-12 12:53:02.550 1116 3971 I am_proc_bound: [0,5930,com.google.android.apps.tachyon]
01-12 12:53:03.529 1116 1377 I am_pss : [5286,10198,com.google.android.permissioncontroller,14295040,11804672,74752,92532736,0,6,20]
01-12 12:53:03.563 1116 1377 I am_pss : [4559,10063,com.nttdocomo.android.mascot:persistent,7109632,5312512,81920,77733888,0,4,16]
01-12 12:53:04.223 1116 1380 I am_proc_start: [0,5990,10129,com.android.vending:instant_app_installer,service,{com.android.vending/com.google.android.finsky.instantapps.hint.AppPreloadHygieneService}]
01-12 12:53:04.273 1116 1316 I commit_sys_config_file: [jobs,52]
01-12 12:53:04.405 1116 3988 I am_proc_bound: [0,5990,com.android.vending:instant_app_installer]
01-12 12:53:04.570 1116 1316 I commit_sys_config_file: [notification-policy,93090]
01-12 12:53:04.701 2741 2741 D TelephonyNetworkFactory[0]: got request NetworkRequest [ REQUEST id=114, [ Capabilities: INTERNET&NOT_RESTRICTED&TRUSTED&NOT_VCN_MANAGED Uid: 10149 RequestorUid: 1000 RequestorPkg: android UnderlyingNetworks: Null] ]
01-12 12:53:04.702 2741 2741 D TelephonyNetworkFactory[0]: onNeedNetworkFor NetworkRequest [ REQUEST id=114, [ Capabilities: INTERNET&NOT_RESTRICTED&TRUSTED&NOT_VCN_MANAGED Uid: 10149 RequestorUid: 1000 RequestorPkg: android UnderlyingNetworks: Null] ] shouldApply false
01-12 12:53:04.752 2741 2741 D TelephonyNetworkFactory[0]: got request NetworkRequest [ REQUEST id=116, [ Capabilities: INTERNET&NOT_RESTRICTED&TRUSTED&NOT_VCN_MANAGED Uid: 10149 RequestorUid: 10149 RequestorPkg: com.google.android.apps.tachyon UnderlyingNetworks: Null] ]
01-12 12:53:04.753 2741 2741 D TelephonyNetworkFactory[0]: onNeedNetworkFor NetworkRequest [ REQUEST id=116, [ Capabilities: INTERNET&NOT_RESTRICTED&TRUSTED&NOT_VCN_MANAGED Uid: 10149 RequestorUid: 10149 RequestorPkg: com.google.android.apps.tachyon UnderlyingNetworks: Null] ] shouldApply false
01-12 12:53:06.383 1116 3988 I am_kill : [0,4179,com.nttdocomo.android.devicehelp,999,empty #31]
01-12 12:53:06.387 1116 3988 I am_kill : [0,2929,com.qualcomm.qti.qccauthmgr,999,empty #32]
01-12 12:53:06.652 1116 3988 I am_proc_died: [0,4179,com.nttdocomo.android.devicehelp,999,19]
01-12 12:53:06.655 1116 3988 I am_uid_stopped: 10073
01-12 12:53:06.718 1116 2460 I am_proc_died: [0,2929,com.qualcomm.qti.qccauthmgr,999,19]
01-12 12:53:06.720 1116 2460 I am_uid_stopped: 10196
01-12 12:53:08.604 1116 3511 I am_kill : [0,4757,com.nttdocomo.android.msg,995,empty #31]
01-12 12:53:09.041 1116 1377 I am_pss : [3134,10136,com.google.android.gms.persistent,72718336,51675136,62464,188018688,0,5,27]
01-12 12:53:09.097 1116 3394 I am_proc_died: [0,4757,com.nttdocomo.android.msg,995,19]
01-12 12:53:09.098 1116 3394 I am_uid_stopped: 10088
01-12 12:53:09.124 1116 1377 I am_pss : [4927,10120,com.tblenovo.lewea,6260736,4857856,82944,78651392,0,4,17]
01-12 12:53:09.385 1116 1199 I am_uid_running: 10165
01-12 12:53:09.403 1116 2507 I am_kill : [0,5090,com.google.android.deskclock,995,empty #31]
01-12 12:53:09.492 1116 1380 I am_proc_start: [0,6051,10165,com.google.android.apps.youtube.music,broadcast,{com.google.android.apps.youtube.music/androidx.work.impl.background.systemalarm.RescheduleReceiver}]
01-12 12:53:09.602 1116 2507 I am_proc_died: [0,5090,com.google.android.deskclock,995,19]
01-12 12:53:09.606 1116 2507 I am_uid_stopped: 10154
01-12 12:53:09.615 1116 2507 I am_uid_active: 10165
01-12 12:53:09.666 1116 2460 I am_proc_bound: [0,6051,com.google.android.apps.youtube.music]
01-12 12:53:09.904 1116 1316 I commit_sys_config_file: [jobs,17]
01-12 12:53:10.650 2741 2741 D TelephonyNetworkFactory[0]: got request NetworkRequest [ REQUEST id=118, [ Capabilities: INTERNET&NOT_RESTRICTED&TRUSTED&NOT_VCN_MANAGED Uid: 10165 RequestorUid: 10165 RequestorPkg: com.google.android.apps.youtube.music UnderlyingNetworks: Null] ]
01-12 12:53:10.650 2741 2741 D TelephonyNetworkFactory[0]: onNeedNetworkFor NetworkRequest [ REQUEST id=118, [ Capabilities: INTERNET&NOT_RESTRICTED&TRUSTED&NOT_VCN_MANAGED Uid: 10165 RequestorUid: 10165 RequestorPkg: com.google.android.apps.youtube.music UnderlyingNetworks: Null] ] shouldApply false
01-12 12:53:10.663 2741 2741 D TelephonyNetworkFactory[0]: got request NetworkRequest [ REQUEST id=120, [ Capabilities: INTERNET&NOT_RESTRICTED&TRUSTED&NOT_VCN_MANAGED Uid: 10165 RequestorUid: 10165 RequestorPkg: com.google.android.apps.youtube.music UnderlyingNetworks: Null] ]
01-12 12:53:10.663 2741 2741 D TelephonyNetworkFactory[0]: onNeedNetworkFor NetworkRequest [ REQUEST id=120, [ Capabilities: INTERNET&NOT_RESTRICTED&TRUSTED&NOT_VCN_MANAGED Uid: 10165 RequestorUid: 10165 RequestorPkg: com.google.android.apps.youtube.music UnderlyingNetworks: Null] ] shouldApply false
01-12 12:53:10.856 1116 1116 I notification_cancel_all: [1000,1116,com.google.android.apps.youtube.music,0,0,0,20,NULL]
01-12 12:53:11.183 2741 2767 D SubscriptionController: [getSlotIndex]- subId invalid
01-12 12:53:11.195 2741 2767 D SubscriptionController: [getSlotIndex]- subId invalid
01-12 12:53:11.321 2741 2741 D TelephonyNetworkFactory[0]: got request NetworkRequest [ REQUEST id=123, [ Capabilities: INTERNET&NOT_RESTRICTED&TRUSTED&NOT_VCN_MANAGED Uid: 10165 RequestorUid: 1000 RequestorPkg: android UnderlyingNetworks: Null] ]
01-12 12:53:11.322 2741 2741 D TelephonyNetworkFactory[0]: onNeedNetworkFor NetworkRequest [ REQUEST id=123, [ Capabilities: INTERNET&NOT_RESTRICTED&TRUSTED&NOT_VCN_MANAGED Uid: 10165 RequestorUid: 1000 RequestorPkg: android UnderlyingNetworks: Null] ] shouldApply false
01-12 12:53:11.367 2741 2741 D TelephonyNetworkFactory[0]: got request NetworkRequest [ REQUEST id=125, [ Capabilities: INTERNET&NOT_RESTRICTED&TRUSTED&NOT_VCN_MANAGED Uid: 10165 RequestorUid: 10165 RequestorPkg: com.google.android.apps.youtube.music UnderlyingNetworks: Null] ]
01-12 12:53:11.367 2741 2741 D TelephonyNetworkFactory[0]: onNeedNetworkFor NetworkRequest [ REQUEST id=125, [ Capabilities: INTERNET&NOT_RESTRICTED&TRUSTED&NOT_VCN_MANAGED Uid: 10165 RequestorUid: 10165 RequestorPkg: com.google.android.apps.youtube.music UnderlyingNetworks: Null] ] shouldApply false
01-12 12:53:11.370 1116 3394 I am_uid_running: 10143
01-12 12:53:11.479 1116 1380 I am_proc_start: [0,6157,10143,com.google.android.calendar,broadcast,{com.google.android.calendar/com.google.android.apps.calendar.sync.SyncOnUnlockReceiver}]
01-12 12:53:11.539 1116 1377 I sysui_multi_action: [757,1717,758,1,759,0]
01-12 12:53:11.542 1116 1377 I sysui_multi_action: [757,1717,758,2,759,1]
01-12 12:53:11.543 6051 6132 I dvm_lock_sample: [com.google.android.apps.youtube.,0,yt-critical13-6,512,PG,1,java.lang.Object ayse.a(),-,2,java.lang.Object ayse.a(),100]
01-12 12:53:11.545 1116 1377 I sysui_multi_action: [757,1717,758,3,759,0]
01-12 12:53:11.549 6051 6124 I dvm_lock_sample: [com.google.android.apps.youtube.,0,yt-critical13-2,502,PG,1,java.lang.Object ayse.a(),-,2,java.lang.Object ayse.a(),100]
01-12 12:53:11.558 6051 6126 I dvm_lock_sample: [com.google.android.apps.youtube.,0,yt-critical13-5,548,PG,1,java.lang.Object ayse.a(),-,2,java.lang.Object ayse.a(),100]
01-12 12:53:11.593 1116 1377 I am_pss : [3693,10200,com.google.android.providers.media.module,18250752,16416768,82944,94257152,0,0,19]
01-12 12:53:11.649 1116 1377 I am_pss : [2456,1001,.dataservices,7146496,5898240,91136,75083776,0,0,18]
01-12 12:53:11.680 1116 1377 I am_pss : [2422,1073,com.android.networkstack.process,7483392,6127616,88064,78127104,0,0,18]
01-12 12:53:11.715 1116 2460 I am_proc_bound: [0,6157,com.google.android.calendar]
01-12 12:53:11.732 1116 2460 I am_uid_active: 10143
01-12 12:53:11.733 1116 1377 I am_pss : [2655,10183,org.codeaurora.ims,6863872,5648384,93184,74145792,0,0,18]
01-12 12:53:12.004 1116 2513 I am_kill : [0,5169,com.google.android.marvin.talkback,995,empty #31]
01-12 12:53:12.259 1116 2513 I am_kill : [0,5201,com.nttdocomo.android.cloudset,995,empty #31]
01-12 12:53:12.348 1116 2460 I am_proc_died: [0,5169,com.google.android.marvin.talkback,995,19]
01-12 12:53:12.351 1116 2460 I am_uid_stopped: 10159
01-12 12:53:12.387 1116 1377 I am_pss : [3688,10184,com.qualcomm.location,7397376,5926912,98304,78012416,0,0,18]
01-12 12:53:12.411 1116 1377 I am_pss : [3666,10189,com.qualcomm.qti.workloadclassifier,5123072,3895296,100352,72019968,0,0,16]
01-12 12:53:12.432 1116 1377 I am_pss : [3637,10197,com.qualcomm.qti.qccnetstat,5568512,4292608,99328,73793536,0,0,16]
01-12 12:53:12.467 1116 1377 I am_pss : [3628,10121,com.tblenovo.kidsmodewebview,12619776,11153408,95232,74076160,0,0,19]
01-12 12:53:12.489 1116 2508 I am_proc_died: [0,5201,com.nttdocomo.android.cloudset,995,19]
01-12 12:53:12.490 1116 2508 I am_uid_stopped: 10081
01-12 12:53:12.501 1116 1377 I am_pss : [3607,10172,com.qualcomm.qti.services.systemhelper:systemhelper_service,6006784,4636672,122880,74391552,0,0,17]
01-12 12:53:12.521 1116 1377 I am_pss : [3586,10115,.pasr,4936704,3637248,118784,71561216,0,0,16]
01-12 12:53:12.542 1116 1377 I am_pss : [3558,10178,com.dolby.daxservice,5964800,4485120,98304,76668928,0,0,17]
01-12 12:53:12.566 1116 1377 I am_pss : [3535,1000,com.goodix.fingerprint,5647360,4390912,99328,73764864,0,0,19]
01-12 12:53:12.590 1116 1377 I am_pss : [2765,1000,com.qualcomm.qti.qdma,8174592,6565888,94208,81637376,0,0,19]
01-12 12:53:12.619 1116 1377 I am_pss : [2741,1001,com.android.phone,25782272,23568384,88064,102445056,0,0,21]
01-12 12:53:12.640 1116 1377 I am_pss : [2717,10162,com.qualcomm.qti.devicestatisticsservice,5876736,4481024,98304,74493952,0,0,16]
01-12 12:53:12.661 1116 1377 I am_pss : [2688,1068,com.android.se,6328320,5025792,97280,75493376,0,0,17]
01-12 12:53:12.685 1116 1377 I am_pss : [2669,10188,com.qti.qualcomm.mstatssystemservice,5304320,4079616,102400,71999488,0,0,16]
01-12 12:53:12.705 1116 1377 I am_pss : [2617,1000,vendor.qti.qesdk.sysservice,5391360,4145152,105472,72904704,0,0,16]
01-12 12:53:12.725 1116 1377 I am_pss : [2603,10181,com.qualcomm.qtil.aptxals,6132736,4825088,98304,74473472,0,0,16]
01-12 12:53:12.749 1116 1377 I am_pss : [2573,10190,com.qualcomm.qtil.aptxacu,5513216,4292608,102400,72060928,0,0,17]
01-12 12:53:12.775 1116 1377 I am_pss : [2534,10144,com.qti.phone,7119872,5726208,97280,76685312,0,0,18]
01-12 12:53:12.806 1116 1377 I am_pss : [2522,1000,com.lenovo.wifi,5926912,4648960,101376,73703424,0,0,18]
01-12 12:53:12.830 1116 1377 I am_pss : [2482,10114,.qtidataservices,6821888,5443584,100352,76161024,0,0,17]
01-12 12:53:12.847 2741 2741 D TelephonyNetworkFactory[0]: got request NetworkRequest [ REQUEST id=127, [ Capabilities: INTERNET&NOT_RESTRICTED&TRUSTED&NOT_VCN_MANAGED Uid: 10165 RequestorUid: 10165 RequestorPkg: com.google.android.apps.youtube.music UnderlyingNetworks: Null] ]
01-12 12:53:12.847 2741 2741 D TelephonyNetworkFactory[0]: onNeedNetworkFor NetworkRequest [ REQUEST id=127, [ Capabilities: INTERNET&NOT_RESTRICTED&TRUSTED&NOT_VCN_MANAGED Uid: 10165 RequestorUid: 10165 RequestorPkg: com.google.android.apps.youtube.music UnderlyingNetworks: Null] ] shouldApply false
01-12 12:53:12.852 1116 1377 I am_pss : [2300,1000,com.lenovo.lserver,6372352,4939776,98304,75890688,0,0,17]
01-12 12:53:12.875 1116 1377 I am_pss : [2269,1000,com.lenovo.face,7843840,6443008,131072,77266944,0,0,17]
01-12 12:53:12.880 1116 1116 I auditd : type=1400 audit(0.0:103): avc: denied { ioctl } for comm="PackageManagerB" path="/product/app/YTMusic/YTMusic.apk" dev="overlay" ino=51597 ioctlcmd=0x6686 scontext=u:r:system_server:s0 tcontext=u:object_r:system_file:s0 tclass=file permissive=0
01-12 12:53:12.909 1116 1377 I am_pss : [4519,99000,com.google.android.webview:sandboxed_process0:org.chromium.content.app.SandboxedProcessService0:0,19372032,4755456,1235968,59310080,0,5,16]
01-12 12:53:13.235 2741 2741 D TelephonyNetworkFactory[0]: got request NetworkRequest [ REQUEST id=129, [ Capabilities: INTERNET&NOT_RESTRICTED&TRUSTED&NOT_VCN_MANAGED Uid: 10143 RequestorUid: 10143 RequestorPkg: com.google.android.calendar UnderlyingNetworks: Null] ]
01-12 12:53:13.235 2741 2741 D TelephonyNetworkFactory[0]: onNeedNetworkFor NetworkRequest [ REQUEST id=129, [ Capabilities: INTERNET&NOT_RESTRICTED&TRUSTED&NOT_VCN_MANAGED Uid: 10143 RequestorUid: 10143 RequestorPkg: com.google.android.calendar UnderlyingNetworks: Null] ] shouldApply false
01-12 12:53:14.222 3134 5767 I c2dm : [-19,ERR_AUTHENTICATION_FAILED,0,0]
01-12 12:53:14.244 6157 6223 I dvm_lock_sample: [com.google.android.calendar,0,BACKGROUND_1,284,PG,-1,java.lang.String cal.vhr.b(),-,27,java.lang.String cal.vhr.b(),56]
01-12 12:53:14.339 3134 5233 I c2dm : [-19,ERR_AUTHENTICATION_FAILED,0,0]
01-12 12:53:14.425 1116 1199 I am_uid_running: 10204
01-12 12:53:14.564 1116 1380 I am_proc_start: [0,6270,10204,com.google.android.cellbroadcastreceiver,broadcast,{com.google.android.cellbroadcastreceiver/com.android.cellbroadcastreceiver.CellBroadcastReceiver}]
01-12 12:53:14.753 1116 2460 I am_proc_bound: [0,6270,com.google.android.cellbroadcastreceiver]
01-12 12:53:14.764 1116 2460 I am_uid_active: 10204
01-12 12:53:15.023 1116 3394 I am_uid_running: 10128
01-12 12:53:15.137 1116 1380 I am_proc_start: [0,6291,10128,com.google.android.configupdater,broadcast,{com.google.android.configupdater/com.google.android.configupdater.MainReceiver}]
01-12 12:53:15.316 1116 1199 I am_proc_bound: [0,6291,com.google.android.configupdater]
01-12 12:53:15.325 1116 1199 I am_uid_active: 10128
01-12 12:53:15.451 1116 1377 I am_pss : [4538,10059,com.nttdocomo.android.idmanager,27277312,25653248,88064,103284736,0,5,20]
01-12 12:53:16.028 1116 3394 I am_uid_running: 10154
01-12 12:53:16.037 1116 3394 I am_kill : [0,5104,com.android.chrome,995,empty #31]
01-12 12:53:16.138 1116 1380 I am_proc_start: [0,6334,10154,com.google.android.deskclock,broadcast,{com.google.android.deskclock/com.android.deskclock.AlarmInitReceiver}]
01-12 12:53:16.303 1116 2513 I am_proc_died: [0,5104,com.android.chrome,995,19]
01-12 12:53:16.308 2741 2741 D TelephonyNetworkFactory[0]: onReleaseNetworkFor NetworkRequest [ REQUEST id=98, [ Capabilities: INTERNET&NOT_RESTRICTED&TRUSTED&NOT_VCN_MANAGED Uid: 10142 RequestorUid: 10142 RequestorPkg: com.android.chrome UnderlyingNetworks: Null] ] applied false
01-12 12:53:16.305 1116 2513 I am_uid_stopped: 10142
01-12 12:53:16.320 1116 2513 I am_uid_active: 10154
01-12 12:53:16.340 1116 2460 I am_proc_bound: [0,6334,com.google.android.deskclock]
01-12 12:53:16.342 2741 2741 D TelephonyNetworkFactory[0]: onReleaseNetworkFor NetworkRequest [ REQUEST id=93, [ Capabilities: INTERNET&NOT_RESTRICTED&TRUSTED&NOT_VCN_MANAGED Uid: 10142 RequestorUid: 10142 RequestorPkg: com.android.chrome UnderlyingNetworks: Null] ] applied false
01-12 12:53:17.134 1116 1199 I am_uid_running: 10150
01-12 12:53:17.140 1116 1199 I am_kill : [0,4754,com.nttdocomo.android.pf.dcmippushaggregator,995,empty #31]
01-12 12:53:17.152 1116 1315 I dvm_lock_sample: [system_server,1,android.ui,16,ActivityManagerService.java,15542,void com.android.server.am.ActivityManagerService$LocalService.updateDeviceIdleTempAllowlist(int[], int, boolean, long, int, int, java.lang.String, int),-,13831,void com.android.server.am.ActivityManagerService.finishReceiver(android.os.IBinder, int, java.lang.String, android.os.Bundle, boolean, int),3]
01-12 12:53:17.235 1116 1380 I am_proc_start: [0,6361,10150,com.google.android.gm,broadcast,{com.google.android.gm/com.google.android.gm.GoogleMailDeviceStartupReceiver}]
01-12 12:53:17.307 1116 1199 I am_proc_died: [0,4754,com.nttdocomo.android.pf.dcmippushaggregator,995,19]
01-12 12:53:17.311 1116 1199 I am_schedule_service_restart: [0,com.nttdocomo.android.pf.dcmippushaggregator/.DcmIpPushAggregateService,1000]
01-12 12:53:17.312 1116 1199 I am_uid_stopped: 10106
01-12 12:53:17.321 1116 1199 I am_uid_active: 10150
01-12 12:53:17.338 1116 2508 I dvm_lock_sample: [system_server,1,Binder:1116_9,6,ActivityManagerService.java,6880,boolean com.android.server.am.ActivityManagerService.isUidActive(int, java.lang.String),OomAdjuster.java,602,void com.android.server.am.OomAdjuster.updateOomAdjLocked(java.lang.String),1]
01-12 12:53:17.498 1116 2508 I am_proc_bound: [0,6361,com.google.android.gm]
01-12 12:53:18.313 1116 1378 I am_uid_running: 10106
01-12 12:53:18.417 1116 1380 I am_proc_start: [0,6396,10106,com.nttdocomo.android.pf.dcmippushaggregator,service,{com.nttdocomo.android.pf.dcmippushaggregator/com.nttdocomo.android.pf.dcmippushaggregator.DcmIpPushAggregateService}]
01-12 12:53:18.589 1116 2508 I am_proc_bound: [0,6396,com.nttdocomo.android.pf.dcmippushaggregator]
01-12 12:53:18.988 1116 6346 I am_kill : [0,4826,com.nttdocomo.android.pf.dcmwappush,995,empty #31]
01-12 12:53:19.217 6361 6451 I dvm_lock_sample: [com.google.android.gm,0,0,279,PG,1,android.database.sqlite.SQLiteDatabase com.android.email.provider.EmailProvider.g(android.content.Context),-,42,android.database.sqlite.SQLiteDatabase com.android.email.provider.EmailProvider.g(android.content.Context),55]
01-12 12:53:19.233 6361 6456 I dvm_lock_sample: [com.google.android.gm,0,AsyncTask #3,249,PG,1,android.database.sqlite.SQLiteDatabase com.android.email.provider.EmailProvider.g(android.content.Context),-,42,android.database.sqlite.SQLiteDatabase com.android.email.provider.EmailProvider.g(android.content.Context),49]
01-12 12:53:19.423 1116 2460 I am_proc_died: [0,4826,com.nttdocomo.android.pf.dcmwappush,995,19]
01-12 12:53:19.425 1116 2460 I am_schedule_service_restart: [0,com.nttdocomo.android.pf.dcmwappush/.WapPushService,1000]
01-12 12:53:19.425 1116 2460 I am_uid_stopped: 10048
01-12 12:53:19.851 1116 1116 I notification_cancel_all: [1000,1116,com.google.android.gm,0,0,0,20,NULL]
01-12 12:53:20.044 1116 1316 I commit_sys_config_file: [notification-policy,108564]
01-12 12:53:20.255 1116 3971 I am_uid_running: 10142
01-12 12:53:20.387 1116 1380 I am_proc_start: [0,6489,10142,com.android.chrome,service,{com.android.chrome/org.chromium.chrome.browser.customtabs.CustomTabsConnectionService}]
01-12 12:53:20.458 1116 1378 I am_uid_running: 10048
01-12 12:53:20.579 1116 1380 I am_proc_start: [0,6503,10048,com.nttdocomo.android.pf.dcmwappush,service,{com.nttdocomo.android.pf.dcmwappush/com.nttdocomo.android.pf.dcmwappush.WapPushService}]
01-12 12:53:20.599 1116 3971 I am_proc_bound: [0,6489,com.android.chrome]
01-12 12:53:20.670 1116 1315 I dvm_lock_sample: [system_server,1,android.ui,20,ProcessList.java,4546,void com.android.server.am.ProcessList.dispatchProcessesChanged(),-,4642,com.android.server.am.ActivityManagerService$ProcessChangeItem com.android.server.am.ProcessList.enqueueProcessChangeItemLocked(int, int),4]
01-12 12:53:20.820 1116 3971 I am_proc_bound: [0,6503,com.nttdocomo.android.pf.dcmwappush]
01-12 12:53:20.886 1116 1377 I sysui_multi_action: [757,1717,758,1,759,0]
01-12 12:53:20.890 1116 1377 I sysui_multi_action: [757,1717,758,2,759,1]
01-12 12:53:20.892 1116 1377 I sysui_multi_action: [757,1717,758,3,759,0]
01-12 12:53:20.894 1116 1199 I dvm_lock_sample: [system_server,1,Binder:1116_2,443,ShortcutService.java,2650,void com.android.server.pm.ShortcutService.lambda$getShortcuts$19$ShortcutService(int, int, com.android.internal.infra.AndroidFuture, java.lang.String),-,1205,void com.android.server.pm.ShortcutService.saveDirtyInfo(),88]
01-12 12:53:21.091 1116 2460 I am_kill : [0,5320,com.android.contacts,925,empty #31]
01-12 12:53:21.255 1116 3510 I am_kill : [0,3970,com.nttdocomo.android.schedulememo,995,empty #31]
01-12 12:53:21.474 1116 1199 I am_kill : [0,5405,com.android.dynsystem,995,empty #31]
01-12 12:53:21.522 1116 6346 I am_proc_died: [0,3970,com.nttdocomo.android.schedulememo,995,19]
01-12 12:53:21.524 1116 6346 I am_uid_stopped: 10087
01-12 12:53:21.530 1116 6346 I am_kill : [0,5427,com.android.imsserviceentitlement,999,empty #31]
01-12 12:53:21.859 1116 3971 I am_proc_died: [0,5427,com.android.imsserviceentitlement,999,19]
01-12 12:53:21.861 1116 3971 I am_uid_stopped: 10133
01-12 12:53:21.900 1116 2513 I am_proc_died: [0,5405,com.android.dynsystem,995,19]
01-12 12:53:22.079 1116 3971 I am_uid_running: 10132
01-12 12:53:22.133 6489 6506 I dvm_lock_sample: [com.android.chrome,1,Binder:6489_3,306,chromium-TrichromeChromeGoogle.aab-stable-500512533,42,boolean FI0.f(java.lang.String),-,53,boolean FI0.f(java.lang.String),61]
01-12 12:53:22.154 1116 1198 I am_proc_died: [0,5320,com.android.contacts,925,19]
01-12 12:53:22.178 1116 1198 I am_uid_stopped: 10127
01-12 12:53:22.193 1116 1198 I am_uid_active: 10132
01-12 12:53:22.195 1116 2513 I dvm_lock_sample: [system_server,0,Binder:1116_A,25,ActivityManagerService.java,12158,void com.android.server.am.ActivityManagerService.serviceDoneExecuting(android.os.IBinder, int, int, int),-,1460,void com.android.server.am.ActivityManagerService$AppDeathRecipient.binderDied(),5]
01-12 12:53:22.209 1116 1380 I am_proc_start: [0,6548,10132,com.google.android.ims,broadcast,{com.google.android.ims/com.google.android.ims.receivers.BootCompletedReceiver}]
01-12 12:53:22.421 1116 6346 I am_proc_bound: [0,6548,com.google.android.ims]
01-12 12:53:23.344 2741 3624 D SubscriptionController: [getActiveSubscriptionInfoForSimSlotIndex]+ slotIndex=0 subId=null
01-12 12:53:23.691 1116 2513 I am_uid_running: 10168
01-12 12:53:23.788 1116 1380 I am_proc_start: [0,6584,10168,com.google.android.inputmethod.latin,broadcast,{com.google.android.inputmethod.latin/com.google.android.libraries.inputmethod.launchericon.LauncherIconVisibilityInitializer}]
01-12 12:53:24.125 1116 1377 I sysui_multi_action: [757,1717,758,1,759,0]
01-12 12:53:24.126 1116 1377 I sysui_multi_action: [757,1717,758,2,759,1]
01-12 12:53:24.127 1116 1377 I sysui_multi_action: [757,1717,758,3,759,0]
01-12 12:53:24.137 1116 1199 I am_proc_bound: [0,6584,com.google.android.inputmethod.latin]
01-12 12:53:24.153 1116 1199 I am_uid_active: 10168
01-12 12:53:24.370 1116 3510 I am_kill : [0,5018,android.process.acore,995,empty #31]
01-12 12:53:24.573 1116 3510 I am_proc_died: [0,5018,android.process.acore,995,19]
01-12 12:53:24.576 1116 3510 I am_uid_stopped: 10046
01-12 12:53:25.382 2741 3624 D SubscriptionController: [getSlotIndex]- subId invalid
01-12 12:53:25.385 2741 3624 D SubscriptionController: [getSlotIndex]- subId invalid
01-12 12:53:25.843 1116 3988 I am_uid_running: 10169
01-12 12:53:25.849 1116 3988 I am_kill : [0,5426,com.android.dynsystem:dynsystem,995,empty #31]
01-12 12:53:25.949 1116 1380 I am_proc_start: [0,6637,10169,com.google.android.keep,broadcast,{com.google.android.keep/com.google.android.keep.notification.ReminderNotificationReceiver}]
01-12 12:53:26.061 1116 3511 I am_proc_died: [0,5426,com.android.dynsystem:dynsystem,995,19]
01-12 12:53:26.089 1116 3511 I am_uid_active: 10169
01-12 12:53:26.167 3134 3151 I dvm_lock_sample: [com.google.android.gms.persisten,0,FinalizerDaemon,5,AssetManager.java,1351,void android.content.res.AssetManager$AssetInputStream.close(),-,1009,java.io.InputStream android.content.res.AssetManager.openNonAsset(int, java.lang.String, int),1]
01-12 12:53:26.205 1116 3510 I am_proc_bound: [0,6637,com.google.android.keep]
01-12 12:53:26.206 3134 3151 I dvm_lock_sample: [com.google.android.gms.persisten,0,FinalizerDaemon,16,AssetManager.java,1351,void android.content.res.AssetManager$AssetInputStream.close(),-,1388,boolean android.content.res.AssetManager.isUpToDate(),3]
01-12 12:53:27.164 1116 3988 I am_uid_running: 10123
01-12 12:53:27.288 1116 1380 I am_proc_start: [0,6674,10123,com.google.android.onetimeinitializer,broadcast,{com.google.android.onetimeinitializer/com.google.android.onetimeinitializer.OneTimeInitializerReceiver}]
01-12 12:53:27.333 1116 1199 I am_kill : [0,5462,com.android.managedprovisioning,995,empty #31]
01-12 12:53:27.507 1116 3988 I am_proc_died: [0,5462,com.android.managedprovisioning,995,19]
01-12 12:53:27.508 1116 3988 I am_uid_stopped: 10072
01-12 12:53:27.528 1116 3988 I am_uid_active: 10123
01-12 12:53:27.603 1116 3988 I am_proc_bound: [0,6674,com.google.android.onetimeinitializer]
01-12 12:53:27.893 1116 1199 I am_uid_running: 10053
