01-12 14:59:59.940 15906 15906 I auditd : type=1400 audit(0.0:1214): avc: denied { read } for comm="Thread-15" name="u:object_r:sn_default_prop:s0" dev="tmpfs" ino=23626 scontext=u:r:priv_app:s0:c512,c768 tcontext=u:object_r:sn_default_prop:s0 tclass=file permissive=0 app=com.lenovo.lsf.device
01-12 15:00:00.330 15906 15906 I auditd : type=1400 audit(0.0:1215): avc: denied { read } for comm="Thread-15" name="u:object_r:serialno_prop:s0" dev="tmpfs" ino=23623 scontext=u:r:priv_app:s0:c512,c768 tcontext=u:object_r:serialno_prop:s0 tclass=file permissive=0 app=com.lenovo.lsf.device
01-12 15:00:00.340 15906 15906 I auditd : type=1400 audit(0.0:1216): avc: denied { read } for comm="Thread-15" name="u:object_r:sn_default_prop:s0" dev="tmpfs" ino=23626 scontext=u:r:priv_app:s0:c512,c768 tcontext=u:object_r:sn_default_prop:s0 tclass=file permissive=0 app=com.lenovo.lsf.device
01-12 15:00:00.340 15906 15906 I auditd : type=1400 audit(0.0:1217): avc: denied { read } for comm="Thread-15" name="u:object_r:sn_default_prop:s0" dev="tmpfs" ino=23626 scontext=u:r:priv_app:s0:c512,c768 tcontext=u:object_r:sn_default_prop:s0 tclass=file permissive=0 app=com.lenovo.lsf.device
01-12 15:00:00.867 1116 2195 I battery_level: [10,3675,317]
01-12 15:00:00.940 1116 1116 I notification_enqueue: [10120,4927,com.tblenovo.lewea,4927,NULL,0,Notification(channel=tblenovo.channel.WEATHER shortcut=null contentView=null vibrate=null sound=null defaults=0x0 flags=0x40 color=0x00000000 vis=PRIVATE),1]
01-12 15:00:00.973 1116 1116 I notification_enqueue: [10120,4927,com.tblenovo.lewea,4927,NULL,0,Notification(channel=tblenovo.channel.WEATHER shortcut=null contentView=com.tblenovo.lewea/0x7f090018 vibrate=null sound=null defaults=0x0 flags=0x50 color=0x00000000 vis=PUBLIC),1]
01-12 15:00:01.095 1116 1377 I dvm_lock_sample: [system_server,0,android.bg,163,BatteryStatsImpl.java,445,void com.android.internal.os.BatteryStatsImpl$MyHandler.handleMessage(android.os.Message),BatteryExternalStatsWorker.java,696,void com.android.server.am.BatteryExternalStatsWorker.updateExternalStatsLocked(java.lang.String, int, boolean, boolean, int, boolean),32]
01-12 15:00:01.096 1116 2185 I dvm_lock_sample: [system_server,1,Binder:1116_4,207,BatteryStatsService.java,836,long com.android.server.am.BatteryStatsService.computeChargeTimeRemaining(),BatteryExternalStatsWorker.java,696,void com.android.server.am.BatteryExternalStatsWorker.updateExternalStatsLocked(java.lang.String, int, boolean, boolean, int, boolean),41]
01-12 15:00:01.111 1116 1393 I dvm_lock_sample: [system_server,0,batterystats-handler,191,BatteryStatsService.java,956,void com.android.server.am.BatteryStatsService.lambda$noteAlarmStart$20$BatteryStatsService(java.lang.String, android.os.WorkSource, int, long, long),BatteryExternalStatsWorker.java,696,void com.android.server.am.BatteryExternalStatsWorker.updateExternalStatsLocked(java.lang.String, int, boolean, boolean, int, boolean),38]
01-12 15:00:01.112 2741 2741 D RILJ : [0092]> SEND_DEVICE_STATE 1:false [PHONE0]
01-12 15:00:01.117 2741 2959 D RILJ : [0092]< SEND_DEVICE_STATE [PHONE0]
01-12 15:00:01.153 1116 1936 I service_manager_slow: [11,platform_compat]
01-12 15:00:01.210 1116 1316 I commit_sys_config_file: [notification-policy,7709730]
01-12 15:00:10.949 1116 2145 I input_interaction: Interaction with: 78595d5 StatusBar (server), PointerEventDispatcher0 (server),
01-12 15:00:10.982 2236 2236 I sysui_multi_action: [757,803,799,panel_open,802,1]
01-12 15:00:10.986 2236 2236 I sysui_multi_action: [757,1328,758,4,1326,53,1327,0,1329,0]
01-12 15:00:10.996 1116 8336 I sysui_multi_action: [757,127,758,1]
01-12 15:00:10.996 1116 8336 I sysui_multi_action: [757,804,799,note_load,801,8,802,1]
01-12 15:00:10.997 1116 8336 I notification_panel_revealed: 8
01-12 15:00:11.031 1116 1318 I input_focus: [Focus request 33812c7 NotificationShade,reason=UpdateInputWindows]
01-12 15:00:11.053 1116 2145 I input_focus: [Focus leaving d53d0d1 com.nextdoordeveloper.miperf.miperf/com.nextdoordeveloper.miperf.miperf.MainActivity (server),reason=Waiting for window because NOT_VISIBLE]
01-12 15:00:11.104 1116 2145 I input_focus: [Focus entering 33812c7 NotificationShade (server),reason=Window became focusable. Previous reason: NOT_VISIBLE]
01-12 15:00:11.614 1116 8336 I sysui_multi_action: [757,128,758,1,793,6442869,794,0,795,6442869,796,26,798,1,806,android,857,DEVELOPER_IMPORTANT,858,4,947,0,1395,8,1500,6442370,1688,1]
01-12 15:00:11.614 1116 8336 I sysui_multi_action: [757,804,799,note_freshness,801,6442869,802,1]
01-12 15:00:11.614 1116 8336 I notification_visibility: [-1|android|26|null|1000,1,6442869,6442869,0,1]
01-12 15:00:11.615 1116 8336 I sysui_multi_action: [757,128,758,1,793,7659232,794,0,795,10644,796,4927,798,4,806,com.tblenovo.lewea,857,tblenovo.channel.WEATHER,858,2,947,0,1395,8,1500,10644,1688,1]
01-12 15:00:11.623 1116 8336 I sysui_multi_action: [757,804,799,note_freshness,801,10644,802,1]
01-12 15:00:11.623 1116 8336 I notification_visibility: [0|com.tblenovo.lewea|4927|null|10120,1,7659232,10644,0,4]
01-12 15:00:11.625 1116 8336 I sysui_multi_action: [757,128,758,1,793,7672529,794,0,795,16241,796,9,798,0,806,com.google.android.setupwizard,857,suw_consolidate_foreground_-e437bac7,858,3,947,0,1395,8,1500,16241,1688,1]
01-12 15:00:11.625 1116 8336 I sysui_multi_action: [757,804,799,note_freshness,801,16241,802,1]
01-12 15:00:11.625 1116 8336 I notification_visibility: [0|com.google.android.setupwizard|9|null|10177,1,7672529,16241,0,0]
01-12 15:00:11.626 1116 8336 I sysui_multi_action: [757,128,758,1,793,7655531,794,0,795,7655531,796,1,798,3,806,com.nttdocomo.android.lpa,857,NotificationChannel,858,2,947,0,1395,8,1500,7655317,1688,1,1745,2098068913]
01-12 15:00:11.627 1116 8336 I sysui_multi_action: [757,804,799,note_freshness,801,7655531,802,1]
01-12 15:00:11.627 1116 8336 I notification_visibility: [0|com.nttdocomo.android.lpa|1|null|10051,1,7655531,7655531,0,3]
01-12 15:00:11.628 1116 8336 I sysui_multi_action: [757,128,758,1,793,7558243,794,0,795,7558243,796,1,798,5,806,jp.co.omronsoft.android.decoemojimanager_docomo,857,permit,858,2,947,0,1395,8,1500,7558036,1688,1,1745,2098068913]
01-12 15:00:11.628 1116 8336 I sysui_multi_action: [757,804,799,note_freshness,801,7558243,802,1]
01-12 15:00:11.628 1116 8336 I notification_visibility: [0|jp.co.omronsoft.android.decoemojimanager_docomo|1|null|10112,1,7558243,7558243,0,5]
01-12 15:00:11.629 1116 8336 I sysui_multi_action: [757,128,758,1,793,6523931,794,0,795,6523931,796,-1000005,798,2,806,com.android.bluetooth,857,opp_notification_channel,858,4,947,0,1395,8,1500,6523706,1688,1]
01-12 15:00:11.630 1116 8336 I sysui_multi_action: [757,804,799,note_freshness,801,6523931,802,1]
01-12 15:00:11.630 1116 8336 I notification_visibility: [0|com.android.bluetooth|-1000005|null|1002,1,6523931,6523931,0,2]
01-12 15:00:12.475 1116 2145 I input_interaction: Interaction with: 33812c7 NotificationShade (server), PointerEventDispatcher0 (server),
01-12 15:00:12.889 2236 2236 I sysui_multi_action: [757,366,758,4,759,126,927,0,928,1,1592,0,1593,0]
01-12 15:00:12.923 1116 2358 I wm_task_moved: [72,1,10]
01-12 15:00:12.923 1116 2358 I wm_task_to_front: [0,72]
01-12 15:00:12.926 1116 2358 I wm_focused_root_task: [0,0,72,67,bringingFoundTaskToFront]
01-12 15:00:12.926 11850 11850 I wm_on_top_resumed_lost_called: [33173638,com.nextdoordeveloper.miperf.miperf.MainActivity,topStateChangedWhenResumed]
01-12 15:00:12.927 1116 2358 I wm_set_resumed_activity: [0,com.android.settings/.Settings$WifiSettingsActivity,bringingFoundTaskToFront]
01-12 15:00:12.928 1116 2358 I wm_finish_activity: [0,22537100,72,com.android.settings/.Settings$WifiSettingsActivity,clear-task-top]
01-12 15:00:12.932 1116 2358 I wm_destroy_activity: [0,22537100,72,com.android.settings/.Settings$WifiSettingsActivity,finish-imm:finishIfPossible]
01-12 15:00:12.954 1116 2358 I wm_task_moved: [72,1,10]
01-12 15:00:12.955 1116 2358 I wm_create_activity: [0,113031857,72,com.android.settings/.Settings$WifiSettingsActivity,android.settings.WIFI_SETTINGS,NULL,NULL,339738624]
01-12 15:00:12.956 11071 11071 I wm_on_destroy_called: [22537100,com.android.settings.Settings$WifiSettingsActivity,performDestroy]
01-12 15:00:12.968 1116 2358 I wm_pause_activity: [0,33173638,com.nextdoordeveloper.miperf.miperf/.MainActivity,userLeaving=true,pauseBackTasks]
01-12 15:00:12.990 1116 2507 I dvm_lock_sample: [system_server,1,Binder:1116_8,62,ActivityClientController.java,157,void com.android.server.wm.ActivityClientController.activityTopResumedStateLost(),,0,null,12]
01-12 15:00:12.994 11850 11850 I wm_on_paused_called: [33173638,com.nextdoordeveloper.miperf.miperf.MainActivity,performPause]
01-12 15:00:13.008 1116 3508 I wm_add_to_stopping: [0,33173638,com.nextdoordeveloper.miperf.miperf/.MainActivity,makeInvisible]
01-12 15:00:13.010 1116 3508 I wm_restart_activity: [0,113031857,72,com.android.settings/.Settings$WifiSettingsActivity]
01-12 15:00:13.013 1116 3508 I wm_set_resumed_activity: [0,com.android.settings/.Settings$WifiSettingsActivity,minimalResumeActivityLocked]
01-12 15:00:13.041 1116 1317 I sysui_multi_action: [757,803,799,window_time_0,802,50]
01-12 15:00:13.162 1116 3508 I netstats_mobile_sample: [0,0,0,0,0,0,0,0,0,0,0,0,1673535613161]
01-12 15:00:13.163 1116 3508 I netstats_wifi_sample: [12550036,10632,563199,4028,12550076,10633,563275,4029,26684147,19683,560723,3966,1673535613161]
01-12 15:00:13.231 1116 8900 I netstats_mobile_sample: [0,0,0,0,0,0,0,0,0,0,0,0,1673535613231]
01-12 15:00:13.233 1116 8900 I netstats_wifi_sample: [12550036,10632,563199,4028,12550076,10633,563275,4029,26684147,19683,560723,3966,1673535613231]
01-12 15:00:13.240 11071 11071 I wm_on_create_called: [113031857,com.android.settings.Settings$WifiSettingsActivity,performCreate]
01-12 15:00:13.322 11071 11071 I wm_on_start_called: [113031857,com.android.settings.Settings$WifiSettingsActivity,handleStartActivity]
01-12 15:00:13.323 11071 11071 I snet_event_log: [120484087,-1,]
01-12 15:00:13.327 11071 11071 I wm_on_resume_called: [113031857,com.android.settings.Settings$WifiSettingsActivity,RESUME_ACTIVITY]
01-12 15:00:13.328 11071 11071 I sysui_multi_action: [757,103,758,1,833,0,1089,239]
01-12 15:00:13.330 2741 2741 D TelephonyNetworkFactory[0]: got request NetworkRequest [ REQUEST id=306, [ Capabilities: INTERNET&NOT_RESTRICTED&TRUSTED&NOT_VCN_MANAGED Uid: 1000 RequestorUid: 1000 RequestorPkg: com.android.settings UnderlyingNetworks: Null] ]
01-12 15:00:13.341 1116 3508 I dvm_lock_sample: [system_server,1,Binder:1116_D,111,ActivityTaskManagerService.java,3569,int com.android.server.wm.ActivityTaskManagerService.getLastResumedActivityUserId(),WindowSurfacePlacer.java,58,void com.android.server.wm.WindowSurfacePlacer$Traverser.run(),22]
01-12 15:00:13.342 2741 2741 D TelephonyNetworkFactory[0]: onNeedNetworkFor NetworkRequest [ REQUEST id=306, [ Capabilities: INTERNET&NOT_RESTRICTED&TRUSTED&NOT_VCN_MANAGED Uid: 1000 RequestorUid: 1000 RequestorPkg: com.android.settings UnderlyingNetworks: Null] ] shouldApply false
01-12 15:00:13.357 11071 11071 I wm_on_top_resumed_gained_called: [113031857,com.android.settings.Settings$WifiSettingsActivity,topStateChangedWhenResumed]
01-12 15:00:13.592 1116 1313 I sysui_multi_action: [319,406,321,294,322,663,325,7798,757,761,758,8,759,1,806,com.android.settings,871,com.android.settings.Settings$WifiSettingsActivity,904,com.android.systemui,905,0,1320,8,1321,5]
01-12 15:00:13.593 1116 1313 I wm_activity_launch_time: [0,113031857,com.android.settings/.Settings$WifiSettingsActivity,663]
01-12 15:00:13.981 1116 2185 I sysui_multi_action: [757,128,758,2,793,6445236,794,2367,795,6445236,796,26,798,1,806,android,857,DEVELOPER_IMPORTANT,858,4,947,0,1395,8,1500,6444737,1688,1]
01-12 15:00:13.982 1116 2185 I notification_visibility: [-1|android|26|null|1000,0,6445236,6445236,0,1]
01-12 15:00:13.984 1116 1317 I wm_stop_activity: [0,33173638,com.nextdoordeveloper.miperf.miperf/.MainActivity]
01-12 15:00:13.984 1116 2185 I sysui_multi_action: [757,128,758,2,793,7661601,794,2369,795,13013,796,4927,798,4,806,com.tblenovo.lewea,857,tblenovo.channel.WEATHER,858,2,947,0,1395,8,1500,13013,1688,1]
01-12 15:00:13.985 1116 2185 I notification_visibility: [0|com.tblenovo.lewea|4927|null|10120,0,7661601,13013,0,4]
01-12 15:00:13.986 1116 2185 I sysui_multi_action: [757,128,758,2,793,7674891,794,2362,795,18603,796,9,798,0,806,com.google.android.setupwizard,857,suw_consolidate_foreground_-e437bac7,858,3,947,0,1395,8,1500,18603,1688,1]
01-12 15:00:13.987 1116 2185 I notification_visibility: [0|com.google.android.setupwizard|9|null|10177,0,7674891,18603,0,0]
01-12 15:00:13.990 1116 2185 I sysui_multi_action: [757,128,758,2,793,7657894,794,2363,795,7657894,796,1,798,3,806,com.nttdocomo.android.lpa,857,NotificationChannel,858,2,947,0,1395,8,1500,7657680,1688,1,1745,2098068913]
01-12 15:00:13.992 1116 2185 I notification_visibility: [0|com.nttdocomo.android.lpa|1|null|10051,0,7657894,7657894,0,3]
01-12 15:00:13.995 1116 2185 I sysui_multi_action: [757,128,758,2,793,7560609,794,2366,795,7560609,796,1,798,5,806,jp.co.omronsoft.android.decoemojimanager_docomo,857,permit,858,2,947,0,1395,8,1500,7560402,1688,1,1745,2098068913]
01-12 15:00:13.996 1116 2185 I notification_visibility: [0|jp.co.omronsoft.android.decoemojimanager_docomo|1|null|10112,0,7560609,7560609,0,5]
01-12 15:00:13.998 1116 2185 I sysui_multi_action: [757,128,758,2,793,6526299,794,2368,795,6526299,796,-1000005,798,2,806,com.android.bluetooth,857,opp_notification_channel,858,4,947,0,1395,8,1500,6526074,1688,1]
01-12 15:00:13.999 1116 2185 I notification_visibility: [0|com.android.bluetooth|-1000005|null|1002,0,6526299,6526299,0,2]
01-12 15:00:14.036 1116 1318 I input_focus: [Focus request 19416cc com.android.settings/com.android.settings.Settings$WifiSettingsActivity,reason=UpdateInputWindows]
01-12 15:00:14.072 1116 2145 I input_focus: [Focus leaving 33812c7 NotificationShade (server),reason=NOT_FOCUSABLE]
01-12 15:00:14.073 1116 2145 I input_focus: [Focus entering 19416cc com.android.settings/com.android.settings.Settings$WifiSettingsActivity (server),reason=setFocusedWindow]
01-12 15:00:14.085 11850 11850 I wm_on_stop_called: [33173638,com.nextdoordeveloper.miperf.miperf.MainActivity,STOP_ACTIVITY_ITEM]
01-12 15:00:14.125 1116 2358 I sysui_multi_action: [757,127,758,2]
01-12 15:00:14.127 1116 2358 I notification_panel_hidden:
01-12 15:00:27.811 1116 2145 I input_interaction: Interaction with: 19416cc com.android.settings/com.android.settings.Settings$WifiSettingsActivity (server), PointerEventDispatcher0 (server),
01-12 15:00:27.911 11071 11071 I sysui_multi_action: [757,135,758,4,759,1]
01-12 15:00:28.911 1116 2174 I netstats_mobile_sample: [0,0,0,0,0,0,0,0,0,0,0,0,1673535628911]
01-12 15:00:28.912 1116 2174 I netstats_wifi_sample: [12560522,10639,563415,4031,12560562,10640,563491,4032,26699127,19693,560891,3968,1673535628911]
01-12 15:00:28.990 1116 2174 I netstats_mobile_sample: [0,0,0,0,0,0,0,0,0,0,0,0,1673535628990]
01-12 15:00:28.991 1116 2174 I netstats_wifi_sample: [12560522,10639,563415,4031,12560562,10640,563491,4032,26699127,19693,560891,3968,1673535628990]
01-12 15:00:29.223 1116 2174 I netstats_mobile_sample: [0,0,0,0,0,0,0,0,0,0,0,0,1673535629222]
01-12 15:00:29.223 1116 2174 I netstats_wifi_sample: [12560522,10639,563415,4031,12560562,10640,563491,4032,26699127,19693,560891,3968,1673535629222]
01-12 15:00:29.273 1116 2174 I netstats_mobile_sample: [0,0,0,0,0,0,0,0,0,0,0,0,1673535629273]
01-12 15:00:29.273 1116 2174 I netstats_wifi_sample: [12560522,10639,563415,4031,12560562,10640,563491,4032,26699127,19693,560891,3968,1673535629273]
01-12 15:00:29.321 1116 2174 I netstats_mobile_sample: [0,0,0,0,0,0,0,0,0,0,0,0,1673535629321]
01-12 15:00:29.321 1116 2174 I netstats_wifi_sample: [12560522,10639,563415,4031,12560562,10640,563491,4032,26699127,19693,560891,3968,1673535629321]
01-12 15:00:29.325 1116 2165 I dvm_lock_sample: [system_server,0,NetworkPolicy,23,NetworkStatsService.java,1026,void com.android.server.net.NetworkStatsService.advisePersistThreshold(long),-,1273,void com.android.server.net.NetworkStatsService.handleNotifyNetworkStatus(android.net.Network[], android.net.NetworkStateSnapshot[], java.lang.String),4]
01-12 15:00:29.486 1116 2174 I netstats_mobile_sample: [0,0,0,0,0,0,0,0,0,0,0,0,1673535629485]
01-12 15:00:29.487 1116 2174 I netstats_wifi_sample: [12560522,10639,563415,4031,12560562,10640,563491,4032,26699127,19693,560891,3968,1673535629485]
01-12 15:00:29.505 1116 2165 I service_manager_slow: [11,alarm]
01-12 15:00:29.528 2422 18620 I service_manager_slow: [10,connmetrics]
01-12 15:00:29.609 1116 2174 I netstats_mobile_sample: [0,0,0,0,0,0,0,0,0,0,0,0,1673535629609]
01-12 15:00:29.610 1116 2174 I netstats_wifi_sample: [12563518,10641,563586,4033,12563558,10642,563587,4033,26705119,19697,560891,3968,1673535629609]
01-12 15:00:29.810 15906 15906 I auditd : type=1400 audit(0.0:1226): avc: denied { read } for comm="novo.lsf.device" name="u:object_r:sn_default_prop:s0" dev="tmpfs" ino=23626 scontext=u:r:priv_app:s0:c512,c768 tcontext=u:object_r:sn_default_prop:s0 tclass=file permissive=0 app=com.lenovo.lsf.device
01-12 15:00:29.810 15906 15906 I auditd : type=1400 audit(0.0:1227): avc: denied { read } for comm="novo.lsf.device" name="u:object_r:sn_default_prop:s0" dev="tmpfs" ino=23626 scontext=u:r:priv_app:s0:c512,c768 tcontext=u:object_r:sn_default_prop:s0 tclass=file permissive=0 app=com.lenovo.lsf.device
01-12 15:00:29.880 15906 15906 I auditd : type=1400 audit(0.0:1228): avc: denied { read } for comm="novo.lsf.device" name="u:object_r:sn_default_prop:s0" dev="tmpfs" ino=23626 scontext=u:r:priv_app:s0:c512,c768 tcontext=u:object_r:sn_default_prop:s0 tclass=file permissive=0 app=com.lenovo.lsf.device
01-12 15:00:29.880 15906 15906 I auditd : type=1400 audit(0.0:1229): avc: denied { read } for comm="novo.lsf.device" name="u:object_r:sn_default_prop:s0" dev="tmpfs" ino=23626 scontext=u:r:priv_app:s0:c512,c768 tcontext=u:object_r:sn_default_prop:s0 tclass=file permissive=0 app=com.lenovo.lsf.device
01-12 15:00:29.900 1116 1116 I notification_enqueue: [10177,3790,com.google.android.setupwizard,9,NULL,0,Notification(channel=suw_consolidate_foreground_notification shortcut=null contentView=null vibrate=null sound=null defaults=0x0 flags=0x860 color=0xff1a73e8 vis=PRIVATE),1]
01-12 15:00:29.993 1116 2174 I netstats_mobile_sample: [0,0,0,0,0,0,0,0,0,0,0,0,1673535629993]
01-12 15:00:29.994 1116 2174 I netstats_wifi_sample: [12582230,10662,564891,4051,12582270,10663,564967,4052,26726424,19715,561747,3980,1673535629993]
01-12 15:00:30.049 1116 2165 I service_manager_stats: [100,285,72636]
01-12 15:00:30.082 3134 8024 I gtalk_connection: 16778495
01-12 15:00:30.126 1116 2165 I service_manager_slow: [21,alarm]
01-12 15:00:30.180 3134 8024 I gtalk_connection: 16778495
01-12 15:00:30.192 2741 3624 E PhoneSubInfoController: getIccSerialNumber phone is null for Subscription:-1
01-12 15:00:30.240 15906 15906 I auditd : type=1400 audit(0.0:1230): avc: denied { read } for comm="Thread-18" name="u:object_r:sn_default_prop:s0" dev="tmpfs" ino=23626 scontext=u:r:priv_app:s0:c512,c768 tcontext=u:object_r:sn_default_prop:s0 tclass=file permissive=0 app=com.lenovo.lsf.device
01-12 15:00:30.220 1116 2174 I netstats_mobile_sample: [0,0,0,0,0,0,0,0,0,0,0,0,1673535630220]
01-12 15:00:30.221 1116 2174 I netstats_wifi_sample: [12591218,10668,564891,4051,12591258,10669,564967,4052,26756587,19738,562367,3988,1673535630220]
01-12 15:00:30.309 2741 3624 E PhoneSubInfoController: getIccSerialNumber phone is null for Subscription:-1
01-12 15:00:30.497 2741 3059 E PhoneSubInfoController: getIccSerialNumber phone is null for Subscription:-1
01-12 15:00:30.568 1116 2145 I input_interaction: Interaction with: 4aa51c3 NavigationBar0 (server), PointerEventDispatcher0 (server),
01-12 15:00:30.713 1116 2507 I wm_task_moved: [64,0,0]
01-12 15:00:30.714 1116 2507 I wm_task_moved: [64,0,9]
01-12 15:00:30.737 2879 2879 I wm_on_restart_called: [140318828,com.android.quickstep.RecentsActivity,performRestartActivity]
01-12 15:00:30.744 2879 2879 I wm_on_start_called: [140318828,com.android.quickstep.RecentsActivity,handleStartActivity]
01-12 15:00:30.773 1116 1318 I input_focus: [Focus request recents_animation_input_consumer,reason=UpdateInputWindows]
01-12 15:00:30.788 1116 2145 I input_focus: [Focus leaving 19416cc com.android.settings/com.android.settings.Settings$WifiSettingsActivity (server),reason=NOT_FOCUSABLE]
01-12 15:00:30.794 1116 2145 I input_focus: [Focus entering recents_animation_input_consumer (server),reason=setFocusedWindow]
01-12 15:00:30.799 2879 2879 I sysui_latency: [1,109]
01-12 15:00:30.867 1116 1313 I sysui_multi_action: [319,29,322,126,325,7816,757,761,758,9,759,5,806,com.android.launcher3,871,com.android.quickstep.RecentsActivity,904,com.android.launcher3,905,0,1320,8,1321,5]
01-12 15:00:31.142 1116 1377 I sysui_latency: [8,125]
01-12 15:00:31.213 1116 2185 I wm_task_moved: [64,1,10]
01-12 15:00:31.220 1116 2185 I wm_focused_root_task: [0,0,64,72,RecentsAnimation.onAnimationFinished()]
01-12 15:00:31.222 11071 11071 I wm_on_top_resumed_lost_called: [113031857,com.android.settings.Settings$WifiSettingsActivity,topStateChangedWhenResumed]
01-12 15:00:31.233 1116 2185 I wm_pause_activity: [0,113031857,com.android.settings/.Settings$WifiSettingsActivity,userLeaving=false,pauseBackTasks]
01-12 15:00:31.239 1116 2185 I wm_set_resumed_activity: [0,com.android.launcher3/com.android.quickstep.RecentsActivity,resumeTopActivityInnerLocked]
01-12 15:00:31.243 1116 2185 I wm_resume_activity: [0,140318828,65,com.android.launcher3/com.android.quickstep.RecentsActivity]
01-12 15:00:31.245 1116 2185 I wm_add_to_stopping: [0,113031857,com.android.settings/.Settings$WifiSettingsActivity,makeInvisible]
01-12 15:00:31.261 2879 2879 I wm_on_resume_called: [140318828,com.android.quickstep.RecentsActivity,RESUME_ACTIVITY]
01-12 15:00:31.263 1116 1318 I input_focus: [Focus request e483d6e com.android.launcher3/com.android.quickstep.RecentsActivity,reason=UpdateInputWindows]
01-12 15:00:31.269 1116 1317 I sysui_multi_action: [757,803,799,window_time_0,802,18]
01-12 15:00:31.273 11071 11071 I sysui_multi_action: [757,103,758,2,1089,17943]
01-12 15:00:31.277 1116 2145 I input_focus: [Focus leaving recents_animation_input_consumer (server),reason=NOT_VISIBLE]
01-12 15:00:31.277 1116 2145 I input_focus: [Focus entering e483d6e com.android.launcher3/com.android.quickstep.RecentsActivity (server),reason=setFocusedWindow]
01-12 15:00:31.281 11071 11071 I wm_on_paused_called: [113031857,com.android.settings.Settings$WifiSettingsActivity,performPause]
01-12 15:00:31.292 1116 10193 I wm_stop_activity: [0,113031857,com.android.settings/.Settings$WifiSettingsActivity]
01-12 15:00:31.307 2879 2879 I wm_on_top_resumed_gained_called: [140318828,com.android.quickstep.RecentsActivity,topStateChangedWhenResumed]
01-12 15:00:31.313 1116 1317 I dvm_lock_sample: [system_server,1,android.display,32,ActivityTaskSupervisor.java,2550,void com.android.server.wm.ActivityTaskSupervisor$ActivityTaskSupervisorHandler.handleMessage(android.os.Message),ActivityClientController.java,138,void com.android.server.wm.ActivityClientController.activityIdle(android.os.IBinder, android.content.res.Configuration, boolean),6]
01-12 15:00:31.325 1116 1317 I sysui_multi_action: [757,803,799,window_time_0,802,0]
01-12 15:00:31.361 11071 11071 I wm_on_stop_called: [113031857,com.android.settings.Settings$WifiSettingsActivity,STOP_ACTIVITY_ITEM]
01-12 15:00:31.365 2741 2741 D TelephonyNetworkFactory[0]: onReleaseNetworkFor NetworkRequest [ REQUEST id=306, [ Capabilities: INTERNET&NOT_RESTRICTED&TRUSTED&NOT_VCN_MANAGED Uid: 1000 RequestorUid: 1000 RequestorPkg: com.android.settings UnderlyingNetworks: Null] ] applied false
01-12 15:00:31.479 1116 2145 I input_interaction: Interaction with: e483d6e com.android.launcher3/com.android.quickstep.RecentsActivity (server), e4b8c5 com.android.systemui.ImageWallpaper (server), PointerEventDispatcher0 (server),
01-12 15:00:31.879 1116 1316 I commit_sys_config_file: [jobs,34]
01-12 15:00:33.153 3134 8024 I gtalk_connection: 16778495
01-12 15:00:33.171 3134 8024 I gtalk_connection: 16778495
01-12 15:00:33.200 1116 10193 I wm_task_moved: [1,1,10]
01-12 15:00:33.201 1116 10193 I wm_focused_root_task: [0,0,1,64,startActivityFromRecents]
01-12 15:00:33.201 1116 10193 I wm_task_moved: [67,1,10]
01-12 15:00:33.202 1116 10193 I wm_task_to_front: [0,67]
01-12 15:00:33.202 1116 10193 I wm_focused_root_task: [0,0,67,1,moveTaskToFront findTaskToMoveToFront]
01-12 15:00:33.203 1116 10193 I wm_set_resumed_activity: [0,com.nextdoordeveloper.miperf.miperf/.MainActivity,moveTaskToFront findTaskToMoveToFront]
01-12 15:00:33.204 1116 10193 I wm_pause_activity: [0,140318828,com.android.launcher3/com.android.quickstep.RecentsActivity,userLeaving=true,pauseBackTasks]
01-12 15:00:33.224 2879 2879 I wm_on_top_resumed_lost_called: [140318828,com.android.quickstep.RecentsActivity,topStateChangedWhenResumed]
01-12 15:00:33.237 2879 2879 I wm_on_paused_called: [140318828,com.android.quickstep.RecentsActivity,performPause]
01-12 15:00:33.247 1116 2185 I wm_set_resumed_activity: [0,com.nextdoordeveloper.miperf.miperf/.MainActivity,resumeTopActivityInnerLocked]
01-12 15:00:33.248 1116 2185 I wm_add_to_stopping: [0,140318828,com.android.launcher3/com.android.quickstep.RecentsActivity,makeInvisible]
01-12 15:00:33.252 1116 2185 I wm_resume_activity: [0,33173638,67,com.nextdoordeveloper.miperf.miperf/.MainActivity]
01-12 15:00:33.273 1116 2145 I input_focus: [Focus leaving e483d6e com.android.launcher3/com.android.quickstep.RecentsActivity (server),reason=NO_WINDOW]
01-12 15:00:33.316 11850 11850 I wm_on_restart_called: [33173638,com.nextdoordeveloper.miperf.miperf.MainActivity,performRestartActivity]
01-12 15:00:33.320 11850 11850 I wm_on_start_called: [33173638,com.nextdoordeveloper.miperf.miperf.MainActivity,handleStartActivity]
01-12 15:00:33.322 11850 11850 I wm_on_resume_called: [33173638,com.nextdoordeveloper.miperf.miperf.MainActivity,RESUME_ACTIVITY]
01-12 15:00:33.342 1116 1317 I sysui_multi_action: [757,803,799,window_time_0,802,2]
01-12 15:00:33.344 11850 11850 I wm_on_top_resumed_gained_called: [33173638,com.nextdoordeveloper.miperf.miperf.MainActivity,topWhenResuming]
01-12 15:00:33.399 1116 1318 I input_focus: [Focus request d53d0d1 com.nextdoordeveloper.miperf.miperf/com.nextdoordeveloper.miperf.miperf.MainActivity,reason=UpdateInputWindows]
01-12 15:00:33.549 1116 1313 I sysui_multi_action: [319,69,321,60,322,329,325,7818,757,761,758,9,759,4,806,com.nextdoordeveloper.miperf.miperf,871,com.nextdoordeveloper.miperf.miperf.MainActivity,904,com.nttdocomo.android.homezozo,905,0,1320,4,1321,4]
01-12 15:00:33.594 1116 2145 I input_focus: [Focus entering d53d0d1 com.nextdoordeveloper.miperf.miperf/com.nextdoordeveloper.miperf.miperf.MainActivity (server),reason=Window became focusable. Previous reason: NOT_VISIBLE]
01-12 15:00:33.636 1116 1317 I dvm_lock_sample: [system_server,1,android.display,13,InputMethodManagerService.java,4976,void com.android.server.inputmethod.InputMethodManagerService.reportImeControl(android.os.IBinder, boolean),-,2857,void com.android.server.inputmethod.InputMethodManagerService.reportStartInput(android.os.IBinder, android.os.IBinder),2]
01-12 15:00:33.681 1116 1317 I wm_stop_activity: [0,140318828,com.android.launcher3/com.android.quickstep.RecentsActivity]
01-12 15:00:33.724 2879 2879 I wm_on_stop_called: [140318828,com.android.quickstep.RecentsActivity,STOP_ACTIVITY_ITEM]
01-12 15:00:34.373 1116 2145 I input_interaction: Interaction with: d53d0d1 com.nextdoordeveloper.miperf.miperf/com.nextdoordeveloper.miperf.miperf.MainActivity (server), PointerEventDispatcher0 (server),
01-12 15:00:34.550 18682 18682 I auditd : type=1400 audit(0.0:1247): avc: granted { execute } for comm=4173796E635461736B20233130 name="iperf" dev="sda13" ino=17586 scontext=u:r:untrusted_app_25:s0:c512,c768 tcontext=u:object_r:app_data_file:s0:c512,c768 tclass=file app=com.nextdoordeveloper.miperf.miperf
01-12 15:00:34.550 18682 18682 I auditd : type=1400 audit(0.0:1248): avc: granted { execute_no_trans } for comm=4173796E635461736B20233130 path="/data/user/0/com.nextdoordeveloper.miperf.miperf/files/iperf" dev="sda13" ino=17586 scontext=u:r:untrusted_app_25:s0:c512,c768 tcontext=u:object_r:app_data_file:s0:c512,c768 tclass=file app=com.nextdoordeveloper.miperf.miperf
01-12 15:00:34.550 18682 18682 I auditd : type=1400 audit(0.0:1249): avc: granted { execute } for comm="iperf" path="/data/user/0/com.nextdoordeveloper.miperf.miperf/files/iperf" dev="sda13" ino=17586 scontext=u:r:untrusted_app_25:s0:c512,c768 tcontext=u:object_r:app_data_file:s0:c512,c768 tclass=file app=com.nextdoordeveloper.miperf.miperf
01-12 15:00:34.735 1116 2382 I ntp_failure: [time.android.com/216.239.35.12,java.net.SocketTimeoutException: Poll timed out]
01-12 15:00:37.504 1116 1116 I notification_enqueue: [1000,1116,android,741,ConnectivityNotification:108,-1,Notification(channel=NETWORK_ALERTS shortcut=null contentView=null vibrate=null sound=null tick defaults=0x0 flags=0x118 color=0x00000000 vis=PRIVATE),0]
01-12 15:00:37.710 1116 1116 I sysui_multi_action: [757,1501,758,1,793,209,794,0,795,209,796,741,797,ConnectivityNotification:108,806,android,857,NETWORK_ALERTS,858,4,947,0,1500,0]
01-12 15:00:37.710 1116 1116 I sysui_multi_action: [757,804,799,note_interruptive,801,0,802,1]
01-12 15:00:37.712 1116 1116 I sysui_multi_action: [757,1501,758,1,793,212,794,0,795,212,796,741,797,ConnectivityNotification:108,806,android,857,NETWORK_ALERTS,858,4,947,0,1500,0,1688,1]
01-12 15:00:37.712 1116 1116 I sysui_multi_action: [757,804,799,note_interruptive,801,0,802,1]
01-12 15:00:37.713 1116 1116 I sysui_multi_action: [757,199,758,1,759,2,793,213,794,0,795,213,796,741,797,ConnectivityNotification:108,806,android,857,NETWORK_ALERTS,858,4,947,0,1500,1,1688,1]
01-12 15:00:37.713 1116 1116 I notification_alert: [-1|android|741|ConnectivityNotification:108|1000,0,1,0]
01-12 15:00:37.863 2236 2236 I sysui_multi_action: [757,803,799,note_peek,802,1]
01-12 15:00:37.880 1116 3510 I sysui_multi_action: [757,127,758,1]
01-12 15:00:37.881 1116 3510 I sysui_multi_action: [757,804,799,note_load,801,1,802,1]
01-12 15:00:37.881 1116 3510 I notification_panel_revealed: 1
01-12 15:00:37.883 2236 2236 I sysui_heads_up_status: [-1|android|741|ConnectivityNotification:108|1000,1]
01-12 15:00:38.207 3134 8024 I gtalk_connection: 16778495
01-12 15:00:38.234 3134 8024 I gtalk_connection: 16778495
01-12 15:00:39.757 1116 2382 I ntp_failure: [time.android.com/216.239.35.4,java.net.SocketTimeoutException: Poll timed out]
01-12 15:00:39.897 1116 10193 I sysui_multi_action: [757,128,758,1,793,2397,794,0,795,2397,796,741,797,ConnectivityNotification:108,798,0,806,android,857,NETWORK_ALERTS,858,4,947,0,1395,9,1500,2185,1688,1]
01-12 15:00:39.898 1116 10193 I sysui_multi_action: [757,804,799,note_freshness,801,2397,802,1]
01-12 15:00:39.898 1116 10193 I notification_visibility: [-1|android|741|ConnectivityNotification:108|1000,1,2397,2397,0,0]
01-12 15:00:43.566 2236 2236 I sysui_heads_up_status: [-1|android|741|ConnectivityNotification:108|1000,0]
01-12 15:00:44.031 1116 10193 I sysui_multi_action: [757,128,758,2,793,6531,794,4134,795,6531,796,741,797,ConnectivityNotification:108,798,0,806,android,857,NETWORK_ALERTS,858,4,947,0,1395,9,1500,6319,1688,1]
01-12 15:00:44.032 1116 10193 I notification_visibility: [-1|android|741|ConnectivityNotification:108|1000,0,6531,6531,0,0]
01-12 15:00:44.041 1116 10193 I sysui_multi_action: [757,127,758,2]
01-12 15:00:44.043 1116 10193 I notification_panel_hidden:
01-12 15:00:44.781 1116 2382 I ntp_failure: [time.android.com/216.239.35.0,java.net.SocketTimeoutException: Poll timed out]
01-12 15:00:48.265 3134 8024 I gtalk_connection: 16778495
01-12 15:00:48.284 3134 8024 I gtalk_connection: 16778495
01-12 15:00:49.824 1116 2382 I ntp_failure: [time.android.com/216.239.35.8,java.net.SocketTimeoutException: Poll timed out]
01-12 15:00:52.709 1116 1116 I sysui_multi_action: [757,128,758,5,759,8,793,15209,794,12812,795,15209,796,741,797,ConnectivityNotification:108,806,android,857,NETWORK_ALERTS,858,4,947,0,1500,14997,1688,1]
01-12 15:00:52.710 1116 1116 I notification_canceled: [-1|android|741|ConnectivityNotification:108|1000,8,15209,15209,12812,-1,-1,NULL]
01-12 15:00:52.745 1116 1116 I notification_enqueue: [1000,1116,android,745,ConnectivityNotification:108,-1,Notification(channel=NETWORK_STATUS shortcut=null contentView=null vibrate=null sound=null tick defaults=0x0 flags=0x118 color=0x00000000 vis=PRIVATE),0]
01-12 15:00:52.963 1116 1116 I sysui_multi_action: [757,1501,758,1,793,255,794,0,795,255,796,745,797,ConnectivityNotification:108,806,android,857,NETWORK_STATUS,858,2,947,0,1500,0]
01-12 15:00:52.964 1116 1116 I sysui_multi_action: [757,804,799,note_interruptive,801,0,802,1]
01-12 15:00:55.355 1116 1378 I am_wtf : [0,1116,system_server,-1,ActivityManager,Sending non-protected broadcast com.lenovo.action.CAPSENSOR_SIM from system 1116:system/1000 pkg android]
01-12 15:00:55.365 1116 1378 I am_wtf : [0,1116,system_server,-1,ActivityManager,Sending non-protected broadcast com.lenovo.action.CAPSENSOR_SIM from system 1116:system/1000 pkg android]
01-12 15:00:55.372 1116 2927 I sysui_multi_action: [757,1417,758,5,1418,8,1419,10,1420,6486914,1421,2]
01-12 15:00:55.372 1116 2927 I battery_status: [3,2,1,0,Li-ion]
01-12 15:00:55.386 1116 1116 I battery_saving_stats: [0,1,0,1171738,50770,1,5397972,50770,-1]
01-12 15:00:55.426 2741 2741 D QtiRilInterface: Received com.lenovo.action.CAPSENSOR_SIM
01-12 15:00:55.427 2741 2741 D QtiRilInterface: capsensor_value is 2
01-12 15:00:55.460 1116 2185 I am_uid_active: 99002
01-12 15:00:55.529 1116 1116 I notification_enqueue: [10187,2236,com.android.systemui,3,low_battery,-1,Notification(channel=BAT shortcut=null contentView=null vibrate=null sound=null defaults=0x0 flags=0x0 color=0xffff7043 actions=1 vis=PUBLIC),0]
01-12 15:00:55.584 1116 1947 I commit_sys_config_file: [settings-0-0,117]
01-12 15:00:55.597 1116 1116 I notification_enqueue: [10187,2236,com.android.systemui,3,low_battery,-1,Notification(channel=BAT shortcut=null contentView=null vibrate=null sound=null defaults=0x0 flags=0x8 color=0xffff7043 actions=1 vis=PUBLIC),0]
01-12 15:00:55.614 2741 2741 D RILJ : [0093]> GET_ACTIVITY_INFO [PHONE0]
01-12 15:00:55.633 2741 2959 D RILJ : [0093]< GET_ACTIVITY_INFO ModemActivityInfo{ mTimestamp=7840946 mSleepTimeMs=0 mIdleTimeMs=640643 mTxTimeMs[]=[0, 0, 0, 0, 0] mRxTimeMs=0} [PHONE0]
01-12 15:00:55.732 1116 1116 I sysui_multi_action: [757,1501,758,1,793,205,794,0,795,205,796,3,797,low_battery,806,com.android.systemui,857,BAT,858,5,947,0,1500,0,1745,2098068913]
01-12 15:00:55.734 1116 1116 I sysui_multi_action: [757,804,799,note_interruptive,801,0,802,1]
01-12 15:00:55.744 1116 1116 I sysui_multi_action: [757,1501,758,1,793,217,794,0,795,217,796,3,797,low_battery,806,com.android.systemui,857,BAT,858,5,947,0,1500,0,1688,1,1745,2098068913]
01-12 15:00:55.745 1116 1116 I sysui_multi_action: [757,804,799,note_interruptive,801,0,802,1]
01-12 15:00:55.746 1116 1116 I sysui_multi_action: [757,199,758,1,759,2,793,219,794,0,795,219,796,3,797,low_battery,806,com.android.systemui,857,BAT,858,5,947,0,1500,2,1688,1,1745,2098068913]
01-12 15:00:55.748 1116 1116 I notification_alert: [-1|com.android.systemui|3|low_battery|10187,0,1,0]
01-12 15:00:55.878 1116 1318 I input_focus: [Focus request 25b5b15 Please connect your charger,reason=UpdateInputWindows]
01-12 15:00:55.907 1116 2145 I input_focus: [Focus leaving d53d0d1 com.nextdoordeveloper.miperf.miperf/com.nextdoordeveloper.miperf.miperf.MainActivity (server),reason=Waiting for window because NOT_VISIBLE]
01-12 15:00:55.977 1116 2145 I input_focus: [Focus entering 25b5b15 Please connect your charger (server),reason=Window became focusable. Previous reason: NOT_VISIBLE]
01-12 15:00:56.020 630 630 I auditd : type=1400 audit(0.0:1250): avc: denied { read } for comm="Binder:630_2" name="wakeup38" dev="sysfs" ino=66587 scontext=u:r:system_suspend:s0 tcontext=u:object_r:sysfs:s0 tclass=dir permissive=0
01-12 15:00:56.030 630 630 I auditd : type=1400 audit(0.0:1251): avc: denied { read } for comm="Binder:630_2" name="wakeup28" dev="sysfs" ino=66215 scontext=u:r:system_suspend:s0 tcontext=u:object_r:sysfs:s0 tclass=dir permissive=0
01-12 15:00:56.030 630 630 I auditd : type=1400 audit(0.0:1252): avc: denied { read } for comm="Binder:630_2" name="wakeup18" dev="sysfs" ino=58442 scontext=u:r:system_suspend:s0 tcontext=u:object_r:sysfs:s0 tclass=dir permissive=0
01-12 15:00:56.030 630 630 I auditd : type=1400 audit(0.0:1253): avc: denied { read } for comm="Binder:630_2" name="wakeup46" dev="sysfs" ino=70729 scontext=u:r:system_suspend:s0 tcontext=u:object_r:sysfs:s0 tclass=dir permissive=0
01-12 15:00:56.030 630 630 I auditd : type=1400 audit(0.0:1254): avc: denied { read } for comm="Binder:630_2" name="wakeup2" dev="sysfs" ino=40064 scontext=u:r:system_suspend:s0 tcontext=u:object_r:sysfs:s0 tclass=dir permissive=0
01-12 15:00:56.030 630 630 I auditd : type=1400 audit(0.0:1255): avc: denied { read } for comm="Binder:630_2" name="wakeup36" dev="sysfs" ino=66515 scontext=u:r:system_suspend:s0 tcontext=u:object_r:sysfs:s0 tclass=dir permissive=0
01-12 15:00:56.040 630 630 I auditd : type=1400 audit(0.0:1256): avc: denied { read } for comm="Binder:630_2" name="wakeup26" dev="sysfs" ino=66143 scontext=u:r:system_suspend:s0 tcontext=u:object_r:sysfs:s0 tclass=dir permissive=0
01-12 15:00:56.228 1116 1393 I dvm_lock_sample: [system_server,0,batterystats-handler,566,BatteryStatsService.java,2829,void com.android.server.am.BatteryStatsService.lambda$noteServiceStopLaunch$105$BatteryStatsService(int, java.lang.String, java.lang.String, long, long),BatteryExternalStatsWorker.java,696,void com.android.server.am.BatteryExternalStatsWorker.updateExternalStatsLocked(java.lang.String, int, boolean, boolean, int, boolean),100]
01-12 15:00:56.249 2236 2236 I sysui_multi_action: [757,803,799,note_peek,802,1]
01-12 15:00:56.275 1116 3508 I sysui_multi_action: [757,127,758,1]
01-12 15:00:56.276 2236 2236 I sysui_heads_up_status: [-1|com.android.systemui|3|low_battery|10187,1]
01-12 15:00:56.277 1116 3508 I sysui_multi_action: [757,804,799,note_load,801,1,802,1]
01-12 15:00:56.279 1116 3508 I notification_panel_revealed: 1
01-12 15:00:56.770 1116 1377 I commit_sys_config_file: [batterystats,98]
01-12 15:00:56.818 1116 1377 I commit_sys_config_file: [batterystats,48]
01-12 15:00:58.243 1116 1116 I sysui_multi_action: [757,128,758,5,759,8,793,6485547,794,0,795,6485547,796,32,806,android,857,USB,858,1,947,0,1500,6485330,1688,1]
01-12 15:00:58.250 1116 1116 I notification_canceled: [-1|android|32|null|1000,8,6485547,6485547,0,-1,-1,NULL]
01-12 15:00:58.255 1116 1116 I sysui_multi_action: [757,128,758,5,759,8,793,6489510,794,46641,795,6489510,796,26,806,android,857,DEVELOPER_IMPORTANT,858,4,947,0,1500,6489011,1688,1]
01-12 15:00:58.256 1116 1116 I notification_canceled: [-1|android|26|null|1000,8,6489510,6489510,46641,-1,-1,NULL]
01-12 15:00:58.301 1116 10559 I sysui_multi_action: [757,128,758,1,793,2707,794,0,795,2707,796,3,797,low_battery,798,0,806,com.android.systemui,857,BAT,858,5,947,0,1395,9,1500,2707,1688,1,1745,2098068913]
01-12 15:00:58.301 1116 10559 I sysui_multi_action: [757,804,799,note_freshness,801,2707,802,1]
01-12 15:00:58.301 1116 10559 I notification_visibility: [-1|com.android.systemui|3|low_battery|10187,1,2707,2707,0,0]
01-12 15:01:00.014 1116 2382 I ntp_failure: [time.android.com/2001:4860:4806::,java.net.SocketTimeoutException: Poll timed out]
01-12 15:01:01.044 1116 1116 I notification_enqueue: [10120,4927,com.tblenovo.lewea,4927,NULL,0,Notification(channel=tblenovo.channel.WEATHER shortcut=null contentView=null vibrate=null sound=null defaults=0x0 flags=0x40 color=0x00000000 vis=PRIVATE),1]
01-12 15:01:01.058 1116 1116 I notification_enqueue: [10120,4927,com.tblenovo.lewea,4927,NULL,0,Notification(channel=tblenovo.channel.WEATHER shortcut=null contentView=com.tblenovo.lewea/0x7f090018 vibrate=null sound=null defaults=0x0 flags=0x50 color=0x00000000 vis=PUBLIC),1]
01-12 15:01:01.239 1116 1316 I commit_sys_config_file: [notification-policy,7769759]
01-12 15:01:01.951 2236 2236 I sysui_heads_up_status: [-1|com.android.systemui|3|low_battery|10187,0]
01-12 15:01:02.322 1116 1116 I notification_enqueue: [10187,2236,com.android.systemui,3,low_battery,-1,Notification(channel=BAT shortcut=null contentView=null vibrate=null sound=null defaults=0x0 flags=0x8 color=0xffff7043 actions=1 vis=PUBLIC),1]
01-12 15:01:02.416 1116 10193 I sysui_multi_action: [757,128,758,2,793,6822,794,4115,795,6822,796,3,797,low_battery,798,0,806,com.android.systemui,857,BAT,858,5,947,0,1395,8,1500,6822,1688,1,1745,2098068913]
01-12 15:01:02.417 1116 10193 I notification_visibility: [-1|com.android.systemui|3|low_battery|10187,0,6822,6822,0,0]
01-12 15:01:02.422 1116 10581 I sysui_multi_action: [757,127,758,2]
01-12 15:01:02.424 1116 10581 I notification_panel_hidden:
01-12 15:01:02.473 1116 2927 I battery_status: [4,2,1,0,Li-ion]
01-12 15:01:02.534 1116 1116 I notification_enqueue: [10187,2236,com.android.systemui,3,low_battery,-1,Notification(channel=BAT shortcut=null contentView=null vibrate=null sound=null defaults=0x0 flags=0x8 color=0xffff7043 actions=1 vis=PUBLIC),1]
01-12 15:01:02.599 1116 1947 I commit_sys_config_file: [settings-0-0,35]
01-12 15:01:02.749 1116 2927 I battery_status: [2,2,1,0,Li-ion]
01-12 15:01:02.805 1116 1116 I notification_enqueue: [10187,2236,com.android.systemui,3,low_battery,-1,Notification(channel=BAT shortcut=null contentView=null vibrate=null sound=null defaults=0x0 flags=0x8 color=0xffff7043 actions=1 vis=PUBLIC),1]
01-12 15:01:02.913 1116 2927 I sysui_multi_action: [757,1417,758,4,1418,10,1421,2]
01-12 15:01:02.914 1116 2927 I battery_status: [2,2,1,2,Li-ion]
01-12 15:01:03.011 2741 2741 D RILJ : [0094]> GET_ACTIVITY_INFO [PHONE0]
01-12 15:01:03.019 2741 2959 D RILJ : [0094]< GET_ACTIVITY_INFO ModemActivityInfo{ mTimestamp=7848332 mSleepTimeMs=0 mIdleTimeMs=7396 mTxTimeMs[]=[0, 0, 0, 0, 0] mRxTimeMs=0} [PHONE0]
01-12 15:01:03.018 1116 8905 I dvm_lock_sample: [system_server,1,Binder:1116_17,41,PowerManagerService.java,1369,void com.android.server.power.PowerManagerService.acquireWakeLockInternal(android.os.IBinder, int, int, java.lang.String, java.lang.String, android.os.WorkSource, java.lang.String, int, int),,0,null,8]
01-12 15:01:03.084 1116 1116 I battery_saving_stats: [0,1,0,7698,0,0,171951,0,1]
01-12 15:01:03.241 1116 2145 I input_interaction: Interaction with: 25b5b15 Please connect your charger (server), PointerEventDispatcher0 (server),
01-12 15:01:03.250 1116 2927 I battery_status: [4,2,1,2,Li-ion]
01-12 15:01:03.280 2741 2741 D QtiDCT-C: [0]Intent Recieved : ACTION_TETHER_STATE_CHANGED
01-12 15:01:03.281 2741 2741 D QtiDCT-C: [0] updateBtTetherState: Start
01-12 15:01:03.326 2741 2741 D QtiDCT-C: [0] before BT Tether = false, after BT Tether = false
01-12 15:01:03.326 2741 2741 D QtiDCT-C: [0] updateUsbTetherState: Start
01-12 15:01:03.327 2741 2741 D QtiDCT-C: [0] before USB Tether = false, after USB Tether = false
01-12 15:01:03.327 2741 2741 D QtiDCT-C: [0]updateWifiTetherState: Start
01-12 15:01:03.372 2741 2741 D QtiDCT-C: [0] updateEthernetTetherState: Start
01-12 15:01:03.372 2741 2741 D QtiDCT-C: [0] before Ethernet Tether = false, after Ethernet Tether = false
01-12 15:01:03.424 1116 1318 I input_focus: [Focus request d53d0d1 com.nextdoordeveloper.miperf.miperf/com.nextdoordeveloper.miperf.miperf.MainActivity,reason=UpdateInputWindows]
01-12 15:01:03.425 2741 2741 D QtiDCT-C: [0]getPreferredApn: X not found
01-12 15:01:03.425 2741 2741 D QtiDCT-C: [0] usesSpMode: no preferred apn.
01-12 15:01:03.425 2741 2741 D QtiDCT-C: [0] usesSpMode: sp-mode is not used.
01-12 15:01:03.425 2741 2741 D QtiDCT-C: [0]updateTetherState: Maintain the current APN.
01-12 15:01:03.456 1116 2145 I input_focus: [Focus entering d53d0d1 com.nextdoordeveloper.miperf.miperf/com.nextdoordeveloper.miperf.miperf.MainActivity (server),reason=setFocusedWindow]
01-12 15:01:03.470 630 630 I auditd : type=1400 audit(0.0:1281): avc: denied { read } for comm="Binder:630_2" name="wakeup38" dev="sysfs" ino=66587 scontext=u:r:system_suspend:s0 tcontext=u:object_r:sysfs:s0 tclass=dir permissive=0
01-12 15:01:03.486 1116 2164 I netstats_mobile_sample: [0,0,0,0,0,0,0,0,0,0,0,0,1673535663485]
01-12 15:01:03.487 1116 2164 I netstats_wifi_sample: [13521226,11322,571390,4145,13521266,11323,571466,4146,30268291,22101,568866,4082,1673535663485]
01-12 15:01:03.490 630 630 I auditd : type=1400 audit(0.0:1282): avc: denied { read } for comm="Binder:630_2" name="wakeup28" dev="sysfs" ino=66215 scontext=u:r:system_suspend:s0 tcontext=u:object_r:sysfs:s0 tclass=dir permissive=0
01-12 15:01:03.490 630 630 I auditd : type=1400 audit(0.0:1283): avc: denied { read } for comm="Binder:630_2" name="wakeup18" dev="sysfs" ino=58442 scontext=u:r:system_suspend:s0 tcontext=u:object_r:sysfs:s0 tclass=dir permissive=0
01-12 15:01:03.490 630 630 I auditd : type=1400 audit(0.0:1284): avc: denied { read } for comm="Binder:630_2" name="wakeup46" dev="sysfs" ino=70729 scontext=u:r:system_suspend:s0 tcontext=u:object_r:sysfs:s0 tclass=dir permissive=0
01-12 15:01:03.500 630 630 I auditd : type=1400 audit(0.0:1285): avc: denied { read } for comm="Binder:630_2" name="wakeup2" dev="sysfs" ino=40064 scontext=u:r:system_suspend:s0 tcontext=u:object_r:sysfs:s0 tclass=dir permissive=0
01-12 15:01:03.609 2741 2741 D QtiDCT-C: [0]Intent Recieved : ACTION_TETHER_STATE_CHANGED
01-12 15:01:03.609 2741 2741 D QtiDCT-C: [0] updateBtTetherState: Start
01-12 15:01:03.610 2741 2741 D QtiDCT-C: [0] before BT Tether = false, after BT Tether = false
01-12 15:01:03.610 2741 2741 D QtiDCT-C: [0] updateUsbTetherState: Start
01-12 15:01:03.610 2741 2741 D QtiDCT-C: [0] before USB Tether = false, after USB Tether = true
01-12 15:01:03.610 2741 2741 D QtiDCT-C: [0]updateWifiTetherState: Start
01-12 15:01:03.613 2741 2741 D QtiDCT-C: [0] updateEthernetTetherState: Start
01-12 15:01:03.613 2741 2741 D QtiDCT-C: [0] before Ethernet Tether = false, after Ethernet Tether = false
01-12 15:01:03.662 1116 2927 I battery_status: [2,2,1,2,Li-ion]
01-12 15:01:03.686 2741 2741 D QtiDCT-C: [0]getPreferredApn: X not found
01-12 15:01:03.686 2741 2741 D QtiDCT-C: [0] usesSpMode: no preferred apn.
01-12 15:01:03.686 2741 2741 D QtiDCT-C: [0] usesSpMode: sp-mode is not used.
01-12 15:01:03.686 2741 2741 D QtiDCT-C: [0]updateTetherState: Maintain the current APN.
01-12 15:01:03.765 1116 1116 I sysui_multi_action: [757,128,758,5,759,8,793,8170,794,5463,795,961,796,3,797,low_battery,806,com.android.systemui,857,BAT,858,5,947,0,1500,961,1688,1,1745,2098068913]
01-12 15:01:03.765 1116 1116 I notification_canceled: [-1|com.android.systemui|3|low_battery|10187,8,8170,961,5463,-1,-1,NULL]
01-12 15:01:03.766 1116 1393 I dvm_lock_sample: [system_server,0,batterystats-handler,737,BatteryStatsService.java,1015,void com.android.server.am.BatteryStatsService.lambda$noteStartWakelockFromSource$24$BatteryStatsService(android.os.WorkSource, int, java.lang.String, java.lang.String, int, boolean, long, long),BatteryExternalStatsWorker.java,696,void com.android.server.am.BatteryExternalStatsWorker.updateExternalStatsLocked(java.lang.String, int, boolean, boolean, int, boolean),100]
01-12 15:01:03.776 1116 1116 I notification_enqueue: [1000,1116,android,47,NULL,-1,Notification(channel=USB shortcut=null contentView=null vibrate=null sound=null tick defaults=0x0 flags=0x2 color=0x00000000 vis=PUBLIC),0]
01-12 15:01:03.778 1116 1116 I notification_enqueue: [1000,1116,android,26,NULL,-1,Notification(channel=DEVELOPER_IMPORTANT shortcut=null contentView=null vibrate=null sound=null tick defaults=0x0 flags=0x2 color=0x00000000 vis=PUBLIC),0]
01-12 15:01:03.784 1116 8905 I dvm_lock_sample: [system_server,1,Binder:1116_17,370,BatteryStatsService.java,836,long com.android.server.am.BatteryStatsService.computeChargeTimeRemaining(),,0,null,74]
01-12 15:01:03.890 1116 2164 I service_manager_slow: [15,alarm]
01-12 15:01:03.891 1116 2164 I netstats_mobile_sample: [0,0,0,0,0,0,0,0,0,0,0,0,1673535663890]
01-12 15:01:03.891 1116 2164 I netstats_wifi_sample: [13530214,11328,571646,4148,13528756,11328,571722,4149,30274283,22105,568866,4082,1673535663890]
01-12 15:01:03.978 1116 1116 I sysui_multi_action: [757,1501,758,1,793,851,794,0,795,851,796,47,806,android,857,USB,858,1,947,0,1500,0]
01-12 15:01:03.979 1116 1116 I sysui_multi_action: [757,804,799,note_interruptive,801,0,802,1]
01-12 15:01:03.983 1116 1116 I sysui_multi_action: [757,1501,758,1,793,784,794,0,795,784,796,26,806,android,857,DEVELOPER_IMPORTANT,858,4,947,0,1500,0]
01-12 15:01:03.983 1116 1116 I sysui_multi_action: [757,804,799,note_interruptive,801,0,802,1]
01-12 15:01:03.988 1116 1116 I sysui_multi_action: [757,1501,758,1,793,788,794,0,795,788,796,26,806,android,857,DEVELOPER_IMPORTANT,858,4,947,0,1500,0,1688,1]
01-12 15:01:03.989 1116 1116 I sysui_multi_action: [757,804,799,note_interruptive,801,0,802,1]
01-12 15:01:03.992 1116 1116 I sysui_multi_action: [757,199,758,1,759,2,793,791,794,0,795,791,796,26,806,android,857,DEVELOPER_IMPORTANT,858,4,947,0,1500,3,1688,1]
01-12 15:01:03.992 1116 1116 I notification_alert: [-1|android|26|null|1000,0,1,0]
01-12 15:01:04.038 1116 10581 I dvm_lock_sample: [system_server,1,Binder:1116_1C,9,MessageQueue.java,644,boolean android.os.MessageQueue.hasMessages(android.os.Handler, java.lang.Runnable, java.lang.Object),-,652,boolean android.os.MessageQueue.hasMessages(android.os.Handler, java.lang.Runnable, java.lang.Object),1]
01-12 15:01:04.570 2236 2236 I sysui_multi_action: [757,803,799,note_peek,802,1]
01-12 15:01:04.583 2236 2236 I sysui_heads_up_status: [-1|android|26|null|1000,1]
01-12 15:01:04.587 1116 8905 I sysui_multi_action: [757,127,758,1]
