01-12 13:50:17.494 11071 11071 I wm_on_resume_called: [132493722,com.android.settings.Settings$WifiSettingsActivity,RESUME_ACTIVITY]
01-12 13:50:17.495 2741 2741 D TelephonyNetworkFactory[0]: got request NetworkRequest [ REQUEST id=264, [ Capabilities: INTERNET&NOT_RESTRICTED&TRUSTED&NOT_VCN_MANAGED Uid: 1000 RequestorUid: 1000 RequestorPkg: com.android.settings UnderlyingNetworks: Null] ]
01-12 13:50:17.495 11071 11071 I sysui_multi_action: [757,103,758,1,833,0,1089,0]
01-12 13:50:17.495 2741 2741 D TelephonyNetworkFactory[0]: onNeedNetworkFor NetworkRequest [ REQUEST id=264, [ Capabilities: INTERNET&NOT_RESTRICTED&TRUSTED&NOT_VCN_MANAGED Uid: 1000 RequestorUid: 1000 RequestorPkg: com.android.settings UnderlyingNetworks: Null] ] shouldApply false
01-12 13:50:17.503 11071 11071 I wm_on_top_resumed_gained_called: [132493722,com.android.settings.Settings$WifiSettingsActivity,topWhenResuming]
01-12 13:50:17.527 1116 1318 I input_focus: [Focus request 55857ee com.android.settings/com.android.settings.Settings$WifiSettingsActivity,reason=UpdateInputWindows]
01-12 13:50:17.621 1116 2145 I input_focus: [Focus entering 55857ee com.android.settings/com.android.settings.Settings$WifiSettingsActivity (server),reason=Window became focusable. Previous reason: NOT_VISIBLE]
01-12 13:50:17.672 1116 2167 I dvm_lock_sample: [system_server,0,WifiHandlerThread,10,MessageQueue.java,337,android.os.Message android.os.MessageQueue.next(),-,600,boolean android.os.MessageQueue.enqueueMessage(android.os.Message, long),2]
01-12 13:50:18.031 1116 1317 I wm_destroy_activity: [0,201213515,72,com.android.settings/.SubSettings,finish-imm:transit]
01-12 13:50:18.126 11071 11071 I wm_on_stop_called: [201213515,com.android.settings.SubSettings,LIFECYCLER_STOP_ACTIVITY]
01-12 13:50:18.131 2741 2741 D TelephonyNetworkFactory[0]: onReleaseNetworkFor NetworkRequest [ REQUEST id=260, [ Capabilities: INTERNET&NOT_RESTRICTED&TRUSTED&NOT_VCN_MANAGED Uid: 1000 RequestorUid: 1000 RequestorPkg: com.android.settings UnderlyingNetworks: Null] ] applied false
01-12 13:50:18.140 11071 11071 I wm_on_destroy_called: [201213515,com.android.settings.SubSettings,performDestroy]
01-12 13:50:18.560 3134 8024 I gtalk_connection: 16778495
01-12 13:50:18.589 3134 8024 I gtalk_connection: 16778495
01-12 13:50:22.020 7135 7135 I auditd : type=1400 audit(0.0:829): avc: denied { read } for comm="Thread-12" name="u:object_r:sn_default_prop:s0" dev="tmpfs" ino=23626 scontext=u:r:priv_app:s0:c512,c768 tcontext=u:object_r:sn_default_prop:s0 tclass=file permissive=0 app=com.lenovo.lsf.device
01-12 13:50:22.020 7135 7135 I auditd : type=1400 audit(0.0:830): avc: denied { read } for comm="Thread-12" name="u:object_r:sn_default_prop:s0" dev="tmpfs" ino=23626 scontext=u:r:priv_app:s0:c512,c768 tcontext=u:object_r:sn_default_prop:s0 tclass=file permissive=0 app=com.lenovo.lsf.device
01-12 13:50:22.160 7135 7135 I auditd : type=1400 audit(0.0:831): avc: denied { read } for comm="Thread-12" name="u:object_r:serialno_prop:s0" dev="tmpfs" ino=23623 scontext=u:r:priv_app:s0:c512,c768 tcontext=u:object_r:serialno_prop:s0 tclass=file permissive=0 app=com.lenovo.lsf.device
01-12 13:50:22.160 7135 7135 I auditd : type=1400 audit(0.0:832): avc: denied { read } for comm="Thread-12" name="u:object_r:sn_default_prop:s0" dev="tmpfs" ino=23626 scontext=u:r:priv_app:s0:c512,c768 tcontext=u:object_r:sn_default_prop:s0 tclass=file permissive=0 app=com.lenovo.lsf.device
01-12 13:50:22.160 7135 7135 I auditd : type=1400 audit(0.0:833): avc: denied { read } for comm="Thread-12" name="u:object_r:sn_default_prop:s0" dev="tmpfs" ino=23626 scontext=u:r:priv_app:s0:c512,c768 tcontext=u:object_r:sn_default_prop:s0 tclass=file permissive=0 app=com.lenovo.lsf.device
01-12 13:50:32.924 3134 8024 I gtalk_connection: 16778495
01-12 13:50:32.950 3134 8024 I gtalk_connection: 16778495
01-12 13:50:42.992 1116 1377 I am_pss : [11071,1000,com.android.settings,104247296,97718272,976896,180002816,0,2,26]
01-12 13:50:47.632 3134 8024 I c2dm : [-19,ERR_AUTHENTICATION_FAILED,0,0]
01-12 13:50:50.693 3134 8024 I c2dm : [-19,ERR_AUTHENTICATION_FAILED,0,0]
01-12 13:50:52.875 2236 2236 I sysui_multi_action: [757,931,758,4,759,3,932,0,933,0]
01-12 13:50:52.945 2236 2236 I sysui_multi_action: [757,931,758,4,759,3,932,0,933,1]
01-12 13:50:52.972 1116 1315 I wm_task_moved: [1,1,9]
01-12 13:50:52.974 1116 1315 I wm_task_moved: [54,1,2147483647]
01-12 13:50:52.974 1116 1315 I wm_task_to_front: [0,54]
01-12 13:50:52.974 1116 1315 I wm_focused_root_task: [0,0,1,72,bringingFoundTaskToFront]
01-12 13:50:52.974 1116 1315 I wm_set_resumed_activity: [0,com.nttdocomo.android.homezozo/com.android.launcher3.Launcher,bringingFoundTaskToFront]
01-12 13:50:52.975 1116 1315 I wm_new_intent: [0,58173627,54,com.nttdocomo.android.homezozo/com.android.launcher3.Launcher,android.intent.action.MAIN,NULL,NULL,268435712]
01-12 13:50:52.981 1116 1315 I wm_pause_activity: [0,132493722,com.android.settings/.Settings$WifiSettingsActivity,userLeaving=true,pauseBackTasks]
01-12 13:50:52.982 11071 11071 I wm_on_top_resumed_lost_called: [132493722,com.android.settings.Settings$WifiSettingsActivity,topStateChangedWhenResumed]
01-12 13:50:52.983 1116 1315 I wm_add_to_stopping: [0,132493722,com.android.settings/.Settings$WifiSettingsActivity,makeInvisible]
01-12 13:50:52.985 1116 1315 I wm_set_resumed_activity: [0,com.nttdocomo.android.homezozo/com.android.launcher3.Launcher,resumeTopActivityInnerLocked]
01-12 13:50:52.986 1116 1315 I wm_resume_activity: [0,58173627,54,com.nttdocomo.android.homezozo/com.android.launcher3.Launcher]
01-12 13:50:53.006 11071 11071 I sysui_multi_action: [757,103,758,2,1089,35510]
01-12 13:50:53.008 11071 11071 I wm_on_paused_called: [132493722,com.android.settings.Settings$WifiSettingsActivity,performPause]
01-12 13:50:53.009 1116 2145 I input_focus: [Focus leaving 55857ee com.android.settings/com.android.settings.Settings$WifiSettingsActivity (server),reason=NO_WINDOW]
01-12 13:50:53.014 3725 3725 I wm_on_restart_called: [58173627,com.android.launcher3.Launcher,performRestartActivity]
01-12 13:50:53.014 1116 1317 I sysui_multi_action: [757,803,799,window_time_0,802,36]
01-12 13:50:53.023 3725 3725 I wm_on_start_called: [58173627,com.android.launcher3.Launcher,handleStartActivity]
01-12 13:50:53.059 2236 2236 I sysui_multi_action: [757,931,758,4,759,3,932,0,933,0]
01-12 13:50:53.081 3725 3725 I wm_on_resume_called: [58173627,com.android.launcher3.Launcher,RESUME_ACTIVITY]
01-12 13:50:53.083 3725 3725 I wm_on_top_resumed_gained_called: [58173627,com.android.launcher3.Launcher,topStateChangedWhenResumed]
01-12 13:50:53.109 1116 1318 I input_focus: [Focus request c26cbf0 com.nttdocomo.android.homezozo/com.android.launcher3.Launcher,reason=UpdateInputWindows]
01-12 13:50:53.152 2236 2236 I sysui_multi_action: [757,931,758,4,759,3,932,0,933,1]
01-12 13:50:53.175 1116 1315 I wm_new_intent: [0,58173627,54,com.nttdocomo.android.homezozo/com.android.launcher3.Launcher,android.intent.action.MAIN,NULL,NULL,268435712]
01-12 13:50:53.176 1116 1315 I wm_task_moved: [1,1,9]
01-12 13:50:53.187 1116 1315 I wm_set_resumed_activity: [0,com.nttdocomo.android.homezozo/com.android.launcher3.Launcher,positionChildAt]
01-12 13:50:53.250 3725 3725 I wm_on_top_resumed_lost_called: [58173627,com.android.launcher3.Launcher,pausing]
01-12 13:50:53.250 3725 3725 I wm_on_paused_called: [58173627,com.android.launcher3.Launcher,performPause]
01-12 13:50:53.319 3725 3725 I wm_on_resume_called: [58173627,com.android.launcher3.Launcher,LIFECYCLER_RESUME_ACTIVITY]
01-12 13:50:53.319 3725 3725 I wm_on_top_resumed_gained_called: [58173627,com.android.launcher3.Launcher,topWhenResuming]
01-12 13:50:53.325 1116 2145 I input_focus: [Focus entering c26cbf0 com.nttdocomo.android.homezozo/com.android.launcher3.Launcher (server),reason=Window became focusable. Previous reason: NOT_VISIBLE]
01-12 13:50:53.349 1116 1313 I sysui_multi_action: [319,346,322,303,325,3638,757,761,758,9,759,2,806,com.nttdocomo.android.homezozo,871,com.android.launcher3.Launcher,905,0,1320,8,1321,5]
01-12 13:50:53.528 1116 1317 I wm_stop_activity: [0,132493722,com.android.settings/.Settings$WifiSettingsActivity]
01-12 13:50:53.665 1116 13240 I wm_task_moved: [64,0,0]
01-12 13:50:53.666 1116 13240 I wm_task_moved: [64,0,8]
01-12 13:50:53.671 11071 11071 I wm_on_stop_called: [132493722,com.android.settings.Settings$WifiSettingsActivity,STOP_ACTIVITY_ITEM]
01-12 13:50:53.676 2741 2741 D TelephonyNetworkFactory[0]: onReleaseNetworkFor NetworkRequest [ REQUEST id=264, [ Capabilities: INTERNET&NOT_RESTRICTED&TRUSTED&NOT_VCN_MANAGED Uid: 1000 RequestorUid: 1000 RequestorPkg: com.android.settings UnderlyingNetworks: Null] ] applied false
01-12 13:50:53.690 2879 2879 I wm_on_restart_called: [140318828,com.android.quickstep.RecentsActivity,performRestartActivity]
01-12 13:50:53.696 2879 2879 I wm_on_start_called: [140318828,com.android.quickstep.RecentsActivity,handleStartActivity]
01-12 13:50:53.799 2879 2879 I sysui_latency: [1,194]
01-12 13:50:53.880 1116 1318 I input_focus: [Focus request recents_animation_input_consumer,reason=UpdateInputWindows]
01-12 13:50:53.896 1116 1313 I sysui_multi_action: [319,15,322,187,325,3638,757,761,758,9,759,5,806,com.android.launcher3,871,com.android.quickstep.RecentsActivity,904,com.android.launcher3,905,0,1320,8,1321,5]
01-12 13:50:53.918 1116 2145 I input_focus: [Focus leaving c26cbf0 com.nttdocomo.android.homezozo/com.android.launcher3.Launcher (server),reason=NOT_FOCUSABLE]
01-12 13:50:53.920 1116 2145 I input_focus: [Focus entering recents_animation_input_consumer (server),reason=setFocusedWindow]
01-12 13:50:53.968 3400 3400 I liblog : 33
01-12 13:50:54.157 1116 1377 I sysui_latency: [8,186]
01-12 13:50:54.250 1116 3394 I wm_task_moved: [64,1,9]
01-12 13:50:54.263 1116 3394 I wm_focused_root_task: [0,0,64,1,RecentsAnimation.onAnimationFinished()]
01-12 13:50:54.264 3725 3725 I wm_on_top_resumed_lost_called: [58173627,com.android.launcher3.Launcher,topStateChangedWhenResumed]
01-12 13:50:54.278 1116 3394 I wm_pause_activity: [0,58173627,com.nttdocomo.android.homezozo/com.android.launcher3.Launcher,userLeaving=false,pauseBackTasks]
01-12 13:50:54.281 1116 3394 I wm_set_resumed_activity: [0,com.android.launcher3/com.android.quickstep.RecentsActivity,resumeTopActivityInnerLocked]
01-12 13:50:54.282 1116 3394 I wm_resume_activity: [0,140318828,65,com.android.launcher3/com.android.quickstep.RecentsActivity]
01-12 13:50:54.283 1116 3394 I wm_add_to_stopping: [0,58173627,com.nttdocomo.android.homezozo/com.android.launcher3.Launcher,makeInvisible]
01-12 13:50:54.284 2879 2879 I wm_on_resume_called: [140318828,com.android.quickstep.RecentsActivity,RESUME_ACTIVITY]
01-12 13:50:54.299 1116 1318 I input_focus: [Focus request e483d6e com.android.launcher3/com.android.quickstep.RecentsActivity,reason=UpdateInputWindows]
01-12 13:50:54.301 1116 1317 I dvm_lock_sample: [system_server,1,android.display,50,ActivityTaskSupervisor.java,2550,void com.android.server.wm.ActivityTaskSupervisor$ActivityTaskSupervisorHandler.handleMessage(android.os.Message),,0,null,10]
01-12 13:50:54.305 3725 3725 I wm_on_paused_called: [58173627,com.android.launcher3.Launcher,performPause]
01-12 13:50:54.308 1116 2145 I input_focus: [Focus leaving recents_animation_input_consumer (server),reason=NOT_VISIBLE]
01-12 13:50:54.309 1116 2513 I wm_stop_activity: [0,58173627,com.nttdocomo.android.homezozo/com.android.launcher3.Launcher]
01-12 13:50:54.326 1116 1317 I sysui_multi_action: [757,803,799,window_time_0,802,1]
01-12 13:50:54.327 1116 2145 I input_focus: [Focus entering e483d6e com.android.launcher3/com.android.quickstep.RecentsActivity (server),reason=setFocusedWindow]
01-12 13:50:54.368 1116 1317 I sysui_multi_action: [757,803,799,window_time_0,802,0]
01-12 13:50:54.373 2879 2879 I wm_on_top_resumed_gained_called: [140318828,com.android.quickstep.RecentsActivity,topStateChangedWhenResumed]
01-12 13:50:54.375 3725 3725 I wm_on_stop_called: [58173627,com.android.launcher3.Launcher,STOP_ACTIVITY_ITEM]
01-12 13:50:54.691 1116 2145 I input_interaction: Interaction with: e483d6e com.android.launcher3/com.android.quickstep.RecentsActivity (server), e4b8c5 com.android.systemui.ImageWallpaper (server), PointerEventDispatcher0 (server),
01-12 13:50:55.583 1116 13240 I wm_task_moved: [1,1,9]
01-12 13:50:55.584 1116 13240 I wm_focused_root_task: [0,0,1,64,startActivityFromRecents]
01-12 13:50:55.584 1116 13240 I wm_task_moved: [67,1,9]
01-12 13:50:55.584 1116 13240 I wm_task_to_front: [0,67]
01-12 13:50:55.585 1116 13240 I wm_focused_root_task: [0,0,67,1,moveTaskToFront findTaskToMoveToFront]
01-12 13:50:55.586 1116 13240 I wm_set_resumed_activity: [0,com.nextdoordeveloper.miperf.miperf/.MainActivity,moveTaskToFront findTaskToMoveToFront]
01-12 13:50:55.588 1116 13240 I wm_pause_activity: [0,140318828,com.android.launcher3/com.android.quickstep.RecentsActivity,userLeaving=true,pauseBackTasks]
01-12 13:50:55.606 2879 2879 I wm_on_top_resumed_lost_called: [140318828,com.android.quickstep.RecentsActivity,topStateChangedWhenResumed]
01-12 13:50:55.617 2879 2879 I wm_on_paused_called: [140318828,com.android.quickstep.RecentsActivity,performPause]
01-12 13:50:55.627 1116 8900 I wm_set_resumed_activity: [0,com.nextdoordeveloper.miperf.miperf/.MainActivity,resumeTopActivityInnerLocked]
01-12 13:50:55.628 1116 8900 I wm_add_to_stopping: [0,140318828,com.android.launcher3/com.android.quickstep.RecentsActivity,makeInvisible]
01-12 13:50:55.628 1116 1317 I am_uid_active: 10218
01-12 13:50:55.637 1116 8900 I wm_resume_activity: [0,33173638,67,com.nextdoordeveloper.miperf.miperf/.MainActivity]
01-12 13:50:55.655 1116 1317 I sysui_multi_action: [757,803,799,window_time_0,802,1]
01-12 13:50:55.675 1116 2145 I input_focus: [Focus leaving e483d6e com.android.launcher3/com.android.quickstep.RecentsActivity (server),reason=NO_WINDOW]
01-12 13:50:55.692 11850 11850 I wm_on_restart_called: [33173638,com.nextdoordeveloper.miperf.miperf.MainActivity,performRestartActivity]
01-12 13:50:55.693 11850 11850 I wm_on_start_called: [33173638,com.nextdoordeveloper.miperf.miperf.MainActivity,handleStartActivity]
01-12 13:50:55.699 11850 11850 I wm_on_resume_called: [33173638,com.nextdoordeveloper.miperf.miperf.MainActivity,RESUME_ACTIVITY]
01-12 13:50:55.703 11850 11850 I wm_on_top_resumed_gained_called: [33173638,com.nextdoordeveloper.miperf.miperf.MainActivity,topWhenResuming]
01-12 13:50:55.727 1116 1318 I input_focus: [Focus request d53d0d1 com.nextdoordeveloper.miperf.miperf/com.nextdoordeveloper.miperf.miperf.MainActivity,reason=UpdateInputWindows]
01-12 13:50:55.805 1116 1313 I sysui_multi_action: [319,87,321,75,322,214,325,3640,757,761,758,9,759,4,806,com.nextdoordeveloper.miperf.miperf,871,com.nextdoordeveloper.miperf.miperf.MainActivity,904,com.nttdocomo.android.homezozo,905,0,1320,4,1321,4]
01-12 13:50:55.829 1116 2145 I input_focus: [Focus entering d53d0d1 com.nextdoordeveloper.miperf.miperf/com.nextdoordeveloper.miperf.miperf.MainActivity (server),reason=Window became focusable. Previous reason: NOT_VISIBLE]
01-12 13:50:56.081 1116 1317 I wm_stop_activity: [0,140318828,com.android.launcher3/com.android.quickstep.RecentsActivity]
01-12 13:50:56.118 2879 2879 I wm_on_stop_called: [140318828,com.android.quickstep.RecentsActivity,STOP_ACTIVITY_ITEM]
01-12 13:50:56.798 1116 2145 I input_interaction: Interaction with: d53d0d1 com.nextdoordeveloper.miperf.miperf/com.nextdoordeveloper.miperf.miperf.MainActivity (server), PointerEventDispatcher0 (server),
01-12 13:50:56.980 15866 15866 I auditd : type=1400 audit(0.0:842): avc: granted { execute } for comm=4173796E635461736B202335 name="iperf" dev="sda13" ino=17586 scontext=u:r:untrusted_app_25:s0:c512,c768 tcontext=u:object_r:app_data_file:s0:c512,c768 tclass=file app=com.nextdoordeveloper.miperf.miperf
01-12 13:50:56.980 15866 15866 I auditd : type=1400 audit(0.0:843): avc: granted { execute_no_trans } for comm=4173796E635461736B202335 path="/data/user/0/com.nextdoordeveloper.miperf.miperf/files/iperf" dev="sda13" ino=17586 scontext=u:r:untrusted_app_25:s0:c512,c768 tcontext=u:object_r:app_data_file:s0:c512,c768 tclass=file app=com.nextdoordeveloper.miperf.miperf
01-12 13:50:56.990 15866 15866 I auditd : type=1400 audit(0.0:844): avc: granted { execute } for comm="iperf" path="/data/user/0/com.nextdoordeveloper.miperf.miperf/files/iperf" dev="sda13" ino=17586 scontext=u:r:untrusted_app_25:s0:c512,c768 tcontext=u:object_r:app_data_file:s0:c512,c768 tclass=file app=com.nextdoordeveloper.miperf.miperf
01-12 13:51:00.783 1116 1116 I notification_enqueue: [10120,4927,com.tblenovo.lewea,4927,NULL,0,Notification(channel=tblenovo.channel.WEATHER shortcut=null contentView=null vibrate=null sound=null defaults=0x0 flags=0x40 color=0x00000000 vis=PRIVATE),1]
01-12 13:51:00.812 1116 1116 I notification_enqueue: [10120,4927,com.tblenovo.lewea,4927,NULL,0,Notification(channel=tblenovo.channel.WEATHER shortcut=null contentView=com.tblenovo.lewea/0x7f090018 vibrate=null sound=null defaults=0x0 flags=0x50 color=0x00000000 vis=PUBLIC),1]
01-12 13:51:01.039 1116 1316 I commit_sys_config_file: [notification-policy,3569559]
01-12 13:51:01.535 3134 3339 I gtalk_connection: 16778495
01-12 13:51:01.553 3134 3339 I gtalk_connection: 16778495
01-12 13:51:06.123 3134 8024 I c2dm : [-19,ERR_AUTHENTICATION_FAILED,0,0]
01-12 13:51:08.303 1116 1377 I commit_sys_config_file: [procstats,115]
01-12 13:51:09.265 3134 8024 I c2dm : [-19,ERR_AUTHENTICATION_FAILED,0,0]
01-12 13:51:19.521 1116 1378 I am_uid_idle: 10196
01-12 13:51:30.971 3134 10360 I c2dm : [-19,ERR_AUTHENTICATION_FAILED,0,0]
01-12 13:51:45.446 1116 8900 I am_proc_died: [0,7135,com.lenovo.lsf.device,999,10]
01-12 13:51:45.451 1116 8900 I am_schedule_service_restart: [0,com.lenovo.lsf.device/com.lenovo.lsf.push.service.PushService,1000]
01-12 13:51:45.452 1116 8900 I am_uid_stopped: 10047
01-12 13:51:45.458 1116 8900 I am_mem_factor: [1,0]
01-12 13:51:45.553 1116 1377 I am_pss : [8715,10106,com.nttdocomo.android.pf.dcmippushaggregator,8921088,5918720,2178048,49790976,0,19,21]
01-12 13:51:45.592 1116 1377 I am_pss : [8699,10168,com.google.android.inputmethod.latin,67741696,61427712,105472,161570816,1,7,26]
01-12 13:51:45.623 1116 1377 I am_pss : [4061,10055,com.nttdocomo.android.applicationmanager,27365376,10715136,12242944,91619328,1,5,21]
01-12 13:51:45.651 1116 1377 I am_pss : [13018,1002,com.android.bluetooth,30492672,25395200,117760,111472640,1,0,19]
01-12 13:51:45.670 1116 1377 I am_pss : [4927,10120,com.tblenovo.lewea,8987648,5033984,2600960,72302592,1,4,16]
01-12 13:51:45.700 1116 1377 I am_pss : [5539,10129,com.android.vending,53958656,39735296,13004800,88707072,1,19,24]
01-12 13:51:45.722 1116 1377 I am_pss : [4538,10059,com.nttdocomo.android.idmanager,18500608,13922304,3141632,82694144,1,5,18]
01-12 13:51:45.741 1116 1377 I am_pss : [3008,10195,com.android.smspush,5752832,1019904,3517440,66310144,1,6,15]
01-12 13:51:45.762 1116 1377 I am_pss : [3693,10200,com.google.android.providers.media.module,16478208,3751936,11324416,72527872,1,0,17]
01-12 13:51:45.785 1116 1377 I am_pss : [12524,10155,com.google.android.apps.photos,38115328,31997952,4636672,82563072,1,19,20]
01-12 13:51:45.807 1116 1377 I am_pss : [10952,10046,android.process.acore,10055680,2031616,6706176,48156672,1,19,19]
01-12 13:51:45.830 1116 1377 I am_pss : [14298,10073,com.nttdocomo.android.devicehelp,19645440,15228928,1481728,74928128,1,19,19]
01-12 13:51:45.857 1116 1377 I am_pss : [14162,10080,com.nttdocomo.android.mymagazine,25704448,14528512,8208384,69742592,1,19,22]
01-12 13:51:45.884 1116 1377 I am_pss : [13576,10137,com.google.android.googlequicksearchbox:privileged_process0,44648448,18821120,10231808,99622912,1,10,24]
01-12 13:51:45.903 1116 1377 I am_pss : [13545,99002,com.google.android.webview:sandboxed_process0:org.chromium.content.app.SandboxedProcessService0:0,43049984,10764288,29042688,32997376,1,10,16]
01-12 13:51:45.924 1116 1377 I am_pss : [11314,10049,android.process.media,8710144,2842624,4975616,42504192,1,19,17]
01-12 13:51:45.959 1116 1377 I am_pss : [3914,10137,com.google.android.googlequicksearchbox:search,108443648,57819136,35624960,146210816,1,10,31]
01-12 13:51:45.980 1116 1377 I am_pss : [3509,10137,com.google.android.googlequicksearchbox:interactor,29342720,5988352,19775488,78409728,1,5,18]
01-12 13:51:46.006 1116 1377 I am_pss : [5286,10198,com.google.android.permissioncontroller,19686400,9211904,7446528,68046848,1,19,21]
01-12 13:51:46.026 1116 1377 I am_pss : [7561,10066,com.nttdocomo.android.wipe,7288832,1437696,5186560,37789696,1,10,17]
01-12 13:51:46.046 1116 1377 I am_pss : [12276,10128,com.google.android.configupdater,9019392,2506752,5584896,42123264,1,19,17]
01-12 13:51:46.065 1116 1377 I am_pss : [11681,10053,com.google.android.packageinstaller,7144448,1396736,5033984,37314560,1,19,16]
01-12 13:51:46.086 1116 1377 I am_pss : [7864,10054,jp.co.nttdocomo.lcsapp,7772160,3018752,4045824,42057728,1,10,16]
01-12 13:51:46.107 1116 1377 I am_pss : [7831,10065,.clmail_dl,11438080,1724416,8342528,43044864,1,10,17]
01-12 13:51:46.127 1116 1377 I am_pss : [2814,10199,com.google.android.ext.services,14366720,9678848,3061760,78290944,1,5,17]
01-12 13:51:46.148 1116 1377 I am_pss : [7612,10191,com.qualcomm.telephony,6446080,565248,5389312,33488896,1,10,17]
01-12 13:51:46.168 1116 1377 I am_pss : [7164,1000,com.longcheertel.midtest,6825984,581632,5616640,34963456,1,10,17]
01-12 13:51:46.188 1116 1377 I am_pss : [3790,10177,com.google.android.setupwizard,11953152,6422528,4199424,73351168,1,4,17]
01-12 13:51:46.209 1116 1377 I am_pss : [5135,1000,com.qti.diagservices,6537216,593920,5474304,32976896,1,10,17]
01-12 13:51:46.225 1116 1377 I am_pss : [4519,99000,com.google.android.webview:sandboxed_process0:org.chromium.content.app.SandboxedProcessService0:0,16367616,860160,5167104,42450944,1,5,13]
01-12 13:51:46.245 1116 1377 I am_pss : [3688,10184,com.qualcomm.location,8344576,4329472,2655232,71454720,1,0,16]
01-12 13:51:46.264 1116 1377 I am_pss : [3666,10189,com.qualcomm.qti.workloadclassifier,8881152,5353472,2077696,73007104,1,0,15]
01-12 13:51:46.282 1116 1377 I am_pss : [3637,10197,com.qualcomm.qti.qccnetstat,5475328,999424,3304448,64741376,1,0,15]
01-12 13:51:46.301 1116 1377 I am_pss : [3628,10121,com.tblenovo.kidsmodewebview,12280832,1675264,9448448,57212928,1,0,15]
01-12 13:51:46.319 1116 1377 I am_pss : [3607,10172,com.qualcomm.qti.services.systemhelper:systemhelper_service,5716992,1310720,3233792,65081344,1,0,15]
01-12 13:51:46.339 1116 1377 I am_pss : [3586,10115,.pasr,5169152,1159168,2823168,63930368,1,0,16]
01-12 13:51:46.359 1116 1377 I am_pss : [3558,10178,com.dolby.daxservice,5876736,1052672,3593216,66572288,1,0,15]
01-12 13:51:46.378 1116 1377 I am_pss : [3535,1000,com.goodix.fingerprint,5547008,1060864,3325952,64561152,1,0,15]
01-12 13:51:46.397 1116 1377 I am_pss : [2765,1000,com.qualcomm.qti.qdma,8839168,4780032,2615296,75313152,1,0,17]
01-12 13:51:46.419 1116 1377 I am_pss : [2741,1001,com.android.phone,17043456,13029376,2062336,84717568,1,0,19]
01-12 13:51:46.439 1116 1377 I am_pss : [2717,10162,com.qualcomm.qti.devicestatisticsservice,6577152,2412544,2964480,66625536,1,0,16]
01-12 13:51:46.452 1116 1378 I am_uid_running: 10047
01-12 13:51:46.461 1116 1377 I am_pss : [2688,1068,com.android.se,6214656,1085440,3948544,65220608,1,0,17]
01-12 13:51:46.488 1116 1377 I am_pss : [2669,10188,com.qti.qualcomm.mstatssystemservice,5363712,1200128,3040256,63696896,1,0,20]
01-12 13:51:46.510 1116 1377 I am_pss : [2655,10183,org.codeaurora.ims,8360960,5578752,1643520,68624384,1,0,17]
01-12 13:51:46.532 1116 1377 I am_pss : [2617,1000,vendor.qti.qesdk.sysservice,5434368,1196032,3103744,64319488,1,0,18]
01-12 13:51:46.544 1116 1380 I am_proc_start: [0,15906,10047,com.lenovo.lsf.device,service,{com.lenovo.lsf.device/com.lenovo.lsf.push.service.PushService}]
01-12 13:51:46.561 1116 1377 I am_pss : [2603,10181,com.qualcomm.qtil.aptxals,6121472,1683456,3263488,65486848,1,0,17]
01-12 13:51:46.579 1116 1377 I am_pss : [2573,10190,com.qualcomm.qtil.aptxacu,5367808,1191936,3058688,63578112,1,0,15]
01-12 13:51:46.598 1116 1377 I am_pss : [2534,10144,com.qti.phone,7514112,3354624,2938880,68161536,1,0,16]
01-12 13:51:46.619 1116 1377 I am_pss : [2522,1000,com.lenovo.wifi,6555648,2580480,2717696,67805184,1,0,16]
01-12 13:51:46.641 1116 1377 I am_pss : [2482,10114,.qtidataservices,13867008,9883648,2676736,76238848,1,0,18]
01-12 13:51:46.656 1116 13240 I am_mem_factor: [0,1]
01-12 13:51:46.663 1116 1377 I am_pss : [2456,1001,.dataservices,7563264,3567616,2825216,67825664,1,0,18]
01-12 13:51:46.686 1116 1377 I am_pss : [2422,1073,com.android.networkstack.process,16960512,14045184,983040,85868544,1,0,18]
01-12 13:51:46.686 1116 8900 I am_proc_bound: [0,15906,com.lenovo.lsf.device]
01-12 13:51:46.707 1116 1377 I am_pss : [2300,1000,com.lenovo.lserver,7007232,2453504,3314688,68055040,1,0,16]
01-12 13:51:46.726 1116 1377 I am_pss : [2269,1000,com.lenovo.face,8496128,2363392,4894720,67571712,1,0,16]
01-12 13:51:46.761 1116 1377 I am_pss : [2236,10187,com.android.systemui,99445760,78761984,15054848,176181248,1,0,30]
01-12 13:51:46.810 1116 1377 I am_pss : [1116,1000,system,150052864,131932160,8938496,239579136,1,0,42]
01-12 13:51:47.110 15906 15906 I auditd : type=1400 audit(0.0:845): avc: denied { read } for comm="novo.lsf.device" name="u:object_r:sn_default_prop:s0" dev="tmpfs" ino=23626 scontext=u:r:priv_app:s0:c512,c768 tcontext=u:object_r:sn_default_prop:s0 tclass=file permissive=0 app=com.lenovo.lsf.device
01-12 13:51:47.110 15906 15906 I auditd : type=1400 audit(0.0:846): avc: denied { read } for comm="novo.lsf.device" name="u:object_r:sn_default_prop:s0" dev="tmpfs" ino=23626 scontext=u:r:priv_app:s0:c512,c768 tcontext=u:object_r:sn_default_prop:s0 tclass=file permissive=0 app=com.lenovo.lsf.device
01-12 13:51:47.150 15906 15906 I auditd : type=1400 audit(0.0:847): avc: denied { read } for comm="novo.lsf.device" name="u:object_r:sn_default_prop:s0" dev="tmpfs" ino=23626 scontext=u:r:priv_app:s0:c512,c768 tcontext=u:object_r:sn_default_prop:s0 tclass=file permissive=0 app=com.lenovo.lsf.device
01-12 13:51:47.160 15906 15906 I auditd : type=1400 audit(0.0:848): avc: denied { read } for comm="novo.lsf.device" name="u:object_r:sn_default_prop:s0" dev="tmpfs" ino=23626 scontext=u:r:priv_app:s0:c512,c768 tcontext=u:object_r:sn_default_prop:s0 tclass=file permissive=0 app=com.lenovo.lsf.device
01-12 13:51:47.220 15906 15906 I auditd : type=1400 audit(0.0:849): avc: denied { read } for comm="novo.lsf.device" name="u:object_r:sn_default_prop:s0" dev="tmpfs" ino=23626 scontext=u:r:priv_app:s0:c512,c768 tcontext=u:object_r:sn_default_prop:s0 tclass=file permissive=0 app=com.lenovo.lsf.device
01-12 13:51:47.220 15906 15906 I auditd : type=1400 audit(0.0:850): avc: denied { read } for comm="novo.lsf.device" name="u:object_r:sn_default_prop:s0" dev="tmpfs" ino=23626 scontext=u:r:priv_app:s0:c512,c768 tcontext=u:object_r:sn_default_prop:s0 tclass=file permissive=0 app=com.lenovo.lsf.device
01-12 13:51:47.240 15906 15906 I auditd : type=1400 audit(0.0:851): avc: denied { read } for comm="novo.lsf.device" name="u:object_r:sn_default_prop:s0" dev="tmpfs" ino=23626 scontext=u:r:priv_app:s0:c512,c768 tcontext=u:object_r:sn_default_prop:s0 tclass=file permissive=0 app=com.lenovo.lsf.device
01-12 13:51:47.321 2741 3059 D SubscriptionController: [getSlotIndex]- subId invalid
01-12 13:51:47.338 2741 3059 E PhoneSubInfoController: getIccSerialNumber phone is null for Subscription:-1
01-12 13:51:47.507 2741 3059 E PhoneSubInfoController: getIccSerialNumber phone is null for Subscription:-1
01-12 13:51:47.749 1116 1377 I am_meminfo: [795475968,110972928,127823872,1014013952,464480256]
01-12 13:51:49.250 15935 15935 I auditd : type=1400 audit(0.0:874): avc: granted { execute } for comm=4173796E635461736B202335 name="iperf" dev="sda13" ino=17586 scontext=u:r:untrusted_app_25:s0:c512,c768 tcontext=u:object_r:app_data_file:s0:c512,c768 tclass=file app=com.nextdoordeveloper.miperf.miperf
01-12 13:51:49.250 15935 15935 I auditd : type=1400 audit(0.0:875): avc: granted { execute_no_trans } for comm=4173796E635461736B202335 path="/data/user/0/com.nextdoordeveloper.miperf.miperf/files/iperf" dev="sda13" ino=17586 scontext=u:r:untrusted_app_25:s0:c512,c768 tcontext=u:object_r:app_data_file:s0:c512,c768 tclass=file app=com.nextdoordeveloper.miperf.miperf
01-12 13:51:49.250 15935 15935 I auditd : type=1400 audit(0.0:876): avc: granted { execute } for comm="iperf" path="/data/user/0/com.nextdoordeveloper.miperf.miperf/files/iperf" dev="sda13" ino=17586 scontext=u:r:untrusted_app_25:s0:c512,c768 tcontext=u:object_r:app_data_file:s0:c512,c768 tclass=file app=com.nextdoordeveloper.miperf.miperf
01-12 13:51:52.651 3134 10360 I c2dm : [-19,ERR_AUTHENTICATION_FAILED,0,0]
01-12 13:51:52.662 1116 2145 I input_interaction: Interaction with: 78595d5 StatusBar (server), PointerEventDispatcher0 (server),
01-12 13:51:52.690 2236 2236 I sysui_multi_action: [757,803,799,panel_open,802,1]
01-12 13:51:52.692 2236 2236 I sysui_multi_action: [757,1328,758,4,1326,73,1327,1,1329,0]
01-12 13:51:52.759 1116 9503 I sysui_multi_action: [757,127,758,1]
01-12 13:51:52.760 1116 9503 I sysui_multi_action: [757,804,799,note_load,801,8,802,1]
01-12 13:51:52.761 1116 9503 I notification_panel_revealed: 8
01-12 13:51:52.801 1116 1318 I input_focus: [Focus request 33812c7 NotificationShade,reason=UpdateInputWindows]
01-12 13:51:52.837 1116 2145 I input_focus: [Focus leaving d53d0d1 com.nextdoordeveloper.miperf.miperf/com.nextdoordeveloper.miperf.miperf.MainActivity (server),reason=Waiting for window because NOT_VISIBLE]
01-12 13:51:52.893 1116 2145 I input_focus: [Focus entering 33812c7 NotificationShade (server),reason=Window became focusable. Previous reason: NOT_VISIBLE]
01-12 13:51:53.412 1116 9503 I sysui_multi_action: [757,128,758,1,793,2344667,794,0,795,2344667,796,26,798,1,806,android,857,DEVELOPER_IMPORTANT,858,4,947,0,1395,8,1500,2344168,1688,1]
01-12 13:51:53.413 1116 9503 I sysui_multi_action: [757,804,799,note_freshness,801,2344667,802,1]
01-12 13:51:53.413 1116 9503 I notification_visibility: [-1|android|26|null|1000,1,2344667,2344667,0,1]
01-12 13:51:53.414 1116 9503 I sysui_multi_action: [757,128,758,1,793,3561031,794,0,795,52604,796,4927,798,4,806,com.tblenovo.lewea,857,tblenovo.channel.WEATHER,858,2,947,0,1395,8,1500,52604,1688,1]
01-12 13:51:53.415 1116 9503 I sysui_multi_action: [757,804,799,note_freshness,801,52604,802,1]
01-12 13:51:53.416 1116 9503 I notification_visibility: [0|com.tblenovo.lewea|4927|null|10120,1,3561031,52604,0,4]
01-12 13:51:53.418 1116 9503 I sysui_multi_action: [757,128,758,1,793,3574323,794,0,795,102239,796,9,798,0,806,com.google.android.setupwizard,857,suw_consolidate_foreground_-e437bac7,858,3,947,0,1395,8,1500,102239,1688,1]
01-12 13:51:53.418 1116 9503 I sysui_multi_action: [757,804,799,note_freshness,801,102239,802,1]
01-12 13:51:53.418 1116 9503 I notification_visibility: [0|com.google.android.setupwizard|9|null|10177,1,3574323,102239,0,0]
01-12 13:51:53.419 1116 9503 I sysui_multi_action: [757,128,758,1,793,3557324,794,0,795,3557324,796,1,798,3,806,com.nttdocomo.android.lpa,857,NotificationChannel,858,2,947,0,1395,8,1500,3557110,1688,1,1745,2098068913]
01-12 13:51:53.419 1116 9503 I sysui_multi_action: [757,804,799,note_freshness,801,3557324,802,1]
01-12 13:51:53.420 1116 9503 I notification_visibility: [0|com.nttdocomo.android.lpa|1|null|10051,1,3557324,3557324,0,3]
01-12 13:51:53.420 1116 9503 I sysui_multi_action: [757,128,758,1,793,3460035,794,0,795,3460035,796,1,798,5,806,jp.co.omronsoft.android.decoemojimanager_docomo,857,permit,858,2,947,0,1395,8,1500,3459828,1688,1,1745,2098068913]
01-12 13:51:53.421 1116 9503 I sysui_multi_action: [757,804,799,note_freshness,801,3460035,802,1]
01-12 13:51:53.421 1116 9503 I notification_visibility: [0|jp.co.omronsoft.android.decoemojimanager_docomo|1|null|10112,1,3460035,3460035,0,5]
01-12 13:51:53.422 1116 9503 I sysui_multi_action: [757,128,758,1,793,2425724,794,0,795,2425724,796,-1000005,798,2,806,com.android.bluetooth,857,opp_notification_channel,858,4,947,0,1395,8,1500,2425499,1688,1]
01-12 13:51:53.422 1116 9503 I sysui_multi_action: [757,804,799,note_freshness,801,2425724,802,1]
01-12 13:51:53.422 1116 9503 I notification_visibility: [0|com.android.bluetooth|-1000005|null|1002,1,2425724,2425724,0,2]
01-12 13:51:53.531 1116 1378 I am_uid_idle: 10130
01-12 13:51:54.327 1116 2145 I input_interaction: Interaction with: 33812c7 NotificationShade (server), PointerEventDispatcher0 (server),
01-12 13:51:54.365 2236 2236 I sysui_multi_action: [757,925,758,4,759,126,927,0,928,1,1592,0,1593,0]
01-12 13:51:54.595 2741 2741 D TelephonyNetworkFactory[0]: got request NetworkRequest [ REQUEST id=266, [ Capabilities: INTERNET&NOT_RESTRICTED&TRUSTED&NOT_VCN_MANAGED Uid: 10187 RequestorUid: 10187 RequestorPkg: com.android.systemui UnderlyingNetworks: Null] ]
01-12 13:51:54.607 2741 2741 D TelephonyNetworkFactory[0]: onNeedNetworkFor NetworkRequest [ REQUEST id=266, [ Capabilities: INTERNET&NOT_RESTRICTED&TRUSTED&NOT_VCN_MANAGED Uid: 10187 RequestorUid: 10187 RequestorPkg: com.android.systemui UnderlyingNetworks: Null] ] shouldApply false
01-12 13:51:54.680 1116 1318 I input_focus: [Focus request e2b0446 InternetDialog,reason=UpdateInputWindows]
01-12 13:51:54.701 1116 2145 I input_focus: [Focus leaving 33812c7 NotificationShade (server),reason=Waiting for window because NOT_VISIBLE]
01-12 13:51:54.847 1116 2145 I input_focus: [Focus entering e2b0446 InternetDialog (server),reason=Window became focusable. Previous reason: NOT_VISIBLE]
01-12 13:51:54.872 2741 2741 D TelephonyNetworkFactory[0]: got request NetworkRequest [ REQUEST id=269, [ Capabilities: INTERNET&NOT_RESTRICTED&TRUSTED&NOT_VCN_MANAGED Uid: 10187 RequestorUid: 10187 RequestorPkg: com.android.systemui UnderlyingNetworks: Null] ]
01-12 13:51:54.873 2741 2741 D TelephonyNetworkFactory[0]: onNeedNetworkFor NetworkRequest [ REQUEST id=269, [ Capabilities: INTERNET&NOT_RESTRICTED&TRUSTED&NOT_VCN_MANAGED Uid: 10187 RequestorUid: 10187 RequestorPkg: com.android.systemui UnderlyingNetworks: Null] ] shouldApply false
01-12 13:51:55.048 1116 1947 I commit_sys_config_file: [settings-0-0,46]
01-12 13:51:55.793 3134 10360 I c2dm : [-19,ERR_AUTHENTICATION_FAILED,0,0]
01-12 13:51:56.059 1116 2164 I netstats_mobile_sample: [0,0,0,0,0,0,0,0,0,0,0,0,1673531516059]
01-12 13:51:56.060 1116 2164 I netstats_wifi_sample: [8882859,7162,494631,3065,8882797,7161,494569,3064,19944302,14459,493147,3029,1673531516059]
01-12 13:51:56.067 1116 2382 I ntp_failure: [time.android.com,java.net.UnknownHostException: Unable to resolve host "time.android.com": No address associated with hostname]
01-12 13:51:57.960 15906 15906 I auditd : type=1400 audit(0.0:877): avc: denied { read } for comm="Thread-2" name="u:object_r:sn_default_prop:s0" dev="tmpfs" ino=23626 scontext=u:r:priv_app:s0:c512,c768 tcontext=u:object_r:sn_default_prop:s0 tclass=file permissive=0 app=com.lenovo.lsf.device
01-12 13:51:57.970 15906 15906 I auditd : type=1400 audit(0.0:878): avc: denied { read } for comm="Thread-2" name="u:object_r:sn_default_prop:s0" dev="tmpfs" ino=23626 scontext=u:r:priv_app:s0:c512,c768 tcontext=u:object_r:sn_default_prop:s0 tclass=file permissive=0 app=com.lenovo.lsf.device
01-12 13:51:58.120 15906 15906 I auditd : type=1400 audit(0.0:879): avc: denied { read } for comm="Thread-2" name="u:object_r:serialno_prop:s0" dev="tmpfs" ino=23623 scontext=u:r:priv_app:s0:c512,c768 tcontext=u:object_r:serialno_prop:s0 tclass=file permissive=0 app=com.lenovo.lsf.device
01-12 13:51:58.120 15906 15906 I auditd : type=1400 audit(0.0:880): avc: denied { read } for comm="Thread-2" name="u:object_r:sn_default_prop:s0" dev="tmpfs" ino=23626 scontext=u:r:priv_app:s0:c512,c768 tcontext=u:object_r:sn_default_prop:s0 tclass=file permissive=0 app=com.lenovo.lsf.device
01-12 13:51:58.130 15906 15906 I auditd : type=1400 audit(0.0:881): avc: denied { read } for comm="Thread-2" name="u:object_r:sn_default_prop:s0" dev="tmpfs" ino=23626 scontext=u:r:priv_app:s0:c512,c768 tcontext=u:object_r:sn_default_prop:s0 tclass=file permissive=0 app=com.lenovo.lsf.device
01-12 13:51:58.150 15906 15906 I auditd : type=1400 audit(0.0:882): avc: denied { read } for comm="Thread-2" name="u:object_r:serialno_prop:s0" dev="tmpfs" ino=23623 scontext=u:r:priv_app:s0:c512,c768 tcontext=u:object_r:serialno_prop:s0 tclass=file permissive=0 app=com.lenovo.lsf.device
01-12 13:51:58.150 15906 15906 I auditd : type=1400 audit(0.0:883): avc: denied { read } for comm="Thread-2" name="u:object_r:sn_default_prop:s0" dev="tmpfs" ino=23626 scontext=u:r:priv_app:s0:c512,c768 tcontext=u:object_r:sn_default_prop:s0 tclass=file permissive=0 app=com.lenovo.lsf.device
01-12 13:51:58.703 3134 3339 I gtalk_connection: 16778495
01-12 13:51:58.724 3134 3339 I gtalk_connection: 16778495
01-12 13:51:58.879 1116 2145 I input_interaction: Interaction with: e2b0446 InternetDialog (server), PointerEventDispatcher0 (server),
01-12 13:51:59.013 1116 1318 I input_focus: [Focus request 33812c7 NotificationShade,reason=UpdateInputWindows]
01-12 13:51:59.019 2741 2741 D TelephonyNetworkFactory[0]: onReleaseNetworkFor NetworkRequest [ REQUEST id=266, [ Capabilities: INTERNET&NOT_RESTRICTED&TRUSTED&NOT_VCN_MANAGED Uid: 10187 RequestorUid: 10187 RequestorPkg: com.android.systemui UnderlyingNetworks: Null] ] applied false
01-12 13:51:59.032 2741 2741 D TelephonyNetworkFactory[0]: onReleaseNetworkFor NetworkRequest [ REQUEST id=269, [ Capabilities: INTERNET&NOT_RESTRICTED&TRUSTED&NOT_VCN_MANAGED Uid: 10187 RequestorUid: 10187 RequestorPkg: com.android.systemui UnderlyingNetworks: Null] ] applied false
01-12 13:51:59.033 1116 2145 I input_focus: [Focus entering 33812c7 NotificationShade (server),reason=setFocusedWindow]
01-12 13:51:59.063 1116 13240 I wm_task_moved: [72,1,9]
01-12 13:51:59.063 1116 13240 I wm_task_to_front: [0,72]
01-12 13:51:59.065 1116 13240 I wm_focused_root_task: [0,0,72,67,bringingFoundTaskToFront]
01-12 13:51:59.065 11850 11850 I wm_on_top_resumed_lost_called: [33173638,com.nextdoordeveloper.miperf.miperf.MainActivity,topStateChangedWhenResumed]
01-12 13:51:59.066 1116 13240 I wm_set_resumed_activity: [0,com.android.settings/.Settings$WifiSettingsActivity,bringingFoundTaskToFront]
01-12 13:51:59.074 1116 13240 I wm_task_moved: [72,1,9]
01-12 13:51:59.075 1116 13240 I wm_create_activity: [0,242448777,72,com.android.settings/.Settings$WifiDetailsSettingsActivity,android.settings.WIFI_DETAILS_SETTINGS,NULL,NULL,339738624]
01-12 13:51:59.081 1116 13240 I wm_pause_activity: [0,33173638,com.nextdoordeveloper.miperf.miperf/.MainActivity,userLeaving=true,pauseBackTasks]
01-12 13:51:59.109 11850 11850 I wm_on_paused_called: [33173638,com.nextdoordeveloper.miperf.miperf.MainActivity,performPause]
01-12 13:51:59.118 1116 2145 I input_focus: [Focus leaving 33812c7 NotificationShade (server),reason=NOT_FOCUSABLE]
01-12 13:51:59.122 1116 2513 I wm_add_to_stopping: [0,33173638,com.nextdoordeveloper.miperf.miperf/.MainActivity,makeInvisible]
01-12 13:51:59.123 1116 2513 I wm_restart_activity: [0,242448777,72,com.android.settings/.Settings$WifiDetailsSettingsActivity]
01-12 13:51:59.126 1116 2513 I wm_set_resumed_activity: [0,com.android.settings/.Settings$WifiDetailsSettingsActivity,minimalResumeActivityLocked]
01-12 13:51:59.152 1116 1317 I am_uid_active: 10130
01-12 13:51:59.165 1116 1317 I sysui_multi_action: [757,803,799,window_time_0,802,64]
01-12 13:51:59.235 1116 1904 I am_uid_active: 10196
01-12 13:51:59.327 11071 11071 I service_manager_stats: [100,245,3704640]
01-12 13:51:59.335 11071 11071 I wm_on_create_called: [242448777,com.android.settings.Settings$WifiDetailsSettingsActivity,performCreate]
01-12 13:51:59.383 11071 11071 I wm_on_start_called: [242448777,com.android.settings.Settings$WifiDetailsSettingsActivity,handleStartActivity]
01-12 13:51:59.386 11071 11071 I snet_event_log: [120484087,-1,]
01-12 13:51:59.388 2741 2741 D TelephonyNetworkFactory[0]: got request NetworkRequest [ REQUEST id=272, [ Capabilities: INTERNET&NOT_RESTRICTED&TRUSTED&NOT_VCN_MANAGED Uid: 1000 RequestorUid: 1000 RequestorPkg: com.android.settings UnderlyingNetworks: Null] ]
01-12 13:51:59.388 2741 2741 D TelephonyNetworkFactory[0]: onNeedNetworkFor NetworkRequest [ REQUEST id=272, [ Capabilities: INTERNET&NOT_RESTRICTED&TRUSTED&NOT_VCN_MANAGED Uid: 1000 RequestorUid: 1000 RequestorPkg: com.android.settings UnderlyingNetworks: Null] ] shouldApply false
01-12 13:51:59.395 11071 11071 I wm_on_resume_called: [242448777,com.android.settings.Settings$WifiDetailsSettingsActivity,RESUME_ACTIVITY]
01-12 13:51:59.445 11071 11071 I sysui_multi_action: [757,849,758,1,833,0,1089,193]
01-12 13:51:59.451 11071 15773 I sysui_multi_action: [757,853,758,4,854,wifi.details.WifiNetworkDetailsFragment/privacy,1089,1]
01-12 13:51:59.457 11071 11071 I sysui_multi_action: [757,1729,758,4,854,isParalleledControllers:false,1089,204]
01-12 13:51:59.467 11071 15968 I sysui_multi_action: [757,853,758,4,854,wifi.details.WifiNetworkDetailsFragment/metered,1089,0]
01-12 13:51:59.472 11071 11071 I wm_on_top_resumed_gained_called: [242448777,com.android.settings.Settings$WifiDetailsSettingsActivity,topStateChangedWhenResumed]
01-12 13:51:59.677 1116 8900 I sysui_multi_action: [757,128,758,2,793,2350932,794,6265,795,2350932,796,26,798,1,806,android,857,DEVELOPER_IMPORTANT,858,4,947,0,1395,8,1500,2350433,1688,1]
01-12 13:51:59.678 1116 8900 I notification_visibility: [-1|android|26|null|1000,0,2350932,2350932,0,1]
01-12 13:51:59.679 1116 8900 I sysui_multi_action: [757,128,758,2,793,3567296,794,6265,795,58869,796,4927,798,4,806,com.tblenovo.lewea,857,tblenovo.channel.WEATHER,858,2,947,0,1395,8,1500,58869,1688,1]
01-12 13:51:59.680 1116 8900 I notification_visibility: [0|com.tblenovo.lewea|4927|null|10120,0,3567296,58869,0,4]
01-12 13:51:59.681 1116 8900 I sysui_multi_action: [757,128,758,2,793,3580586,794,6263,795,108502,796,9,798,0,806,com.google.android.setupwizard,857,suw_consolidate_foreground_-e437bac7,858,3,947,0,1395,8,1500,108502,1688,1]
01-12 13:51:59.682 1116 8900 I notification_visibility: [0|com.google.android.setupwizard|9|null|10177,0,3580586,108502,0,0]
01-12 13:51:59.682 1116 8900 I sysui_multi_action: [757,128,758,2,793,3563587,794,6263,795,3563587,796,1,798,3,806,com.nttdocomo.android.lpa,857,NotificationChannel,858,2,947,0,1395,8,1500,3563373,1688,1,1745,2098068913]
01-12 13:51:59.683 1116 8900 I notification_visibility: [0|com.nttdocomo.android.lpa|1|null|10051,0,3563587,3563587,0,3]
01-12 13:51:59.684 1116 8900 I sysui_multi_action: [757,128,758,2,793,3466299,794,6264,795,3466299,796,1,798,5,806,jp.co.omronsoft.android.decoemojimanager_docomo,857,permit,858,2,947,0,1395,8,1500,3466092,1688,1,1745,2098068913]
01-12 13:51:59.684 1116 8900 I notification_visibility: [0|jp.co.omronsoft.android.decoemojimanager_docomo|1|null|10112,0,3466299,3466299,0,5]
01-12 13:51:59.685 1116 8900 I sysui_multi_action: [757,128,758,2,793,2431987,794,6263,795,2431987,796,-1000005,798,2,806,com.android.bluetooth,857,opp_notification_channel,858,4,947,0,1395,8,1500,2431762,1688,1]
01-12 13:51:59.686 1116 8900 I notification_visibility: [0|com.android.bluetooth|-1000005|null|1002,0,2431987,2431987,0,2]
01-12 13:51:59.731 1116 8900 I sysui_multi_action: [757,127,758,2]
01-12 13:51:59.731 1116 8900 I notification_panel_hidden:
01-12 13:51:59.789 1116 1318 I input_focus: [Focus request 701ff33 com.android.settings/com.android.settings.Settings$WifiDetailsSettingsActivity,reason=UpdateInputWindows]
01-12 13:52:00.025 1116 1318 I sysui_multi_action: [324,1,757,1090,758,12,806,com.android.settings,871,com.android.settings.Settings$WifiDetailsSettingsActivity,1091,886]
01-12 13:52:00.060 1116 2145 I input_focus: [Focus entering 701ff33 com.android.settings/com.android.settings.Settings$WifiDetailsSettingsActivity (server),reason=Window became focusable. Previous reason: NOT_VISIBLE]
01-12 13:52:00.069 1116 1313 I sysui_multi_action: [319,984,322,886,325,3704,757,761,758,8,759,2,806,com.android.settings,871,com.android.settings.Settings$WifiDetailsSettingsActivity,904,com.android.systemui,905,0,1320,8,1321,5]
01-12 13:52:00.076 1116 1313 I wm_activity_launch_time: [0,242448777,com.android.settings/.Settings$WifiDetailsSettingsActivity,886]
01-12 13:52:00.402 1116 2261 I commit_sys_config_file: [appops,3617055]
01-12 13:52:00.454 1116 1317 I wm_stop_activity: [0,33173638,com.nextdoordeveloper.miperf.miperf/.MainActivity]
01-12 13:52:00.519 11850 11850 I wm_on_stop_called: [33173638,com.nextdoordeveloper.miperf.miperf.MainActivity,STOP_ACTIVITY_ITEM]
01-12 13:52:00.805 1116 1116 I notification_enqueue: [10120,4927,com.tblenovo.lewea,4927,NULL,0,Notification(channel=tblenovo.channel.WEATHER shortcut=null contentView=null vibrate=null sound=null defaults=0x0 flags=0x40 color=0x00000000 vis=PRIVATE),1]
01-12 13:52:00.842 1116 1116 I notification_enqueue: [10120,4927,com.tblenovo.lewea,4927,NULL,0,Notification(channel=tblenovo.channel.WEATHER shortcut=null contentView=com.tblenovo.lewea/0x7f090018 vibrate=null sound=null defaults=0x0 flags=0x50 color=0x00000000 vis=PUBLIC),1]
01-12 13:52:01.059 1116 1316 I commit_sys_config_file: [notification-policy,3629579]
01-12 13:52:01.706 1116 2145 I input_interaction: Interaction with: 701ff33 com.android.settings/com.android.settings.Settings$WifiDetailsSettingsActivity (server), PointerEventDispatcher0 (server),
01-12 13:52:01.927 3134 3339 I c2dm : [-19,ERR_AUTHENTICATION_FAILED,0,0]
01-12 13:52:02.184 2741 3057 D SubscriptionController: [getSlotIndex]- subId invalid
01-12 13:52:02.188 1116 2174 I service_manager_slow: [13,alarm]
01-12 13:52:02.214 2422 15687 I service_manager_slow: [17,connmetrics]
01-12 13:52:02.374 1116 2174 I netstats_mobile_sample: [0,0,0,0,0,0,0,0,0,0,0,0,1673531522374]
01-12 13:52:02.375 1116 2174 I netstats_wifi_sample: [8883209,7167,494959,3070,8883209,7167,494959,3070,19944714,14465,493559,3035,1673531522374]
01-12 13:52:02.481 1116 1116 I notification_enqueue: [10177,3790,com.google.android.setupwizard,9,NULL,0,Notification(channel=suw_consolidate_foreground_notification shortcut=null contentView=null vibrate=null sound=null defaults=0x0 flags=0x860 color=0xff1a73e8 vis=PRIVATE),1]
01-12 13:52:04.298 1116 2174 I netstats_mobile_sample: [0,0,0,0,0,0,0,0,0,0,0,0,1673531524297]
01-12 13:52:04.298 1116 2174 I netstats_wifi_sample: [8883209,7167,495227,3075,8883209,7167,495227,3075,19944714,14465,493707,3037,1673531524297]
01-12 13:52:04.405 1116 2174 I netstats_mobile_sample: [0,0,0,0,0,0,0,0,0,0,0,0,1673531524405]
01-12 13:52:04.406 1116 2174 I netstats_wifi_sample: [8883209,7167,495227,3075,8883209,7167,495227,3075,19944714,14465,493707,3037,1673531524405]
01-12 13:52:04.447 1116 2174 I netstats_mobile_sample: [0,0,0,0,0,0,0,0,0,0,0,0,1673531524447]
01-12 13:52:04.448 1116 2174 I netstats_wifi_sample: [8883209,7167,495227,3075,8883209,7167,495227,3075,19944714,14465,493707,3037,1673531524447]
01-12 13:52:04.540 1116 2174 I netstats_mobile_sample: [0,0,0,0,0,0,0,0,0,0,0,0,1673531524539]
01-12 13:52:04.540 1116 2174 I netstats_wifi_sample: [8883209,7167,495227,3075,8883209,7167,495227,3075,19944714,14465,493707,3037,1673531524539]
01-12 13:52:04.607 1116 2174 I netstats_mobile_sample: [0,0,0,0,0,0,0,0,0,0,0,0,1673531524606]
01-12 13:52:04.608 1116 2174 I netstats_wifi_sample: [8883209,7167,495227,3075,8883249,7168,495303,3076,19944754,14466,493783,3038,1673531524606]
01-12 13:52:04.790 15906 15906 I auditd : type=1400 audit(0.0:890): avc: denied { read } for comm="novo.lsf.device" name="u:object_r:sn_default_prop:s0" dev="tmpfs" ino=23626 scontext=u:r:priv_app:s0:c512,c768 tcontext=u:object_r:sn_default_prop:s0 tclass=file permissive=0 app=com.lenovo.lsf.device
01-12 13:52:04.810 15906 15906 I auditd : type=1400 audit(0.0:891): avc: denied { read } for comm="novo.lsf.device" name="u:object_r:sn_default_prop:s0" dev="tmpfs" ino=23626 scontext=u:r:priv_app:s0:c512,c768 tcontext=u:object_r:sn_default_prop:s0 tclass=file permissive=0 app=com.lenovo.lsf.device
01-12 13:52:04.880 15906 15906 I auditd : type=1400 audit(0.0:892): avc: denied { read } for comm="novo.lsf.device" name="u:object_r:sn_default_prop:s0" dev="tmpfs" ino=23626 scontext=u:r:priv_app:s0:c512,c768 tcontext=u:object_r:sn_default_prop:s0 tclass=file permissive=0 app=com.lenovo.lsf.device
01-12 13:52:04.880 15906 15906 I auditd : type=1400 audit(0.0:893): avc: denied { read } for comm="novo.lsf.device" name="u:object_r:sn_default_prop:s0" dev="tmpfs" ino=23626 scontext=u:r:priv_app:s0:c512,c768 tcontext=u:object_r:sn_default_prop:s0 tclass=file permissive=0 app=com.lenovo.lsf.device
01-12 13:52:04.707 1116 2382 I ntp_failure: [time.android.com,java.net.UnknownHostException: Unable to resolve host "time.android.com": No address associated with hostname]
01-12 13:52:04.711 1116 2165 I service_manager_slow: [27,alarm]
01-12 13:52:04.794 1116 1116 I notification_enqueue: [10177,3790,com.google.android.setupwizard,9,NULL,0,Notification(channel=suw_consolidate_foreground_notification shortcut=null contentView=null vibrate=null sound=null defaults=0x0 flags=0x860 color=0xff1a73e8 vis=PRIVATE),1]
01-12 13:52:04.886 3134 6272 I gtalk_connection: 16778495
01-12 13:52:04.923 3134 6272 I gtalk_connection: 16778495
01-12 13:52:04.985 3134 6272 I c2dm : [-19,ERR_AUTHENTICATION_FAILED,0,0]
01-12 13:52:05.082 2741 3059 E PhoneSubInfoController: getIccSerialNumber phone is null for Subscription:-1
01-12 13:52:05.106 2741 3059 E PhoneSubInfoController: getIccSerialNumber phone is null for Subscription:-1
01-12 13:52:05.120 15906 15906 I auditd : type=1400 audit(0.0:894): avc: denied { read } for comm="Thread-5" name="u:object_r:sn_default_prop:s0" dev="tmpfs" ino=23626 scontext=u:r:priv_app:s0:c512,c768 tcontext=u:object_r:sn_default_prop:s0 tclass=file permissive=0 app=com.lenovo.lsf.device
01-12 13:52:05.326 2741 3059 E PhoneSubInfoController: getIccSerialNumber phone is null for Subscription:-1
