01-12 12:53:27.900 1116 1199 I am_kill : [0,4790,android.process.media,995,empty #31]
01-12 12:53:27.999 1116 1380 I am_proc_start: [0,6693,10053,com.google.android.packageinstaller,broadcast,{com.google.android.packageinstaller/com.android.packageinstaller.TemporaryFileManager}]
01-12 12:53:28.060 1116 3511 I am_proc_died: [0,4790,android.process.media,995,19]
01-12 12:53:28.063 1116 3511 I am_uid_stopped: 10049
01-12 12:53:28.070 1116 3511 I am_uid_active: 10053
01-12 12:53:28.237 1116 2982 I am_proc_bound: [0,6693,com.google.android.packageinstaller]
01-12 12:53:28.579 1116 3988 I am_uid_running: 10119
01-12 12:53:28.588 1116 3988 I am_kill : [0,5503,com.android.settings,995,empty #31]
01-12 12:53:28.681 1116 1380 I am_proc_start: [0,6711,10119,com.google.android.partnersetup,broadcast,{com.google.android.partnersetup/com.google.android.partnersetup.GooglePartnerSetup}]
01-12 12:53:28.739 1116 3511 I am_proc_died: [0,5503,com.android.settings,995,19]
01-12 12:53:28.748 1116 3511 I am_uid_active: 10119
01-12 12:53:28.911 1116 3511 I am_proc_bound: [0,6711,com.google.android.partnersetup]
01-12 12:53:30.171 1116 1377 I am_pss : [5135,1000,com.qti.diagservices,7064576,3117056,3297280,44220416,0,10,19]
01-12 12:53:30.348 1116 3988 I am_uid_running: 10126
01-12 12:53:30.449 1116 1380 I am_proc_start: [0,6733,10126,com.google.android.projection.gearhead:shared,broadcast,{com.google.android.projection.gearhead/com.google.android.apps.auto.components.app.fzero.FzeroReceiver}]
01-12 12:53:30.738 1116 3988 I am_proc_bound: [0,6733,com.google.android.projection.gearhead:shared]
01-12 12:53:30.749 1116 3988 I am_uid_active: 10126
01-12 12:53:31.269 3360 6757 I dvm_lock_sample: [com.google.android.gms,0,[com.google.android.gms.chimera.container.intentoperation.GmsIntentOperationChimeraService-Executor] processing com.google.android.gms.auth.account.be.accountstate.CredentialRevocationIntentOperation for action android.intent.action.BOOT_COMPLETED,8,ActivityThread.java,7173,boolean android.app.ActivityThread.releaseProvider(android.content.IContentProvider, boolean),-,7162,android.content.IContentProvider android.app.ActivityThread.acquireExistingProvider(android.content.Context, java.lang.String, int, boolean),1]
01-12 12:53:31.288 3360 6753 I dvm_lock_sample: [com.google.android.gms,0,[com.google.android.gms.chimera.container.intentoperation.GmsIntentOperationChimeraService-Executor] processing com.google.android.gms.ads.AdMobInitIntentOperation for action android.intent.action.BOOT_COMPLETED,7,ActivityThread.java,7138,android.content.IContentProvider android.app.ActivityThread.acquireExistingProvider(android.content.Context, java.lang.String, int, boolean),-,7162,android.content.IContentProvider android.app.ActivityThread.acquireExistingProvider(android.content.Context, java.lang.String, int, boolean),1]
01-12 12:53:31.388 1116 1377 I am_pss : [3400,10063,com.nttdocomo.android.mascot,34750464,31342592,530432,107778048,0,4,21]
01-12 12:53:31.759 1116 1377 I am_pss : [3790,10177,com.google.android.setupwizard,10719232,9043968,106496,82812928,0,4,18]
01-12 12:53:31.958 1116 1199 I am_uid_running: 10141
01-12 12:53:32.070 1116 1380 I am_proc_start: [0,6777,10141,com.google.android.tts,broadcast,{com.google.android.tts/androidx.work.impl.background.systemalarm.RescheduleReceiver}]
01-12 12:53:32.188 2741 2741 D TelephonyNetworkFactory[0]: got request NetworkRequest [ REQUEST id=131, [ Capabilities: INTERNET&NOT_RESTRICTED&TRUSTED&NOT_VCN_MANAGED Uid: 10136 RequestorUid: 1000 RequestorPkg: android UnderlyingNetworks: Null] ]
01-12 12:53:32.188 2741 2741 D TelephonyNetworkFactory[0]: onNeedNetworkFor NetworkRequest [ REQUEST id=131, [ Capabilities: INTERNET&NOT_RESTRICTED&TRUSTED&NOT_VCN_MANAGED Uid: 10136 RequestorUid: 1000 RequestorPkg: android UnderlyingNetworks: Null] ] shouldApply false
01-12 12:53:32.412 1116 2501 I am_proc_bound: [0,6777,com.google.android.tts]
01-12 12:53:32.418 3360 6488 I gms_unknown: 47122
01-12 12:53:32.429 1116 2501 I am_uid_active: 10141
01-12 12:53:32.736 3360 6748 I aggregation: 1673528012736
01-12 12:53:33.110 1116 1316 I commit_sys_config_file: [notification-policy,121630]
01-12 12:53:33.675 1116 1316 I commit_sys_config_file: [jobs,22]
01-12 12:53:33.913 2741 3057 E PhoneSubInfoController: getIccSerialNumber phone is null for Subscription:-1
01-12 12:53:34.354 2741 2741 D TelephonyNetworkFactory[0]: got request NetworkRequest [ REQUEST id=133, [ Capabilities: INTERNET&NOT_RESTRICTED&TRUSTED&NOT_VCN_MANAGED Uid: 10141 RequestorUid: 1000 RequestorPkg: android UnderlyingNetworks: Null] ]
01-12 12:53:34.354 2741 2741 D TelephonyNetworkFactory[0]: onNeedNetworkFor NetworkRequest [ REQUEST id=133, [ Capabilities: INTERNET&NOT_RESTRICTED&TRUSTED&NOT_VCN_MANAGED Uid: 10141 RequestorUid: 1000 RequestorPkg: android UnderlyingNetworks: Null] ] shouldApply false
01-12 12:53:34.533 1116 2513 I am_uid_running: 10145
01-12 12:53:34.714 1116 1380 I am_proc_start: [0,6867,10145,com.google.android.videos,broadcast,{com.google.android.videos/com.google.android.libraries.notifications.entrypoints.restart.RestartReceiver}]
01-12 12:53:34.750 1116 3511 I dvm_lock_sample: [system_server,1,Binder:1116_F,10,ActivityManagerService.java,12006,boolean com.android.server.am.ActivityManagerService.stopServiceToken(android.content.ComponentName, android.os.IBinder, int),-,12164,void com.android.server.am.ActivityManagerService.serviceDoneExecuting(android.os.IBinder, int, int, int),2]
01-12 12:53:35.058 1116 1316 I commit_sys_config_file: [notification-policy,123578]
01-12 12:53:35.115 1116 3511 I am_proc_bound: [0,6867,com.google.android.videos]
01-12 12:53:35.131 1116 3511 I am_uid_active: 10145
01-12 12:53:35.242 1116 1199 I am_uid_running: 10046
01-12 12:53:35.312 3477 3584 I force_gc: Binder
01-12 12:53:35.433 2741 3057 D SubscriptionController: [getSlotIndex]- subId invalid
01-12 12:53:35.491 1116 1380 I am_proc_start: [0,6901,10046,android.process.acore,content provider,{com.android.providers.contacts/com.android.providers.contacts.ContactsProvider2}]
01-12 12:53:35.592 1116 2513 I dvm_lock_sample: [system_server,1,Binder:1116_A,13,ActivityManagerService.java,5194,java.lang.String com.android.server.am.ActivityManagerService.getTagForIntentSender(android.content.IIntentSender, java.lang.String),ContentProviderHelper.java,1418,void com.android.server.am.ContentProviderHelper.handleProviderRemoval(com.android.server.am.ContentProviderConnection, boolean, boolean),2]
01-12 12:53:35.682 3134 3134 I dvm_lock_sample: [com.google.android.gms.persisten,1,main,50,:com.google.android.gms@221820044@22.18.20 (190400-451484765),1,void whq.onServiceConnected(android.content.ComponentName, android.os.IBinder),-,10,boolean whp.e(who, android.content.ServiceConnection, java.lang.String, java.util.concurrent.Executor),10]
01-12 12:53:35.801 1116 2513 I am_proc_bound: [0,6901,android.process.acore]
01-12 12:53:35.826 1116 2513 I am_uid_active: 10046
01-12 12:53:36.169 3360 6757 I dvm_lock_sample: [com.google.android.gms,0,[com.google.android.gms.chimera.container.intentoperation.GmsIntentOperationChimeraService-Executor] processing com.google.android.libraries.matchstick.net.SilentRegisterIntentOperation for action com.google.android.gms.matchstick.check_registration_with_lighter_action,1297,:com.google.android.gms@221820044@22.18.20 (190400-451484765),1,bolv bolv.a(android.content.Context),-,2,bolv bolv.a(android.content.Context),100]
01-12 12:53:36.224 3360 6947 I dvm_lock_sample: [com.google.android.gms,0,LIT-UnlimitedExecutor #0,26,:com.google.android.gms@221820044@22.18.20 (190400-451484765),4,java.lang.Object bubv.g(),-,14,java.lang.Object bubv.g(),5]
01-12 12:53:36.324 3360 6947 I dvm_lock_sample: [com.google.android.gms,0,LIT-UnlimitedExecutor #0,91,SQLiteOpenHelper.java,315,android.database.sqlite.SQLiteDatabase android.database.sqlite.SQLiteOpenHelper.getWritableDatabase(),-,316,android.database.sqlite.SQLiteDatabase android.database.sqlite.SQLiteOpenHelper.getWritableDatabase(),18]
01-12 12:53:36.521 3360 6488 I dvm_lock_sample: [com.google.android.gms,0,[com.google.android.gms.chimera.container.intentoperation.GmsIntentOperationChimeraService-Executor] processing com.google.android.gms.people.sync.focus.ContactsSyncIntentOperation for action com.google.android.gms.people.sync.focus.contacts_sync_action,929,ActivityThread.java,7013,android.content.IContentProvider android.app.ActivityThread.acquireProvider(android.content.Context, java.lang.String, int, boolean),-,7028,android.content.IContentProvider android.app.ActivityThread.acquireProvider(android.content.Context, java.lang.String, int, boolean),100]
01-12 12:53:36.870 2741 2741 D TelephonyNetworkFactory[0]: got request NetworkRequest [ REQUEST id=135, [ Capabilities: INTERNET&NOT_RESTRICTED&TRUSTED&NOT_VCN_MANAGED Uid: 10141 RequestorUid: 10141 RequestorPkg: com.google.android.tts UnderlyingNetworks: Null] ]
01-12 12:53:36.871 2741 2741 D TelephonyNetworkFactory[0]: onNeedNetworkFor NetworkRequest [ REQUEST id=135, [ Capabilities: INTERNET&NOT_RESTRICTED&TRUSTED&NOT_VCN_MANAGED Uid: 10141 RequestorUid: 10141 RequestorPkg: com.google.android.tts UnderlyingNetworks: Null] ] shouldApply false
01-12 12:53:37.312 3360 6748 I gms_unknown: [5,0,0]
01-12 12:53:37.381 3360 6748 I gms_unknown: [CheckinTask:SentRequest,202694]
01-12 12:53:37.420 1116 1377 I service_manager_slow: [12,appops]
01-12 12:53:37.485 3360 6748 I gms_unknown: [CheckinTask:ReceivedFailedResponse,202798]
01-12 12:53:37.485 3360 6748 I gms_unknown: 7
01-12 12:53:37.513 3360 6748 I gms_unknown: 8
01-12 12:53:37.513 3360 6748 I gms_unknown: [CheckinTask:duration,4939]
01-12 12:53:37.855 2741 3057 D SubscriptionController: [getSlotIndex]- subId invalid
01-12 12:53:37.857 2741 3624 D SubscriptionController: [getSlotIndex]- subId invalid
01-12 12:53:37.867 2741 3624 D SubscriptionController: [getSlotIndex]- subId invalid
01-12 12:53:37.882 2741 3624 D SubscriptionController: [getSlotIndex]- subId invalid
01-12 12:53:37.887 2741 3624 D SubscriptionController: [getSlotIndex]- subId invalid
01-12 12:53:37.910 2741 3624 D SubscriptionController: [getSlotIndex]- subId invalid
01-12 12:53:37.911 2741 3624 D SubscriptionController: [getSlotIndex]- subId invalid
01-12 12:53:37.923 2741 3624 D SubscriptionController: [getSlotIndex]- subId invalid
01-12 12:53:38.028 2741 3624 D SubscriptionController: [getSlotIndex]- subId invalid
01-12 12:53:38.191 2741 2741 D TelephonyNetworkFactory[0]: got request NetworkRequest [ REQUEST id=138, [ Capabilities: INTERNET&NOT_RESTRICTED&TRUSTED&NOT_VCN_MANAGED Uid: 10145 RequestorUid: 10145 RequestorPkg: com.google.android.videos UnderlyingNetworks: Null] ]
01-12 12:53:38.191 2741 2741 D TelephonyNetworkFactory[0]: onNeedNetworkFor NetworkRequest [ REQUEST id=138, [ Capabilities: INTERNET&NOT_RESTRICTED&TRUSTED&NOT_VCN_MANAGED Uid: 10145 RequestorUid: 10145 RequestorPkg: com.google.android.videos UnderlyingNetworks: Null] ] shouldApply false
01-12 12:53:38.277 2741 2741 D TelephonyNetworkFactory[0]: got request NetworkRequest [ REQUEST id=140, [ Capabilities: INTERNET&NOT_RESTRICTED&TRUSTED&NOT_VCN_MANAGED Uid: 10145 RequestorUid: 10145 RequestorPkg: com.google.android.videos UnderlyingNetworks: Null] ]
01-12 12:53:38.277 2741 2741 D TelephonyNetworkFactory[0]: onNeedNetworkFor NetworkRequest [ REQUEST id=140, [ Capabilities: INTERNET&NOT_RESTRICTED&TRUSTED&NOT_VCN_MANAGED Uid: 10145 RequestorUid: 10145 RequestorPkg: com.google.android.videos UnderlyingNetworks: Null] ] shouldApply false
01-12 12:53:38.728 3134 6767 I dvm_lock_sample: [com.google.android.gms.persisten,0,[com.google.android.gms.chimera.container.intentoperation.PersistentIntentOperationChimeraService-Executor] operation loader,36,:com.google.android.gms@221820044@22.18.20 (190400-451484765),4,eya etb.l(esu),-,40,eya etb.l(esu),7]
01-12 12:53:38.909 1116 1945 I dvm_lock_sample: [system_server,0,AccountManagerService,147,RegisteredServicesCache.java,351,java.util.Collection android.content.pm.RegisteredServicesCache.getAllServices(int),-,593,void android.content.pm.RegisteredServicesCache.generateServicesMap(int[], int),29]
01-12 12:53:39.197 1116 1377 I dvm_lock_sample: [system_server,0,android.bg,21,ActivityManagerService.java,13705,int com.android.server.am.ActivityManagerService.broadcastIntentWithFeature(android.app.IApplicationThread, java.lang.String, android.content.Intent, java.lang.String, android.content.IIntentReceiver, int, java.lang.String, android.os.Bundle, java.lang.String[], java.lang.String[], java.lang.String[], int, android.os.Bundle, boolean, boolean, int),-,12115,int com.android.server.am.ActivityManagerService.bindIsolatedService(android.app.IApplicationThread, android.os.IBinder, android.content.Intent, java.lang.String, android.app.IServiceConnection, int, java.lang.String, java.lang.String, int),4]
01-12 12:53:39.420 1116 1199 I am_uid_running: 10151
01-12 12:53:39.582 1116 1936 I am_uid_active: 10151
01-12 12:53:39.603 1116 1380 I am_proc_start: [0,7041,10151,com.google.android.youtube,broadcast,{com.google.android.youtube/com.google.android.libraries.notifications.entrypoints.restart.RestartReceiver}]
01-12 12:53:39.893 1116 2460 I am_proc_bound: [0,7041,com.google.android.youtube]
01-12 12:53:41.071 2741 2741 D TelephonyNetworkFactory[0]: got request NetworkRequest [ REQUEST id=143, [ Capabilities: INTERNET&NOT_RESTRICTED&TRUSTED&NOT_VCN_MANAGED Uid: 10151 RequestorUid: 10151 RequestorPkg: com.google.android.youtube UnderlyingNetworks: Null] ]
01-12 12:53:41.071 2741 2741 D TelephonyNetworkFactory[0]: onNeedNetworkFor NetworkRequest [ REQUEST id=143, [ Capabilities: INTERNET&NOT_RESTRICTED&TRUSTED&NOT_VCN_MANAGED Uid: 10151 RequestorUid: 10151 RequestorPkg: com.google.android.youtube UnderlyingNetworks: Null] ] shouldApply false
01-12 12:53:41.081 7041 7067 I dvm_lock_sample: [com.google.android.youtube,0,yt-critical2-2,48,PG,1,java.lang.Object anxy.a(),-,2,java.lang.Object anxy.a(),9]
01-12 12:53:41.085 7041 7081 I dvm_lock_sample: [com.google.android.youtube,1,BG Thread #9,85,PG,1,java.lang.Object anxy.a(),-,2,java.lang.Object anxy.a(),17]
01-12 12:53:41.090 7041 7062 I dvm_lock_sample: [com.google.android.youtube,1,BG Thread #0,84,PG,1,java.lang.Object anxy.a(),-,2,java.lang.Object anxy.a(),16]
01-12 12:53:41.276 2741 2741 D TelephonyNetworkFactory[0]: got request NetworkRequest [ REQUEST id=145, [ Capabilities: INTERNET&NOT_RESTRICTED&TRUSTED&NOT_VCN_MANAGED Uid: 10151 RequestorUid: 10151 RequestorPkg: com.google.android.youtube UnderlyingNetworks: Null] ]
01-12 12:53:41.277 2741 2741 D TelephonyNetworkFactory[0]: onNeedNetworkFor NetworkRequest [ REQUEST id=145, [ Capabilities: INTERNET&NOT_RESTRICTED&TRUSTED&NOT_VCN_MANAGED Uid: 10151 RequestorUid: 10151 RequestorPkg: com.google.android.youtube UnderlyingNetworks: Null] ] shouldApply false
01-12 12:53:41.394 2741 3057 D SubscriptionController: [getSlotIndex]- subId invalid
01-12 12:53:41.399 2741 2741 D TelephonyNetworkFactory[0]: got request NetworkRequest [ REQUEST id=148, [ Capabilities: INTERNET&NOT_RESTRICTED&TRUSTED&NOT_VCN_MANAGED Uid: 10151 RequestorUid: 10151 RequestorPkg: com.google.android.youtube UnderlyingNetworks: Null] ]
01-12 12:53:41.399 2741 2741 D TelephonyNetworkFactory[0]: onNeedNetworkFor NetworkRequest [ REQUEST id=148, [ Capabilities: INTERNET&NOT_RESTRICTED&TRUSTED&NOT_VCN_MANAGED Uid: 10151 RequestorUid: 10151 RequestorPkg: com.google.android.youtube UnderlyingNetworks: Null] ] shouldApply false
01-12 12:53:41.408 2741 3624 D SubscriptionController: [getSlotIndex]- subId invalid
01-12 12:53:41.420 2741 3624 D SubscriptionController: [getSlotIndex]- subId invalid
01-12 12:53:41.474 7041 7078 I dvm_lock_sample: [com.google.android.youtube,0,yt-critical2-6,377,PG,1,java.lang.Object anxy.a(),-,2,java.lang.Object anxy.a(),75]
01-12 12:53:41.832 2741 2741 D TelephonyNetworkFactory[0]: got request NetworkRequest [ REQUEST id=150, [ Capabilities: INTERNET&NOT_RESTRICTED&TRUSTED&NOT_VCN_MANAGED Uid: 10151 RequestorUid: 1000 RequestorPkg: android UnderlyingNetworks: Null] ]
01-12 12:53:41.832 2741 2741 D TelephonyNetworkFactory[0]: onNeedNetworkFor NetworkRequest [ REQUEST id=150, [ Capabilities: INTERNET&NOT_RESTRICTED&TRUSTED&NOT_VCN_MANAGED Uid: 10151 RequestorUid: 1000 RequestorPkg: android UnderlyingNetworks: Null] ] shouldApply false
01-12 12:53:41.951 1116 1116 I notification_cancel_all: [1000,1116,com.google.android.youtube,0,0,0,20,NULL]
01-12 12:53:41.965 1116 1595 I commit_sys_config_file: [package-user-0,13]
01-12 12:53:41.968 1116 1199 I dvm_lock_sample: [system_server,1,Binder:1116_2,12,PackageManagerService.java,5278,android.content.pm.ServiceInfo com.android.server.pm.PackageManagerService$ComputerLocked.getServiceInfoBody(android.content.ComponentName, int, int, int),-,6278,void com.android.server.pm.PackageManagerService$PackageHandler.doHandleMessage(android.os.Message),2]
01-12 12:53:42.012 2741 2741 D TelephonyNetworkFactory[0]: got request NetworkRequest [ REQUEST id=152, [ Capabilities: INTERNET&NOT_RESTRICTED&TRUSTED&NOT_VCN_MANAGED Uid: 10151 RequestorUid: 10151 RequestorPkg: com.google.android.youtube UnderlyingNetworks: Null] ]
01-12 12:53:42.013 2741 2741 D TelephonyNetworkFactory[0]: onNeedNetworkFor NetworkRequest [ REQUEST id=152, [ Capabilities: INTERNET&NOT_RESTRICTED&TRUSTED&NOT_VCN_MANAGED Uid: 10151 RequestorUid: 10151 RequestorPkg: com.google.android.youtube UnderlyingNetworks: Null] ] shouldApply false
01-12 12:53:42.042 1116 1199 I am_uid_running: 10047
01-12 12:53:42.072 1116 2508 I am_kill : [0,5521,com.android.shell,999,empty #31]
01-12 12:53:42.105 1116 1377 I am_pss : [5479,10070,com.android.providers.calendar,6897664,3002368,3137536,45871104,0,19,24]
01-12 12:53:42.240 1116 1380 I am_proc_start: [0,7135,10047,com.lenovo.lsf.device,broadcast,{com.lenovo.lsf.device/com.lenovo.lsf.push.receiver.PushReceiver}]
01-12 12:53:42.464 1116 2508 I am_proc_died: [0,5521,com.android.shell,999,19]
01-12 12:53:42.465 1116 2508 I am_uid_stopped: 2000
01-12 12:53:42.474 1116 2508 I am_uid_active: 10047
01-12 12:53:42.520 1116 2508 I am_proc_bound: [0,7135,com.lenovo.lsf.device]
01-12 12:53:43.140 7135 7135 I auditd : type=1400 audit(0.0:104): avc: denied { read } for comm="Thread-2" name="u:object_r:sn_default_prop:s0" dev="tmpfs" ino=23626 scontext=u:r:priv_app:s0:c512,c768 tcontext=u:object_r:sn_default_prop:s0 tclass=file permissive=0 app=com.lenovo.lsf.device
01-12 12:53:43.140 7135 7135 I auditd : type=1400 audit(0.0:105): avc: denied { read } for comm="Thread-2" name="u:object_r:sn_default_prop:s0" dev="tmpfs" ino=23626 scontext=u:r:priv_app:s0:c512,c768 tcontext=u:object_r:sn_default_prop:s0 tclass=file permissive=0 app=com.lenovo.lsf.device
01-12 12:53:43.230 1116 1380 I am_proc_start: [0,7164,1000,com.longcheertel.midtest,broadcast,{com.longcheertel.midtest/com.longcheertel.midtest.FactoryTestReceiver}]
01-12 12:53:43.475 1116 3511 I am_proc_bound: [0,7164,com.longcheertel.midtest]
01-12 12:53:43.588 2741 2741 D TelephonyNetworkFactory[0]: got request NetworkRequest [ REQUEST id=154, [ Capabilities: INTERNET&NOT_RESTRICTED&TRUSTED&NOT_VCN_MANAGED Uid: 10151 RequestorUid: 10151 RequestorPkg: com.google.android.youtube UnderlyingNetworks: Null] ]
01-12 12:53:43.589 2741 2741 D TelephonyNetworkFactory[0]: onNeedNetworkFor NetworkRequest [ REQUEST id=154, [ Capabilities: INTERNET&NOT_RESTRICTED&TRUSTED&NOT_VCN_MANAGED Uid: 10151 RequestorUid: 10151 RequestorPkg: com.google.android.youtube UnderlyingNetworks: Null] ] shouldApply false
01-12 12:53:43.660 1116 1116 I auditd : type=1400 audit(0.0:106): avc: denied { ioctl } for comm="PackageManagerB" path="/product/app/YouTube/YouTube.apk" dev="overlay" ino=52575 ioctlcmd=0x6686 scontext=u:r:system_server:s0 tcontext=u:object_r:system_file:s0 tclass=file permissive=0
01-12 12:53:44.690 7164 7164 I auditd : type=1400 audit(0.0:107): avc: denied { read } for comm="heertel.midtest" name="u:object_r:vendor_bluetooth_prop:s0" dev="tmpfs" ino=23666 scontext=u:r:system_app:s0 tcontext=u:object_r:vendor_bluetooth_prop:s0 tclass=file permissive=0
01-12 12:53:44.803 1116 6346 I am_uid_running: 10079
01-12 12:53:44.979 1116 1380 I am_proc_start: [0,7212,10079,com.nttdocomo.android.accountauthenticator,broadcast,{com.nttdocomo.android.accountauthenticator/com.nttdocomo.android.accountauthenticator.DAAStartupReceiver}]
01-12 12:53:45.259 1116 6346 I am_proc_bound: [0,7212,com.nttdocomo.android.accountauthenticator]
01-12 12:53:45.271 1116 6346 I am_uid_active: 10079
01-12 12:53:45.706 1116 2460 I am_kill : [0,5253,com.nttdocomo.android.lpa,999,empty #31]
01-12 12:53:45.882 1116 2460 I am_uid_running: 10068
01-12 12:53:45.894 1116 1199 I am_proc_died: [0,5253,com.nttdocomo.android.lpa,999,19]
01-12 12:53:45.898 1116 1199 I am_uid_stopped: 10051
01-12 12:53:45.907 1116 1199 I am_uid_active: 10068
01-12 12:53:46.030 1116 1380 I am_proc_start: [0,7234,10068,com.nttdocomo.android.databackup,broadcast,{com.nttdocomo.android.databackup/com.nttdocomo.android.databackup.service.SyncMLEnginePowerOnReceiver}]
01-12 12:53:46.217 1116 2982 I am_proc_bound: [0,7234,com.nttdocomo.android.databackup]
01-12 12:53:47.164 1116 3511 I am_uid_running: 10073
01-12 12:53:47.184 1116 3511 I am_kill : [0,5645,com.goodix.gftest,995,empty #31]
01-12 12:53:47.204 1116 1936 I am_uid_active: 10073
01-12 12:53:47.281 1116 1380 I am_proc_start: [0,7258,10073,com.nttdocomo.android.devicehelp,broadcast,{com.nttdocomo.android.devicehelp/com.nttdocomo.android.devicehelp.receiver.StartupReceiver}]
01-12 12:53:47.357 1116 2982 I am_proc_died: [0,5645,com.goodix.gftest,995,19]
01-12 12:53:47.360 1116 2982 I am_uid_stopped: 10093
01-12 12:53:47.543 1116 2982 I am_proc_bound: [0,7258,com.nttdocomo.android.devicehelp]
01-12 12:53:47.912 1116 6346 I dvm_lock_sample: [system_server,1,Binder:1116_12,9,ActivityManagerService.java,13705,int com.android.server.am.ActivityManagerService.broadcastIntentWithFeature(android.app.IApplicationThread, java.lang.String, android.content.Intent, java.lang.String, android.content.IIntentReceiver, int, java.lang.String, android.os.Bundle, java.lang.String[], java.lang.String[], java.lang.String[], int, android.os.Bundle, boolean, boolean, int),-,15560,void com.android.server.am.ActivityManagerService$LocalService.updateDeviceIdleTempAllowlist(int[], int, boolean, long, int, int, java.lang.String, int),1]
01-12 12:53:48.085 1116 2508 I am_kill : [0,5671,com.google.android.apps.docs,995,empty #31]
01-12 12:53:48.637 1116 2982 I am_proc_died: [0,5671,com.google.android.apps.docs,995,19]
01-12 12:53:48.640 1116 2982 I am_uid_stopped: 10156
01-12 12:53:48.818 2741 2741 D TelephonyNetworkFactory[0]: got request NetworkRequest [ REQUEST id=157, [ Capabilities: INTERNET&NOT_RESTRICTED&TRUSTED&NOT_VCN_MANAGED Uid: 10136 RequestorUid: 10136 RequestorPkg: com.google.android.gms UnderlyingNetworks: Null] ]
01-12 12:53:48.819 2741 2741 D TelephonyNetworkFactory[0]: onNeedNetworkFor NetworkRequest [ REQUEST id=157, [ Capabilities: INTERNET&NOT_RESTRICTED&TRUSTED&NOT_VCN_MANAGED Uid: 10136 RequestorUid: 10136 RequestorPkg: com.google.android.gms UnderlyingNetworks: Null] ] shouldApply false
01-12 12:53:48.887 1116 1378 I am_wtf : [0,1116,system_server,-1,ActivityManager,Background started FGS: Allowed [callingPackage: com.nttdocomo.android.devicehelp; callingUid: 10073; uidState: RCVR; intent: Intent { act=action_start_eula_service_test cmp=com.nttdocomo.android.devicehelp/.service.EulaService }; code:BACKGROUND_ACTIVITY_PERMISSION; tempAllowListReason:; targetSdkVersion:31; callerTargetSdkVersion:31; startForegroundCount:0; bindFromPackage:null]]
01-12 12:53:48.987 1116 2982 I am_kill : [0,5768,com.google.android.apps.maps,995,empty #31]
01-12 12:53:49.486 1116 2460 I am_uid_active: 10106
01-12 12:53:49.595 1116 2460 I dvm_lock_sample: [system_server,1,Binder:1116_6,9,ActivityManagerService.java,12114,int com.android.server.am.ActivityManagerService.bindIsolatedService(android.app.IApplicationThread, android.os.IBinder, android.content.Intent, java.lang.String, android.app.IServiceConnection, int, java.lang.String, java.lang.String, int),ContentProviderHelper.java,1418,void com.android.server.am.ContentProviderHelper.handleProviderRemoval(com.android.server.am.ContentProviderConnection, boolean, boolean),1]
01-12 12:53:49.597 1116 2460 I am_uid_active: 10048
01-12 12:53:49.612 1116 2460 I service_manager_slow: [11,platform_compat]
01-12 12:53:49.962 1116 1198 I am_uid_running: 10044
01-12 12:53:50.072 1116 1936 I am_uid_active: 10044
01-12 12:53:50.168 1116 1380 I am_proc_start: [0,7349,10044,com.nttdocomo.android.remotelock,broadcast,{com.nttdocomo.android.remotelock/com.nttdocomo.android.remotelock.receiver.DmcBootReceiver}]
01-12 12:53:50.255 3134 5767 I c2dm : [-19,ERR_AUTHENTICATION_FAILED,0,0]
01-12 12:53:50.427 3134 5767 I c2dm : [-19,ERR_AUTHENTICATION_FAILED,0,0]
01-12 12:53:50.439 1116 3508 I am_proc_bound: [0,7349,com.nttdocomo.android.remotelock]
01-12 12:53:50.525 1116 2982 I am_proc_died: [0,5768,com.google.android.apps.maps,995,19]
01-12 12:53:50.526 2741 2741 D TelephonyNetworkFactory[0]: onReleaseNetworkFor NetworkRequest [ REQUEST id=103, [ Capabilities: INTERNET&NOT_RESTRICTED&TRUSTED&NOT_VCN_MANAGED Uid: 10170 RequestorUid: 10170 RequestorPkg: com.google.android.apps.maps UnderlyingNetworks: Null] ] applied false
01-12 12:53:50.526 1116 2982 I am_uid_stopped: 10170
01-12 12:53:50.536 2741 2741 D TelephonyNetworkFactory[0]: onReleaseNetworkFor NetworkRequest [ REQUEST id=107, [ Capabilities: INTERNET&NOT_RESTRICTED&TRUSTED&NOT_VCN_MANAGED Uid: 10170 RequestorUid: 10170 RequestorPkg: com.google.android.apps.maps UnderlyingNetworks: Null] ] applied false
01-12 12:53:50.788 1116 1316 I commit_sys_config_file: [jobs,107]
01-12 12:53:51.003 1116 3510 I am_uid_running: 10087
01-12 12:53:51.078 1116 1116 I notification_enqueue: [10044,7349,com.nttdocomo.android.remotelock,3,NULL,0,Notification(channel=default shortcut=null contentView=null vibrate=null sound=null tick defaults=0x0 flags=0x42 color=0x00000000 vis=PRIVATE),0]
01-12 12:53:51.159 1116 1380 I am_proc_start: [0,7382,10087,com.nttdocomo.android.schedulememo,broadcast,{com.nttdocomo.android.schedulememo/com.nttdocomo.android.schedulememo.service.ScheduleMemoServiceReceive}]
01-12 12:53:51.295 1116 1116 I sysui_multi_action: [757,1501,758,1,793,236,794,0,795,236,796,3,806,com.nttdocomo.android.remotelock,857,default,858,3,947,0,1500,0,1688,1]
01-12 12:53:51.296 1116 1116 I sysui_multi_action: [757,804,799,note_interruptive,801,0,802,1]
01-12 12:53:51.443 2741 3624 D SubscriptionController: [getSlotIndex]- subId invalid
01-12 12:53:51.487 1116 2508 I am_proc_bound: [0,7382,com.nttdocomo.android.schedulememo]
01-12 12:53:51.498 2741 3624 E PhoneSubInfoController: getLine1Number phone is null for Subscription:-1
01-12 12:53:51.504 1116 2508 I am_uid_active: 10087
01-12 12:53:51.510 1116 3971 I dvm_lock_sample: [system_server,1,Binder:1116_10,21,ActivityManagerService.java,13705,int com.android.server.am.ActivityManagerService.broadcastIntentWithFeature(android.app.IApplicationThread, java.lang.String, android.content.Intent, java.lang.String, android.content.IIntentReceiver, int, java.lang.String, android.os.Bundle, java.lang.String[], java.lang.String[], java.lang.String[], int, android.os.Bundle, boolean, boolean, int),-,4737,void com.android.server.am.ActivityManagerService.attachApplication(android.app.IApplicationThread, long),4]
01-12 12:53:51.637 1116 1116 I sysui_multi_action: [757,128,758,5,759,8,793,593,794,0,795,593,796,3,806,com.nttdocomo.android.remotelock,857,default,858,3,947,0,1500,357,1688,1]
01-12 12:53:51.637 1116 1116 I notification_canceled: [0|com.nttdocomo.android.remotelock|3|null|10044,8,593,593,0,-1,-1,NULL]
01-12 12:53:51.664 1116 1116 I service_manager_stats: [100,292,77209]
01-12 12:53:52.017 1116 7373 I am_kill : [0,3946,com.google.android.apps.nbu.files,995,empty #31]
01-12 12:53:52.039 1116 1377 I am_pss : [3914,10137,com.google.android.googlequicksearchbox:search,104990720,90144768,72704,196739072,0,10,28]
01-12 12:53:52.490 1116 2507 I am_proc_died: [0,3946,com.google.android.apps.nbu.files,995,19]
01-12 12:53:52.491 1116 2507 I am_uid_stopped: 10124
01-12 12:53:52.554 1116 2982 I am_uid_running: 10060
01-12 12:53:52.662 1116 1380 I am_proc_start: [0,7447,10060,com.nttdocomo.android.sdcardbackup,broadcast,{com.nttdocomo.android.sdcardbackup/com.nttdocomo.android.sdcardbackup.view.receiver.AutoExportReceiver}]
01-12 12:53:52.878 1116 3971 I am_proc_bound: [0,7447,com.nttdocomo.android.sdcardbackup]
01-12 12:53:52.884 1116 3971 I am_uid_active: 10060
01-12 12:53:52.903 4538 4736 I dvm_lock_sample: [com.nttdocomo.android.idmanager,0,pool-19-thread-1,2510,,-1,com.nttdocomo.android.idmanager.jm2 com.nttdocomo.android.idmanager.yh2.b(com.nttdocomo.android.idmanager.zi2),-,-1,com.nttdocomo.android.idmanager.jm2 com.nttdocomo.android.idmanager.yh2.b(com.nttdocomo.android.idmanager.zi2),100]
01-12 12:53:53.030 2741 3624 D SubscriptionController: [getSlotIndex]- subId invalid
01-12 12:53:53.275 1116 1947 I commit_sys_config_file: [settings-4-0,69]
01-12 12:53:53.881 1116 1947 I commit_sys_config_file: [settings-0-0,27]
01-12 12:53:54.201 1116 2982 I am_kill : [0,5990,com.android.vending:instant_app_installer,995,empty #31]
01-12 12:53:54.427 1116 3971 I am_proc_died: [0,5990,com.android.vending:instant_app_installer,995,19]
01-12 12:53:54.454 1116 2460 I am_uid_running: 10092
01-12 12:53:54.575 1116 1380 I am_proc_start: [0,7523,10092,com.nttdocomo.android.store,broadcast,{com.nttdocomo.android.store/com.nttdocomo.android.mediasdk.GCMPushLibrary.internal.receiver.GcmBroadcastReceiver}]
01-12 12:53:54.832 1116 2460 I am_proc_bound: [0,7523,com.nttdocomo.android.store]
01-12 12:53:54.847 1116 2460 I service_manager_slow: [12,platform_compat]
01-12 12:53:54.854 1116 2460 I am_uid_active: 10092
01-12 12:53:55.274 1116 2507 I am_kill : [0,5930,com.google.android.apps.tachyon,995,empty #31]
01-12 12:53:55.527 1116 6346 I am_uid_running: 10066
01-12 12:53:55.547 1116 6346 I am_kill : [0,6051,com.google.android.apps.youtube.music,995,empty #31]
01-12 12:53:55.647 1116 1380 I am_proc_start: [0,7561,10066,com.nttdocomo.android.wipe,broadcast,{com.nttdocomo.android.wipe/com.nttdocomo.android.wipe.receiver.DmcBootReceiver}]
01-12 12:53:55.786 1116 3971 I am_proc_died: [0,5930,com.google.android.apps.tachyon,995,19]
01-12 12:53:55.793 2741 2741 D TelephonyNetworkFactory[0]: onReleaseNetworkFor NetworkRequest [ REQUEST id=116, [ Capabilities: INTERNET&NOT_RESTRICTED&TRUSTED&NOT_VCN_MANAGED Uid: 10149 RequestorUid: 10149 RequestorPkg: com.google.android.apps.tachyon UnderlyingNetworks: Null] ] applied false
01-12 12:53:55.795 1116 3971 I am_uid_stopped: 10149
01-12 12:53:55.814 1116 3971 I am_uid_active: 10066
01-12 12:53:55.865 1116 3971 I am_proc_bound: [0,7561,com.nttdocomo.android.wipe]
01-12 12:53:56.137 1116 6346 I am_proc_died: [0,6051,com.google.android.apps.youtube.music,995,19]
01-12 12:53:56.140 2741 2741 D TelephonyNetworkFactory[0]: onReleaseNetworkFor NetworkRequest [ REQUEST id=120, [ Capabilities: INTERNET&NOT_RESTRICTED&TRUSTED&NOT_VCN_MANAGED Uid: 10165 RequestorUid: 10165 RequestorPkg: com.google.android.apps.youtube.music UnderlyingNetworks: Null] ] applied false
01-12 12:53:56.140 1116 6346 I am_uid_stopped: 10165
01-12 12:53:56.162 2741 2741 D TelephonyNetworkFactory[0]: onReleaseNetworkFor NetworkRequest [ REQUEST id=118, [ Capabilities: INTERNET&NOT_RESTRICTED&TRUSTED&NOT_VCN_MANAGED Uid: 10165 RequestorUid: 10165 RequestorPkg: com.google.android.apps.youtube.music UnderlyingNetworks: Null] ] applied false
01-12 12:53:56.163 2741 2741 D TelephonyNetworkFactory[0]: onReleaseNetworkFor NetworkRequest [ REQUEST id=125, [ Capabilities: INTERNET&NOT_RESTRICTED&TRUSTED&NOT_VCN_MANAGED Uid: 10165 RequestorUid: 10165 RequestorPkg: com.google.android.apps.youtube.music UnderlyingNetworks: Null] ] applied false
01-12 12:53:56.164 2741 2741 D TelephonyNetworkFactory[0]: onReleaseNetworkFor NetworkRequest [ REQUEST id=127, [ Capabilities: INTERNET&NOT_RESTRICTED&TRUSTED&NOT_VCN_MANAGED Uid: 10165 RequestorUid: 10165 RequestorPkg: com.google.android.apps.youtube.music UnderlyingNetworks: Null] ] applied false
01-12 12:53:56.198 1116 6346 I am_uid_running: 10180
01-12 12:53:56.259 1116 1116 I notification_enqueue: [10066,7561,com.nttdocomo.android.wipe,3,NULL,0,Notification(channel=default shortcut=null contentView=null vibrate=null sound=null tick defaults=0x0 flags=0x42 color=0x00000000 vis=PRIVATE),0]
01-12 12:53:56.299 1116 1380 I am_proc_start: [0,7587,10180,com.qti.ltebc,broadcast,{com.qti.ltebc/com.qualcomm.ltebc.LTEBroadcastBootReceiver}]
01-12 12:53:56.422 2741 3624 D SubscriptionController: [getSlotIndex]- subId invalid
01-12 12:53:56.441 2741 3624 E PhoneSubInfoController: getLine1Number phone is null for Subscription:-1
01-12 12:53:56.449 1116 1116 I sysui_multi_action: [757,128,758,5,759,8,793,190,794,0,795,190,796,3,806,com.nttdocomo.android.wipe,857,default,858,3,947,0,1500,190,1688,1]
01-12 12:53:56.449 1116 1116 I notification_canceled: [0|com.nttdocomo.android.wipe|3|null|10066,8,190,190,0,-1,-1,NULL]
01-12 12:53:56.583 1116 3508 I am_proc_bound: [0,7587,com.qti.ltebc]
01-12 12:53:56.593 1116 3508 I am_uid_active: 10180
01-12 12:53:56.997 1116 7373 I am_kill : [0,5479,com.android.providers.calendar,999,empty #31]
01-12 12:53:57.162 1116 6346 I am_proc_died: [0,5479,com.android.providers.calendar,999,19]
01-12 12:53:57.165 1116 6346 I am_uid_stopped: 10070
01-12 12:53:57.206 1116 6346 I am_proc_died: [0,7587,com.qti.ltebc,905,19]
01-12 12:53:57.209 1116 6346 I am_uid_stopped: 10180
01-12 12:53:57.214 1116 6346 I am_mem_factor: [1,0]
01-12 12:53:57.643 1116 7373 I am_mem_factor: [0,1]
01-12 12:53:57.897 1116 3511 I am_uid_running: 10191
01-12 12:53:58.031 1116 1380 I am_proc_start: [0,7612,10191,com.qualcomm.telephony,broadcast,{com.qualcomm.atfwd/com.qualcomm.atfwd.AtFwdAutoboot}]
01-12 12:53:58.324 1116 6346 I am_proc_bound: [0,7612,com.qualcomm.telephony]
01-12 12:53:58.336 1116 6346 I am_uid_active: 10191
01-12 12:53:58.838 1116 7373 I am_uid_running: 10163
01-12 12:53:58.897 1116 1936 I am_uid_active: 10163
01-12 12:53:58.933 1116 1380 I am_proc_start: [0,7633,10163,com.qualcomm.qti.lpa,broadcast,{com.qualcomm.qti.lpa/com.qualcomm.qti.lpa.UimLpaBootReceiver}]
01-12 12:53:59.247 1116 7373 I am_proc_bound: [0,7633,com.qualcomm.qti.lpa]
01-12 12:53:59.260 1116 1378 I dvm_lock_sample: [system_server,1,ActivityManager,9,ActiveServices.java,2249,void com.android.server.am.ActiveServices$5.run(),ActivityManagerService.java,4737,void com.android.server.am.ActivityManagerService.attachApplication(android.app.IApplicationThread, long),1]
01-12 12:53:59.267 1116 1116 I notification_enqueue: [10073,7258,com.nttdocomo.android.devicehelp,2000000013,NULL,0,Notification(channel=osu_importance_non shortcut=null contentView=null vibrate=null sound=null tick defaults=0x0 flags=0x42 color=0xffcc0033 vis=PRIVATE),0]
01-12 12:53:59.470 1116 1116 I sysui_multi_action: [757,1501,758,1,793,209,794,0,795,209,796,2000000013,806,com.nttdocomo.android.devicehelp,857,osu_importance_non,858,2,947,0,1500,0,1688,1,1745,2098068913]
01-12 12:53:59.471 1116 1116 I sysui_multi_action: [757,804,799,note_interruptive,801,0,802,1]
01-12 12:53:59.798 1116 2513 I am_uid_running: 10196
01-12 12:53:59.925 1116 1380 I am_proc_start: [0,7651,10196,com.qualcomm.qti.qccauthmgr,broadcast,{com.qualcomm.qti.qccauthmgr/com.qualcomm.qti.qccauthmgr.receiver.BootReceiver}]
01-12 12:54:00.211 1116 2513 I am_proc_bound: [0,7651,com.qualcomm.qti.qccauthmgr]
01-12 12:54:00.221 1116 2513 I am_uid_active: 10196
01-12 12:54:00.605 1116 2513 I am_kill : [0,6157,com.google.android.calendar,999,empty #31]
01-12 12:54:00.629 1116 1315 I dvm_lock_sample: [system_server,1,android.ui,12,ActivityManagerService.java,15542,void com.android.server.am.ActivityManagerService$LocalService.updateDeviceIdleTempAllowlist(int[], int, boolean, long, int, int, java.lang.String, int),-,13831,void com.android.server.am.ActivityManagerService.finishReceiver(android.os.IBinder, int, java.lang.String, android.os.Bundle, boolean, int),2]
01-12 12:54:00.714 1116 3511 I am_uid_running: 10117
01-12 12:54:00.819 1116 1380 I am_proc_start: [0,7669,10117,com.qualcomm.qti.qms.service.connectionsecurity,broadcast,{com.qualcomm.qti.qms.service.connectionsecurity/com.qualcomm.qti.qms.service.connectionsecurity.ConnSecBroadcastReceiver}]
01-12 12:54:00.847 1116 6346 I am_proc_died: [0,6157,com.google.android.calendar,999,19]
01-12 12:54:00.850 1116 6346 I am_uid_stopped: 10143
01-12 12:54:00.850 2741 2741 D TelephonyNetworkFactory[0]: onReleaseNetworkFor NetworkRequest [ REQUEST id=129, [ Capabilities: INTERNET&NOT_RESTRICTED&TRUSTED&NOT_VCN_MANAGED Uid: 10143 RequestorUid: 10143 RequestorPkg: com.google.android.calendar UnderlyingNetworks: Null] ] applied false
01-12 12:54:00.852 1116 6346 I am_uid_active: 10117
01-12 12:54:00.986 1116 2513 I am_proc_bound: [0,7669,com.qualcomm.qti.qms.service.connectionsecurity]
01-12 12:54:01.211 1116 6346 I am_kill : [0,6270,com.google.android.cellbroadcastreceiver,995,empty #31]
01-12 12:54:01.284 1116 1116 I notification_enqueue: [10073,7258,com.nttdocomo.android.devicehelp,2000000013,NULL,0,Notification(channel=osu_importance_non shortcut=null contentView=null vibrate=null sound=null tick defaults=0x0 flags=0x42 color=0xffcc0033 vis=PRIVATE),1]
01-12 12:54:01.312 1116 2513 I dvm_lock_sample: [system_server,1,Binder:1116_A,5,ActivityManagerService.java,12114,int com.android.server.am.ActivityManagerService.bindIsolatedService(android.app.IApplicationThread, android.os.IBinder, android.content.Intent, java.lang.String, android.app.IServiceConnection, int, java.lang.String, java.lang.String, int),-,13831,void com.android.server.am.ActivityManagerService.finishReceiver(android.os.IBinder, int, java.lang.String, android.os.Bundle, boolean, int),1]
01-12 12:54:01.325 1116 1116 I notification_enqueue: [10073,7258,com.nttdocomo.android.devicehelp,2000000001,NULL,0,Notification(channel=osu_importance_low shortcut=null contentView=null vibrate=null sound=null defaults=0x0 flags=0x2 color=0xffcc0033 vis=PRIVATE),0]
01-12 12:54:01.333 1116 1116 I sysui_multi_action: [757,128,758,5,759,8,793,11,794,0,795,11,796,2000000001,806,com.nttdocomo.android.devicehelp,857,osu_importance_low,858,2,947,0,1500,11,1745,2098068913]
01-12 12:54:01.335 1116 1116 I notification_canceled: [0|com.nttdocomo.android.devicehelp|2000000001|null|10073,8,11,11,0,-1,-1,NULL]
01-12 12:54:01.359 1116 1116 I notification_enqueue: [10073,7258,com.nttdocomo.android.devicehelp,2000000015,NULL,0,Notification(channel=osu_importance_high shortcut=null contentView=null vibrate=null sound=null defaults=0x0 flags=0x82 color=0xffcc0033 vis=PRIVATE),0]
01-12 12:54:01.405 1116 1116 I notification_enqueue: [10073,7258,com.nttdocomo.android.devicehelp,2000000013,NULL,0,Notification(channel=osu_importance_non shortcut=null contentView=null vibrate=null sound=null tick defaults=0x0 flags=0x42 color=0xffcc0033 vis=PRIVATE),1]
01-12 12:54:01.455 1116 3508 I am_proc_died: [0,6270,com.google.android.cellbroadcastreceiver,995,19]
01-12 12:54:01.457 1116 3508 I am_uid_stopped: 10204
01-12 12:54:01.564 1116 1116 I sysui_multi_action: [757,1501,758,1,793,207,794,0,795,207,796,2000000015,806,com.nttdocomo.android.devicehelp,857,osu_importance_high,858,4,947,0,1500,0,1688,1,1745,2098068913]
01-12 12:54:01.565 1116 1116 I sysui_multi_action: [757,804,799,note_interruptive,801,0,802,1]
01-12 12:54:01.609 1116 1116 I sysui_multi_action: [757,1501,758,1,793,252,794,0,795,252,796,2000000015,806,com.nttdocomo.android.devicehelp,857,osu_importance_high,858,4,947,0,1500,0,1688,1,1745,2098068913]
01-12 12:54:01.610 1116 1116 I sysui_multi_action: [757,804,799,note_interruptive,801,0,802,1]
01-12 12:54:01.611 1116 1116 I sysui_multi_action: [757,199,758,1,759,2,793,254,794,0,795,254,796,2000000015,806,com.nttdocomo.android.devicehelp,857,osu_importance_high,858,4,947,0,1500,2,1688,1,1745,2098068913]
01-12 12:54:01.613 1116 1116 I notification_alert: [0|com.nttdocomo.android.devicehelp|2000000015|null|10073,0,1,0]
01-12 12:54:01.614 1116 6346 I dvm_lock_sample: [system_server,1,Binder:1116_12,31,ActivityManagerService.java,12138,void com.android.server.am.ActivityManagerService.publishService(android.os.IBinder, android.content.Intent, android.os.IBinder),,0,null,6]
01-12 12:54:01.618 1116 3508 I am_uid_running: 10192
01-12 12:54:01.875 3134 6272 I c2dm : [-19,ERR_AUTHENTICATION_FAILED,0,0]
01-12 12:54:01.882 1116 3971 I dvm_lock_sample: [system_server,0,Binder:1116_10,22,ActivityManagerService.java,12158,void com.android.server.am.ActivityManagerService.serviceDoneExecuting(android.os.IBinder, int, int, int),-,12128,boolean com.android.server.am.ActivityManagerService.unbindService(android.app.IServiceConnection),4]
01-12 12:54:01.915 1116 1380 I am_proc_start: [0,7711,10192,com.qualcomm.qtil.aptxui,broadcast,{com.qualcomm.qtil.aptxui/com.qualcomm.qtil.aptxui.aptxuiBootReceiver}]
01-12 12:54:02.053 1116 1116 I dvm_lock_sample: [system_server,0,main,19,AlarmManagerService.java,2022,void com.android.server.alarm.AlarmManagerService.setImpl(int, long, long, long, android.app.PendingIntent, android.app.IAlarmListener, java.lang.String, int, android.os.WorkSource, android.app.AlarmManager$AlarmClockInfo, int, java.lang.String, android.os.Bundle, int),-,2044,void com.android.server.alarm.AlarmManagerService.setImpl(int, long, long, long, android.app.PendingIntent, android.app.IAlarmListener, java.lang.String, int, android.os.WorkSource, android.app.AlarmManager$AlarmClockInfo, int, java.lang.String, android.os.Bundle, int),3]
01-12 12:54:02.062 1116 1936 I am_uid_active: 10192
01-12 12:54:02.176 1116 2513 I am_proc_bound: [0,7711,com.qualcomm.qtil.aptxui]
01-12 12:54:02.254 2236 2236 I sysui_heads_up_status: [0|com.nttdocomo.android.devicehelp|2000000015|null|10073,1]
01-12 12:54:02.599 2741 2741 D RILJ : [0035]> SEND_DEVICE_STATE 2:false [PHONE0]
01-12 12:54:02.620 2741 2741 D RILJ : [0036]> SET_UNSOLICITED_RESPONSE_FILTER 127 [PHONE0]
01-12 12:54:02.658 2741 2741 D SST : [0] handleMessage: received event 61
01-12 12:54:02.661 2741 2741 D RILJ : [0037]> SET_SIGNAL_STRENGTH_REPORTING_CRITERIA [PHONE0]
01-12 12:54:02.663 2741 2741 D RILJ : [0038]> SET_SIGNAL_STRENGTH_REPORTING_CRITERIA [PHONE0]
01-12 12:54:02.664 2741 2741 D RILJ : [0039]> SET_SIGNAL_STRENGTH_REPORTING_CRITERIA [PHONE0]
01-12 12:54:02.664 2741 2741 D NetworkTypeController: [0] LegacyState: process EVENT_PHYSICAL_CHANNEL_CONFIG_NOTIF_CHANGED
01-12 12:54:02.664 2741 2741 D NetworkTypeController: [0] Remove all timers
01-12 12:54:02.665 2741 2741 D NetworkTypeController: [0] DefaultState: process EVENT_PHYSICAL_CHANNEL_CONFIG_NOTIF_CHANGED
01-12 12:54:02.665 2741 2741 D NetworkTypeController: [0] mIsPhysicalChannelConfigOn changed to: true
01-12 12:54:02.718 1116 6346 I am_uid_running: 10065
01-12 12:54:02.756 1116 1116 I notification_enqueue: [10120,4927,com.tblenovo.lewea,4927,NULL,0,Notification(channel=tblenovo.channel.WEATHER shortcut=null contentView=null vibrate=null sound=null defaults=0x0 flags=0x40 color=0x00000000 vis=PRIVATE),1]
01-12 12:54:02.798 1116 1116 I notification_enqueue: [10120,4927,com.tblenovo.lewea,4927,NULL,0,Notification(channel=tblenovo.channel.WEATHER shortcut=null contentView=null vibrate=null sound=null defaults=0x0 flags=0x40 color=0x00000000 vis=PRIVATE),1]
01-12 12:54:02.832 1116 1116 I notification_enqueue: [10120,4927,com.tblenovo.lewea,4927,NULL,0,Notification(channel=tblenovo.channel.WEATHER shortcut=null contentView=com.tblenovo.lewea/0x7f090018 vibrate=null sound=null defaults=0x0 flags=0x50 color=0x00000000 vis=PUBLIC),1]
01-12 12:54:02.846 1116 1116 I notification_enqueue: [10120,4927,com.tblenovo.lewea,4927,NULL,0,Notification(channel=tblenovo.channel.WEATHER shortcut=null contentView=com.tblenovo.lewea/0x7f090018 vibrate=null sound=null defaults=0x0 flags=0x50 color=0x00000000 vis=PUBLIC),1]
01-12 12:54:02.995 2741 2959 D RILJ : [0035]< SEND_DEVICE_STATE [PHONE0]
01-12 12:54:03.023 1116 1393 I dvm_lock_sample: [system_server,0,batterystats-handler,512,BatteryStatsService.java,1232,void com.android.server.am.BatteryStatsService.lambda$noteScreenBrightness$38$BatteryStatsService(int, long, long),BatteryExternalStatsWorker.java,696,void com.android.server.am.BatteryExternalStatsWorker.updateExternalStatsLocked(java.lang.String, int, boolean, boolean, int, boolean),100]
01-12 12:54:03.095 1116 1316 I commit_sys_config_file: [notification-policy,151616]
01-12 12:54:03.135 1116 1378 I am_wtf : [0,1116,system_server,-1,DisplayDeviceConfig,requesting nits when no mapping exists.]
01-12 12:54:03.146 1116 1378 I am_wtf : [0,1116,system_server,-1,DisplayDeviceConfig,requesting nits when no mapping exists.]
01-12 12:54:03.199 2741 2959 D RILJ : [0037]< SET_SIGNAL_STRENGTH_REPORTING_CRITERIA [PHONE0]
01-12 12:54:03.201 2741 2959 D RILJ : [0038]< SET_SIGNAL_STRENGTH_REPORTING_CRITERIA [PHONE0]
01-12 12:54:03.204 2741 2959 D RILJ : [0039]< SET_SIGNAL_STRENGTH_REPORTING_CRITERIA [PHONE0]
01-12 12:54:03.213 1116 1380 I am_proc_start: [0,7743,10065,jp.co.nttdocomo.carriermail,broadcast,{jp.co.nttdocomo.carriermail/jp.co.nttdocomo.authmodule.AppReceiver}]
01-12 12:54:03.242 2741 2959 D RILJ : [0036]< SET_UNSOLICITED_RESPONSE_FILTER [PHONE0]
01-12 12:54:03.569 1116 6346 I am_proc_died: [0,6334,com.google.android.deskclock,995,19]
01-12 12:54:03.571 1116 6346 I am_uid_stopped: 10154
01-12 12:54:03.581 1116 6346 I am_mem_factor: [2,0]
01-12 12:54:03.624 1116 6346 I am_uid_active: 10065
01-12 12:54:03.661 1116 2982 I am_proc_bound: [0,7743,jp.co.nttdocomo.carriermail]
01-12 12:54:03.869 1116 2508 I am_proc_died: [0,5673,com.android.vending:background,985,19]
01-12 12:54:03.875 2741 2741 D TelephonyNetworkFactory[0]: onReleaseNetworkFor NetworkRequest [ REQUEST id=105, [ Capabilities: INTERNET&NOT_RESTRICTED&TRUSTED&NOT_VCN_MANAGED Uid: 10129 RequestorUid: 10129 RequestorPkg: com.android.vending UnderlyingNetworks: Null] ] applied false
01-12 12:54:03.892 1116 1377 I am_pss : [4559,10063,com.nttdocomo.android.mascot:persistent,6548480,5312512,115712,71061504,0,4,18]
01-12 12:54:03.898 1116 6346 I am_proc_died: [0,6291,com.google.android.configupdater,995,19]
01-12 12:54:03.938 1116 6346 I am_uid_stopped: 10128
01-12 12:54:04.297 1116 2513 I am_proc_died: [0,6548,com.google.android.ims,985,19]
01-12 12:54:04.298 1116 2513 I am_uid_stopped: 10132
01-12 12:54:04.647 1116 1198 I am_mem_factor: [1,2]
01-12 12:54:05.282 1116 1116 I sysui_multi_action: [757,128,758,5,759,8,793,6020,794,0,795,3878,796,2000000013,806,com.nttdocomo.android.devicehelp,857,osu_importance_non,858,2,947,0,1500,3878,1688,1,1745,2098068913]
01-12 12:54:05.282 1116 1116 I notification_canceled: [0|com.nttdocomo.android.devicehelp|2000000013|null|10073,8,6020,3878,0,-1,-1,NULL]
01-12 12:54:05.307 1116 1116 I service_manager_slow: [10,platform_compat]
01-12 12:54:05.328 1116 1116 I service_manager_slow: [19,platform_compat]
01-12 12:54:05.331 2741 2741 D TelephonyNetworkFactory[0]: got request NetworkRequest [ REQUEST id=161, [ Capabilities: INTERNET&NOT_RESTRICTED&TRUSTED&NOT_VCN_MANAGED Uid: 10065 RequestorUid: 10065 RequestorPkg: jp.co.nttdocomo.carriermail UnderlyingNetworks: Null] ]
01-12 12:54:05.331 2741 2741 D TelephonyNetworkFactory[0]: onNeedNetworkFor NetworkRequest [ REQUEST id=161, [ Capabilities: INTERNET&NOT_RESTRICTED&TRUSTED&NOT_VCN_MANAGED Uid: 10065 RequestorUid: 10065 RequestorPkg: jp.co.nttdocomo.carriermail UnderlyingNetworks: Null] ] shouldApply false
01-12 12:54:05.364 1116 1198 I dvm_lock_sample: [system_server,1,Binder:1116_1,35,ActivityManagerService.java,11956,android.content.ComponentName com.android.server.am.ActivityManagerService.startService(android.app.IApplicationThread, android.content.Intent, java.lang.String, boolean, java.lang.String, java.lang.String, int),,0,null,7]
01-12 12:54:05.576 3134 5767 I c2dm : [-19,ERR_AUTHENTICATION_FAILED,0,0]
01-12 12:54:06.179 1116 1947 I commit_sys_config_file: [settings-4-0,31]
01-12 12:54:06.654 1116 2513 I am_mem_factor: [0,1]
01-12 12:54:06.738 1116 1380 I am_proc_start: [0,7831,10065,.clmail_dl,broadcast,{jp.co.nttdocomo.carriermail/jp.co.nttdocomo.mailcore.dl.DownloadReceiver}]
01-12 12:54:06.918 1116 2513 I am_proc_bound: [0,7831,.clmail_dl]
01-12 12:54:07.360 2741 2741 D TelephonyNetworkFactory[0]: got request NetworkRequest [ REQUEST id=163, [ Capabilities: INTERNET&NOT_RESTRICTED&TRUSTED&NOT_VCN_MANAGED Uid: 10065 RequestorUid: 10065 RequestorPkg: jp.co.nttdocomo.carriermail UnderlyingNetworks: Null] ]
01-12 12:54:07.360 2741 2741 D TelephonyNetworkFactory[0]: onNeedNetworkFor NetworkRequest [ REQUEST id=163, [ Capabilities: INTERNET&NOT_RESTRICTED&TRUSTED&NOT_VCN_MANAGED Uid: 10065 RequestorUid: 10065 RequestorPkg: jp.co.nttdocomo.carriermail UnderlyingNetworks: Null] ] shouldApply false
01-12 12:54:07.866 1116 2513 I am_uid_running: 10054
01-12 12:54:07.968 1116 1380 I am_proc_start: [0,7864,10054,jp.co.nttdocomo.lcsapp,broadcast,{jp.co.nttdocomo.lcsapp/jp.co.nttdocomo.lcsapp.receiver.PictController}]
01-12 12:54:07.974 2236 2236 I sysui_heads_up_status: [0|com.nttdocomo.android.devicehelp|2000000015|null|10073,0]
01-12 12:54:08.005 1116 1378 I am_wtf : [0,1116,system_server,-1,DisplayDeviceConfig,requesting nits when no mapping exists.]
01-12 12:54:08.039 1116 1378 I am_wtf : [0,1116,system_server,-1,DisplayDeviceConfig,requesting nits when no mapping exists.]
01-12 12:54:08.093 2741 2741 D RILJ : [0040]> SEND_DEVICE_STATE 2:true [PHONE0]
01-12 12:54:08.095 2741 2959 D RILJ : [0040]< SEND_DEVICE_STATE [PHONE0]
01-12 12:54:08.118 2741 2741 D RILJ : [0041]> SET_UNSOLICITED_RESPONSE_FILTER 32 [PHONE0]
01-12 12:54:08.119 2741 2741 D SST : [0] handleMessage: received event 61
01-12 12:54:08.123 2741 2741 D RILJ : [0042]> SET_SIGNAL_STRENGTH_REPORTING_CRITERIA [PHONE0]
