01-12 12:52:11.015 3134 3630 I dvm_lock_sample: [com.google.android.gms.persisten,0,Binder:3134_4,266,:com.google.android.gms@221820044@22.18.20 (190400-451484765),1,void amez.s(cexb),-,0,amzr andc.t(),53]
01-12 12:52:11.223 1116 3508 I dvm_lock_sample: [system_server,1,Binder:1116_D,485,AppWidgetServiceImpl.java,1474,void com.android.server.appwidget.AppWidgetServiceImpl.updateAppWidgetProvider(android.content.ComponentName, android.widget.RemoteViews),-,1642,android.content.pm.ParceledListSlice com.android.server.appwidget.AppWidgetServiceImpl.getInstalledProvidersForProfile(int, int, java.lang.String),97]
01-12 12:52:11.226 3725 3725 I wm_on_stop_called: [58173627,com.android.launcher3.Launcher,STOP_ACTIVITY_ITEM]
01-12 12:52:11.255 1116 3971 I am_uid_running: 10059
01-12 12:52:11.259 1116 2358 I am_proc_bound: [0,4441,com.google.android.gms.unstable]
01-12 12:52:11.332 1116 2164 I service_manager_slow: [12,alarm]
01-12 12:52:11.333 3400 4232 I dvm_lock_sample: [com.nttdocomo.android.mascot,0,queued-work-looper,255,MessageQueue.java,337,android.os.Message android.os.MessageQueue.next(),-,600,boolean android.os.MessageQueue.enqueueMessage(android.os.Message, long),51]
01-12 12:52:11.333 1116 2164 I netstats_mobile_sample: [0,0,0,0,0,0,0,0,0,0,0,0,1673527931333]
01-12 12:52:11.333 1116 2164 I netstats_wifi_sample: [0,0,0,0,0,0,0,0,0,0,0,0,1673527931333]
01-12 12:52:11.657 4419 4419 I service_manager_slow: [15,content_capture]
01-12 12:52:11.784 1116 1316 I commit_sys_config_file: [jobs,33]
01-12 12:52:11.882 1116 2358 I dvm_lock_sample: [system_server,1,Binder:1116_5,153,ActivityManagerService.java,13705,int com.android.server.am.ActivityManagerService.broadcastIntentWithFeature(android.app.IApplicationThread, java.lang.String, android.content.Intent, java.lang.String, android.content.IIntentReceiver, int, java.lang.String, android.os.Bundle, java.lang.String[], java.lang.String[], java.lang.String[], int, android.os.Bundle, boolean, boolean, int),-,12128,boolean com.android.server.am.ActivityManagerService.unbindService(android.app.IServiceConnection),30]
01-12 12:52:11.885 3400 3400 I liblog : 43
01-12 12:52:11.898 1116 1380 I am_proc_start: [0,4490,10147,com.google.android.webview:webview_service,service,{com.google.android.webview/org.chromium.android_webview.services.VariationsSeedServer}]
01-12 12:52:12.040 1116 3394 I am_proc_died: [0,3753,com.google.android.projection.gearhead:shared,975,19]
01-12 12:52:12.042 1116 3394 I am_uid_stopped: 10126
01-12 12:52:12.061 2741 3624 D SubscriptionController: [getSlotIndex]- subId invalid
01-12 12:52:12.089 1116 2460 I am_proc_died: [0,4327,com.nttdocomo.android.mascot:persistent,0,4]
01-12 12:52:12.096 1116 2460 I am_schedule_service_restart: [0,com.nttdocomo.android.mascot/.frameworks.service.PersistentXBindService,1000]
01-12 12:52:12.101 1116 2460 I am_mem_factor: [1,0]
01-12 12:52:12.155 3914 4418 I dvm_lock_sample: [com.google.android.googlequickse,0,UserFacingBlocking0,764,Runtime.java,-1,void java.lang.Runtime.loadLibrary0(java.lang.ClassLoader, java.lang.Class, java.lang.String),-,1079,void java.lang.Runtime.loadLibrary0(java.lang.ClassLoader, java.lang.Class, java.lang.String),100]
01-12 12:52:12.172 1116 1198 I dvm_lock_sample: [system_server,0,Binder:1116_1,74,ActivityManagerService.java,12158,void com.android.server.am.ActivityManagerService.serviceDoneExecuting(android.os.IBinder, int, int, int),-,1460,void com.android.server.am.ActivityManagerService$AppDeathRecipient.binderDied(),14]
01-12 12:52:12.174 1116 3508 I dvm_lock_sample: [system_server,1,Binder:1116_D,68,ActivityManagerService.java,12468,android.content.Intent com.android.server.am.ActivityManagerService.registerReceiverWithFeature(android.app.IApplicationThread, java.lang.String, java.lang.String, java.lang.String, android.content.IIntentReceiver, android.content.IntentFilter, java.lang.String, int, int),-,1460,void com.android.server.am.ActivityManagerService$AppDeathRecipient.binderDied(),13]
01-12 12:52:12.179 1116 1377 I dvm_lock_sample: [system_server,0,android.bg,126,ActivityManagerService.java,5194,java.lang.String com.android.server.am.ActivityManagerService.getTagForIntentSender(android.content.IIntentSender, java.lang.String),,0,null,25]
01-12 12:52:12.371 1116 1380 I am_proc_start: [0,4519,99000,com.google.android.webview:sandboxed_process0:org.chromium.content.app.SandboxedProcessService0:0,,{com.nttdocomo.android.applicationmanager/org.chromium.content.app.SandboxedProcessService0:0}]
01-12 12:52:12.435 1116 1198 I am_proc_died: [0,4129,com.qualcomm.qtil.aptxui,945,19]
01-12 12:52:12.463 1116 1198 I am_uid_stopped: 10192
01-12 12:52:12.504 1116 3508 I am_proc_bound: [0,4490,com.google.android.webview:webview_service]
01-12 12:52:12.516 1116 3508 I am_uid_active: 10147
01-12 12:52:12.576 1116 1380 I am_proc_start: [0,4538,10059,com.nttdocomo.android.idmanager,service,{com.nttdocomo.android.idmanager/com.nttdocomo.android.idmanager.DimServiceAppService}]
01-12 12:52:12.602 1116 1198 I dvm_lock_sample: [system_server,1,Binder:1116_1,69,ContentProviderHelper.java,155,android.app.ContentProviderHolder com.android.server.am.ContentProviderHelper.getContentProviderImpl(android.app.IApplicationThread, java.lang.String, android.os.IBinder, int, java.lang.String, java.lang.String, boolean, int),,0,null,13]
01-12 12:52:12.644 1116 3394 I am_proc_bound: [0,4519,com.google.android.webview:sandboxed_process0:org.chromium.content.app.SandboxedProcessService0:0]
01-12 12:52:12.667 1116 3394 I service_manager_slow: [19,package]
01-12 12:52:12.681 1116 3394 I am_uid_active: 99000
01-12 12:52:12.700 1116 1198 I dvm_lock_sample: [system_server,0,Binder:1116_1,33,ActivityManagerService.java,12158,void com.android.server.am.ActivityManagerService.serviceDoneExecuting(android.os.IBinder, int, int, int),-,4737,void com.android.server.am.ActivityManagerService.attachApplication(android.app.IApplicationThread, long),6]
01-12 12:52:12.784 1116 3394 I am_proc_died: [0,3987,com.android.localtransport,945,19]
01-12 12:52:12.803 3134 3355 I dvm_lock_sample: [com.google.android.gms.persisten,0,GoogleApiHandler,147,MessageQueue.java,337,android.os.Message android.os.MessageQueue.next(),-,600,boolean android.os.MessageQueue.enqueueMessage(android.os.Message, long),29]
01-12 12:52:12.804 3134 3347 I dvm_lock_sample: [com.google.android.gms.persisten,0,highpool[0],129,MessageQueue.java,554,boolean android.os.MessageQueue.enqueueMessage(android.os.Message, long),-,600,boolean android.os.MessageQueue.enqueueMessage(android.os.Message, long),25]
01-12 12:52:12.976 566 566 I auditd : avc: denied { find } for pid=4519 uid=99000 name=content_capture scontext=u:r:isolated_app:s0:c512,c768 tcontext=u:object_r:content_capture_service:s0 tclass=service_manager permissive=0
01-12 12:52:13.160 1116 3508 I am_mem_factor: [0,1]
01-12 12:52:13.254 1116 1380 I am_proc_start: [0,4559,10063,com.nttdocomo.android.mascot:persistent,service,{com.nttdocomo.android.mascot/com.nttdocomo.android.mascot.frameworks.service.PersistentXBindService}]
01-12 12:52:13.476 2741 2741 D TelephonyNetworkFactory[0]: got request NetworkRequest [ REQUEST id=76, [ Capabilities: INTERNET&NOT_RESTRICTED&TRUSTED&NOT_VCN_MANAGED Uid: 10137 RequestorUid: 10137 RequestorPkg: com.google.android.googlequicksearchbox UnderlyingNetworks: Null] ]
01-12 12:52:13.477 2741 2741 D TelephonyNetworkFactory[0]: onNeedNetworkFor NetworkRequest [ REQUEST id=76, [ Capabilities: INTERNET&NOT_RESTRICTED&TRUSTED&NOT_VCN_MANAGED Uid: 10137 RequestorUid: 10137 RequestorPkg: com.google.android.googlequicksearchbox UnderlyingNetworks: Null] ] shouldApply false
01-12 12:52:13.503 3914 4445 I dvm_lock_sample: [com.google.android.googlequickse,0,Blocking Thread #6,35,PG,1,java.util.Map com.google.android.libraries.phenotype.client.stable.ab.a(android.content.Context),-,13,java.util.Map com.google.android.libraries.phenotype.client.stable.ab.a(android.content.Context),7]
01-12 12:52:13.509 3914 3968 I dvm_lock_sample: [com.google.android.googlequickse,1,Binder:3914_3,1051,PG,1,java.lang.Object dagger.a.e.b(),-,2,java.lang.Object dagger.a.e.b(),100]
01-12 12:52:14.086 2741 2741 D TelephonyNetworkFactory[0]: got request NetworkRequest [ REQUEST id=80, [ Capabilities: INTERNET&NOT_RESTRICTED&TRUSTED&NOT_VCN_MANAGED Uid: 10147 RequestorUid: 1000 RequestorPkg: android UnderlyingNetworks: Null] ]
01-12 12:52:14.087 2741 2741 D TelephonyNetworkFactory[0]: onNeedNetworkFor NetworkRequest [ REQUEST id=80, [ Capabilities: INTERNET&NOT_RESTRICTED&TRUSTED&NOT_VCN_MANAGED Uid: 10147 RequestorUid: 1000 RequestorPkg: android UnderlyingNetworks: Null] ] shouldApply false
01-12 12:52:14.117 1116 2460 I am_proc_bound: [0,4538,com.nttdocomo.android.idmanager]
01-12 12:52:14.133 1116 2460 I am_uid_active: 10059
01-12 12:52:14.227 1116 2460 I am_proc_bound: [0,4559,com.nttdocomo.android.mascot:persistent]
01-12 12:52:14.821 1116 1316 I commit_sys_config_file: [jobs,98]
01-12 12:52:14.953 1116 1198 I dvm_lock_sample: [system_server,1,Binder:1116_1,236,ContentProviderHelper.java,1055,java.lang.String com.android.server.am.ContentProviderHelper.checkContentProviderAccess(java.lang.String, int),PhantomProcessList.java,143,void com.android.server.am.PhantomProcessList.lookForPhantomProcessesLocked(),47]
01-12 12:52:15.088 2741 2741 D TelephonyNetworkFactory[0]: got request NetworkRequest [ REQUEST id=82, [ Capabilities: INTERNET&NOT_RESTRICTED&TRUSTED&NOT_VCN_MANAGED Uid: 10137 RequestorUid: 10137 RequestorPkg: com.google.android.googlequicksearchbox UnderlyingNetworks: Null] ]
01-12 12:52:15.088 2741 2741 D TelephonyNetworkFactory[0]: onNeedNetworkFor NetworkRequest [ REQUEST id=82, [ Capabilities: INTERNET&NOT_RESTRICTED&TRUSTED&NOT_VCN_MANAGED Uid: 10137 RequestorUid: 10137 RequestorPkg: com.google.android.googlequicksearchbox UnderlyingNetworks: Null] ] shouldApply false
01-12 12:52:15.135 1116 3971 I am_uid_running: 10050
01-12 12:52:15.374 1116 1380 I am_proc_start: [0,4670,10050,com.android.traceur,broadcast,{com.android.traceur/com.android.traceur.Receiver}]
01-12 12:52:15.619 1116 3971 I am_proc_bound: [0,4670,com.android.traceur]
01-12 12:52:15.631 1116 3971 I am_uid_active: 10050
01-12 12:52:15.639 3914 4368 I dvm_lock_sample: [com.google.android.googlequickse,1,Lite Thread #3,79,PG,1,java.lang.Object dagger.a.e.b(),-,2,java.lang.Object dagger.a.e.b(),15]
01-12 12:52:15.688 3914 4669 I dvm_lock_sample: [com.google.android.googlequickse,1,Lite Thread #5,162,PG,1,java.lang.Object dagger.a.e.b(),-,2,java.lang.Object dagger.a.e.b(),32]
01-12 12:52:15.723 3914 4270 I dvm_lock_sample: [com.google.android.googlequickse,1,Lite Thread #1,244,PG,1,java.lang.Object dagger.a.e.b(),-,2,java.lang.Object dagger.a.e.b(),48]
01-12 12:52:16.288 1116 1380 I am_proc_start: [0,4703,1000,com.qualcomm.qti.qmmi,broadcast,{com.qualcomm.qti.qmmi/com.qualcomm.qti.qmmi.framework.QmmiReceiver}]
01-12 12:52:16.491 1116 3511 I am_proc_bound: [0,4703,com.qualcomm.qti.qmmi]
01-12 12:52:16.892 1116 1316 I commit_sys_config_file: [jobs,33]
01-12 12:52:17.051 1116 1378 I am_wtf : [0,1116,system_server,-1,BootReceiver,open failed: ENOENT (No such file or directory)]
01-12 12:52:17.087 1116 1198 I am_uid_running: 10106
01-12 12:52:17.105 1116 1315 I dvm_lock_sample: [system_server,1,android.ui,28,ActivityManagerService.java,14896,void com.android.server.am.ActivityManagerService.pushTempAllowlist(),-,12115,int com.android.server.am.ActivityManagerService.bindIsolatedService(android.app.IApplicationThread, android.os.IBinder, android.content.Intent, java.lang.String, android.app.IServiceConnection, int, java.lang.String, java.lang.String, int),5]
01-12 12:52:17.155 1116 4742 I sysui_multi_action: [757,804,799,shutdown_activity_manager,801,2157,802,1]
01-12 12:52:17.158 1116 1198 I am_uid_running: 10088
01-12 12:52:17.166 1116 4742 I sysui_multi_action: [757,804,799,shutdown_radios,801,21,802,1]
01-12 12:52:17.167 1116 4742 I sysui_multi_action: [757,804,799,shutdown_send_shutdown_broadcast,801,1409,802,1]
01-12 12:52:17.169 1116 4742 I sysui_multi_action: [757,804,799,shutdown_system_server,801,3734,802,1]
01-12 12:52:17.170 1116 4742 I sysui_multi_action: [757,804,799,shutdown_package_manager,801,125,802,1]
01-12 12:52:17.259 1116 4742 I commit_sys_config_file: [log-files,78]
01-12 12:52:17.279 1116 4742 I service_manager_slow: [20,package]
01-12 12:52:17.297 1116 4742 I am_uid_running: 10049
01-12 12:52:17.329 1116 1380 I am_proc_start: [0,4754,10106,com.nttdocomo.android.pf.dcmippushaggregator,service,{com.nttdocomo.android.pf.dcmippushaggregator/com.nttdocomo.android.pf.dcmippushaggregator.DcmIpPushAggregateService}]
01-12 12:52:17.545 1116 1380 I am_proc_start: [0,4757,10088,com.nttdocomo.android.msg,broadcast,{com.nttdocomo.android.msg/com.nttdocomo.android.msg.WakeUpBroadcastReceiver}]
01-12 12:52:17.671 1116 2358 I am_proc_bound: [0,4754,com.nttdocomo.android.pf.dcmippushaggregator]
01-12 12:52:17.694 1116 2358 I am_uid_active: 10106
01-12 12:52:17.837 1116 3394 I am_proc_bound: [0,4757,com.nttdocomo.android.msg]
01-12 12:52:17.849 1116 3394 I am_uid_active: 10088
01-12 12:52:17.958 1116 1380 I am_proc_start: [0,4790,10049,android.process.media,content provider,{com.android.providers.downloads/com.android.providers.downloads.DownloadProvider}]
01-12 12:52:18.168 1116 3971 I am_uid_running: 10048
01-12 12:52:18.324 1116 3971 I am_proc_bound: [0,4790,android.process.media]
01-12 12:52:18.343 1116 3971 I am_uid_active: 10049
01-12 12:52:18.572 1116 1198 I dvm_lock_sample: [system_server,1,Binder:1116_1,17,ActivityManagerService.java,12114,int com.android.server.am.ActivityManagerService.bindIsolatedService(android.app.IApplicationThread, android.os.IBinder, android.content.Intent, java.lang.String, android.app.IServiceConnection, int, java.lang.String, java.lang.String, int),-,12115,int com.android.server.am.ActivityManagerService.bindIsolatedService(android.app.IApplicationThread, android.os.IBinder, android.content.Intent, java.lang.String, android.app.IServiceConnection, int, java.lang.String, java.lang.String, int),3]
01-12 12:52:18.622 1116 1380 I am_proc_start: [0,4826,10048,com.nttdocomo.android.pf.dcmwappush,service,{com.nttdocomo.android.pf.dcmwappush/com.nttdocomo.android.pf.dcmwappush.WapPushService}]
01-12 12:52:18.814 1116 2166 I dvm_lock_sample: [system_server,1,NetworkPolicy.uid,11,ActivityManagerService.java,15618,void com.android.server.am.ActivityManagerService$LocalService.notifyNetworkPolicyRulesUpdated(int, long),-,15559,void com.android.server.am.ActivityManagerService$LocalService.updateDeviceIdleTempAllowlist(int[], int, boolean, long, int, int, java.lang.String, int),2]
01-12 12:52:18.901 1116 3508 I am_proc_bound: [0,4826,com.nttdocomo.android.pf.dcmwappush]
01-12 12:52:18.914 1116 3508 I am_uid_active: 10048
01-12 12:52:19.097 1116 1116 I notification_enqueue: [10177,3790,com.google.android.setupwizard,9,NULL,0,Notification(channel=suw_consolidate_foreground_notification shortcut=null contentView=null vibrate=null sound=null defaults=0x0 flags=0x860 color=0xff1a73e8 vis=PRIVATE),0]
01-12 12:52:19.183 4538 4737 I dvm_lock_sample: [com.nttdocomo.android.idmanager,0,pool-20-thread-1,1763,,-1,boolean com.nttdocomo.android.idmanager.ev2.d(),-,-1,java.lang.String com.nttdocomo.android.idmanager.ev2.a(),100]
01-12 12:52:19.299 1116 1116 I sysui_multi_action: [757,1501,758,1,793,204,794,0,795,204,796,9,806,com.google.android.setupwizard,857,suw_consolidate_foreground_-e437bac7,858,3,947,0,1500,0,1688,1]
01-12 12:52:19.300 1116 1116 I sysui_multi_action: [757,804,799,note_interruptive,801,0,802,1]
01-12 12:52:19.328 1116 2358 I dvm_lock_sample: [system_server,0,Binder:1116_5,10,ActivityManagerService.java,12158,void com.android.server.am.ActivityManagerService.serviceDoneExecuting(android.os.IBinder, int, int, int),-,12128,boolean com.android.server.am.ActivityManagerService.unbindService(android.app.IServiceConnection),2]
01-12 12:52:19.828 1116 3511 I am_proc_died: [0,4258,com.qualcomm.timeservice,999,19]
01-12 12:52:19.829 1116 3511 I am_uid_stopped: 10116
01-12 12:52:19.832 1116 3511 I am_mem_factor: [2,0]
01-12 12:52:19.840 3914 4326 I dvm_lock_sample: [com.google.android.googlequickse,1,BG Thread #3,610,Runtime.java,-1,void java.lang.Runtime.loadLibrary0(java.lang.ClassLoader, java.lang.Class, java.lang.String),-,1079,void java.lang.Runtime.loadLibrary0(java.lang.ClassLoader, java.lang.Class, java.lang.String),100]
01-12 12:52:20.128 1116 3971 I am_proc_died: [0,4364,jp.co.nttdocomo.saigaiban,995,19]
01-12 12:52:20.129 1116 3971 I am_uid_stopped: 10100
01-12 12:52:20.276 2236 2236 I sysui_heads_up_status: [0|com.google.android.setupwizard|9|null|10177,1]
01-12 12:52:20.523 2741 2741 D RILJ : [0025]> SEND_DEVICE_STATE 2:false [PHONE0]
01-12 12:52:20.526 2741 2741 D RILJ : [0026]> SET_UNSOLICITED_RESPONSE_FILTER 127 [PHONE0]
01-12 12:52:20.526 2741 2741 D SST : [0] handleMessage: received event 61
01-12 12:52:20.531 2741 2959 D RILJ : [0025]< SEND_DEVICE_STATE [PHONE0]
01-12 12:52:20.534 2741 2741 D RILJ : [0027]> SET_SIGNAL_STRENGTH_REPORTING_CRITERIA [PHONE0]
01-12 12:52:20.538 2741 2741 D RILJ : [0028]> SET_SIGNAL_STRENGTH_REPORTING_CRITERIA [PHONE0]
01-12 12:52:20.540 2741 2741 D RILJ : [0029]> SET_SIGNAL_STRENGTH_REPORTING_CRITERIA [PHONE0]
01-12 12:52:20.541 2741 2741 D NetworkTypeController: [0] LegacyState: process EVENT_PHYSICAL_CHANNEL_CONFIG_NOTIF_CHANGED
01-12 12:52:20.541 2741 2741 D NetworkTypeController: [0] Remove all timers
01-12 12:52:20.542 2741 2741 D NetworkTypeController: [0] DefaultState: process EVENT_PHYSICAL_CHANNEL_CONFIG_NOTIF_CHANGED
01-12 12:52:20.542 2741 2741 D NetworkTypeController: [0] mIsPhysicalChannelConfigOn changed to: true
01-12 12:52:20.548 2741 2959 D RILJ : [0026]< SET_UNSOLICITED_RESPONSE_FILTER [PHONE0]
01-12 12:52:20.582 2741 2959 D RILJ : [0027]< SET_SIGNAL_STRENGTH_REPORTING_CRITERIA [PHONE0]
01-12 12:52:20.582 2741 2959 D RILJ : [0028]< SET_SIGNAL_STRENGTH_REPORTING_CRITERIA [PHONE0]
01-12 12:52:20.587 2741 2959 D RILJ : [0029]< SET_SIGNAL_STRENGTH_REPORTING_CRITERIA [PHONE0]
01-12 12:52:20.762 3477 3581 I force_gc: Binder
01-12 12:52:20.830 1116 1378 I am_wtf : [0,1116,system_server,-1,DisplayDeviceConfig,requesting nits when no mapping exists.]
01-12 12:52:20.839 1116 3971 I am_mem_factor: [0,2]
01-12 12:52:20.848 3134 3338 I c2dm : [-19,ERR_AUTHENTICATION_FAILED,0,0]
01-12 12:52:20.851 1116 1378 I am_wtf : [0,1116,system_server,-1,DisplayDeviceConfig,requesting nits when no mapping exists.]
01-12 12:52:21.080 3134 3340 I gtalk_connection: 16778495
01-12 12:52:21.466 2741 2741 D TelephonyNetworkFactory[0]: got request NetworkRequest [ REQUEST id=85, [ Capabilities: INTERNET&NOT_RESTRICTED&TRUSTED&NOT_VCN_MANAGED Uid: 1001 RequestorUid: 1001 RequestorPkg: com.qti.dpmserviceapp UnderlyingNetworks: Null] ]
01-12 12:52:21.467 2741 2741 D TelephonyNetworkFactory[0]: onNeedNetworkFor NetworkRequest [ REQUEST id=85, [ Capabilities: INTERNET&NOT_RESTRICTED&TRUSTED&NOT_VCN_MANAGED Uid: 1001 RequestorUid: 1001 RequestorPkg: com.qti.dpmserviceapp UnderlyingNetworks: Null] ] shouldApply false
01-12 12:52:21.529 1116 3971 I am_uid_running: 10120
01-12 12:52:21.701 1116 1380 I am_proc_start: [0,4927,10120,com.tblenovo.lewea,broadcast,{com.tblenovo.lewea/com.tblenovo.lewea.widget.WeatherWidget}]
01-12 12:52:21.761 2741 2767 D SubscriptionController: [getActiveSubscriptionInfoForSimSlotIndex]+ slotIndex=0 subId=null
01-12 12:52:21.885 2741 2767 D SubscriptionController: [getActiveSubscriptionInfoForSimSlotIndex]+ slotIndex=0 subId=null
01-12 12:52:21.905 2741 3058 D SubscriptionController: [getActiveSubscriptionInfoForSimSlotIndex]+ slotIndex=0 subId=null
01-12 12:52:21.911 2741 3058 D SubscriptionController: [getActiveSubscriptionInfoForSimSlotIndex]+ slotIndex=0 subId=null
01-12 12:52:21.912 1116 2358 I am_proc_bound: [0,4927,com.tblenovo.lewea]
01-12 12:52:21.916 2741 2767 D SubscriptionController: [getActiveSubscriptionInfoForSimSlotIndex]+ slotIndex=0 subId=null
01-12 12:52:21.935 2741 2767 D SubscriptionController: [getActiveSubscriptionInfoForSimSlotIndex]+ slotIndex=0 subId=null
01-12 12:52:21.937 1116 2358 I am_uid_active: 10120
01-12 12:52:21.942 2741 2767 D SubscriptionController: [getActiveSubscriptionInfoForSimSlotIndex]+ slotIndex=0 subId=null
01-12 12:52:21.945 2741 2767 D SubscriptionController: [getActiveSubscriptionInfoForSimSlotIndex]+ slotIndex=0 subId=null
01-12 12:52:21.956 2741 2767 D SubscriptionController: [getActiveSubscriptionInfoForSimSlotIndex]+ slotIndex=0 subId=null
01-12 12:52:21.969 2741 2767 D SubscriptionController: [getActiveSubscriptionInfoForSimSlotIndex]+ slotIndex=0 subId=null
01-12 12:52:21.972 2741 2767 D SubscriptionController: [getActiveSubscriptionInfoForSimSlotIndex]+ slotIndex=0 subId=null
01-12 12:52:21.977 2741 2767 D SubscriptionController: [getActiveSubscriptionInfoForSimSlotIndex]+ slotIndex=0 subId=null
01-12 12:52:21.982 2741 2767 D SubscriptionController: [getActiveSubscriptionInfoForSimSlotIndex]+ slotIndex=0 subId=null
01-12 12:52:21.986 2741 2767 D SubscriptionController: [getActiveSubscriptionInfoForSimSlotIndex]+ slotIndex=0 subId=null
01-12 12:52:22.003 2741 3058 D SubscriptionController: [getActiveSubscriptionInfoForSimSlotIndex]+ slotIndex=0 subId=null
01-12 12:52:22.027 2741 2767 D SubscriptionController: [getActiveSubscriptionInfoForSimSlotIndex]+ slotIndex=0 subId=null
01-12 12:52:22.034 2741 2767 D SubscriptionController: [getActiveSubscriptionInfoForSimSlotIndex]+ slotIndex=0 subId=null
01-12 12:52:22.049 2741 2767 D SubscriptionController: [getActiveSubscriptionInfoForSimSlotIndex]+ slotIndex=0 subId=null
01-12 12:52:22.053 2741 2767 D SubscriptionController: [getActiveSubscriptionInfoForSimSlotIndex]+ slotIndex=0 subId=null
01-12 12:52:22.105 2741 2767 D SubscriptionController: [getActiveSubscriptionInfoForSimSlotIndex]+ slotIndex=0 subId=null
01-12 12:52:22.109 2741 2767 D SubscriptionController: [getActiveSubscriptionInfoForSimSlotIndex]+ slotIndex=0 subId=null
01-12 12:52:22.113 2741 2767 D SubscriptionController: [getActiveSubscriptionInfoForSimSlotIndex]+ slotIndex=0 subId=null
01-12 12:52:22.121 2741 2767 D SubscriptionController: [getActiveSubscriptionInfoForSimSlotIndex]+ slotIndex=0 subId=null
01-12 12:52:22.127 2741 2767 D SubscriptionController: [getActiveSubscriptionInfoForSimSlotIndex]+ slotIndex=0 subId=null
01-12 12:52:22.140 2741 2767 D SubscriptionController: [getActiveSubscriptionInfoForSimSlotIndex]+ slotIndex=0 subId=null
01-12 12:52:22.145 2741 2767 D SubscriptionController: [getActiveSubscriptionInfoForSimSlotIndex]+ slotIndex=0 subId=null
01-12 12:52:22.151 2741 2767 D SubscriptionController: [getActiveSubscriptionInfoForSimSlotIndex]+ slotIndex=0 subId=null
01-12 12:52:22.155 2741 3058 D SubscriptionController: [getActiveSubscriptionInfoForSimSlotIndex]+ slotIndex=0 subId=null
01-12 12:52:22.162 2741 3058 D SubscriptionController: [getActiveSubscriptionInfoForSimSlotIndex]+ slotIndex=0 subId=null
01-12 12:52:22.166 2741 3058 D SubscriptionController: [getActiveSubscriptionInfoForSimSlotIndex]+ slotIndex=0 subId=null
01-12 12:52:22.182 2741 3058 D SubscriptionController: [getActiveSubscriptionInfoForSimSlotIndex]+ slotIndex=0 subId=null
01-12 12:52:22.186 2741 3058 D SubscriptionController: [getActiveSubscriptionInfoForSimSlotIndex]+ slotIndex=0 subId=null
01-12 12:52:22.190 2741 2767 D SubscriptionController: [getActiveSubscriptionInfoForSimSlotIndex]+ slotIndex=0 subId=null
01-12 12:52:22.270 1116 3511 I am_uid_running: 10130
01-12 12:52:22.456 1116 1380 I am_proc_start: [0,4954,10130,com.google.android.apps.wellbeing,broadcast,{com.google.android.apps.wellbeing/com.google.android.apps.wellbeing.appusage.impl.AppUsageBootCompletedBroadcastReceiver_Receiver}]
01-12 12:52:22.623 1116 1316 I commit_sys_config_file: [notification-policy,51143]
01-12 12:52:22.671 2741 2741 D TelephonyNetworkFactory[0]: got request NetworkRequest [ REQUEST id=87, [ Capabilities: INTERNET&NOT_RESTRICTED&TRUSTED&NOT_VCN_MANAGED Uid: 10059 RequestorUid: 1000 RequestorPkg: android UnderlyingNetworks: Null] ]
01-12 12:52:22.672 2741 2741 D TelephonyNetworkFactory[0]: onNeedNetworkFor NetworkRequest [ REQUEST id=87, [ Capabilities: INTERNET&NOT_RESTRICTED&TRUSTED&NOT_VCN_MANAGED Uid: 10059 RequestorUid: 1000 RequestorPkg: android UnderlyingNetworks: Null] ] shouldApply false
01-12 12:52:22.672 1116 1377 I am_meminfo: [976707584,39051264,5115904,797827072,494081024]
01-12 12:52:22.744 1116 3508 I am_proc_bound: [0,4954,com.google.android.apps.wellbeing]
01-12 12:52:22.754 1116 3508 I am_uid_active: 10130
01-12 12:52:22.759 1116 1377 I am_pss : [4061,10055,com.nttdocomo.android.applicationmanager,49049600,40067072,0,155312128,2,5,23]
01-12 12:52:22.954 1116 2982 I dvm_lock_sample: [system_server,1,Binder:1116_B,33,ActivityManagerService.java,12138,void com.android.server.am.ActivityManagerService.publishService(android.os.IBinder, android.content.Intent, android.os.IBinder),-,12128,boolean com.android.server.am.ActivityManagerService.unbindService(android.app.IServiceConnection),6]
01-12 12:52:22.966 1116 1377 I am_pss : [3725,10056,com.nttdocomo.android.homezozo,75170816,64851968,0,191840256,2,5,26]
01-12 12:52:23.005 1116 1377 I am_pss : [3360,10136,com.google.android.gms,36758528,19324928,0,153980928,2,4,27]
01-12 12:52:23.072 1116 1377 I am_pss : [3134,10136,com.google.android.gms.persistent,75107328,53612544,0,202993664,2,4,28]
01-12 12:52:23.117 1116 1377 I am_pss : [3804,10136,com.google.process.gapps,7615488,4907008,0,93401088,2,5,17]
01-12 12:52:23.121 3134 3338 I c2dm : [-19,ERR_AUTHENTICATION_FAILED,0,0]
01-12 12:52:23.163 3134 4726 I c2dm : [-19,ERR_AUTHENTICATION_FAILED,0,0]
01-12 12:52:23.261 1116 1377 I am_pss : [3477,10136,com.google.process.gservices,8571904,5910528,0,95203328,2,5,17]
01-12 12:52:23.318 1116 1377 I am_pss : [3873,10155,com.google.android.apps.photos,52376576,44425216,6374400,106487808,2,19,23]
01-12 12:52:23.409 1116 1377 I am_pss : [3400,10063,com.nttdocomo.android.mascot,47779840,39440384,1071104,140275712,2,4,24]
01-12 12:52:23.451 1116 1377 I am_pss : [3790,10177,com.google.android.setupwizard,13931520,11673600,0,100827136,2,4,19]
01-12 12:52:23.486 1116 1377 I am_pss : [4179,10073,com.nttdocomo.android.devicehelp,16313344,14082048,0,107188224,2,5,19]
01-12 12:52:23.617 1116 3511 I am_uid_running: 10046
01-12 12:52:23.662 1116 1377 I am_pss : [3693,10200,com.google.android.providers.media.module,22379520,19533824,0,113565696,2,0,19]
01-12 12:52:23.687 1116 1377 I am_pss : [2929,10196,com.qualcomm.qti.qccauthmgr,9771008,3465216,5267456,59199488,2,5,21]
01-12 12:52:23.739 1116 1377 I am_pss : [3688,10184,com.qualcomm.location,9254912,7229440,0,92798976,2,0,19]
01-12 12:52:23.763 1116 1377 I am_pss : [3666,10189,com.qualcomm.qti.workloadclassifier,5357568,3936256,0,83529728,2,0,18]
01-12 12:52:23.829 1116 1380 I am_proc_start: [0,5018,10046,android.process.acore,content provider,{com.android.providers.contacts/com.android.providers.contacts.ContactsProvider2}]
01-12 12:52:23.843 1116 1377 I am_pss : [3637,10197,com.qualcomm.qti.qccnetstat,5865472,4370432,0,85745664,2,0,18]
01-12 12:52:23.864 1116 1377 I am_pss : [3628,10121,com.tblenovo.kidsmodewebview,13666304,11460608,0,88776704,2,0,17]
01-12 12:52:23.936 1116 1377 I am_pss : [3607,10172,com.qualcomm.qti.services.systemhelper:systemhelper_service,6814720,5111808,0,87076864,2,0,17]
01-12 12:52:24.046 1116 2501 I dvm_lock_sample: [system_server,1,Binder:1116_7,126,ActivityManagerService.java,12127,boolean com.android.server.am.ActivityManagerService.unbindService(android.app.IServiceConnection),-,15560,void com.android.server.am.ActivityManagerService$LocalService.updateDeviceIdleTempAllowlist(int[], int, boolean, long, int, int, java.lang.String, int),25]
01-12 12:52:24.065 1116 3394 I dvm_lock_sample: [system_server,0,Binder:1116_C,25,ContentProviderHelper.java,728,void com.android.server.am.ContentProviderHelper.removeContentProvider(android.os.IBinder, boolean),,0,null,5]
01-12 12:52:24.089 1116 3508 I am_proc_bound: [0,5018,android.process.acore]
01-12 12:52:24.095 1116 1377 I am_pss : [3586,10115,.pasr,5120000,3665920,0,82812928,2,0,16]
01-12 12:52:24.097 1116 3508 I am_uid_active: 10046
01-12 12:52:24.115 1116 1377 I am_pss : [2814,10199,com.google.android.ext.services,7972864,5644288,0,92045312,2,5,16]
01-12 12:52:24.259 1116 3394 I dvm_lock_sample: [system_server,1,Binder:1116_C,10,ActivityManagerService.java,12138,void com.android.server.am.ActivityManagerService.publishService(android.os.IBinder, android.content.Intent, android.os.IBinder),-,12128,boolean com.android.server.am.ActivityManagerService.unbindService(android.app.IServiceConnection),2]
01-12 12:52:24.284 1116 1377 I am_pss : [3558,10178,com.dolby.daxservice,6478848,4628480,0,89509888,2,0,18]
01-12 12:52:24.422 1116 1377 I am_pss : [3535,1000,com.goodix.fingerprint,5827584,4390912,0,85078016,2,0,17]
01-12 12:52:24.480 2741 3058 D SubscriptionController: [getActiveSubscriptionInfoForSimSlotIndex]+ slotIndex=0 subId=null
01-12 12:52:24.484 2741 3058 D SubscriptionController: [getActiveSubscriptionInfoForSimSlotIndex]+ slotIndex=0 subId=null
01-12 12:52:24.495 2741 2767 D SubscriptionController: [getActiveSubscriptionInfoForSimSlotIndex]+ slotIndex=0 subId=null
01-12 12:52:24.511 4757 4908 I dvm_lock_sample: [com.nttdocomo.android.msg,0,WMC.poll-1.id-1,77,SourceFile,-1,com.wit.wcl.sdk.platform.device.ITelephonyManager com.wit.wcl.sdk.platform.device.DeviceController.getTelephonyManager(),-,82,void com.wit.wcl.sdk.platform.device.DeviceController.init(android.content.Context, java.util.HashMap, com.wit.wcl.sdk.platform.PlatformService$ReloadedHardSIMsCallback),15]
01-12 12:52:24.517 2741 2767 D SubscriptionController: [getActiveSubscriptionInfoForSimSlotIndex]+ slotIndex=0 subId=null
01-12 12:52:24.538 2741 2767 D SubscriptionController: [getActiveSubscriptionInfoForSimSlotIndex]+ slotIndex=0 subId=null
01-12 12:52:24.579 1116 1377 I am_pss : [3509,10137,com.google.android.googlequicksearchbox:interactor,62161920,26640384,0,184225792,2,5,23]
01-12 12:52:24.580 2741 2767 D SubscriptionController: [getActiveSubscriptionInfoForSimSlotIndex]+ slotIndex=0 subId=null
01-12 12:52:24.589 2741 2767 D SubscriptionController: [getActiveSubscriptionInfoForSimSlotIndex]+ slotIndex=0 subId=null
01-12 12:52:24.605 1116 1377 I am_pss : [2879,10186,com.android.launcher3,14138368,11780096,0,100786176,2,5,18]
01-12 12:52:24.621 2741 2767 D SubscriptionController: [getActiveSubscriptionInfoForSimSlotIndex]+ slotIndex=0 subId=null
01-12 12:52:24.622 4757 4911 I dvm_lock_sample: [com.nttdocomo.android.msg,0,WMC.poll-1.id-3,859,ActivityThread.java,7013,android.content.IContentProvider android.app.ActivityThread.acquireProvider(android.content.Context, java.lang.String, int, boolean),-,7028,android.content.IContentProvider android.app.ActivityThread.acquireProvider(android.content.Context, java.lang.String, int, boolean),100]
01-12 12:52:24.639 2741 2767 D SubscriptionController: [getActiveSubscriptionInfoForSimSlotIndex]+ slotIndex=0 subId=null
01-12 12:52:24.644 2741 2767 D SubscriptionController: [getActiveSubscriptionInfoForSimSlotIndex]+ slotIndex=0 subId=null
01-12 12:52:24.653 2741 2767 D SubscriptionController: [getActiveSubscriptionInfoForSimSlotIndex]+ slotIndex=0 subId=null
01-12 12:52:24.664 2741 2767 D SubscriptionController: [getActiveSubscriptionInfoForSimSlotIndex]+ slotIndex=0 subId=null
01-12 12:52:24.691 2741 2767 D SubscriptionController: [getActiveSubscriptionInfoForSimSlotIndex]+ slotIndex=0 subId=null
01-12 12:52:24.701 2741 2767 D SubscriptionController: [getActiveSubscriptionInfoForSimSlotIndex]+ slotIndex=0 subId=null
01-12 12:52:24.772 1116 1377 I am_pss : [3008,10195,com.android.smspush,5683200,4214784,0,84852736,2,6,16]
01-12 12:52:24.895 1116 1377 I am_pss : [2765,1000,com.qualcomm.qti.qdma,9595904,7483392,0,95862784,2,0,18]
01-12 12:52:24.958 1116 1377 I am_pss : [2741,1001,com.android.phone,25928704,22708224,0,117956608,2,0,21]
01-12 12:52:25.035 1116 1377 I am_pss : [2717,10162,com.qualcomm.qti.devicestatisticsservice,5877760,4411392,0,84189184,2,0,16]
01-12 12:52:25.095 3914 3914 I dvm_lock_sample: [com.google.android.googlequickse,1,main,56,MessageQueue.java,337,android.os.Message android.os.MessageQueue.next(),-,600,boolean android.os.MessageQueue.enqueueMessage(android.os.Message, long),11]
01-12 12:52:25.196 1116 1377 I am_pss : [2688,1068,com.android.se,6240256,4743168,0,86482944,2,0,17]
01-12 12:52:25.242 1116 1377 I am_pss : [2669,10188,com.qti.qualcomm.mstatssystemservice,5479424,4096000,0,82771968,2,0,17]
01-12 12:52:25.267 1116 1377 I am_pss : [2655,10183,org.codeaurora.ims,6648832,5230592,0,84201472,2,0,18]
01-12 12:52:25.404 1116 1377 I am_pss : [2617,1000,vendor.qti.qesdk.sysservice,5566464,4132864,0,83910656,2,0,17]
01-12 12:52:25.513 1116 1377 I am_pss : [2603,10181,com.qualcomm.qtil.aptxals,7313408,5713920,0,86921216,2,0,15]
01-12 12:52:25.558 1116 2982 I dvm_lock_sample: [system_server,1,Binder:1116_B,29,OomAdjuster.java,2907,boolean com.android.server.am.OomAdjuster.applyOomAdjLSP(com.android.server.am.ProcessRecord, boolean, long, long),AppProfiler.java,527,void com.android.server.am.AppProfiler.collectPssInBackground(),5]
01-12 12:52:25.631 1116 1377 I am_pss : [2573,10190,com.qualcomm.qtil.aptxacu,6073344,4702208,0,82984960,2,0,17]
01-12 12:52:25.664 1116 1377 I am_pss : [2534,10144,com.qti.phone,8694784,6963200,0,89395200,2,0,19]
01-12 12:52:25.725 1116 1377 I am_pss : [2522,1000,com.lenovo.wifi,6695936,5222400,0,84713472,2,0,16]
01-12 12:52:25.780 1116 1377 I am_pss : [2482,10114,.qtidataservices,7668736,6070272,0,87191552,2,0,18]
01-12 12:52:25.857 1116 1377 I am_pss : [2456,1001,.dataservices,7892992,6434816,0,85004288,2,0,18]
01-12 12:52:25.881 2236 2236 I sysui_heads_up_status: [0|com.google.android.setupwizard|9|null|10177,0]
01-12 12:52:25.894 1116 1377 I am_pss : [2422,1073,com.android.networkstack.process,9500672,7815168,0,89899008,2,0,18]
01-12 12:52:25.926 1116 1378 I am_wtf : [0,1116,system_server,-1,DisplayDeviceConfig,requesting nits when no mapping exists.]
01-12 12:52:25.933 1116 1378 I am_wtf : [0,1116,system_server,-1,DisplayDeviceConfig,requesting nits when no mapping exists.]
01-12 12:52:25.971 2741 2741 D RILJ : [0030]> SEND_DEVICE_STATE 2:true [PHONE0]
01-12 12:52:25.974 2741 2959 D RILJ : [0030]< SEND_DEVICE_STATE [PHONE0]
01-12 12:52:25.981 1116 3971 I dvm_lock_sample: [system_server,1,Binder:1116_10,16,ActivityManagerService.java,8537,java.util.List com.android.server.am.ActivityManagerService.getRunningAppProcesses(),OomAdjuster.java,908,void com.android.server.am.OomAdjuster.performUpdateOomAdjPendingTargetsLocked(java.lang.String),3]
01-12 12:52:25.985 2741 2741 D RILJ : [0031]> SET_UNSOLICITED_RESPONSE_FILTER 32 [PHONE0]
01-12 12:52:25.985 2741 2741 D SST : [0] handleMessage: received event 61
01-12 12:52:25.992 2741 2959 D RILJ : [0031]< SET_UNSOLICITED_RESPONSE_FILTER [PHONE0]
01-12 12:52:25.997 2741 2741 I service_manager_slow: [11,carrier_config]
01-12 12:52:26.001 1116 1377 I am_pss : [2300,1000,com.lenovo.lserver,6581248,4804608,0,85770240,2,0,17]
01-12 12:52:26.027 1116 1377 I am_pss : [2269,1000,com.lenovo.face,11300864,9699328,0,90419200,2,0,17]
01-12 12:52:26.033 2741 2741 D RILJ : [0032]> SET_SIGNAL_STRENGTH_REPORTING_CRITERIA [PHONE0]
01-12 12:52:26.037 2741 2741 D RILJ : [0033]> SET_SIGNAL_STRENGTH_REPORTING_CRITERIA [PHONE0]
01-12 12:52:26.037 2741 2959 D RILJ : [0032]< SET_SIGNAL_STRENGTH_REPORTING_CRITERIA [PHONE0]
01-12 12:52:26.045 2741 2741 D RILJ : [0034]> SET_SIGNAL_STRENGTH_REPORTING_CRITERIA [PHONE0]
01-12 12:52:26.046 2741 2741 D NetworkTypeController: [0] LegacyState: process EVENT_PHYSICAL_CHANNEL_CONFIG_NOTIF_CHANGED
01-12 12:52:26.046 2741 2741 D NetworkTypeController: [0] Remove all timers
01-12 12:52:26.046 2741 2741 D NetworkTypeController: [0] DefaultState: process EVENT_PHYSICAL_CHANNEL_CONFIG_NOTIF_CHANGED
01-12 12:52:26.062 2741 2959 D RILJ : [0033]< SET_SIGNAL_STRENGTH_REPORTING_CRITERIA [PHONE0]
01-12 12:52:26.062 2741 2741 D NetworkTypeController: [0] mIsPhysicalChannelConfigOn changed to: false
01-12 12:52:26.062 2741 2741 D NetworkTypeController: [0] Remove all timers
01-12 12:52:26.062 2741 2959 D RILJ : [0034]< SET_SIGNAL_STRENGTH_REPORTING_CRITERIA [PHONE0]
01-12 12:52:26.063 2741 2741 D TelephonyNetworkFactory[0]: got request NetworkRequest [ REQUEST id=89, [ Capabilities: INTERNET&NOT_RESTRICTED&TRUSTED&NOT_VCN_MANAGED Uid: 10130 RequestorUid: 1000 RequestorPkg: android UnderlyingNetworks: Null] ]
01-12 12:52:26.063 2741 2741 D TelephonyNetworkFactory[0]: onNeedNetworkFor NetworkRequest [ REQUEST id=89, [ Capabilities: INTERNET&NOT_RESTRICTED&TRUSTED&NOT_VCN_MANAGED Uid: 10130 RequestorUid: 1000 RequestorPkg: android UnderlyingNetworks: Null] ] shouldApply false
01-12 12:52:26.083 1116 1377 I am_pss : [2236,10187,com.android.systemui,110721024,102092800,0,217657344,2,5,27]
01-12 12:52:26.109 4757 4916 I dvm_lock_sample: [com.nttdocomo.android.msg,0,WMC.poll-1.id-4,135,SourceFile,85,void gls.b(gme),-,85,void gls.b(gme),27]
01-12 12:52:26.138 1116 1377 I am_pss : [1116,1000,system,147657728,135434240,0,259915776,2,0,36]
01-12 12:52:26.261 2741 2741 D TelephonyNetworkFactory[0]: got request NetworkRequest [ REQUEST id=91, [ Capabilities: INTERNET&NOT_RESTRICTED&TRUSTED&NOT_VCN_MANAGED Uid: 10130 RequestorUid: 10130 RequestorPkg: com.google.android.apps.wellbeing UnderlyingNetworks: Null] ]
01-12 12:52:26.262 2741 2741 D TelephonyNetworkFactory[0]: onNeedNetworkFor NetworkRequest [ REQUEST id=91, [ Capabilities: INTERNET&NOT_RESTRICTED&TRUSTED&NOT_VCN_MANAGED Uid: 10130 RequestorUid: 10130 RequestorPkg: com.google.android.apps.wellbeing UnderlyingNetworks: Null] ] shouldApply false
01-12 12:52:26.309 1116 1316 I commit_sys_config_file: [jobs,16]
01-12 12:52:26.314 1116 1393 I dvm_lock_sample: [system_server,0,batterystats-handler,350,BatteryStatsService.java,2829,void com.android.server.am.BatteryStatsService.lambda$noteServiceStopLaunch$105$BatteryStatsService(int, java.lang.String, java.lang.String, long, long),BatteryExternalStatsWorker.java,696,void com.android.server.am.BatteryExternalStatsWorker.updateExternalStatsLocked(java.lang.String, int, boolean, boolean, int, boolean),70]
01-12 12:52:27.208 1116 2982 I am_uid_running: 10154
01-12 12:52:27.273 1116 1377 I sysui_multi_action: [757,1717,758,1,759,0]
01-12 12:52:27.275 1116 1377 I sysui_multi_action: [757,1717,758,2,759,1]
01-12 12:52:27.275 1116 1377 I sysui_multi_action: [757,1717,758,3,759,0]
01-12 12:52:27.356 1116 2982 I am_uid_running: 10142
01-12 12:52:27.369 1116 1936 I service_manager_slow: [12,platform_compat]
01-12 12:52:27.390 1116 1380 I am_proc_start: [0,5090,10154,com.google.android.deskclock,content provider,{com.google.android.deskclock/com.android.deskclock.provider.ClockContentProvider}]
01-12 12:52:27.652 1116 1380 I am_proc_start: [0,5104,10142,com.android.chrome,service,{com.android.chrome/org.chromium.chrome.browser.usage_stats.UsageStatsBrowserServiceProvider}]
01-12 12:52:27.679 1116 2358 I am_proc_bound: [0,5090,com.google.android.deskclock]
01-12 12:52:27.856 1116 3394 I am_proc_bound: [0,5104,com.android.chrome]
01-12 12:52:28.504 4757 4916 I dvm_lock_sample: [com.nttdocomo.android.msg,0,WMC.poll-1.id-4,89,SourceFile,43,void gls.c(gme),-,85,void gls.b(gme),17]
01-12 12:52:28.652 1116 1380 I am_proc_start: [0,5135,1000,com.qti.diagservices,broadcast,{com.qti.diagservices/com.qti.diagservices.Diag_OnBoot}]
01-12 12:52:28.847 1116 1377 I service_manager_slow: [48,location]
01-12 12:52:28.888 1116 3508 I am_proc_bound: [0,5135,com.qti.diagservices]
01-12 12:52:29.271 1116 1315 I dvm_lock_sample: [system_server,1,android.ui,20,ActivityManagerService.java,15542,void com.android.server.am.ActivityManagerService$LocalService.updateDeviceIdleTempAllowlist(int[], int, boolean, long, int, int, java.lang.String, int),,0,null,4]
01-12 12:52:29.321 1116 1378 I am_wtf : [0,1116,system_server,-1,ActivityManager,Sending non-protected broadcast com.lenovo.action.ACTION_TEMPERATURE_STATE_CHANGED from system 2300:com.lenovo.lserver/1000 pkg com.lenovo.lserver]
01-12 12:52:29.408 1116 1378 I am_wtf : [0,1116,system_server,-1,ActivityManager,Sending non-protected broadcast com.android.internal.policy.impl.CARRIERMAIL_COUNT_UPDATE from system 2236:com.android.systemui/u0a187 pkg com.android.systemui]
01-12 12:52:29.410 1116 1378 I am_wtf : [0,1116,system_server,-1,ActivityManager,Sending non-protected broadcast com.android.internal.policy.impl.CARRIERMAIL_COUNT_UPDATE from system 2236:com.android.systemui/u0a187 pkg com.android.systemui]
01-12 12:52:29.519 1116 2358 I am_uid_running: 10159
01-12 12:52:29.773 1116 1380 I am_proc_start: [0,5169,10159,com.google.android.marvin.talkback,broadcast,{com.google.android.marvin.talkback/com.google.android.accessibility.talkback.BootReceiver}]
01-12 12:52:30.012 1116 2501 I am_proc_bound: [0,5169,com.google.android.marvin.talkback]
01-12 12:52:30.026 1116 2501 I am_uid_active: 10159
01-12 12:52:30.149 1116 2501 I am_proc_died: [0,4419,com.android.keychain,955,19]
01-12 12:52:30.158 1116 2501 I am_mem_factor: [2,0]
01-12 12:52:30.694 1116 2358 I am_uid_running: 10081
01-12 12:52:30.703 1116 2358 I am_mem_factor: [1,2]
01-12 12:52:30.779 1116 2358 I am_proc_died: [0,4670,com.android.traceur,965,19]
01-12 12:52:30.785 1116 2358 I am_uid_stopped: 10050
01-12 12:52:30.810 1116 2358 I am_uid_active: 10081
01-12 12:52:30.862 1116 3988 I dvm_lock_sample: [system_server,1,Binder:1116_11,6,ActivityManagerService.java,12468,android.content.Intent com.android.server.am.ActivityManagerService.registerReceiverWithFeature(android.app.IApplicationThread, java.lang.String, java.lang.String, java.lang.String, android.content.IIntentReceiver, android.content.IntentFilter, java.lang.String, int, int),-,12115,int com.android.server.am.ActivityManagerService.bindIsolatedService(android.app.IApplicationThread, android.os.IBinder, android.content.Intent, java.lang.String, android.app.IServiceConnection, int, java.lang.String, java.lang.String, int),1]
01-12 12:52:30.877 1116 1380 I am_proc_start: [0,5201,10081,com.nttdocomo.android.cloudset,broadcast,{com.nttdocomo.android.cloudset/com.nttdocomo.android.cloudset.BootCompletedReceiver}]
01-12 12:52:30.933 1116 3394 I am_proc_died: [0,4020,com.android.printspooler,955,19]
01-12 12:52:30.934 1116 3394 I am_uid_stopped: 10105
01-12 12:52:31.130 1116 3508 I am_proc_bound: [0,5201,com.nttdocomo.android.cloudset]
01-12 12:52:31.312 1116 1377 I am_pss : [3400,10063,com.nttdocomo.android.mascot,46045184,38506496,1010688,131244032,0,4,23]
01-12 12:52:31.385 1116 1377 I am_pss : [3134,10136,com.google.android.gms.persistent,88230912,64565248,17408,213155840,0,4,29]
01-12 12:52:31.530 1116 1377 I am_pss : [3790,10177,com.google.android.setupwizard,13398016,11403264,24576,93847552,0,4,17]
01-12 12:52:31.601 1116 3971 I am_uid_running: 10051
01-12 12:52:31.823 1116 1380 I am_proc_start: [0,5253,10051,com.nttdocomo.android.lpa,broadcast,{com.nttdocomo.android.lpa/com.nttdocomo.android.lpa.boot.BootCompleteReceiver}]
01-12 12:52:32.265 2741 2741 D TelephonyNetworkFactory[0]: got request NetworkRequest [ REQUEST id=93, [ Capabilities: INTERNET&NOT_RESTRICTED&TRUSTED&NOT_VCN_MANAGED Uid: 10142 RequestorUid: 10142 RequestorPkg: com.android.chrome UnderlyingNetworks: Null] ]
01-12 12:52:32.265 2741 2741 D TelephonyNetworkFactory[0]: onNeedNetworkFor NetworkRequest [ REQUEST id=93, [ Capabilities: INTERNET&NOT_RESTRICTED&TRUSTED&NOT_VCN_MANAGED Uid: 10142 RequestorUid: 10142 RequestorPkg: com.android.chrome UnderlyingNetworks: Null] ] shouldApply false
01-12 12:52:32.322 2741 2767 D SubscriptionController: [getSlotIndex]- subId invalid
01-12 12:52:32.326 1116 3971 I am_proc_bound: [0,5253,com.nttdocomo.android.lpa]
01-12 12:52:32.362 1116 3971 I am_uid_active: 10051
01-12 12:52:32.454 4954 4954 I dvm_lock_sample: [com.google.android.apps.wellbein,1,main,44,MessageQueue.java,337,android.os.Message android.os.MessageQueue.next(),-,600,boolean android.os.MessageQueue.enqueueMessage(android.os.Message, long),8]
01-12 12:52:32.485 1116 1116 I notification_enqueue: [10120,4927,com.tblenovo.lewea,4927,NULL,0,Notification(channel=tblenovo.channel.WEATHER shortcut=null contentView=com.tblenovo.lewea/0x7f090018 vibrate=null sound=null defaults=0x0 flags=0x50 color=0x00000000 vis=PUBLIC),0]
01-12 12:52:32.568 3970 4493 I dvm_lock_sample: [com.nttdocomo.android.scheduleme,0,SchmmAsyncTask #1,20370,WeatherUtility.java,17,com.nttdocomo.android.schedulememo.util.p0$d com.nttdocomo.android.schedulememo.util.p0.g(android.content.Context, java.util.HashMap),-,43,com.nttdocomo.android.schedulememo.util.p0$d com.nttdocomo.android.schedulememo.util.p0.g(android.content.Context, java.util.HashMap),100]
01-12 12:52:32.688 1116 1116 I sysui_multi_action: [757,1501,758,1,793,305,794,0,795,305,796,4927,806,com.tblenovo.lewea,857,tblenovo.channel.WEATHER,858,2,947,0,1500,0,1688,4,1689,2,1690,1]
01-12 12:52:32.689 1116 1116 I sysui_multi_action: [757,804,799,note_interruptive,801,0,802,1]
01-12 12:52:32.708 3970 4494 I dvm_lock_sample: [com.nttdocomo.android.scheduleme,0,SchmmAsyncTask #2,20729,WeatherUtility.java,17,com.nttdocomo.android.schedulememo.util.p0$d com.nttdocomo.android.schedulememo.util.p0.g(android.content.Context, java.util.HashMap),-,43,com.nttdocomo.android.schedulememo.util.p0$d com.nttdocomo.android.schedulememo.util.p0.g(android.content.Context, java.util.HashMap),100]
01-12 12:52:32.953 1116 1313 I am_uid_running: 10198
01-12 12:52:33.183 1116 1380 I am_proc_start: [0,5286,10198,com.google.android.permissioncontroller,service,{com.google.android.permissioncontroller/com.android.permissioncontroller.permission.service.PermissionControllerServiceImpl}]
01-12 12:52:33.402 1116 3394 I am_proc_bound: [0,5286,com.google.android.permissioncontroller]
01-12 12:52:33.408 1116 3394 I am_uid_active: 10198
01-12 12:52:33.566 3970 4406 I liblog : 107
01-12 12:52:33.567 3970 4406 I liblog : 2
01-12 12:52:33.569 3970 4406 I liblog : 1
01-12 12:52:33.767 1116 2982 I am_uid_running: 10127
01-12 12:52:33.833 3970 3970 I liblog : 98
01-12 12:52:33.876 3360 3360 I dvm_lock_sample: [com.google.android.gms,1,main,109,:com.google.android.gms@221820044@22.18.20 (190400-451484765),1,void whq.onServiceConnected(android.content.ComponentName, android.os.IBinder),-,10,boolean whp.e(who, android.content.ServiceConnection, java.lang.String, java.util.concurrent.Executor),21]
01-12 12:52:33.880 3970 5312 I liblog : 7
01-12 12:52:33.922 1116 2358 I am_mem_factor: [0,1]
01-12 12:52:33.998 3360 3874 I dvm_lock_sample: [com.google.android.gms,0,highpool[3],129,:com.google.android.gms@221820044@22.18.20 (190400-451484765),4,java.lang.Object bubv.g(),-,14,java.lang.Object bubv.g(),25]
01-12 12:52:34.002 3360 3838 I dvm_lock_sample: [com.google.android.gms,0,highpool[2],132,:com.google.android.gms@221820044@22.18.20 (190400-451484765),4,java.lang.Object bubv.g(),-,14,java.lang.Object bubv.g(),26]
01-12 12:52:34.139 1116 1380 I am_proc_start: [0,5320,10127,com.android.contacts,broadcast,{com.android.contacts/com.android.contacts.interactions.OnBootOrUpgradeReceiver}]
01-12 12:52:34.361 2741 2741 D TelephonyNetworkFactory[0]: got request NetworkRequest [ REQUEST id=96, [ Capabilities: INTERNET&NOT_RESTRICTED&TRUSTED&NOT_VCN_MANAGED Uid: 10051 RequestorUid: 10051 RequestorPkg: com.nttdocomo.android.lpa UnderlyingNetworks: Null] ]
01-12 12:52:34.361 2741 2741 D TelephonyNetworkFactory[0]: onNeedNetworkFor NetworkRequest [ REQUEST id=96, [ Capabilities: INTERNET&NOT_RESTRICTED&TRUSTED&NOT_VCN_MANAGED Uid: 10051 RequestorUid: 10051 RequestorPkg: com.nttdocomo.android.lpa UnderlyingNetworks: Null] ] shouldApply false
01-12 12:52:34.451 1116 3511 I am_proc_bound: [0,5320,com.android.contacts]
01-12 12:52:34.456 1116 3511 I service_manager_stats: [100,426,29703]
01-12 12:52:34.465 1116 3511 I am_uid_active: 10127
01-12 12:52:34.773 2741 2741 D TelephonyNetworkFactory[0]: got request NetworkRequest [ REQUEST id=98, [ Capabilities: INTERNET&NOT_RESTRICTED&TRUSTED&NOT_VCN_MANAGED Uid: 10142 RequestorUid: 10142 RequestorPkg: com.android.chrome UnderlyingNetworks: Null] ]
01-12 12:52:34.773 2741 2741 D TelephonyNetworkFactory[0]: onNeedNetworkFor NetworkRequest [ REQUEST id=98, [ Capabilities: INTERNET&NOT_RESTRICTED&TRUSTED&NOT_VCN_MANAGED Uid: 10142 RequestorUid: 10142 RequestorPkg: com.android.chrome UnderlyingNetworks: Null] ] shouldApply false
01-12 12:52:35.484 1116 1199 I dvm_lock_sample: [system_server,1,Binder:1116_2,12,PackageManagerService.java,6043,com.android.server.pm.PackageManagerService$Computer com.android.server.pm.PackageManagerService.snapshotComputer(),-,6065,com.android.server.pm.PackageManagerService$Computer com.android.server.pm.PackageManagerService.snapshotComputer(),2]
01-12 12:52:35.949 1116 3508 I dvm_lock_sample: [system_server,1,Binder:1116_D,39,ActivityManagerService.java,12006,boolean com.android.server.am.ActivityManagerService.stopServiceToken(android.content.ComponentName, android.os.IBinder, int),,0,null,7]
01-12 12:52:36.106 1116 1116 I notification_enqueue: [10051,5253,com.nttdocomo.android.lpa,1,NULL,0,Notification(channel=NotificationChannel shortcut=null contentView=null vibrate=null sound=null tick defaults=0x0 flags=0x2 color=0x00000000 vis=PUBLIC),0]
01-12 12:52:36.309 1116 1116 I sysui_multi_action: [757,1501,758,1,793,214,794,0,795,214,796,1,806,com.nttdocomo.android.lpa,857,NotificationChannel,858,2,947,0,1500,0,1688,1,1745,2098068913]
01-12 12:52:36.309 1116 1116 I sysui_multi_action: [757,804,799,note_interruptive,801,0,802,1]
01-12 12:52:36.462 1116 3394 I am_proc_died: [0,4703,com.qualcomm.qti.qmmi,955,19]
01-12 12:52:36.489 1116 3394 I am_mem_factor: [1,0]
