01-12 15:01:04.588 1116 8905 I sysui_multi_action: [757,804,799,note_load,801,1,802,1]
01-12 15:01:04.589 1116 8905 I notification_panel_revealed: 1
01-12 15:01:05.047 1116 2382 I ntp_failure: [time.android.com/2001:4860:4806:c::,java.net.SocketTimeoutException: Poll timed out]
01-12 15:01:05.911 1116 10581 I sysui_multi_action: [757,128,758,1,793,2712,794,0,795,2712,796,26,798,0,806,android,857,DEVELOPER_IMPORTANT,858,4,947,0,1395,9,1500,1924,1688,1]
01-12 15:01:05.912 1116 10581 I sysui_multi_action: [757,804,799,note_freshness,801,2712,802,1]
01-12 15:01:05.912 1116 10581 I notification_visibility: [-1|android|26|null|1000,1,2712,2712,0,0]
01-12 15:01:07.340 15906 15906 I auditd : type=1400 audit(0.0:1312): avc: denied { read } for comm="Thread-18" name="u:object_r:sn_default_prop:s0" dev="tmpfs" ino=23626 scontext=u:r:priv_app:s0:c512,c768 tcontext=u:object_r:sn_default_prop:s0 tclass=file permissive=0 app=com.lenovo.lsf.device
01-12 15:01:07.340 15906 15906 I auditd : type=1400 audit(0.0:1313): avc: denied { read } for comm="Thread-18" name="u:object_r:sn_default_prop:s0" dev="tmpfs" ino=23626 scontext=u:r:priv_app:s0:c512,c768 tcontext=u:object_r:sn_default_prop:s0 tclass=file permissive=0 app=com.lenovo.lsf.device
01-12 15:01:08.330 3134 17176 I gtalk_connection: 16778495
01-12 15:01:08.348 3134 17176 I gtalk_connection: 16778495
01-12 15:01:10.078 1116 2382 I ntp_failure: [time.android.com/2001:4860:4806:8::,java.net.SocketTimeoutException: Poll timed out]
01-12 15:01:10.285 2236 2236 I sysui_heads_up_status: [-1|android|26|null|1000,0]
01-12 15:01:10.777 1116 2507 I sysui_multi_action: [757,128,758,2,793,7578,794,4866,795,7578,796,26,798,0,806,android,857,DEVELOPER_IMPORTANT,858,4,947,0,1395,9,1500,6790,1688,1]
01-12 15:01:10.778 1116 2507 I notification_visibility: [-1|android|26|null|1000,0,7578,7578,0,0]
01-12 15:01:10.783 1116 10581 I sysui_multi_action: [757,127,758,2]
01-12 15:01:10.783 1116 10581 I notification_panel_hidden:
01-12 15:01:15.117 1116 2382 I ntp_failure: [time.android.com/2001:4860:4806:4::,java.net.SocketTimeoutException: Poll timed out]
01-12 15:01:17.410 15906 15906 I auditd : type=1400 audit(0.0:1314): avc: denied { read } for comm="Thread-18" name="u:object_r:sn_default_prop:s0" dev="tmpfs" ino=23626 scontext=u:r:priv_app:s0:c512,c768 tcontext=u:object_r:sn_default_prop:s0 tclass=file permissive=0 app=com.lenovo.lsf.device
01-12 15:01:17.410 15906 15906 I auditd : type=1400 audit(0.0:1315): avc: denied { read } for comm="Thread-18" name="u:object_r:sn_default_prop:s0" dev="tmpfs" ino=23626 scontext=u:r:priv_app:s0:c512,c768 tcontext=u:object_r:sn_default_prop:s0 tclass=file permissive=0 app=com.lenovo.lsf.device
01-12 15:01:17.550 15906 15906 I auditd : type=1400 audit(0.0:1316): avc: denied { read } for comm="Thread-18" name="u:object_r:serialno_prop:s0" dev="tmpfs" ino=23623 scontext=u:r:priv_app:s0:c512,c768 tcontext=u:object_r:serialno_prop:s0 tclass=file permissive=0 app=com.lenovo.lsf.device
01-12 15:01:17.550 15906 15906 I auditd : type=1400 audit(0.0:1317): avc: denied { read } for comm="Thread-18" name="u:object_r:sn_default_prop:s0" dev="tmpfs" ino=23626 scontext=u:r:priv_app:s0:c512,c768 tcontext=u:object_r:sn_default_prop:s0 tclass=file permissive=0 app=com.lenovo.lsf.device
01-12 15:01:17.550 15906 15906 I auditd : type=1400 audit(0.0:1318): avc: denied { read } for comm="Thread-18" name="u:object_r:sn_default_prop:s0" dev="tmpfs" ino=23626 scontext=u:r:priv_app:s0:c512,c768 tcontext=u:object_r:sn_default_prop:s0 tclass=file permissive=0 app=com.lenovo.lsf.device
01-12 15:01:17.580 15906 15906 I auditd : type=1400 audit(0.0:1319): avc: denied { read } for comm="Thread-18" name="u:object_r:serialno_prop:s0" dev="tmpfs" ino=23623 scontext=u:r:priv_app:s0:c512,c768 tcontext=u:object_r:serialno_prop:s0 tclass=file permissive=0 app=com.lenovo.lsf.device
01-12 15:01:17.580 15906 15906 I auditd : type=1400 audit(0.0:1320): avc: denied { read } for comm="Thread-18" name="u:object_r:sn_default_prop:s0" dev="tmpfs" ino=23626 scontext=u:r:priv_app:s0:c512,c768 tcontext=u:object_r:sn_default_prop:s0 tclass=file permissive=0 app=com.lenovo.lsf.device
01-12 15:01:17.590 15906 15906 I auditd : type=1400 audit(0.0:1321): avc: denied { read } for comm="Thread-18" name="u:object_r:sn_default_prop:s0" dev="tmpfs" ino=23626 scontext=u:r:priv_app:s0:c512,c768 tcontext=u:object_r:sn_default_prop:s0 tclass=file permissive=0 app=com.lenovo.lsf.device
01-12 15:01:19.010 1116 2164 I netstats_mobile_sample: [0,0,0,0,0,0,0,0,0,0,0,0,1673535679010]
01-12 15:01:19.010 1116 2164 I netstats_wifi_sample: [14289293,12111,661865,4602,14287835,12111,661941,4603,32928119,24150,659341,4539,1673535679010]
01-12 15:01:19.179 1116 1378 I am_uid_idle: 10196
01-12 15:01:20.133 1116 2382 I ntp_failure: [time.android.com/216.239.35.12,java.net.SocketTimeoutException: Poll timed out]
01-12 15:01:25.168 1116 2382 I ntp_failure: [time.android.com/216.239.35.4,java.net.SocketTimeoutException: Poll timed out]
01-12 15:01:30.188 1116 2382 I ntp_failure: [time.android.com/216.239.35.0,java.net.SocketTimeoutException: Poll timed out]
01-12 15:01:31.328 1116 1378 I am_uid_idle: 10130
01-12 15:01:35.220 1116 2382 I ntp_failure: [time.android.com/216.239.35.8,java.net.SocketTimeoutException: Poll timed out]
01-12 15:01:36.847 1116 2145 I input_interaction: Interaction with: d53d0d1 com.nextdoordeveloper.miperf.miperf/com.nextdoordeveloper.miperf.miperf.MainActivity (server), PointerEventDispatcher0 (server),
01-12 15:01:38.580 18852 18852 I auditd : type=1400 audit(0.0:1325): avc: granted { execute } for comm=4173796E635461736B20233130 name="iperf" dev="sda13" ino=17586 scontext=u:r:untrusted_app_25:s0:c512,c768 tcontext=u:object_r:app_data_file:s0:c512,c768 tclass=file app=com.nextdoordeveloper.miperf.miperf
01-12 15:01:38.580 18852 18852 I auditd : type=1400 audit(0.0:1326): avc: granted { execute_no_trans } for comm=4173796E635461736B20233130 path="/data/user/0/com.nextdoordeveloper.miperf.miperf/files/iperf" dev="sda13" ino=17586 scontext=u:r:untrusted_app_25:s0:c512,c768 tcontext=u:object_r:app_data_file:s0:c512,c768 tclass=file app=com.nextdoordeveloper.miperf.miperf
01-12 15:01:38.580 18852 18852 I auditd : type=1400 audit(0.0:1327): avc: granted { execute } for comm="iperf" path="/data/user/0/com.nextdoordeveloper.miperf.miperf/files/iperf" dev="sda13" ino=17586 scontext=u:r:untrusted_app_25:s0:c512,c768 tcontext=u:object_r:app_data_file:s0:c512,c768 tclass=file app=com.nextdoordeveloper.miperf.miperf
01-12 15:01:43.698 1116 1377 I am_pss : [4441,10136,com.google.android.gms.unstable,20408320,9977856,4600832,75108352,0,4,21]
01-12 15:01:48.381 3134 17176 I gtalk_connection: 16778495
01-12 15:01:48.398 3134 17176 I gtalk_connection: 16778495
01-12 15:01:48.930 15906 15906 I auditd : type=1400 audit(0.0:1328): avc: denied { read } for comm="Thread-18" name="u:object_r:sn_default_prop:s0" dev="tmpfs" ino=23626 scontext=u:r:priv_app:s0:c512,c768 tcontext=u:object_r:sn_default_prop:s0 tclass=file permissive=0 app=com.lenovo.lsf.device
01-12 15:01:48.930 15906 15906 I auditd : type=1400 audit(0.0:1329): avc: denied { read } for comm="Thread-18" name="u:object_r:sn_default_prop:s0" dev="tmpfs" ino=23626 scontext=u:r:priv_app:s0:c512,c768 tcontext=u:object_r:sn_default_prop:s0 tclass=file permissive=0 app=com.lenovo.lsf.device
01-12 15:01:51.593 1116 2164 I netstats_mobile_sample: [0,0,0,0,0,0,0,0,0,0,0,0,1673535711592]
01-12 15:01:51.593 1116 2164 I netstats_wifi_sample: [15972749,13818,1100187,5629,15972789,13819,1100263,5630,38558219,28487,1097663,5566,1673535711592]
01-12 15:01:59.870 17914 17914 I auditd : type=1400 audit(0.0:1330): avc: denied { kill } for comm="kworker/u16:10" capability=5 scontext=u:r:kernel:s0 tcontext=u:r:kernel:s0 tclass=capability permissive=0
01-12 15:02:01.027 1116 1116 I notification_enqueue: [10120,4927,com.tblenovo.lewea,4927,NULL,0,Notification(channel=tblenovo.channel.WEATHER shortcut=null contentView=null vibrate=null sound=null defaults=0x0 flags=0x40 color=0x00000000 vis=PRIVATE),1]
01-12 15:02:01.065 1116 1116 I notification_enqueue: [10120,4927,com.tblenovo.lewea,4927,NULL,0,Notification(channel=tblenovo.channel.WEATHER shortcut=null contentView=com.tblenovo.lewea/0x7f090018 vibrate=null sound=null defaults=0x0 flags=0x50 color=0x00000000 vis=PUBLIC),1]
01-12 15:02:01.314 1116 1316 I commit_sys_config_file: [notification-policy,7829835]
01-12 15:02:03.150 1116 1378 I am_uid_idle: 99002
01-12 15:02:06.180 3134 17176 I c2dm : [-19,ERR_AUTHENTICATION_FAILED,0,0]
01-12 15:02:06.429 1116 1116 I sysui_multi_action: [757,128,758,5,759,8,793,73721,794,0,795,73721,796,745,797,ConnectivityNotification:108,806,android,857,NETWORK_STATUS,858,2,947,0,1500,73466,1688,1]
01-12 15:02:06.429 1116 1116 I notification_canceled: [-1|android|745|ConnectivityNotification:108|1000,8,73721,73721,0,-1,-1,NULL]
01-12 15:02:06.443 2741 3624 D SubscriptionController: [getSlotIndex]- subId invalid
01-12 15:02:06.456 1116 2174 I service_manager_slow: [21,alarm]
01-12 15:02:06.456 13018 13018 I dvm_lock_sample: [com.android.bluetooth,1,main,25,MessageQueue.java,337,android.os.Message android.os.MessageQueue.next(),-,600,boolean android.os.MessageQueue.enqueueMessage(android.os.Message, long),5]
01-12 15:02:06.624 1116 2174 I netstats_mobile_sample: [0,0,0,0,0,0,0,0,0,0,0,0,1673535726624]
01-12 15:02:06.625 1116 2174 I netstats_wifi_sample: [16507350,14181,1119521,5774,16507390,14182,1119597,5775,39623112,29204,1116997,5711,1673535726624]
01-12 15:02:06.809 1116 1116 I notification_enqueue: [10177,3790,com.google.android.setupwizard,9,NULL,0,Notification(channel=suw_consolidate_foreground_notification shortcut=null contentView=null vibrate=null sound=null defaults=0x0 flags=0x860 color=0xff1a73e8 vis=PRIVATE),1]
01-12 15:02:06.925 1116 1377 I am_pss : [13247,10136,com.google.android.gms,80878592,60157952,400384,184987648,0,4,28]
01-12 15:02:07.061 13247 18654 I gms_unknown: [CheckinTask:SentRequest,7912375]
01-12 15:02:07.098 13247 18654 I gms_unknown: [CheckinTask:ReceivedFailedResponse,7912411]
01-12 15:02:07.098 13247 18654 I gms_unknown: 7
01-12 15:02:07.101 13247 18654 I gms_unknown: 8
01-12 15:02:07.101 13247 18654 I gms_unknown: [CheckinTask:duration,96867]
01-12 15:03:00.060 1116 1116 I notification_enqueue: [10120,4927,com.tblenovo.lewea,4927,NULL,0,Notification(channel=tblenovo.channel.WEATHER shortcut=null contentView=null vibrate=null sound=null defaults=0x0 flags=0x40 color=0x00000000 vis=PRIVATE),1]
01-12 15:03:00.093 1116 1116 I notification_enqueue: [10120,4927,com.tblenovo.lewea,4927,NULL,0,Notification(channel=tblenovo.channel.WEATHER shortcut=null contentView=com.tblenovo.lewea/0x7f090018 vibrate=null sound=null defaults=0x0 flags=0x50 color=0x00000000 vis=PUBLIC),1]
01-12 15:03:00.333 1116 1316 I commit_sys_config_file: [notification-policy,7888853]
01-12 15:03:08.448 3134 17176 I gtalk_connection: 16778495
01-12 15:03:49.180 18911 18911 I auditd : type=1400 audit(0.0:1331): avc: granted { execute } for comm=4173796E635461736B20233130 name="iperf" dev="sda13" ino=17586 scontext=u:r:untrusted_app_25:s0:c512,c768 tcontext=u:object_r:app_data_file:s0:c512,c768 tclass=file app=com.nextdoordeveloper.miperf.miperf
01-12 15:03:49.180 18911 18911 I auditd : type=1400 audit(0.0:1332): avc: granted { execute_no_trans } for comm=4173796E635461736B20233130 path="/data/user/0/com.nextdoordeveloper.miperf.miperf/files/iperf" dev="sda13" ino=17586 scontext=u:r:untrusted_app_25:s0:c512,c768 tcontext=u:object_r:app_data_file:s0:c512,c768 tclass=file app=com.nextdoordeveloper.miperf.miperf
01-12 15:03:49.180 18911 18911 I auditd : type=1400 audit(0.0:1333): avc: granted { execute } for comm="iperf" path="/data/user/0/com.nextdoordeveloper.miperf.miperf/files/iperf" dev="sda13" ino=17586 scontext=u:r:untrusted_app_25:s0:c512,c768 tcontext=u:object_r:app_data_file:s0:c512,c768 tclass=file app=com.nextdoordeveloper.miperf.miperf
01-12 15:03:51.210 18915 18915 I auditd : type=1400 audit(0.0:1334): avc: granted { execute } for comm=4173796E635461736B20233130 name="iperf" dev="sda13" ino=17586 scontext=u:r:untrusted_app_25:s0:c512,c768 tcontext=u:object_r:app_data_file:s0:c512,c768 tclass=file app=com.nextdoordeveloper.miperf.miperf
01-12 15:03:51.210 18915 18915 I auditd : type=1400 audit(0.0:1335): avc: granted { execute_no_trans } for comm=4173796E635461736B20233130 path="/data/user/0/com.nextdoordeveloper.miperf.miperf/files/iperf" dev="sda13" ino=17586 scontext=u:r:untrusted_app_25:s0:c512,c768 tcontext=u:object_r:app_data_file:s0:c512,c768 tclass=file app=com.nextdoordeveloper.miperf.miperf
01-12 15:03:51.210 18915 18915 I auditd : type=1400 audit(0.0:1336): avc: granted { execute } for comm="iperf" path="/data/user/0/com.nextdoordeveloper.miperf.miperf/files/iperf" dev="sda13" ino=17586 scontext=u:r:untrusted_app_25:s0:c512,c768 tcontext=u:object_r:app_data_file:s0:c512,c768 tclass=file app=com.nextdoordeveloper.miperf.miperf
01-12 15:03:52.610 18918 18918 I auditd : type=1400 audit(0.0:1337): avc: granted { execute } for comm=4173796E635461736B20233130 name="iperf" dev="sda13" ino=17586 scontext=u:r:untrusted_app_25:s0:c512,c768 tcontext=u:object_r:app_data_file:s0:c512,c768 tclass=file app=com.nextdoordeveloper.miperf.miperf
01-12 15:03:52.610 18918 18918 I auditd : type=1400 audit(0.0:1338): avc: granted { execute_no_trans } for comm=4173796E635461736B20233130 path="/data/user/0/com.nextdoordeveloper.miperf.miperf/files/iperf" dev="sda13" ino=17586 scontext=u:r:untrusted_app_25:s0:c512,c768 tcontext=u:object_r:app_data_file:s0:c512,c768 tclass=file app=com.nextdoordeveloper.miperf.miperf
01-12 15:03:52.610 18918 18918 I auditd : type=1400 audit(0.0:1339): avc: granted { execute } for comm="iperf" path="/data/user/0/com.nextdoordeveloper.miperf.miperf/files/iperf" dev="sda13" ino=17586 scontext=u:r:untrusted_app_25:s0:c512,c768 tcontext=u:object_r:app_data_file:s0:c512,c768 tclass=file app=com.nextdoordeveloper.miperf.miperf
01-12 15:03:53.823 1116 1316 I commit_sys_config_file: [jobs,66]
01-12 15:03:53.870 18921 18921 I auditd : type=1400 audit(0.0:1340): avc: granted { execute } for comm=4173796E635461736B20233130 name="iperf" dev="sda13" ino=17586 scontext=u:r:untrusted_app_25:s0:c512,c768 tcontext=u:object_r:app_data_file:s0:c512,c768 tclass=file app=com.nextdoordeveloper.miperf.miperf
01-12 15:03:53.870 18921 18921 I auditd : type=1400 audit(0.0:1341): avc: granted { execute_no_trans } for comm=4173796E635461736B20233130 path="/data/user/0/com.nextdoordeveloper.miperf.miperf/files/iperf" dev="sda13" ino=17586 scontext=u:r:untrusted_app_25:s0:c512,c768 tcontext=u:object_r:app_data_file:s0:c512,c768 tclass=file app=com.nextdoordeveloper.miperf.miperf
01-12 15:03:53.880 18921 18921 I auditd : type=1400 audit(0.0:1342): avc: granted { execute } for comm="iperf" path="/data/user/0/com.nextdoordeveloper.miperf.miperf/files/iperf" dev="sda13" ino=17586 scontext=u:r:untrusted_app_25:s0:c512,c768 tcontext=u:object_r:app_data_file:s0:c512,c768 tclass=file app=com.nextdoordeveloper.miperf.miperf
01-12 15:03:55.980 18925 18925 I auditd : type=1400 audit(0.0:1343): avc: granted { execute } for comm=4173796E635461736B20233130 name="iperf" dev="sda13" ino=17586 scontext=u:r:untrusted_app_25:s0:c512,c768 tcontext=u:object_r:app_data_file:s0:c512,c768 tclass=file app=com.nextdoordeveloper.miperf.miperf
01-12 15:03:55.980 18925 18925 I auditd : type=1400 audit(0.0:1344): avc: granted { execute_no_trans } for comm=4173796E635461736B20233130 path="/data/user/0/com.nextdoordeveloper.miperf.miperf/files/iperf" dev="sda13" ino=17586 scontext=u:r:untrusted_app_25:s0:c512,c768 tcontext=u:object_r:app_data_file:s0:c512,c768 tclass=file app=com.nextdoordeveloper.miperf.miperf
01-12 15:03:55.980 18925 18925 I auditd : type=1400 audit(0.0:1345): avc: granted { execute } for comm="iperf" path="/data/user/0/com.nextdoordeveloper.miperf.miperf/files/iperf" dev="sda13" ino=17586 scontext=u:r:untrusted_app_25:s0:c512,c768 tcontext=u:object_r:app_data_file:s0:c512,c768 tclass=file app=com.nextdoordeveloper.miperf.miperf
01-12 15:04:00.090 1116 1116 I notification_enqueue: [10120,4927,com.tblenovo.lewea,4927,NULL,0,Notification(channel=tblenovo.channel.WEATHER shortcut=null contentView=null vibrate=null sound=null defaults=0x0 flags=0x40 color=0x00000000 vis=PRIVATE),1]
01-12 15:04:00.128 1116 1116 I notification_enqueue: [10120,4927,com.tblenovo.lewea,4927,NULL,0,Notification(channel=tblenovo.channel.WEATHER shortcut=null contentView=com.tblenovo.lewea/0x7f090018 vibrate=null sound=null defaults=0x0 flags=0x50 color=0x00000000 vis=PUBLIC),1]
01-12 15:04:00.374 1116 1316 I commit_sys_config_file: [notification-policy,7948894]
01-12 15:04:12.258 1116 2145 I input_interaction: Interaction with: 78595d5 StatusBar (server), PointerEventDispatcher0 (server),
01-12 15:04:12.297 2236 2236 I sysui_multi_action: [757,803,799,panel_open,802,1]
01-12 15:04:12.301 2236 2236 I sysui_multi_action: [757,1328,758,4,1326,61,1327,0,1329,0]
01-12 15:04:12.313 1116 8905 I sysui_multi_action: [757,127,758,1]
01-12 15:04:12.313 1116 8905 I sysui_multi_action: [757,804,799,note_load,801,8,802,1]
01-12 15:04:12.314 1116 8905 I notification_panel_revealed: 8
01-12 15:04:12.354 1116 1318 I input_focus: [Focus request 33812c7 NotificationShade,reason=UpdateInputWindows]
01-12 15:04:12.376 1116 2145 I input_focus: [Focus leaving d53d0d1 com.nextdoordeveloper.miperf.miperf/com.nextdoordeveloper.miperf.miperf.MainActivity (server),reason=Waiting for window because NOT_VISIBLE]
01-12 15:04:12.415 1116 2145 I input_focus: [Focus entering 33812c7 NotificationShade (server),reason=Window became focusable. Previous reason: NOT_VISIBLE]
01-12 15:04:12.425 1116 1378 I am_wtf : [0,1116,system_server,-1,ActivityManager,Sending non-protected broadcast com.lenovo.action.CAPSENSOR_SIM from system 1116:system/1000 pkg android]
01-12 15:04:12.436 2741 2741 D QtiRilInterface: Received com.lenovo.action.CAPSENSOR_SIM
01-12 15:04:12.437 2741 2741 D QtiRilInterface: capsensor_value is 3
01-12 15:04:12.438 1116 1378 I am_wtf : [0,1116,system_server,-1,ActivityManager,Sending non-protected broadcast com.lenovo.action.CAPSENSOR_SIM from system 1116:system/1000 pkg android]
01-12 15:04:12.449 1116 1378 I service_manager_slow: [10,dropbox]
01-12 15:04:12.932 1116 3510 I sysui_multi_action: [757,128,758,1,793,189733,794,0,795,189733,796,26,798,1,806,android,857,DEVELOPER_IMPORTANT,858,4,947,0,1395,8,1500,188945,1688,1]
01-12 15:04:12.933 1116 3510 I sysui_multi_action: [757,804,799,note_freshness,801,189733,802,1]
01-12 15:04:12.933 1116 3510 I notification_visibility: [-1|android|26|null|1000,1,189733,189733,0,1]
01-12 15:04:12.934 1116 3510 I sysui_multi_action: [757,128,758,1,793,7900551,794,0,795,12808,796,4927,798,4,806,com.tblenovo.lewea,857,tblenovo.channel.WEATHER,858,2,947,0,1395,8,1500,12808,1688,1]
01-12 15:04:12.935 1116 3510 I sysui_multi_action: [757,804,799,note_freshness,801,12808,802,1]
01-12 15:04:12.935 1116 3510 I notification_visibility: [0|com.tblenovo.lewea|4927|null|10120,1,7900551,12808,0,4]
01-12 15:04:12.936 1116 3510 I sysui_multi_action: [757,128,758,1,793,7913841,794,0,795,126131,796,9,798,0,806,com.google.android.setupwizard,857,suw_consolidate_foreground_-e437bac7,858,3,947,0,1395,8,1500,126131,1688,1]
01-12 15:04:12.937 1116 3510 I sysui_multi_action: [757,804,799,note_freshness,801,126131,802,1]
01-12 15:04:12.937 1116 3510 I notification_visibility: [0|com.google.android.setupwizard|9|null|10177,1,7913841,126131,0,0]
01-12 15:04:12.938 1116 3510 I sysui_multi_action: [757,128,758,1,793,7896843,794,0,795,7896843,796,1,798,3,806,com.nttdocomo.android.lpa,857,NotificationChannel,858,2,947,0,1395,8,1500,7896629,1688,1,1745,2098068913]
01-12 15:04:12.938 1116 3510 I sysui_multi_action: [757,804,799,note_freshness,801,7896843,802,1]
01-12 15:04:12.938 1116 3510 I notification_visibility: [0|com.nttdocomo.android.lpa|1|null|10051,1,7896843,7896843,0,3]
01-12 15:04:12.939 1116 3510 I sysui_multi_action: [757,128,758,1,793,7799554,794,0,795,7799554,796,1,798,5,806,jp.co.omronsoft.android.decoemojimanager_docomo,857,permit,858,2,947,0,1395,8,1500,7799347,1688,1,1745,2098068913]
01-12 15:04:12.939 1116 3510 I sysui_multi_action: [757,804,799,note_freshness,801,7799554,802,1]
01-12 15:04:12.940 1116 3510 I notification_visibility: [0|jp.co.omronsoft.android.decoemojimanager_docomo|1|null|10112,1,7799554,7799554,0,5]
01-12 15:04:12.940 1116 3510 I sysui_multi_action: [757,128,758,1,793,6765242,794,0,795,6765242,796,-1000005,798,2,806,com.android.bluetooth,857,opp_notification_channel,858,4,947,0,1395,8,1500,6765017,1688,1]
01-12 15:04:12.941 1116 3510 I sysui_multi_action: [757,804,799,note_freshness,801,6765242,802,1]
01-12 15:04:12.941 1116 3510 I notification_visibility: [0|com.android.bluetooth|-1000005|null|1002,1,6765242,6765242,0,2]
01-12 15:04:13.280 1116 2145 I input_interaction: Interaction with: 33812c7 NotificationShade (server), PointerEventDispatcher0 (server),
01-12 15:04:13.745 1116 1378 I am_wtf : [0,1116,system_server,-1,ActivityManager,Sending non-protected broadcast com.lenovo.action.CAPSENSOR_SIM from system 1116:system/1000 pkg android]
01-12 15:04:13.755 1116 1378 I am_wtf : [0,1116,system_server,-1,ActivityManager,Sending non-protected broadcast com.lenovo.action.CAPSENSOR_SIM from system 1116:system/1000 pkg android]
01-12 15:04:13.756 2741 2741 D QtiRilInterface: Received com.lenovo.action.CAPSENSOR_SIM
01-12 15:04:13.757 2741 2741 D QtiRilInterface: capsensor_value is 2
01-12 15:04:15.142 2236 2236 I sysui_multi_action: [757,366,758,4,759,126,927,0,928,1,1592,0,1593,0]
01-12 15:04:15.170 1116 8905 I wm_task_moved: [72,1,10]
01-12 15:04:15.170 1116 8905 I wm_task_to_front: [0,72]
01-12 15:04:15.172 1116 8905 I wm_focused_root_task: [0,0,72,67,bringingFoundTaskToFront]
01-12 15:04:15.172 11850 11850 I wm_on_top_resumed_lost_called: [33173638,com.nextdoordeveloper.miperf.miperf.MainActivity,topStateChangedWhenResumed]
01-12 15:04:15.173 1116 8905 I wm_set_resumed_activity: [0,com.android.settings/.Settings$WifiSettingsActivity,bringingFoundTaskToFront]
01-12 15:04:15.174 1116 8905 I wm_finish_activity: [0,113031857,72,com.android.settings/.Settings$WifiSettingsActivity,clear-task-top]
01-12 15:04:15.176 1116 8905 I wm_destroy_activity: [0,113031857,72,com.android.settings/.Settings$WifiSettingsActivity,finish-imm:finishIfPossible]
01-12 15:04:15.186 1116 8905 I wm_task_moved: [72,1,10]
01-12 15:04:15.187 1116 8905 I wm_create_activity: [0,230478731,72,com.android.settings/.Settings$WifiSettingsActivity,android.settings.WIFI_SETTINGS,NULL,NULL,339738624]
01-12 15:04:15.199 1116 8905 I wm_pause_activity: [0,33173638,com.nextdoordeveloper.miperf.miperf/.MainActivity,userLeaving=true,pauseBackTasks]
01-12 15:04:15.209 1116 1317 I dvm_lock_sample: [system_server,1,android.display,38,RootWindowContainer.java,3836,void com.android.server.wm.RootWindowContainer$RankTaskLayersRunnable.run(),TaskChangeNotificationController.java,342,void com.android.server.wm.TaskChangeNotificationController.forAllLocalListeners(com.android.server.wm.TaskChangeNotificationController$TaskStackConsumer, android.os.Message),7]
01-12 15:04:15.217 11850 11850 I wm_on_paused_called: [33173638,com.nextdoordeveloper.miperf.miperf.MainActivity,performPause]
01-12 15:04:15.225 11071 11071 I wm_on_destroy_called: [113031857,com.android.settings.Settings$WifiSettingsActivity,performDestroy]
01-12 15:04:15.228 1116 8906 I wm_add_to_stopping: [0,33173638,com.nextdoordeveloper.miperf.miperf/.MainActivity,makeInvisible]
01-12 15:04:15.229 1116 8906 I wm_restart_activity: [0,230478731,72,com.android.settings/.Settings$WifiSettingsActivity]
01-12 15:04:15.232 1116 8906 I wm_set_resumed_activity: [0,com.android.settings/.Settings$WifiSettingsActivity,minimalResumeActivityLocked]
01-12 15:04:15.259 1116 1317 I am_uid_active: 10130
01-12 15:04:15.320 1116 1317 I sysui_multi_action: [757,803,799,window_time_0,802,222]
01-12 15:04:15.347 1116 10193 I am_uid_active: 10196
01-12 15:04:15.476 1116 10193 I netstats_mobile_sample: [0,0,0,0,0,0,0,0,0,0,0,0,1673535855475]
01-12 15:04:15.478 1116 10193 I netstats_wifi_sample: [16507350,14181,1119617,5776,16507390,14182,1119693,5777,39623112,29204,1116997,5711,1673535855475]
01-12 15:04:15.553 1116 3988 I netstats_mobile_sample: [0,0,0,0,0,0,0,0,0,0,0,0,1673535855552]
01-12 15:04:15.553 1116 3988 I netstats_wifi_sample: [16507350,14181,1119617,5776,16507390,14182,1119693,5777,39623112,29204,1116997,5711,1673535855552]
01-12 15:04:15.566 11071 11071 I wm_on_create_called: [230478731,com.android.settings.Settings$WifiSettingsActivity,performCreate]
01-12 15:04:15.632 11071 11071 I wm_on_start_called: [230478731,com.android.settings.Settings$WifiSettingsActivity,handleStartActivity]
01-12 15:04:15.636 11071 11071 I snet_event_log: [120484087,-1,]
01-12 15:04:15.642 2741 2741 D TelephonyNetworkFactory[0]: got request NetworkRequest [ REQUEST id=310, [ Capabilities: INTERNET&NOT_RESTRICTED&TRUSTED&NOT_VCN_MANAGED Uid: 1000 RequestorUid: 1000 RequestorPkg: com.android.settings UnderlyingNetworks: Null] ]
01-12 15:04:15.644 2741 2741 D TelephonyNetworkFactory[0]: onNeedNetworkFor NetworkRequest [ REQUEST id=310, [ Capabilities: INTERNET&NOT_RESTRICTED&TRUSTED&NOT_VCN_MANAGED Uid: 1000 RequestorUid: 1000 RequestorPkg: com.android.settings UnderlyingNetworks: Null] ] shouldApply false
01-12 15:04:15.648 11071 11071 I wm_on_resume_called: [230478731,com.android.settings.Settings$WifiSettingsActivity,RESUME_ACTIVITY]
01-12 15:04:15.650 11071 11071 I sysui_multi_action: [757,103,758,1,833,0,1089,279]
01-12 15:04:15.675 11071 11071 I wm_on_top_resumed_gained_called: [230478731,com.android.settings.Settings$WifiSettingsActivity,topStateChangedWhenResumed]
01-12 15:04:15.892 1116 1313 I sysui_multi_action: [319,378,321,272,322,661,325,8040,757,761,758,8,759,1,806,com.android.settings,871,com.android.settings.Settings$WifiSettingsActivity,904,com.android.systemui,905,0,1320,8,1321,5]
01-12 15:04:15.898 1116 1313 I wm_activity_launch_time: [0,230478731,com.android.settings/.Settings$WifiSettingsActivity,661]
01-12 15:04:16.088 1116 3510 I sysui_multi_action: [757,128,758,2,793,192889,794,3156,795,192889,796,26,798,1,806,android,857,DEVELOPER_IMPORTANT,858,4,947,0,1395,8,1500,192101,1688,1]
01-12 15:04:16.088 1116 3510 I notification_visibility: [-1|android|26|null|1000,0,192889,192889,0,1]
01-12 15:04:16.089 1116 3510 I sysui_multi_action: [757,128,758,2,793,7903706,794,3155,795,15963,796,4927,798,4,806,com.tblenovo.lewea,857,tblenovo.channel.WEATHER,858,2,947,0,1395,8,1500,15963,1688,1]
01-12 15:04:16.090 1116 3510 I notification_visibility: [0|com.tblenovo.lewea|4927|null|10120,0,7903706,15963,0,4]
01-12 15:04:16.091 1116 3510 I sysui_multi_action: [757,128,758,2,793,7916995,794,3154,795,129285,796,9,798,0,806,com.google.android.setupwizard,857,suw_consolidate_foreground_-e437bac7,858,3,947,0,1395,8,1500,129285,1688,1]
01-12 15:04:16.091 1116 3510 I notification_visibility: [0|com.google.android.setupwizard|9|null|10177,0,7916995,129285,0,0]
01-12 15:04:16.092 1116 3510 I sysui_multi_action: [757,128,758,2,793,7899997,794,3154,795,7899997,796,1,798,3,806,com.nttdocomo.android.lpa,857,NotificationChannel,858,2,947,0,1395,8,1500,7899783,1688,1,1745,2098068913]
01-12 15:04:16.092 1116 3510 I notification_visibility: [0|com.nttdocomo.android.lpa|1|null|10051,0,7899997,7899997,0,3]
01-12 15:04:16.102 1116 3510 I sysui_multi_action: [757,128,758,2,793,7802714,794,3160,795,7802714,796,1,798,5,806,jp.co.omronsoft.android.decoemojimanager_docomo,857,permit,858,2,947,0,1395,8,1500,7802507,1688,1,1745,2098068913]
01-12 15:04:16.103 1116 3510 I notification_visibility: [0|jp.co.omronsoft.android.decoemojimanager_docomo|1|null|10112,0,7802714,7802714,0,5]
01-12 15:04:16.104 1116 3510 I sysui_multi_action: [757,128,758,2,793,6768406,794,3164,795,6768406,796,-1000005,798,2,806,com.android.bluetooth,857,opp_notification_channel,858,4,947,0,1395,8,1500,6768181,1688,1]
01-12 15:04:16.106 1116 3510 I notification_visibility: [0|com.android.bluetooth|-1000005|null|1002,0,6768406,6768406,0,2]
01-12 15:04:16.141 1116 3510 I wm_stop_activity: [0,33173638,com.nextdoordeveloper.miperf.miperf/.MainActivity]
01-12 15:04:16.160 1116 1318 I dvm_lock_sample: [system_server,1,android.anim,37,WindowAnimator.java,103,void com.android.server.wm.WindowAnimator.lambda$new$1$WindowAnimator(long),TaskSnapshotCache.java,66,android.window.TaskSnapshot com.android.server.wm.TaskSnapshotCache.getSnapshot(int, int, boolean, boolean),7]
01-12 15:04:16.165 1116 1318 I input_focus: [Focus request 534914f com.android.settings/com.android.settings.Settings$WifiSettingsActivity,reason=UpdateInputWindows]
01-12 15:04:16.184 11850 11850 I wm_on_stop_called: [33173638,com.nextdoordeveloper.miperf.miperf.MainActivity,STOP_ACTIVITY_ITEM]
01-12 15:04:16.191 1116 2145 I input_focus: [Focus leaving 33812c7 NotificationShade (server),reason=NOT_FOCUSABLE]
01-12 15:04:16.193 1116 2145 I input_focus: [Focus entering 534914f com.android.settings/com.android.settings.Settings$WifiSettingsActivity (server),reason=setFocusedWindow]
01-12 15:04:16.300 1116 10581 I sysui_multi_action: [757,127,758,2]
01-12 15:04:16.305 1116 10581 I notification_panel_hidden:
01-12 15:04:16.357 1116 3510 I dvm_lock_sample: [system_server,0,Binder:1116_E,51,Session.java,511,void com.android.server.wm.Session.setWallpaperZoomOut(android.os.IBinder, float),WindowManagerService.java,7659,void com.android.server.wm.WindowManagerService$LocalService.updateInputMethodTargetWindow(android.os.IBinder, android.os.IBinder),10]
01-12 15:04:21.089 1116 2145 I input_interaction: Interaction with: 534914f com.android.settings/com.android.settings.Settings$WifiSettingsActivity (server), PointerEventDispatcher0 (server),
01-12 15:04:21.169 11071 11071 I sysui_multi_action: [757,135,758,4,759,1]
01-12 15:04:25.827 2741 2767 D SubscriptionController: [getSlotIndex]- subId invalid
01-12 15:04:27.835 11071 11071 I sysui_multi_action: [757,135,758,4,759,1]
01-12 15:04:32.474 2741 2767 D SubscriptionController: [getSlotIndex]- subId invalid
01-12 15:04:35.750 1593 18969 I liblog : 3
01-12 15:04:36.047 1116 2927 I dvm_lock_sample: [system_server,0,HwBinder:1116_4,18,SupplicantStaIfaceCallbackImpl.java,168,void com.android.server.wifi.SupplicantStaIfaceCallbackImpl.onStateChanged(int, byte[], int, java.util.ArrayList, boolean),SupplicantStaIfaceHal.java,2981,boolean com.android.server.wifi.SupplicantStaIfaceHal.checkStatusAndLogFailure(com.android.wifi.x.android.hardware.wifi.supplicant.V1_0.SupplicantStatus, java.lang.String),3]
01-12 15:04:37.969 1116 3508 I wm_task_moved: [72,1,10]
01-12 15:04:37.969 1116 3508 I wm_set_resumed_activity: [0,com.android.settings/.Settings$WifiSettingsActivity,positionChildAt]
01-12 15:04:37.969 1116 3508 I wm_create_activity: [0,210977106,72,com.android.settings/.SubSettings,android.intent.action.MAIN,NULL,NULL,0]
01-12 15:04:37.972 1116 3508 I wm_pause_activity: [0,230478731,com.android.settings/.Settings$WifiSettingsActivity,userLeaving=true,resumeTopActivityInnerLocked]
01-12 15:04:37.982 11071 11071 I wm_on_top_resumed_lost_called: [230478731,com.android.settings.Settings$WifiSettingsActivity,topStateChangedWhenResumed]
01-12 15:04:37.985 11071 11071 I sysui_multi_action: [757,103,758,2,1089,22335]
01-12 15:04:37.989 11071 11071 I wm_on_paused_called: [230478731,com.android.settings.Settings$WifiSettingsActivity,performPause]
01-12 15:04:37.993 1116 3988 I wm_add_to_stopping: [0,230478731,com.android.settings/.Settings$WifiSettingsActivity,makeInvisible]
01-12 15:04:37.996 1116 3988 I wm_restart_activity: [0,210977106,72,com.android.settings/.SubSettings]
01-12 15:04:38.000 1116 3988 I wm_set_resumed_activity: [0,com.android.settings/.SubSettings,minimalResumeActivityLocked]
01-12 15:04:38.010 1116 1317 I sysui_multi_action: [757,803,799,window_time_0,802,23]
01-12 15:04:38.032 1116 2145 I input_focus: [Focus leaving 534914f com.android.settings/com.android.settings.Settings$WifiSettingsActivity (server),reason=NO_WINDOW]
01-12 15:04:38.152 11071 11071 I wm_on_create_called: [210977106,com.android.settings.SubSettings,performCreate]
01-12 15:04:38.183 2741 2741 D TelephonyNetworkFactory[0]: got request NetworkRequest [ REQUEST id=313, [ Capabilities: INTERNET&NOT_RESTRICTED&TRUSTED&NOT_VCN_MANAGED Uid: 1000 RequestorUid: 1000 RequestorPkg: com.android.settings UnderlyingNetworks: Null] ]
01-12 15:04:38.184 2741 2741 D TelephonyNetworkFactory[0]: onNeedNetworkFor NetworkRequest [ REQUEST id=313, [ Capabilities: INTERNET&NOT_RESTRICTED&TRUSTED&NOT_VCN_MANAGED Uid: 1000 RequestorUid: 1000 RequestorPkg: com.android.settings UnderlyingNetworks: Null] ] shouldApply false
01-12 15:04:38.185 11071 11071 I wm_on_start_called: [210977106,com.android.settings.SubSettings,handleStartActivity]
01-12 15:04:38.187 11071 11071 I snet_event_log: [120484087,-1,]
01-12 15:04:38.192 11071 11071 I wm_on_resume_called: [210977106,com.android.settings.SubSettings,RESUME_ACTIVITY]
01-12 15:04:38.223 11071 11071 I sysui_multi_action: [757,849,758,1,833,103,1089,155]
01-12 15:04:38.233 11071 18948 I sysui_multi_action: [757,853,758,4,854,wifi.details.WifiNetworkDetailsFragment/privacy,1089,1]
01-12 15:04:38.242 11071 11071 I sysui_multi_action: [757,1729,758,4,854,isParalleledControllers:false,1089,174]
01-12 15:04:38.250 11071 18977 I sysui_multi_action: [757,853,758,4,854,wifi.details.WifiNetworkDetailsFragment/metered,1089,0]
01-12 15:04:38.273 11071 11071 I wm_on_top_resumed_gained_called: [210977106,com.android.settings.SubSettings,topStateChangedWhenResumed]
01-12 15:04:38.370 1116 1318 I input_focus: [Focus request 455577c com.android.settings/com.android.settings.SubSettings,reason=UpdateInputWindows]
01-12 15:04:38.431 2741 2767 D SubscriptionController: [getSlotIndex]- subId invalid
01-12 15:04:38.478 1116 1313 I wm_activity_launch_time: [0,210977106,com.android.settings/.SubSettings,516]
01-12 15:04:38.500 1116 2145 I input_focus: [Focus entering 455577c com.android.settings/com.android.settings.SubSettings (server),reason=Window became focusable. Previous reason: NOT_VISIBLE]
01-12 15:04:38.926 1116 1317 I wm_stop_activity: [0,230478731,com.android.settings/.Settings$WifiSettingsActivity]
01-12 15:04:39.157 11071 11071 I wm_on_stop_called: [230478731,com.android.settings.Settings$WifiSettingsActivity,STOP_ACTIVITY_ITEM]
01-12 15:04:39.159 2741 2741 D TelephonyNetworkFactory[0]: onReleaseNetworkFor NetworkRequest [ REQUEST id=310, [ Capabilities: INTERNET&NOT_RESTRICTED&TRUSTED&NOT_VCN_MANAGED Uid: 1000 RequestorUid: 1000 RequestorPkg: com.android.settings UnderlyingNetworks: Null] ] applied false
01-12 15:04:40.066 1116 2145 I input_interaction: Interaction with: 455577c com.android.settings/com.android.settings.SubSettings (server), PointerEventDispatcher0 (server),
01-12 15:04:40.501 1116 2195 I dvm_lock_sample: [system_server,0,HwBinder:1116_3,26,SupplicantStaIfaceCallbackImpl.java,168,void com.android.server.wifi.SupplicantStaIfaceCallbackImpl.onStateChanged(int, byte[], int, java.util.ArrayList, boolean),SupplicantStaIfaceHal.java,2981,boolean com.android.server.wifi.SupplicantStaIfaceHal.checkStatusAndLogFailure(com.android.wifi.x.android.hardware.wifi.supplicant.V1_0.SupplicantStatus, java.lang.String),5]
01-12 15:04:41.014 1116 2174 I netstats_mobile_sample: [0,0,0,0,0,0,0,0,0,0,0,0,1673535881013]
01-12 15:04:41.015 1116 2174 I netstats_wifi_sample: [16507350,14181,1120717,5790,16507390,14182,1120793,5791,39623112,29204,1117473,5712,1673535881013]
01-12 15:04:41.245 1116 2174 I netstats_mobile_sample: [0,0,0,0,0,0,0,0,0,0,0,0,1673535881245]
01-12 15:04:41.245 1116 2174 I netstats_wifi_sample: [16507350,14181,1120717,5790,16507390,14182,1120793,5791,39623112,29204,1117473,5712,1673535881245]
01-12 15:04:41.282 1116 2174 I netstats_mobile_sample: [0,0,0,0,0,0,0,0,0,0,0,0,1673535881281]
01-12 15:04:41.282 1116 2174 I netstats_wifi_sample: [16507350,14181,1120717,5790,16507390,14182,1120793,5791,39623112,29204,1117473,5712,1673535881281]
01-12 15:04:41.311 1116 2165 I service_manager_slow: [10,alarm]
01-12 15:04:41.354 1116 2174 I netstats_mobile_sample: [0,0,0,0,0,0,0,0,0,0,0,0,1673535881354]
01-12 15:04:41.355 1116 2174 I netstats_wifi_sample: [16507350,14181,1120717,5790,16507390,14182,1120793,5791,39623112,29204,1117473,5712,1673535881354]
01-12 15:04:41.431 1116 2174 I netstats_mobile_sample: [0,0,0,0,0,0,0,0,0,0,0,0,1673535881431]
01-12 15:04:41.432 1116 2174 I netstats_wifi_sample: [16507350,14181,1120717,5790,16507390,14182,1120793,5791,39623112,29204,1117473,5712,1673535881431]
01-12 15:04:41.522 1116 2174 I service_manager_stats: [100,335,251472]
01-12 15:04:41.525 1116 2174 I netstats_mobile_sample: [0,0,0,0,0,0,0,0,0,0,0,0,1673535881524]
01-12 15:04:41.526 1116 2174 I netstats_wifi_sample: [16507390,14182,1120789,5791,16507430,14183,1120865,5792,39623152,29205,1117545,5713,1673535881524]
01-12 15:04:41.736 1116 2165 I service_manager_slow: [15,alarm]
01-12 15:04:41.750 15906 15906 I auditd : type=1400 audit(0.0:1346): avc: denied { read } for comm="novo.lsf.device" name="u:object_r:sn_default_prop:s0" dev="tmpfs" ino=23626 scontext=u:r:priv_app:s0:c512,c768 tcontext=u:object_r:sn_default_prop:s0 tclass=file permissive=0 app=com.lenovo.lsf.device
01-12 15:04:41.760 15906 15906 I auditd : type=1400 audit(0.0:1347): avc: denied { read } for comm="novo.lsf.device" name="u:object_r:sn_default_prop:s0" dev="tmpfs" ino=23626 scontext=u:r:priv_app:s0:c512,c768 tcontext=u:object_r:sn_default_prop:s0 tclass=file permissive=0 app=com.lenovo.lsf.device
01-12 15:04:41.800 15906 15906 I auditd : type=1400 audit(0.0:1348): avc: denied { read } for comm="novo.lsf.device" name="u:object_r:sn_default_prop:s0" dev="tmpfs" ino=23626 scontext=u:r:priv_app:s0:c512,c768 tcontext=u:object_r:sn_default_prop:s0 tclass=file permissive=0 app=com.lenovo.lsf.device
01-12 15:04:41.800 15906 15906 I auditd : type=1400 audit(0.0:1349): avc: denied { read } for comm="novo.lsf.device" name="u:object_r:sn_default_prop:s0" dev="tmpfs" ino=23626 scontext=u:r:priv_app:s0:c512,c768 tcontext=u:object_r:sn_default_prop:s0 tclass=file permissive=0 app=com.lenovo.lsf.device
01-12 15:04:41.842 1116 1116 I notification_enqueue: [10177,3790,com.google.android.setupwizard,9,NULL,0,Notification(channel=suw_consolidate_foreground_notification shortcut=null contentView=null vibrate=null sound=null defaults=0x0 flags=0x860 color=0xff1a73e8 vis=PRIVATE),1]
01-12 15:04:41.877 3134 18051 I gtalk_connection: 16778495
01-12 15:04:42.095 2741 3624 E PhoneSubInfoController: getIccSerialNumber phone is null for Subscription:-1
01-12 15:04:42.110 15906 15906 I auditd : type=1400 audit(0.0:1350): avc: denied { read } for comm="Thread-21" name="u:object_r:sn_default_prop:s0" dev="tmpfs" ino=23626 scontext=u:r:priv_app:s0:c512,c768 tcontext=u:object_r:sn_default_prop:s0 tclass=file permissive=0 app=com.lenovo.lsf.device
01-12 15:04:42.110 15906 15906 I auditd : type=1400 audit(0.0:1351): avc: denied { read } for comm="Thread-21" name="u:object_r:sn_default_prop:s0" dev="tmpfs" ino=23626 scontext=u:r:priv_app:s0:c512,c768 tcontext=u:object_r:sn_default_prop:s0 tclass=file permissive=0 app=com.lenovo.lsf.device
01-12 15:04:42.138 3134 18051 I gtalk_connection: 16778495
01-12 15:04:42.150 15906 15906 I auditd : type=1400 audit(0.0:1352): avc: denied { read } for comm="novo.lsf.device" name="u:object_r:sn_default_prop:s0" dev="tmpfs" ino=23626 scontext=u:r:priv_app:s0:c512,c768 tcontext=u:object_r:sn_default_prop:s0 tclass=file permissive=0 app=com.lenovo.lsf.device
01-12 15:04:42.150 15906 15906 I auditd : type=1400 audit(0.0:1353): avc: denied { read } for comm="novo.lsf.device" name="u:object_r:sn_default_prop:s0" dev="tmpfs" ino=23626 scontext=u:r:priv_app:s0:c512,c768 tcontext=u:object_r:sn_default_prop:s0 tclass=file permissive=0 app=com.lenovo.lsf.device
01-12 15:04:42.190 15906 15906 I auditd : type=1400 audit(0.0:1354): avc: denied { read } for comm="novo.lsf.device" name="u:object_r:sn_default_prop:s0" dev="tmpfs" ino=23626 scontext=u:r:priv_app:s0:c512,c768 tcontext=u:object_r:sn_default_prop:s0 tclass=file permissive=0 app=com.lenovo.lsf.device
01-12 15:04:42.256 2741 3624 E PhoneSubInfoController: getIccSerialNumber phone is null for Subscription:-1
01-12 15:04:42.345 1116 2174 I netstats_mobile_sample: [0,0,0,0,0,0,0,0,0,0,0,0,1673535882344]
01-12 15:04:42.345 1116 2174 I netstats_wifi_sample: [16508439,14193,1122366,5810,16508479,14194,1122442,5811,39624073,29215,1119122,5732,1673535882344]
01-12 15:04:42.375 2741 3624 E PhoneSubInfoController: getIccSerialNumber phone is null for Subscription:-1
01-12 15:04:42.471 1116 2174 I netstats_mobile_sample: [0,0,0,0,0,0,0,0,0,0,0,0,1673535882471]
01-12 15:04:42.472 1116 2174 I netstats_wifi_sample: [16509072,14200,1122906,5818,16509112,14201,1122982,5819,39624173,29217,1119582,5738,1673535882471]
01-12 15:04:42.525 1116 2165 I service_manager_slow: [44,alarm]
01-12 15:04:43.134 1116 2145 I input_interaction: Interaction with: 4aa51c3 NavigationBar0 (server), PointerEventDispatcher0 (server),
01-12 15:04:43.143 2236 2236 I sysui_multi_action: [757,931,758,4,759,4,932,0,933,0]
01-12 15:04:43.157 1116 2145 I input_interaction: Interaction with: 455577c com.android.settings/com.android.settings.SubSettings (server), PointerEventDispatcher0 (server),
01-12 15:04:43.182 1116 2145 I input_interaction: Interaction with: 4aa51c3 NavigationBar0 (server), PointerEventDispatcher0 (server),
01-12 15:04:43.210 2236 2236 I sysui_multi_action: [757,931,758,4,759,4,932,0,933,1]
01-12 15:04:43.213 1116 17635 I sysui_multi_action: [757,803,799,key_back_press,802,1]
01-12 15:04:43.225 1116 17635 I wm_finish_activity: [0,210977106,72,com.android.settings/.SubSettings,app-request]
01-12 15:04:43.241 1116 2174 I netstats_mobile_sample: [0,0,0,0,0,0,0,0,0,0,0,0,1673535883240]
01-12 15:04:43.241 1116 2174 I netstats_wifi_sample: [16509735,14205,1125077,5831,16509775,14206,1125153,5832,39625169,29225,1121833,5753,1673535883240]
01-12 15:04:43.298 1116 17635 I wm_pause_activity: [0,210977106,com.android.settings/.SubSettings,userLeaving=false,finish]
01-12 15:04:43.332 1116 2145 I input_focus: [Focus leaving 455577c com.android.settings/com.android.settings.SubSettings (server),reason=NO_WINDOW]
01-12 15:04:43.394 11071 11071 I wm_on_top_resumed_lost_called: [210977106,com.android.settings.SubSettings,topStateChangedWhenResumed]
01-12 15:04:43.402 11071 11071 I sysui_multi_action: [757,849,758,2,1089,5178]
01-12 15:04:43.410 11071 11071 I wm_on_paused_called: [210977106,com.android.settings.SubSettings,performPause]
01-12 15:04:43.414 1116 9503 I wm_add_to_stopping: [0,210977106,com.android.settings/.SubSettings,completeFinishing]
01-12 15:04:43.428 1116 9503 I wm_set_resumed_activity: [0,com.android.settings/.Settings$WifiSettingsActivity,resumeTopActivityInnerLocked]
01-12 15:04:43.432 1116 9503 I wm_resume_activity: [0,230478731,72,com.android.settings/.Settings$WifiSettingsActivity]
01-12 15:04:43.460 1116 1317 I sysui_multi_action: [757,803,799,window_time_0,802,5]
01-12 15:04:43.472 11071 11071 I wm_on_restart_called: [230478731,com.android.settings.Settings$WifiSettingsActivity,performRestartActivity]
01-12 15:04:43.498 11071 11071 I wm_on_start_called: [230478731,com.android.settings.Settings$WifiSettingsActivity,handleStartActivity]
01-12 15:04:43.500 11071 11071 I snet_event_log: [120484087,-1,]
01-12 15:04:43.503 11071 11071 I wm_on_resume_called: [230478731,com.android.settings.Settings$WifiSettingsActivity,RESUME_ACTIVITY]
01-12 15:04:43.504 11071 11071 I sysui_multi_action: [757,103,758,1,833,0,1089,0]
01-12 15:04:43.504 2741 2741 D TelephonyNetworkFactory[0]: got request NetworkRequest [ REQUEST id=317, [ Capabilities: INTERNET&NOT_RESTRICTED&TRUSTED&NOT_VCN_MANAGED Uid: 1000 RequestorUid: 1000 RequestorPkg: com.android.settings UnderlyingNetworks: Null] ]
01-12 15:04:43.504 2741 2741 D TelephonyNetworkFactory[0]: onNeedNetworkFor NetworkRequest [ REQUEST id=317, [ Capabilities: INTERNET&NOT_RESTRICTED&TRUSTED&NOT_VCN_MANAGED Uid: 1000 RequestorUid: 1000 RequestorPkg: com.android.settings UnderlyingNetworks: Null] ] shouldApply false
01-12 15:04:43.509 11071 11071 I wm_on_top_resumed_gained_called: [230478731,com.android.settings.Settings$WifiSettingsActivity,topWhenResuming]
01-12 15:04:43.613 1116 1318 I input_focus: [Focus request 534914f com.android.settings/com.android.settings.Settings$WifiSettingsActivity,reason=UpdateInputWindows]
01-12 15:04:43.668 1116 2174 I netstats_mobile_sample: [0,0,0,0,0,0,0,0,0,0,0,0,1673535883668]
01-12 15:04:43.669 1116 2174 I netstats_wifi_sample: [16509787,14206,1127012,5835,16509827,14207,1127088,5836,39625221,29226,1123768,5757,1673535883668]
01-12 15:04:43.732 1116 2145 I input_focus: [Focus entering 534914f com.android.settings/com.android.settings.Settings$WifiSettingsActivity (server),reason=Window became focusable. Previous reason: NOT_VISIBLE]
01-12 15:04:43.743 1116 1316 I commit_sys_config_file: [jobs,103]
01-12 15:04:44.151 1116 1317 I wm_destroy_activity: [0,210977106,72,com.android.settings/.SubSettings,finish-imm:transit]
01-12 15:04:44.337 11071 11071 I wm_on_stop_called: [210977106,com.android.settings.SubSettings,LIFECYCLER_STOP_ACTIVITY]
01-12 15:04:44.340 2741 2741 D TelephonyNetworkFactory[0]: onReleaseNetworkFor NetworkRequest [ REQUEST id=313, [ Capabilities: INTERNET&NOT_RESTRICTED&TRUSTED&NOT_VCN_MANAGED Uid: 1000 RequestorUid: 1000 RequestorPkg: com.android.settings UnderlyingNetworks: Null] ] applied false
01-12 15:04:44.348 11071 11071 I wm_on_destroy_called: [210977106,com.android.settings.SubSettings,performDestroy]
01-12 15:04:46.190 1116 10581 I wm_task_moved: [64,0,0]
01-12 15:04:46.191 1116 10581 I wm_task_moved: [64,0,9]
01-12 15:04:46.252 2879 2879 I wm_on_restart_called: [140318828,com.android.quickstep.RecentsActivity,performRestartActivity]
01-12 15:04:46.255 2879 2879 I wm_on_start_called: [140318828,com.android.quickstep.RecentsActivity,handleStartActivity]
01-12 15:04:46.255 1116 3508 I dvm_lock_sample: [system_server,1,Binder:1116_D,18,ActivityTaskManagerService.java,3551,android.window.TaskSnapshot com.android.server.wm.ActivityTaskManagerService.getTaskSnapshot(int, boolean, boolean),,0,null,3]
01-12 15:04:46.286 1116 1318 I input_focus: [Focus request recents_animation_input_consumer,reason=UpdateInputWindows]
01-12 15:04:46.292 2879 2879 I sysui_latency: [1,137]
01-12 15:04:46.317 1116 2145 I input_focus: [Focus leaving 534914f com.android.settings/com.android.settings.Settings$WifiSettingsActivity (server),reason=NOT_FOCUSABLE]
01-12 15:04:46.326 1116 2145 I input_focus: [Focus entering recents_animation_input_consumer (server),reason=setFocusedWindow]
01-12 15:04:46.371 1116 1313 I sysui_multi_action: [319,50,322,125,325,8071,757,761,758,9,759,5,806,com.android.launcher3,871,com.android.quickstep.RecentsActivity,904,com.android.launcher3,905,0,1320,8,1321,5]
01-12 15:04:46.618 1116 1377 I sysui_latency: [8,124]
01-12 15:04:46.752 1116 9503 I wm_task_moved: [64,1,10]
01-12 15:04:46.756 1116 9503 I wm_focused_root_task: [0,0,64,72,RecentsAnimation.onAnimationFinished()]
01-12 15:04:46.758 11071 11071 I wm_on_top_resumed_lost_called: [230478731,com.android.settings.Settings$WifiSettingsActivity,topStateChangedWhenResumed]
01-12 15:04:46.767 1116 2382 I ntp_failure: [time.android.com/216.239.35.0,java.net.SocketTimeoutException: Poll timed out]
01-12 15:04:46.774 1116 9503 I wm_pause_activity: [0,230478731,com.android.settings/.Settings$WifiSettingsActivity,userLeaving=false,pauseBackTasks]
01-12 15:04:46.779 1116 9503 I wm_set_resumed_activity: [0,com.android.launcher3/com.android.quickstep.RecentsActivity,resumeTopActivityInnerLocked]
01-12 15:04:46.782 1116 9503 I wm_resume_activity: [0,140318828,65,com.android.launcher3/com.android.quickstep.RecentsActivity]
01-12 15:04:46.787 1116 9503 I wm_add_to_stopping: [0,230478731,com.android.settings/.Settings$WifiSettingsActivity,makeInvisible]
01-12 15:04:46.788 2879 2879 I wm_on_resume_called: [140318828,com.android.quickstep.RecentsActivity,RESUME_ACTIVITY]
01-12 15:04:46.798 1116 1318 I input_focus: [Focus request e483d6e com.android.launcher3/com.android.quickstep.RecentsActivity,reason=UpdateInputWindows]
01-12 15:04:46.804 11071 11071 I sysui_multi_action: [757,103,758,2,1089,3300]
01-12 15:04:46.807 11071 11071 I wm_on_paused_called: [230478731,com.android.settings.Settings$WifiSettingsActivity,performPause]
01-12 15:04:46.807 1116 10581 I wm_stop_activity: [0,230478731,com.android.settings/.Settings$WifiSettingsActivity]
01-12 15:04:46.819 1116 2145 I input_focus: [Focus leaving recents_animation_input_consumer (server),reason=NOT_VISIBLE]
01-12 15:04:46.825 1116 1317 I sysui_multi_action: [757,803,799,window_time_0,802,4]
01-12 15:04:46.826 1116 2145 I input_focus: [Focus entering e483d6e com.android.launcher3/com.android.quickstep.RecentsActivity (server),reason=setFocusedWindow]
01-12 15:04:46.839 11071 11071 I wm_on_stop_called: [230478731,com.android.settings.Settings$WifiSettingsActivity,STOP_ACTIVITY_ITEM]
01-12 15:04:46.839 2741 2741 D TelephonyNetworkFactory[0]: onReleaseNetworkFor NetworkRequest [ REQUEST id=317, [ Capabilities: INTERNET&NOT_RESTRICTED&TRUSTED&NOT_VCN_MANAGED Uid: 1000 RequestorUid: 1000 RequestorPkg: com.android.settings UnderlyingNetworks: Null] ] applied false
01-12 15:04:46.855 2879 2879 I wm_on_top_resumed_gained_called: [140318828,com.android.quickstep.RecentsActivity,topStateChangedWhenResumed]
01-12 15:04:46.883 1116 2145 I input_interaction: Interaction with: e483d6e com.android.launcher3/com.android.quickstep.RecentsActivity (server), e4b8c5 com.android.systemui.ImageWallpaper (server), PointerEventDispatcher0 (server),
