01-12 13:11:14.294 2741 2741 D QtiDCT-C: [0]updateTetherState: Maintain the current APN.
01-12 13:11:14.330 1116 2164 I netstats_mobile_sample: [0,0,0,0,0,0,0,0,0,0,0,0,1673529074330]
01-12 13:11:14.331 1116 2164 I netstats_wifi_sample: [54474,732,273704,1815,54474,732,273704,1815,53690,721,273428,1810,1673529074330]
01-12 13:11:14.398 1116 2164 I netstats_mobile_sample: [0,0,0,0,0,0,0,0,0,0,0,0,1673529074398]
01-12 13:11:14.399 1116 2164 I netstats_wifi_sample: [54474,732,273704,1815,54474,732,273704,1815,53690,721,273544,1811,1673529074398]
01-12 13:11:23.178 11071 11071 I sysui_multi_action: [757,853,758,4,854,TetherSettings/enable_bluetooth_tethering,1089,1]
01-12 13:11:23.192 11071 11071 I sysui_multi_action: [757,830,758,4,833,0,854,enable_bluetooth_tethering,1089,0]
01-12 13:11:23.192 1116 1316 I am_uid_running: 1002
01-12 13:11:23.285 1116 1380 I am_proc_start: [0,13018,1002,com.android.bluetooth,service,{com.android.bluetooth/com.android.bluetooth.btservice.AdapterService}]
01-12 13:11:23.457 1116 3510 I am_proc_bound: [0,13018,com.android.bluetooth]
01-12 13:11:23.465 1116 3510 I am_uid_active: 1002
01-12 13:11:24.553 13018 13040 I bt_config_source: 1
01-12 13:11:24.577 13018 13040 I bt_config_source: 1
01-12 13:11:26.910 1116 1947 I commit_sys_config_file: [settings-0-0,9]
01-12 13:11:26.925 1116 9503 I sysui_multi_action: [757,856,758,1,806,com.android.bluetooth,857,avrcp_notification,858,3]
01-12 13:11:27.214 1116 3510 I dvm_lock_sample: [system_server,1,Binder:1116_E,5,ActivityManagerService.java,12468,android.content.Intent com.android.server.am.ActivityManagerService.registerReceiverWithFeature(android.app.IApplicationThread, java.lang.String, java.lang.String, java.lang.String, android.content.IIntentReceiver, android.content.IntentFilter, java.lang.String, int, int),-,12115,int com.android.server.am.ActivityManagerService.bindIsolatedService(android.app.IApplicationThread, android.os.IBinder, android.content.Intent, java.lang.String, android.app.IServiceConnection, int, java.lang.String, java.lang.String, int),1]
01-12 13:11:27.222 1116 1316 I commit_sys_config_file: [notification-policy,1195742]
01-12 13:11:27.265 13018 13018 I service_manager_slow: [11,wifi]
01-12 13:11:27.332 1116 1904 I dvm_lock_sample: [system_server,1,Binder:1116_3,24,PackageManagerService.java,6043,com.android.server.pm.PackageManagerService$Computer com.android.server.pm.PackageManagerService.snapshotComputer(),-,6065,com.android.server.pm.PackageManagerService$Computer com.android.server.pm.PackageManagerService.snapshotComputer(),4]
01-12 13:11:27.333 2741 12377 E PhoneSubInfoController: getLine1Number phone is null for Subscription:-1
01-12 13:11:27.396 11071 11071 I sysui_multi_action: [757,853,758,4,854,TetherSettings/enable_bluetooth_tethering,1089,0]
01-12 13:11:27.405 1116 1199 I am_uid_active: 10046
01-12 13:11:27.447 1116 1315 I dvm_lock_sample: [system_server,1,android.ui,25,ActivityManagerService.java,15542,void com.android.server.am.ActivityManagerService$LocalService.updateDeviceIdleTempAllowlist(int[], int, boolean, long, int, int, java.lang.String, int),,0,null,5]
01-12 13:11:27.507 1116 1116 I notification_cancel_all: [1002,13018,com.android.bluetooth,0,0,64,9,NULL]
01-12 13:11:27.611 11071 11071 I sysui_multi_action: [757,853,758,4,854,TetherSettings/enable_bluetooth_tethering,1089,1]
01-12 13:11:27.700 1116 1116 I notification_enqueue: [1002,13018,com.android.bluetooth,-1000005,NULL,0,Notification(channel=opp_notification_channel shortcut=null contentView=null vibrate=null sound=null defaults=0x0 flags=0x108 color=0x00000000 vis=PRIVATE),0]
01-12 13:11:27.902 1116 1116 I sysui_multi_action: [757,1501,758,1,793,204,794,0,795,204,796,-1000005,806,com.android.bluetooth,857,opp_notification_channel,858,4,947,0,1500,0,1688,1]
01-12 13:11:27.903 1116 1116 I sysui_multi_action: [757,804,799,note_interruptive,801,0,802,1]
01-12 13:11:27.925 1116 1116 I sysui_multi_action: [757,1501,758,1,793,225,794,0,795,225,796,-1000005,806,com.android.bluetooth,857,opp_notification_channel,858,4,947,0,1500,0,1688,1]
01-12 13:11:27.927 1116 1116 I sysui_multi_action: [757,804,799,note_interruptive,801,0,802,1]
01-12 13:11:27.928 1116 1116 I sysui_multi_action: [757,199,758,1,759,2,793,229,794,0,795,229,796,-1000005,806,com.android.bluetooth,857,opp_notification_channel,858,4,947,0,1500,4,1688,1]
01-12 13:11:27.928 1116 1116 I notification_alert: [0|com.android.bluetooth|-1000005|null|1002,0,1,0]
01-12 13:11:28.335 2236 2236 I sysui_multi_action: [757,803,799,note_peek,802,1]
01-12 13:11:28.369 1116 3971 I sysui_multi_action: [757,127,758,1]
01-12 13:11:28.370 1116 3971 I sysui_multi_action: [757,804,799,note_load,801,1,802,1]
01-12 13:11:28.370 1116 3971 I notification_panel_revealed: 1
01-12 13:11:28.373 2236 2236 I sysui_heads_up_status: [0|com.android.bluetooth|-1000005|null|1002,1]
01-12 13:11:28.380 1116 1955 I am_uid_active: 10198
01-12 13:11:28.584 1116 1945 I dvm_lock_sample: [system_server,0,AccountManagerService,19,RegisteredServicesCache.java,351,java.util.Collection android.content.pm.RegisteredServicesCache.getAllServices(int),-,593,void android.content.pm.RegisteredServicesCache.generateServicesMap(int[], int),3]
01-12 13:11:28.732 11071 11071 I sysui_multi_action: [757,853,758,4,854,TetherSettings/enable_bluetooth_tethering,1089,0]
01-12 13:11:28.741 11071 11071 I sysui_multi_action: [757,830,758,4,833,0,854,enable_bluetooth_tethering,1089,0]
01-12 13:11:29.474 1116 9503 I dvm_lock_sample: [system_server,1,Binder:1116_19,22,ActivityManagerService.java,11956,android.content.ComponentName com.android.server.am.ActivityManagerService.startService(android.app.IApplicationThread, android.content.Intent, java.lang.String, boolean, java.lang.String, java.lang.String, int),,0,null,4]
01-12 13:11:29.609 11071 11071 I sysui_multi_action: [757,853,758,4,854,TetherSettings/usb_tether_settings,1089,0]
01-12 13:11:29.618 11071 11071 I sysui_multi_action: [757,830,758,4,833,0,854,usb_tether_settings,1089,0]
01-12 13:11:29.627 1116 3971 I sysui_multi_action: [757,1275,758,4]
01-12 13:11:30.217 11071 11071 I sysui_multi_action: [757,853,758,4,854,TetherSettings/usb_tether_settings,1089,1]
01-12 13:11:30.224 11071 11071 I sysui_multi_action: [757,830,758,4,833,0,854,usb_tether_settings,1089,0]
01-12 13:11:30.229 1116 2507 I sysui_multi_action: [757,1278,758,4]
01-12 13:11:31.784 11071 11071 I sysui_multi_action: [757,853,758,4,854,TetherSettings/usb_tether_settings,1089,0]
01-12 13:11:31.792 2741 2741 D QtiDCT-C: [0]Intent Recieved : ACTION_TETHER_STATE_CHANGED
01-12 13:11:31.792 2741 2741 D QtiDCT-C: [0] updateBtTetherState: Start
01-12 13:11:31.793 2741 2741 D QtiDCT-C: [0] before BT Tether = false, after BT Tether = false
01-12 13:11:31.793 2741 2741 D QtiDCT-C: [0] updateUsbTetherState: Start
01-12 13:11:31.793 2741 2741 D QtiDCT-C: [0] before USB Tether = true, after USB Tether = false
01-12 13:11:31.793 2741 2741 D QtiDCT-C: [0]updateWifiTetherState: Start
01-12 13:11:31.796 2741 2741 D QtiDCT-C: [0] updateEthernetTetherState: Start
01-12 13:11:31.797 2741 2741 D QtiDCT-C: [0] before Ethernet Tether = false, after Ethernet Tether = false
01-12 13:11:31.812 2741 2741 D QtiDCT-C: [0]getPreferredApn: X not found
01-12 13:11:31.812 2741 2741 D QtiDCT-C: [0] usesSpMode: no preferred apn.
01-12 13:11:31.812 2741 2741 D QtiDCT-C: [0] usesSpMode: sp-mode is not used.
01-12 13:11:31.812 2741 2741 D QtiDCT-C: [0]updateTetherState: Maintain the current APN.
01-12 13:11:31.822 2741 2741 D QtiDCT-C: [0]Intent Recieved : ACTION_TETHER_STATE_CHANGED
01-12 13:11:31.823 2741 2741 D QtiDCT-C: [0] updateBtTetherState: Start
01-12 13:11:31.823 2741 2741 D QtiDCT-C: [0] before BT Tether = false, after BT Tether = false
01-12 13:11:31.824 2741 2741 D QtiDCT-C: [0] updateUsbTetherState: Start
01-12 13:11:31.824 2741 2741 D QtiDCT-C: [0] before USB Tether = false, after USB Tether = false
01-12 13:11:31.824 2741 2741 D QtiDCT-C: [0]updateWifiTetherState: Start
01-12 13:11:31.829 2741 2741 D QtiDCT-C: [0] updateEthernetTetherState: Start
01-12 13:11:31.829 2741 2741 D QtiDCT-C: [0] before Ethernet Tether = false, after Ethernet Tether = false
01-12 13:11:31.841 2741 2741 D QtiDCT-C: [0]getPreferredApn: X not found
01-12 13:11:31.842 2741 2741 D QtiDCT-C: [0] usesSpMode: no preferred apn.
01-12 13:11:31.842 2741 2741 D QtiDCT-C: [0] usesSpMode: sp-mode is not used.
01-12 13:11:31.842 2741 2741 D QtiDCT-C: [0]updateTetherState: Maintain the current APN.
01-12 13:11:31.846 1116 1199 I sysui_multi_action: [757,128,758,1,793,4148,794,0,795,4148,796,-1000005,798,0,806,com.android.bluetooth,857,opp_notification_channel,858,4,947,0,1395,9,1500,3923,1688,1]
01-12 13:11:31.847 1116 1199 I sysui_multi_action: [757,804,799,note_freshness,801,4148,802,1]
01-12 13:11:31.847 1116 1199 I notification_visibility: [0|com.android.bluetooth|-1000005|null|1002,1,4148,4148,0,0]
01-12 13:11:31.900 1116 2164 I service_manager_slow: [11,alarm]
01-12 13:11:31.933 1116 2164 I netstats_mobile_sample: [0,0,0,0,0,0,0,0,0,0,0,0,1673529091932]
01-12 13:11:31.933 1116 2164 I netstats_wifi_sample: [54538,733,274008,1818,54538,733,274008,1818,53690,721,273848,1814,1673529091932]
01-12 13:11:31.987 1116 2164 I netstats_mobile_sample: [0,0,0,0,0,0,0,0,0,0,0,0,1673529091986]
01-12 13:11:31.988 1116 2164 I netstats_wifi_sample: [54538,733,274008,1818,54538,733,274008,1818,53690,721,273848,1814,1673529091986]
01-12 13:11:32.082 2741 2741 D QtiDCT-C: [0]Intent Recieved : ACTION_TETHER_STATE_CHANGED
01-12 13:11:32.083 2741 2741 D QtiDCT-C: [0] updateBtTetherState: Start
01-12 13:11:32.084 2741 2741 D QtiDCT-C: [0] before BT Tether = false, after BT Tether = false
01-12 13:11:32.084 2741 2741 D QtiDCT-C: [0] updateUsbTetherState: Start
01-12 13:11:32.084 2741 2741 D QtiDCT-C: [0] before USB Tether = false, after USB Tether = true
01-12 13:11:32.084 2741 2741 D QtiDCT-C: [0]updateWifiTetherState: Start
01-12 13:11:32.086 2741 2741 D QtiDCT-C: [0] updateEthernetTetherState: Start
01-12 13:11:32.087 2741 2741 D QtiDCT-C: [0] before Ethernet Tether = false, after Ethernet Tether = false
01-12 13:11:32.098 2741 2741 D QtiDCT-C: [0]getPreferredApn: X not found
01-12 13:11:32.099 2741 2741 D QtiDCT-C: [0] usesSpMode: no preferred apn.
01-12 13:11:32.099 2741 2741 D QtiDCT-C: [0] usesSpMode: sp-mode is not used.
01-12 13:11:32.099 2741 2741 D QtiDCT-C: [0]updateTetherState: Maintain the current APN.
01-12 13:11:32.107 11071 11071 I sysui_multi_action: [757,853,758,4,854,TetherSettings/usb_tether_settings,1089,1]
01-12 13:11:32.193 1116 2164 I netstats_mobile_sample: [0,0,0,0,0,0,0,0,0,0,0,0,1673529092192]
01-12 13:11:32.194 1116 2164 I netstats_wifi_sample: [54538,733,274124,1819,54538,733,274124,1819,53690,721,273848,1814,1673529092192]
01-12 13:11:32.794 1116 1378 I am_wtf : [0,1116,system_server,-1,ActivityManager,Sending non-protected broadcast com.lenovo.action.CAPSENSOR_SIM from system 1116:system/1000 pkg android]
01-12 13:11:32.823 1116 1378 I am_wtf : [0,1116,system_server,-1,ActivityManager,Sending non-protected broadcast com.lenovo.action.CAPSENSOR_SIM from system 1116:system/1000 pkg android]
01-12 13:11:32.824 2741 2741 D QtiRilInterface: Received com.lenovo.action.CAPSENSOR_SIM
01-12 13:11:32.824 2741 2741 D QtiRilInterface: capsensor_value is 3
01-12 13:11:34.039 2236 2236 I sysui_heads_up_status: [0|com.android.bluetooth|-1000005|null|1002,0]
01-12 13:11:34.537 1116 3971 I sysui_multi_action: [757,128,758,2,793,6839,794,2691,795,6839,796,-1000005,798,0,806,com.android.bluetooth,857,opp_notification_channel,858,4,947,0,1395,9,1500,6614,1688,1]
01-12 13:11:34.538 1116 3971 I notification_visibility: [0|com.android.bluetooth|-1000005|null|1002,0,6839,6839,0,0]
01-12 13:11:34.539 1116 9503 I sysui_multi_action: [757,127,758,2]
01-12 13:11:34.539 1116 9503 I notification_panel_hidden:
01-12 13:11:34.930 1116 1199 I dvm_lock_sample: [system_server,0,Binder:1116_2,11,ActivityManagerService.java,12158,void com.android.server.am.ActivityManagerService.serviceDoneExecuting(android.os.IBinder, int, int, int),-,12115,int com.android.server.am.ActivityManagerService.bindIsolatedService(android.app.IApplicationThread, android.os.IBinder, android.content.Intent, java.lang.String, android.app.IServiceConnection, int, java.lang.String, java.lang.String, int),2]
01-12 13:11:37.349 1116 1595 I commit_sys_config_file: [package-user-0,37]
01-12 13:11:38.751 1116 1377 I am_pss : [11071,1000,com.android.settings,76908544,68849664,695296,158928896,0,2,29]
01-12 13:11:43.571 1116 1378 I am_wtf : [0,1116,system_server,-1,ActivityManager,Sending non-protected broadcast com.lenovo.action.CAPSENSOR_SIM from system 1116:system/1000 pkg android]
01-12 13:11:43.579 1116 1378 I am_wtf : [0,1116,system_server,-1,ActivityManager,Sending non-protected broadcast com.lenovo.action.CAPSENSOR_SIM from system 1116:system/1000 pkg android]
01-12 13:11:43.580 2741 2741 D QtiRilInterface: Received com.lenovo.action.CAPSENSOR_SIM
01-12 13:11:43.580 2741 2741 D QtiRilInterface: capsensor_value is 2
01-12 13:11:43.658 1116 2148 I sysui_multi_action: [757,1417,758,5,1418,8,1419,8,1420,47910,1421,2]
01-12 13:11:43.659 1116 2148 I battery_status: [3,2,1,0,Li-ion]
01-12 13:11:43.710 1116 1199 I dvm_lock_sample: [system_server,1,Binder:1116_2,34,ActivityManagerService.java,12114,int com.android.server.am.ActivityManagerService.bindIsolatedService(android.app.IApplicationThread, android.os.IBinder, android.content.Intent, java.lang.String, android.app.IServiceConnection, int, java.lang.String, java.lang.String, int),-,11968,android.content.ComponentName com.android.server.am.ActivityManagerService.startService(android.app.IApplicationThread, android.content.Intent, java.lang.String, boolean, java.lang.String, java.lang.String, int),6]
01-12 13:11:43.845 1116 1947 I commit_sys_config_file: [settings-0-0,39]
01-12 13:11:43.910 1116 1564 I dvm_lock_sample: [system_server,1,PowerManagerService,196,BatteryService.java,1390,boolean com.android.server.BatteryService$LocalService.isPowered(int),-,498,void com.android.server.BatteryService.update(android.hardware.health.V2_1.HealthInfo),39]
01-12 13:11:43.913 1116 1116 I dvm_lock_sample: [system_server,0,main,241,BatterySaverController.java,193,void com.android.server.power.batterysaver.BatterySaverController$1.onReceive(android.content.Context, android.content.Intent),BatterySaverStateMachine.java,501,void com.android.server.power.batterysaver.BatterySaverStateMachine.setBatteryStatus(boolean, int, boolean),48]
01-12 13:11:43.925 1116 3510 I dvm_lock_sample: [system_server,1,Binder:1116_E,233,PowerManagerService.java,1487,void com.android.server.power.PowerManagerService.releaseWakeLockInternal(android.os.IBinder, int),BatterySaverStateMachine.java,501,void com.android.server.power.batterysaver.BatterySaverStateMachine.setBatteryStatus(boolean, int, boolean),46]
01-12 13:11:43.927 1116 1904 I dvm_lock_sample: [system_server,1,Binder:1116_3,214,PowerManagerService.java,1369,void com.android.server.power.PowerManagerService.acquireWakeLockInternal(android.os.IBinder, int, int, java.lang.String, java.lang.String, android.os.WorkSource, java.lang.String, int, int),BatterySaverStateMachine.java,501,void com.android.server.power.batterysaver.BatterySaverStateMachine.setBatteryStatus(boolean, int, boolean),42]
01-12 13:11:43.931 2741 2741 D RILJ : [0071]> GET_ACTIVITY_INFO [PHONE0]
01-12 13:11:43.933 1116 1116 I battery_saving_stats: [0,1,0,48111,0,0,684111,-50770,-2]
01-12 13:11:43.939 2741 2959 D RILJ : [0071]< GET_ACTIVITY_INFO ModemActivityInfo{ mTimestamp=1289252 mSleepTimeMs=0 mIdleTimeMs=48116 mTxTimeMs[]=[0, 0, 0, 0, 0] mRxTimeMs=0} [PHONE0]
01-12 13:11:44.170 630 630 I auditd : type=1400 audit(0.0:507): avc: denied { read } for comm="Binder:630_2" name="wakeup38" dev="sysfs" ino=66587 scontext=u:r:system_suspend:s0 tcontext=u:object_r:sysfs:s0 tclass=dir permissive=0
01-12 13:11:44.170 630 630 I auditd : type=1400 audit(0.0:508): avc: denied { read } for comm="Binder:630_2" name="wakeup28" dev="sysfs" ino=66215 scontext=u:r:system_suspend:s0 tcontext=u:object_r:sysfs:s0 tclass=dir permissive=0
01-12 13:11:44.180 630 630 I auditd : type=1400 audit(0.0:509): avc: denied { read } for comm="Binder:630_2" name="wakeup18" dev="sysfs" ino=58442 scontext=u:r:system_suspend:s0 tcontext=u:object_r:sysfs:s0 tclass=dir permissive=0
01-12 13:11:44.180 630 630 I auditd : type=1400 audit(0.0:510): avc: denied { read } for comm="Binder:630_2" name="wakeup46" dev="sysfs" ino=70729 scontext=u:r:system_suspend:s0 tcontext=u:object_r:sysfs:s0 tclass=dir permissive=0
01-12 13:11:44.180 630 630 I auditd : type=1400 audit(0.0:511): avc: denied { read } for comm="Binder:630_2" name="wakeup2" dev="sysfs" ino=40064 scontext=u:r:system_suspend:s0 tcontext=u:object_r:sysfs:s0 tclass=dir permissive=0
01-12 13:11:44.411 1116 1393 I dvm_lock_sample: [system_server,0,batterystats-handler,462,BatteryStatsService.java,1051,void com.android.server.am.BatteryStatsService.lambda$noteStopWakelockFromSource$26$BatteryStatsService(android.os.WorkSource, int, java.lang.String, java.lang.String, int, long, long),BatteryExternalStatsWorker.java,696,void com.android.server.am.BatteryExternalStatsWorker.updateExternalStatsLocked(java.lang.String, int, boolean, boolean, int, boolean),92]
01-12 13:11:44.769 1116 1378 I am_uid_idle: 10196
01-12 13:11:44.770 1116 1377 I commit_sys_config_file: [batterystats,38]
01-12 13:11:44.781 1116 1377 I commit_sys_config_file: [batterystats,11]
01-12 13:11:46.574 1116 1116 I sysui_multi_action: [757,128,758,5,759,8,793,50545,794,0,795,50545,796,47,806,android,857,USB,858,1,947,0,1500,50140,1688,1]
01-12 13:11:46.577 1116 1116 I notification_canceled: [-1|android|47|null|1000,8,50544,50544,0,-1,-1,NULL]
01-12 13:11:46.585 1116 1116 I sysui_multi_action: [757,128,758,5,759,8,793,50519,794,48492,795,50519,796,26,806,android,857,DEVELOPER_IMPORTANT,858,4,947,0,1500,50138,1688,1]
01-12 13:11:46.587 1116 1116 I notification_canceled: [-1|android|26|null|1000,8,50519,50519,48492,-1,-1,NULL]
01-12 13:11:46.644 1116 1116 I service_manager_slow: [15,platform_compat]
01-12 13:11:46.916 11071 11071 I sysui_multi_action: [757,853,758,4,854,TetherSettings/usb_tether_settings,1089,0]
01-12 13:11:46.924 2741 2741 D QtiDCT-C: [0]Intent Recieved : ACTION_TETHER_STATE_CHANGED
01-12 13:11:46.924 2741 2741 D QtiDCT-C: [0] updateBtTetherState: Start
01-12 13:11:46.929 2741 2741 D QtiDCT-C: [0] before BT Tether = false, after BT Tether = false
01-12 13:11:46.929 2741 2741 D QtiDCT-C: [0] updateUsbTetherState: Start
01-12 13:11:46.929 2741 2741 D QtiDCT-C: [0] before USB Tether = true, after USB Tether = false
01-12 13:11:46.930 2741 2741 D QtiDCT-C: [0]updateWifiTetherState: Start
01-12 13:11:46.937 2741 2741 D QtiDCT-C: [0] updateEthernetTetherState: Start
01-12 13:11:46.937 2741 2741 D QtiDCT-C: [0] before Ethernet Tether = false, after Ethernet Tether = false
01-12 13:11:46.963 2741 2741 D QtiDCT-C: [0]getPreferredApn: X not found
01-12 13:11:46.963 2741 2741 D QtiDCT-C: [0] usesSpMode: no preferred apn.
01-12 13:11:46.963 2741 2741 D QtiDCT-C: [0] usesSpMode: sp-mode is not used.
01-12 13:11:46.963 2741 2741 D QtiDCT-C: [0]updateTetherState: Maintain the current APN.
01-12 13:11:47.080 1116 2164 I netstats_mobile_sample: [0,0,0,0,0,0,0,0,0,0,0,0,1673529107080]
01-12 13:11:47.081 1116 2164 I netstats_wifi_sample: [54672,735,274490,1823,54672,735,274490,1823,53824,723,274330,1819,1673529107080]
01-12 13:11:48.994 1116 1375 I battery_status: [4,2,1,0,Li-ion]
01-12 13:11:49.082 1116 1947 I commit_sys_config_file: [settings-0-0,8]
01-12 13:11:49.343 1116 2148 I sysui_multi_action: [757,1417,758,4,1418,8,1421,2]
01-12 13:11:49.344 1116 2148 I battery_status: [2,2,1,2,Li-ion]
01-12 13:11:49.359 1116 1116 I battery_saving_stats: [0,1,0,5426,0,0,150968,0,1]
01-12 13:11:49.435 2741 2741 D RILJ : [0072]> GET_ACTIVITY_INFO [PHONE0]
01-12 13:11:49.445 2741 2959 D RILJ : [0072]< GET_ACTIVITY_INFO ModemActivityInfo{ mTimestamp=1294758 mSleepTimeMs=0 mIdleTimeMs=5504 mTxTimeMs[]=[0, 0, 0, 0, 0] mRxTimeMs=0} [PHONE0]
01-12 13:11:49.660 630 630 I auditd : type=1400 audit(0.0:538): avc: denied { read } for comm="Binder:630_2" name="wakeup38" dev="sysfs" ino=66587 scontext=u:r:system_suspend:s0 tcontext=u:object_r:sysfs:s0 tclass=dir permissive=0
01-12 13:11:49.670 630 630 I auditd : type=1400 audit(0.0:539): avc: denied { read } for comm="Binder:630_2" name="wakeup28" dev="sysfs" ino=66215 scontext=u:r:system_suspend:s0 tcontext=u:object_r:sysfs:s0 tclass=dir permissive=0
01-12 13:11:49.670 630 630 I auditd : type=1400 audit(0.0:540): avc: denied { read } for comm="Binder:630_2" name="wakeup18" dev="sysfs" ino=58442 scontext=u:r:system_suspend:s0 tcontext=u:object_r:sysfs:s0 tclass=dir permissive=0
01-12 13:11:49.670 630 630 I auditd : type=1400 audit(0.0:541): avc: denied { read } for comm="Binder:630_2" name="wakeup46" dev="sysfs" ino=70729 scontext=u:r:system_suspend:s0 tcontext=u:object_r:sysfs:s0 tclass=dir permissive=0
01-12 13:11:49.670 630 630 I auditd : type=1400 audit(0.0:542): avc: denied { read } for comm="Binder:630_2" name="wakeup2" dev="sysfs" ino=40064 scontext=u:r:system_suspend:s0 tcontext=u:object_r:sysfs:s0 tclass=dir permissive=0
01-12 13:11:49.761 1116 1116 I notification_enqueue: [1000,1116,android,47,NULL,-1,Notification(channel=USB shortcut=null contentView=null vibrate=null sound=null tick defaults=0x0 flags=0x2 color=0x00000000 vis=PUBLIC),0]
01-12 13:11:49.765 1116 1116 I notification_enqueue: [1000,1116,android,26,NULL,-1,Notification(channel=DEVELOPER_IMPORTANT shortcut=null contentView=null vibrate=null sound=null tick defaults=0x0 flags=0x2 color=0x00000000 vis=PUBLIC),0]
01-12 13:11:49.815 1116 1393 I dvm_lock_sample: [system_server,0,batterystats-handler,348,BatteryStatsService.java,1051,void com.android.server.am.BatteryStatsService.lambda$noteStopWakelockFromSource$26$BatteryStatsService(android.os.WorkSource, int, java.lang.String, java.lang.String, int, long, long),BatteryExternalStatsWorker.java,696,void com.android.server.am.BatteryExternalStatsWorker.updateExternalStatsLocked(java.lang.String, int, boolean, boolean, int, boolean),69]
01-12 13:11:49.818 1116 1198 I dvm_lock_sample: [system_server,1,Binder:1116_1,133,BatteryStatsService.java,836,long com.android.server.am.BatteryStatsService.computeChargeTimeRemaining(),BatteryExternalStatsWorker.java,696,void com.android.server.am.BatteryExternalStatsWorker.updateExternalStatsLocked(java.lang.String, int, boolean, boolean, int, boolean),26]
01-12 13:11:49.868 2741 2741 D QtiDCT-C: [0]Intent Recieved : ACTION_TETHER_STATE_CHANGED
01-12 13:11:49.869 2741 2741 D QtiDCT-C: [0] updateBtTetherState: Start
01-12 13:11:49.869 2741 2741 D QtiDCT-C: [0] before BT Tether = false, after BT Tether = false
01-12 13:11:49.869 2741 2741 D QtiDCT-C: [0] updateUsbTetherState: Start
01-12 13:11:49.869 2741 2741 D QtiDCT-C: [0] before USB Tether = false, after USB Tether = false
01-12 13:11:49.869 2741 2741 D QtiDCT-C: [0]updateWifiTetherState: Start
01-12 13:11:49.872 2741 2741 D QtiDCT-C: [0] updateEthernetTetherState: Start
01-12 13:11:49.873 2741 2741 D QtiDCT-C: [0] before Ethernet Tether = false, after Ethernet Tether = false
01-12 13:11:49.893 2741 2741 D QtiDCT-C: [0]getPreferredApn: X not found
01-12 13:11:49.893 2741 2741 D QtiDCT-C: [0] usesSpMode: no preferred apn.
01-12 13:11:49.893 2741 2741 D QtiDCT-C: [0] usesSpMode: sp-mode is not used.
01-12 13:11:49.893 2741 2741 D QtiDCT-C: [0]updateTetherState: Maintain the current APN.
01-12 13:11:49.963 1116 1116 I sysui_multi_action: [757,1501,758,1,793,204,794,0,795,204,796,47,806,android,857,USB,858,1,947,0,1500,0]
01-12 13:11:49.964 1116 1116 I sysui_multi_action: [757,804,799,note_interruptive,801,0,802,1]
01-12 13:11:50.022 1116 1116 I sysui_multi_action: [757,1501,758,1,793,254,794,0,795,254,796,26,806,android,857,DEVELOPER_IMPORTANT,858,4,947,0,1500,0]
01-12 13:11:50.027 1116 1116 I sysui_multi_action: [757,804,799,note_interruptive,801,0,802,1]
01-12 13:11:50.030 1116 1116 I sysui_multi_action: [757,1501,758,1,793,268,794,0,795,268,796,26,806,android,857,DEVELOPER_IMPORTANT,858,4,947,0,1500,0,1688,1]
01-12 13:11:50.032 1116 2164 I netstats_mobile_sample: [0,0,0,0,0,0,0,0,0,0,0,0,1673529110031]
01-12 13:11:50.032 1116 2164 I netstats_wifi_sample: [54672,735,274606,1824,54672,735,274606,1824,53824,723,274446,1820,1673529110031]
01-12 13:11:50.047 1116 1116 I sysui_multi_action: [757,804,799,note_interruptive,801,0,802,1]
01-12 13:11:50.048 1116 1116 I sysui_multi_action: [757,199,758,1,759,2,793,286,794,0,795,286,796,26,806,android,857,DEVELOPER_IMPORTANT,858,4,947,0,1500,18,1688,1]
01-12 13:11:50.048 1116 1116 I notification_alert: [-1|android|26|null|1000,0,1,0]
01-12 13:11:50.063 2741 2741 D QtiDCT-C: [0]Intent Recieved : ACTION_TETHER_STATE_CHANGED
01-12 13:11:50.063 2741 2741 D QtiDCT-C: [0] updateBtTetherState: Start
01-12 13:11:50.064 2741 2741 D QtiDCT-C: [0] before BT Tether = false, after BT Tether = false
01-12 13:11:50.064 2741 2741 D QtiDCT-C: [0] updateUsbTetherState: Start
01-12 13:11:50.064 2741 2741 D QtiDCT-C: [0] before USB Tether = false, after USB Tether = true
01-12 13:11:50.064 11071 11071 I sysui_multi_action: [757,853,758,4,854,TetherSettings/usb_tether_settings,1089,1]
01-12 13:11:50.064 2741 2741 D QtiDCT-C: [0]updateWifiTetherState: Start
01-12 13:11:50.065 2741 2741 D QtiDCT-C: [0] updateEthernetTetherState: Start
01-12 13:11:50.065 2741 2741 D QtiDCT-C: [0] before Ethernet Tether = false, after Ethernet Tether = false
01-12 13:11:50.072 2741 2741 D QtiDCT-C: [0]getPreferredApn: X not found
01-12 13:11:50.072 2741 2741 D QtiDCT-C: [0] usesSpMode: no preferred apn.
01-12 13:11:50.072 2741 2741 D QtiDCT-C: [0] usesSpMode: sp-mode is not used.
01-12 13:11:50.072 2741 2741 D QtiDCT-C: [0]updateTetherState: Maintain the current APN.
01-12 13:11:50.080 1116 2165 I service_manager_slow: [17,alarm]
01-12 13:11:50.199 1116 2164 I netstats_mobile_sample: [0,0,0,0,0,0,0,0,0,0,0,0,1673529110199]
01-12 13:11:50.199 1116 2164 I netstats_wifi_sample: [54672,735,274722,1825,54672,735,274722,1825,53824,723,274562,1821,1673529110199]
01-12 13:11:50.964 2236 2236 I sysui_multi_action: [757,803,799,note_peek,802,1]
01-12 13:11:50.986 1116 1199 I sysui_multi_action: [757,127,758,1]
01-12 13:11:50.987 1116 1199 I sysui_multi_action: [757,804,799,note_load,801,1,802,1]
01-12 13:11:50.987 1116 1199 I notification_panel_revealed: 1
01-12 13:11:50.989 2236 2236 I sysui_heads_up_status: [-1|android|26|null|1000,1]
01-12 13:11:52.794 1116 1378 I am_wtf : [0,1116,system_server,-1,ActivityManager,Sending non-protected broadcast com.lenovo.action.CAPSENSOR_SIM from system 1116:system/1000 pkg android]
01-12 13:11:52.806 1116 1378 I am_wtf : [0,1116,system_server,-1,ActivityManager,Sending non-protected broadcast com.lenovo.action.CAPSENSOR_SIM from system 1116:system/1000 pkg android]
01-12 13:11:52.808 2741 2741 D QtiRilInterface: Received com.lenovo.action.CAPSENSOR_SIM
01-12 13:11:52.809 2741 2741 D QtiRilInterface: capsensor_value is 3
01-12 13:11:52.856 1116 1378 I am_wtf : [0,1116,system_server,-1,ActivityManager,Sending non-protected broadcast com.lenovo.action.CAPSENSOR_SIM from system 1116:system/1000 pkg android]
01-12 13:11:52.870 1116 1378 I am_wtf : [0,1116,system_server,-1,ActivityManager,Sending non-protected broadcast com.lenovo.action.CAPSENSOR_SIM from system 1116:system/1000 pkg android]
01-12 13:11:52.870 2741 2741 D QtiRilInterface: Received com.lenovo.action.CAPSENSOR_SIM
01-12 13:11:52.871 2741 2741 D QtiRilInterface: capsensor_value is 2
01-12 13:11:53.760 1116 9503 I sysui_multi_action: [757,128,758,1,793,3998,794,0,795,3998,796,26,798,0,806,android,857,DEVELOPER_IMPORTANT,858,4,947,0,1395,9,1500,3730,1688,1]
01-12 13:11:53.760 1116 9503 I sysui_multi_action: [757,804,799,note_freshness,801,3998,802,1]
01-12 13:11:53.760 1116 9503 I notification_visibility: [-1|android|26|null|1000,1,3998,3998,0,0]
01-12 13:11:54.857 1116 1377 I am_pss : [13018,1002,com.android.bluetooth,47116288,41574400,110592,131051520,0,0,27]
01-12 13:11:56.680 2236 2236 I sysui_heads_up_status: [-1|android|26|null|1000,0]
01-12 13:11:57.151 1116 9503 I sysui_multi_action: [757,128,758,2,793,7388,794,3390,795,7388,796,26,798,0,806,android,857,DEVELOPER_IMPORTANT,858,4,947,0,1395,9,1500,7120,1688,1]
01-12 13:11:57.151 1116 9503 I notification_visibility: [-1|android|26|null|1000,0,7388,7388,0,0]
01-12 13:11:57.158 1116 8336 I sysui_multi_action: [757,127,758,2]
01-12 13:11:57.165 1116 8336 I notification_panel_hidden:
01-12 13:12:00.800 1116 1116 I notification_enqueue: [10120,4927,com.tblenovo.lewea,4927,NULL,0,Notification(channel=tblenovo.channel.WEATHER shortcut=null contentView=null vibrate=null sound=null defaults=0x0 flags=0x40 color=0x00000000 vis=PRIVATE),1]
01-12 13:12:00.836 1116 1116 I notification_enqueue: [10120,4927,com.tblenovo.lewea,4927,NULL,0,Notification(channel=tblenovo.channel.WEATHER shortcut=null contentView=com.tblenovo.lewea/0x7f090018 vibrate=null sound=null defaults=0x0 flags=0x50 color=0x00000000 vis=PUBLIC),1]
01-12 13:12:01.059 1116 1316 I commit_sys_config_file: [notification-policy,1229580]
01-12 13:12:09.232 1116 2507 I am_proc_died: [0,3360,com.google.android.gms,905,19]
01-12 13:12:10.225 1116 1378 I am_wtf : [0,1116,system_server,-1,ActivityManager,Sending non-protected broadcast com.lenovo.action.CAPSENSOR_SIM from system 1116:system/1000 pkg android]
01-12 13:12:10.246 1116 1378 I am_wtf : [0,1116,system_server,-1,ActivityManager,Sending non-protected broadcast com.lenovo.action.CAPSENSOR_SIM from system 1116:system/1000 pkg android]
01-12 13:12:10.248 2741 2741 D QtiRilInterface: Received com.lenovo.action.CAPSENSOR_SIM
01-12 13:12:10.249 2741 2741 D QtiRilInterface: capsensor_value is 3
01-12 13:12:11.014 1116 1378 I am_wtf : [0,1116,system_server,-1,ActivityManager,Sending non-protected broadcast com.lenovo.action.CAPSENSOR_SIM from system 1116:system/1000 pkg android]
01-12 13:12:11.033 1116 1378 I am_wtf : [0,1116,system_server,-1,ActivityManager,Sending non-protected broadcast com.lenovo.action.CAPSENSOR_SIM from system 1116:system/1000 pkg android]
01-12 13:12:11.034 2741 2741 D QtiRilInterface: Received com.lenovo.action.CAPSENSOR_SIM
01-12 13:12:11.034 2741 2741 D QtiRilInterface: capsensor_value is 2
01-12 13:12:12.406 1116 1380 I am_proc_start: [0,13247,10136,com.google.android.gms,service,{com.google.android.gms/com.google.android.gms.chimera.GmsIntentOperationService}]
01-12 13:12:12.601 1116 1904 I am_proc_bound: [0,13247,com.google.android.gms]
01-12 13:12:14.921 11071 11071 I sysui_multi_action: [757,853,758,4,854,TetherSettings/usb_tether_settings,1089,0]
01-12 13:12:14.931 11071 11071 I sysui_multi_action: [757,830,758,4,833,0,854,usb_tether_settings,1089,0]
01-12 13:12:14.938 1116 1904 I sysui_multi_action: [757,1275,758,4]
01-12 13:12:16.167 1116 1116 I sysui_multi_action: [757,128,758,5,759,8,793,26408,794,0,795,26408,796,47,806,android,857,USB,858,1,947,0,1500,26204,1688,1]
01-12 13:12:16.169 1116 1116 I notification_canceled: [-1|android|47|null|1000,8,26408,26408,0,-1,-1,NULL]
01-12 13:12:16.188 1116 1116 I notification_enqueue: [1000,1116,android,32,NULL,-1,Notification(channel=USB shortcut=null contentView=null vibrate=null sound=null tick defaults=0x0 flags=0x2 color=0x00000000 vis=PUBLIC),0]
01-12 13:12:16.391 1116 1116 I sysui_multi_action: [757,1501,758,1,793,219,794,0,795,219,796,32,806,android,857,USB,858,1,947,0,1500,0]
01-12 13:12:16.392 1116 1116 I sysui_multi_action: [757,804,799,note_interruptive,801,0,802,1]
01-12 13:12:16.442 2741 2741 D QtiDCT-C: [0]Intent Recieved : ACTION_TETHER_STATE_CHANGED
01-12 13:12:16.443 2741 2741 D QtiDCT-C: [0] updateBtTetherState: Start
01-12 13:12:16.443 2741 2741 D QtiDCT-C: [0] before BT Tether = false, after BT Tether = false
01-12 13:12:16.443 2741 2741 D QtiDCT-C: [0] updateUsbTetherState: Start
01-12 13:12:16.443 2741 2741 D QtiDCT-C: [0] before USB Tether = true, after USB Tether = false
01-12 13:12:16.443 2741 2741 D QtiDCT-C: [0]updateWifiTetherState: Start
01-12 13:12:16.446 2741 2741 D QtiDCT-C: [0] updateEthernetTetherState: Start
01-12 13:12:16.446 2741 2741 D QtiDCT-C: [0] before Ethernet Tether = false, after Ethernet Tether = false
01-12 13:12:16.465 2741 2741 D QtiDCT-C: [0]getPreferredApn: X not found
01-12 13:12:16.465 2741 2741 D QtiDCT-C: [0] usesSpMode: no preferred apn.
01-12 13:12:16.465 2741 2741 D QtiDCT-C: [0] usesSpMode: sp-mode is not used.
01-12 13:12:16.465 2741 2741 D QtiDCT-C: [0]updateTetherState: Maintain the current APN.
01-12 13:12:16.527 1116 2164 I netstats_mobile_sample: [0,0,0,0,0,0,0,0,0,0,0,0,1673529136527]
01-12 13:12:16.528 1116 2164 I netstats_wifi_sample: [57359,775,438824,2347,57359,775,438824,2347,56511,763,438664,2343,1673529136527]
01-12 13:12:16.536 1116 2165 I service_manager_stats: [100,383,103702]
01-12 13:12:22.194 3134 8024 I c2dm : [-19,ERR_AUTHENTICATION_FAILED,0,0]
01-12 13:12:22.195 3134 3339 I c2dm : [-19,ERR_AUTHENTICATION_FAILED,0,0]
01-12 13:12:22.798 11071 11071 I sysui_multi_action: [757,853,758,4,854,TetherSettings/enable_bluetooth_tethering,1089,1]
01-12 13:12:22.804 11071 11071 I sysui_multi_action: [757,830,758,4,833,0,854,enable_bluetooth_tethering,1089,0]
01-12 13:12:24.548 11071 11071 I sysui_multi_action: [757,853,758,4,854,TetherSettings/enable_bluetooth_tethering,1089,0]
01-12 13:12:24.550 11071 11071 I sysui_multi_action: [757,830,758,4,833,0,854,enable_bluetooth_tethering,1089,0]
01-12 13:12:25.069 11071 11071 I sysui_multi_action: [757,853,758,4,854,TetherSettings/usb_tether_settings,1089,1]
01-12 13:12:25.073 11071 11071 I sysui_multi_action: [757,830,758,4,833,0,854,usb_tether_settings,1089,0]
01-12 13:12:25.077 1116 10594 I sysui_multi_action: [757,1278,758,4]
01-12 13:12:26.063 1116 1116 I sysui_multi_action: [757,128,758,5,759,8,793,9891,794,0,795,9891,796,32,806,android,857,USB,858,1,947,0,1500,9672,1688,1]
01-12 13:12:26.068 1116 1116 I notification_canceled: [-1|android|32|null|1000,8,9891,9891,0,-1,-1,NULL]
01-12 13:12:26.071 1116 1116 I notification_enqueue: [1000,1116,android,47,NULL,-1,Notification(channel=USB shortcut=null contentView=null vibrate=null sound=null tick defaults=0x0 flags=0x2 color=0x00000000 vis=PUBLIC),0]
01-12 13:12:26.115 1116 1377 I am_pss : [13018,1002,com.android.bluetooth,46494720,41140224,110592,130826240,0,0,24]
01-12 13:12:26.119 2741 2741 D QtiDCT-C: [0]Intent Recieved : ACTION_TETHER_STATE_CHANGED
01-12 13:12:26.119 2741 2741 D QtiDCT-C: [0] updateBtTetherState: Start
01-12 13:12:26.120 2741 2741 D QtiDCT-C: [0] before BT Tether = false, after BT Tether = false
01-12 13:12:26.120 2741 2741 D QtiDCT-C: [0] updateUsbTetherState: Start
01-12 13:12:26.120 2741 2741 D QtiDCT-C: [0] before USB Tether = false, after USB Tether = false
01-12 13:12:26.120 2741 2741 D QtiDCT-C: [0]updateWifiTetherState: Start
01-12 13:12:26.126 2741 2741 D QtiDCT-C: [0] updateEthernetTetherState: Start
01-12 13:12:26.131 2741 2741 D QtiDCT-C: [0] before Ethernet Tether = false, after Ethernet Tether = false
01-12 13:12:26.147 2741 2741 D QtiDCT-C: [0]getPreferredApn: X not found
01-12 13:12:26.148 2741 2741 D QtiDCT-C: [0] usesSpMode: no preferred apn.
01-12 13:12:26.148 2741 2741 D QtiDCT-C: [0] usesSpMode: sp-mode is not used.
01-12 13:12:26.148 2741 2741 D QtiDCT-C: [0]updateTetherState: Maintain the current APN.
01-12 13:12:26.204 2741 2741 D QtiDCT-C: [0]Intent Recieved : ACTION_TETHER_STATE_CHANGED
01-12 13:12:26.205 2741 2741 D QtiDCT-C: [0] updateBtTetherState: Start
01-12 13:12:26.205 2741 2741 D QtiDCT-C: [0] before BT Tether = false, after BT Tether = false
01-12 13:12:26.206 2741 2741 D QtiDCT-C: [0] updateUsbTetherState: Start
01-12 13:12:26.223 2741 2741 D QtiDCT-C: [0] before USB Tether = false, after USB Tether = true
01-12 13:12:26.223 2741 2741 D QtiDCT-C: [0]updateWifiTetherState: Start
01-12 13:12:26.225 2741 2741 D QtiDCT-C: [0] updateEthernetTetherState: Start
01-12 13:12:26.225 2741 2741 D QtiDCT-C: [0] before Ethernet Tether = false, after Ethernet Tether = false
01-12 13:12:26.242 2741 2741 D QtiDCT-C: [0]getPreferredApn: X not found
01-12 13:12:26.242 2741 2741 D QtiDCT-C: [0] usesSpMode: no preferred apn.
01-12 13:12:26.242 2741 2741 D QtiDCT-C: [0] usesSpMode: sp-mode is not used.
01-12 13:12:26.242 2741 2741 D QtiDCT-C: [0]updateTetherState: Maintain the current APN.
01-12 13:12:26.277 1116 1116 I sysui_multi_action: [757,1501,758,1,793,224,794,0,795,224,796,47,806,android,857,USB,858,1,947,0,1500,0]
01-12 13:12:26.278 1116 1116 I sysui_multi_action: [757,804,799,note_interruptive,801,0,802,1]
01-12 13:12:26.316 1116 2164 I netstats_mobile_sample: [0,0,0,0,0,0,0,0,0,0,0,0,1673529146316]
01-12 13:12:26.317 1116 2164 I netstats_wifi_sample: [57513,777,439210,2351,57513,777,439210,2351,56665,765,438934,2346,1673529146316]
01-12 13:12:26.450 1116 2164 I netstats_mobile_sample: [0,0,0,0,0,0,0,0,0,0,0,0,1673529146449]
01-12 13:12:26.450 1116 2164 I netstats_wifi_sample: [57513,777,439210,2351,57513,777,439210,2351,56665,765,439050,2347,1673529146449]
01-12 13:12:33.583 1116 1378 I am_uid_idle: 10046
01-12 13:12:34.408 1116 1378 I am_wtf : [0,1116,system_server,-1,ActivityManager,Sending non-protected broadcast com.lenovo.action.CAPSENSOR_SIM from system 1116:system/1000 pkg android]
01-12 13:12:34.420 1116 1378 I am_wtf : [0,1116,system_server,-1,ActivityManager,Sending non-protected broadcast com.lenovo.action.CAPSENSOR_SIM from system 1116:system/1000 pkg android]
01-12 13:12:34.421 2741 2741 D QtiRilInterface: Received com.lenovo.action.CAPSENSOR_SIM
01-12 13:12:34.421 2741 2741 D QtiRilInterface: capsensor_value is 3
01-12 13:12:35.118 1116 1378 I am_wtf : [0,1116,system_server,-1,ActivityManager,Sending non-protected broadcast com.lenovo.action.CAPSENSOR_SIM from system 1116:system/1000 pkg android]
01-12 13:12:35.132 1116 1378 I am_wtf : [0,1116,system_server,-1,ActivityManager,Sending non-protected broadcast com.lenovo.action.CAPSENSOR_SIM from system 1116:system/1000 pkg android]
01-12 13:12:35.132 2741 2741 D QtiRilInterface: Received com.lenovo.action.CAPSENSOR_SIM
01-12 13:12:35.133 2741 2741 D QtiRilInterface: capsensor_value is 2
01-12 13:12:35.159 1116 2148 I sysui_multi_action: [757,1417,758,5,1418,8,1419,8,1420,45816,1421,2]
01-12 13:12:35.159 1116 2148 I battery_status: [3,2,1,0,Li-ion]
01-12 13:12:35.344 1116 1947 I commit_sys_config_file: [settings-0-0,38]
01-12 13:12:35.366 1116 1116 I battery_saving_stats: [0,1,0,45839,0,0,729950,-50770,-2]
01-12 13:12:35.372 1116 1564 I dvm_lock_sample: [system_server,1,PowerManagerService,171,PowerManagerService.java,4737,void com.android.server.power.PowerManagerService$BatteryReceiver.onReceive(android.content.Context, android.content.Intent),BatterySavingStats.java,245,com.android.server.power.batterysaver.BatterySavingStats$Stat com.android.server.power.batterysaver.BatterySavingStats.getStat(int),34]
01-12 13:12:35.386 2741 2741 D RILJ : [0073]> GET_ACTIVITY_INFO [PHONE0]
01-12 13:12:35.407 2741 2959 D RILJ : [0073]< GET_ACTIVITY_INFO ModemActivityInfo{ mTimestamp=1340719 mSleepTimeMs=0 mIdleTimeMs=45951 mTxTimeMs[]=[0, 0, 0, 0, 0] mRxTimeMs=0} [PHONE0]
01-12 13:12:35.690 630 630 I auditd : type=1400 audit(0.0:569): avc: denied { read } for comm="Binder:630_2" name="wakeup38" dev="sysfs" ino=66587 scontext=u:r:system_suspend:s0 tcontext=u:object_r:sysfs:s0 tclass=dir permissive=0
01-12 13:12:35.700 630 630 I auditd : type=1400 audit(0.0:570): avc: denied { read } for comm="Binder:630_2" name="wakeup28" dev="sysfs" ino=66215 scontext=u:r:system_suspend:s0 tcontext=u:object_r:sysfs:s0 tclass=dir permissive=0
01-12 13:12:35.700 630 630 I auditd : type=1400 audit(0.0:571): avc: denied { read } for comm="Binder:630_2" name="wakeup18" dev="sysfs" ino=58442 scontext=u:r:system_suspend:s0 tcontext=u:object_r:sysfs:s0 tclass=dir permissive=0
01-12 13:12:35.700 630 630 I auditd : type=1400 audit(0.0:572): avc: denied { read } for comm="Binder:630_2" name="wakeup46" dev="sysfs" ino=70729 scontext=u:r:system_suspend:s0 tcontext=u:object_r:sysfs:s0 tclass=dir permissive=0
01-12 13:12:35.700 630 630 I auditd : type=1400 audit(0.0:573): avc: denied { read } for comm="Binder:630_2" name="wakeup2" dev="sysfs" ino=40064 scontext=u:r:system_suspend:s0 tcontext=u:object_r:sysfs:s0 tclass=dir permissive=0
01-12 13:12:35.927 1116 1393 I dvm_lock_sample: [system_server,0,batterystats-handler,513,BatteryStatsService.java,1051,void com.android.server.am.BatteryStatsService.lambda$noteStopWakelockFromSource$26$BatteryStatsService(android.os.WorkSource, int, java.lang.String, java.lang.String, int, long, long),BatteryExternalStatsWorker.java,696,void com.android.server.am.BatteryExternalStatsWorker.updateExternalStatsLocked(java.lang.String, int, boolean, boolean, int, boolean),100]
01-12 13:12:38.095 1116 1116 I sysui_multi_action: [757,128,758,5,759,8,793,12041,794,0,795,12041,796,47,806,android,857,USB,858,1,947,0,1500,11817,1688,1]
01-12 13:12:38.098 1116 1116 I notification_canceled: [-1|android|47|null|1000,8,12041,12041,0,-1,-1,NULL]
01-12 13:12:38.109 1116 1116 I sysui_multi_action: [757,128,758,5,759,8,793,48347,794,44349,795,48347,796,26,806,android,857,DEVELOPER_IMPORTANT,858,4,947,0,1500,48079,1688,1]
01-12 13:12:38.110 1116 1116 I notification_canceled: [-1|android|26|null|1000,8,48347,48347,44349,-1,-1,NULL]
01-12 13:12:38.415 2741 2741 D QtiDCT-C: [0]Intent Recieved : ACTION_TETHER_STATE_CHANGED
01-12 13:12:38.416 2741 2741 D QtiDCT-C: [0] updateBtTetherState: Start
01-12 13:12:38.416 2741 2741 D QtiDCT-C: [0] before BT Tether = false, after BT Tether = false
01-12 13:12:38.416 2741 2741 D QtiDCT-C: [0] updateUsbTetherState: Start
01-12 13:12:38.417 2741 2741 D QtiDCT-C: [0] before USB Tether = true, after USB Tether = false
01-12 13:12:38.417 2741 2741 D QtiDCT-C: [0]updateWifiTetherState: Start
01-12 13:12:38.420 11071 11071 I sysui_multi_action: [757,853,758,4,854,TetherSettings/usb_tether_settings,1089,0]
01-12 13:12:38.421 2741 2741 D QtiDCT-C: [0] updateEthernetTetherState: Start
01-12 13:12:38.421 2741 2741 D QtiDCT-C: [0] before Ethernet Tether = false, after Ethernet Tether = false
01-12 13:12:38.432 2741 2741 D QtiDCT-C: [0]getPreferredApn: X not found
01-12 13:12:38.433 2741 2741 D QtiDCT-C: [0] usesSpMode: no preferred apn.
01-12 13:12:38.433 2741 2741 D QtiDCT-C: [0] usesSpMode: sp-mode is not used.
01-12 13:12:38.433 2741 2741 D QtiDCT-C: [0]updateTetherState: Maintain the current APN.
01-12 13:12:38.544 1116 2164 I netstats_mobile_sample: [0,0,0,0,0,0,0,0,0,0,0,0,1673529158544]
01-12 13:12:38.545 1116 2164 I netstats_wifi_sample: [59000,799,455231,2530,59000,799,455231,2530,58152,787,455071,2526,1673529158544]
01-12 13:12:39.159 1116 1378 I am_wtf : [0,1116,system_server,-1,ActivityManager,Sending non-protected broadcast com.lenovo.action.CAPSENSOR_SIM from system 1116:system/1000 pkg android]
01-12 13:12:39.179 1116 1378 I am_wtf : [0,1116,system_server,-1,ActivityManager,Sending non-protected broadcast com.lenovo.action.CAPSENSOR_SIM from system 1116:system/1000 pkg android]
01-12 13:12:39.181 2741 2741 D QtiRilInterface: Received com.lenovo.action.CAPSENSOR_SIM
01-12 13:12:39.181 2741 2741 D QtiRilInterface: capsensor_value is 3
01-12 13:12:41.236 1116 1377 I am_pss : [11071,1000,com.android.settings,77421568,69873664,694272,158384128,0,2,32]
01-12 13:12:44.307 1116 1378 I am_uid_idle: 10198
01-12 13:12:45.523 1116 1378 I am_wtf : [0,1116,system_server,-1,ActivityManager,Sending non-protected broadcast com.lenovo.action.CAPSENSOR_SIM from system 1116:system/1000 pkg android]
01-12 13:12:45.545 1116 1378 I am_wtf : [0,1116,system_server,-1,ActivityManager,Sending non-protected broadcast com.lenovo.action.CAPSENSOR_SIM from system 1116:system/1000 pkg android]
01-12 13:12:45.546 2741 2741 D QtiRilInterface: Received com.lenovo.action.CAPSENSOR_SIM
01-12 13:12:45.547 2741 2741 D QtiRilInterface: capsensor_value is 2
01-12 13:12:47.300 3134 3339 I gtalk_connection: 16778495
01-12 13:12:47.324 3134 3339 I gtalk_connection: 16778495
01-12 13:12:47.996 1116 2927 I battery_status: [4,2,1,0,Li-ion]
01-12 13:12:48.133 1116 1947 I commit_sys_config_file: [settings-0-0,22]
01-12 13:12:48.306 1116 2927 I battery_status: [2,2,1,0,Li-ion]
01-12 13:12:48.458 1116 2927 I sysui_multi_action: [757,1417,758,4,1418,8,1421,2]
01-12 13:12:48.459 1116 2927 I battery_status: [2,2,1,2,Li-ion]
01-12 13:12:48.483 1116 1116 I battery_saving_stats: [0,1,0,13285,0,0,164253,0,1]
01-12 13:12:48.490 1116 3394 I dvm_lock_sample: [system_server,1,Binder:1116_C,18,ActivityManagerService.java,11956,android.content.ComponentName com.android.server.am.ActivityManagerService.startService(android.app.IApplicationThread, android.content.Intent, java.lang.String, boolean, java.lang.String, java.lang.String, int),,0,null,3]
01-12 13:12:48.554 2741 2741 D RILJ : [0074]> GET_ACTIVITY_INFO [PHONE0]
01-12 13:12:48.578 2741 2959 D RILJ : [0074]< GET_ACTIVITY_INFO ModemActivityInfo{ mTimestamp=1353891 mSleepTimeMs=0 mIdleTimeMs=13167 mTxTimeMs[]=[0, 0, 0, 0, 0] mRxTimeMs=0} [PHONE0]
01-12 13:12:48.785 1116 1428 I service_manager_slow: [12,suspend_control_internal]
01-12 13:12:48.790 630 630 I auditd : type=1400 audit(0.0:600): avc: denied { read } for comm="Binder:630_2" name="wakeup38" dev="sysfs" ino=66587 scontext=u:r:system_suspend:s0 tcontext=u:object_r:sysfs:s0 tclass=dir permissive=0
01-12 13:12:48.800 630 630 I auditd : type=1400 audit(0.0:601): avc: denied { read } for comm="Binder:630_2" name="wakeup28" dev="sysfs" ino=66215 scontext=u:r:system_suspend:s0 tcontext=u:object_r:sysfs:s0 tclass=dir permissive=0
01-12 13:12:48.810 630 630 I auditd : type=1400 audit(0.0:602): avc: denied { read } for comm="Binder:630_2" name="wakeup18" dev="sysfs" ino=58442 scontext=u:r:system_suspend:s0 tcontext=u:object_r:sysfs:s0 tclass=dir permissive=0
01-12 13:12:48.820 630 630 I auditd : type=1400 audit(0.0:603): avc: denied { read } for comm="Binder:630_2" name="wakeup46" dev="sysfs" ino=70729 scontext=u:r:system_suspend:s0 tcontext=u:object_r:sysfs:s0 tclass=dir permissive=0
01-12 13:12:48.820 630 630 I auditd : type=1400 audit(0.0:604): avc: denied { read } for comm="Binder:630_2" name="wakeup2" dev="sysfs" ino=40064 scontext=u:r:system_suspend:s0 tcontext=u:object_r:sysfs:s0 tclass=dir permissive=0
01-12 13:12:48.969 1116 1116 I notification_enqueue: [1000,1116,android,47,NULL,-1,Notification(channel=USB shortcut=null contentView=null vibrate=null sound=null tick defaults=0x0 flags=0x2 color=0x00000000 vis=PUBLIC),0]
01-12 13:12:48.970 1116 1116 I notification_enqueue: [1000,1116,android,26,NULL,-1,Notification(channel=DEVELOPER_IMPORTANT shortcut=null contentView=null vibrate=null sound=null tick defaults=0x0 flags=0x2 color=0x00000000 vis=PUBLIC),0]
01-12 13:12:48.992 2741 2741 D QtiDCT-C: [0]Intent Recieved : ACTION_TETHER_STATE_CHANGED
01-12 13:12:48.994 2741 2741 D QtiDCT-C: [0] updateBtTetherState: Start
01-12 13:12:48.994 2741 2741 D QtiDCT-C: [0] before BT Tether = false, after BT Tether = false
01-12 13:12:48.994 2741 2741 D QtiDCT-C: [0] updateUsbTetherState: Start
01-12 13:12:48.994 2741 2741 D QtiDCT-C: [0] before USB Tether = false, after USB Tether = false
01-12 13:12:48.994 2741 2741 D QtiDCT-C: [0]updateWifiTetherState: Start
01-12 13:12:48.999 2741 2741 D QtiDCT-C: [0] updateEthernetTetherState: Start
01-12 13:12:48.999 2741 2741 D QtiDCT-C: [0] before Ethernet Tether = false, after Ethernet Tether = false
01-12 13:12:49.001 1116 1393 I dvm_lock_sample: [system_server,0,batterystats-handler,405,BatteryStatsService.java,2829,void com.android.server.am.BatteryStatsService.lambda$noteServiceStopLaunch$105$BatteryStatsService(int, java.lang.String, java.lang.String, long, long),BatteryExternalStatsWorker.java,696,void com.android.server.am.BatteryExternalStatsWorker.updateExternalStatsLocked(java.lang.String, int, boolean, boolean, int, boolean),81]
01-12 13:12:49.044 2741 2741 D QtiDCT-C: [0]getPreferredApn: X not found
01-12 13:12:49.044 2741 2741 D QtiDCT-C: [0] usesSpMode: no preferred apn.
01-12 13:12:49.045 2741 2741 D QtiDCT-C: [0] usesSpMode: sp-mode is not used.
01-12 13:12:49.045 2741 2741 D QtiDCT-C: [0]updateTetherState: Maintain the current APN.
01-12 13:12:49.113 11071 11071 I sysui_multi_action: [757,853,758,4,854,TetherSettings/usb_tether_settings,1089,1]
01-12 13:12:49.124 2741 2741 D QtiDCT-C: [0]Intent Recieved : ACTION_TETHER_STATE_CHANGED
01-12 13:12:49.125 2741 2741 D QtiDCT-C: [0] updateBtTetherState: Start
01-12 13:12:49.125 2741 2741 D QtiDCT-C: [0] before BT Tether = false, after BT Tether = false
01-12 13:12:49.125 2741 2741 D QtiDCT-C: [0] updateUsbTetherState: Start
01-12 13:12:49.158 1116 2164 I netstats_mobile_sample: [0,0,0,0,0,0,0,0,0,0,0,0,1673529169157]
01-12 13:12:49.158 1116 2164 I netstats_wifi_sample: [60428,812,455501,2533,60428,812,455501,2533,58306,789,455341,2529,1673529169157]
01-12 13:12:49.148 2741 2741 D QtiDCT-C: [0] before USB Tether = false, after USB Tether = true
01-12 13:12:49.162 2741 2741 D QtiDCT-C: [0]updateWifiTetherState: Start
01-12 13:12:49.168 2741 2741 D QtiDCT-C: [0] updateEthernetTetherState: Start
01-12 13:12:49.168 2741 2741 D QtiDCT-C: [0] before Ethernet Tether = false, after Ethernet Tether = false
01-12 13:12:49.171 1116 1116 I sysui_multi_action: [757,1501,758,1,793,429,794,0,795,429,796,47,806,android,857,USB,858,1,947,0,1500,0]
01-12 13:12:49.172 1116 1116 I sysui_multi_action: [757,804,799,note_interruptive,801,0,802,1]
01-12 13:12:49.200 2741 2741 D QtiDCT-C: [0]getPreferredApn: X not found
01-12 13:12:49.201 2741 2741 D QtiDCT-C: [0] usesSpMode: no preferred apn.
01-12 13:12:49.201 2741 2741 D QtiDCT-C: [0] usesSpMode: sp-mode is not used.
01-12 13:12:49.201 2741 2741 D QtiDCT-C: [0]updateTetherState: Maintain the current APN.
01-12 13:12:49.209 1116 1116 I sysui_multi_action: [757,1501,758,1,793,464,794,0,795,464,796,26,806,android,857,DEVELOPER_IMPORTANT,858,4,947,0,1500,0]
