01-12 13:00:48.874 9627 9627 I snet_event_log: [120484087,-1,]
01-12 13:00:48.878 9627 9627 I wm_on_resume_called: [240176849,com.android.settings.SubSettings,RESUME_ACTIVITY]
01-12 13:00:48.882 9627 9627 I sysui_multi_action: [757,1800,758,1,833,103,1089,316]
01-12 13:00:48.908 9627 9627 I wm_on_top_resumed_gained_called: [240176849,com.android.settings.SubSettings,topStateChangedWhenResumed]
01-12 13:00:48.995 1116 1318 I input_focus: [Focus request f390927 com.android.settings/com.android.settings.SubSettings,reason=UpdateInputWindows]
01-12 13:00:49.100 1116 8900 I sysui_multi_action: [757,906,758,4,806,com.android.settings,871,,908,com.google.android.gms,1452,4,1456,318768708]
01-12 13:00:49.265 1116 1313 I wm_activity_launch_time: [0,240176849,com.android.settings/.SubSettings,879]
01-12 13:00:49.286 1116 2145 I input_focus: [Focus entering f390927 com.android.settings/com.android.settings.SubSettings (server),reason=Window became focusable. Previous reason: NOT_VISIBLE]
01-12 13:00:49.693 1116 1317 I wm_stop_activity: [0,146329563,com.android.settings/.Settings$WifiSettingsActivity]
01-12 13:00:49.771 9627 9627 I wm_on_stop_called: [146329563,com.android.settings.Settings$WifiSettingsActivity,STOP_ACTIVITY_ITEM]
01-12 13:00:49.783 2741 2741 D TelephonyNetworkFactory[0]: onReleaseNetworkFor NetworkRequest [ REQUEST id=182, [ Capabilities: INTERNET&NOT_RESTRICTED&TRUSTED&NOT_VCN_MANAGED Uid: 1000 RequestorUid: 1000 RequestorPkg: com.android.settings UnderlyingNetworks: Null] ] applied false
01-12 13:00:50.481 1116 2145 I input_interaction: Interaction with: f390927 com.android.settings/com.android.settings.SubSettings (server), PointerEventDispatcher0 (server),
01-12 13:00:50.577 1116 1198 I dvm_lock_sample: [system_server,0,Binder:1116_1,61,Session.java,628,void com.android.server.wm.Session.insetsModified(android.view.IWindow, android.view.InsetsState),DisplayPolicy.java,560,void com.android.server.wm.DisplayPolicy$1.onSwipeFromLeft(),12]
01-12 13:00:50.759 1116 2145 I input_interaction: Interaction with: 4a3ab9c InputMethod (server), PointerEventDispatcher0 (server),
01-12 13:00:52.468 1116 2145 I input_interaction: Interaction with: f390927 com.android.settings/com.android.settings.SubSettings (server), PointerEventDispatcher0 (server),
01-12 13:00:53.796 1116 2145 I input_interaction: Interaction with: 4aa51c3 NavigationBar0 (server), PointerEventDispatcher0 (server),
01-12 13:00:53.800 2236 2236 I sysui_multi_action: [757,931,758,4,759,4,932,0,933,0]
01-12 13:00:53.809 1116 2145 I input_interaction: Interaction with: f390927 com.android.settings/com.android.settings.SubSettings (server), PointerEventDispatcher0 (server),
01-12 13:00:53.843 1116 2145 I input_interaction: Interaction with: 4aa51c3 NavigationBar0 (server), PointerEventDispatcher0 (server),
01-12 13:00:53.870 2236 2236 I sysui_multi_action: [757,931,758,4,759,4,932,0,933,1]
01-12 13:00:53.873 1116 3508 I sysui_multi_action: [757,803,799,key_back_press,802,1]
01-12 13:00:53.972 1116 1116 I dvm_lock_sample: [system_server,0,main,26,InputMethodManagerService.java,4371,boolean com.android.server.inputmethod.InputMethodManagerService.handleMessage(android.os.Message),-,4134,void com.android.server.inputmethod.InputMethodManagerService.applyImeVisibility(android.os.IBinder, android.os.IBinder, boolean),5]
01-12 13:00:53.977 2236 2236 I sysui_multi_action: [757,931,758,4,759,4,932,0,933,0]
01-12 13:00:53.994 1116 2145 I input_interaction: Interaction with: f390927 com.android.settings/com.android.settings.SubSettings (server), PointerEventDispatcher0 (server),
01-12 13:00:54.012 1116 2145 I input_interaction: Interaction with: 4aa51c3 NavigationBar0 (server), PointerEventDispatcher0 (server),
01-12 13:00:54.053 2236 2236 I sysui_multi_action: [757,931,758,4,759,4,932,0,933,1]
01-12 13:00:54.057 1116 3508 I sysui_multi_action: [757,803,799,key_back_press,802,1]
01-12 13:00:54.073 1116 1198 I wm_finish_activity: [0,240176849,58,com.android.settings/.SubSettings,app-request]
01-12 13:00:54.178 2236 2236 I sysui_multi_action: [757,931,758,4,759,4,932,0,933,0]
01-12 13:00:54.228 2236 2236 I sysui_multi_action: [757,931,758,4,759,4,932,0,933,1]
01-12 13:00:54.238 1116 3508 I sysui_multi_action: [757,803,799,key_back_press,802,1]
01-12 13:00:54.245 1116 1198 I wm_pause_activity: [0,240176849,com.android.settings/.SubSettings,userLeaving=false,finish]
01-12 13:00:54.250 1116 1318 I dvm_lock_sample: [system_server,1,android.anim,174,InputMonitor.java,144,void com.android.server.wm.InputMonitor$UpdateInputWindows.run(),TaskChangeNotificationController.java,342,void com.android.server.wm.TaskChangeNotificationController.forAllLocalListeners(com.android.server.wm.TaskChangeNotificationController$TaskStackConsumer, android.os.Message),34]
01-12 13:00:54.250 1116 2145 I input_interaction: Interaction with: f390927 com.android.settings/com.android.settings.SubSettings (server), PointerEventDispatcher0 (server),
01-12 13:00:54.251 9627 9627 I wm_on_top_resumed_lost_called: [240176849,com.android.settings.SubSettings,topStateChangedWhenResumed]
01-12 13:00:54.255 9627 9627 I sysui_multi_action: [757,1800,758,2,1089,5373]
01-12 13:00:54.257 9627 9627 I wm_on_paused_called: [240176849,com.android.settings.SubSettings,performPause]
01-12 13:00:54.259 1116 3511 I wm_add_to_stopping: [0,240176849,com.android.settings/.SubSettings,completeFinishing]
01-12 13:00:54.263 1116 3511 I wm_set_resumed_activity: [0,com.android.settings/.Settings$WifiSettingsActivity,resumeTopActivityInnerLocked]
01-12 13:00:54.265 1116 3511 I wm_resume_activity: [0,146329563,58,com.android.settings/.Settings$WifiSettingsActivity]
01-12 13:00:54.278 1116 1317 I sysui_multi_action: [757,803,799,window_time_0,802,6]
01-12 13:00:54.289 1116 2145 I input_focus: [Focus leaving f390927 com.android.settings/com.android.settings.SubSettings (server),reason=NO_WINDOW]
01-12 13:00:54.289 9627 9627 I wm_on_activity_result_called: [146329563,com.android.settings.Settings$WifiSettingsActivity,ACTIVITY_RESULT]
01-12 13:00:54.291 9627 9627 I wm_on_restart_called: [146329563,com.android.settings.Settings$WifiSettingsActivity,performRestartActivity]
01-12 13:00:54.309 9627 9627 I wm_on_start_called: [146329563,com.android.settings.Settings$WifiSettingsActivity,handleStartActivity]
01-12 13:00:54.310 9627 9627 I snet_event_log: [120484087,-1,]
01-12 13:00:54.313 9627 9627 I wm_on_resume_called: [146329563,com.android.settings.Settings$WifiSettingsActivity,RESUME_ACTIVITY]
01-12 13:00:54.314 9627 9627 I sysui_multi_action: [757,103,758,1,833,0,1089,0]
01-12 13:00:54.320 1116 2145 I input_interaction: Interaction with: 4aa51c3 NavigationBar0 (server), PointerEventDispatcher0 (server),
01-12 13:00:54.323 2741 2741 D TelephonyNetworkFactory[0]: got request NetworkRequest [ REQUEST id=188, [ Capabilities: INTERNET&NOT_RESTRICTED&TRUSTED&NOT_VCN_MANAGED Uid: 1000 RequestorUid: 1000 RequestorPkg: com.android.settings UnderlyingNetworks: Null] ]
01-12 13:00:54.323 9627 9627 I wm_on_top_resumed_gained_called: [146329563,com.android.settings.Settings$WifiSettingsActivity,topWhenResuming]
01-12 13:00:54.324 2741 2741 D TelephonyNetworkFactory[0]: onNeedNetworkFor NetworkRequest [ REQUEST id=188, [ Capabilities: INTERNET&NOT_RESTRICTED&TRUSTED&NOT_VCN_MANAGED Uid: 1000 RequestorUid: 1000 RequestorPkg: com.android.settings UnderlyingNetworks: Null] ] shouldApply false
01-12 13:00:54.327 2236 2236 I sysui_multi_action: [757,931,758,4,759,4,932,0,933,0]
01-12 13:00:54.354 1116 1318 I dvm_lock_sample: [system_server,1,android.anim,11,InputMonitor.java,144,void com.android.server.wm.InputMonitor$UpdateInputWindows.run(),ActivityTaskManagerService.java,1077,android.content.res.Configuration com.android.server.wm.ActivityTaskManagerService.getGlobalConfigurationForPid(int),2]
01-12 13:00:54.357 1116 1318 I input_focus: [Focus request 3bc1114 com.android.settings/com.android.settings.Settings$WifiSettingsActivity,reason=UpdateInputWindows]
01-12 13:00:54.505 1116 2145 I input_focus: [Focus entering 3bc1114 com.android.settings/com.android.settings.Settings$WifiSettingsActivity (server),reason=Window became focusable. Previous reason: NOT_VISIBLE]
01-12 13:00:54.536 2236 2236 I view_enqueue_input_event: [Motion - Cancel,NavigationBar0]
01-12 13:00:54.542 2236 2236 I sysui_multi_action: [757,931,758,4,759,4,932,32,933,1]
01-12 13:00:54.546 1116 7373 I sysui_multi_action: [757,803,799,key_back_press,802,1]
01-12 13:00:54.563 2236 2236 I sysui_multi_action: [757,931,758,4,759,4,932,0,933,0]
01-12 13:00:54.596 2236 2236 I sysui_multi_action: [757,931,758,4,759,4,932,0,933,1]
01-12 13:00:54.598 1116 7373 I sysui_multi_action: [757,803,799,key_back_press,802,1]
01-12 13:00:54.601 9627 9627 I view_enqueue_input_event: [Key - Cancel,com.android.settings/com.android.settings.Settings$WifiSettingsActivity]
01-12 13:00:54.636 1116 2145 I input_interaction: Interaction with: 3bc1114 com.android.settings/com.android.settings.Settings$WifiSettingsActivity (server), PointerEventDispatcher0 (server),
01-12 13:00:54.646 1116 2145 I input_interaction: Interaction with: 4aa51c3 NavigationBar0 (server), PointerEventDispatcher0 (server),
01-12 13:00:54.650 2236 2236 I sysui_multi_action: [757,931,758,4,759,4,932,0,933,0]
01-12 13:00:54.720 1116 2145 I input_interaction: Interaction with: 3bc1114 com.android.settings/com.android.settings.Settings$WifiSettingsActivity (server), PointerEventDispatcher0 (server),
01-12 13:00:54.721 1116 2145 I input_interaction: Interaction with: 4aa51c3 NavigationBar0 (server), PointerEventDispatcher0 (server),
01-12 13:00:54.728 2236 2236 I sysui_multi_action: [757,931,758,4,759,4,932,0,933,1]
01-12 13:00:54.732 1116 1198 I sysui_multi_action: [757,803,799,key_back_press,802,1]
01-12 13:00:54.776 1116 1199 I wm_finish_activity: [0,146329563,58,com.android.settings/.Settings$WifiSettingsActivity,app-request]
01-12 13:00:54.777 1116 1199 I wm_task_moved: [57,1,8]
01-12 13:00:54.777 1116 1199 I wm_task_to_front: [0,57]
01-12 13:00:54.778 1116 1199 I wm_focused_root_task: [0,0,57,58,finish-top adjustFocusToNextFocusableTask]
01-12 13:00:54.780 1116 1199 I wm_pause_activity: [0,146329563,com.android.settings/.Settings$WifiSettingsActivity,userLeaving=false,finish]
01-12 13:00:54.785 9627 9627 I wm_on_top_resumed_lost_called: [146329563,com.android.settings.Settings$WifiSettingsActivity,topStateChangedWhenResumed]
01-12 13:00:54.789 9627 9627 I sysui_multi_action: [757,103,758,2,1089,475]
01-12 13:00:54.794 9627 9627 I wm_on_paused_called: [146329563,com.android.settings.Settings$WifiSettingsActivity,performPause]
01-12 13:00:54.796 1116 3508 I wm_add_to_stopping: [0,146329563,com.android.settings/.Settings$WifiSettingsActivity,completeFinishing]
01-12 13:00:54.806 1116 3508 I wm_set_resumed_activity: [0,com.google.android.permissioncontroller/com.android.permissioncontroller.permission.ui.ReviewPermissionsActivity,resumeTopActivityInnerLocked]
01-12 13:00:54.809 1116 3508 I wm_resume_activity: [0,165780485,57,com.google.android.permissioncontroller/com.android.permissioncontroller.permission.ui.ReviewPermissionsActivity]
01-12 13:00:54.811 2236 2236 I sysui_multi_action: [757,931,758,4,759,4,932,0,933,0]
01-12 13:00:54.815 1116 2145 I input_focus: [Focus leaving 3bc1114 com.android.settings/com.android.settings.Settings$WifiSettingsActivity (server),reason=NO_WINDOW]
01-12 13:00:54.841 1116 1317 I am_uid_active: 10198
01-12 13:00:54.859 1116 1317 I sysui_multi_action: [757,803,799,window_time_0,802,1]
01-12 13:00:54.895 5286 5286 I wm_on_restart_called: [165780485,com.android.permissioncontroller.permission.ui.ReviewPermissionsActivity,performRestartActivity]
01-12 13:00:54.913 5286 5286 I wm_on_start_called: [165780485,com.android.permissioncontroller.permission.ui.ReviewPermissionsActivity,handleStartActivity]
01-12 13:00:54.925 5286 5286 I wm_on_resume_called: [165780485,com.android.permissioncontroller.permission.ui.ReviewPermissionsActivity,RESUME_ACTIVITY]
01-12 13:00:54.967 2236 2236 I view_enqueue_input_event: [Motion - Cancel,NavigationBar0]
01-12 13:00:54.969 2236 2236 I sysui_multi_action: [757,931,758,4,759,4,932,32,933,1]
01-12 13:00:54.970 1116 1199 I sysui_multi_action: [757,803,799,key_back_press,802,1]
01-12 13:00:54.975 2236 2236 I sysui_multi_action: [757,931,758,4,759,4,932,0,933,0]
01-12 13:00:54.981 5286 5286 I wm_on_top_resumed_gained_called: [165780485,com.android.permissioncontroller.permission.ui.ReviewPermissionsActivity,topWhenResuming]
01-12 13:00:54.999 1116 1318 I input_focus: [Focus request 64b35e0 com.google.android.permissioncontroller/com.android.permissioncontroller.permission.ui.ReviewPermissionsActivity,reason=UpdateInputWindows]
01-12 13:00:55.136 2236 2236 I view_enqueue_input_event: [Motion - Cancel,NavigationBar0]
01-12 13:00:55.142 2236 2236 I sysui_multi_action: [757,931,758,4,759,4,932,32,933,1]
01-12 13:00:55.141 1116 2145 I input_focus: [Focus entering 64b35e0 com.google.android.permissioncontroller/com.android.permissioncontroller.permission.ui.ReviewPermissionsActivity (server),reason=Window became focusable. Previous reason: NOT_VISIBLE]
01-12 13:00:55.149 1116 1199 I sysui_multi_action: [757,803,799,key_back_press,802,1]
01-12 13:00:55.188 2236 2236 I sysui_multi_action: [757,931,758,4,759,4,932,0,933,0]
01-12 13:00:55.223 2236 2236 I sysui_multi_action: [757,931,758,4,759,4,932,0,933,1]
01-12 13:00:55.224 1116 1199 I sysui_multi_action: [757,803,799,key_back_press,802,1]
01-12 13:00:55.242 5286 5286 I view_enqueue_input_event: [Key - Cancel,com.google.android.permissioncontroller/com.android.permissioncontroller.permission.ui.ReviewPermissionsActivity]
01-12 13:00:55.288 1116 2145 I input_interaction: Interaction with: 64b35e0 com.google.android.permissioncontroller/com.android.permissioncontroller.permission.ui.ReviewPermissionsActivity (server), PointerEventDispatcher0 (server),
01-12 13:00:55.313 1116 2145 I input_interaction: Interaction with: 4aa51c3 NavigationBar0 (server), PointerEventDispatcher0 (server),
01-12 13:00:55.328 2236 2236 I sysui_multi_action: [757,931,758,4,759,4,932,0,933,0]
01-12 13:00:55.349 1116 2145 I input_interaction: Interaction with: 64b35e0 com.google.android.permissioncontroller/com.android.permissioncontroller.permission.ui.ReviewPermissionsActivity (server), PointerEventDispatcher0 (server),
01-12 13:00:55.349 1116 2145 I input_interaction: Interaction with: 4aa51c3 NavigationBar0 (server), PointerEventDispatcher0 (server),
01-12 13:00:55.380 2236 2236 I sysui_multi_action: [757,931,758,4,759,4,932,0,933,1]
01-12 13:00:55.393 1116 3508 I wm_finish_activity: [0,165780485,57,com.google.android.permissioncontroller/com.android.permissioncontroller.permission.ui.ReviewPermissionsActivity,app-request]
01-12 13:00:55.394 1116 3508 I wm_task_moved: [1,1,8]
01-12 13:00:55.395 1116 3508 I wm_task_moved: [54,1,2147483647]
01-12 13:00:55.395 1116 3508 I wm_task_to_front: [0,54]
01-12 13:00:55.395 1116 3508 I wm_focused_root_task: [0,0,1,57,finish-top adjustFocusToNextFocusableTask]
01-12 13:00:55.396 1116 3508 I wm_set_resumed_activity: [0,com.nttdocomo.android.homezozo/com.android.launcher3.Launcher,finish-top adjustFocusToNextFocusableTask]
01-12 13:00:55.397 1116 2185 I sysui_multi_action: [757,803,799,key_back_press,802,1]
01-12 13:00:55.481 2236 2236 I sysui_multi_action: [757,931,758,4,759,4,932,0,933,0]
01-12 13:00:55.509 1116 3508 I wm_pause_activity: [0,165780485,com.google.android.permissioncontroller/com.android.permissioncontroller.permission.ui.ReviewPermissionsActivity,userLeaving=false,finish]
01-12 13:00:55.540 5286 5286 I wm_on_top_resumed_lost_called: [165780485,com.android.permissioncontroller.permission.ui.ReviewPermissionsActivity,topStateChangedWhenResumed]
01-12 13:00:55.546 5286 5286 I wm_on_paused_called: [165780485,com.android.permissioncontroller.permission.ui.ReviewPermissionsActivity,performPause]
01-12 13:00:55.548 1116 2145 I input_interaction: Interaction with: 64b35e0 com.google.android.permissioncontroller/com.android.permissioncontroller.permission.ui.ReviewPermissionsActivity (server), PointerEventDispatcher0 (server),
01-12 13:00:55.549 1116 2145 I input_interaction: Interaction with: 4aa51c3 NavigationBar0 (server), PointerEventDispatcher0 (server),
01-12 13:00:55.556 2236 2236 I sysui_multi_action: [757,931,758,4,759,4,932,0,933,1]
01-12 13:00:55.560 1116 3508 I sysui_multi_action: [757,803,799,key_back_press,802,1]
01-12 13:00:55.579 1116 2508 I wm_add_to_stopping: [0,165780485,com.google.android.permissioncontroller/com.android.permissioncontroller.permission.ui.ReviewPermissionsActivity,completeFinishing]
01-12 13:00:55.596 1116 2145 I input_focus: [Focus leaving 64b35e0 com.google.android.permissioncontroller/com.android.permissioncontroller.permission.ui.ReviewPermissionsActivity (server),reason=NO_WINDOW]
01-12 13:00:55.600 1116 2508 I wm_set_resumed_activity: [0,com.nttdocomo.android.homezozo/com.android.launcher3.Launcher,resumeTopActivityInnerLocked]
01-12 13:00:55.611 1116 2508 I wm_resume_activity: [0,58173627,54,com.nttdocomo.android.homezozo/com.android.launcher3.Launcher]
01-12 13:00:55.628 5286 5286 I view_enqueue_input_event: [Key - Cancel,com.google.android.permissioncontroller/com.android.permissioncontroller.permission.ui.ReviewPermissionsActivity]
01-12 13:00:55.658 2236 2236 I sysui_multi_action: [757,931,758,4,759,4,932,0,933,0]
01-12 13:00:55.660 3725 3725 I wm_on_restart_called: [58173627,com.android.launcher3.Launcher,performRestartActivity]
01-12 13:00:55.684 3725 3725 I wm_on_start_called: [58173627,com.android.launcher3.Launcher,handleStartActivity]
01-12 13:00:55.722 1116 1317 I wm_destroy_activity: [0,146329563,58,com.android.settings/.Settings$WifiSettingsActivity,finish-imm:idle]
01-12 13:00:55.727 1116 1317 I wm_destroy_activity: [0,240176849,58,com.android.settings/.SubSettings,finish-imm:idle]
01-12 13:00:55.730 1116 2508 I dvm_lock_sample: [system_server,1,Binder:1116_9,36,WindowManagerService.java,2229,int com.android.server.wm.WindowManagerService.relayoutWindow(com.android.server.wm.Session, android.view.IWindow, android.view.WindowManager$LayoutParams, int, int, int, int, long, android.window.ClientWindowFrames, android.util.MergedConfiguration, android.view.SurfaceControl, android.view.InsetsState, android.view.InsetsSourceControl[], android.graphics.Point),ActivityTaskManagerService.java,1977,android.graphics.Rect com.android.server.wm.ActivityTaskManagerService.getTaskBounds(int),7]
01-12 13:00:55.777 1116 1317 I sysui_multi_action: [757,803,799,window_time_0,802,1]
01-12 13:00:55.795 3725 3725 I wm_on_resume_called: [58173627,com.android.launcher3.Launcher,RESUME_ACTIVITY]
01-12 13:00:55.795 3725 3725 I wm_on_top_resumed_gained_called: [58173627,com.android.launcher3.Launcher,topWhenResuming]
01-12 13:00:55.820 2236 2236 I view_enqueue_input_event: [Motion - Cancel,NavigationBar0]
01-12 13:00:55.821 2236 2236 I sysui_multi_action: [757,931,758,4,759,4,932,32,933,1]
01-12 13:00:55.824 1116 1199 I sysui_multi_action: [757,803,799,key_back_press,802,1]
01-12 13:00:55.841 1116 1318 I input_focus: [Focus request c26cbf0 com.nttdocomo.android.homezozo/com.android.launcher3.Launcher,reason=UpdateInputWindows]
01-12 13:00:55.855 2236 2236 I sysui_multi_action: [757,931,758,4,759,4,932,0,933,0]
01-12 13:00:55.881 2741 2741 D TelephonyNetworkFactory[0]: onReleaseNetworkFor NetworkRequest [ REQUEST id=188, [ Capabilities: INTERNET&NOT_RESTRICTED&TRUSTED&NOT_VCN_MANAGED Uid: 1000 RequestorUid: 1000 RequestorPkg: com.android.settings UnderlyingNetworks: Null] ] applied false
01-12 13:00:55.884 9627 9627 I wm_on_stop_called: [146329563,com.android.settings.Settings$WifiSettingsActivity,LIFECYCLER_STOP_ACTIVITY]
01-12 13:00:55.914 9627 9627 I wm_on_destroy_called: [146329563,com.android.settings.Settings$WifiSettingsActivity,performDestroy]
01-12 13:00:55.987 2236 2236 I view_enqueue_input_event: [Motion - Cancel,NavigationBar0]
01-12 13:00:55.987 2236 2236 I sysui_multi_action: [757,931,758,4,759,4,932,32,933,1]
01-12 13:00:55.989 1116 8900 I sysui_multi_action: [757,803,799,key_back_press,802,1]
01-12 13:00:55.990 2741 2741 D TelephonyNetworkFactory[0]: onReleaseNetworkFor NetworkRequest [ REQUEST id=185, [ Capabilities: INTERNET&NOT_RESTRICTED&TRUSTED&NOT_VCN_MANAGED Uid: 1000 RequestorUid: 1000 RequestorPkg: com.android.settings UnderlyingNetworks: Null] ] applied false
01-12 13:00:55.992 2236 2236 I sysui_multi_action: [757,931,758,4,759,4,932,0,933,0]
01-12 13:00:56.003 9627 9627 I wm_on_stop_called: [240176849,com.android.settings.SubSettings,LIFECYCLER_STOP_ACTIVITY]
01-12 13:00:56.005 1116 1198 I sysui_multi_action: [757,907,758,10,806,com.android.settings,871,,908,com.google.android.gms,909,-1,1452,4,1454,1,1456,318768708]
01-12 13:00:56.006 1116 1198 I sysui_multi_action: [757,919,758,4,806,com.android.settings,871,,908,com.google.android.gms,1455,1,1456,318768708]
01-12 13:00:56.036 1116 2145 I input_focus: [Focus entering c26cbf0 com.nttdocomo.android.homezozo/com.android.launcher3.Launcher (server),reason=Window became focusable. Previous reason: NOT_VISIBLE]
01-12 13:00:56.049 3725 3725 I view_enqueue_input_event: [Key - Cancel,com.nttdocomo.android.homezozo/com.android.launcher3.Launcher]
01-12 13:00:56.073 1116 2145 I input_interaction: Interaction with: c26cbf0 com.nttdocomo.android.homezozo/com.android.launcher3.Launcher (server), PointerEventDispatcher0 (server),
01-12 13:00:56.073 1116 2145 I input_interaction: Interaction with: 4aa51c3 NavigationBar0 (server), PointerEventDispatcher0 (server),
01-12 13:00:56.105 2236 2236 I sysui_multi_action: [757,931,758,4,759,4,932,0,933,1]
01-12 13:00:56.127 9627 9627 I wm_on_destroy_called: [240176849,com.android.settings.SubSettings,performDestroy]
01-12 13:00:56.131 1116 8900 I sysui_multi_action: [757,803,799,key_back_press,802,1]
01-12 13:00:56.162 2236 2236 I sysui_multi_action: [757,931,758,4,759,4,932,0,933,0]
01-12 13:00:56.184 1116 2145 I input_interaction: Interaction with: c26cbf0 com.nttdocomo.android.homezozo/com.android.launcher3.Launcher (server), PointerEventDispatcher0 (server),
01-12 13:00:56.184 1116 2145 I input_interaction: Interaction with: 4aa51c3 NavigationBar0 (server), PointerEventDispatcher0 (server),
01-12 13:00:56.208 1116 7373 I wm_task_removed: [58,removeChild:removeChild last r=ActivityRecord{e50ced1 u0 com.android.settings/.SubSettings t-1 f}} in t=Task{9081d89 #58 type=standard A=1000:com.android.settings U=0 visible=false mode=fullscreen translucent=true sz=0}]
01-12 13:00:56.208 1116 7373 I wm_task_removed: [58,removeChild]
01-12 13:00:56.219 2236 2236 I sysui_multi_action: [757,931,758,4,759,4,932,0,933,1]
01-12 13:00:56.237 1116 7373 I sysui_multi_action: [757,803,799,key_back_press,802,1]
01-12 13:00:56.269 1116 1317 I wm_destroy_activity: [0,165780485,57,com.google.android.permissioncontroller/com.android.permissioncontroller.permission.ui.ReviewPermissionsActivity,finish-imm:idle]
01-12 13:00:56.311 5286 5286 I wm_on_stop_called: [165780485,com.android.permissioncontroller.permission.ui.ReviewPermissionsActivity,LIFECYCLER_STOP_ACTIVITY]
01-12 13:00:56.325 2236 2236 I sysui_multi_action: [757,931,758,4,759,4,932,0,933,0]
01-12 13:00:56.338 1116 2145 I input_interaction: Interaction with: c26cbf0 com.nttdocomo.android.homezozo/com.android.launcher3.Launcher (server), PointerEventDispatcher0 (server),
01-12 13:00:56.344 1116 2145 I input_interaction: Interaction with: 4aa51c3 NavigationBar0 (server), PointerEventDispatcher0 (server),
01-12 13:00:56.368 2236 2236 I sysui_multi_action: [757,931,758,4,759,4,932,0,933,1]
01-12 13:00:56.371 1116 3508 I sysui_multi_action: [757,803,799,key_back_press,802,1]
01-12 13:00:56.401 5286 5286 I wm_on_destroy_called: [165780485,com.android.permissioncontroller.permission.ui.ReviewPermissionsActivity,performDestroy]
01-12 13:00:56.428 1116 3508 I wm_task_removed: [57,removeChild:removeChild last r=ActivityRecord{9e19c05 u0 com.google.android.permissioncontroller/com.android.permissioncontroller.permission.ui.ReviewPermissionsActivity t-1 f}} in t=Task{5e6255f #57 type=standard A=10198:com.google.android.permissioncontroller U=0 visible=false mode=fullscreen translucent=true sz=0}]
01-12 13:00:56.428 1116 3508 I wm_task_removed: [57,removeChild]
01-12 13:00:56.468 2236 2236 I sysui_multi_action: [757,931,758,4,759,4,932,0,933,0]
01-12 13:00:56.486 1116 2145 I input_interaction: Interaction with: c26cbf0 com.nttdocomo.android.homezozo/com.android.launcher3.Launcher (server), PointerEventDispatcher0 (server),
01-12 13:00:56.487 1116 2145 I input_interaction: Interaction with: 4aa51c3 NavigationBar0 (server), PointerEventDispatcher0 (server),
01-12 13:00:56.514 2236 2236 I sysui_multi_action: [757,931,758,4,759,4,932,0,933,1]
01-12 13:00:56.516 1116 3508 I sysui_multi_action: [757,803,799,key_back_press,802,1]
01-12 13:00:56.627 2236 2236 I sysui_multi_action: [757,931,758,4,759,4,932,0,933,0]
01-12 13:00:56.649 1116 2145 I input_interaction: Interaction with: c26cbf0 com.nttdocomo.android.homezozo/com.android.launcher3.Launcher (server), PointerEventDispatcher0 (server),
01-12 13:00:56.669 2236 2236 I sysui_multi_action: [757,931,758,4,759,4,932,0,933,1]
01-12 13:00:56.675 1116 3508 I sysui_multi_action: [757,803,799,key_back_press,802,1]
01-12 13:00:56.786 1116 2145 I input_interaction: Interaction with: 4aa51c3 NavigationBar0 (server), PointerEventDispatcher0 (server),
01-12 13:00:56.801 2236 2236 I sysui_multi_action: [757,931,758,4,759,4,932,0,933,0]
01-12 13:00:56.812 1116 2145 I input_interaction: Interaction with: c26cbf0 com.nttdocomo.android.homezozo/com.android.launcher3.Launcher (server), PointerEventDispatcher0 (server),
01-12 13:00:56.828 2236 2236 I sysui_multi_action: [757,931,758,4,759,4,932,0,933,1]
01-12 13:00:56.835 1116 8900 I sysui_multi_action: [757,803,799,key_back_press,802,1]
01-12 13:00:57.063 1116 1316 I commit_sys_config_file: [jobs,49]
01-12 13:00:57.077 1116 1317 I sysui_multi_action: [757,856,758,1,806,android,857,com.android.server.wm.AlertWindowNotification - com.nttdocomo.android.mascot,858,1]
01-12 13:00:57.100 1116 1116 I notification_enqueue: [1000,1116,android,0,com.android.server.wm.AlertWindowNotification - com.nttdocomo.android.mascot,0,Notification(channel=com.android.server.wm.AlertWindowNotification - com.nttdocomo.android.mascot shortcut=null contentView=null vibrate=null sound=null defaults=0x0 flags=0x102 color=0x00000000 vis=PRIVATE),0]
01-12 13:00:57.243 1116 2145 I input_interaction: Interaction with: c26cbf0 com.nttdocomo.android.homezozo/com.android.launcher3.Launcher (server), e4b8c5 com.android.systemui.ImageWallpaper (server), PointerEventDispatcher0 (server),
01-12 13:00:57.305 1116 1116 I sysui_multi_action: [757,1501,758,1,793,207,794,0,795,207,796,0,797,com.android.server.wm.AlertWindowNotification - com.nttdocomo.android.mascot,806,android,857,com.android.server.wm.Alert-fef85b51,858,1,947,0,1500,0,1688,1,1745,2098068913]
01-12 13:00:57.305 1116 1116 I sysui_multi_action: [757,804,799,note_interruptive,801,0,802,1]
01-12 13:00:57.365 1116 1316 I commit_sys_config_file: [notification-policy,565885]
01-12 13:00:57.792 1116 1317 I sysui_multi_action: [757,856,758,2,806,android,857,com.android.server.wm.AlertWindowNotification - com.nttdocomo.android.mascot,858,1]
01-12 13:00:57.794 1116 1116 I sysui_multi_action: [757,128,758,5,759,8,793,696,794,0,795,696,796,0,797,com.android.server.wm.AlertWindowNotification - com.nttdocomo.android.mascot,806,android,857,com.android.server.wm.Alert-fef85b51,858,1,947,0,1500,489,1688,1,1745,2098068913]
01-12 13:00:57.794 1116 1116 I notification_canceled: [0|android|0|com.android.server.wm.AlertWindowNotification - com.nttdocomo.android.mascot|1000,8,696,696,0,-1,-1,NULL]
01-12 13:00:57.795 1116 1116 I notification_cancel_all: [1000,1116,android,0,0,0,20,NULL]
01-12 13:00:58.075 1116 1316 I commit_sys_config_file: [notification-policy,566595]
01-12 13:00:58.496 1116 3971 I wm_task_created: [59,-1]
01-12 13:00:58.509 1116 3971 I wm_task_moved: [59,1,7]
01-12 13:00:58.509 1116 3971 I wm_task_to_front: [0,59]
01-12 13:00:58.510 1116 3971 I wm_create_task: [0,59]
01-12 13:00:58.511 1116 3971 I wm_create_activity: [0,249304413,59,com.android.settings/.Settings,android.intent.action.MAIN,NULL,NULL,270532608]
01-12 13:00:58.511 1116 3971 I wm_task_moved: [59,1,7]
01-12 13:00:58.520 1116 3971 I wm_pause_activity: [0,58173627,com.nttdocomo.android.homezozo/com.android.launcher3.Launcher,userLeaving=true,pauseBackTasks]
01-12 13:00:58.542 3725 3725 I wm_on_top_resumed_lost_called: [58173627,com.android.launcher3.Launcher,topStateChangedWhenResumed]
01-12 13:00:58.546 3725 3725 I wm_on_paused_called: [58173627,com.android.launcher3.Launcher,performPause]
01-12 13:00:58.555 1116 2358 I wm_add_to_stopping: [0,58173627,com.nttdocomo.android.homezozo/com.android.launcher3.Launcher,makeInvisible]
01-12 13:00:58.556 1116 2358 I wm_restart_activity: [0,249304413,59,com.android.settings/.Settings]
01-12 13:00:58.559 1116 2358 I wm_set_resumed_activity: [0,com.android.settings/.Settings,minimalResumeActivityLocked]
01-12 13:00:58.588 1116 2145 I input_focus: [Focus leaving c26cbf0 com.nttdocomo.android.homezozo/com.android.launcher3.Launcher (server),reason=NO_WINDOW]
01-12 13:00:58.608 1116 1317 I sysui_multi_action: [757,803,799,window_time_0,802,2]
01-12 13:00:58.660 9627 9627 I wm_on_create_called: [249304413,com.android.settings.Settings,performCreate]
01-12 13:00:58.858 1116 1198 I am_uid_running: 10130
01-12 13:00:59.007 1116 1380 I am_proc_start: [0,9992,10130,com.google.android.apps.wellbeing,content provider,{com.google.android.apps.wellbeing/com.google.android.apps.wellbeing.api.impl.WellbeingSettingsProvider}]
01-12 13:00:59.052 9627 9627 I wm_on_start_called: [249304413,com.android.settings.Settings,handleStartActivity]
01-12 13:00:59.053 9627 9627 I snet_event_log: [120484087,-1,]
01-12 13:00:59.053 9627 9627 I wm_on_resume_called: [249304413,com.android.settings.Settings,RESUME_ACTIVITY]
01-12 13:00:59.054 9627 9627 I sysui_multi_action: [757,35,758,1,833,0,1089,393]
01-12 13:00:59.071 9627 9627 I service_manager_slow: [13,device_policy]
01-12 13:00:59.090 9627 9627 I sysui_multi_action: [757,1729,758,4,854,isParalleledControllers:false,1089,429]
01-12 13:00:59.140 9627 9627 I wm_on_top_resumed_gained_called: [249304413,com.android.settings.Settings,topStateChangedWhenResumed]
01-12 13:00:59.297 1116 3971 I dvm_lock_sample: [system_server,1,Binder:1116_10,45,BatteryUsageStatsProvider.java,122,java.util.List com.android.internal.os.BatteryUsageStatsProvider.getBatteryUsageStats(java.util.List),-,128,java.util.List com.android.internal.os.BatteryUsageStatsProvider.getBatteryUsageStats(java.util.List),9]
01-12 13:00:59.371 1116 2185 I am_proc_bound: [0,9992,com.google.android.apps.wellbeing]
01-12 13:00:59.377 1116 2185 I am_uid_active: 10130
01-12 13:00:59.405 1116 1318 I input_focus: [Focus request c6f94d7 com.android.settings/com.android.settings.Settings,reason=UpdateInputWindows]
01-12 13:00:59.569 1116 1318 I sysui_multi_action: [324,1,757,1090,758,12,806,com.android.settings,871,com.android.settings.Settings,1091,1074]
01-12 13:00:59.610 1116 1317 I dvm_lock_sample: [system_server,1,android.display,58,WindowManagerService.java,5190,void com.android.server.wm.WindowManagerService$H.handleMessage(android.os.Message),WindowSurfacePlacer.java,58,void com.android.server.wm.WindowSurfacePlacer$Traverser.run(),11]
01-12 13:00:59.617 1116 1313 I sysui_multi_action: [319,256,321,242,322,1074,325,643,757,761,758,8,759,1,806,com.android.settings,871,com.android.settings.Settings,904,com.nttdocomo.android.homezozo,905,0,1320,8,1321,5]
01-12 13:00:59.620 1116 1313 I wm_activity_launch_time: [0,249304413,com.android.settings/.Settings,1074]
01-12 13:00:59.621 1116 2145 I input_focus: [Focus entering c6f94d7 com.android.settings/com.android.settings.Settings (server),reason=Window became focusable. Previous reason: NOT_VISIBLE]
01-12 13:00:59.808 1116 2185 I wm_stop_activity: [0,58173627,com.nttdocomo.android.homezozo/com.android.launcher3.Launcher]
01-12 13:00:59.829 3725 3725 I wm_on_stop_called: [58173627,com.android.launcher3.Launcher,STOP_ACTIVITY_ITEM]
01-12 13:00:59.880 1116 2145 I input_interaction: Interaction with: c6f94d7 com.android.settings/com.android.settings.Settings (server), PointerEventDispatcher0 (server),
01-12 13:00:59.888 1116 1377 I am_pss : [4927,10120,com.tblenovo.lewea,6712320,5173248,107520,74379264,0,4,20]
01-12 13:01:00.207 1116 3512 I dvm_lock_sample: [system_server,0,LazyTaskWriterThread,25,TaskPersister.java,552,void com.android.server.wm.TaskPersister$TaskWriteQueueItem.process(),,0,null,5]
01-12 13:01:00.341 9627 9991 I dvm_lock_sample: [com.android.settings,0,pool-2-thread-2,1477,ActivityThread.java,7013,android.content.IContentProvider android.app.ActivityThread.acquireProvider(android.content.Context, java.lang.String, int, boolean),-,7028,android.content.IContentProvider android.app.ActivityThread.acquireProvider(android.content.Context, java.lang.String, int, boolean),100]
01-12 13:01:00.346 9627 10013 I dvm_lock_sample: [com.android.settings,0,pool-2-thread-6,755,ActivityThread.java,7013,android.content.IContentProvider android.app.ActivityThread.acquireProvider(android.content.Context, java.lang.String, int, boolean),-,7028,android.content.IContentProvider android.app.ActivityThread.acquireProvider(android.content.Context, java.lang.String, int, boolean),100]
01-12 13:01:00.356 9627 10014 I dvm_lock_sample: [com.android.settings,0,pool-2-thread-7,746,ActivityThread.java,7013,android.content.IContentProvider android.app.ActivityThread.acquireProvider(android.content.Context, java.lang.String, int, boolean),-,7028,android.content.IContentProvider android.app.ActivityThread.acquireProvider(android.content.Context, java.lang.String, int, boolean),100]
01-12 13:01:00.723 1116 1116 I notification_enqueue: [10120,4927,com.tblenovo.lewea,4927,NULL,0,Notification(channel=tblenovo.channel.WEATHER shortcut=null contentView=null vibrate=null sound=null defaults=0x0 flags=0x40 color=0x00000000 vis=PRIVATE),1]
01-12 13:01:00.730 9992 10009 I dvm_lock_sample: [com.google.android.apps.wellbein,1,Binder:9992_1,234,PG,1,java.lang.Object kzu.b(),-,2,java.lang.Object kzu.b(),46]
01-12 13:01:00.732 9992 10012 I dvm_lock_sample: [com.google.android.apps.wellbein,1,Binder:9992_3,232,PG,1,java.lang.Object kzu.b(),-,2,java.lang.Object kzu.b(),46]
01-12 13:01:00.769 1116 1116 I notification_enqueue: [10120,4927,com.tblenovo.lewea,4927,NULL,0,Notification(channel=tblenovo.channel.WEATHER shortcut=null contentView=com.tblenovo.lewea/0x7f090018 vibrate=null sound=null defaults=0x0 flags=0x50 color=0x00000000 vis=PUBLIC),1]
01-12 13:01:00.819 9627 9627 I sysui_multi_action: [757,830,758,4,833,0,854,top_level_about_device,1089,0]
01-12 13:01:00.832 1116 1198 I wm_task_moved: [59,1,7]
01-12 13:01:00.833 1116 1198 I wm_set_resumed_activity: [0,com.android.settings/.Settings,positionChildAt]
01-12 13:01:00.833 1116 1198 I wm_create_activity: [0,131460145,59,com.android.settings/.SubSettings,android.intent.action.MAIN,NULL,NULL,0]
01-12 13:01:00.836 1116 1198 I wm_pause_activity: [0,249304413,com.android.settings/.Settings,userLeaving=true,resumeTopActivityInnerLocked]
01-12 13:01:00.868 9627 9627 I wm_on_top_resumed_lost_called: [249304413,com.android.settings.Settings,topStateChangedWhenResumed]
01-12 13:01:00.871 9627 9627 I sysui_multi_action: [757,35,758,2,1089,1817]
01-12 13:01:00.871 9627 9627 I wm_on_paused_called: [249304413,com.android.settings.Settings,performPause]
01-12 13:01:00.877 1116 3971 I wm_add_to_stopping: [0,249304413,com.android.settings/.Settings,makeInvisible]
01-12 13:01:00.878 1116 3971 I wm_restart_activity: [0,131460145,59,com.android.settings/.SubSettings]
01-12 13:01:00.883 1116 3971 I wm_set_resumed_activity: [0,com.android.settings/.SubSettings,minimalResumeActivityLocked]
01-12 13:01:00.893 1116 1317 I sysui_multi_action: [757,803,799,window_time_0,802,3]
01-12 13:01:00.898 1116 1377 I dvm_lock_sample: [system_server,0,android.bg,11,ActivityTaskManagerService.java,1865,android.app.ActivityTaskManager$RootTaskInfo com.android.server.wm.ActivityTaskManagerService.getFocusedRootTaskInfo(),,0,null,2]
01-12 13:01:00.904 1116 2145 I input_focus: [Focus leaving c6f94d7 com.android.settings/com.android.settings.Settings (server),reason=NO_WINDOW]
01-12 13:01:01.027 1116 1316 I commit_sys_config_file: [notification-policy,569547]
01-12 13:01:01.082 2741 9793 D SubscriptionController: [getActiveSubscriptionInfoForSimSlotIndex]+ slotIndex=0 subId=null
01-12 13:01:01.098 2741 3057 D SubscriptionController: [getPhoneId] asked for default subId=-1
01-12 13:01:01.109 2741 3057 D SubscriptionController: [getActiveSubscriptionInfoForSimSlotIndex]+ slotIndex=0 subId=null
01-12 13:01:01.150 9627 9627 I wm_on_create_called: [131460145,com.android.settings.SubSettings,performCreate]
01-12 13:01:01.204 9627 9627 I wm_on_start_called: [131460145,com.android.settings.SubSettings,handleStartActivity]
01-12 13:01:01.205 9627 9627 I snet_event_log: [120484087,-1,]
01-12 13:01:01.210 9627 9627 I wm_on_resume_called: [131460145,com.android.settings.SubSettings,RESUME_ACTIVITY]
01-12 13:01:01.211 9627 9627 I sysui_multi_action: [757,40,758,1,833,35,1089,211]
01-12 13:01:01.217 9627 9627 W FeatureConnector: [ImsConnector, 0] connect: not supported.
01-12 13:01:01.230 2741 3057 D SubscriptionController: [getActiveSubscriptionInfoForSimSlotIndex]+ slotIndex=0 subId=null
01-12 13:01:01.234 2741 3057 D SubscriptionController: [getActiveSubscriptionInfoForSimSlotIndex]+ slotIndex=0 subId=null
01-12 13:01:01.250 9627 9627 I sysui_multi_action: [757,1729,758,4,854,isParalleledControllers:false,1089,250]
01-12 13:01:01.272 9627 9627 I wm_on_top_resumed_gained_called: [131460145,com.android.settings.SubSettings,topStateChangedWhenResumed]
01-12 13:01:01.375 1116 1318 I input_focus: [Focus request 4a54b9b com.android.settings/com.android.settings.SubSettings,reason=UpdateInputWindows]
01-12 13:01:01.462 1116 1313 I wm_activity_launch_time: [0,131460145,com.android.settings/.SubSettings,634]
01-12 13:01:01.472 1116 2145 I input_focus: [Focus entering 4a54b9b com.android.settings/com.android.settings.SubSettings (server),reason=Window became focusable. Previous reason: NOT_VISIBLE]
01-12 13:01:01.672 1116 2145 I input_interaction: Interaction with: 4a54b9b com.android.settings/com.android.settings.SubSettings (server), PointerEventDispatcher0 (server),
01-12 13:01:01.882 1116 1317 I wm_stop_activity: [0,249304413,com.android.settings/.Settings]
01-12 13:01:01.928 9627 9627 I wm_on_stop_called: [249304413,com.android.settings.Settings,STOP_ACTIVITY_ITEM]
01-12 13:01:04.232 9627 9627 I sysui_multi_action: [757,848,758,4,833,40]
01-12 13:01:04.233 9627 9627 I sysui_multi_action: [757,830,758,4,833,0,854,build_number,1089,0]
01-12 13:01:04.393 9627 9627 I sysui_multi_action: [757,848,758,4,833,40]
01-12 13:01:04.394 9627 9627 I sysui_multi_action: [757,830,758,4,833,0,854,build_number,1089,0]
01-12 13:01:04.549 9627 9627 I sysui_multi_action: [757,848,758,4,833,40]
01-12 13:01:04.550 9627 9627 I sysui_multi_action: [757,830,758,4,833,0,854,build_number,1089,0]
01-12 13:01:04.748 9627 9627 I sysui_multi_action: [757,848,758,4,833,40]
01-12 13:01:04.749 9627 9627 I sysui_multi_action: [757,830,758,4,833,0,854,build_number,1089,0]
01-12 13:01:04.907 9627 9627 I sysui_multi_action: [757,848,758,4,833,40]
01-12 13:01:04.909 9627 9627 I sysui_multi_action: [757,830,758,4,833,0,854,build_number,1089,0]
01-12 13:01:05.083 9627 9627 I sysui_multi_action: [757,848,758,4,833,40]
01-12 13:01:05.083 9627 9627 I sysui_multi_action: [757,830,758,4,833,0,854,build_number,1089,0]
01-12 13:01:05.269 9627 9627 I sysui_multi_action: [757,848,758,4,833,40]
01-12 13:01:05.270 9627 9627 I sysui_multi_action: [757,830,758,4,833,0,854,build_number,1089,0]
01-12 13:01:05.452 9627 9627 I sysui_multi_action: [757,848,758,4,833,40]
01-12 13:01:05.454 9627 9627 I sysui_multi_action: [757,830,758,4,833,0,854,build_number,1089,0]
01-12 13:01:05.606 9627 9627 I sysui_multi_action: [757,848,758,4,833,40]
01-12 13:01:05.607 9627 9627 I sysui_multi_action: [757,830,758,4,833,0,854,build_number,1089,0]
01-12 13:01:05.769 9627 9627 I sysui_multi_action: [757,848,758,4,833,40]
01-12 13:01:05.772 9627 9627 I sysui_multi_action: [757,830,758,4,833,0,854,build_number,1089,0]
01-12 13:01:05.954 9627 9627 I sysui_multi_action: [757,848,758,4,833,40]
01-12 13:01:05.954 9627 9627 I sysui_multi_action: [757,830,758,4,833,0,854,build_number,1089,0]
01-12 13:01:06.115 9627 9627 I sysui_multi_action: [757,848,758,4,833,40]
01-12 13:01:06.115 9627 9627 I sysui_multi_action: [757,830,758,4,833,0,854,build_number,1089,0]
01-12 13:01:06.261 9627 9627 I sysui_multi_action: [757,848,758,4,833,40]
01-12 13:01:06.261 9627 9627 I sysui_multi_action: [757,830,758,4,833,0,854,build_number,1089,0]
01-12 13:01:06.462 9627 9627 I sysui_multi_action: [757,848,758,4,833,40]
01-12 13:01:06.463 9627 9627 I sysui_multi_action: [757,830,758,4,833,0,854,build_number,1089,0]
01-12 13:01:06.633 9627 9627 I sysui_multi_action: [757,848,758,4,833,40]
01-12 13:01:06.634 9627 9627 I sysui_multi_action: [757,830,758,4,833,0,854,build_number,1089,0]
01-12 13:01:06.799 9627 9627 I sysui_multi_action: [757,848,758,4,833,40]
01-12 13:01:06.799 9627 9627 I sysui_multi_action: [757,830,758,4,833,0,854,build_number,1089,0]
01-12 13:01:11.509 1116 2145 I input_interaction: Interaction with: 4aa51c3 NavigationBar0 (server), PointerEventDispatcher0 (server),
01-12 13:01:12.273 1116 1116 I notification_enqueue: [1000,1116,android,17303299,com.android.wifi,0,Notification(channel=NETWORK_AVAILABLE shortcut=null contentView=null vibrate=null sound=null tick defaults=0x0 flags=0x100 color=0x00000000 actions=2 vis=PRIVATE),0]
01-12 13:01:12.474 2236 2236 I sysui_multi_action: [757,931,758,4,759,4,932,0,933,0]
01-12 13:01:12.478 1116 1116 I sysui_multi_action: [757,1501,758,1,793,205,794,0,795,205,796,17303299,797,com.android.wifi,806,android,857,NETWORK_AVAILABLE,858,2,947,0,1500,0,1688,1]
01-12 13:01:12.480 1116 1116 I sysui_multi_action: [757,804,799,note_interruptive,801,0,802,1]
01-12 13:01:12.495 1116 2145 I input_interaction: Interaction with: 4a54b9b com.android.settings/com.android.settings.SubSettings (server), PointerEventDispatcher0 (server),
01-12 13:01:12.496 1116 2145 I input_interaction: Interaction with: 4aa51c3 NavigationBar0 (server), PointerEventDispatcher0 (server),
01-12 13:01:12.574 2236 2236 I sysui_multi_action: [757,931,758,4,759,4,932,0,933,1]
01-12 13:01:12.578 1116 1198 I sysui_multi_action: [757,803,799,key_back_press,802,1]
01-12 13:01:12.587 1116 3511 I wm_finish_activity: [0,131460145,59,com.android.settings/.SubSettings,app-request]
01-12 13:01:12.717 1116 3511 I wm_pause_activity: [0,131460145,com.android.settings/.SubSettings,userLeaving=false,finish]
01-12 13:01:12.722 9627 9627 I wm_on_top_resumed_lost_called: [131460145,com.android.settings.SubSettings,topStateChangedWhenResumed]
01-12 13:01:12.722 1116 1318 I dvm_lock_sample: [system_server,1,android.anim,133,InputMonitor.java,144,void com.android.server.wm.InputMonitor$UpdateInputWindows.run(),ActivityClientController.java,455,boolean com.android.server.wm.ActivityClientController.finishActivity(android.os.IBinder, int, android.content.Intent, int),26]
01-12 13:01:12.731 9627 9627 I sysui_multi_action: [757,40,758,2,1089,11519]
01-12 13:01:12.738 9627 9627 I wm_on_paused_called: [131460145,com.android.settings.SubSettings,performPause]
01-12 13:01:12.740 1116 3971 I wm_add_to_stopping: [0,131460145,com.android.settings/.SubSettings,completeFinishing]
01-12 13:01:12.748 1116 3971 I wm_set_resumed_activity: [0,com.android.settings/.Settings,resumeTopActivityInnerLocked]
01-12 13:01:12.752 1116 3971 I wm_resume_activity: [0,249304413,59,com.android.settings/.Settings]
01-12 13:01:12.754 1116 2145 I input_focus: [Focus leaving 4a54b9b com.android.settings/com.android.settings.SubSettings (server),reason=NO_WINDOW]
01-12 13:01:12.764 9627 9627 I wm_on_restart_called: [249304413,com.android.settings.Settings,performRestartActivity]
01-12 13:01:12.766 1116 1317 I sysui_multi_action: [757,803,799,window_time_0,802,12]
01-12 13:01:12.783 9627 9627 I wm_on_start_called: [249304413,com.android.settings.Settings,handleStartActivity]
01-12 13:01:12.786 9627 9627 I snet_event_log: [120484087,-1,]
01-12 13:01:12.786 9627 9627 I wm_on_resume_called: [249304413,com.android.settings.Settings,RESUME_ACTIVITY]
01-12 13:01:12.787 9627 9627 I sysui_multi_action: [757,35,758,1,833,0,1089,0]
01-12 13:01:12.795 9627 9627 I wm_on_top_resumed_gained_called: [249304413,com.android.settings.Settings,topWhenResuming]
01-12 13:01:12.849 1116 1318 I input_focus: [Focus request c6f94d7 com.android.settings/com.android.settings.Settings,reason=UpdateInputWindows]
01-12 13:01:13.036 1116 2145 I input_focus: [Focus entering c6f94d7 com.android.settings/com.android.settings.Settings (server),reason=Window became focusable. Previous reason: NOT_VISIBLE]
01-12 13:01:13.276 1116 1377 I am_pss : [9754,10126,com.google.android.projection.gearhead:shared,10537984,5988352,2994176,51412992,0,19,21]
01-12 13:01:13.460 1116 1317 I wm_destroy_activity: [0,131460145,59,com.android.settings/.SubSettings,finish-imm:idle]
01-12 13:01:13.492 9627 9627 I wm_on_stop_called: [131460145,com.android.settings.SubSettings,LIFECYCLER_STOP_ACTIVITY]
01-12 13:01:13.498 9627 9627 I wm_on_destroy_called: [131460145,com.android.settings.SubSettings,performDestroy]
01-12 13:01:15.012 1116 2145 I input_interaction: Interaction with: c6f94d7 com.android.settings/com.android.settings.Settings (server), PointerEventDispatcher0 (server),
01-12 13:01:15.760 9627 9627 I sysui_multi_action: [757,830,758,4,833,0,854,top_level_system,1089,0]
01-12 13:01:15.780 1116 2358 I wm_task_moved: [59,1,7]
01-12 13:01:15.780 1116 2358 I wm_set_resumed_activity: [0,com.android.settings/.Settings,positionChildAt]
01-12 13:01:15.781 1116 2358 I wm_create_activity: [0,97550175,59,com.android.settings/.SubSettings,android.intent.action.MAIN,NULL,NULL,0]
01-12 13:01:15.789 1116 2358 I wm_pause_activity: [0,249304413,com.android.settings/.Settings,userLeaving=true,resumeTopActivityInnerLocked]
01-12 13:01:15.814 9627 9627 I wm_on_top_resumed_lost_called: [249304413,com.android.settings.Settings,topStateChangedWhenResumed]
01-12 13:01:15.821 9627 9627 I sysui_multi_action: [757,35,758,2,1089,3034]
01-12 13:01:15.823 9627 9627 I wm_on_paused_called: [249304413,com.android.settings.Settings,performPause]
01-12 13:01:15.829 1116 3511 I wm_add_to_stopping: [0,249304413,com.android.settings/.Settings,makeInvisible]
01-12 13:01:15.830 1116 3511 I wm_restart_activity: [0,97550175,59,com.android.settings/.SubSettings]
01-12 13:01:15.833 1116 3511 I wm_set_resumed_activity: [0,com.android.settings/.SubSettings,minimalResumeActivityLocked]
01-12 13:01:15.844 1116 1317 I sysui_multi_action: [757,803,799,window_time_0,802,3]
01-12 13:01:15.871 1116 2145 I input_focus: [Focus leaving c6f94d7 com.android.settings/com.android.settings.Settings (server),reason=NO_WINDOW]
01-12 13:01:15.963 9627 9627 I wm_on_create_called: [97550175,com.android.settings.SubSettings,performCreate]
01-12 13:01:15.976 9627 9627 I wm_on_start_called: [97550175,com.android.settings.SubSettings,handleStartActivity]
01-12 13:01:15.977 9627 9627 I snet_event_log: [120484087,-1,]
01-12 13:01:15.981 9627 9627 I wm_on_resume_called: [97550175,com.android.settings.SubSettings,RESUME_ACTIVITY]
01-12 13:01:15.983 9627 9627 I sysui_multi_action: [757,744,758,1,833,35,1089,81]
01-12 13:01:16.033 9627 9627 I sysui_multi_action: [757,1729,758,4,854,isParalleledControllers:false,1089,132]
01-12 13:01:16.056 9627 9627 I wm_on_top_resumed_gained_called: [97550175,com.android.settings.SubSettings,topStateChangedWhenResumed]
01-12 13:01:16.147 1116 1318 I input_focus: [Focus request b97832d com.android.settings/com.android.settings.SubSettings,reason=UpdateInputWindows]
01-12 13:01:16.268 1116 1313 I wm_activity_launch_time: [0,97550175,com.android.settings/.SubSettings,497]
01-12 13:01:16.289 1116 2145 I input_focus: [Focus entering b97832d com.android.settings/com.android.settings.SubSettings (server),reason=Window became focusable. Previous reason: NOT_VISIBLE]
01-12 13:01:16.699 1116 1317 I wm_stop_activity: [0,249304413,com.android.settings/.Settings]
01-12 13:01:16.729 9627 9627 I wm_on_stop_called: [249304413,com.android.settings.Settings,STOP_ACTIVITY_ITEM]
01-12 13:01:18.747 1116 2145 I input_interaction: Interaction with: b97832d com.android.settings/com.android.settings.SubSettings (server), PointerEventDispatcher0 (server),
01-12 13:01:18.796 9627 9627 I sysui_multi_action: [757,830,758,4,833,0,854,dashboard_tile_pref_com.android.settings.Settings$DevelopmentSettingsDashboardActivity,1089,0]
01-12 13:01:18.819 1116 3511 I wm_task_moved: [59,1,7]
01-12 13:01:18.820 1116 3511 I wm_set_resumed_activity: [0,com.android.settings/.SubSettings,positionChildAt]
01-12 13:01:18.820 1116 3511 I wm_create_activity: [0,28911164,59,com.android.settings/.SubSettings,android.intent.action.MAIN,NULL,NULL,0]
01-12 13:01:18.830 1116 3511 I wm_pause_activity: [0,97550175,com.android.settings/.SubSettings,userLeaving=true,resumeTopActivityInnerLocked]
01-12 13:01:18.846 9627 9627 I wm_on_top_resumed_lost_called: [97550175,com.android.settings.SubSettings,topStateChangedWhenResumed]
01-12 13:01:18.849 9627 9627 I sysui_multi_action: [757,744,758,2,1089,2867]
01-12 13:01:18.850 9627 9627 I wm_on_paused_called: [97550175,com.android.settings.SubSettings,performPause]
01-12 13:01:18.859 1116 3511 I wm_add_to_stopping: [0,97550175,com.android.settings/.SubSettings,makeInvisible]
01-12 13:01:18.861 1116 3511 I wm_restart_activity: [0,28911164,59,com.android.settings/.SubSettings]
