01-12 13:02:54.282 1116 1317 I dvm_lock_sample: [system_server,1,android.display,23,WindowManagerService.java,4974,void com.android.server.wm.WindowManagerService.reportFocusChanged(android.os.IBinder, android.os.IBinder),,0,null,4]
01-12 13:02:54.355 1116 3510 I dvm_lock_sample: [system_server,0,Binder:1116_E,5,ActivityManagerService.java,12158,void com.android.server.am.ActivityManagerService.serviceDoneExecuting(android.os.IBinder, int, int, int),-,12128,boolean com.android.server.am.ActivityManagerService.unbindService(android.app.IServiceConnection),1]
01-12 13:02:54.365 1116 1313 I sysui_multi_action: [319,312,322,228,325,759,757,761,758,9,759,2,806,com.nttdocomo.android.homezozo,871,com.android.launcher3.Launcher,905,0,1320,8,1321,5]
01-12 13:02:54.409 1116 1317 I wm_stop_activity: [0,121520455,com.nttdocomo.android.mymagazine/.ui.AgreementActivity]
01-12 13:02:54.547 9367 9367 I wm_on_stop_called: [121520455,com.nttdocomo.android.mymagazine.ui.AgreementActivity,STOP_ACTIVITY_ITEM]
01-12 13:02:54.622 3134 10360 I c2dm : [-19,ERR_AUTHENTICATION_FAILED,0,0]
01-12 13:02:54.668 1116 1317 I sysui_multi_action: [757,856,758,1,806,android,857,com.android.server.wm.AlertWindowNotification - com.nttdocomo.android.mascot,858,1]
01-12 13:02:54.708 1116 1116 I notification_enqueue: [1000,1116,android,0,com.android.server.wm.AlertWindowNotification - com.nttdocomo.android.mascot,0,Notification(channel=com.android.server.wm.AlertWindowNotification - com.nttdocomo.android.mascot shortcut=null contentView=null vibrate=null sound=null defaults=0x0 flags=0x102 color=0x00000000 vis=PRIVATE),0]
01-12 13:02:54.781 1116 2145 I input_interaction: Interaction with: c26cbf0 com.nttdocomo.android.homezozo/com.android.launcher3.Launcher (server), e4b8c5 com.android.systemui.ImageWallpaper (server), PointerEventDispatcher0 (server),
01-12 13:02:54.875 4061 4853 I liblog : 4
01-12 13:02:54.911 1116 1116 I sysui_multi_action: [757,1501,758,1,793,223,794,0,795,223,796,0,797,com.android.server.wm.AlertWindowNotification - com.nttdocomo.android.mascot,806,android,857,com.android.server.wm.Alert-fef85b51,858,1,947,0,1500,0,1688,1,1745,2098068913]
01-12 13:02:54.911 1116 1116 I sysui_multi_action: [757,804,799,note_interruptive,801,0,802,1]
01-12 13:02:54.946 1116 1316 I commit_sys_config_file: [notification-policy,683466]
01-12 13:02:55.417 1116 1317 I sysui_multi_action: [757,856,758,2,806,android,857,com.android.server.wm.AlertWindowNotification - com.nttdocomo.android.mascot,858,1]
01-12 13:02:55.419 1116 1116 I sysui_multi_action: [757,128,758,5,759,8,793,732,794,0,795,732,796,0,797,com.android.server.wm.AlertWindowNotification - com.nttdocomo.android.mascot,806,android,857,com.android.server.wm.Alert-fef85b51,858,1,947,0,1500,509,1688,1,1745,2098068913]
01-12 13:02:55.420 1116 1116 I notification_canceled: [0|android|0|com.android.server.wm.AlertWindowNotification - com.nttdocomo.android.mascot|1000,8,732,732,0,-1,-1,NULL]
01-12 13:02:55.420 1116 1116 I notification_cancel_all: [1000,1116,android,0,0,0,20,NULL]
01-12 13:02:55.680 1116 1316 I commit_sys_config_file: [notification-policy,684200]
01-12 13:02:56.615 2717 2717 I liblog : 2
01-12 13:02:58.061 3134 6272 I dvm_lock_sample: [com.google.android.gms.persisten,0,lowpool[7],306,:com.google.android.gms@221820044@22.18.20 (190400-451484765),6,void baor.F(java.util.Set, java.util.List, int, java.lang.String, boolean, csxt, baoq, java.util.LinkedHashMap, cfhg, boolean),-,213,void baor.F(java.util.Set, java.util.List, int, java.lang.String, boolean, csxt, baoq, java.util.LinkedHashMap, cfhg, boolean),61]
01-12 13:02:58.489 3134 10360 I dvm_lock_sample: [com.google.android.gms.persisten,0,lowpool[12],63,:com.google.android.gms@221820044@22.18.20 (190400-451484765),5,void bddj.a(bdaj, int, cewx),-,4,void bddm.o(int),12]
01-12 13:02:58.855 3134 10360 I c2dm : [-19,ERR_AUTHENTICATION_FAILED,0,0]
01-12 13:03:00.838 1116 1116 I notification_enqueue: [10120,4927,com.tblenovo.lewea,4927,NULL,0,Notification(channel=tblenovo.channel.WEATHER shortcut=null contentView=null vibrate=null sound=null defaults=0x0 flags=0x40 color=0x00000000 vis=PRIVATE),1]
01-12 13:03:00.888 1116 1116 I notification_enqueue: [10120,4927,com.tblenovo.lewea,4927,NULL,0,Notification(channel=tblenovo.channel.WEATHER shortcut=null contentView=com.tblenovo.lewea/0x7f090018 vibrate=null sound=null defaults=0x0 flags=0x50 color=0x00000000 vis=PUBLIC),1]
01-12 13:03:01.071 1116 1316 I commit_sys_config_file: [notification-policy,689592]
01-12 13:03:02.144 3134 10360 I gtalk_connection: 16778495
01-12 13:03:02.167 3134 10360 I gtalk_connection: 16778495
01-12 13:03:02.318 1116 10193 I am_proc_died: [0,3873,com.google.android.apps.photos,955,19]
01-12 13:03:02.321 2741 2741 D TelephonyNetworkFactory[0]: onReleaseNetworkFor NetworkRequest [ REQUEST id=112, [ Capabilities: INTERNET&NOT_RESTRICTED&TRUSTED&NOT_VCN_MANAGED Uid: 10155 RequestorUid: 10155 RequestorPkg: com.google.android.apps.photos UnderlyingNetworks: Null] ] applied false
01-12 13:03:02.321 1116 10193 I am_uid_stopped: 10155
01-12 13:03:02.326 2741 2741 D TelephonyNetworkFactory[0]: onReleaseNetworkFor NetworkRequest [ REQUEST id=70, [ Capabilities: INTERNET&NOT_RESTRICTED&TRUSTED&NOT_VCN_MANAGED Uid: 10155 RequestorUid: 10155 RequestorPkg: com.google.android.apps.photos UnderlyingNetworks: Null] ] applied false
01-12 13:03:02.329 1116 10193 I am_mem_factor: [1,0]
01-12 13:03:03.272 1116 10193 I am_mem_factor: [0,1]
01-12 13:03:04.591 2422 2422 I liblog : 2
01-12 13:03:13.455 1116 1377 I am_pss : [9627,1000,com.android.settings,61029376,46993408,6533120,145543168,0,16,25]
01-12 13:03:13.479 1116 1377 I am_pss : [9992,10130,com.google.android.apps.wellbeing,31397888,25640960,3856384,72855552,0,19,20]
01-12 13:03:26.721 1116 10581 I wm_task_created: [62,-1]
01-12 13:03:26.744 1116 10581 I wm_task_moved: [62,1,9]
01-12 13:03:26.744 1116 10581 I wm_task_to_front: [0,62]
01-12 13:03:26.746 1116 10581 I wm_create_task: [0,62]
01-12 13:03:26.746 1116 10581 I wm_create_activity: [0,244283369,62,com.google.android.permissioncontroller/com.android.permissioncontroller.permission.ui.ReviewPermissionsActivity,android.intent.action.REVIEW_PERMISSIONS,NULL,NULL,413138944]
01-12 13:03:26.746 1116 10581 I wm_task_moved: [62,1,9]
01-12 13:03:26.759 1116 10581 I wm_pause_activity: [0,58173627,com.nttdocomo.android.homezozo/com.android.launcher3.Launcher,userLeaving=true,pauseBackTasks]
01-12 13:03:26.783 3725 3725 I wm_on_top_resumed_lost_called: [58173627,com.android.launcher3.Launcher,topStateChangedWhenResumed]
01-12 13:03:26.787 3725 3725 I wm_on_paused_called: [58173627,com.android.launcher3.Launcher,performPause]
01-12 13:03:26.803 1116 10581 I wm_add_to_stopping: [0,58173627,com.nttdocomo.android.homezozo/com.android.launcher3.Launcher,makeInvisible]
01-12 13:03:26.804 1116 10581 I wm_restart_activity: [0,244283369,62,com.google.android.permissioncontroller/com.android.permissioncontroller.permission.ui.ReviewPermissionsActivity]
01-12 13:03:26.809 1116 10581 I wm_set_resumed_activity: [0,com.google.android.permissioncontroller/com.android.permissioncontroller.permission.ui.ReviewPermissionsActivity,minimalResumeActivityLocked]
01-12 13:03:26.812 1116 1317 I am_uid_active: 10198
01-12 13:03:26.857 1116 1317 I sysui_multi_action: [757,803,799,window_time_0,802,33]
01-12 13:03:26.881 1116 2145 I input_focus: [Focus leaving c26cbf0 com.nttdocomo.android.homezozo/com.android.launcher3.Launcher (server),reason=NO_WINDOW]
01-12 13:03:26.981 1116 10581 I dvm_lock_sample: [system_server,1,Binder:1116_1C,34,ActivityTaskManagerService.java,5600,android.content.res.CompatibilityInfo com.android.server.wm.ActivityTaskManagerService$LocalService.compatibilityInfoForPackage(android.content.pm.ApplicationInfo),WindowAnimator.java,110,void com.android.server.wm.WindowAnimator.lambda$new$1$WindowAnimator(long),6]
01-12 13:03:27.045 5286 5286 I wm_on_create_called: [244283369,com.android.permissioncontroller.permission.ui.ReviewPermissionsActivity,performCreate]
01-12 13:03:27.149 5286 5286 I wm_on_start_called: [244283369,com.android.permissioncontroller.permission.ui.ReviewPermissionsActivity,handleStartActivity]
01-12 13:03:27.151 5286 5286 I wm_on_resume_called: [244283369,com.android.permissioncontroller.permission.ui.ReviewPermissionsActivity,RESUME_ACTIVITY]
01-12 13:03:27.286 5286 5286 I wm_on_top_resumed_gained_called: [244283369,com.android.permissioncontroller.permission.ui.ReviewPermissionsActivity,topStateChangedWhenResumed]
01-12 13:03:27.371 1116 1318 I input_focus: [Focus request 9a22cd com.google.android.permissioncontroller/com.android.permissioncontroller.permission.ui.ReviewPermissionsActivity,reason=UpdateInputWindows]
01-12 13:03:27.675 1116 10193 I wm_stop_activity: [0,58173627,com.nttdocomo.android.homezozo/com.android.launcher3.Launcher]
01-12 13:03:27.678 1116 2145 I input_focus: [Focus entering 9a22cd com.google.android.permissioncontroller/com.android.permissioncontroller.permission.ui.ReviewPermissionsActivity (server),reason=Window became focusable. Previous reason: NOT_VISIBLE]
01-12 13:03:27.682 1116 1313 I sysui_multi_action: [319,251,321,241,322,957,325,792,757,761,758,8,759,1,806,com.google.android.permissioncontroller,871,com.android.permissioncontroller.permission.ui.ReviewPermissionsActivity,904,com.nttdocomo.android.homezozo,905,0,1320,8,1321,5]
01-12 13:03:27.684 1116 1313 I wm_activity_launch_time: [0,244283369,com.google.android.permissioncontroller/com.android.permissioncontroller.permission.ui.ReviewPermissionsActivity,957]
01-12 13:03:27.714 3725 3725 I wm_on_stop_called: [58173627,com.android.launcher3.Launcher,STOP_ACTIVITY_ITEM]
01-12 13:03:31.477 1116 2145 I input_interaction: Interaction with: 9a22cd com.google.android.permissioncontroller/com.android.permissioncontroller.permission.ui.ReviewPermissionsActivity (server), PointerEventDispatcher0 (server),
01-12 13:03:32.074 1116 10193 I wm_task_created: [63,-1]
01-12 13:03:32.099 1116 10193 I wm_task_moved: [63,1,10]
01-12 13:03:32.099 1116 10193 I wm_task_to_front: [0,63]
01-12 13:03:32.100 1116 10193 I wm_create_task: [0,63]
01-12 13:03:32.100 1116 10193 I wm_create_activity: [0,138564783,63,com.magicandroidapps.iperf/.iperf,android.intent.action.MAIN,NULL,NULL,270532608]
01-12 13:03:32.100 1116 10193 I wm_task_moved: [63,1,10]
01-12 13:03:32.104 1116 10193 I wm_pause_activity: [0,244283369,com.google.android.permissioncontroller/com.android.permissioncontroller.permission.ui.ReviewPermissionsActivity,userLeaving=true,pauseBackTasks]
01-12 13:03:32.119 1116 10193 I wm_finish_activity: [0,244283369,62,com.google.android.permissioncontroller/com.android.permissioncontroller.permission.ui.ReviewPermissionsActivity,app-request]
01-12 13:03:32.123 5286 5286 I wm_on_top_resumed_lost_called: [244283369,com.android.permissioncontroller.permission.ui.ReviewPermissionsActivity,topStateChangedWhenResumed]
01-12 13:03:32.127 5286 5286 I wm_on_paused_called: [244283369,com.android.permissioncontroller.permission.ui.ReviewPermissionsActivity,performPause]
01-12 13:03:32.133 1116 3510 I wm_add_to_stopping: [0,244283369,com.google.android.permissioncontroller/com.android.permissioncontroller.permission.ui.ReviewPermissionsActivity,completeFinishing]
01-12 13:03:32.160 1116 2145 I input_focus: [Focus leaving 9a22cd com.google.android.permissioncontroller/com.android.permissioncontroller.permission.ui.ReviewPermissionsActivity (server),reason=NO_WINDOW]
01-12 13:03:32.184 1116 1317 I am_uid_running: 10217
01-12 13:03:32.193 1116 1317 I sysui_multi_action: [757,803,799,window_time_0,802,5]
01-12 13:03:32.470 1116 1380 I am_proc_start: [0,10802,10217,com.magicandroidapps.iperf,pre-top-activity,{com.magicandroidapps.iperf/com.magicandroidapps.iperf.iperf}]
01-12 13:03:32.901 1116 10581 I am_proc_bound: [0,10802,com.magicandroidapps.iperf]
01-12 13:03:32.921 1116 10581 I wm_restart_activity: [0,138564783,63,com.magicandroidapps.iperf/.iperf]
01-12 13:03:32.934 1116 10581 I wm_set_resumed_activity: [0,com.magicandroidapps.iperf/.iperf,minimalResumeActivityLocked]
01-12 13:03:32.938 1116 1317 I am_uid_active: 10217
01-12 13:03:33.278 1116 1318 I input_focus: [Focus request 209664d DeprecatedTargetSdkVersionDialog,reason=UpdateInputWindows]
01-12 13:03:33.577 1116 2145 I input_focus: [Focus entering 209664d DeprecatedTargetSdkVersionDialog (server),reason=Window became focusable. Previous reason: NOT_VISIBLE]
01-12 13:03:33.670 10827 10827 I auditd : type=1400 audit(0.0:309): avc: denied { read } for comm="cat" name="version" dev="proc" ino=4026532059 scontext=u:r:untrusted_app_25:s0:c512,c768 tcontext=u:object_r:proc_version:s0 tclass=file permissive=0 app=com.magicandroidapps.iperf
01-12 13:03:33.800 10802 10802 I auditd : type=1400 audit(0.0:310): avc: granted { nlmsg_readpriv } for comm="droidapps.iperf" scontext=u:r:untrusted_app_25:s0:c512,c768 tcontext=u:r:untrusted_app_25:s0:c512,c768 tclass=netlink_route_socket app=com.magicandroidapps.iperf
01-12 13:03:33.914 10802 10802 I wm_on_create_called: [138564783,com.magicandroidapps.iperf.iperf,performCreate]
01-12 13:03:34.168 1116 1947 I commit_sys_config_file: [settings-3-0,31]
01-12 13:03:34.255 10802 10802 I wm_on_start_called: [138564783,com.magicandroidapps.iperf.iperf,handleStartActivity]
01-12 13:03:34.267 10802 10802 I wm_on_resume_called: [138564783,com.magicandroidapps.iperf.iperf,RESUME_ACTIVITY]
01-12 13:03:34.319 10802 10802 I wm_on_top_resumed_gained_called: [138564783,com.magicandroidapps.iperf.iperf,topStateChangedWhenResumed]
01-12 13:03:34.429 1116 2513 I sysui_multi_action: [757,906,758,4,806,com.magicandroidapps.iperf,871,,908,com.google.android.gms,1452,0,1456,1583263017]
01-12 13:03:34.763 1116 10581 I wm_destroy_activity: [0,244283369,62,com.google.android.permissioncontroller/com.android.permissioncontroller.permission.ui.ReviewPermissionsActivity,finish-imm:idle]
01-12 13:03:34.773 5286 5286 I wm_on_stop_called: [244283369,com.android.permissioncontroller.permission.ui.ReviewPermissionsActivity,LIFECYCLER_STOP_ACTIVITY]
01-12 13:03:34.791 5286 5286 I wm_on_destroy_called: [244283369,com.android.permissioncontroller.permission.ui.ReviewPermissionsActivity,performDestroy]
01-12 13:03:34.844 1116 2513 I wm_task_removed: [62,removeChild:removeChild last r=ActivityRecord{e8f77e9 u0 com.google.android.permissioncontroller/com.android.permissioncontroller.permission.ui.ReviewPermissionsActivity t-1 f}} in t=Task{5346b46 #62 type=standard A=10198:com.google.android.permissioncontroller U=0 visible=false mode=fullscreen translucent=true sz=0}]
01-12 13:03:34.845 1116 2513 I wm_task_removed: [62,removeChild]
01-12 13:03:34.883 1116 1377 I am_pss : [9627,1000,com.android.settings,58675200,39743488,13508608,108793856,0,16,34]
01-12 13:03:34.907 1116 1313 I sysui_multi_action: [319,341,321,204,322,2570,325,797,757,761,758,7,759,1,806,com.magicandroidapps.iperf,871,com.magicandroidapps.iperf.iperf,904,com.nttdocomo.android.homezozo,905,0,945,857,1320,4,1321,4]
01-12 13:03:34.914 1116 1313 I wm_activity_launch_time: [0,138564783,com.magicandroidapps.iperf/.iperf,2570]
01-12 13:03:34.944 1116 1377 I am_pss : [9992,10130,com.google.android.apps.wellbeing,23397376,15577088,6093824,60862464,0,19,20]
01-12 13:03:37.384 1116 2145 I input_interaction: Interaction with: 209664d DeprecatedTargetSdkVersionDialog (server), PointerEventDispatcher0 (server),
01-12 13:03:37.622 1116 1318 I input_focus: [Focus request 57b1c61 com.magicandroidapps.iperf/com.magicandroidapps.iperf.iperf,reason=UpdateInputWindows]
01-12 13:03:37.646 1116 2145 I input_focus: [Focus entering 57b1c61 com.magicandroidapps.iperf/com.magicandroidapps.iperf.iperf (server),reason=setFocusedWindow]
01-12 13:03:39.007 1116 1378 I am_uid_idle: 10196
01-12 13:03:39.534 1116 1116 I sysui_multi_action: [757,907,758,10,806,com.magicandroidapps.iperf,871,,908,com.google.android.gms,909,-1,1454,1,1456,1583263017]
01-12 13:03:39.542 1116 1116 I sysui_multi_action: [757,919,758,4,806,com.magicandroidapps.iperf,871,,908,com.google.android.gms,1455,1,1456,1583263017]
01-12 13:03:41.218 3134 8024 I gtalk_connection: 16778495
01-12 13:03:41.239 3134 8024 I gtalk_connection: 16778495
01-12 13:03:42.231 1116 1595 I commit_sys_config_file: [package-user-0,43]
01-12 13:03:42.732 1116 2145 I input_interaction: Interaction with: 4a3ab9c InputMethod (server), PointerEventDispatcher0 (server),
01-12 13:03:47.609 1116 1317 I commit_sys_config_file: [warnings-config,22]
01-12 13:03:50.108 1116 2145 I input_interaction: Interaction with: 57b1c61 com.magicandroidapps.iperf/com.magicandroidapps.iperf.iperf (server), PointerEventDispatcher0 (server),
01-12 13:03:50.280 10895 10895 I auditd : type=1400 audit(0.0:311): avc: granted { execute } for comm="droidapps.iperf" name="iperf" dev="sda13" ino=17428 scontext=u:r:untrusted_app_25:s0:c512,c768 tcontext=u:object_r:app_data_file:s0:c512,c768 tclass=file app=com.magicandroidapps.iperf
01-12 13:03:50.290 10895 10895 I auditd : type=1400 audit(0.0:312): avc: granted { execute_no_trans } for comm="droidapps.iperf" path="/data/data/com.magicandroidapps.iperf/bin/iperf" dev="sda13" ino=17428 scontext=u:r:untrusted_app_25:s0:c512,c768 tcontext=u:object_r:app_data_file:s0:c512,c768 tclass=file app=com.magicandroidapps.iperf
01-12 13:03:50.315 1116 2382 I ntp_failure: [time.android.com,java.net.UnknownHostException: Unable to resolve host "time.android.com": No address associated with hostname]
01-12 13:03:50.370 10895 10895 I auditd : type=1400 audit(0.0:313): avc: granted { execute } for comm="iperf" path="/data/data/com.magicandroidapps.iperf/bin/iperf" dev="sda13" ino=17428 scontext=u:r:untrusted_app_25:s0:c512,c768 tcontext=u:object_r:app_data_file:s0:c512,c768 tclass=file app=com.magicandroidapps.iperf
01-12 13:03:50.632 3134 6272 I c2dm : [-19,ERR_AUTHENTICATION_FAILED,0,0]
01-12 13:03:50.723 3134 6272 I c2dm : [-19,ERR_AUTHENTICATION_FAILED,0,0]
01-12 13:03:51.281 1116 1377 I am_pss : [10802,10217,com.magicandroidapps.iperf,45258752,32985088,1716224,87109632,0,2,30]
01-12 13:03:52.373 1116 1378 I am_uid_idle: 10130
01-12 13:03:54.059 1116 2145 I input_interaction: Interaction with: 4a3ab9c InputMethod (server), PointerEventDispatcher0 (server),
01-12 13:03:54.420 1116 1378 I am_uid_idle: 10080
01-12 13:04:00.906 1116 1116 I notification_enqueue: [10120,4927,com.tblenovo.lewea,4927,NULL,0,Notification(channel=tblenovo.channel.WEATHER shortcut=null contentView=null vibrate=null sound=null defaults=0x0 flags=0x40 color=0x00000000 vis=PRIVATE),1]
01-12 13:04:00.950 1116 1116 I notification_enqueue: [10120,4927,com.tblenovo.lewea,4927,NULL,0,Notification(channel=tblenovo.channel.WEATHER shortcut=null contentView=com.tblenovo.lewea/0x7f090018 vibrate=null sound=null defaults=0x0 flags=0x50 color=0x00000000 vis=PUBLIC),1]
01-12 13:04:01.149 1116 1316 I commit_sys_config_file: [notification-policy,749669]
01-12 13:04:03.565 1116 2145 I input_interaction: Interaction with: 78595d5 StatusBar (server), PointerEventDispatcher0 (server),
01-12 13:04:03.606 2236 2236 I sysui_multi_action: [757,803,799,panel_open,802,1]
01-12 13:04:03.630 2236 2236 I sysui_multi_action: [757,1328,758,4,1326,69,1327,0,1329,0]
01-12 13:04:03.645 1116 3971 I sysui_multi_action: [757,127,758,1]
01-12 13:04:03.656 1116 3971 I sysui_multi_action: [757,804,799,note_load,801,6,802,1]
01-12 13:04:03.661 1116 3971 I notification_panel_revealed: 6
01-12 13:04:03.686 1116 1318 I input_focus: [Focus request 33812c7 NotificationShade,reason=UpdateInputWindows]
01-12 13:04:03.718 1116 2145 I input_focus: [Focus leaving 57b1c61 com.magicandroidapps.iperf/com.magicandroidapps.iperf.iperf (server),reason=Waiting for window because NOT_VISIBLE]
01-12 13:04:03.780 1116 2145 I input_focus: [Focus entering 33812c7 NotificationShade (server),reason=Window became focusable. Previous reason: NOT_VISIBLE]
01-12 13:04:04.293 1116 10594 I sysui_multi_action: [757,128,758,1,793,85711,794,0,795,85711,796,741,797,ConnectivityNotification:100,798,1,806,android,857,NETWORK_ALERTS,858,4,947,0,1395,6,1500,85490,1688,1]
01-12 13:04:04.295 1116 10594 I sysui_multi_action: [757,804,799,note_freshness,801,85711,802,1]
01-12 13:04:04.296 1116 10594 I notification_visibility: [-1|android|741|ConnectivityNotification:100|1000,1,85711,85711,0,1]
01-12 13:04:04.299 1116 10594 I sysui_multi_action: [757,128,758,1,793,691915,794,0,795,3351,796,4927,798,3,806,com.tblenovo.lewea,857,tblenovo.channel.WEATHER,858,2,947,0,1395,6,1500,3351,1688,1]
01-12 13:04:04.309 1116 10594 I sysui_multi_action: [757,804,799,note_freshness,801,3351,802,1]
01-12 13:04:04.311 1116 10594 I notification_visibility: [0|com.tblenovo.lewea|4927|null|10120,1,691915,3351,0,3]
01-12 13:04:04.313 1116 10594 I sysui_multi_action: [757,128,758,1,793,705218,794,0,795,92965,796,9,798,0,806,com.google.android.setupwizard,857,suw_consolidate_foreground_-e437bac7,858,3,947,0,1395,6,1500,92965,1688,1]
01-12 13:04:04.315 1116 10594 I sysui_multi_action: [757,804,799,note_freshness,801,92965,802,1]
01-12 13:04:04.316 1116 10594 I notification_visibility: [0|com.google.android.setupwizard|9|null|10177,1,705218,92965,0,0]
01-12 13:04:04.318 1116 10594 I sysui_multi_action: [757,128,758,1,793,713602,794,0,795,713602,796,10,798,5,806,com.nttdocomo.android.mascot,857,channelResident3,858,2,946,notification_group_key_resident,947,0,1395,6,1500,713391,1688,1,1745,-868672399]
01-12 13:04:04.320 1116 10594 I sysui_multi_action: [757,804,799,note_freshness,801,713602,802,1]
01-12 13:04:04.322 1116 10594 I notification_visibility: [0|com.nttdocomo.android.mascot|10|null|10063,1,713602,713602,0,5]
01-12 13:04:04.327 1116 10594 I sysui_multi_action: [757,128,758,1,793,688232,794,0,795,688232,796,1,798,2,806,com.nttdocomo.android.lpa,857,NotificationChannel,858,2,947,0,1395,6,1500,688018,1688,1,1745,2098068913]
01-12 13:04:04.329 1116 10594 I sysui_multi_action: [757,804,799,note_freshness,801,688232,802,1]
01-12 13:04:04.330 1116 10594 I notification_visibility: [0|com.nttdocomo.android.lpa|1|null|10051,1,688232,688232,0,2]
01-12 13:04:04.332 1116 10594 I sysui_multi_action: [757,128,758,1,793,590947,794,0,795,590947,796,1,798,4,806,jp.co.omronsoft.android.decoemojimanager_docomo,857,permit,858,2,947,0,1395,6,1500,590740,1688,1,1745,2098068913]
01-12 13:04:04.334 1116 10594 I sysui_multi_action: [757,804,799,note_freshness,801,590947,802,1]
01-12 13:04:04.335 1116 10594 I notification_visibility: [0|jp.co.omronsoft.android.decoemojimanager_docomo|1|null|10112,1,590947,590947,0,4]
01-12 13:04:05.409 1116 2145 I input_interaction: Interaction with: 33812c7 NotificationShade (server), PointerEventDispatcher0 (server),
01-12 13:04:06.045 1116 3971 I sysui_multi_action: [757,128,758,2,793,706950,794,1732,795,94697,796,9,798,0,806,com.google.android.setupwizard,857,suw_consolidate_foreground_-e437bac7,858,3,947,0,1395,6,1500,94697,1688,1]
01-12 13:04:06.046 1116 3971 I notification_visibility: [0|com.google.android.setupwizard|9|null|10177,0,706950,94697,0,0]
01-12 13:04:10.793 1116 1375 I battery_level: [8,3765,313]
01-12 13:04:10.898 1116 3971 I wm_task_moved: [1,1,9]
01-12 13:04:10.901 1116 3971 I wm_focused_root_task: [0,0,1,63,bringingFoundTaskToFront returnToHome]
01-12 13:04:10.901 1116 3971 I wm_task_moved: [60,1,9]
01-12 13:04:10.901 1116 3971 I wm_task_to_front: [0,60]
01-12 13:04:10.902 1116 3971 I wm_focused_root_task: [0,0,60,1,bringingFoundTaskToFront]
01-12 13:04:10.903 10802 10802 I wm_on_top_resumed_lost_called: [138564783,com.magicandroidapps.iperf.iperf,topStateChangedWhenResumed]
01-12 13:04:10.903 1116 3971 I wm_set_resumed_activity: [0,com.android.settings/.Settings$WifiSettingsActivity,bringingFoundTaskToFront]
01-12 13:04:10.904 1116 3971 I wm_finish_activity: [0,181369335,60,com.android.settings/.Settings$WifiSettingsActivity,clear-task-all]
01-12 13:04:10.908 1116 3971 I wm_destroy_activity: [0,181369335,60,com.android.settings/.Settings$WifiSettingsActivity,finish-imm:finishIfPossible]
01-12 13:04:10.919 1116 3971 I wm_task_moved: [1,1,9]
01-12 13:04:10.920 1116 3971 I wm_focused_root_task: [0,0,1,60,reuseOrNewTask returnToHome]
01-12 13:04:10.920 1116 3971 I wm_task_moved: [60,1,9]
01-12 13:04:10.920 1116 3971 I wm_focused_root_task: [0,0,60,1,reuseOrNewTask]
01-12 13:04:10.920 1116 3971 I wm_create_activity: [0,163676753,60,com.android.settings/.Settings$ConfigureNotificationSettingsActivity,android.settings.NOTIFICATION_SETTINGS,NULL,NULL,272678912]
01-12 13:04:10.927 1116 3971 I wm_pause_activity: [0,138564783,com.magicandroidapps.iperf/.iperf,userLeaving=true,pauseBackTasks]
01-12 13:04:10.947 10802 10802 I wm_on_paused_called: [138564783,com.magicandroidapps.iperf.iperf,performPause]
01-12 13:04:10.967 1116 2513 I wm_add_to_stopping: [0,138564783,com.magicandroidapps.iperf/.iperf,makeInvisible]
01-12 13:04:10.968 1116 2513 I wm_restart_activity: [0,163676753,60,com.android.settings/.Settings$ConfigureNotificationSettingsActivity]
01-12 13:04:10.970 1116 2513 I wm_set_resumed_activity: [0,com.android.settings/.Settings$ConfigureNotificationSettingsActivity,minimalResumeActivityLocked]
01-12 13:04:10.989 1116 1317 I am_uid_active: 10130
01-12 13:04:11.097 1116 1317 I sysui_multi_action: [757,803,799,window_time_0,802,39]
01-12 13:04:11.139 9627 9627 I wm_on_destroy_called: [181369335,com.android.settings.Settings$WifiSettingsActivity,performDestroy]
01-12 13:04:11.193 1116 1377 I am_pss : [10802,10217,com.magicandroidapps.iperf,45773824,33419264,1713152,87851008,0,2,19]
01-12 13:04:11.495 1116 3971 I dvm_lock_sample: [system_server,1,Binder:1116_10,205,ActivityTaskManagerService.java,3569,int com.android.server.wm.ActivityTaskManagerService.getLastResumedActivityUserId(),,0,null,41]
01-12 13:04:11.807 1116 3971 I am_uid_active: 10196
01-12 13:04:11.837 9651 9672 I liblog : 2
01-12 13:04:12.037 9627 9627 I wm_on_create_called: [163676753,com.android.settings.Settings$ConfigureNotificationSettingsActivity,performCreate]
01-12 13:04:12.064 1116 3510 I sysui_multi_action: [757,128,758,2,793,93483,794,7772,795,93483,796,741,797,ConnectivityNotification:100,798,1,806,android,857,NETWORK_ALERTS,858,4,947,0,1395,6,1500,93262,1688,1]
01-12 13:04:12.065 1116 3510 I notification_visibility: [-1|android|741|ConnectivityNotification:100|1000,0,93483,93483,0,1]
01-12 13:04:12.066 1116 3510 I sysui_multi_action: [757,128,758,2,793,699683,794,7768,795,11119,796,4927,798,3,806,com.tblenovo.lewea,857,tblenovo.channel.WEATHER,858,2,947,0,1395,6,1500,11119,1688,1]
01-12 13:04:12.066 1116 3510 I notification_visibility: [0|com.tblenovo.lewea|4927|null|10120,0,699683,11119,0,3]
01-12 13:04:12.067 1116 3510 I sysui_multi_action: [757,128,758,2,793,721351,794,7749,795,721351,796,10,798,5,806,com.nttdocomo.android.mascot,857,channelResident3,858,2,946,notification_group_key_resident,947,0,1395,6,1500,721140,1688,1,1745,-868672399]
01-12 13:04:12.068 9627 10507 I sysui_multi_action: [757,853,758,4,854,notification.ConfigureNotificationSettings/lock_screen_notifications,1089,2131888941]
01-12 13:04:12.070 9627 9627 I wm_on_start_called: [163676753,com.android.settings.Settings$ConfigureNotificationSettingsActivity,handleStartActivity]
01-12 13:04:12.071 1116 3510 I notification_visibility: [0|com.nttdocomo.android.mascot|10|null|10063,0,721351,721351,0,5]
01-12 13:04:12.071 9627 9627 I snet_event_log: [120484087,-1,]
01-12 13:04:12.073 1116 3510 I sysui_multi_action: [757,128,758,2,793,695977,794,7745,795,695977,796,1,798,2,806,com.nttdocomo.android.lpa,857,NotificationChannel,858,2,947,0,1395,6,1500,695763,1688,1,1745,2098068913]
01-12 13:04:12.073 1116 3510 I notification_visibility: [0|com.nttdocomo.android.lpa|1|null|10051,0,695977,695977,0,2]
01-12 13:04:12.078 9627 9627 I wm_on_resume_called: [163676753,com.android.settings.Settings$ConfigureNotificationSettingsActivity,RESUME_ACTIVITY]
01-12 13:04:12.079 1116 3510 I sysui_multi_action: [757,128,758,2,793,598694,794,7747,795,598694,796,1,798,4,806,jp.co.omronsoft.android.decoemojimanager_docomo,857,permit,858,2,947,0,1395,6,1500,598487,1688,1,1745,2098068913]
01-12 13:04:12.080 1116 3510 I notification_visibility: [0|jp.co.omronsoft.android.decoemojimanager_docomo|1|null|10112,0,598694,598694,0,4]
01-12 13:04:12.088 9627 9627 I sysui_multi_action: [757,337,758,1,833,0,1089,247]
01-12 13:04:12.127 1116 2145 I input_focus: [Focus leaving 33812c7 NotificationShade (server),reason=NOT_FOCUSABLE]
01-12 13:04:12.157 1116 8311 I sysui_multi_action: [757,127,758,2]
01-12 13:04:12.157 1116 8311 I notification_panel_hidden:
01-12 13:04:12.222 9627 9627 I sysui_multi_action: [757,1729,758,4,854,isParalleledControllers:false,1089,383]
01-12 13:04:12.243 9627 9627 I wm_on_top_resumed_gained_called: [163676753,com.android.settings.Settings$ConfigureNotificationSettingsActivity,topStateChangedWhenResumed]
01-12 13:04:12.334 1116 1318 I input_focus: [Focus request b4ecb4c com.android.settings/com.android.settings.Settings$ConfigureNotificationSettingsActivity,reason=UpdateInputWindows]
01-12 13:04:12.451 1116 1318 I sysui_multi_action: [324,1,757,1090,758,12,806,com.android.settings,871,com.android.settings.Settings$ConfigureNotificationSettingsActivity,1091,1569]
01-12 13:04:12.515 1116 1313 I sysui_multi_action: [319,588,321,397,322,1569,325,836,757,761,758,8,759,1,806,com.android.settings,871,com.android.settings.Settings$ConfigureNotificationSettingsActivity,904,com.android.systemui,905,0,1320,8,1321,5]
01-12 13:04:12.520 1116 1313 I wm_activity_launch_time: [0,163676753,com.android.settings/.Settings$ConfigureNotificationSettingsActivity,1569]
01-12 13:04:12.561 1116 2513 I wm_stop_activity: [0,138564783,com.magicandroidapps.iperf/.iperf]
01-12 13:04:12.564 1116 2145 I input_focus: [Focus entering b4ecb4c com.android.settings/com.android.settings.Settings$ConfigureNotificationSettingsActivity (server),reason=Window became focusable. Previous reason: NOT_VISIBLE]
01-12 13:04:12.568 10802 10802 I wm_on_stop_called: [138564783,com.magicandroidapps.iperf.iperf,STOP_ACTIVITY_ITEM]
01-12 13:04:12.789 1116 2513 I am_uid_running: 10046
01-12 13:04:12.909 1116 1380 I am_proc_start: [0,10952,10046,android.process.acore,content provider,{com.android.providers.userdictionary/com.android.providers.userdictionary.UserDictionaryProvider}]
01-12 13:04:13.176 1116 2513 I am_proc_bound: [0,10952,android.process.acore]
01-12 13:04:13.189 1116 2513 I am_uid_active: 10046
01-12 13:04:17.042 1116 2145 I input_interaction: Interaction with: 4aa51c3 NavigationBar0 (server), PointerEventDispatcher0 (server),
01-12 13:04:17.642 1116 2513 I wm_task_created: [64,-1]
01-12 13:04:17.650 1116 2513 I wm_task_created: [65,-1]
01-12 13:04:17.652 1116 2513 I wm_task_moved: [65,0,-2147483648]
01-12 13:04:17.657 1116 2513 I wm_create_task: [0,65]
01-12 13:04:17.657 1116 2513 I wm_create_activity: [0,140318828,65,com.android.launcher3/com.android.quickstep.RecentsActivity,android.intent.action.MAIN,NULL,NULL,276889600]
01-12 13:04:17.659 1116 2513 I wm_task_moved: [64,0,0]
01-12 13:04:17.660 1116 2513 I wm_task_moved: [64,0,9]
01-12 13:04:17.676 1116 2513 I wm_restart_activity: [0,140318828,65,com.android.launcher3/com.android.quickstep.RecentsActivity]
01-12 13:04:17.826 2879 2879 I wm_on_create_called: [140318828,com.android.quickstep.RecentsActivity,performCreate]
01-12 13:04:17.832 2879 2879 I wm_on_start_called: [140318828,com.android.quickstep.RecentsActivity,handleStartActivity]
01-12 13:04:17.835 2879 2879 I wm_on_resume_called: [140318828,com.android.quickstep.RecentsActivity,LIFECYCLER_RESUME_ACTIVITY]
01-12 13:04:17.868 2879 2879 I wm_on_paused_called: [140318828,com.android.quickstep.RecentsActivity,performPause]
01-12 13:04:17.893 1116 1318 I input_focus: [Focus request recents_animation_input_consumer,reason=UpdateInputWindows]
01-12 13:04:17.911 1116 2145 I input_focus: [Focus leaving b4ecb4c com.android.settings/com.android.settings.Settings$ConfigureNotificationSettingsActivity (server),reason=NOT_FOCUSABLE]
01-12 13:04:17.912 1116 2145 I input_focus: [Focus entering recents_animation_input_consumer (server),reason=setFocusedWindow]
01-12 13:04:18.016 2879 2879 I sysui_latency: [1,767]
01-12 13:04:18.121 1116 1313 I sysui_multi_action: [319,85,322,458,325,842,757,761,758,8,759,5,806,com.android.launcher3,871,com.android.quickstep.RecentsActivity,904,com.android.launcher3,905,0,1320,8,1321,5]
01-12 13:04:18.122 1116 1313 I wm_activity_launch_time: [0,140318828,com.android.launcher3/com.android.quickstep.RecentsActivity,458]
01-12 13:04:18.367 1116 1377 I sysui_latency: [8,457]
01-12 13:04:18.398 1116 8311 I wm_task_moved: [64,1,10]
01-12 13:04:18.408 1116 8311 I wm_focused_root_task: [0,0,64,60,RecentsAnimation.onAnimationFinished()]
01-12 13:04:18.411 9627 9627 I wm_on_top_resumed_lost_called: [163676753,com.android.settings.Settings$ConfigureNotificationSettingsActivity,topStateChangedWhenResumed]
01-12 13:04:18.414 1116 8311 I wm_pause_activity: [0,163676753,com.android.settings/.Settings$ConfigureNotificationSettingsActivity,userLeaving=false,pauseBackTasks]
01-12 13:04:18.419 1116 8311 I wm_set_resumed_activity: [0,com.android.launcher3/com.android.quickstep.RecentsActivity,resumeTopActivityInnerLocked]
01-12 13:04:18.422 1116 8311 I wm_resume_activity: [0,140318828,65,com.android.launcher3/com.android.quickstep.RecentsActivity]
01-12 13:04:18.423 1116 8311 I wm_add_to_stopping: [0,163676753,com.android.settings/.Settings$ConfigureNotificationSettingsActivity,makeInvisible]
01-12 13:04:18.427 2879 2879 I wm_on_resume_called: [140318828,com.android.quickstep.RecentsActivity,RESUME_ACTIVITY]
01-12 13:04:18.459 1116 1318 I input_focus: [Focus request e483d6e com.android.launcher3/com.android.quickstep.RecentsActivity,reason=UpdateInputWindows]
01-12 13:04:18.465 9627 9627 I sysui_multi_action: [757,337,758,2,1089,6379]
01-12 13:04:18.470 1116 1317 I sysui_multi_action: [757,803,799,window_time_0,802,7]
01-12 13:04:18.470 1116 2145 I input_focus: [Focus leaving recents_animation_input_consumer (server),reason=NOT_VISIBLE]
01-12 13:04:18.471 9627 9627 I wm_on_paused_called: [163676753,com.android.settings.Settings$ConfigureNotificationSettingsActivity,performPause]
01-12 13:04:18.484 1116 3971 I wm_stop_activity: [0,163676753,com.android.settings/.Settings$ConfigureNotificationSettingsActivity]
01-12 13:04:18.493 1116 2145 I input_focus: [Focus entering e483d6e com.android.launcher3/com.android.quickstep.RecentsActivity (server),reason=setFocusedWindow]
01-12 13:04:18.495 1116 1318 I dvm_lock_sample: [system_server,1,android.anim,18,WindowSurfacePlacer.java,56,void com.android.server.wm.WindowSurfacePlacer$Traverser.run(),,0,null,3]
01-12 13:04:18.510 1116 1317 I sysui_multi_action: [757,803,799,window_time_0,802,0]
01-12 13:04:18.521 9627 9627 I wm_on_stop_called: [163676753,com.android.settings.Settings$ConfigureNotificationSettingsActivity,STOP_ACTIVITY_ITEM]
01-12 13:04:18.530 2879 2879 I wm_on_top_resumed_gained_called: [140318828,com.android.quickstep.RecentsActivity,topStateChangedWhenResumed]
01-12 13:04:18.585 1116 8311 I dvm_lock_sample: [system_server,1,Binder:1116_14,19,ActivityManagerService.java,12114,int com.android.server.am.ActivityManagerService.bindIsolatedService(android.app.IApplicationThread, android.os.IBinder, android.content.Intent, java.lang.String, android.app.IServiceConnection, int, java.lang.String, java.lang.String, int),-,14922,void com.android.server.am.ActivityManagerService.trimApplications(boolean, java.lang.String),3]
01-12 13:04:19.548 1116 2145 I input_interaction: Interaction with: e483d6e com.android.launcher3/com.android.quickstep.RecentsActivity (server), e4b8c5 com.android.systemui.ImageWallpaper (server), PointerEventDispatcher0 (server),
01-12 13:04:20.265 1116 2358 I wm_finish_activity: [0,163676753,60,com.android.settings/.Settings$ConfigureNotificationSettingsActivity,remove-task]
01-12 13:04:20.268 1116 2358 I wm_destroy_activity: [0,163676753,60,com.android.settings/.Settings$ConfigureNotificationSettingsActivity,finish-imm:finishIfPossible]
01-12 13:04:20.303 9627 9627 I wm_on_destroy_called: [163676753,com.android.settings.Settings$ConfigureNotificationSettingsActivity,performDestroy]
01-12 13:04:20.306 1116 3512 I dvm_lock_sample: [system_server,0,LazyTaskWriterThread,12,TaskPersister.java,552,void com.android.server.wm.TaskPersister$TaskWriteQueueItem.process(),,0,null,2]
01-12 13:04:20.315 1116 1317 I sysui_multi_action: [757,803,799,window_time_0,802,2]
01-12 13:04:20.340 1116 2358 I wm_task_removed: [60,removeChild:removeChild last r=ActivityRecord{9c18251 u0 com.android.settings/.Settings$ConfigureNotificationSettingsActivity t-1 f}} in t=Task{efd6e01 #60 type=standard A=1000:com.android.settings U=0 visible=false mode=fullscreen translucent=true sz=0}]
01-12 13:04:20.340 1116 2358 I wm_task_removed: [60,removeChild]
01-12 13:04:20.970 1116 2358 I wm_finish_activity: [0,138564783,63,com.magicandroidapps.iperf/.iperf,remove-task]
01-12 13:04:20.972 1116 2358 I wm_destroy_activity: [0,138564783,63,com.magicandroidapps.iperf/.iperf,finish-imm:finishIfPossible]
01-12 13:04:20.981 10802 10802 I wm_on_destroy_called: [138564783,com.magicandroidapps.iperf.iperf,performDestroy]
01-12 13:04:20.982 1116 1317 I am_kill : [0,10802,com.magicandroidapps.iperf,900,remove task]
01-12 13:04:20.992 1116 1317 I sysui_multi_action: [757,803,799,window_time_0,802,1]
01-12 13:04:21.176 1116 10594 I am_proc_died: [0,10802,com.magicandroidapps.iperf,900,18]
01-12 13:04:21.177 1116 10594 I am_uid_stopped: 10217
01-12 13:04:21.184 1116 10594 I wm_task_removed: [63,removeChild:removeChild last r=ActivityRecord{84254af u0 com.magicandroidapps.iperf/.iperf t-1 f}} in t=Task{b960afd #63 type=standard A=10217:com.magicandroidapps.iperf U=0 visible=false mode=fullscreen translucent=true sz=0}]
01-12 13:04:21.184 1116 10594 I wm_task_removed: [63,removeChild]
01-12 13:04:21.548 1116 2508 I wm_finish_activity: [0,121520455,56,com.nttdocomo.android.mymagazine/.ui.AgreementActivity,remove-task]
01-12 13:04:21.550 1116 2508 I wm_destroy_activity: [0,121520455,56,com.nttdocomo.android.mymagazine/.ui.AgreementActivity,finish-imm:finishIfPossible]
01-12 13:04:21.557 1116 1317 I am_kill : [0,9367,com.nttdocomo.android.mymagazine,900,remove task]
01-12 13:04:21.568 1116 1317 I sysui_multi_action: [757,803,799,window_time_0,802,0]
01-12 13:04:21.965 1116 10594 I am_proc_died: [0,9367,com.nttdocomo.android.mymagazine,900,18]
01-12 13:04:21.980 1116 10594 I am_uid_stopped: 10080
01-12 13:04:21.988 1116 10594 I wm_task_removed: [56,removeChild:removeChild last r=ActivityRecord{73e4147 u0 com.nttdocomo.android.mymagazine/.ui.AgreementActivity t-1 f}} in t=Task{7cb0367 #56 type=standard A=10080:com.nttdocomo.android.mymagazine U=0 visible=false mode=fullscreen translucent=true sz=0}]
01-12 13:04:21.988 1116 10594 I wm_task_removed: [56,removeChild]
01-12 13:04:22.007 1116 1317 I am_uid_running: 10080
01-12 13:04:22.108 1116 1380 I am_proc_start: [0,11015,10080,com.nttdocomo.android.mymagazine,NULL,]
01-12 13:04:22.347 1116 10594 I am_proc_bound: [0,11015,com.nttdocomo.android.mymagazine]
01-12 13:04:22.404 1116 10594 I wm_finish_activity: [0,247421603,61,com.android.settings/.Settings,remove-task]
01-12 13:04:22.407 1116 10594 I wm_destroy_activity: [0,247421603,61,com.android.settings/.Settings,finish-imm:finishIfPossible]
01-12 13:04:22.422 1116 1317 I am_kill : [0,9627,com.android.settings,900,remove task]
01-12 13:04:22.435 1116 1317 I sysui_multi_action: [757,803,799,window_time_0,802,1]
01-12 13:04:22.921 1116 1317 I sysui_multi_action: [757,803,799,window_time_0,802,1]
01-12 13:04:23.032 1116 10594 I am_proc_died: [0,9627,com.android.settings,900,18]
01-12 13:04:23.048 1116 10594 I wm_task_removed: [61,removeChild:removeChild last r=ActivityRecord{ebf5aa3 u0 com.android.settings/.Settings t-1 f}} in t=Task{58fd4b8 #61 type=standard A=1000:com.android.settings.root U=0 visible=false mode=fullscreen translucent=true sz=0}]
01-12 13:04:23.049 1116 10594 I wm_task_removed: [61,removeChild]
01-12 13:04:23.191 1116 1380 I am_proc_start: [0,11071,1000,com.android.settings,NULL,]
01-12 13:04:23.330 1116 3510 I am_proc_bound: [0,11071,com.android.settings]
01-12 13:04:23.498 1116 2460 I wm_task_moved: [1,1,6]
01-12 13:04:23.499 1116 2460 I wm_task_moved: [54,1,2147483647]
01-12 13:04:23.499 1116 2460 I wm_task_to_front: [0,54]
01-12 13:04:23.500 1116 2460 I wm_focused_root_task: [0,0,1,64,bringingFoundTaskToFront]
01-12 13:04:23.500 1116 2460 I wm_set_resumed_activity: [0,com.nttdocomo.android.homezozo/com.android.launcher3.Launcher,bringingFoundTaskToFront]
01-12 13:04:23.501 1116 2460 I wm_new_intent: [0,58173627,54,com.nttdocomo.android.homezozo/com.android.launcher3.Launcher,android.intent.action.MAIN,NULL,NULL,268435712]
01-12 13:04:23.505 1116 2460 I wm_pause_activity: [0,140318828,com.android.launcher3/com.android.quickstep.RecentsActivity,userLeaving=true,pauseBackTasks]
01-12 13:04:23.511 1116 2460 I wm_add_to_stopping: [0,140318828,com.android.launcher3/com.android.quickstep.RecentsActivity,makeInvisible]
01-12 13:04:23.513 1116 2460 I wm_set_resumed_activity: [0,com.nttdocomo.android.homezozo/com.android.launcher3.Launcher,resumeTopActivityInnerLocked]
01-12 13:04:23.515 1116 2460 I wm_resume_activity: [0,58173627,54,com.nttdocomo.android.homezozo/com.android.launcher3.Launcher]
01-12 13:04:23.523 2879 2879 I wm_on_top_resumed_lost_called: [140318828,com.android.quickstep.RecentsActivity,topStateChangedWhenResumed]
01-12 13:04:23.534 2879 2879 I wm_on_paused_called: [140318828,com.android.quickstep.RecentsActivity,performPause]
01-12 13:04:23.549 1116 2145 I input_focus: [Focus leaving e483d6e com.android.launcher3/com.android.quickstep.RecentsActivity (server),reason=NO_WINDOW]
01-12 13:04:23.553 1116 1317 I sysui_multi_action: [757,803,799,window_time_0,802,0]
01-12 13:04:23.579 3725 3725 I wm_on_restart_called: [58173627,com.android.launcher3.Launcher,performRestartActivity]
01-12 13:04:23.581 1116 1317 I sysui_multi_action: [757,803,799,window_time_0,802,0]
01-12 13:04:23.599 3725 3725 I wm_on_start_called: [58173627,com.android.launcher3.Launcher,handleStartActivity]
01-12 13:04:23.613 3134 3339 I c2dm : [-19,ERR_AUTHENTICATION_FAILED,0,0]
01-12 13:04:23.691 3725 3725 I wm_on_resume_called: [58173627,com.android.launcher3.Launcher,RESUME_ACTIVITY]
01-12 13:04:23.693 3725 3725 I wm_on_top_resumed_gained_called: [58173627,com.android.launcher3.Launcher,topStateChangedWhenResumed]
01-12 13:04:23.730 1116 1318 I input_focus: [Focus request c26cbf0 com.nttdocomo.android.homezozo/com.android.launcher3.Launcher,reason=UpdateInputWindows]
01-12 13:04:23.934 1116 2145 I input_focus: [Focus entering c26cbf0 com.nttdocomo.android.homezozo/com.android.launcher3.Launcher (server),reason=Window became focusable. Previous reason: NOT_VISIBLE]
01-12 13:04:24.163 1116 1313 I sysui_multi_action: [319,463,322,6301,325,842,757,761,758,8,759,2,806,com.nttdocomo.android.homezozo,871,com.android.launcher3.Launcher,905,0,1320,8,1321,5]
01-12 13:04:24.168 1116 1313 I wm_activity_launch_time: [0,58173627,com.nttdocomo.android.homezozo/com.android.launcher3.Launcher,6301]
01-12 13:04:24.212 1116 1317 I wm_stop_activity: [0,140318828,com.android.launcher3/com.android.quickstep.RecentsActivity]
01-12 13:04:24.241 2879 2879 I wm_on_stop_called: [140318828,com.android.quickstep.RecentsActivity,STOP_ACTIVITY_ITEM]
01-12 13:04:24.774 1116 1317 I sysui_multi_action: [757,856,758,1,806,android,857,com.android.server.wm.AlertWindowNotification - com.nttdocomo.android.mascot,858,1]
01-12 13:04:24.799 1116 1116 I notification_enqueue: [1000,1116,android,0,com.android.server.wm.AlertWindowNotification - com.nttdocomo.android.mascot,0,Notification(channel=com.android.server.wm.AlertWindowNotification - com.nttdocomo.android.mascot shortcut=null contentView=null vibrate=null sound=null defaults=0x0 flags=0x102 color=0x00000000 vis=PRIVATE),0]
01-12 13:04:25.002 1116 1116 I sysui_multi_action: [757,1501,758,1,793,205,794,0,795,205,796,0,797,com.android.server.wm.AlertWindowNotification - com.nttdocomo.android.mascot,806,android,857,com.android.server.wm.Alert-fef85b51,858,1,947,0,1500,0,1688,1,1745,2098068913]
01-12 13:04:25.002 1116 1116 I sysui_multi_action: [757,804,799,note_interruptive,801,0,802,1]
01-12 13:04:25.043 3134 10360 I c2dm : [-19,ERR_AUTHENTICATION_FAILED,0,0]
01-12 13:04:25.051 1116 1316 I commit_sys_config_file: [notification-policy,773572]
01-12 13:04:25.159 3134 10360 I c2dm : [-19,ERR_AUTHENTICATION_FAILED,0,0]
01-12 13:04:30.614 1116 1375 I sysui_multi_action: [757,1417,758,5,1418,6,1419,8,1420,305295,1421,1]
01-12 13:04:30.615 1116 1375 I battery_status: [3,2,1,0,Li-ion]
01-12 13:04:30.624 903 934 I liblog : 1
01-12 13:04:30.665 1116 1378 I am_wtf : [0,1116,system_server,-1,ActivityManager,Sending non-protected broadcast com.lenovo.action.CAPSENSOR_SIM from system 1116:system/1000 pkg android]
01-12 13:04:30.678 1116 1378 I am_wtf : [0,1116,system_server,-1,ActivityManager,Sending non-protected broadcast com.lenovo.action.CAPSENSOR_SIM from system 1116:system/1000 pkg android]
01-12 13:04:30.702 2741 2741 D QtiRilInterface: Received com.lenovo.action.CAPSENSOR_SIM
01-12 13:04:30.703 2741 2741 D QtiRilInterface: capsensor_value is 2
01-12 13:04:30.790 1116 1947 I commit_sys_config_file: [settings-0-0,14]
01-12 13:04:30.837 1116 1116 I dvm_lock_sample: [system_server,0,main,188,BatterySaverController.java,193,void com.android.server.power.batterysaver.BatterySaverController$1.onReceive(android.content.Context, android.content.Intent),BatterySaverStateMachine.java,501,void com.android.server.power.batterysaver.BatterySaverStateMachine.setBatteryStatus(boolean, int, boolean),37]
01-12 13:04:30.838 1116 1116 I battery_saving_stats: [0,1,0,305501,-50770,-2,326296,-50770,-2]
01-12 13:04:30.991 2741 2741 D RILJ : [0063]> GET_ACTIVITY_INFO [PHONE0]
01-12 13:04:31.028 2741 2959 D RILJ : [0063]< GET_ACTIVITY_INFO ModemActivityInfo{ mTimestamp=856341 mSleepTimeMs=0 mIdleTimeMs=305608 mTxTimeMs[]=[0, 0, 0, 0, 0] mRxTimeMs=0} [PHONE0]
01-12 13:04:31.260 630 630 I auditd : type=1400 audit(0.0:314): avc: denied { read } for comm="Binder:630_2" name="wakeup38" dev="sysfs" ino=66587 scontext=u:r:system_suspend:s0 tcontext=u:object_r:sysfs:s0 tclass=dir permissive=0
01-12 13:04:31.260 630 630 I auditd : type=1400 audit(0.0:315): avc: denied { read } for comm="Binder:630_2" name="wakeup28" dev="sysfs" ino=66215 scontext=u:r:system_suspend:s0 tcontext=u:object_r:sysfs:s0 tclass=dir permissive=0
01-12 13:04:31.270 630 630 I auditd : type=1400 audit(0.0:316): avc: denied { read } for comm="Binder:630_2" name="wakeup18" dev="sysfs" ino=58442 scontext=u:r:system_suspend:s0 tcontext=u:object_r:sysfs:s0 tclass=dir permissive=0
01-12 13:04:31.270 630 630 I auditd : type=1400 audit(0.0:317): avc: denied { read } for comm="Binder:630_2" name="wakeup46" dev="sysfs" ino=70729 scontext=u:r:system_suspend:s0 tcontext=u:object_r:sysfs:s0 tclass=dir permissive=0
01-12 13:04:31.270 630 630 I auditd : type=1400 audit(0.0:318): avc: denied { read } for comm="Binder:630_2" name="wakeup2" dev="sysfs" ino=40064 scontext=u:r:system_suspend:s0 tcontext=u:object_r:sysfs:s0 tclass=dir permissive=0
01-12 13:04:31.270 630 630 I auditd : type=1400 audit(0.0:319): avc: denied { read } for comm="Binder:630_2" name="wakeup36" dev="sysfs" ino=66515 scontext=u:r:system_suspend:s0 tcontext=u:object_r:sysfs:s0 tclass=dir permissive=0
01-12 13:04:31.280 630 630 I auditd : type=1400 audit(0.0:320): avc: denied { read } for comm="Binder:630_2" name="wakeup26" dev="sysfs" ino=66143 scontext=u:r:system_suspend:s0 tcontext=u:object_r:sysfs:s0 tclass=dir permissive=0
01-12 13:04:31.453 1116 1393 I dvm_lock_sample: [system_server,0,batterystats-handler,334,BatteryStatsService.java,2829,void com.android.server.am.BatteryStatsService.lambda$noteServiceStopLaunch$105$BatteryStatsService(int, java.lang.String, java.lang.String, long, long),BatteryExternalStatsWorker.java,696,void com.android.server.am.BatteryExternalStatsWorker.updateExternalStatsLocked(java.lang.String, int, boolean, boolean, int, boolean),66]
01-12 13:04:31.865 1116 1377 I commit_sys_config_file: [batterystats,40]
01-12 13:04:31.882 1116 1377 I commit_sys_config_file: [batterystats,15]
01-12 13:04:32.199 1116 1378 I am_uid_idle: 10198
01-12 13:04:36.797 1116 1375 I battery_status: [4,2,1,0,Li-ion]
01-12 13:04:36.941 1116 1947 I commit_sys_config_file: [settings-0-0,28]
01-12 13:04:37.035 1116 1375 I battery_status: [2,2,1,0,Li-ion]
01-12 13:04:37.241 1116 1375 I sysui_multi_action: [757,1417,758,4,1418,8,1421,2]
01-12 13:04:37.241 1116 1375 I battery_status: [2,2,1,2,Li-ion]
01-12 13:04:37.258 1116 1116 I battery_saving_stats: [0,1,0,6420,0,0,119848,0,1]
01-12 13:04:37.311 1116 10581 I dvm_lock_sample: [system_server,1,Binder:1116_1C,40,ActivityManagerService.java,12468,android.content.Intent com.android.server.am.ActivityManagerService.registerReceiverWithFeature(android.app.IApplicationThread, java.lang.String, java.lang.String, java.lang.String, android.content.IIntentReceiver, android.content.IntentFilter, java.lang.String, int, int),,0,null,8]
01-12 13:04:37.315 2741 2741 D RILJ : [0064]> GET_ACTIVITY_INFO [PHONE0]
01-12 13:04:37.323 2741 2959 D RILJ : [0064]< GET_ACTIVITY_INFO ModemActivityInfo{ mTimestamp=862636 mSleepTimeMs=0 mIdleTimeMs=6322 mTxTimeMs[]=[0, 0, 0, 0, 0] mRxTimeMs=0} [PHONE0]
01-12 13:04:37.431 3400 3400 I liblog : 29
01-12 13:04:37.573 1116 1378 I am_uid_running: 10049
01-12 13:04:37.701 2741 2741 D QtiDCT-C: [0]Intent Recieved : ACTION_TETHER_STATE_CHANGED
01-12 13:04:37.701 2741 2741 D QtiDCT-C: [0] updateBtTetherState: Start
01-12 13:04:37.702 2741 2741 D QtiDCT-C: [0] before BT Tether = false, after BT Tether = false
01-12 13:04:37.702 2741 2741 D QtiDCT-C: [0] updateUsbTetherState: Start
01-12 13:04:37.702 2741 2741 D QtiDCT-C: [0] before USB Tether = false, after USB Tether = false
01-12 13:04:37.702 2741 2741 D QtiDCT-C: [0]updateWifiTetherState: Start
