01-12 14:10:56.968 1116 1378 I am_wtf : [0,1116,system_server,-1,DisplayDeviceConfig,requesting nits when no mapping exists.]
01-12 14:10:56.974 1116 1378 I am_wtf : [0,1116,system_server,-1,DisplayDeviceConfig,requesting nits when no mapping exists.]
01-12 14:10:56.989 1116 1378 I service_manager_slow: [11,dropbox]
01-12 14:10:56.990 1116 1378 I am_wtf : [0,1116,system_server,-1,DisplayDeviceConfig,requesting nits when no mapping exists.]
01-12 14:10:56.996 1116 1378 I am_wtf : [0,1116,system_server,-1,DisplayDeviceConfig,requesting nits when no mapping exists.]
01-12 14:10:59.829 3134 6272 I c2dm : [-19,ERR_AUTHENTICATION_FAILED,0,0]
01-12 14:11:00.709 1116 1116 I notification_enqueue: [10120,4927,com.tblenovo.lewea,4927,NULL,0,Notification(channel=tblenovo.channel.WEATHER shortcut=null contentView=null vibrate=null sound=null defaults=0x0 flags=0x40 color=0x00000000 vis=PRIVATE),1]
01-12 14:11:00.741 1116 1116 I notification_enqueue: [10120,4927,com.tblenovo.lewea,4927,NULL,0,Notification(channel=tblenovo.channel.WEATHER shortcut=null contentView=com.tblenovo.lewea/0x7f090018 vibrate=null sound=null defaults=0x0 flags=0x50 color=0x00000000 vis=PUBLIC),1]
01-12 14:11:00.973 1116 1316 I commit_sys_config_file: [notification-policy,4769494]
01-12 14:11:03.374 1116 1564 I power_sleep_requested: 0
01-12 14:11:03.623 1116 1564 I sysui_multi_action: [757,1696,758,6,759,0]
01-12 14:11:03.627 1116 1378 I am_wtf : [0,1116,system_server,-1,DisplayDeviceConfig,requesting nits when no mapping exists.]
01-12 14:11:03.630 1116 1378 I am_wtf : [0,1116,system_server,-1,DisplayDeviceConfig,requesting nits when no mapping exists.]
01-12 14:11:03.707 1116 1564 I wm_pause_activity: [0,33173638,com.nextdoordeveloper.miperf.miperf/.MainActivity,userLeaving=false,sleep]
01-12 14:11:03.708 11850 11850 I wm_on_top_resumed_lost_called: [33173638,com.nextdoordeveloper.miperf.miperf.MainActivity,topStateChangedWhenResumed]
01-12 14:11:03.714 11850 11850 I wm_on_paused_called: [33173638,com.nextdoordeveloper.miperf.miperf.MainActivity,performPause]
01-12 14:11:03.717 1116 3394 I wm_add_to_stopping: [0,33173638,com.nextdoordeveloper.miperf.miperf/.MainActivity,completePauseLocked]
01-12 14:11:03.733 1116 2145 I input_focus: [Focus leaving d53d0d1 com.nextdoordeveloper.miperf.miperf/com.nextdoordeveloper.miperf.miperf.MainActivity (server),reason=NOT_VISIBLE]
01-12 14:11:03.740 1116 1317 I wm_stop_activity: [0,33173638,com.nextdoordeveloper.miperf.miperf/.MainActivity]
01-12 14:11:03.751 1116 1317 I sysui_multi_action: [757,803,799,window_time_0,802,885]
01-12 14:11:03.839 11850 11850 I wm_on_stop_called: [33173638,com.nextdoordeveloper.miperf.miperf.MainActivity,STOP_ACTIVITY_ITEM]
01-12 14:11:03.873 2741 2741 D RILJ : [0077]> SEND_DEVICE_STATE 2:true [PHONE0]
01-12 14:11:03.894 2741 2741 D RILJ : [0078]> SET_UNSOLICITED_RESPONSE_FILTER 32 [PHONE0]
01-12 14:11:03.895 2741 2741 D SST : [0] handleMessage: received event 61
01-12 14:11:03.904 2741 2741 D RILJ : [0079]> SET_SIGNAL_STRENGTH_REPORTING_CRITERIA [PHONE0]
01-12 14:11:03.908 2741 2741 D RILJ : [0080]> SET_SIGNAL_STRENGTH_REPORTING_CRITERIA [PHONE0]
01-12 14:11:03.911 2741 2741 D RILJ : [0081]> SET_SIGNAL_STRENGTH_REPORTING_CRITERIA [PHONE0]
01-12 14:11:03.913 2741 2741 D NetworkTypeController: [0] LegacyState: process EVENT_PHYSICAL_CHANNEL_CONFIG_NOTIF_CHANGED
01-12 14:11:03.913 2741 2741 D NetworkTypeController: [0] Remove all timers
01-12 14:11:03.913 2741 2741 D NetworkTypeController: [0] DefaultState: process EVENT_PHYSICAL_CHANNEL_CONFIG_NOTIF_CHANGED
01-12 14:11:03.914 2741 2741 D NetworkTypeController: [0] mIsPhysicalChannelConfigOn changed to: false
01-12 14:11:03.914 2741 2741 D NetworkTypeController: [0] Remove all timers
01-12 14:11:03.996 1116 1313 I sysui_multi_action: [757,223,758,1]
01-12 14:11:04.044 2741 2959 D RILJ : [0077]< SEND_DEVICE_STATE [PHONE0]
01-12 14:11:04.048 2236 2236 I sysui_multi_action: [757,111,758,1]
01-12 14:11:04.049 2236 2236 I sysui_multi_action: [757,126,758,1,759,126,927,0,928,1,1593,0]
01-12 14:11:04.050 2236 2236 I sysui_multi_action: [757,123,758,1,759,123,927,1,928,0,1593,0]
01-12 14:11:04.051 2236 2236 I sysui_multi_action: [757,112,758,1,759,112,927,2,928,0,1593,0]
01-12 14:11:04.051 2236 2236 I sysui_multi_action: [757,268,758,1,759,268,806,com.google.android.gms,871,com.google.android.gms.nearby.sharing.SharingTileService,927,3,1593,0]
01-12 14:11:04.063 1116 2507 I wm_set_keyguard_shown: [0,1,0,setKeyguardShown]
01-12 14:11:04.095 2236 2236 I sysui_multi_action: [757,196,758,2,759,0]
01-12 14:11:04.096 2236 2236 I sysui_status_bar_state: [1,0,0,0,0,1]
01-12 14:11:04.104 2741 2959 D RILJ : [0079]< SET_SIGNAL_STRENGTH_REPORTING_CRITERIA [PHONE0]
01-12 14:11:04.107 2741 2959 D RILJ : [0080]< SET_SIGNAL_STRENGTH_REPORTING_CRITERIA [PHONE0]
01-12 14:11:04.107 2741 2959 D RILJ : [0081]< SET_SIGNAL_STRENGTH_REPORTING_CRITERIA [PHONE0]
01-12 14:11:04.131 2741 2959 D RILJ : [0078]< SET_UNSOLICITED_RESPONSE_FILTER [PHONE0]
01-12 14:11:04.153 1116 3394 I sysui_multi_action: [757,127,758,1]
01-12 14:11:04.154 1116 3394 I sysui_multi_action: [757,804,799,note_load,801,9,802,1]
01-12 14:11:04.154 1116 3394 I notification_panel_revealed: 9
01-12 14:11:04.168 1116 1564 I sysui_multi_action: [757,1696,758,6,759,1]
01-12 14:11:04.171 1116 1116 I sysui_multi_action: [757,198,758,2,759,3,1359,804,1695,2]
01-12 14:11:04.172 1116 1116 I power_screen_state: [0,3,0,0,804]
01-12 14:11:04.172 1116 1116 I screen_toggled: 0
01-12 14:11:04.172 1116 1116 I sysui_multi_action: [757,804,799,screen_timeout,801,600,802,1]
01-12 14:11:04.173 1116 1116 I sysui_multi_action: [757,1594,758,4,759,-2147483648,1359,3693087]
01-12 14:11:04.178 1116 1116 I power_screen_broadcast_send: 1
01-12 14:11:04.297 1116 3394 I sysui_multi_action: [757,127,758,2]
01-12 14:11:04.297 1116 3394 I notification_panel_hidden:
01-12 14:11:04.323 1116 1318 I input_focus: [Focus request 33812c7 NotificationShade,reason=UpdateInputWindows]
01-12 14:11:04.357 1116 2145 I input_focus: [Focus entering 33812c7 NotificationShade (server),reason=setFocusedWindow]
01-12 14:11:04.767 1116 1116 I battery_saving_stats: [0,1,0,3496284,50770,0,4226234,0,-2]
01-12 14:11:04.797 2741 2741 D QtiDCT-C: [0]screen off
01-12 14:11:04.798 2741 2741 D QtiDCT-C: [0]stopNetStatPoll
01-12 14:11:04.958 2741 3056 D SubscriptionController: [getSlotIndex]- subId invalid
01-12 14:11:04.997 1116 2501 I wm_task_moved: [64,0,0]
01-12 14:11:05.003 1116 2501 I wm_task_moved: [65,0,-2147483648]
01-12 14:11:05.063 1116 1116 I power_screen_broadcast_done: [0,885,1]
01-12 14:11:08.454 1116 7373 I wm_set_keyguard_shown: [1,1,0,setKeyguardShown]
01-12 14:11:08.500 2236 2236 I sysui_multi_action: [757,196,758,1,759,0]
01-12 14:11:08.501 2236 2236 I sysui_status_bar_state: [1,1,0,0,0,1]
01-12 14:11:08.529 1116 1317 I user_activity_timeout_override: 10000
01-12 14:11:45.079 1116 1377 I am_pss : [2236,10187,com.android.systemui,120265728,98930688,14989312,198598656,0,5,34]
01-12 14:12:03.729 1116 1378 I am_uid_idle: 10218
01-12 14:12:37.614 1116 1116 I notification_enqueue: [10120,4927,com.tblenovo.lewea,4927,NULL,0,Notification(channel=tblenovo.channel.WEATHER shortcut=null contentView=null vibrate=null sound=null defaults=0x0 flags=0x40 color=0x00000000 vis=PRIVATE),1]
01-12 14:12:37.654 1116 1377 I am_pss : [2236,10187,com.android.systemui,121171968,99835904,14989312,199503872,0,5,32]
01-12 14:12:37.656 1116 1116 I notification_enqueue: [10120,4927,com.tblenovo.lewea,4927,NULL,0,Notification(channel=tblenovo.channel.WEATHER shortcut=null contentView=com.tblenovo.lewea/0x7f090018 vibrate=null sound=null defaults=0x0 flags=0x50 color=0x00000000 vis=PUBLIC),1]
01-12 14:12:37.882 1116 1316 I commit_sys_config_file: [notification-policy,4866403]
01-12 14:13:30.248 1116 1116 I notification_enqueue: [10120,4927,com.tblenovo.lewea,4927,NULL,0,Notification(channel=tblenovo.channel.WEATHER shortcut=null contentView=null vibrate=null sound=null defaults=0x0 flags=0x40 color=0x00000000 vis=PRIVATE),1]
01-12 14:13:30.250 1116 1377 I am_pss : [3134,10136,com.google.android.gms.persistent,66801664,45309952,3759104,157569024,0,5,28]
01-12 14:13:30.276 1116 1116 I notification_enqueue: [10120,4927,com.tblenovo.lewea,4927,NULL,0,Notification(channel=tblenovo.channel.WEATHER shortcut=null contentView=com.tblenovo.lewea/0x7f090018 vibrate=null sound=null defaults=0x0 flags=0x50 color=0x00000000 vis=PUBLIC),1]
01-12 14:13:30.508 1116 1316 I commit_sys_config_file: [notification-policy,4919028]
01-12 14:14:22.800 1116 1116 I dvm_lock_sample: [system_server,0,main,30,AlarmManagerService.java,4840,void com.android.server.alarm.AlarmManagerService$DeliveryTracker.alarmComplete(android.os.IBinder),-,2044,void com.android.server.alarm.AlarmManagerService.setImpl(int, long, long, long, android.app.PendingIntent, android.app.IAlarmListener, java.lang.String, int, android.os.WorkSource, android.app.AlarmManager$AlarmClockInfo, int, java.lang.String, android.os.Bundle, int),6]
01-12 14:14:22.827 1116 1116 I notification_enqueue: [10120,4927,com.tblenovo.lewea,4927,NULL,0,Notification(channel=tblenovo.channel.WEATHER shortcut=null contentView=null vibrate=null sound=null defaults=0x0 flags=0x40 color=0x00000000 vis=PRIVATE),1]
01-12 14:14:22.856 1116 1377 I am_pss : [10952,10046,android.process.acore,9927680,1687552,6968320,47513600,0,19,21]
01-12 14:14:22.884 1116 1377 I am_pss : [14162,10080,com.nttdocomo.android.mymagazine,25267200,13934592,8844288,67579904,0,19,23]
01-12 14:14:22.891 1116 1116 I notification_enqueue: [10120,4927,com.tblenovo.lewea,4927,NULL,0,Notification(channel=tblenovo.channel.WEATHER shortcut=null contentView=com.tblenovo.lewea/0x7f090018 vibrate=null sound=null defaults=0x0 flags=0x50 color=0x00000000 vis=PUBLIC),1]
01-12 14:14:23.053 13247 13273 I aggregation: 1673532863053
01-12 14:14:23.091 1116 1316 I commit_sys_config_file: [notification-policy,4971611]
01-12 14:14:23.482 3134 3134 I service_manager_stats: [200,1314,5048796]
01-12 14:14:32.893 1116 1377 I am_pss : [11850,10218,com.nextdoordeveloper.miperf.miperf,30247936,23678976,1815552,101367808,0,12,25]
01-12 14:15:15.413 1116 1116 I notification_enqueue: [10120,4927,com.tblenovo.lewea,4927,NULL,0,Notification(channel=tblenovo.channel.WEATHER shortcut=null contentView=null vibrate=null sound=null defaults=0x0 flags=0x40 color=0x00000000 vis=PRIVATE),1]
01-12 14:15:15.434 1116 1377 I am_pss : [3725,10056,com.nttdocomo.android.homezozo,54676480,43528192,7649280,131649536,0,5,26]
01-12 14:15:15.449 1116 1116 I notification_enqueue: [10120,4927,com.tblenovo.lewea,4927,NULL,0,Notification(channel=tblenovo.channel.WEATHER shortcut=null contentView=com.tblenovo.lewea/0x7f090018 vibrate=null sound=null defaults=0x0 flags=0x50 color=0x00000000 vis=PUBLIC),1]
01-12 14:15:15.670 1116 1316 I commit_sys_config_file: [notification-policy,5024190]
01-12 14:15:22.897 1116 2927 I battery_level: [9,3741,288]
01-12 14:16:07.987 1116 1116 I notification_enqueue: [10120,4927,com.tblenovo.lewea,4927,NULL,0,Notification(channel=tblenovo.channel.WEATHER shortcut=null contentView=null vibrate=null sound=null defaults=0x0 flags=0x40 color=0x00000000 vis=PRIVATE),1]
01-12 14:16:08.025 1116 1116 I notification_enqueue: [10120,4927,com.tblenovo.lewea,4927,NULL,0,Notification(channel=tblenovo.channel.WEATHER shortcut=null contentView=com.tblenovo.lewea/0x7f090018 vibrate=null sound=null defaults=0x0 flags=0x50 color=0x00000000 vis=PUBLIC),1]
01-12 14:16:08.253 1116 1316 I commit_sys_config_file: [notification-policy,5076774]
01-12 14:16:38.197 2741 2741 I force_gc: Binder
01-12 14:17:00.640 1116 2167 I dvm_lock_sample: [system_server,0,WifiHandlerThread,36,AlarmManagerService.java,4840,void com.android.server.alarm.AlarmManagerService$DeliveryTracker.alarmComplete(android.os.IBinder),-,2044,void com.android.server.alarm.AlarmManagerService.setImpl(int, long, long, long, android.app.PendingIntent, android.app.IAlarmListener, java.lang.String, int, android.os.WorkSource, android.app.AlarmManager$AlarmClockInfo, int, java.lang.String, android.os.Bundle, int),7]
01-12 14:17:00.734 1116 3988 I am_uid_active: 10106
01-12 14:17:00.780 1116 3988 I am_uid_active: 10048
01-12 14:17:00.787 1116 3971 I dvm_lock_sample: [system_server,1,Binder:1116_10,12,ActivityManagerService.java,12127,boolean com.android.server.am.ActivityManagerService.unbindService(android.app.IServiceConnection),-,12115,int com.android.server.am.ActivityManagerService.bindIsolatedService(android.app.IApplicationThread, android.os.IBinder, android.content.Intent, java.lang.String, android.app.IServiceConnection, int, java.lang.String, java.lang.String, int),2]
01-12 14:17:00.966 3134 10360 I c2dm : [-19,ERR_AUTHENTICATION_FAILED,0,0]
01-12 14:17:01.033 3134 10360 I c2dm : [-19,ERR_AUTHENTICATION_FAILED,0,0]
01-12 14:17:01.991 3134 10360 I c2dm : [-19,ERR_AUTHENTICATION_FAILED,0,0]
01-12 14:17:03.192 3134 10360 I c2dm : [-19,ERR_AUTHENTICATION_FAILED,0,0]
01-12 14:17:04.160 3134 10360 I c2dm : [-19,ERR_AUTHENTICATION_FAILED,0,0]
01-12 14:17:14.198 1116 1377 I am_pss : [3914,10137,com.google.android.googlequicksearchbox:search,106390528,56541184,35497984,144207872,0,10,36]
01-12 14:17:32.795 3134 10360 I gtalk_connection: 16778495
01-12 14:17:32.796 1116 1116 I notification_enqueue: [10120,4927,com.tblenovo.lewea,4927,NULL,0,Notification(channel=tblenovo.channel.WEATHER shortcut=null contentView=null vibrate=null sound=null defaults=0x0 flags=0x40 color=0x00000000 vis=PRIVATE),1]
01-12 14:17:32.804 1116 1377 I am_pss : [11071,1000,com.android.settings,62669824,53039104,4294656,135204864,0,16,28]
01-12 14:17:32.832 1116 1377 I am_pss : [13576,10137,com.google.android.googlequicksearchbox:privileged_process0,43230208,18411520,10159104,96976896,0,10,24]
01-12 14:17:32.840 3134 10360 I gtalk_connection: 16778495
01-12 14:17:32.836 1116 1116 I notification_enqueue: [10120,4927,com.tblenovo.lewea,4927,NULL,0,Notification(channel=tblenovo.channel.WEATHER shortcut=null contentView=com.tblenovo.lewea/0x7f090018 vibrate=null sound=null defaults=0x0 flags=0x50 color=0x00000000 vis=PUBLIC),1]
01-12 14:17:32.853 1116 1377 I am_pss : [13545,99002,com.google.android.webview:sandboxed_process0:org.chromium.content.app.SandboxedProcessService0:0,41191424,8814592,29399040,30408704,0,10,17]
01-12 14:17:33.084 1116 1316 I commit_sys_config_file: [notification-policy,5161604]
01-12 14:18:00.835 1116 1378 I am_uid_idle: 10106
01-12 14:18:00.836 1116 1378 I am_uid_idle: 10048
01-12 14:18:10.752 3134 6272 I c2dm : [-19,ERR_AUTHENTICATION_FAILED,0,0]
01-12 14:18:45.760 1116 1958 I dvm_lock_sample: [system_server,0,AlarmManager,5,ActivityManagerService.java,15974,android.content.ComponentName com.android.server.am.ActivityManagerService$LocalService.startServiceInPackage(int, android.content.Intent, java.lang.String, boolean, java.lang.String, java.lang.String, int, boolean, android.os.IBinder),BroadcastQueue.java,1053,void com.android.server.am.BroadcastQueue.processNextBroadcast(boolean),1]
01-12 14:18:45.782 1116 1116 I notification_enqueue: [10120,4927,com.tblenovo.lewea,4927,NULL,0,Notification(channel=tblenovo.channel.WEATHER shortcut=null contentView=null vibrate=null sound=null defaults=0x0 flags=0x40 color=0x00000000 vis=PRIVATE),1]
01-12 14:18:45.801 1116 1116 I notification_enqueue: [10120,4927,com.tblenovo.lewea,4927,NULL,0,Notification(channel=tblenovo.channel.WEATHER shortcut=null contentView=com.tblenovo.lewea/0x7f090018 vibrate=null sound=null defaults=0x0 flags=0x50 color=0x00000000 vis=PUBLIC),1]
01-12 14:18:46.042 1116 1316 I commit_sys_config_file: [notification-policy,5234562]
01-12 14:19:38.394 1116 1116 I notification_enqueue: [10120,4927,com.tblenovo.lewea,4927,NULL,0,Notification(channel=tblenovo.channel.WEATHER shortcut=null contentView=null vibrate=null sound=null defaults=0x0 flags=0x40 color=0x00000000 vis=PRIVATE),1]
01-12 14:19:38.434 1116 1116 I notification_enqueue: [10120,4927,com.tblenovo.lewea,4927,NULL,0,Notification(channel=tblenovo.channel.WEATHER shortcut=null contentView=com.tblenovo.lewea/0x7f090018 vibrate=null sound=null defaults=0x0 flags=0x50 color=0x00000000 vis=PUBLIC),1]
01-12 14:19:38.650 1116 1316 I commit_sys_config_file: [notification-policy,5287170]
01-12 14:20:14.902 2741 2741 D RILJ : [0082]> GET_ACTIVITY_INFO [PHONE0]
01-12 14:20:14.910 2741 2959 D RILJ : [0082]< GET_ACTIVITY_INFO ModemActivityInfo{ mTimestamp=5400223 mSleepTimeMs=0 mIdleTimeMs=1800013 mTxTimeMs[]=[0, 0, 0, 0, 0] mRxTimeMs=0} [PHONE0]
01-12 14:20:15.080 630 630 I auditd : type=1400 audit(0.0:983): avc: denied { read } for comm="Binder:630_2" name="wakeup38" dev="sysfs" ino=66587 scontext=u:r:system_suspend:s0 tcontext=u:object_r:sysfs:s0 tclass=dir permissive=0
01-12 14:20:15.090 630 630 I auditd : type=1400 audit(0.0:984): avc: denied { read } for comm="Binder:630_2" name="wakeup28" dev="sysfs" ino=66215 scontext=u:r:system_suspend:s0 tcontext=u:object_r:sysfs:s0 tclass=dir permissive=0
01-12 14:20:15.090 630 630 I auditd : type=1400 audit(0.0:985): avc: denied { read } for comm="Binder:630_2" name="wakeup18" dev="sysfs" ino=58442 scontext=u:r:system_suspend:s0 tcontext=u:object_r:sysfs:s0 tclass=dir permissive=0
01-12 14:20:15.090 630 630 I auditd : type=1400 audit(0.0:986): avc: denied { read } for comm="Binder:630_2" name="wakeup46" dev="sysfs" ino=70729 scontext=u:r:system_suspend:s0 tcontext=u:object_r:sysfs:s0 tclass=dir permissive=0
01-12 14:20:15.090 630 630 I auditd : type=1400 audit(0.0:987): avc: denied { read } for comm="Binder:630_2" name="wakeup2" dev="sysfs" ino=40064 scontext=u:r:system_suspend:s0 tcontext=u:object_r:sysfs:s0 tclass=dir permissive=0
01-12 14:20:15.090 630 630 I auditd : type=1400 audit(0.0:988): avc: denied { read } for comm="Binder:630_2" name="wakeup36" dev="sysfs" ino=66515 scontext=u:r:system_suspend:s0 tcontext=u:object_r:sysfs:s0 tclass=dir permissive=0
01-12 14:20:15.100 630 630 I auditd : type=1400 audit(0.0:989): avc: denied { read } for comm="Binder:630_2" name="wakeup26" dev="sysfs" ino=66143 scontext=u:r:system_suspend:s0 tcontext=u:object_r:sysfs:s0 tclass=dir permissive=0
01-12 14:20:15.100 630 630 I auditd : type=1400 audit(0.0:990): avc: denied { read } for comm="Binder:630_2" name="wakeup44" dev="sysfs" ino=70256 scontext=u:r:system_suspend:s0 tcontext=u:object_r:sysfs:s0 tclass=dir permissive=0
01-12 14:20:15.110 630 630 I auditd : type=1400 audit(0.0:991): avc: denied { read } for comm="Binder:630_2" name="wakeup34" dev="sysfs" ino=66443 scontext=u:r:system_suspend:s0 tcontext=u:object_r:sysfs:s0 tclass=dir permissive=0
01-12 14:20:15.311 1116 1377 I commit_sys_config_file: [batterystats,60]
01-12 14:20:15.318 1116 1377 I commit_sys_config_file: [batterystats,6]
01-12 14:20:30.981 1116 1116 I notification_enqueue: [10120,4927,com.tblenovo.lewea,4927,NULL,0,Notification(channel=tblenovo.channel.WEATHER shortcut=null contentView=null vibrate=null sound=null defaults=0x0 flags=0x40 color=0x00000000 vis=PRIVATE),1]
01-12 14:20:31.025 1116 1116 I notification_enqueue: [10120,4927,com.tblenovo.lewea,4927,NULL,0,Notification(channel=tblenovo.channel.WEATHER shortcut=null contentView=com.tblenovo.lewea/0x7f090018 vibrate=null sound=null defaults=0x0 flags=0x50 color=0x00000000 vis=PUBLIC),1]
01-12 14:20:31.235 1116 1316 I commit_sys_config_file: [notification-policy,5339756]
01-12 14:21:08.650 1116 1377 I commit_sys_config_file: [procstats,92]
01-12 14:21:23.610 1116 1116 I notification_enqueue: [10120,4927,com.tblenovo.lewea,4927,NULL,0,Notification(channel=tblenovo.channel.WEATHER shortcut=null contentView=null vibrate=null sound=null defaults=0x0 flags=0x40 color=0x00000000 vis=PRIVATE),1]
01-12 14:21:23.661 1116 1116 I notification_enqueue: [10120,4927,com.tblenovo.lewea,4927,NULL,0,Notification(channel=tblenovo.channel.WEATHER shortcut=null contentView=com.tblenovo.lewea/0x7f090018 vibrate=null sound=null defaults=0x0 flags=0x50 color=0x00000000 vis=PUBLIC),1]
01-12 14:21:23.874 1116 1316 I commit_sys_config_file: [notification-policy,5392394]
01-12 14:22:00.866 1116 2261 I commit_sys_config_file: [appops,5417519]
01-12 14:22:04.715 1116 1116 I notification_enqueue: [10120,4927,com.tblenovo.lewea,4927,NULL,0,Notification(channel=tblenovo.channel.WEATHER shortcut=null contentView=null vibrate=null sound=null defaults=0x0 flags=0x40 color=0x00000000 vis=PRIVATE),1]
01-12 14:22:04.728 1116 1116 I notification_enqueue: [10120,4927,com.tblenovo.lewea,4927,NULL,0,Notification(channel=tblenovo.channel.WEATHER shortcut=null contentView=com.tblenovo.lewea/0x7f090018 vibrate=null sound=null defaults=0x0 flags=0x50 color=0x00000000 vis=PUBLIC),1]
01-12 14:22:04.997 1116 1316 I commit_sys_config_file: [notification-policy,5433517]
01-12 14:22:16.223 1116 2164 I netstats_mobile_sample: [0,0,0,0,0,0,0,0,0,0,0,0,1673533336223]
01-12 14:22:16.223 1116 2164 I netstats_wifi_sample: [10050530,8492,527611,3520,10050570,8493,527687,3521,22206458,16359,526047,3480,1673533336223]
01-12 14:23:08.793 1116 1116 I notification_enqueue: [10120,4927,com.tblenovo.lewea,4927,NULL,0,Notification(channel=tblenovo.channel.WEATHER shortcut=null contentView=null vibrate=null sound=null defaults=0x0 flags=0x40 color=0x00000000 vis=PRIVATE),1]
01-12 14:23:08.805 1116 1377 I am_pss : [2236,10187,com.android.systemui,123146240,101777408,14989312,201629696,0,5,34]
01-12 14:23:08.829 1116 1116 I notification_enqueue: [10120,4927,com.tblenovo.lewea,4927,NULL,0,Notification(channel=tblenovo.channel.WEATHER shortcut=null contentView=com.tblenovo.lewea/0x7f090018 vibrate=null sound=null defaults=0x0 flags=0x50 color=0x00000000 vis=PUBLIC),1]
01-12 14:23:09.032 1116 1316 I commit_sys_config_file: [notification-policy,5497552]
01-12 14:24:01.411 1116 1116 I notification_enqueue: [10120,4927,com.tblenovo.lewea,4927,NULL,0,Notification(channel=tblenovo.channel.WEATHER shortcut=null contentView=null vibrate=null sound=null defaults=0x0 flags=0x40 color=0x00000000 vis=PRIVATE),1]
01-12 14:24:01.452 1116 1116 I notification_enqueue: [10120,4927,com.tblenovo.lewea,4927,NULL,0,Notification(channel=tblenovo.channel.WEATHER shortcut=null contentView=com.tblenovo.lewea/0x7f090018 vibrate=null sound=null defaults=0x0 flags=0x50 color=0x00000000 vis=PUBLIC),1]
01-12 14:24:01.668 1116 1316 I commit_sys_config_file: [notification-policy,5550188]
01-12 14:25:35.380 2741 2741 I force_gc: Binder
01-12 14:25:46.480 1116 1378 I am_uid_active: 10073
01-12 14:25:46.522 1116 1377 I am_pss : [13018,1002,com.android.bluetooth,31154176,26267648,115712,111935488,0,0,25]
01-12 14:25:46.547 1116 1377 I am_pss : [4538,10059,com.nttdocomo.android.idmanager,18432000,13901824,3123200,82739200,0,5,19]
01-12 14:25:46.554 1116 13240 I dvm_lock_sample: [system_server,1,Binder:1116_1E,6,ActivityManagerService.java,8537,java.util.List com.android.server.am.ActivityManagerService.getRunningAppProcesses(),OomAdjuster.java,641,boolean com.android.server.am.OomAdjuster.updateOomAdjLocked(com.android.server.am.ProcessRecord, java.lang.String),1]
01-12 14:25:46.563 1116 1116 I notification_enqueue: [10120,4927,com.tblenovo.lewea,4927,NULL,0,Notification(channel=tblenovo.channel.WEATHER shortcut=null contentView=null vibrate=null sound=null defaults=0x0 flags=0x40 color=0x00000000 vis=PRIVATE),1]
01-12 14:25:46.605 1116 1377 I am_pss : [9992,10130,com.google.android.apps.wellbeing,27547648,23216128,3158016,73158656,0,19,20]
01-12 14:25:46.614 1116 1116 I notification_enqueue: [10120,4927,com.tblenovo.lewea,4927,NULL,0,Notification(channel=tblenovo.channel.WEATHER shortcut=null contentView=com.tblenovo.lewea/0x7f090018 vibrate=null sound=null defaults=0x0 flags=0x50 color=0x00000000 vis=PUBLIC),1]
01-12 14:25:46.643 1116 1377 I am_pss : [5539,10129,com.android.vending,52128768,37187584,13758464,86134784,0,19,24]
01-12 14:25:46.680 1116 1377 I am_pss : [9651,10196,com.qualcomm.qti.qccauthmgr,6466560,2166784,3644416,39288832,0,19,18]
01-12 14:25:46.715 1116 2508 I am_uid_active: 10106
01-12 14:25:46.724 1116 1377 I am_pss : [16188,10119,com.google.android.partnersetup,9256960,4206592,2784256,51875840,0,19,20]
01-12 14:25:46.765 1116 3988 I am_uid_active: 10048
01-12 14:25:46.799 1116 1377 I am_pss : [15906,10047,com.lenovo.lsf.device,11013120,5586944,2794496,57675776,0,10,21]
01-12 14:25:46.814 1116 1116 I dvm_lock_sample: [system_server,0,main,31,ActivityManagerService.java,16274,void com.android.server.am.ActivityManagerService$LocalService.onForegroundServiceNotificationUpdate(boolean, android.app.Notification, int, java.lang.String, int),,0,null,6]
01-12 14:25:46.832 1116 1377 I am_pss : [11314,10049,android.process.media,8019968,2015232,5176320,41086976,0,19,19]
01-12 14:25:46.832 3134 8024 I c2dm : [-19,ERR_AUTHENTICATION_FAILED,0,0]
01-12 14:25:46.855 1116 1316 I commit_sys_config_file: [notification-policy,5655376]
01-12 14:25:46.882 1116 1377 I am_pss : [5286,10198,com.google.android.permissioncontroller,19642368,8781824,7865344,66945024,0,19,24]
01-12 14:25:46.913 1116 1377 I am_pss : [12276,10128,com.google.android.configupdater,8941568,2314240,5798912,41041920,0,19,20]
01-12 14:25:46.966 3134 6272 I c2dm : [-19,ERR_AUTHENTICATION_FAILED,0,0]
01-12 14:25:47.061 3134 6272 I c2dm : [-19,ERR_AUTHENTICATION_FAILED,0,0]
01-12 14:25:48.072 3134 6272 I c2dm : [-19,ERR_AUTHENTICATION_FAILED,0,0]
01-12 14:25:49.272 3134 6272 I c2dm : [-19,ERR_AUTHENTICATION_FAILED,0,0]
01-12 14:25:50.250 3134 6272 I c2dm : [-19,ERR_AUTHENTICATION_FAILED,0,0]
01-12 14:25:56.590 1116 1377 I am_pss : [11850,10218,com.nextdoordeveloper.miperf.miperf,30171136,23678976,1811456,101117952,0,12,24]
01-12 14:26:00.321 1116 2927 I battery_level: [10,3745,273]
01-12 14:26:39.220 1116 1377 I am_pss : [3400,10063,com.nttdocomo.android.mascot,44568576,35475456,6802432,107991040,0,4,24]
01-12 14:26:39.234 1116 1116 I notification_enqueue: [10120,4927,com.tblenovo.lewea,4927,NULL,0,Notification(channel=tblenovo.channel.WEATHER shortcut=null contentView=null vibrate=null sound=null defaults=0x0 flags=0x40 color=0x00000000 vis=PRIVATE),1]
01-12 14:26:39.243 1116 1377 I am_pss : [4559,10063,com.nttdocomo.android.mascot:persistent,6737920,1019904,4466688,64765952,0,4,17]
01-12 14:26:39.282 1116 1116 I notification_enqueue: [10120,4927,com.tblenovo.lewea,4927,NULL,0,Notification(channel=tblenovo.channel.WEATHER shortcut=null contentView=com.tblenovo.lewea/0x7f090018 vibrate=null sound=null defaults=0x0 flags=0x50 color=0x00000000 vis=PUBLIC),1]
01-12 14:26:39.308 1116 8311 I dvm_lock_sample: [system_server,0,Binder:1116_14,23,ActivityManagerService.java,12158,void com.android.server.am.ActivityManagerService.serviceDoneExecuting(android.os.IBinder, int, int, int),-,12115,int com.android.server.am.ActivityManagerService.bindIsolatedService(android.app.IApplicationThread, android.os.IBinder, android.content.Intent, java.lang.String, android.app.IServiceConnection, int, java.lang.String, java.lang.String, int),4]
01-12 14:26:39.493 1116 1316 I commit_sys_config_file: [notification-policy,5708013]
01-12 14:26:40.561 1116 3988 I dvm_lock_sample: [system_server,1,Binder:1116_11,6,ActivityManagerService.java,12138,void com.android.server.am.ActivityManagerService.publishService(android.os.IBinder, android.content.Intent, android.os.IBinder),-,12115,int com.android.server.am.ActivityManagerService.bindIsolatedService(android.app.IApplicationThread, android.os.IBinder, android.content.Intent, java.lang.String, android.app.IServiceConnection, int, java.lang.String, java.lang.String, int),1]
01-12 14:26:41.513 1116 1378 I am_uid_running: 10156
01-12 14:26:41.603 1116 8311 I am_uid_active: 10046
01-12 14:26:41.644 1116 1380 I am_proc_start: [0,17177,10156,com.google.android.apps.docs,broadcast,{com.google.android.apps.docs/com.google.android.apps.docs.drive.appindexing.AppIndexingReceiver}]
01-12 14:26:41.914 1116 8311 I am_proc_bound: [0,17177,com.google.android.apps.docs]
01-12 14:26:42.650 13247 13402 I dvm_lock_sample: [com.google.android.gms,0,highpool[3],1054,:com.google.android.gms@221820044@22.18.20 (190400-451484765),1,ajcp ajcr.e(java.lang.String),-,0,java.util.Set ajcr.l(),100]
01-12 14:26:42.988 17177 17217 I dvm_lock_sample: [com.google.android.apps.docs,0,Open database in background,142,PG,1,java.lang.Object mxk.a(),-,3,java.lang.Object mxk.a(),28]
01-12 14:26:43.161 1116 1316 I commit_sys_config_file: [notification-policy,5711681]
01-12 14:26:43.846 1116 1313 I am_uid_active: 10198
01-12 14:26:44.124 13247 13402 I dvm_lock_sample: [com.google.android.gms,0,highpool[3],11,:com.google.android.gms@221820044@22.18.20 (190400-451484765),0,long ajtq.d(java.lang.String),-,14,void ajcp.s(),2]
01-12 14:26:44.125 13247 13303 I dvm_lock_sample: [com.google.android.gms,0,highpool[1],56,:com.google.android.gms@221820044@22.18.20 (190400-451484765),1,com.google.android.gms.appdatasearch.CorpusStatus aivk.P(ajcs, java.lang.String, java.lang.String),-,14,void ajcp.s(),11]
01-12 14:26:46.820 1116 1378 I am_uid_idle: 10106
01-12 14:26:46.821 1116 1378 I am_uid_idle: 10048
01-12 14:26:47.153 1116 1377 I sysui_multi_action: [757,1717,758,1,759,0]
01-12 14:26:47.154 1116 1377 I sysui_multi_action: [757,1717,758,2,759,1]
01-12 14:26:47.154 1116 1377 I sysui_multi_action: [757,1717,758,3,759,0]
01-12 14:26:52.786 1116 1595 I commit_sys_config_file: [package-user-0,29]
01-12 14:26:56.547 1116 1378 I am_uid_idle: 10073
01-12 14:27:34.630 1116 1116 I notification_enqueue: [10120,4927,com.tblenovo.lewea,4927,NULL,0,Notification(channel=tblenovo.channel.WEATHER shortcut=null contentView=null vibrate=null sound=null defaults=0x0 flags=0x40 color=0x00000000 vis=PRIVATE),1]
01-12 14:27:34.656 1116 1116 I notification_enqueue: [10120,4927,com.tblenovo.lewea,4927,NULL,0,Notification(channel=tblenovo.channel.WEATHER shortcut=null contentView=com.tblenovo.lewea/0x7f090018 vibrate=null sound=null defaults=0x0 flags=0x50 color=0x00000000 vis=PUBLIC),1]
01-12 14:27:34.875 1116 1316 I commit_sys_config_file: [notification-policy,5763395]
01-12 14:27:43.065 1116 1377 I am_pss : [17177,10156,com.google.android.apps.docs,46878720,35229696,336896,139915264,0,19,36]
01-12 14:27:47.949 1116 1378 I am_uid_idle: 10046
01-12 14:27:54.120 1116 1378 I am_uid_idle: 10198
01-12 14:28:09.532 3134 17176 I c2dm : [-19,ERR_AUTHENTICATION_FAILED,0,0]
01-12 14:28:27.175 1116 1116 I notification_enqueue: [10120,4927,com.tblenovo.lewea,4927,NULL,0,Notification(channel=tblenovo.channel.WEATHER shortcut=null contentView=null vibrate=null sound=null defaults=0x0 flags=0x40 color=0x00000000 vis=PRIVATE),1]
01-12 14:28:27.214 1116 1116 I notification_enqueue: [10120,4927,com.tblenovo.lewea,4927,NULL,0,Notification(channel=tblenovo.channel.WEATHER shortcut=null contentView=com.tblenovo.lewea/0x7f090018 vibrate=null sound=null defaults=0x0 flags=0x50 color=0x00000000 vis=PUBLIC),1]
01-12 14:28:27.441 1116 1316 I commit_sys_config_file: [notification-policy,5815961]
01-12 14:29:19.800 1116 1116 I notification_enqueue: [10120,4927,com.tblenovo.lewea,4927,NULL,0,Notification(channel=tblenovo.channel.WEATHER shortcut=null contentView=null vibrate=null sound=null defaults=0x0 flags=0x40 color=0x00000000 vis=PRIVATE),1]
01-12 14:29:19.821 1116 1116 I notification_enqueue: [10120,4927,com.tblenovo.lewea,4927,NULL,0,Notification(channel=tblenovo.channel.WEATHER shortcut=null contentView=com.tblenovo.lewea/0x7f090018 vibrate=null sound=null defaults=0x0 flags=0x50 color=0x00000000 vis=PUBLIC),1]
01-12 14:29:20.055 1116 1316 I commit_sys_config_file: [notification-policy,5868575]
01-12 14:30:12.383 1116 1116 I dvm_lock_sample: [system_server,0,main,27,AlarmManagerService.java,4840,void com.android.server.alarm.AlarmManagerService$DeliveryTracker.alarmComplete(android.os.IBinder),-,2044,void com.android.server.alarm.AlarmManagerService.setImpl(int, long, long, long, android.app.PendingIntent, android.app.IAlarmListener, java.lang.String, int, android.os.WorkSource, android.app.AlarmManager$AlarmClockInfo, int, java.lang.String, android.os.Bundle, int),5]
01-12 14:30:12.420 1116 1116 I notification_enqueue: [10120,4927,com.tblenovo.lewea,4927,NULL,0,Notification(channel=tblenovo.channel.WEATHER shortcut=null contentView=null vibrate=null sound=null defaults=0x0 flags=0x40 color=0x00000000 vis=PRIVATE),1]
01-12 14:30:12.423 1116 1377 I am_pss : [4927,10120,com.tblenovo.lewea,10417152,6336512,2761728,73596928,0,4,20]
01-12 14:30:12.440 1116 1116 I notification_enqueue: [10120,4927,com.tblenovo.lewea,4927,NULL,0,Notification(channel=tblenovo.channel.WEATHER shortcut=null contentView=com.tblenovo.lewea/0x7f090018 vibrate=null sound=null defaults=0x0 flags=0x50 color=0x00000000 vis=PUBLIC),1]
01-12 14:30:12.660 1116 1316 I commit_sys_config_file: [notification-policy,5921180]
01-12 14:30:22.963 2741 2741 D RILJ : [0083]> SEND_DEVICE_STATE 1:true [PHONE0]
01-12 14:30:22.967 2741 2959 D RILJ : [0083]< SEND_DEVICE_STATE [PHONE0]
01-12 14:30:22.968 2741 2741 D RILJ : [0084]> SEND_DEVICE_STATE 2:false [PHONE0]
01-12 14:30:22.970 2741 2741 D RILJ : [0085]> SET_UNSOLICITED_RESPONSE_FILTER 127 [PHONE0]
01-12 14:30:22.970 2741 2959 D RILJ : [0084]< SEND_DEVICE_STATE [PHONE0]
01-12 14:30:22.970 2741 2741 D SST : [0] handleMessage: received event 61
01-12 14:30:22.975 2741 2741 D RILJ : [0086]> SET_SIGNAL_STRENGTH_REPORTING_CRITERIA [PHONE0]
01-12 14:30:22.979 2741 2741 D RILJ : [0087]> SET_SIGNAL_STRENGTH_REPORTING_CRITERIA [PHONE0]
01-12 14:30:22.982 2741 2959 D RILJ : [0085]< SET_UNSOLICITED_RESPONSE_FILTER [PHONE0]
01-12 14:30:22.984 2741 2741 D RILJ : [0088]> SET_SIGNAL_STRENGTH_REPORTING_CRITERIA [PHONE0]
01-12 14:30:22.984 2741 2741 D NetworkTypeController: [0] LegacyState: process EVENT_PHYSICAL_CHANNEL_CONFIG_NOTIF_CHANGED
01-12 14:30:22.985 2741 2741 D NetworkTypeController: [0] Remove all timers
01-12 14:30:22.985 2741 2741 D NetworkTypeController: [0] DefaultState: process EVENT_PHYSICAL_CHANNEL_CONFIG_NOTIF_CHANGED
01-12 14:30:22.985 2741 2741 D NetworkTypeController: [0] mIsPhysicalChannelConfigOn changed to: true
01-12 14:30:23.024 2741 2959 D RILJ : [0086]< SET_SIGNAL_STRENGTH_REPORTING_CRITERIA [PHONE0]
01-12 14:30:23.025 2741 2959 D RILJ : [0087]< SET_SIGNAL_STRENGTH_REPORTING_CRITERIA [PHONE0]
01-12 14:30:23.025 2741 2959 D RILJ : [0088]< SET_SIGNAL_STRENGTH_REPORTING_CRITERIA [PHONE0]
01-12 14:31:00.374 2741 2741 D RILJ : [0089]> GET_ACTIVITY_INFO [PHONE0]
01-12 14:31:00.383 2741 2959 D RILJ : [0089]< GET_ACTIVITY_INFO ModemActivityInfo{ mTimestamp=6045696 mSleepTimeMs=0 mIdleTimeMs=645474 mTxTimeMs[]=[0, 0, 0, 0, 0] mRxTimeMs=0} [PHONE0]
01-12 14:31:00.560 630 630 I auditd : type=1400 audit(0.0:1014): avc: denied { read } for comm="Binder:630_2" name="wakeup38" dev="sysfs" ino=66587 scontext=u:r:system_suspend:s0 tcontext=u:object_r:sysfs:s0 tclass=dir permissive=0
01-12 14:31:00.570 630 630 I auditd : type=1400 audit(0.0:1015): avc: denied { read } for comm="Binder:630_2" name="wakeup28" dev="sysfs" ino=66215 scontext=u:r:system_suspend:s0 tcontext=u:object_r:sysfs:s0 tclass=dir permissive=0
01-12 14:31:00.570 630 630 I auditd : type=1400 audit(0.0:1016): avc: denied { read } for comm="Binder:630_2" name="wakeup18" dev="sysfs" ino=58442 scontext=u:r:system_suspend:s0 tcontext=u:object_r:sysfs:s0 tclass=dir permissive=0
01-12 14:31:00.570 630 630 I auditd : type=1400 audit(0.0:1017): avc: denied { read } for comm="Binder:630_2" name="wakeup46" dev="sysfs" ino=70729 scontext=u:r:system_suspend:s0 tcontext=u:object_r:sysfs:s0 tclass=dir permissive=0
01-12 14:31:00.570 630 630 I auditd : type=1400 audit(0.0:1018): avc: denied { read } for comm="Binder:630_2" name="wakeup2" dev="sysfs" ino=40064 scontext=u:r:system_suspend:s0 tcontext=u:object_r:sysfs:s0 tclass=dir permissive=0
01-12 14:31:05.051 1116 1116 I notification_enqueue: [10120,4927,com.tblenovo.lewea,4927,NULL,0,Notification(channel=tblenovo.channel.WEATHER shortcut=null contentView=null vibrate=null sound=null defaults=0x0 flags=0x40 color=0x00000000 vis=PRIVATE),1]
01-12 14:31:05.084 1116 1116 I notification_enqueue: [10120,4927,com.tblenovo.lewea,4927,NULL,0,Notification(channel=tblenovo.channel.WEATHER shortcut=null contentView=com.tblenovo.lewea/0x7f090018 vibrate=null sound=null defaults=0x0 flags=0x50 color=0x00000000 vis=PUBLIC),1]
01-12 14:31:05.300 1116 1316 I commit_sys_config_file: [notification-policy,5973821]
01-12 14:32:32.869 1116 1378 I am_kill : [0,12276,com.google.android.configupdater,999,empty for 5041s]
01-12 14:32:32.914 1116 1116 I notification_enqueue: [10120,4927,com.tblenovo.lewea,4927,NULL,0,Notification(channel=tblenovo.channel.WEATHER shortcut=null contentView=null vibrate=null sound=null defaults=0x0 flags=0x40 color=0x00000000 vis=PRIVATE),1]
01-12 14:32:32.916 1116 1377 I am_pss : [11071,1000,com.android.settings,60573696,46202880,9950208,114884608,0,16,29]
01-12 14:32:32.931 3134 3339 I gtalk_connection: 16778495
01-12 14:32:32.940 1116 1116 I notification_enqueue: [10120,4927,com.tblenovo.lewea,4927,NULL,0,Notification(channel=tblenovo.channel.WEATHER shortcut=null contentView=com.tblenovo.lewea/0x7f090018 vibrate=null sound=null defaults=0x0 flags=0x50 color=0x00000000 vis=PUBLIC),1]
01-12 14:32:32.952 3134 3339 I gtalk_connection: 16778495
01-12 14:32:32.955 1116 1377 I am_pss : [17177,10156,com.google.android.apps.docs,47116288,34299904,1349632,138493952,0,19,23]
01-12 14:32:32.978 1116 1377 I am_pss : [3804,10136,com.google.process.gapps,8833024,3313664,4510720,40869888,0,19,20]
01-12 14:32:33.000 1116 1377 I am_pss : [7561,10066,com.nttdocomo.android.wipe,7292928,1163264,5489664,37269504,0,10,19]
01-12 14:32:33.021 1116 1377 I am_pss : [7864,10054,jp.co.nttdocomo.lcsapp,8068096,3239936,4154368,41766912,0,10,17]
01-12 14:32:33.042 1116 10594 I am_proc_died: [0,12276,com.google.android.configupdater,999,19]
01-12 14:32:33.043 1116 1377 I am_pss : [7831,10065,.clmail_dl,11781120,1687552,8759296,42610688,0,10,18]
01-12 14:32:33.044 1116 10594 I am_uid_stopped: 10128
01-12 14:32:33.066 1116 1377 I am_pss : [7612,10191,com.qualcomm.telephony,6525952,434176,5611520,33107968,0,10,19]
01-12 14:32:33.087 1116 1377 I am_pss : [7164,1000,com.longcheertel.midtest,6892544,430080,5849088,34574336,0,10,18]
01-12 14:32:33.108 1116 1377 I am_pss : [3790,10177,com.google.android.setupwizard,12310528,6836224,4099072,75227136,0,4,18]
01-12 14:32:33.131 1116 1377 I am_pss : [5135,1000,com.qti.diagservices,6609920,442368,5708800,32579584,0,10,19]
01-12 14:32:33.167 1116 1316 I commit_sys_config_file: [notification-policy,6061687]
01-12 14:33:42.872 1116 1116 I notification_enqueue: [10120,4927,com.tblenovo.lewea,4927,NULL,0,Notification(channel=tblenovo.channel.WEATHER shortcut=null contentView=null vibrate=null sound=null defaults=0x0 flags=0x40 color=0x00000000 vis=PRIVATE),1]
01-12 14:33:42.908 1116 1116 I notification_enqueue: [10120,4927,com.tblenovo.lewea,4927,NULL,0,Notification(channel=tblenovo.channel.WEATHER shortcut=null contentView=com.tblenovo.lewea/0x7f090018 vibrate=null sound=null defaults=0x0 flags=0x50 color=0x00000000 vis=PUBLIC),1]
01-12 14:33:43.130 1116 1316 I commit_sys_config_file: [notification-policy,6131651]
01-12 14:34:30.247 1116 2927 I battery_level: [11,3754,266]
01-12 14:34:32.054 2741 2741 I force_gc: Binder
01-12 14:34:35.444 1116 1116 I notification_enqueue: [10120,4927,com.tblenovo.lewea,4927,NULL,0,Notification(channel=tblenovo.channel.WEATHER shortcut=null contentView=null vibrate=null sound=null defaults=0x0 flags=0x40 color=0x00000000 vis=PRIVATE),1]
01-12 14:34:35.471 1116 1116 I notification_enqueue: [10120,4927,com.tblenovo.lewea,4927,NULL,0,Notification(channel=tblenovo.channel.WEATHER shortcut=null contentView=com.tblenovo.lewea/0x7f090018 vibrate=null sound=null defaults=0x0 flags=0x50 color=0x00000000 vis=PUBLIC),1]
01-12 14:34:35.693 1116 1316 I commit_sys_config_file: [notification-policy,6184214]
01-12 14:35:28.025 1116 1116 I notification_enqueue: [10120,4927,com.tblenovo.lewea,4927,NULL,0,Notification(channel=tblenovo.channel.WEATHER shortcut=null contentView=null vibrate=null sound=null defaults=0x0 flags=0x40 color=0x00000000 vis=PRIVATE),1]
01-12 14:35:28.055 1116 1116 I notification_enqueue: [10120,4927,com.tblenovo.lewea,4927,NULL,0,Notification(channel=tblenovo.channel.WEATHER shortcut=null contentView=com.tblenovo.lewea/0x7f090018 vibrate=null sound=null defaults=0x0 flags=0x50 color=0x00000000 vis=PUBLIC),1]
01-12 14:35:28.283 1116 1316 I commit_sys_config_file: [notification-policy,6236803]
01-12 14:36:20.603 1116 1116 I notification_enqueue: [10120,4927,com.tblenovo.lewea,4927,NULL,0,Notification(channel=tblenovo.channel.WEATHER shortcut=null contentView=null vibrate=null sound=null defaults=0x0 flags=0x40 color=0x00000000 vis=PRIVATE),1]
01-12 14:36:20.615 1116 1116 I notification_enqueue: [10120,4927,com.tblenovo.lewea,4927,NULL,0,Notification(channel=tblenovo.channel.WEATHER shortcut=null contentView=com.tblenovo.lewea/0x7f090018 vibrate=null sound=null defaults=0x0 flags=0x50 color=0x00000000 vis=PUBLIC),1]
01-12 14:36:20.632 1116 1377 I am_pss : [3134,10136,com.google.android.gms.persistent,65968128,42606592,3656704,161751040,0,5,20]
01-12 14:36:20.865 1116 1316 I commit_sys_config_file: [notification-policy,6289385]
01-12 14:37:13.171 1116 1116 I dvm_lock_sample: [system_server,0,main,36,AlarmManagerService.java,4840,void com.android.server.alarm.AlarmManagerService$DeliveryTracker.alarmComplete(android.os.IBinder),-,2044,void com.android.server.alarm.AlarmManagerService.setImpl(int, long, long, long, android.app.PendingIntent, android.app.IAlarmListener, java.lang.String, int, android.os.WorkSource, android.app.AlarmManager$AlarmClockInfo, int, java.lang.String, android.os.Bundle, int),7]
01-12 14:37:13.188 1116 1377 I am_pss : [2879,10186,com.android.launcher3,43665408,38731776,807936,130670592,0,5,23]
01-12 14:37:13.194 1116 1116 I notification_enqueue: [10120,4927,com.tblenovo.lewea,4927,NULL,0,Notification(channel=tblenovo.channel.WEATHER shortcut=null contentView=null vibrate=null sound=null defaults=0x0 flags=0x40 color=0x00000000 vis=PRIVATE),1]
01-12 14:37:13.215 1116 1116 I notification_enqueue: [10120,4927,com.tblenovo.lewea,4927,NULL,0,Notification(channel=tblenovo.channel.WEATHER shortcut=null contentView=com.tblenovo.lewea/0x7f090018 vibrate=null sound=null defaults=0x0 flags=0x50 color=0x00000000 vis=PUBLIC),1]
01-12 14:37:13.462 1116 1316 I commit_sys_config_file: [notification-policy,6341983]
01-12 14:38:05.738 1116 1116 I notification_enqueue: [10120,4927,com.tblenovo.lewea,4927,NULL,0,Notification(channel=tblenovo.channel.WEATHER shortcut=null contentView=null vibrate=null sound=null defaults=0x0 flags=0x40 color=0x00000000 vis=PRIVATE),1]
01-12 14:38:05.759 1116 1377 I am_pss : [3725,10056,com.nttdocomo.android.homezozo,57522176,47116288,6871040,135458816,0,5,20]
01-12 14:38:05.772 1116 1116 I notification_enqueue: [10120,4927,com.tblenovo.lewea,4927,NULL,0,Notification(channel=tblenovo.channel.WEATHER shortcut=null contentView=com.tblenovo.lewea/0x7f090018 vibrate=null sound=null defaults=0x0 flags=0x50 color=0x00000000 vis=PUBLIC),1]
01-12 14:38:05.998 1116 1316 I commit_sys_config_file: [notification-policy,6394518]
01-12 14:38:10.482 1116 1377 I am_pss : [2236,10187,com.android.systemui,124320768,103129088,15009792,201924608,0,5,23]
01-12 14:38:10.518 3134 3339 I c2dm : [-19,ERR_AUTHENTICATION_FAILED,0,0]
01-12 14:39:30.321 2741 2741 D RILJ : [0090]> GET_ACTIVITY_INFO [PHONE0]
01-12 14:39:30.331 2741 2959 D RILJ : [0090]< GET_ACTIVITY_INFO ModemActivityInfo{ mTimestamp=6555645 mSleepTimeMs=0 mIdleTimeMs=509949 mTxTimeMs[]=[0, 0, 0, 0, 0] mRxTimeMs=0} [PHONE0]
01-12 14:39:30.440 630 630 I auditd : type=1400 audit(0.0:1045): avc: denied { read } for comm="Binder:630_2" name="wakeup38" dev="sysfs" ino=66587 scontext=u:r:system_suspend:s0 tcontext=u:object_r:sysfs:s0 tclass=dir permissive=0
01-12 14:39:30.440 630 630 I auditd : type=1400 audit(0.0:1046): avc: denied { read } for comm="Binder:630_2" name="wakeup28" dev="sysfs" ino=66215 scontext=u:r:system_suspend:s0 tcontext=u:object_r:sysfs:s0 tclass=dir permissive=0
01-12 14:39:30.450 630 630 I auditd : type=1400 audit(0.0:1047): avc: denied { read } for comm="Binder:630_2" name="wakeup18" dev="sysfs" ino=58442 scontext=u:r:system_suspend:s0 tcontext=u:object_r:sysfs:s0 tclass=dir permissive=0
01-12 14:39:30.450 630 630 I auditd : type=1400 audit(0.0:1048): avc: denied { read } for comm="Binder:630_2" name="wakeup46" dev="sysfs" ino=70729 scontext=u:r:system_suspend:s0 tcontext=u:object_r:sysfs:s0 tclass=dir permissive=0
01-12 14:39:30.450 630 630 I auditd : type=1400 audit(0.0:1049): avc: denied { read } for comm="Binder:630_2" name="wakeup2" dev="sysfs" ino=40064 scontext=u:r:system_suspend:s0 tcontext=u:object_r:sysfs:s0 tclass=dir permissive=0
01-12 14:39:50.906 1116 1116 I notification_enqueue: [10120,4927,com.tblenovo.lewea,4927,NULL,0,Notification(channel=tblenovo.channel.WEATHER shortcut=null contentView=null vibrate=null sound=null defaults=0x0 flags=0x40 color=0x00000000 vis=PRIVATE),1]
01-12 14:39:50.918 1116 1116 I notification_enqueue: [10120,4927,com.tblenovo.lewea,4927,NULL,0,Notification(channel=tblenovo.channel.WEATHER shortcut=null contentView=com.tblenovo.lewea/0x7f090018 vibrate=null sound=null defaults=0x0 flags=0x50 color=0x00000000 vis=PUBLIC),1]
01-12 14:39:51.160 1116 1316 I commit_sys_config_file: [notification-policy,6499681]
01-12 14:40:43.475 1116 1116 I notification_enqueue: [10120,4927,com.tblenovo.lewea,4927,NULL,0,Notification(channel=tblenovo.channel.WEATHER shortcut=null contentView=null vibrate=null sound=null defaults=0x0 flags=0x40 color=0x00000000 vis=PRIVATE),1]
01-12 14:40:43.478 1116 1116 I notification_enqueue: [10120,4927,com.tblenovo.lewea,4927,NULL,0,Notification(channel=tblenovo.channel.WEATHER shortcut=null contentView=com.tblenovo.lewea/0x7f090018 vibrate=null sound=null defaults=0x0 flags=0x50 color=0x00000000 vis=PUBLIC),1]
01-12 14:40:43.738 1116 1316 I commit_sys_config_file: [notification-policy,6552258]
01-12 14:41:23.098 1116 2146 I sysui_multi_action: [757,804,799,power_consecutive_short_tap_count,801,1,802,1]
01-12 14:41:23.099 1116 2146 I sysui_multi_action: [757,804,799,power_double_tap_interval,801,5512649,802,1]
01-12 14:41:23.101 1116 2146 I intercept_power: [ACTION_DOWN,0,0]
01-12 14:41:23.150 1116 1116 I screen_toggled: 1
01-12 14:41:23.152 1116 1564 I sysui_multi_action: [757,1696,758,6,759,3]
01-12 14:41:23.153 1116 1116 I power_screen_broadcast_send: 1
01-12 14:41:23.179 1116 1313 I sysui_multi_action: [757,223,758,2]
01-12 14:41:23.179 1116 1313 I sysui_multi_action: [757,804,799,dozing_minutes,801,30,802,1]
01-12 14:41:23.187 1116 1199 I sysui_multi_action: [757,127,758,1]
01-12 14:41:23.188 1116 1199 I sysui_multi_action: [757,804,799,note_load,801,9,802,1]
01-12 14:41:23.188 1116 1199 I notification_panel_revealed: 9
01-12 14:41:23.195 1116 1116 I notification_enqueue: [10120,4927,com.tblenovo.lewea,4927,NULL,0,Notification(channel=tblenovo.channel.WEATHER shortcut=null contentView=null vibrate=null sound=null defaults=0x0 flags=0x40 color=0x00000000 vis=PRIVATE),1]
01-12 14:41:23.220 1116 2513 I wm_set_keyguard_shown: [1,0,0,setKeyguardShown]
01-12 14:41:23.281 1116 2146 I intercept_power: [ACTION_UP,0,0]
01-12 14:41:23.447 1116 1316 I commit_sys_config_file: [notification-policy,6591967]
01-12 14:41:23.454 1116 1378 I am_wtf : [0,1116,system_server,-1,DisplayDeviceConfig,requesting nits when no mapping exists.]
01-12 14:41:23.458 1116 1378 I am_wtf : [0,1116,system_server,-1,DisplayDeviceConfig,requesting nits when no mapping exists.]
01-12 14:41:23.622 1116 1116 I notification_enqueue: [10120,4927,com.tblenovo.lewea,4927,NULL,0,Notification(channel=tblenovo.channel.WEATHER shortcut=null contentView=com.tblenovo.lewea/0x7f090018 vibrate=null sound=null defaults=0x0 flags=0x50 color=0x00000000 vis=PUBLIC),1]
01-12 14:41:23.632 1116 1116 I sysui_multi_action: [757,198,758,1,759,1,1359,358,1694,1]
01-12 14:41:23.633 1116 1116 I power_screen_state: [1,0,0,0,358]
01-12 14:41:23.647 1116 1116 I battery_saving_stats: [0,0,0,1818881,-152310,-3,2192378,-152310,-4]
01-12 14:41:23.658 2741 2741 D QtiDCT-C: [0]screen on
01-12 14:41:23.658 2741 2741 D QtiDCT-C: [0]stopNetStatPoll
01-12 14:41:23.877 1116 13240 I sysui_multi_action: [757,128,758,1,793,5315132,794,0,795,5315132,796,26,798,2,806,android,857,DEVELOPER_IMPORTANT,858,4,947,0,1395,9,1500,5314633,1688,1]
01-12 14:41:23.877 1116 13240 I sysui_multi_action: [757,804,799,note_freshness,801,5315132,802,1]
01-12 14:41:23.877 1116 13240 I notification_visibility: [-1|android|26|null|1000,1,5315132,5315132,0,2]
01-12 14:41:23.878 1116 13240 I sysui_multi_action: [757,128,758,1,793,2698944,794,0,795,2698944,796,741,797,ConnectivityNotification:105,798,1,806,android,857,NETWORK_ALERTS,858,4,947,0,1395,9,1500,2698724,1688,1]
01-12 14:41:23.878 1116 13240 I sysui_multi_action: [757,804,799,note_freshness,801,2698944,802,1]
01-12 14:41:23.878 1116 13240 I notification_visibility: [-1|android|741|ConnectivityNotification:105|1000,1,2698944,2698944,0,1]
01-12 14:41:23.878 1116 13240 I sysui_multi_action: [757,128,758,1,793,6544783,794,0,795,2706755,796,9,798,0,806,com.google.android.setupwizard,857,suw_consolidate_foreground_-e437bac7,858,3,947,0,1395,9,1500,2706755,1688,1]
01-12 14:41:23.879 1116 13240 I sysui_multi_action: [757,804,799,note_freshness,801,2706755,802,1]
01-12 14:41:23.879 1116 13240 I notification_visibility: [0|com.google.android.setupwizard|9|null|10177,1,6544783,2706755,0,0]
01-12 14:41:23.969 2741 12377 D SubscriptionController: [getSlotIndex]- subId invalid
01-12 14:41:24.070 15906 15906 I auditd : type=1400 audit(0.0:1076): avc: denied { read } for comm="novo.lsf.device" name="u:object_r:sn_default_prop:s0" dev="tmpfs" ino=23626 scontext=u:r:priv_app:s0:c512,c768 tcontext=u:object_r:sn_default_prop:s0 tclass=file permissive=0 app=com.lenovo.lsf.device
