01-12 13:01:18.868 1116 3511 I wm_set_resumed_activity: [0,com.android.settings/.SubSettings,minimalResumeActivityLocked]
01-12 13:01:18.881 1116 1317 I sysui_multi_action: [757,803,799,window_time_0,802,3]
01-12 13:01:18.904 1116 2145 I input_focus: [Focus leaving b97832d com.android.settings/com.android.settings.SubSettings (server),reason=NO_WINDOW]
01-12 13:01:19.250 9627 9627 I auditd : type=1400 audit(0.0:258): avc: denied { read } for comm="ndroid.settings" name="pagetypeinfo" dev="proc" ino=4026531858 scontext=u:r:system_app:s0 tcontext=u:object_r:proc_pagetypeinfo:s0 tclass=file permissive=0
01-12 13:01:19.280 9627 9627 I auditd : type=1400 audit(0.0:259): avc: denied { search } for comm="ndroid.settings" name="zram0" dev="sysfs" ino=44158 scontext=u:r:system_app:s0 tcontext=u:object_r:sysfs_zram:s0 tclass=dir permissive=0
01-12 13:01:19.280 9627 9627 I auditd : type=1400 audit(0.0:260): avc: denied { search } for comm="ndroid.settings" name="zram0" dev="sysfs" ino=44158 scontext=u:r:system_app:s0 tcontext=u:object_r:sysfs_zram:s0 tclass=dir permissive=0
01-12 13:01:19.481 9627 9627 I wm_on_create_called: [28911164,com.android.settings.SubSettings,performCreate]
01-12 13:01:19.595 9627 9627 I sysui_multi_action: [757,853,758,4,854,development.DevelopmentSettingsDashboardFragment/switch_bar,1089,1]
01-12 13:01:19.596 9627 9627 I wm_on_start_called: [28911164,com.android.settings.SubSettings,handleStartActivity]
01-12 13:01:19.597 9627 9627 I snet_event_log: [120484087,-1,]
01-12 13:01:19.601 9627 9627 I wm_on_resume_called: [28911164,com.android.settings.SubSettings,RESUME_ACTIVITY]
01-12 13:01:19.609 9627 9627 I sysui_multi_action: [757,39,758,1,833,744,1089,686]
01-12 13:01:19.644 2741 9793 D SubscriptionController: [getAvailableSubInfoList]- no info return
01-12 13:01:19.670 2741 9793 D SubscriptionController: [getAvailableSubInfoList]- no info return
01-12 13:01:19.703 2741 9793 D SubscriptionController: [getAvailableSubInfoList]- no info return
01-12 13:01:19.718 9627 10076 I sysui_multi_action: [757,853,758,4,854,development.DevelopmentSettingsDashboardFragment/simulate_color_space,1089,-1]
01-12 13:01:19.726 9627 10088 I sysui_multi_action: [757,853,758,4,854,development.DevelopmentSettingsDashboardFragment/autofill_logging_level,1089,2]
01-12 13:01:19.756 2741 9793 I service_manager_slow: [13,econtroller]
01-12 13:01:19.785 2741 9793 D SubscriptionController: [getAvailableSubInfoList]- no info return
01-12 13:01:19.918 9627 9627 I service_manager_slow: [11,webviewupdate]
01-12 13:01:19.921 9627 10091 I sysui_multi_action: [757,853,758,4,854,development.DevelopmentSettingsDashboardFragment/select_logd_size,1089,262144]
01-12 13:01:19.922 9627 10092 I sysui_multi_action: [757,853,758,4,854,development.DevelopmentSettingsDashboardFragment/app_process_limit,1089,-1]
01-12 13:01:19.923 9627 10090 I sysui_multi_action: [757,853,758,4,854,development.DevelopmentSettingsDashboardFragment/transition_animation_scale,1089,1]
01-12 13:01:19.946 9627 10090 I sysui_multi_action: [757,853,758,4,854,development.DevelopmentSettingsDashboardFragment/animator_duration_scale,1089,1]
01-12 13:01:20.097 9627 9627 I sysui_multi_action: [757,1729,758,4,854,isParalleledControllers:false,1089,1175]
01-12 13:01:20.138 9627 9627 I wm_on_top_resumed_gained_called: [28911164,com.android.settings.SubSettings,topStateChangedWhenResumed]
01-12 13:01:20.143 9627 10076 I sysui_multi_action: [757,853,758,4,854,development.DevelopmentSettingsDashboardFragment/window_animation_scale,1089,1]
01-12 13:01:20.260 1116 1318 I input_focus: [Focus request 66b6432 com.android.settings/com.android.settings.SubSettings,reason=UpdateInputWindows]
01-12 13:01:20.340 9627 9627 I auditd : type=1400 audit(0.0:261): avc: denied { read } for comm="pool-2-thread-8" name="pagetypeinfo" dev="proc" ino=4026531858 scontext=u:r:system_app:s0 tcontext=u:object_r:proc_pagetypeinfo:s0 tclass=file permissive=0
01-12 13:01:20.390 1116 1313 I wm_activity_launch_time: [0,28911164,com.android.settings/.SubSettings,1575]
01-12 13:01:20.404 1116 2145 I input_focus: [Focus entering 66b6432 com.android.settings/com.android.settings.SubSettings (server),reason=Window became focusable. Previous reason: NOT_VISIBLE]
01-12 13:01:20.450 9627 9627 I auditd : type=1400 audit(0.0:262): avc: denied { search } for comm="pool-2-thread-8" name="zram0" dev="sysfs" ino=44158 scontext=u:r:system_app:s0 tcontext=u:object_r:sysfs_zram:s0 tclass=dir permissive=0
01-12 13:01:20.450 9627 9627 I auditd : type=1400 audit(0.0:263): avc: denied { search } for comm="pool-2-thread-8" name="zram0" dev="sysfs" ino=44158 scontext=u:r:system_app:s0 tcontext=u:object_r:sysfs_zram:s0 tclass=dir permissive=0
01-12 13:01:20.532 2741 9793 D SubscriptionController: [getAvailableSubInfoList]- no info return
01-12 13:01:20.598 2741 3059 D SubscriptionController: [getAvailableSubInfoList]- no info return
01-12 13:01:20.643 2741 3059 D SubscriptionController: [getAvailableSubInfoList]- no info return
01-12 13:01:20.665 2741 3059 D SubscriptionController: [getAvailableSubInfoList]- no info return
01-12 13:01:20.707 2741 3059 D SubscriptionController: [getAvailableSubInfoList]- no info return
01-12 13:01:20.845 1116 1317 I wm_stop_activity: [0,97550175,com.android.settings/.SubSettings]
01-12 13:01:20.908 9627 9627 I wm_on_stop_called: [97550175,com.android.settings.SubSettings,STOP_ACTIVITY_ITEM]
01-12 13:01:21.010 9627 9627 I auditd : type=1400 audit(0.0:264): avc: denied { read } for comm="pool-2-thread-7" name="pagetypeinfo" dev="proc" ino=4026531858 scontext=u:r:system_app:s0 tcontext=u:object_r:proc_pagetypeinfo:s0 tclass=file permissive=0
01-12 13:01:21.018 1116 1377 I am_pss : [9992,10130,com.google.android.apps.wellbeing,31562752,28852224,103424,107147264,0,3,21]
01-12 13:01:21.040 9627 9627 I auditd : type=1400 audit(0.0:265): avc: denied { search } for comm="pool-2-thread-7" name="zram0" dev="sysfs" ino=44158 scontext=u:r:system_app:s0 tcontext=u:object_r:sysfs_zram:s0 tclass=dir permissive=0
01-12 13:01:21.040 9627 9627 I auditd : type=1400 audit(0.0:266): avc: denied { search } for comm="pool-2-thread-7" name="zram0" dev="sysfs" ino=44158 scontext=u:r:system_app:s0 tcontext=u:object_r:sysfs_zram:s0 tclass=dir permissive=0
01-12 13:01:21.870 1116 2145 I input_interaction: Interaction with: 66b6432 com.android.settings/com.android.settings.SubSettings (server), PointerEventDispatcher0 (server),
01-12 13:01:22.466 566 566 I auditd : avc: denied { find } for pid=9627 uid=1000 name=suspend_control scontext=u:r:system_app:s0 tcontext=u:object_r:system_suspend_control_service:s0 tclass=service_manager permissive=0
01-12 13:01:22.469 566 566 I auditd : avc: denied { find } for pid=9627 uid=1000 name=suspend_control_internal scontext=u:r:system_app:s0 tcontext=u:object_r:system_suspend_control_internal_service:s0 tclass=service_manager permissive=0
01-12 13:01:22.565 566 566 I auditd : avc: denied { find } for pid=9627 uid=1000 name=tracing.proxy scontext=u:r:system_app:s0 tcontext=u:object_r:tracingproxy_service:s0 tclass=service_manager permissive=0
01-12 13:01:27.090 1116 1378 I am_uid_idle: 10106
01-12 13:01:27.090 1116 1378 I am_uid_idle: 10048
01-12 13:01:33.143 9627 9627 I sysui_multi_action: [757,830,758,4,833,0,854,toggle_adb_wireless,1089,0]
01-12 13:01:33.165 1116 7373 I wm_task_moved: [59,1,7]
01-12 13:01:33.165 1116 7373 I wm_set_resumed_activity: [0,com.android.settings/.SubSettings,positionChildAt]
01-12 13:01:33.165 1116 7373 I wm_create_activity: [0,209772529,59,com.android.settings/.SubSettings,android.intent.action.MAIN,NULL,NULL,0]
01-12 13:01:33.169 1116 7373 I wm_pause_activity: [0,28911164,com.android.settings/.SubSettings,userLeaving=true,resumeTopActivityInnerLocked]
01-12 13:01:33.195 9627 9627 I wm_on_top_resumed_lost_called: [28911164,com.android.settings.SubSettings,topStateChangedWhenResumed]
01-12 13:01:33.202 9627 9627 I sysui_multi_action: [757,39,758,2,1089,13593]
01-12 13:01:33.206 9627 9627 I wm_on_paused_called: [28911164,com.android.settings.SubSettings,performPause]
01-12 13:01:33.215 1116 2460 I wm_add_to_stopping: [0,28911164,com.android.settings/.SubSettings,makeInvisible]
01-12 13:01:33.217 1116 2460 I wm_restart_activity: [0,209772529,59,com.android.settings/.SubSettings]
01-12 13:01:33.223 1116 2460 I wm_set_resumed_activity: [0,com.android.settings/.SubSettings,minimalResumeActivityLocked]
01-12 13:01:33.237 1116 1317 I sysui_multi_action: [757,803,799,window_time_0,802,14]
01-12 13:01:33.255 1116 2145 I input_focus: [Focus leaving 66b6432 com.android.settings/com.android.settings.SubSettings (server),reason=NO_WINDOW]
01-12 13:01:33.305 9627 9627 I wm_on_create_called: [209772529,com.android.settings.SubSettings,performCreate]
01-12 13:01:33.323 9627 9627 I wm_on_start_called: [209772529,com.android.settings.SubSettings,handleStartActivity]
01-12 13:01:33.324 9627 9627 I snet_event_log: [120484087,-1,]
01-12 13:01:33.328 9627 9627 I wm_on_resume_called: [209772529,com.android.settings.SubSettings,RESUME_ACTIVITY]
01-12 13:01:33.332 9627 9627 I sysui_multi_action: [757,1831,758,1,833,39,1089,42]
01-12 13:01:33.336 9627 9627 I sysui_multi_action: [757,1729,758,4,854,isParalleledControllers:false,1089,46]
01-12 13:01:33.359 9627 9627 I wm_on_top_resumed_gained_called: [209772529,com.android.settings.SubSettings,topStateChangedWhenResumed]
01-12 13:01:33.425 1116 1318 I input_focus: [Focus request 4ab1747 com.android.settings/com.android.settings.SubSettings,reason=UpdateInputWindows]
01-12 13:01:33.499 1116 1313 I wm_activity_launch_time: [0,209772529,com.android.settings/.SubSettings,344]
01-12 13:01:33.523 1116 2145 I input_focus: [Focus entering 4ab1747 com.android.settings/com.android.settings.SubSettings (server),reason=Window became focusable. Previous reason: NOT_VISIBLE]
01-12 13:01:33.897 1116 1317 I wm_stop_activity: [0,28911164,com.android.settings/.SubSettings]
01-12 13:01:33.944 9627 9627 I wm_on_stop_called: [28911164,com.android.settings.SubSettings,STOP_ACTIVITY_ITEM]
01-12 13:01:34.508 1116 2145 I input_interaction: Interaction with: 4ab1747 com.android.settings/com.android.settings.SubSettings (server), PointerEventDispatcher0 (server),
01-12 13:01:34.607 9627 9627 I sysui_multi_action: [757,853,758,4,854,development.WirelessDebuggingFragment/switch_bar,1089,1]
01-12 13:01:38.967 9627 9627 I sysui_multi_action: [757,853,758,4,854,development.WirelessDebuggingFragment/switch_bar,1089,1]
01-12 13:01:39.549 9627 9627 I sysui_multi_action: [757,853,758,4,854,development.WirelessDebuggingFragment/switch_bar,1089,1]
01-12 13:01:39.746 9627 9627 I sysui_multi_action: [757,853,758,4,854,development.WirelessDebuggingFragment/switch_bar,1089,1]
01-12 13:01:39.944 9627 9627 I sysui_multi_action: [757,853,758,4,854,development.WirelessDebuggingFragment/switch_bar,1089,1]
01-12 13:01:40.145 9627 9627 I sysui_multi_action: [757,853,758,4,854,development.WirelessDebuggingFragment/switch_bar,1089,1]
01-12 13:01:40.344 9627 9627 I sysui_multi_action: [757,853,758,4,854,development.WirelessDebuggingFragment/switch_bar,1089,1]
01-12 13:01:40.959 1116 2145 I input_interaction: Interaction with: 4aa51c3 NavigationBar0 (server), PointerEventDispatcher0 (server),
01-12 13:01:40.964 2236 2236 I sysui_multi_action: [757,931,758,4,759,4,932,0,933,0]
01-12 13:01:40.976 1116 2145 I input_interaction: Interaction with: 4ab1747 com.android.settings/com.android.settings.SubSettings (server), PointerEventDispatcher0 (server),
01-12 13:01:40.980 1116 2145 I input_interaction: Interaction with: 4aa51c3 NavigationBar0 (server), PointerEventDispatcher0 (server),
01-12 13:01:41.015 2236 2236 I sysui_multi_action: [757,931,758,4,759,4,932,0,933,1]
01-12 13:01:41.019 1116 2460 I sysui_multi_action: [757,803,799,key_back_press,802,1]
01-12 13:01:41.029 1116 2460 I wm_finish_activity: [0,209772529,59,com.android.settings/.SubSettings,app-request]
01-12 13:01:41.154 1116 2460 I wm_pause_activity: [0,209772529,com.android.settings/.SubSettings,userLeaving=false,finish]
01-12 13:01:41.164 9627 9627 I wm_on_top_resumed_lost_called: [209772529,com.android.settings.SubSettings,topStateChangedWhenResumed]
01-12 13:01:41.176 9627 9627 I sysui_multi_action: [757,1831,758,2,1089,7844]
01-12 13:01:41.181 9627 9627 I wm_on_paused_called: [209772529,com.android.settings.SubSettings,performPause]
01-12 13:01:41.182 1116 7373 I wm_add_to_stopping: [0,209772529,com.android.settings/.SubSettings,completeFinishing]
01-12 13:01:41.186 1116 7373 I wm_set_resumed_activity: [0,com.android.settings/.SubSettings,resumeTopActivityInnerLocked]
01-12 13:01:41.188 1116 7373 I wm_resume_activity: [0,28911164,59,com.android.settings/.SubSettings]
01-12 13:01:41.189 1116 2145 I input_focus: [Focus leaving 4ab1747 com.android.settings/com.android.settings.SubSettings (server),reason=NO_WINDOW]
01-12 13:01:41.197 9627 9627 I wm_on_restart_called: [28911164,com.android.settings.SubSettings,performRestartActivity]
01-12 13:01:41.198 1116 1317 I sysui_multi_action: [757,803,799,window_time_0,802,8]
01-12 13:01:41.201 9627 9627 I wm_on_start_called: [28911164,com.android.settings.SubSettings,handleStartActivity]
01-12 13:01:41.203 9627 9627 I snet_event_log: [120484087,-1,]
01-12 13:01:41.220 9627 9627 I wm_on_resume_called: [28911164,com.android.settings.SubSettings,RESUME_ACTIVITY]
01-12 13:01:41.232 9627 9627 I sysui_multi_action: [757,39,758,1,833,744,1089,0]
01-12 13:01:41.290 2741 3059 D SubscriptionController: [getAvailableSubInfoList]- no info return
01-12 13:01:41.325 2741 3059 D SubscriptionController: [getAvailableSubInfoList]- no info return
01-12 13:01:41.372 2741 3059 D SubscriptionController: [getAvailableSubInfoList]- no info return
01-12 13:01:41.381 2741 3059 I service_manager_stats: [100,326,686694]
01-12 13:01:41.405 2741 3059 D SubscriptionController: [getAvailableSubInfoList]- no info return
01-12 13:01:41.537 9627 9627 I wm_on_top_resumed_gained_called: [28911164,com.android.settings.SubSettings,topWhenResuming]
01-12 13:01:41.594 1116 1318 I input_focus: [Focus request 66b6432 com.android.settings/com.android.settings.SubSettings,reason=UpdateInputWindows]
01-12 13:01:41.660 9627 9627 I auditd : type=1400 audit(0.0:267): avc: denied { read } for comm="pool-2-thread-2" name="pagetypeinfo" dev="proc" ino=4026531858 scontext=u:r:system_app:s0 tcontext=u:object_r:proc_pagetypeinfo:s0 tclass=file permissive=0
01-12 13:01:41.704 2741 3059 D SubscriptionController: [getAvailableSubInfoList]- no info return
01-12 13:01:41.710 1116 2145 I input_focus: [Focus entering 66b6432 com.android.settings/com.android.settings.SubSettings (server),reason=Window became focusable. Previous reason: NOT_VISIBLE]
01-12 13:01:41.740 9627 9627 I auditd : type=1400 audit(0.0:268): avc: denied { search } for comm="pool-2-thread-2" name="zram0" dev="sysfs" ino=44158 scontext=u:r:system_app:s0 tcontext=u:object_r:sysfs_zram:s0 tclass=dir permissive=0
01-12 13:01:41.740 9627 9627 I auditd : type=1400 audit(0.0:269): avc: denied { search } for comm="pool-2-thread-2" name="zram0" dev="sysfs" ino=44158 scontext=u:r:system_app:s0 tcontext=u:object_r:sysfs_zram:s0 tclass=dir permissive=0
01-12 13:01:41.763 2741 3059 D SubscriptionController: [getAvailableSubInfoList]- no info return
01-12 13:01:41.799 2741 3059 D SubscriptionController: [getAvailableSubInfoList]- no info return
01-12 13:01:41.847 2741 9793 D SubscriptionController: [getAvailableSubInfoList]- no info return
01-12 13:01:42.073 1116 1377 I am_pss : [3360,10136,com.google.android.gms,60953600,43671552,103424,159268864,0,19,28]
01-12 13:01:42.100 1116 1377 I am_pss : [9992,10130,com.google.android.apps.wellbeing,31524864,28807168,103424,107147264,0,3,22]
01-12 13:01:42.115 1116 1317 I wm_destroy_activity: [0,209772529,59,com.android.settings/.SubSettings,finish-imm:idle]
01-12 13:01:42.137 9627 9627 I wm_on_stop_called: [209772529,com.android.settings.SubSettings,LIFECYCLER_STOP_ACTIVITY]
01-12 13:01:42.139 9627 9627 I wm_on_destroy_called: [209772529,com.android.settings.SubSettings,performDestroy]
01-12 13:01:46.594 1116 2145 I input_interaction: Interaction with: 66b6432 com.android.settings/com.android.settings.SubSettings (server), PointerEventDispatcher0 (server),
01-12 13:01:49.296 9627 9627 I sysui_multi_action: [757,830,758,4,833,0,854,select_logd_size,1089,0]
01-12 13:01:49.403 1116 1318 I input_focus: [Focus request 45bab81 com.android.settings/com.android.settings.SubSettings,reason=UpdateInputWindows]
01-12 13:01:49.423 1116 2145 I input_focus: [Focus leaving 66b6432 com.android.settings/com.android.settings.SubSettings (server),reason=Waiting for window because NOT_VISIBLE]
01-12 13:01:49.490 1116 2145 I input_focus: [Focus entering 45bab81 com.android.settings/com.android.settings.SubSettings (server),reason=Window became focusable. Previous reason: NOT_VISIBLE]
01-12 13:01:50.123 1116 2145 I input_interaction: Interaction with: 45bab81 com.android.settings/com.android.settings.SubSettings (server), PointerEventDispatcher0 (server),
01-12 13:01:50.311 1116 1318 I input_focus: [Focus request 66b6432 com.android.settings/com.android.settings.SubSettings,reason=UpdateInputWindows]
01-12 13:01:50.348 1116 2145 I input_focus: [Focus entering 66b6432 com.android.settings/com.android.settings.SubSettings (server),reason=setFocusedWindow]
01-12 13:01:50.470 9627 10139 I sysui_multi_action: [757,853,758,4,854,development.DevelopmentSettingsDashboardFragment/select_logd_size,1089,8388608]
01-12 13:01:50.598 2741 9793 D SubscriptionController: [getAvailableSubInfoList]- no info return
01-12 13:01:50.720 9627 9627 I auditd : type=1400 audit(0.0:270): avc: denied { read } for comm="pool-2-thread-6" name="pagetypeinfo" dev="proc" ino=4026531858 scontext=u:r:system_app:s0 tcontext=u:object_r:proc_pagetypeinfo:s0 tclass=file permissive=0
01-12 13:01:50.750 9627 9627 I auditd : type=1400 audit(0.0:271): avc: denied { search } for comm="pool-2-thread-6" name="zram0" dev="sysfs" ino=44158 scontext=u:r:system_app:s0 tcontext=u:object_r:sysfs_zram:s0 tclass=dir permissive=0
01-12 13:01:50.750 9627 9627 I auditd : type=1400 audit(0.0:272): avc: denied { search } for comm="pool-2-thread-6" name="zram0" dev="sysfs" ino=44158 scontext=u:r:system_app:s0 tcontext=u:object_r:sysfs_zram:s0 tclass=dir permissive=0
01-12 13:01:50.765 1116 2145 I input_interaction: Interaction with: 66b6432 com.android.settings/com.android.settings.SubSettings (server), PointerEventDispatcher0 (server),
01-12 13:01:51.330 566 566 I auditd : avc: denied { find } for pid=9627 uid=1000 name=suspend_control scontext=u:r:system_app:s0 tcontext=u:object_r:system_suspend_control_service:s0 tclass=service_manager permissive=0
01-12 13:01:51.331 566 566 I auditd : avc: denied { find } for pid=9627 uid=1000 name=suspend_control_internal scontext=u:r:system_app:s0 tcontext=u:object_r:system_suspend_control_internal_service:s0 tclass=service_manager permissive=0
01-12 13:01:51.390 566 566 I auditd : avc: denied { find } for pid=9627 uid=1000 name=tracing.proxy scontext=u:r:system_app:s0 tcontext=u:object_r:tracingproxy_service:s0 tclass=service_manager permissive=0
01-12 13:01:55.038 9627 9627 I sysui_multi_action: [757,853,758,4,854,development.DevelopmentSettingsDashboardFragment/wifi_verbose_logging,1089,1]
01-12 13:01:55.047 9627 9627 I sysui_multi_action: [757,830,758,4,833,0,854,wifi_verbose_logging,1089,0]
01-12 13:01:55.797 1116 1378 I am_uid_idle: 10198
01-12 13:01:55.865 1116 2145 I input_interaction: Interaction with: 4aa51c3 NavigationBar0 (server), PointerEventDispatcher0 (server),
01-12 13:01:55.871 2236 2236 I sysui_multi_action: [757,931,758,4,759,4,932,0,933,0]
01-12 13:01:55.882 1116 2145 I input_interaction: Interaction with: 66b6432 com.android.settings/com.android.settings.SubSettings (server), PointerEventDispatcher0 (server),
01-12 13:01:55.927 1116 2145 I input_interaction: Interaction with: 4aa51c3 NavigationBar0 (server), PointerEventDispatcher0 (server),
01-12 13:01:55.969 2236 2236 I sysui_multi_action: [757,931,758,4,759,4,932,0,933,1]
01-12 13:01:55.973 1116 3510 I sysui_multi_action: [757,803,799,key_back_press,802,1]
01-12 13:01:55.983 1116 3510 I wm_finish_activity: [0,28911164,59,com.android.settings/.SubSettings,app-request]
01-12 13:01:56.051 1116 3510 I wm_pause_activity: [0,28911164,com.android.settings/.SubSettings,userLeaving=false,finish]
01-12 13:01:56.063 2236 2236 I sysui_multi_action: [757,931,758,4,759,4,932,0,933,0]
01-12 13:01:56.068 9627 9627 I wm_on_top_resumed_lost_called: [28911164,com.android.settings.SubSettings,topStateChangedWhenResumed]
01-12 13:01:56.081 1116 2145 I input_interaction: Interaction with: 66b6432 com.android.settings/com.android.settings.SubSettings (server), PointerEventDispatcher0 (server),
01-12 13:01:56.096 9627 9627 I sysui_multi_action: [757,39,758,2,1089,14865]
01-12 13:01:56.104 9627 9627 I wm_on_paused_called: [28911164,com.android.settings.SubSettings,performPause]
01-12 13:01:56.107 1116 2145 I input_interaction: Interaction with: 4aa51c3 NavigationBar0 (server), PointerEventDispatcher0 (server),
01-12 13:01:56.109 1116 2358 I wm_add_to_stopping: [0,28911164,com.android.settings/.SubSettings,completeFinishing]
01-12 13:01:56.113 1116 2145 I input_focus: [Focus leaving 66b6432 com.android.settings/com.android.settings.SubSettings (server),reason=NO_WINDOW]
01-12 13:01:56.118 1116 2358 I wm_set_resumed_activity: [0,com.android.settings/.SubSettings,resumeTopActivityInnerLocked]
01-12 13:01:56.124 1116 2358 I wm_resume_activity: [0,97550175,59,com.android.settings/.SubSettings]
01-12 13:01:56.137 9627 9627 I view_enqueue_input_event: [Key - Cancel,com.android.settings/com.android.settings.SubSettings]
01-12 13:01:56.141 9627 9627 I wm_on_restart_called: [97550175,com.android.settings.SubSettings,performRestartActivity]
01-12 13:01:56.142 9627 9627 I wm_on_start_called: [97550175,com.android.settings.SubSettings,handleStartActivity]
01-12 13:01:56.144 1116 1317 I sysui_multi_action: [757,803,799,window_time_0,802,15]
01-12 13:01:56.145 9627 9627 I snet_event_log: [120484087,-1,]
01-12 13:01:56.153 9627 9627 I wm_on_resume_called: [97550175,com.android.settings.SubSettings,RESUME_ACTIVITY]
01-12 13:01:56.155 9627 9627 I sysui_multi_action: [757,744,758,1,833,35,1089,0]
01-12 13:01:56.158 2236 2236 I sysui_multi_action: [757,931,758,4,759,4,932,0,933,1]
01-12 13:01:56.160 1116 3510 I sysui_multi_action: [757,803,799,key_back_press,802,1]
01-12 13:01:56.175 9627 9627 I wm_on_top_resumed_gained_called: [97550175,com.android.settings.SubSettings,topWhenResuming]
01-12 13:01:56.198 1116 1318 I input_focus: [Focus request b97832d com.android.settings/com.android.settings.SubSettings,reason=UpdateInputWindows]
01-12 13:01:56.224 2236 2236 I sysui_multi_action: [757,931,758,4,759,4,932,0,933,0]
01-12 13:01:56.347 1116 2145 I input_focus: [Focus entering b97832d com.android.settings/com.android.settings.SubSettings (server),reason=Window became focusable. Previous reason: NOT_VISIBLE]
01-12 13:01:56.391 1116 2145 I input_interaction: Interaction with: b97832d com.android.settings/com.android.settings.SubSettings (server), PointerEventDispatcher0 (server),
01-12 13:01:56.391 1116 2145 I input_interaction: Interaction with: 4aa51c3 NavigationBar0 (server), PointerEventDispatcher0 (server),
01-12 13:01:56.405 2236 2236 I sysui_multi_action: [757,931,758,4,759,4,932,0,933,1]
01-12 13:01:56.430 1116 3988 I sysui_multi_action: [757,803,799,key_back_press,802,1]
01-12 13:01:56.450 2236 2236 I sysui_multi_action: [757,931,758,4,759,4,932,0,933,0]
01-12 13:01:56.515 1116 2358 I wm_finish_activity: [0,97550175,59,com.android.settings/.SubSettings,app-request]
01-12 13:01:56.522 1116 2358 I wm_pause_activity: [0,97550175,com.android.settings/.SubSettings,userLeaving=false,finish]
01-12 13:01:56.535 1116 2145 I input_interaction: Interaction with: b97832d com.android.settings/com.android.settings.SubSettings (server), PointerEventDispatcher0 (server),
01-12 13:01:56.536 1116 2145 I input_interaction: Interaction with: 4aa51c3 NavigationBar0 (server), PointerEventDispatcher0 (server),
01-12 13:01:56.541 2236 2236 I sysui_multi_action: [757,931,758,4,759,4,932,0,933,1]
01-12 13:01:56.545 9627 9627 I wm_on_top_resumed_lost_called: [97550175,com.android.settings.SubSettings,topStateChangedWhenResumed]
01-12 13:01:56.549 1116 2513 I sysui_multi_action: [757,803,799,key_back_press,802,1]
01-12 13:01:56.567 1116 2145 I input_focus: [Focus leaving b97832d com.android.settings/com.android.settings.SubSettings (server),reason=NO_WINDOW]
01-12 13:01:56.571 9627 9627 I sysui_multi_action: [757,744,758,2,1089,416]
01-12 13:01:56.574 9627 9627 I wm_on_paused_called: [97550175,com.android.settings.SubSettings,performPause]
01-12 13:01:56.575 1116 2358 I wm_add_to_stopping: [0,97550175,com.android.settings/.SubSettings,completeFinishing]
01-12 13:01:56.580 1116 2358 I wm_set_resumed_activity: [0,com.android.settings/.Settings,resumeTopActivityInnerLocked]
01-12 13:01:56.582 1116 2358 I wm_resume_activity: [0,249304413,59,com.android.settings/.Settings]
01-12 13:01:56.583 2236 2236 I sysui_multi_action: [757,931,758,4,759,4,932,0,933,0]
01-12 13:01:56.590 1116 1317 I sysui_multi_action: [757,803,799,window_time_0,802,0]
01-12 13:01:56.592 9627 9627 I wm_on_restart_called: [249304413,com.android.settings.Settings,performRestartActivity]
01-12 13:01:56.614 9627 9627 I wm_on_start_called: [249304413,com.android.settings.Settings,handleStartActivity]
01-12 13:01:56.616 9627 9627 I snet_event_log: [120484087,-1,]
01-12 13:01:56.616 9627 9627 I wm_on_resume_called: [249304413,com.android.settings.Settings,RESUME_ACTIVITY]
01-12 13:01:56.621 9627 9627 I sysui_multi_action: [757,35,758,1,833,0,1089,0]
01-12 13:01:56.634 9627 9627 I wm_on_top_resumed_gained_called: [249304413,com.android.settings.Settings,topWhenResuming]
01-12 13:01:56.660 1116 1318 I input_focus: [Focus request c6f94d7 com.android.settings/com.android.settings.Settings,reason=UpdateInputWindows]
01-12 13:01:56.667 1116 3988 I dvm_lock_sample: [system_server,1,Binder:1116_11,54,BatteryUsageStatsProvider.java,122,java.util.List com.android.internal.os.BatteryUsageStatsProvider.getBatteryUsageStats(java.util.List),-,128,java.util.List com.android.internal.os.BatteryUsageStatsProvider.getBatteryUsageStats(java.util.List),10]
01-12 13:01:56.823 1116 2145 I input_focus: [Focus entering c6f94d7 com.android.settings/com.android.settings.Settings (server),reason=Window became focusable. Previous reason: NOT_VISIBLE]
01-12 13:01:56.828 1116 2145 I input_interaction: Interaction with: c6f94d7 com.android.settings/com.android.settings.Settings (server), PointerEventDispatcher0 (server),
01-12 13:01:56.829 1116 2145 I input_interaction: Interaction with: 4aa51c3 NavigationBar0 (server), PointerEventDispatcher0 (server),
01-12 13:01:56.839 2236 2236 I sysui_multi_action: [757,931,758,4,759,4,932,0,933,1]
01-12 13:01:56.841 1116 2185 I sysui_multi_action: [757,803,799,key_back_press,802,1]
01-12 13:01:56.892 2236 2236 I sysui_multi_action: [757,931,758,4,759,3,932,0,933,0]
01-12 13:01:56.964 2236 2236 I sysui_multi_action: [757,931,758,4,759,3,932,0,933,1]
01-12 13:01:57.025 1116 1315 I wm_task_moved: [1,1,7]
01-12 13:01:57.027 1116 1315 I wm_task_moved: [54,1,2147483647]
01-12 13:01:57.027 1116 1315 I wm_task_to_front: [0,54]
01-12 13:01:57.027 1116 1315 I wm_focused_root_task: [0,0,1,59,bringingFoundTaskToFront]
01-12 13:01:57.028 1116 1315 I wm_set_resumed_activity: [0,com.nttdocomo.android.homezozo/com.android.launcher3.Launcher,bringingFoundTaskToFront]
01-12 13:01:57.028 1116 1315 I wm_new_intent: [0,58173627,54,com.nttdocomo.android.homezozo/com.android.launcher3.Launcher,android.intent.action.MAIN,NULL,NULL,268435712]
01-12 13:01:57.035 1116 1315 I wm_pause_activity: [0,249304413,com.android.settings/.Settings,userLeaving=true,pauseBackTasks]
01-12 13:01:57.039 1116 1315 I wm_add_to_stopping: [0,249304413,com.android.settings/.Settings,makeInvisible]
01-12 13:01:57.042 1116 1315 I wm_set_resumed_activity: [0,com.nttdocomo.android.homezozo/com.android.launcher3.Launcher,resumeTopActivityInnerLocked]
01-12 13:01:57.046 1116 1315 I wm_resume_activity: [0,58173627,54,com.nttdocomo.android.homezozo/com.android.launcher3.Launcher]
01-12 13:01:57.087 2236 2236 I sysui_multi_action: [757,931,758,4,759,3,932,0,933,0]
01-12 13:01:57.098 1116 1317 I wm_destroy_activity: [0,28911164,59,com.android.settings/.SubSettings,finish-imm:idle]
01-12 13:01:57.108 1116 1317 I sysui_multi_action: [757,803,799,window_time_0,802,1]
01-12 13:01:57.110 1116 2145 I input_focus: [Focus leaving c6f94d7 com.android.settings/com.android.settings.Settings (server),reason=NO_WINDOW]
01-12 13:01:57.117 3725 3725 I wm_on_restart_called: [58173627,com.android.launcher3.Launcher,performRestartActivity]
01-12 13:01:57.144 3725 3725 I wm_on_start_called: [58173627,com.android.launcher3.Launcher,handleStartActivity]
01-12 13:01:57.153 2236 2236 I sysui_multi_action: [757,931,758,4,759,3,932,0,933,1]
01-12 13:01:57.182 3725 3725 I wm_on_resume_called: [58173627,com.android.launcher3.Launcher,RESUME_ACTIVITY]
01-12 13:01:57.200 9627 9627 I wm_on_top_resumed_lost_called: [249304413,com.android.settings.Settings,topStateChangedWhenResumed]
01-12 13:01:57.211 1116 1315 I wm_new_intent: [0,58173627,54,com.nttdocomo.android.homezozo/com.android.launcher3.Launcher,android.intent.action.MAIN,NULL,NULL,268435712]
01-12 13:01:57.212 1116 1315 I wm_task_moved: [1,1,7]
01-12 13:01:57.213 1116 1315 I wm_set_resumed_activity: [0,com.nttdocomo.android.homezozo/com.android.launcher3.Launcher,positionChildAt]
01-12 13:01:57.224 1116 1318 I input_focus: [Focus request c26cbf0 com.nttdocomo.android.homezozo/com.android.launcher3.Launcher,reason=UpdateInputWindows]
01-12 13:01:57.233 9627 9627 I sysui_multi_action: [757,35,758,2,1089,615]
01-12 13:01:57.239 9627 9627 I wm_on_paused_called: [249304413,com.android.settings.Settings,performPause]
01-12 13:01:57.241 1116 2501 I wm_finish_activity: [0,249304413,59,com.android.settings/.Settings,app-request]
01-12 13:01:57.270 2236 2236 I sysui_multi_action: [757,931,758,4,759,3,932,0,933,0]
01-12 13:01:57.332 2236 2236 I sysui_multi_action: [757,931,758,4,759,3,932,0,933,1]
01-12 13:01:57.354 1116 1315 I wm_new_intent: [0,58173627,54,com.nttdocomo.android.homezozo/com.android.launcher3.Launcher,android.intent.action.MAIN,NULL,NULL,268435712]
01-12 13:01:57.355 1116 1315 I wm_task_moved: [1,1,7]
01-12 13:01:57.358 1116 1315 I wm_set_resumed_activity: [0,com.nttdocomo.android.homezozo/com.android.launcher3.Launcher,positionChildAt]
01-12 13:01:57.382 3725 3725 I wm_on_paused_called: [58173627,com.android.launcher3.Launcher,performPause]
01-12 13:01:57.454 9627 9627 I wm_on_stop_called: [28911164,com.android.settings.SubSettings,LIFECYCLER_STOP_ACTIVITY]
01-12 13:01:57.467 1116 2513 I dvm_lock_sample: [system_server,1,Binder:1116_A,78,WindowManagerService.java,2229,int com.android.server.wm.WindowManagerService.relayoutWindow(com.android.server.wm.Session, android.view.IWindow, android.view.WindowManager$LayoutParams, int, int, int, int, long, android.window.ClientWindowFrames, android.util.MergedConfiguration, android.view.SurfaceControl, android.view.InsetsState, android.view.InsetsSourceControl[], android.graphics.Point),,0,null,15]
01-12 13:01:57.477 1116 2145 I input_focus: [Focus entering c26cbf0 com.nttdocomo.android.homezozo/com.android.launcher3.Launcher (server),reason=Window became focusable. Previous reason: NOT_VISIBLE]
01-12 13:01:57.479 2236 2236 I sysui_multi_action: [757,931,758,4,759,3,932,0,933,0]
01-12 13:01:57.481 1116 1313 I sysui_multi_action: [319,464,322,396,325,702,757,761,758,9,759,2,806,com.nttdocomo.android.homezozo,871,com.android.launcher3.Launcher,905,0,1320,8,1321,5]
01-12 13:01:57.489 1116 1378 I service_manager_slow: [10,platform_compat]
01-12 13:01:57.494 1116 3988 I dvm_lock_sample: [system_server,1,Binder:1116_11,104,ActivityTaskManagerService.java,5403,boolean com.android.server.wm.ActivityTaskManagerService$LocalService.isGetTasksAllowed(java.lang.String, int, int),,0,null,20]
01-12 13:01:57.510 3725 3725 I wm_on_resume_called: [58173627,com.android.launcher3.Launcher,LIFECYCLER_RESUME_ACTIVITY]
01-12 13:01:57.513 3725 3725 I wm_on_top_resumed_gained_called: [58173627,com.android.launcher3.Launcher,topStateChangedWhenResumed]
01-12 13:01:57.513 2236 2236 I sysui_multi_action: [757,931,758,4,759,3,932,0,933,1]
01-12 13:01:57.514 3725 3725 I wm_on_top_resumed_lost_called: [58173627,com.android.launcher3.Launcher,pausing]
01-12 13:01:57.520 3725 3725 I wm_on_paused_called: [58173627,com.android.launcher3.Launcher,performPause]
01-12 13:01:57.528 9627 9627 I wm_on_destroy_called: [28911164,com.android.settings.SubSettings,performDestroy]
01-12 13:01:57.535 3725 3725 I wm_on_resume_called: [58173627,com.android.launcher3.Launcher,LIFECYCLER_RESUME_ACTIVITY]
01-12 13:01:57.535 3725 3725 I wm_on_top_resumed_gained_called: [58173627,com.android.launcher3.Launcher,topWhenResuming]
01-12 13:01:57.555 1116 1315 I wm_new_intent: [0,58173627,54,com.nttdocomo.android.homezozo/com.android.launcher3.Launcher,android.intent.action.MAIN,NULL,NULL,268435712]
01-12 13:01:57.557 1116 1315 I wm_task_moved: [1,1,7]
01-12 13:01:57.557 1116 1315 I wm_set_resumed_activity: [0,com.nttdocomo.android.homezozo/com.android.launcher3.Launcher,positionChildAt]
01-12 13:01:57.604 3725 3725 I wm_on_top_resumed_lost_called: [58173627,com.android.launcher3.Launcher,pausing]
01-12 13:01:57.604 3725 3725 I wm_on_paused_called: [58173627,com.android.launcher3.Launcher,performPause]
01-12 13:01:57.640 1116 3510 I dvm_lock_sample: [system_server,0,Binder:1116_E,23,ActivityTaskManagerService.java,5600,android.content.res.CompatibilityInfo com.android.server.wm.ActivityTaskManagerService$LocalService.compatibilityInfoForPackage(android.content.pm.ApplicationInfo),TaskSnapshotCache.java,68,android.window.TaskSnapshot com.android.server.wm.TaskSnapshotCache.getSnapshot(int, int, boolean, boolean),4]
01-12 13:01:57.642 3725 3725 I wm_on_resume_called: [58173627,com.android.launcher3.Launcher,LIFECYCLER_RESUME_ACTIVITY]
01-12 13:01:57.642 3725 3725 I wm_on_top_resumed_gained_called: [58173627,com.android.launcher3.Launcher,topWhenResuming]
01-12 13:01:57.731 1116 1317 I wm_destroy_activity: [0,249304413,59,com.android.settings/.Settings,finish-imm:transit]
01-12 13:01:57.754 1116 1317 I wm_destroy_activity: [0,97550175,59,com.android.settings/.SubSettings,finish-imm:transit]
01-12 13:01:57.860 1116 1317 I dvm_lock_sample: [system_server,1,android.display,29,ProcessRecord.java,1269,void com.android.server.am.ProcessRecord.updateProcessInfo(boolean, boolean, boolean),ActivityManagerService.java,12115,int com.android.server.am.ActivityManagerService.bindIsolatedService(android.app.IApplicationThread, android.os.IBinder, android.content.Intent, java.lang.String, android.app.IServiceConnection, int, java.lang.String, java.lang.String, int),5]
01-12 13:01:57.945 9627 9627 I wm_on_stop_called: [249304413,com.android.settings.Settings,LIFECYCLER_STOP_ACTIVITY]
01-12 13:01:57.978 9627 9627 I wm_on_destroy_called: [249304413,com.android.settings.Settings,performDestroy]
01-12 13:01:58.007 3400 3400 I liblog : 3
01-12 13:01:58.026 9627 9627 I wm_on_stop_called: [97550175,com.android.settings.SubSettings,LIFECYCLER_STOP_ACTIVITY]
01-12 13:01:58.059 9627 9627 I wm_on_destroy_called: [97550175,com.android.settings.SubSettings,performDestroy]
01-12 13:01:58.078 1116 3394 I wm_task_removed: [59,removeChild:removeChild last r=ActivityRecord{5d07f5f u0 com.android.settings/.SubSettings t-1 f}} in t=Task{da60c1b #59 type=standard A=1000:com.android.settings.root U=0 visible=false mode=fullscreen translucent=true sz=0}]
01-12 13:01:58.078 1116 3394 I wm_task_removed: [59,removeChild]
01-12 13:01:58.250 1116 2145 I input_interaction: Interaction with: c26cbf0 com.nttdocomo.android.homezozo/com.android.launcher3.Launcher (server), e4b8c5 com.android.systemui.ImageWallpaper (server), PointerEventDispatcher0 (server),
01-12 13:01:58.412 1116 1317 I sysui_multi_action: [757,856,758,1,806,android,857,com.android.server.wm.AlertWindowNotification - com.nttdocomo.android.mascot,858,1]
01-12 13:01:58.429 1116 1116 I notification_enqueue: [1000,1116,android,0,com.android.server.wm.AlertWindowNotification - com.nttdocomo.android.mascot,0,Notification(channel=com.android.server.wm.AlertWindowNotification - com.nttdocomo.android.mascot shortcut=null contentView=null vibrate=null sound=null defaults=0x0 flags=0x102 color=0x00000000 vis=PRIVATE),0]
01-12 13:01:58.452 1116 1199 I wm_task_moved: [56,1,6]
01-12 13:01:58.452 1116 1199 I wm_task_to_front: [0,56]
01-12 13:01:58.453 1116 1199 I wm_focused_root_task: [0,0,56,1,bringingFoundTaskToFront]
01-12 13:01:58.454 1116 1199 I wm_set_resumed_activity: [0,com.nttdocomo.android.mymagazine/.ui.AgreementActivity,bringingFoundTaskToFront]
01-12 13:01:58.462 1116 1199 I wm_pause_activity: [0,58173627,com.nttdocomo.android.homezozo/com.android.launcher3.Launcher,userLeaving=true,pauseBackTasks]
01-12 13:01:58.632 1116 1116 I sysui_multi_action: [757,1501,758,1,793,205,794,0,795,205,796,0,797,com.android.server.wm.AlertWindowNotification - com.nttdocomo.android.mascot,806,android,857,com.android.server.wm.Alert-fef85b51,858,1,947,0,1500,0,1688,1,1745,2098068913]
01-12 13:01:58.633 1116 1116 I sysui_multi_action: [757,804,799,note_interruptive,801,0,802,1]
01-12 13:01:58.650 3725 3725 I wm_on_top_resumed_lost_called: [58173627,com.android.launcher3.Launcher,topStateChangedWhenResumed]
01-12 13:01:58.652 3725 3725 I wm_on_paused_called: [58173627,com.android.launcher3.Launcher,performPause]
01-12 13:01:58.667 1116 10193 I wm_set_resumed_activity: [0,com.nttdocomo.android.mymagazine/.ui.AgreementActivity,resumeTopActivityInnerLocked]
01-12 13:01:58.669 1116 1317 I am_uid_active: 10080
01-12 13:01:58.670 1116 10193 I wm_add_to_stopping: [0,58173627,com.nttdocomo.android.homezozo/com.android.launcher3.Launcher,makeInvisible]
01-12 13:01:58.684 1116 10193 I wm_resume_activity: [0,121520455,56,com.nttdocomo.android.mymagazine/.ui.AgreementActivity]
01-12 13:01:58.710 1116 1316 I commit_sys_config_file: [notification-policy,627230]
01-12 13:01:58.736 1116 1317 I sysui_multi_action: [757,803,799,window_time_0,802,2]
01-12 13:01:58.747 9367 9367 I wm_on_restart_called: [121520455,com.nttdocomo.android.mymagazine.ui.AgreementActivity,performRestartActivity]
01-12 13:01:58.755 1116 2145 I input_focus: [Focus leaving c26cbf0 com.nttdocomo.android.homezozo/com.android.launcher3.Launcher (server),reason=NO_WINDOW]
01-12 13:01:58.766 9367 9367 I wm_on_start_called: [121520455,com.nttdocomo.android.mymagazine.ui.AgreementActivity,handleStartActivity]
01-12 13:01:58.790 1116 1116 I notification_cancel_all: [10080,9367,com.nttdocomo.android.mymagazine,0,0,64,9,NULL]
01-12 13:01:58.840 1116 1317 I sysui_multi_action: [757,856,758,2,806,android,857,com.android.server.wm.AlertWindowNotification - com.nttdocomo.android.mascot,858,1]
01-12 13:01:58.843 1116 1116 I sysui_multi_action: [757,128,758,5,759,8,793,416,794,0,795,416,796,0,797,com.android.server.wm.AlertWindowNotification - com.nttdocomo.android.mascot,806,android,857,com.android.server.wm.Alert-fef85b51,858,1,947,0,1500,211,1688,1,1745,2098068913]
01-12 13:01:58.844 1116 1116 I notification_canceled: [0|android|0|com.android.server.wm.AlertWindowNotification - com.nttdocomo.android.mascot|1000,8,416,416,0,-1,-1,NULL]
01-12 13:01:58.844 1116 1116 I notification_cancel_all: [1000,1116,android,0,0,0,20,NULL]
01-12 13:01:58.859 1116 1116 I service_manager_slow: [14,platform_compat]
01-12 13:01:58.867 9367 9367 I wm_on_resume_called: [121520455,com.nttdocomo.android.mymagazine.ui.AgreementActivity,RESUME_ACTIVITY]
01-12 13:01:58.868 9367 9367 I wm_on_top_resumed_gained_called: [121520455,com.nttdocomo.android.mymagazine.ui.AgreementActivity,topWhenResuming]
01-12 13:01:58.888 1116 1318 I input_focus: [Focus request ccf4ba4 com.nttdocomo.android.mymagazine/com.nttdocomo.android.mymagazine.ui.AgreementActivity,reason=UpdateInputWindows]
01-12 13:01:59.009 1116 2145 I input_interaction: Interaction with: 78595d5 StatusBar (server), PointerEventDispatcher0 (server),
01-12 13:01:59.048 1116 1317 I dvm_lock_sample: [system_server,1,android.display,30,WindowManagerService.java,5330,void com.android.server.wm.WindowManagerService$H.handleMessage(android.os.Message),WindowSurfacePlacer.java,58,void com.android.server.wm.WindowSurfacePlacer$Traverser.run(),6]
01-12 13:01:59.090 1116 1904 I wm_stop_activity: [0,58173627,com.nttdocomo.android.homezozo/com.android.launcher3.Launcher]
01-12 13:01:59.116 2236 2236 I sysui_multi_action: [757,803,799,panel_open,802,1]
01-12 13:01:59.122 2236 2236 I sysui_multi_action: [757,1328,758,4,1326,79,1327,0,1329,0]
01-12 13:01:59.123 1116 2145 I input_focus: [Focus entering ccf4ba4 com.nttdocomo.android.mymagazine/com.nttdocomo.android.mymagazine.ui.AgreementActivity (server),reason=Window became focusable. Previous reason: NOT_VISIBLE]
01-12 13:01:59.161 1116 1313 I sysui_multi_action: [319,269,321,247,322,665,325,703,757,761,758,9,759,4,806,com.nttdocomo.android.mymagazine,871,com.nttdocomo.android.mymagazine.ui.AgreementActivity,904,com.nttdocomo.android.mymagazine,905,0,1320,8,1321,5]
01-12 13:01:59.184 1116 1316 I commit_sys_config_file: [notification-policy,627702]
01-12 13:01:59.228 1116 3394 I sysui_multi_action: [757,127,758,1]
01-12 13:01:59.228 1116 3394 I sysui_multi_action: [757,804,799,note_load,801,6,802,1]
01-12 13:01:59.228 1116 3394 I notification_panel_revealed: 6
01-12 13:01:59.249 3725 3725 I wm_on_stop_called: [58173627,com.android.launcher3.Launcher,STOP_ACTIVITY_ITEM]
01-12 13:01:59.360 1116 1318 I input_focus: [Focus request 33812c7 NotificationShade,reason=UpdateInputWindows]
01-12 13:01:59.388 1116 2145 I input_focus: [Focus leaving ccf4ba4 com.nttdocomo.android.mymagazine/com.nttdocomo.android.mymagazine.ui.AgreementActivity (server),reason=Waiting for window because NOT_VISIBLE]
01-12 13:01:59.429 1116 1377 I am_pss : [9651,10196,com.qualcomm.qti.qccauthmgr,6883328,4145152,1332224,52912128,0,19,22]
01-12 13:01:59.475 1116 2145 I input_focus: [Focus entering 33812c7 NotificationShade (server),reason=Window became focusable. Previous reason: NOT_VISIBLE]
01-12 13:01:59.796 1116 2501 I sysui_multi_action: [757,128,758,1,793,47524,794,0,795,47524,796,17303299,797,com.android.wifi,798,3,806,android,857,NETWORK_AVAILABLE,858,2,947,0,1395,6,1500,47319,1688,1]
01-12 13:01:59.797 1116 2501 I sysui_multi_action: [757,804,799,note_freshness,801,47524,802,1]
01-12 13:01:59.798 1116 2501 I notification_visibility: [0|android|17303299|com.android.wifi|1000,1,47524,47524,0,3]
01-12 13:01:59.801 1116 2501 I sysui_multi_action: [757,128,758,1,793,567417,794,0,795,59034,796,4927,798,2,806,com.tblenovo.lewea,857,tblenovo.channel.WEATHER,858,2,947,0,1395,6,1500,59034,1688,1]
01-12 13:01:59.801 1116 2501 I sysui_multi_action: [757,804,799,note_freshness,801,59034,802,1]
01-12 13:01:59.801 1116 2501 I notification_visibility: [0|com.tblenovo.lewea|4927|null|10120,1,567417,59034,0,2]
01-12 13:01:59.802 1116 2501 I sysui_multi_action: [757,128,758,1,793,580707,794,0,795,580707,796,9,798,0,806,com.google.android.setupwizard,857,suw_consolidate_foreground_-e437bac7,858,3,947,0,1395,6,1500,580503,1688,1]
01-12 13:01:59.802 1116 2501 I sysui_multi_action: [757,804,799,note_freshness,801,580707,802,1]
01-12 13:01:59.803 1116 2501 I notification_visibility: [0|com.google.android.setupwizard|9|null|10177,1,580707,580707,0,0]
01-12 13:01:59.805 1116 2501 I sysui_multi_action: [757,128,758,1,793,589088,794,0,795,589088,796,10,798,5,806,com.nttdocomo.android.mascot,857,channelResident3,858,2,946,notification_group_key_resident,947,0,1395,6,1500,588877,1688,1,1745,-868672399]
01-12 13:01:59.805 1116 2501 I sysui_multi_action: [757,804,799,note_freshness,801,589088,802,1]
01-12 13:01:59.805 1116 2501 I notification_visibility: [0|com.nttdocomo.android.mascot|10|null|10063,1,589088,589088,0,5]
01-12 13:01:59.806 1116 2501 I sysui_multi_action: [757,128,758,1,793,563711,794,0,795,563711,796,1,798,1,806,com.nttdocomo.android.lpa,857,NotificationChannel,858,2,947,0,1395,6,1500,563497,1688,1,1745,2098068913]
01-12 13:01:59.807 1116 2501 I sysui_multi_action: [757,804,799,note_freshness,801,563711,802,1]
01-12 13:01:59.807 1116 2501 I notification_visibility: [0|com.nttdocomo.android.lpa|1|null|10051,1,563711,563711,0,1]
01-12 13:01:59.808 1116 2501 I sysui_multi_action: [757,128,758,1,793,466423,794,0,795,466423,796,1,798,4,806,jp.co.omronsoft.android.decoemojimanager_docomo,857,permit,858,2,947,0,1395,6,1500,466216,1688,1,1745,2098068913]
01-12 13:01:59.808 1116 2501 I sysui_multi_action: [757,804,799,note_freshness,801,466423,802,1]
01-12 13:01:59.808 1116 2501 I notification_visibility: [0|jp.co.omronsoft.android.decoemojimanager_docomo|1|null|10112,1,466423,466423,0,4]
01-12 13:02:00.741 1116 2145 I input_interaction: Interaction with: 33812c7 NotificationShade (server), PointerEventDispatcher0 (server),
01-12 13:02:00.767 1116 1116 I notification_enqueue: [10120,4927,com.tblenovo.lewea,4927,NULL,0,Notification(channel=tblenovo.channel.WEATHER shortcut=null contentView=null vibrate=null sound=null defaults=0x0 flags=0x40 color=0x00000000 vis=PRIVATE),1]
01-12 13:02:00.808 1116 1116 I notification_enqueue: [10120,4927,com.tblenovo.lewea,4927,NULL,0,Notification(channel=tblenovo.channel.WEATHER shortcut=null contentView=com.tblenovo.lewea/0x7f090018 vibrate=null sound=null defaults=0x0 flags=0x50 color=0x00000000 vis=PUBLIC),1]
01-12 13:02:01.022 1116 1316 I commit_sys_config_file: [notification-policy,629542]
01-12 13:02:01.201 2236 2236 I sysui_multi_action: [757,366,758,4,759,126,927,0,928,1,1592,0,1593,0]
01-12 13:02:01.312 1116 6346 I wm_task_created: [60,-1]
01-12 13:02:01.330 1116 6346 I wm_task_moved: [60,1,7]
01-12 13:02:01.330 1116 6346 I wm_task_to_front: [0,60]
01-12 13:02:01.332 1116 6346 I wm_create_task: [0,60]
01-12 13:02:01.332 1116 6346 I wm_create_activity: [0,181369335,60,com.android.settings/.Settings$WifiSettingsActivity,android.settings.WIFI_SETTINGS,NULL,NULL,335544320]
01-12 13:02:01.333 1116 6346 I wm_task_moved: [60,1,7]
01-12 13:02:01.335 9367 9367 I wm_on_top_resumed_lost_called: [121520455,com.nttdocomo.android.mymagazine.ui.AgreementActivity,topStateChangedWhenResumed]
01-12 13:02:01.347 1116 6346 I wm_pause_activity: [0,121520455,com.nttdocomo.android.mymagazine/.ui.AgreementActivity,userLeaving=true,pauseBackTasks]
01-12 13:02:01.365 1116 1318 I dvm_lock_sample: [system_server,1,android.anim,45,WindowAnimator.java,103,void com.android.server.wm.WindowAnimator.lambda$new$1$WindowAnimator(long),,0,null,9]
01-12 13:02:01.402 9367 9367 I wm_on_paused_called: [121520455,com.nttdocomo.android.mymagazine.ui.AgreementActivity,performPause]
01-12 13:02:01.421 1116 6346 I wm_add_to_stopping: [0,121520455,com.nttdocomo.android.mymagazine/.ui.AgreementActivity,makeInvisible]
01-12 13:02:01.425 1116 6346 I wm_restart_activity: [0,181369335,60,com.android.settings/.Settings$WifiSettingsActivity]
01-12 13:02:01.430 1116 6346 I wm_set_resumed_activity: [0,com.android.settings/.Settings$WifiSettingsActivity,minimalResumeActivityLocked]
01-12 13:02:01.471 1116 1317 I sysui_multi_action: [757,803,799,window_time_0,802,2]
01-12 13:02:01.614 1116 6346 I netstats_mobile_sample: [0,0,0,0,0,0,0,0,0,0,0,0,1673528521614]
01-12 13:02:01.615 1116 6346 I netstats_wifi_sample: [0,0,0,0,0,0,0,0,0,0,0,0,1673528521614]
01-12 13:02:01.655 1116 6346 I netstats_mobile_sample: [0,0,0,0,0,0,0,0,0,0,0,0,1673528521655]
01-12 13:02:01.655 1116 6346 I netstats_wifi_sample: [0,0,0,0,0,0,0,0,0,0,0,0,1673528521655]
01-12 13:02:01.670 9627 9627 I wm_on_create_called: [181369335,com.android.settings.Settings$WifiSettingsActivity,performCreate]
01-12 13:02:01.741 1116 1116 I dvm_lock_sample: [system_server,0,main,135,WindowManagerService.java,2836,void com.android.server.wm.WindowManagerService.removeWindowToken(android.os.IBinder, boolean, boolean, int),WindowSurfacePlacer.java,58,void com.android.server.wm.WindowSurfacePlacer$Traverser.run(),27]
01-12 13:02:01.771 2741 2741 D TelephonyNetworkFactory[0]: got request NetworkRequest [ REQUEST id=191, [ Capabilities: INTERNET&NOT_RESTRICTED&TRUSTED&NOT_VCN_MANAGED Uid: 1000 RequestorUid: 1000 RequestorPkg: com.android.settings UnderlyingNetworks: Null] ]
01-12 13:02:01.771 2741 2741 D TelephonyNetworkFactory[0]: onNeedNetworkFor NetworkRequest [ REQUEST id=191, [ Capabilities: INTERNET&NOT_RESTRICTED&TRUSTED&NOT_VCN_MANAGED Uid: 1000 RequestorUid: 1000 RequestorPkg: com.android.settings UnderlyingNetworks: Null] ] shouldApply false
01-12 13:02:01.775 9627 9627 I wm_on_start_called: [181369335,com.android.settings.Settings$WifiSettingsActivity,handleStartActivity]
01-12 13:02:01.776 9627 9627 I snet_event_log: [120484087,-1,]
01-12 13:02:01.784 9627 9627 I wm_on_resume_called: [181369335,com.android.settings.Settings$WifiSettingsActivity,RESUME_ACTIVITY]
01-12 13:02:01.788 9627 9627 I sysui_multi_action: [757,103,758,1,833,0,1089,259]
01-12 13:02:01.807 9627 9627 I wm_on_top_resumed_gained_called: [181369335,com.android.settings.Settings$WifiSettingsActivity,topStateChangedWhenResumed]
01-12 13:02:02.022 1116 1313 I sysui_multi_action: [319,452,321,316,322,689,325,706,757,761,758,8,759,1,806,com.android.settings,871,com.android.settings.Settings$WifiSettingsActivity,904,com.android.systemui,905,0,1320,8,1321,5]
01-12 13:02:02.030 1116 1313 I wm_activity_launch_time: [0,181369335,com.android.settings/.Settings$WifiSettingsActivity,689]
01-12 13:02:02.342 1116 1317 I wm_stop_activity: [0,121520455,com.nttdocomo.android.mymagazine/.ui.AgreementActivity]
01-12 13:02:02.359 1116 8900 I sysui_multi_action: [757,128,758,2,793,50087,794,2563,795,50087,796,17303299,797,com.android.wifi,798,3,806,android,857,NETWORK_AVAILABLE,858,2,947,0,1395,6,1500,49882,1688,1]
