01-12 13:08:39.410 1116 1378 I am_wtf : [0,1116,system_server,-1,DisplayDeviceConfig,requesting nits when no mapping exists.]
01-12 13:08:39.418 1116 1378 I am_wtf : [0,1116,system_server,-1,DisplayDeviceConfig,requesting nits when no mapping exists.]
01-12 13:08:39.424 1116 1378 I am_wtf : [0,1116,system_server,-1,DisplayDeviceConfig,requesting nits when no mapping exists.]
01-12 13:08:39.428 1116 1378 I am_wtf : [0,1116,system_server,-1,DisplayDeviceConfig,requesting nits when no mapping exists.]
01-12 13:08:39.431 1116 1378 I am_wtf : [0,1116,system_server,-1,DisplayDeviceConfig,requesting nits when no mapping exists.]
01-12 13:08:39.443 1116 1378 I am_wtf : [0,1116,system_server,-1,DisplayDeviceConfig,requesting nits when no mapping exists.]
01-12 13:08:39.445 1116 1378 I am_wtf : [0,1116,system_server,-1,DisplayDeviceConfig,requesting nits when no mapping exists.]
01-12 13:08:39.460 1116 1378 I am_wtf : [0,1116,system_server,-1,DisplayDeviceConfig,requesting nits when no mapping exists.]
01-12 13:08:39.462 1116 1378 I am_wtf : [0,1116,system_server,-1,DisplayDeviceConfig,requesting nits when no mapping exists.]
01-12 13:08:39.479 1116 1378 I am_wtf : [0,1116,system_server,-1,DisplayDeviceConfig,requesting nits when no mapping exists.]
01-12 13:08:39.481 1116 1378 I am_wtf : [0,1116,system_server,-1,DisplayDeviceConfig,requesting nits when no mapping exists.]
01-12 13:08:39.500 1116 1378 I am_wtf : [0,1116,system_server,-1,DisplayDeviceConfig,requesting nits when no mapping exists.]
01-12 13:08:39.510 1116 1378 I am_wtf : [0,1116,system_server,-1,DisplayDeviceConfig,requesting nits when no mapping exists.]
01-12 13:08:39.513 1116 1378 I service_manager_stats: [100,229,234401]
01-12 13:08:39.514 1116 1378 I am_wtf : [0,1116,system_server,-1,DisplayDeviceConfig,requesting nits when no mapping exists.]
01-12 13:08:39.518 1116 1378 I am_wtf : [0,1116,system_server,-1,DisplayDeviceConfig,requesting nits when no mapping exists.]
01-12 13:08:39.532 1116 1378 I am_wtf : [0,1116,system_server,-1,DisplayDeviceConfig,requesting nits when no mapping exists.]
01-12 13:08:39.535 1116 1378 I am_wtf : [0,1116,system_server,-1,DisplayDeviceConfig,requesting nits when no mapping exists.]
01-12 13:08:39.544 1116 1378 I am_wtf : [0,1116,system_server,-1,DisplayDeviceConfig,requesting nits when no mapping exists.]
01-12 13:08:39.547 1116 1378 I am_wtf : [0,1116,system_server,-1,DisplayDeviceConfig,requesting nits when no mapping exists.]
01-12 13:08:39.565 1116 1378 I am_wtf : [0,1116,system_server,-1,DisplayDeviceConfig,requesting nits when no mapping exists.]
01-12 13:08:39.573 1116 1378 I am_wtf : [0,1116,system_server,-1,DisplayDeviceConfig,requesting nits when no mapping exists.]
01-12 13:08:39.588 1116 1378 I am_wtf : [0,1116,system_server,-1,DisplayDeviceConfig,requesting nits when no mapping exists.]
01-12 13:08:39.591 1116 1378 I am_wtf : [0,1116,system_server,-1,DisplayDeviceConfig,requesting nits when no mapping exists.]
01-12 13:08:39.595 1116 1378 I am_wtf : [0,1116,system_server,-1,DisplayDeviceConfig,requesting nits when no mapping exists.]
01-12 13:08:39.599 1116 1378 I am_wtf : [0,1116,system_server,-1,DisplayDeviceConfig,requesting nits when no mapping exists.]
01-12 13:08:39.610 1116 1378 I am_wtf : [0,1116,system_server,-1,DisplayDeviceConfig,requesting nits when no mapping exists.]
01-12 13:08:39.612 1116 1378 I am_wtf : [0,1116,system_server,-1,DisplayDeviceConfig,requesting nits when no mapping exists.]
01-12 13:08:39.626 1116 1378 I am_wtf : [0,1116,system_server,-1,DisplayDeviceConfig,requesting nits when no mapping exists.]
01-12 13:08:39.630 1116 1378 I am_wtf : [0,1116,system_server,-1,DisplayDeviceConfig,requesting nits when no mapping exists.]
01-12 13:08:39.644 1116 1378 I am_wtf : [0,1116,system_server,-1,DisplayDeviceConfig,requesting nits when no mapping exists.]
01-12 13:08:39.646 1116 1378 I am_wtf : [0,1116,system_server,-1,DisplayDeviceConfig,requesting nits when no mapping exists.]
01-12 13:08:39.661 1116 1378 I am_wtf : [0,1116,system_server,-1,DisplayDeviceConfig,requesting nits when no mapping exists.]
01-12 13:08:39.664 1116 1378 I am_wtf : [0,1116,system_server,-1,DisplayDeviceConfig,requesting nits when no mapping exists.]
01-12 13:08:39.685 1116 1378 I am_wtf : [0,1116,system_server,-1,DisplayDeviceConfig,requesting nits when no mapping exists.]
01-12 13:08:39.689 1116 1378 I am_wtf : [0,1116,system_server,-1,DisplayDeviceConfig,requesting nits when no mapping exists.]
01-12 13:08:39.694 1116 1378 I am_wtf : [0,1116,system_server,-1,DisplayDeviceConfig,requesting nits when no mapping exists.]
01-12 13:08:39.696 1116 1378 I am_wtf : [0,1116,system_server,-1,DisplayDeviceConfig,requesting nits when no mapping exists.]
01-12 13:08:39.710 1116 1378 I am_wtf : [0,1116,system_server,-1,DisplayDeviceConfig,requesting nits when no mapping exists.]
01-12 13:08:39.714 1116 1378 I am_wtf : [0,1116,system_server,-1,DisplayDeviceConfig,requesting nits when no mapping exists.]
01-12 13:08:39.728 1116 1378 I am_wtf : [0,1116,system_server,-1,DisplayDeviceConfig,requesting nits when no mapping exists.]
01-12 13:08:39.734 1116 1378 I am_wtf : [0,1116,system_server,-1,DisplayDeviceConfig,requesting nits when no mapping exists.]
01-12 13:08:39.749 1116 1378 I am_wtf : [0,1116,system_server,-1,DisplayDeviceConfig,requesting nits when no mapping exists.]
01-12 13:08:39.752 1116 1378 I am_wtf : [0,1116,system_server,-1,DisplayDeviceConfig,requesting nits when no mapping exists.]
01-12 13:08:39.760 1116 1378 I am_wtf : [0,1116,system_server,-1,DisplayDeviceConfig,requesting nits when no mapping exists.]
01-12 13:08:39.763 1116 1378 I am_wtf : [0,1116,system_server,-1,DisplayDeviceConfig,requesting nits when no mapping exists.]
01-12 13:08:39.784 1116 1378 I am_wtf : [0,1116,system_server,-1,DisplayDeviceConfig,requesting nits when no mapping exists.]
01-12 13:08:39.790 1116 1378 I am_wtf : [0,1116,system_server,-1,DisplayDeviceConfig,requesting nits when no mapping exists.]
01-12 13:08:39.805 1116 1378 I am_wtf : [0,1116,system_server,-1,DisplayDeviceConfig,requesting nits when no mapping exists.]
01-12 13:08:39.812 1116 1378 I am_wtf : [0,1116,system_server,-1,DisplayDeviceConfig,requesting nits when no mapping exists.]
01-12 13:08:39.820 1116 1378 I am_wtf : [0,1116,system_server,-1,DisplayDeviceConfig,requesting nits when no mapping exists.]
01-12 13:08:39.824 1116 1378 I am_wtf : [0,1116,system_server,-1,DisplayDeviceConfig,requesting nits when no mapping exists.]
01-12 13:08:39.830 1116 1378 I am_wtf : [0,1116,system_server,-1,DisplayDeviceConfig,requesting nits when no mapping exists.]
01-12 13:08:39.834 1116 1378 I am_wtf : [0,1116,system_server,-1,DisplayDeviceConfig,requesting nits when no mapping exists.]
01-12 13:08:39.844 1116 1378 I am_wtf : [0,1116,system_server,-1,DisplayDeviceConfig,requesting nits when no mapping exists.]
01-12 13:08:39.846 1116 1378 I am_wtf : [0,1116,system_server,-1,DisplayDeviceConfig,requesting nits when no mapping exists.]
01-12 13:08:39.861 1116 1378 I am_wtf : [0,1116,system_server,-1,DisplayDeviceConfig,requesting nits when no mapping exists.]
01-12 13:08:39.864 1116 1378 I am_wtf : [0,1116,system_server,-1,DisplayDeviceConfig,requesting nits when no mapping exists.]
01-12 13:08:39.881 1116 1378 I am_wtf : [0,1116,system_server,-1,DisplayDeviceConfig,requesting nits when no mapping exists.]
01-12 13:08:39.888 1116 1378 I am_wtf : [0,1116,system_server,-1,DisplayDeviceConfig,requesting nits when no mapping exists.]
01-12 13:08:39.901 1116 1378 I am_wtf : [0,1116,system_server,-1,DisplayDeviceConfig,requesting nits when no mapping exists.]
01-12 13:08:39.908 1116 1378 I am_wtf : [0,1116,system_server,-1,DisplayDeviceConfig,requesting nits when no mapping exists.]
01-12 13:08:39.920 1116 1378 I am_wtf : [0,1116,system_server,-1,DisplayDeviceConfig,requesting nits when no mapping exists.]
01-12 13:08:39.927 1116 1378 I am_wtf : [0,1116,system_server,-1,DisplayDeviceConfig,requesting nits when no mapping exists.]
01-12 13:08:39.932 1116 1378 I am_wtf : [0,1116,system_server,-1,DisplayDeviceConfig,requesting nits when no mapping exists.]
01-12 13:08:39.934 1116 1378 I am_wtf : [0,1116,system_server,-1,DisplayDeviceConfig,requesting nits when no mapping exists.]
01-12 13:08:39.944 1116 1378 I am_wtf : [0,1116,system_server,-1,DisplayDeviceConfig,requesting nits when no mapping exists.]
01-12 13:08:39.947 1116 1378 I am_wtf : [0,1116,system_server,-1,DisplayDeviceConfig,requesting nits when no mapping exists.]
01-12 13:08:46.268 1116 1564 I power_sleep_requested: 0
01-12 13:08:46.336 1116 1377 I am_pss : [11850,10218,com.nextdoordeveloper.miperf.miperf,68272128,58818560,108544,167600128,0,2,24]
01-12 13:08:46.556 1116 1564 I sysui_multi_action: [757,1696,758,6,759,0]
01-12 13:08:46.565 1116 1378 I am_wtf : [0,1116,system_server,-1,DisplayDeviceConfig,requesting nits when no mapping exists.]
01-12 13:08:46.568 1116 1378 I am_wtf : [0,1116,system_server,-1,DisplayDeviceConfig,requesting nits when no mapping exists.]
01-12 13:08:46.654 1116 1564 I wm_pause_activity: [0,54403332,com.nextdoordeveloper.miperf.miperf/.MainActivity,userLeaving=false,sleep]
01-12 13:08:46.655 11850 11850 I wm_on_top_resumed_lost_called: [54403332,com.nextdoordeveloper.miperf.miperf.MainActivity,topStateChangedWhenResumed]
01-12 13:08:46.720 11850 11850 I wm_on_paused_called: [54403332,com.nextdoordeveloper.miperf.miperf.MainActivity,performPause]
01-12 13:08:46.726 1116 8336 I wm_add_to_stopping: [0,54403332,com.nextdoordeveloper.miperf.miperf/.MainActivity,completePauseLocked]
01-12 13:08:46.758 1116 1317 I wm_stop_activity: [0,54403332,com.nextdoordeveloper.miperf.miperf/.MainActivity]
01-12 13:08:46.780 1116 1317 I sysui_multi_action: [757,803,799,window_time_0,802,211]
01-12 13:08:46.782 2741 2741 D RILJ : [0065]> SET_UNSOLICITED_RESPONSE_FILTER 126 [PHONE0]
01-12 13:08:46.862 11850 11850 I wm_on_stop_called: [54403332,com.nextdoordeveloper.miperf.miperf.MainActivity,STOP_ACTIVITY_ITEM]
01-12 13:08:46.972 1116 2145 I input_focus: [Focus leaving 9c2292c com.nextdoordeveloper.miperf.miperf/com.nextdoordeveloper.miperf.miperf.MainActivity (server),reason=NO_WINDOW]
01-12 13:08:46.994 1116 1313 I sysui_multi_action: [757,223,758,1]
01-12 13:08:47.085 2741 2959 D RILJ : [0065]< SET_UNSOLICITED_RESPONSE_FILTER [PHONE0]
01-12 13:08:47.102 2236 2236 I sysui_multi_action: [757,111,758,1]
01-12 13:08:47.105 2236 2236 I sysui_multi_action: [757,126,758,1,759,126,927,0,928,1,1593,0]
01-12 13:08:47.106 2236 2236 I sysui_multi_action: [757,123,758,1,759,123,927,1,928,0,1593,0]
01-12 13:08:47.107 2236 2236 I sysui_multi_action: [757,112,758,1,759,112,927,2,928,0,1593,0]
01-12 13:08:47.108 2236 2236 I sysui_multi_action: [757,268,758,1,759,268,806,com.google.android.gms,871,com.google.android.gms.nearby.sharing.SharingTileService,927,3,1593,0]
01-12 13:08:47.122 1116 8906 I wm_set_keyguard_shown: [0,1,0,setKeyguardShown]
01-12 13:08:47.147 2236 2236 I sysui_multi_action: [757,196,758,2,759,0]
01-12 13:08:47.148 2236 2236 I sysui_status_bar_state: [1,0,0,0,0,1]
01-12 13:08:47.215 1116 6346 I sysui_multi_action: [757,127,758,1]
01-12 13:08:47.216 1116 6346 I sysui_multi_action: [757,804,799,note_load,801,8,802,1]
01-12 13:08:47.219 1116 6346 I notification_panel_revealed: 8
01-12 13:08:47.250 1116 1564 I sysui_multi_action: [757,1696,758,6,759,1]
01-12 13:08:47.252 1116 1116 I sysui_multi_action: [757,198,758,2,759,3,1359,995,1695,2]
01-12 13:08:47.252 1116 1116 I power_screen_state: [0,3,0,0,995]
01-12 13:08:47.252 1116 1116 I screen_toggled: 0
01-12 13:08:47.253 1116 1116 I sysui_multi_action: [757,804,799,screen_timeout,801,60,802,1]
01-12 13:08:47.254 1116 1116 I sysui_multi_action: [757,1594,758,4,759,-2147483648,1359,672608]
01-12 13:08:47.254 1116 1116 I power_screen_broadcast_send: 1
01-12 13:08:47.452 1116 8336 I sysui_multi_action: [757,127,758,2]
01-12 13:08:47.453 1116 8336 I notification_panel_hidden:
01-12 13:08:47.482 1116 1318 I input_focus: [Focus request 33812c7 NotificationShade,reason=UpdateInputWindows]
01-12 13:08:47.522 1116 2145 I input_focus: [Focus entering 33812c7 NotificationShade (server),reason=setFocusedWindow]
01-12 13:08:47.942 1116 1116 I battery_saving_stats: [0,1,0,250685,0,0,576981,-50770,-2]
01-12 13:08:47.962 2741 2741 D QtiDCT-C: [0]screen off
01-12 13:08:47.962 2741 2741 D QtiDCT-C: [0]stopNetStatPoll
01-12 13:08:48.283 2741 3059 D SubscriptionController: [getSlotIndex]- subId invalid
01-12 13:08:48.339 1116 3510 I wm_task_moved: [64,0,0]
01-12 13:08:48.343 1116 3510 I wm_task_moved: [65,0,-2147483648]
01-12 13:08:48.359 1116 3971 I dvm_lock_sample: [system_server,1,Binder:1116_10,21,ActivityTaskManagerService.java,5600,android.content.res.CompatibilityInfo com.android.server.wm.ActivityTaskManagerService$LocalService.compatibilityInfoForPackage(android.content.pm.ApplicationInfo),TaskChangeNotificationController.java,342,void com.android.server.wm.TaskChangeNotificationController.forAllLocalListeners(com.android.server.wm.TaskChangeNotificationController$TaskStackConsumer, android.os.Message),4]
01-12 13:08:48.368 1116 1116 I power_screen_broadcast_done: [0,1113,1]
01-12 13:08:51.402 1116 8336 I wm_set_keyguard_shown: [1,1,0,setKeyguardShown]
01-12 13:08:51.516 2236 2236 I sysui_multi_action: [757,196,758,1,759,0]
01-12 13:08:51.516 2236 2236 I sysui_status_bar_state: [1,1,0,0,0,1]
01-12 13:08:51.576 1116 1317 I user_activity_timeout_override: 10000
01-12 13:09:30.292 1116 1378 I am_wtf : [0,1116,system_server,-1,ActivityManager,Sending non-protected broadcast com.lenovo.action.CAPSENSOR_SIM from system 1116:system/1000 pkg android]
01-12 13:09:30.301 1116 1378 I am_wtf : [0,1116,system_server,-1,ActivityManager,Sending non-protected broadcast com.lenovo.action.CAPSENSOR_SIM from system 1116:system/1000 pkg android]
01-12 13:09:30.302 2741 2741 D QtiRilInterface: Received com.lenovo.action.CAPSENSOR_SIM
01-12 13:09:30.302 2741 2741 D QtiRilInterface: capsensor_value is 2
01-12 13:09:30.468 1116 2146 I sysui_multi_action: [757,804,799,power_consecutive_short_tap_count,801,1,802,1]
01-12 13:09:30.468 1116 2146 I sysui_multi_action: [757,804,799,power_double_tap_interval,801,716448,802,1]
01-12 13:09:30.469 1116 2146 I intercept_power: [ACTION_DOWN,0,0]
01-12 13:09:30.504 1116 1313 I sysui_multi_action: [757,223,758,2]
01-12 13:09:30.506 1116 1313 I sysui_multi_action: [757,804,799,dozing_minutes,801,0,802,1]
01-12 13:09:30.508 1116 1116 I screen_toggled: 1
01-12 13:09:30.511 1116 1116 I power_screen_broadcast_send: 1
01-12 13:09:30.512 1116 1564 I sysui_multi_action: [757,1696,758,6,759,3]
01-12 13:09:30.545 1116 1564 I dvm_lock_sample: [system_server,1,PowerManagerService,32,PowerManagerService.java,4746,void com.android.server.power.PowerManagerService$DreamReceiver.onReceive(android.content.Context, android.content.Intent),-,3371,void com.android.server.power.PowerManagerService$1.onDisplayStateChange(boolean, boolean),6]
01-12 13:09:30.551 2741 2741 D RILJ : [0066]> SET_UNSOLICITED_RESPONSE_FILTER 127 [PHONE0]
01-12 13:09:30.597 2741 2959 D RILJ : [0066]< SET_UNSOLICITED_RESPONSE_FILTER [PHONE0]
01-12 13:09:30.601 1116 1377 I am_pss : [12276,10128,com.google.android.configupdater,12703744,7962624,1660928,66015232,0,19,20]
01-12 13:09:30.610 1116 1116 I notification_enqueue: [10120,4927,com.tblenovo.lewea,4927,NULL,0,Notification(channel=tblenovo.channel.WEATHER shortcut=null contentView=null vibrate=null sound=null defaults=0x0 flags=0x40 color=0x00000000 vis=PRIVATE),1]
01-12 13:09:30.632 1116 2501 I wm_set_keyguard_shown: [1,0,0,setKeyguardShown]
01-12 13:09:30.641 1116 2146 I intercept_power: [ACTION_UP,0,0]
01-12 13:09:30.849 1116 1316 I commit_sys_config_file: [notification-policy,1079369]
01-12 13:09:30.867 1116 3971 I sysui_multi_action: [757,127,758,1]
01-12 13:09:30.873 1116 3971 I sysui_multi_action: [757,804,799,note_load,801,8,802,1]
01-12 13:09:30.874 1116 3971 I notification_panel_revealed: 8
01-12 13:09:30.884 1116 1378 I am_wtf : [0,1116,system_server,-1,DisplayDeviceConfig,requesting nits when no mapping exists.]
01-12 13:09:30.896 1116 1378 I am_wtf : [0,1116,system_server,-1,DisplayDeviceConfig,requesting nits when no mapping exists.]
01-12 13:09:31.079 1116 1116 I notification_enqueue: [10120,4927,com.tblenovo.lewea,4927,NULL,0,Notification(channel=tblenovo.channel.WEATHER shortcut=null contentView=com.tblenovo.lewea/0x7f090018 vibrate=null sound=null defaults=0x0 flags=0x50 color=0x00000000 vis=PUBLIC),1]
01-12 13:09:31.084 1116 1116 I sysui_multi_action: [757,198,758,1,759,1,1359,446,1694,1]
01-12 13:09:31.085 1116 1116 I power_screen_state: [1,0,0,0,446]
01-12 13:09:31.109 1116 1116 I battery_saving_stats: [0,0,0,43166,0,0,373497,0,-1]
01-12 13:09:31.125 2741 2741 D QtiDCT-C: [0]screen on
01-12 13:09:31.125 2741 2741 D QtiDCT-C: [0]stopNetStatPoll
01-12 13:09:31.255 1116 8906 I sysui_multi_action: [757,128,758,1,793,293690,794,0,795,293690,796,26,798,1,806,android,857,DEVELOPER_IMPORTANT,858,4,947,0,1395,8,1500,292994,1688,1]
01-12 13:09:31.256 1116 8906 I sysui_multi_action: [757,804,799,note_freshness,801,293690,802,1]
01-12 13:09:31.258 1116 8906 I notification_visibility: [-1|android|26|null|1000,1,293690,293690,0,1]
01-12 13:09:31.259 1116 8906 I sysui_multi_action: [757,128,758,1,793,412678,794,0,795,412678,796,741,797,ConnectivityNotification:100,798,2,806,android,857,NETWORK_ALERTS,858,4,947,0,1395,8,1500,412457,1688,1]
01-12 13:09:31.261 1116 8906 I sysui_multi_action: [757,804,799,note_freshness,801,412678,802,1]
01-12 13:09:31.262 1116 8906 I notification_visibility: [-1|android|741|ConnectivityNotification:100|1000,1,412678,412678,0,2]
01-12 13:09:31.263 1116 8906 I sysui_multi_action: [757,128,758,1,793,1032168,794,0,795,419915,796,9,798,0,806,com.google.android.setupwizard,857,suw_consolidate_foreground_-e437bac7,858,3,947,0,1395,8,1500,419915,1688,1]
01-12 13:09:31.264 1116 8906 I sysui_multi_action: [757,804,799,note_freshness,801,419915,802,1]
01-12 13:09:31.265 1116 8906 I notification_visibility: [0|com.google.android.setupwizard|9|null|10177,1,1032168,419915,0,0]
01-12 13:09:31.570 7135 7135 I auditd : type=1400 audit(0.0:381): avc: denied { read } for comm="novo.lsf.device" name="u:object_r:sn_default_prop:s0" dev="tmpfs" ino=23626 scontext=u:r:priv_app:s0:c512,c768 tcontext=u:object_r:sn_default_prop:s0 tclass=file permissive=0 app=com.lenovo.lsf.device
01-12 13:09:31.580 7135 7135 I auditd : type=1400 audit(0.0:382): avc: denied { read } for comm="novo.lsf.device" name="u:object_r:sn_default_prop:s0" dev="tmpfs" ino=23626 scontext=u:r:priv_app:s0:c512,c768 tcontext=u:object_r:sn_default_prop:s0 tclass=file permissive=0 app=com.lenovo.lsf.device
01-12 13:09:31.642 2741 3059 D SubscriptionController: [getSlotIndex]- subId invalid
01-12 13:09:31.654 1116 1116 I power_screen_broadcast_done: [1,1143,1]
01-12 13:09:32.101 1116 2145 I input_interaction: Interaction with: 33812c7 NotificationShade (server), PointerEventDispatcher0 (server),
01-12 13:09:32.217 2236 2236 I sysui_multi_action: [757,197,758,5,759,0]
01-12 13:09:32.227 1116 10559 I wm_set_keyguard_shown: [1,0,1,keyguardGoingAway]
01-12 13:09:32.234 1116 10559 I wm_set_resumed_activity: [0,com.nextdoordeveloper.miperf.miperf/.MainActivity,resumeTopActivityInnerLocked]
01-12 13:09:32.243 1116 10559 I wm_resume_activity: [0,54403332,67,com.nextdoordeveloper.miperf.miperf/.MainActivity]
01-12 13:09:32.264 11850 11850 I wm_on_restart_called: [54403332,com.nextdoordeveloper.miperf.miperf.MainActivity,performRestartActivity]
01-12 13:09:32.265 11850 11850 I wm_on_start_called: [54403332,com.nextdoordeveloper.miperf.miperf.MainActivity,handleStartActivity]
01-12 13:09:32.266 11850 11850 I wm_on_resume_called: [54403332,com.nextdoordeveloper.miperf.miperf.MainActivity,RESUME_ACTIVITY]
01-12 13:09:32.270 11850 11850 I wm_on_top_resumed_gained_called: [54403332,com.nextdoordeveloper.miperf.miperf.MainActivity,topWhenResuming]
01-12 13:09:32.530 2236 2236 I sysui_multi_action: [757,111,758,2]
01-12 13:09:32.544 1116 3510 I sysui_multi_action: [757,128,758,2,793,294980,794,1290,795,294980,796,26,798,1,806,android,857,DEVELOPER_IMPORTANT,858,4,947,0,1395,8,1500,294284,1688,1]
01-12 13:09:32.545 1116 3510 I notification_visibility: [-1|android|26|null|1000,0,294980,294980,0,1]
01-12 13:09:32.546 1116 3510 I sysui_multi_action: [757,128,758,2,793,413965,794,1287,795,413965,796,741,797,ConnectivityNotification:100,798,2,806,android,857,NETWORK_ALERTS,858,4,947,0,1395,8,1500,413744,1688,1]
01-12 13:09:32.546 1116 3510 I notification_visibility: [-1|android|741|ConnectivityNotification:100|1000,0,413965,413965,0,2]
01-12 13:09:32.552 1116 3510 I sysui_multi_action: [757,128,758,2,793,1033453,794,1285,795,421200,796,9,798,0,806,com.google.android.setupwizard,857,suw_consolidate_foreground_-e437bac7,858,3,947,0,1395,8,1500,421200,1688,1]
01-12 13:09:32.552 1116 3510 I notification_visibility: [0|com.google.android.setupwizard|9|null|10177,0,1033453,421200,0,0]
01-12 13:09:32.561 2236 2236 I sysui_multi_action: [757,196,758,2,759,0]
01-12 13:09:32.562 2236 2236 I sysui_status_bar_state: [0,0,0,0,0,1]
01-12 13:09:32.588 1116 2358 I wm_set_keyguard_shown: [0,0,1,setKeyguardShown]
01-12 13:09:32.653 1116 2358 I service_manager_slow: [12,platform_compat]
01-12 13:09:32.661 1116 1317 I user_activity_timeout_override: -1
01-12 13:09:32.673 1116 1318 I input_focus: [Focus request 9c2292c com.nextdoordeveloper.miperf.miperf/com.nextdoordeveloper.miperf.miperf.MainActivity,reason=UpdateInputWindows]
01-12 13:09:32.676 1116 1378 I dvm_lock_sample: [system_server,1,ActivityManager,63,BroadcastQueue.java,1051,void com.android.server.am.BroadcastQueue.processNextBroadcast(boolean),,0,null,12]
01-12 13:09:32.693 1116 2145 I input_focus: [Focus leaving 33812c7 NotificationShade (server),reason=NOT_FOCUSABLE]
01-12 13:09:32.693 1116 2145 I input_focus: [Focus entering 9c2292c com.nextdoordeveloper.miperf.miperf/com.nextdoordeveloper.miperf.miperf.MainActivity (server),reason=setFocusedWindow]
01-12 13:09:32.695 1116 8906 I am_uid_active: 10066
01-12 13:09:32.760 1116 3510 I sysui_multi_action: [757,127,758,2]
01-12 13:09:32.760 1116 3510 I notification_panel_hidden:
01-12 13:09:32.769 1116 2358 I am_uid_active: 10046
01-12 13:09:32.862 1116 1116 I notification_enqueue: [10066,7561,com.nttdocomo.android.wipe,3,NULL,0,Notification(channel=default shortcut=null contentView=null vibrate=null sound=null tick defaults=0x0 flags=0x42 color=0x00000000 vis=PRIVATE),0]
01-12 13:09:33.064 1116 1116 I sysui_multi_action: [757,1501,758,1,793,215,794,0,795,215,796,3,806,com.nttdocomo.android.wipe,857,default,858,3,947,0,1500,0,1688,1]
01-12 13:09:33.064 1116 1116 I sysui_multi_action: [757,804,799,note_interruptive,801,0,802,1]
01-12 13:09:33.182 2741 3059 E PhoneSubInfoController: getLine1Number phone is null for Subscription:-1
01-12 13:09:33.227 1116 1116 I sysui_multi_action: [757,128,758,5,759,8,793,377,794,0,795,377,796,3,806,com.nttdocomo.android.wipe,857,default,858,3,947,0,1500,162,1688,1]
01-12 13:09:33.228 1116 1116 I notification_canceled: [0|com.nttdocomo.android.wipe|3|null|10066,8,377,377,0,-1,-1,NULL]
01-12 13:09:36.045 1116 1378 I am_wtf : [0,1116,system_server,-1,ActivityManager,Sending non-protected broadcast com.lenovo.action.CAPSENSOR_SIM from system 1116:system/1000 pkg android]
01-12 13:09:36.060 1116 1378 I am_wtf : [0,1116,system_server,-1,ActivityManager,Sending non-protected broadcast com.lenovo.action.CAPSENSOR_SIM from system 1116:system/1000 pkg android]
01-12 13:09:36.060 2741 2741 D QtiRilInterface: Received com.lenovo.action.CAPSENSOR_SIM
01-12 13:09:36.061 2741 2741 D QtiRilInterface: capsensor_value is 3
01-12 13:09:37.409 1116 2145 I input_interaction: Interaction with: 78595d5 StatusBar (server), PointerEventDispatcher0 (server),
01-12 13:09:37.442 2236 2236 I sysui_multi_action: [757,803,799,panel_open,802,1]
01-12 13:09:37.446 2236 2236 I sysui_multi_action: [757,1328,758,4,1326,70,1327,0,1329,0]
01-12 13:09:37.463 1116 10581 I sysui_multi_action: [757,127,758,1]
01-12 13:09:37.465 1116 10581 I sysui_multi_action: [757,804,799,note_load,801,8,802,1]
01-12 13:09:37.466 1116 10581 I notification_panel_revealed: 8
01-12 13:09:37.510 1116 1318 I input_focus: [Focus request 33812c7 NotificationShade,reason=UpdateInputWindows]
01-12 13:09:37.521 1116 2145 I input_focus: [Focus leaving 9c2292c com.nextdoordeveloper.miperf.miperf/com.nextdoordeveloper.miperf.miperf.MainActivity (server),reason=Waiting for window because NOT_VISIBLE]
01-12 13:09:37.638 1116 2145 I input_focus: [Focus entering 33812c7 NotificationShade (server),reason=Window became focusable. Previous reason: NOT_VISIBLE]
01-12 13:09:38.176 1116 10581 I sysui_multi_action: [757,128,758,1,793,300612,794,0,795,300612,796,26,798,1,806,android,857,DEVELOPER_IMPORTANT,858,4,947,0,1395,8,1500,299916,1688,1]
01-12 13:09:38.177 1116 10581 I sysui_multi_action: [757,804,799,note_freshness,801,300612,802,1]
01-12 13:09:38.177 1116 10581 I notification_visibility: [-1|android|26|null|1000,1,300612,300612,0,1]
01-12 13:09:38.178 1116 10581 I sysui_multi_action: [757,128,758,1,793,419597,794,0,795,419597,796,741,797,ConnectivityNotification:100,798,2,806,android,857,NETWORK_ALERTS,858,4,947,0,1395,8,1500,419376,1688,1]
01-12 13:09:38.178 1116 10581 I sysui_multi_action: [757,804,799,note_freshness,801,419597,802,1]
01-12 13:09:38.178 1116 10581 I notification_visibility: [-1|android|741|ConnectivityNotification:100|1000,1,419597,419597,0,2]
01-12 13:09:38.179 1116 10581 I sysui_multi_action: [757,128,758,1,793,1025795,794,0,795,7536,796,4927,798,4,806,com.tblenovo.lewea,857,tblenovo.channel.WEATHER,858,2,947,0,1395,8,1500,7536,1688,1]
01-12 13:09:38.179 1116 10581 I sysui_multi_action: [757,804,799,note_freshness,801,7536,802,1]
01-12 13:09:38.179 1116 10581 I notification_visibility: [0|com.tblenovo.lewea|4927|null|10120,1,1025795,7536,0,4]
01-12 13:09:38.179 1116 10581 I sysui_multi_action: [757,128,758,1,793,1039084,794,0,795,426831,796,9,798,0,806,com.google.android.setupwizard,857,suw_consolidate_foreground_-e437bac7,858,3,947,0,1395,8,1500,426831,1688,1]
01-12 13:09:38.179 1116 10581 I sysui_multi_action: [757,804,799,note_freshness,801,426831,802,1]
01-12 13:09:38.180 1116 10581 I notification_visibility: [0|com.google.android.setupwizard|9|null|10177,1,1039084,426831,0,0]
01-12 13:09:38.181 1116 10581 I sysui_multi_action: [757,128,758,1,793,1022086,794,0,795,1022086,796,1,798,3,806,com.nttdocomo.android.lpa,857,NotificationChannel,858,2,947,0,1395,8,1500,1021872,1688,1,1745,2098068913]
01-12 13:09:38.181 1116 10581 I sysui_multi_action: [757,804,799,note_freshness,801,1022086,802,1]
01-12 13:09:38.182 1116 10581 I notification_visibility: [0|com.nttdocomo.android.lpa|1|null|10051,1,1022086,1022086,0,3]
01-12 13:09:38.183 1116 10581 I sysui_multi_action: [757,128,758,1,793,924798,794,0,795,924798,796,1,798,5,806,jp.co.omronsoft.android.decoemojimanager_docomo,857,permit,858,2,947,0,1395,8,1500,924591,1688,1,1745,2098068913]
01-12 13:09:38.183 1116 10581 I sysui_multi_action: [757,804,799,note_freshness,801,924798,802,1]
01-12 13:09:38.183 1116 10581 I notification_visibility: [0|jp.co.omronsoft.android.decoemojimanager_docomo|1|null|10112,1,924798,924798,0,5]
01-12 13:09:38.760 1116 2145 I input_interaction: Interaction with: 4aa51c3 NavigationBar0 (server), PointerEventDispatcher0 (server),
01-12 13:09:38.767 2236 2236 I sysui_multi_action: [757,931,758,4,759,3,932,0,933,0]
01-12 13:09:38.834 1116 2145 I input_interaction: Interaction with: 4aa51c3 NavigationBar0 (server), 33812c7 NotificationShade (server), PointerEventDispatcher0 (server),
01-12 13:09:38.835 2236 2236 I view_enqueue_input_event: [Motion - Cancel,NavigationBar0]
01-12 13:09:38.835 2236 2236 I sysui_multi_action: [757,931,758,4,759,3,932,32,933,1]
01-12 13:09:38.846 1116 2145 I input_interaction: Interaction with: 33812c7 NotificationShade (server), PointerEventDispatcher0 (server),
01-12 13:09:39.201 1116 2501 I sysui_multi_action: [757,128,758,2,793,301637,794,1025,795,301637,796,26,798,1,806,android,857,DEVELOPER_IMPORTANT,858,4,947,0,1395,8,1500,300941,1688,1]
01-12 13:09:39.202 1116 2501 I notification_visibility: [-1|android|26|null|1000,0,301637,301637,0,1]
01-12 13:09:39.203 1116 2501 I sysui_multi_action: [757,128,758,2,793,420622,794,1025,795,420622,796,741,797,ConnectivityNotification:100,798,2,806,android,857,NETWORK_ALERTS,858,4,947,0,1395,8,1500,420401,1688,1]
01-12 13:09:39.203 1116 2501 I notification_visibility: [-1|android|741|ConnectivityNotification:100|1000,0,420622,420622,0,2]
01-12 13:09:39.204 1116 2501 I sysui_multi_action: [757,128,758,2,793,1026821,794,1026,795,8562,796,4927,798,4,806,com.tblenovo.lewea,857,tblenovo.channel.WEATHER,858,2,947,0,1395,8,1500,8562,1688,1]
01-12 13:09:39.205 1116 2501 I notification_visibility: [0|com.tblenovo.lewea|4927|null|10120,0,1026821,8562,0,4]
01-12 13:09:39.206 1116 2501 I sysui_multi_action: [757,128,758,2,793,1040111,794,1027,795,427858,796,9,798,0,806,com.google.android.setupwizard,857,suw_consolidate_foreground_-e437bac7,858,3,947,0,1395,8,1500,427858,1688,1]
01-12 13:09:39.206 1116 2501 I notification_visibility: [0|com.google.android.setupwizard|9|null|10177,0,1040111,427858,0,0]
01-12 13:09:39.207 1116 2501 I sysui_multi_action: [757,128,758,2,793,1023112,794,1026,795,1023112,796,1,798,3,806,com.nttdocomo.android.lpa,857,NotificationChannel,858,2,947,0,1395,8,1500,1022898,1688,1,1745,2098068913]
01-12 13:09:39.207 1116 2501 I notification_visibility: [0|com.nttdocomo.android.lpa|1|null|10051,0,1023112,1023112,0,3]
01-12 13:09:39.207 1116 2501 I sysui_multi_action: [757,128,758,2,793,925822,794,1024,795,925822,796,1,798,5,806,jp.co.omronsoft.android.decoemojimanager_docomo,857,permit,858,2,947,0,1395,8,1500,925615,1688,1,1745,2098068913]
01-12 13:09:39.207 1116 2501 I notification_visibility: [0|jp.co.omronsoft.android.decoemojimanager_docomo|1|null|10112,0,925822,925822,0,5]
01-12 13:09:39.390 1116 1318 I input_focus: [Focus request 9c2292c com.nextdoordeveloper.miperf.miperf/com.nextdoordeveloper.miperf.miperf.MainActivity,reason=UpdateInputWindows]
01-12 13:09:39.407 1116 2501 I sysui_multi_action: [757,127,758,2]
01-12 13:09:39.408 1116 2501 I notification_panel_hidden:
01-12 13:09:39.421 1116 2145 I input_focus: [Focus leaving 33812c7 NotificationShade (server),reason=NOT_FOCUSABLE]
01-12 13:09:39.422 1116 2145 I input_focus: [Focus entering 9c2292c com.nextdoordeveloper.miperf.miperf/com.nextdoordeveloper.miperf.miperf.MainActivity (server),reason=setFocusedWindow]
01-12 13:09:39.829 1116 2145 I input_interaction: Interaction with: 4aa51c3 NavigationBar0 (server), PointerEventDispatcher0 (server),
01-12 13:09:39.835 2236 2236 I sysui_multi_action: [757,931,758,4,759,3,932,0,933,0]
01-12 13:09:39.904 2236 2236 I sysui_multi_action: [757,931,758,4,759,3,932,0,933,1]
01-12 13:09:39.929 1116 1315 I wm_task_moved: [1,1,7]
01-12 13:09:39.931 1116 1315 I wm_task_moved: [54,1,2147483647]
01-12 13:09:39.931 1116 1315 I wm_task_to_front: [0,54]
01-12 13:09:39.931 1116 1315 I wm_focused_root_task: [0,0,1,67,bringingFoundTaskToFront]
01-12 13:09:39.932 1116 1315 I wm_set_resumed_activity: [0,com.nttdocomo.android.homezozo/com.android.launcher3.Launcher,bringingFoundTaskToFront]
01-12 13:09:39.932 1116 1315 I wm_new_intent: [0,58173627,54,com.nttdocomo.android.homezozo/com.android.launcher3.Launcher,android.intent.action.MAIN,NULL,NULL,268435712]
01-12 13:09:39.936 11850 11850 I wm_on_top_resumed_lost_called: [54403332,com.nextdoordeveloper.miperf.miperf.MainActivity,topStateChangedWhenResumed]
01-12 13:09:39.939 1116 1315 I wm_pause_activity: [0,54403332,com.nextdoordeveloper.miperf.miperf/.MainActivity,userLeaving=true,pauseBackTasks]
01-12 13:09:39.941 1116 1315 I wm_add_to_stopping: [0,54403332,com.nextdoordeveloper.miperf.miperf/.MainActivity,makeInvisible]
01-12 13:09:39.945 1116 1315 I wm_set_resumed_activity: [0,com.nttdocomo.android.homezozo/com.android.launcher3.Launcher,resumeTopActivityInnerLocked]
01-12 13:09:39.947 1116 1315 I wm_resume_activity: [0,58173627,54,com.nttdocomo.android.homezozo/com.android.launcher3.Launcher]
01-12 13:09:39.968 3725 3725 I wm_on_restart_called: [58173627,com.android.launcher3.Launcher,performRestartActivity]
01-12 13:09:39.970 1116 2145 I input_focus: [Focus leaving 9c2292c com.nextdoordeveloper.miperf.miperf/com.nextdoordeveloper.miperf.miperf.MainActivity (server),reason=NO_WINDOW]
01-12 13:09:39.972 11850 11850 I wm_on_paused_called: [54403332,com.nextdoordeveloper.miperf.miperf.MainActivity,performPause]
01-12 13:09:39.979 1116 1317 I sysui_multi_action: [757,803,799,window_time_0,802,53]
01-12 13:09:39.993 3725 3725 I wm_on_start_called: [58173627,com.android.launcher3.Launcher,handleStartActivity]
01-12 13:09:40.030 3725 3725 I wm_on_resume_called: [58173627,com.android.launcher3.Launcher,RESUME_ACTIVITY]
01-12 13:09:40.067 1116 1318 I input_focus: [Focus request c26cbf0 com.nttdocomo.android.homezozo/com.android.launcher3.Launcher,reason=UpdateInputWindows]
01-12 13:09:40.235 3725 3725 I wm_on_top_resumed_gained_called: [58173627,com.android.launcher3.Launcher,topStateChangedWhenResumed]
01-12 13:09:40.316 1116 1317 I dvm_lock_sample: [system_server,1,android.display,70,WindowManagerService.java,5190,void com.android.server.wm.WindowManagerService$H.handleMessage(android.os.Message),,0,null,14]
01-12 13:09:40.321 1116 2145 I input_focus: [Focus entering c26cbf0 com.nttdocomo.android.homezozo/com.android.launcher3.Launcher (server),reason=Window became focusable. Previous reason: NOT_VISIBLE]
01-12 13:09:40.331 1116 1313 I sysui_multi_action: [319,377,322,334,325,1165,757,761,758,9,759,2,806,com.nttdocomo.android.homezozo,871,com.android.launcher3.Launcher,905,0,1320,8,1321,5]
01-12 13:09:40.497 1116 1317 I wm_stop_activity: [0,54403332,com.nextdoordeveloper.miperf.miperf/.MainActivity]
01-12 13:09:40.553 11850 11850 I wm_on_stop_called: [54403332,com.nextdoordeveloper.miperf.miperf.MainActivity,STOP_ACTIVITY_ITEM]
01-12 13:09:40.627 1116 1317 I sysui_multi_action: [757,856,758,1,806,android,857,com.android.server.wm.AlertWindowNotification - com.nttdocomo.android.mascot,858,1]
01-12 13:09:40.654 1116 1116 I notification_enqueue: [1000,1116,android,0,com.android.server.wm.AlertWindowNotification - com.nttdocomo.android.mascot,0,Notification(channel=com.android.server.wm.AlertWindowNotification - com.nttdocomo.android.mascot shortcut=null contentView=null vibrate=null sound=null defaults=0x0 flags=0x102 color=0x00000000 vis=PRIVATE),0]
01-12 13:09:40.858 1116 1116 I sysui_multi_action: [757,1501,758,1,793,204,794,0,795,204,796,0,797,com.android.server.wm.AlertWindowNotification - com.nttdocomo.android.mascot,806,android,857,com.android.server.wm.Alert-fef85b51,858,1,947,0,1500,0,1688,1,1745,2098068913]
01-12 13:09:40.859 1116 1116 I sysui_multi_action: [757,804,799,note_interruptive,801,0,802,1]
01-12 13:09:40.925 1116 1316 I commit_sys_config_file: [notification-policy,1089445]
01-12 13:09:44.249 1116 2145 I input_interaction: Interaction with: c26cbf0 com.nttdocomo.android.homezozo/com.android.launcher3.Launcher (server), e4b8c5 com.android.systemui.ImageWallpaper (server), PointerEventDispatcher0 (server),
01-12 13:09:44.826 1116 1317 I sysui_multi_action: [757,856,758,2,806,android,857,com.android.server.wm.AlertWindowNotification - com.nttdocomo.android.mascot,858,1]
01-12 13:09:44.831 1116 1116 I sysui_multi_action: [757,128,758,5,759,8,793,4176,794,0,795,4176,796,0,797,com.android.server.wm.AlertWindowNotification - com.nttdocomo.android.mascot,806,android,857,com.android.server.wm.Alert-fef85b51,858,1,947,0,1500,3972,1688,1,1745,2098068913]
01-12 13:09:44.831 1116 1116 I notification_canceled: [0|android|0|com.android.server.wm.AlertWindowNotification - com.nttdocomo.android.mascot|1000,8,4176,4176,0,-1,-1,NULL]
01-12 13:09:44.832 1116 1116 I notification_cancel_all: [1000,1116,android,0,0,0,20,NULL]
01-12 13:09:45.125 1116 1316 I commit_sys_config_file: [notification-policy,1093645]
01-12 13:09:46.090 1116 2508 I wm_task_created: [68,-1]
01-12 13:09:46.112 1116 2508 I wm_task_moved: [68,1,8]
01-12 13:09:46.112 1116 2508 I wm_task_to_front: [0,68]
01-12 13:09:46.113 1116 2508 I wm_create_task: [0,68]
01-12 13:09:46.113 1116 2508 I wm_create_activity: [0,182553885,68,com.android.settings/.Settings,android.intent.action.MAIN,NULL,NULL,270532608]
01-12 13:09:46.113 1116 2508 I wm_task_moved: [68,1,8]
01-12 13:09:46.120 1116 2508 I wm_pause_activity: [0,58173627,com.nttdocomo.android.homezozo/com.android.launcher3.Launcher,userLeaving=true,pauseBackTasks]
01-12 13:09:46.124 1116 1317 I dvm_lock_sample: [system_server,1,android.display,33,TaskChangeNotificationController.java,320,void com.android.server.wm.TaskChangeNotificationController.forAllRemoteListeners(com.android.server.wm.TaskChangeNotificationController$TaskStackConsumer, android.os.Message),-,342,void com.android.server.wm.TaskChangeNotificationController.forAllLocalListeners(com.android.server.wm.TaskChangeNotificationController$TaskStackConsumer, android.os.Message),6]
01-12 13:09:46.144 3725 3725 I wm_on_top_resumed_lost_called: [58173627,com.android.launcher3.Launcher,topStateChangedWhenResumed]
01-12 13:09:46.149 3725 3725 I wm_on_paused_called: [58173627,com.android.launcher3.Launcher,performPause]
01-12 13:09:46.161 1116 2508 I wm_add_to_stopping: [0,58173627,com.nttdocomo.android.homezozo/com.android.launcher3.Launcher,makeInvisible]
01-12 13:09:46.162 1116 2508 I wm_restart_activity: [0,182553885,68,com.android.settings/.Settings]
01-12 13:09:46.165 1116 2508 I wm_set_resumed_activity: [0,com.android.settings/.Settings,minimalResumeActivityLocked]
01-12 13:09:46.194 1116 1317 I sysui_multi_action: [757,803,799,window_time_0,802,6]
01-12 13:09:46.223 1116 2145 I input_focus: [Focus leaving c26cbf0 com.nttdocomo.android.homezozo/com.android.launcher3.Launcher (server),reason=NO_WINDOW]
01-12 13:09:46.481 11071 11071 I wm_on_create_called: [182553885,com.android.settings.Settings,performCreate]
01-12 13:09:46.662 1116 2508 I am_uid_active: 10130
01-12 13:09:46.896 11071 11071 I wm_on_start_called: [182553885,com.android.settings.Settings,handleStartActivity]
01-12 13:09:46.904 11071 11071 I snet_event_log: [120484087,-1,]
01-12 13:09:46.906 11071 11071 I wm_on_resume_called: [182553885,com.android.settings.Settings,RESUME_ACTIVITY]
01-12 13:09:46.917 11071 11071 I sysui_multi_action: [757,35,758,1,833,0,1089,423]
01-12 13:09:46.935 2741 2741 D RILJ : [0067]> GET_ACTIVITY_INFO [PHONE0]
01-12 13:09:46.943 2741 2959 D RILJ : [0067]< GET_ACTIVITY_INFO ModemActivityInfo{ mTimestamp=1172256 mSleepTimeMs=0 mIdleTimeMs=309621 mTxTimeMs[]=[0, 0, 0, 0, 0] mRxTimeMs=0} [PHONE0]
01-12 13:09:46.981 11071 11071 I sysui_multi_action: [757,1729,758,4,854,isParalleledControllers:false,1089,491]
01-12 13:09:47.025 11071 11071 I wm_on_top_resumed_gained_called: [182553885,com.android.settings.Settings,topStateChangedWhenResumed]
01-12 13:09:47.182 1116 1318 I input_focus: [Focus request db66387 com.android.settings/com.android.settings.Settings,reason=UpdateInputWindows]
01-12 13:09:47.200 630 630 I auditd : type=1400 audit(0.0:383): avc: denied { read } for comm="Binder:630_2" name="wakeup38" dev="sysfs" ino=66587 scontext=u:r:system_suspend:s0 tcontext=u:object_r:sysfs:s0 tclass=dir permissive=0
01-12 13:09:47.210 630 630 I auditd : type=1400 audit(0.0:384): avc: denied { read } for comm="Binder:630_2" name="wakeup28" dev="sysfs" ino=66215 scontext=u:r:system_suspend:s0 tcontext=u:object_r:sysfs:s0 tclass=dir permissive=0
01-12 13:09:47.210 630 630 I auditd : type=1400 audit(0.0:385): avc: denied { read } for comm="Binder:630_2" name="wakeup18" dev="sysfs" ino=58442 scontext=u:r:system_suspend:s0 tcontext=u:object_r:sysfs:s0 tclass=dir permissive=0
01-12 13:09:47.210 630 630 I auditd : type=1400 audit(0.0:386): avc: denied { read } for comm="Binder:630_2" name="wakeup46" dev="sysfs" ino=70729 scontext=u:r:system_suspend:s0 tcontext=u:object_r:sysfs:s0 tclass=dir permissive=0
01-12 13:09:47.210 630 630 I auditd : type=1400 audit(0.0:387): avc: denied { read } for comm="Binder:630_2" name="wakeup2" dev="sysfs" ino=40064 scontext=u:r:system_suspend:s0 tcontext=u:object_r:sysfs:s0 tclass=dir permissive=0
01-12 13:09:47.220 630 630 I auditd : type=1400 audit(0.0:388): avc: denied { read } for comm="Binder:630_2" name="wakeup36" dev="sysfs" ino=66515 scontext=u:r:system_suspend:s0 tcontext=u:object_r:sysfs:s0 tclass=dir permissive=0
01-12 13:09:47.220 630 630 I auditd : type=1400 audit(0.0:389): avc: denied { read } for comm="Binder:630_2" name="wakeup26" dev="sysfs" ino=66143 scontext=u:r:system_suspend:s0 tcontext=u:object_r:sysfs:s0 tclass=dir permissive=0
01-12 13:09:47.230 630 630 I auditd : type=1400 audit(0.0:390): avc: denied { read } for comm="Binder:630_2" name="wakeup44" dev="sysfs" ino=70256 scontext=u:r:system_suspend:s0 tcontext=u:object_r:sysfs:s0 tclass=dir permissive=0
01-12 13:09:47.488 2741 2741 D RILJ : [0068]> GET_ACTIVITY_INFO [PHONE0]
01-12 13:09:47.496 2741 2959 D RILJ : [0068]< GET_ACTIVITY_INFO ModemActivityInfo{ mTimestamp=0 mSleepTimeMs=0 mIdleTimeMs=0 mTxTimeMs[]=[0, 0, 0, 0, 0] mRxTimeMs=0} [PHONE0]
01-12 13:09:47.551 1116 1318 I sysui_multi_action: [324,1,757,1090,758,12,806,com.android.settings,871,com.android.settings.Settings,1091,1472]
01-12 13:09:47.635 1116 1313 I sysui_multi_action: [319,262,321,253,322,1472,325,1171,757,761,758,8,759,1,806,com.android.settings,871,com.android.settings.Settings,904,com.nttdocomo.android.homezozo,905,0,1320,8,1321,5]
01-12 13:09:47.639 1116 1313 I wm_activity_launch_time: [0,182553885,com.android.settings/.Settings,1472]
01-12 13:09:47.654 1116 2145 I input_focus: [Focus entering db66387 com.android.settings/com.android.settings.Settings (server),reason=Window became focusable. Previous reason: NOT_VISIBLE]
01-12 13:09:47.740 1116 1904 I wm_stop_activity: [0,58173627,com.nttdocomo.android.homezozo/com.android.launcher3.Launcher]
01-12 13:09:47.753 3725 3725 I wm_on_stop_called: [58173627,com.android.launcher3.Launcher,STOP_ACTIVITY_ITEM]
01-12 13:09:47.900 1116 1393 I dvm_lock_sample: [system_server,0,batterystats-handler,398,BatteryStatsService.java,1051,void com.android.server.am.BatteryStatsService.lambda$noteStopWakelockFromSource$26$BatteryStatsService(android.os.WorkSource, int, java.lang.String, java.lang.String, int, long, long),BatteryExternalStatsWorker.java,696,void com.android.server.am.BatteryExternalStatsWorker.updateExternalStatsLocked(java.lang.String, int, boolean, boolean, int, boolean),79]
01-12 13:09:52.991 1116 2145 I input_interaction: Interaction with: db66387 com.android.settings/com.android.settings.Settings (server), PointerEventDispatcher0 (server),
01-12 13:09:53.104 11071 11071 I sysui_multi_action: [757,830,758,4,833,0,854,top_level_display,1089,0]
01-12 13:09:53.122 1116 2358 I wm_task_moved: [68,1,8]
01-12 13:09:53.122 1116 2358 I wm_set_resumed_activity: [0,com.android.settings/.Settings,positionChildAt]
01-12 13:09:53.122 1116 2358 I wm_create_activity: [0,100537056,68,com.android.settings/.SubSettings,android.intent.action.MAIN,NULL,NULL,0]
01-12 13:09:53.129 1116 2358 I wm_pause_activity: [0,182553885,com.android.settings/.Settings,userLeaving=true,resumeTopActivityInnerLocked]
01-12 13:09:53.139 11071 11071 I wm_on_top_resumed_lost_called: [182553885,com.android.settings.Settings,topStateChangedWhenResumed]
01-12 13:09:53.149 11071 11071 I sysui_multi_action: [757,35,758,2,1089,6236]
01-12 13:09:53.150 11071 11071 I wm_on_paused_called: [182553885,com.android.settings.Settings,performPause]
01-12 13:09:53.159 1116 1904 I wm_add_to_stopping: [0,182553885,com.android.settings/.Settings,makeInvisible]
01-12 13:09:53.161 1116 1904 I wm_restart_activity: [0,100537056,68,com.android.settings/.SubSettings]
01-12 13:09:53.164 1116 1904 I wm_set_resumed_activity: [0,com.android.settings/.SubSettings,minimalResumeActivityLocked]
01-12 13:09:53.172 1116 1317 I sysui_multi_action: [757,803,799,window_time_0,802,7]
01-12 13:09:53.189 1116 2145 I input_focus: [Focus leaving db66387 com.android.settings/com.android.settings.Settings (server),reason=NO_WINDOW]
01-12 13:09:53.289 1116 2358 I am_uid_active: 10196
01-12 13:09:53.494 11071 11071 I wm_on_create_called: [100537056,com.android.settings.SubSettings,performCreate]
01-12 13:09:53.564 11071 11071 I wm_on_start_called: [100537056,com.android.settings.SubSettings,handleStartActivity]
01-12 13:09:53.565 11071 11071 I snet_event_log: [120484087,-1,]
01-12 13:09:53.570 11071 11071 I wm_on_resume_called: [100537056,com.android.settings.SubSettings,RESUME_ACTIVITY]
01-12 13:09:53.575 11071 11071 I sysui_multi_action: [757,46,758,1,833,35,1089,246]
01-12 13:09:53.662 11071 11071 I sysui_multi_action: [757,1729,758,4,854,isParalleledControllers:false,1089,333]
01-12 13:09:53.677 11071 11071 I wm_on_top_resumed_gained_called: [100537056,com.android.settings.SubSettings,topStateChangedWhenResumed]
01-12 13:09:53.840 1116 1318 I input_focus: [Focus request 9d5c3ed com.android.settings/com.android.settings.SubSettings,reason=UpdateInputWindows]
01-12 13:09:53.933 1116 1313 I wm_activity_launch_time: [0,100537056,com.android.settings/.SubSettings,814]
01-12 13:09:53.938 1116 2145 I input_focus: [Focus entering 9d5c3ed com.android.settings/com.android.settings.SubSettings (server),reason=Window became focusable. Previous reason: NOT_VISIBLE]
01-12 13:09:54.361 1116 1317 I wm_stop_activity: [0,182553885,com.android.settings/.Settings]
01-12 13:09:54.398 11071 11071 I wm_on_stop_called: [182553885,com.android.settings.Settings,STOP_ACTIVITY_ITEM]
01-12 13:09:57.616 1116 2145 I input_interaction: Interaction with: 9d5c3ed com.android.settings/com.android.settings.SubSettings (server), PointerEventDispatcher0 (server),
01-12 13:09:58.421 1116 1377 I am_pss : [11071,1000,com.android.settings,73279488,65146880,802816,153104384,0,2,24]
01-12 13:09:59.165 1116 1116 I am_uid_running: 10155
01-12 13:09:59.277 1116 1380 I am_proc_start: [0,12524,10155,com.google.android.apps.photos,service,{com.google.android.apps.photos/com.google.android.apps.photos.dbprocessor.impl.DatabaseProcessorJobService}]
01-12 13:09:59.478 1116 3988 I am_proc_bound: [0,12524,com.google.android.apps.photos]
01-12 13:10:00.232 2741 2741 D TelephonyNetworkFactory[0]: got request NetworkRequest [ REQUEST id=209, [ Capabilities: INTERNET&NOT_RESTRICTED&TRUSTED&NOT_VCN_MANAGED Uid: 10155 RequestorUid: 10155 RequestorPkg: com.google.android.apps.photos UnderlyingNetworks: Null] ]
01-12 13:10:00.232 2741 2741 D TelephonyNetworkFactory[0]: onNeedNetworkFor NetworkRequest [ REQUEST id=209, [ Capabilities: INTERNET&NOT_RESTRICTED&TRUSTED&NOT_VCN_MANAGED Uid: 10155 RequestorUid: 10155 RequestorPkg: com.google.android.apps.photos UnderlyingNetworks: Null] ] shouldApply false
01-12 13:10:00.641 1116 1116 I notification_enqueue: [10120,4927,com.tblenovo.lewea,4927,NULL,0,Notification(channel=tblenovo.channel.WEATHER shortcut=null contentView=null vibrate=null sound=null defaults=0x0 flags=0x40 color=0x00000000 vis=PRIVATE),1]
01-12 13:10:00.672 1116 1116 I notification_enqueue: [10120,4927,com.tblenovo.lewea,4927,NULL,0,Notification(channel=tblenovo.channel.WEATHER shortcut=null contentView=com.tblenovo.lewea/0x7f090018 vibrate=null sound=null defaults=0x0 flags=0x50 color=0x00000000 vis=PUBLIC),1]
01-12 13:10:00.907 1116 1316 I commit_sys_config_file: [notification-policy,1109426]
01-12 13:10:02.527 1116 1316 I commit_sys_config_file: [jobs,37]
01-12 13:10:03.087 11071 11071 I sysui_multi_action: [757,830,758,4,833,0,854,screen_timeout,1089,0]
01-12 13:10:03.105 1116 2513 I wm_task_moved: [68,1,8]
01-12 13:10:03.106 1116 2513 I wm_set_resumed_activity: [0,com.android.settings/.SubSettings,positionChildAt]
01-12 13:10:03.106 1116 2513 I wm_create_activity: [0,140260519,68,com.android.settings/.SubSettings,android.intent.action.MAIN,NULL,NULL,0]
01-12 13:10:03.111 1116 2513 I wm_pause_activity: [0,100537056,com.android.settings/.SubSettings,userLeaving=true,resumeTopActivityInnerLocked]
01-12 13:10:03.119 11071 11071 I wm_on_top_resumed_lost_called: [100537056,com.android.settings.SubSettings,topStateChangedWhenResumed]
01-12 13:10:03.125 11071 11071 I sysui_multi_action: [757,46,758,2,1089,9549]
01-12 13:10:03.129 11071 11071 I wm_on_paused_called: [100537056,com.android.settings.SubSettings,performPause]
01-12 13:10:03.138 1116 2513 I wm_add_to_stopping: [0,100537056,com.android.settings/.SubSettings,makeInvisible]
01-12 13:10:03.140 1116 2513 I wm_restart_activity: [0,140260519,68,com.android.settings/.SubSettings]
01-12 13:10:03.146 1116 2513 I wm_set_resumed_activity: [0,com.android.settings/.SubSettings,minimalResumeActivityLocked]
01-12 13:10:03.161 1116 1317 I sysui_multi_action: [757,803,799,window_time_0,802,10]
01-12 13:10:03.172 1116 2145 I input_focus: [Focus leaving 9d5c3ed com.android.settings/com.android.settings.SubSettings (server),reason=NO_WINDOW]
01-12 13:10:03.222 1116 1377 I am_pss : [11850,10218,com.nextdoordeveloper.miperf.miperf,27072512,17027072,2092032,112644096,0,15,24]
01-12 13:10:03.254 11071 11071 I wm_on_create_called: [140260519,com.android.settings.SubSettings,performCreate]
01-12 13:10:03.293 11071 11071 I wm_on_start_called: [140260519,com.android.settings.SubSettings,handleStartActivity]
01-12 13:10:03.294 11071 11071 I snet_event_log: [120484087,-1,]
01-12 13:10:03.301 11071 11071 I wm_on_resume_called: [140260519,com.android.settings.SubSettings,RESUME_ACTIVITY]
01-12 13:10:03.302 11071 11071 I sysui_multi_action: [757,1852,758,1,833,46,1089,97]
01-12 13:10:03.320 11071 11071 I wm_on_top_resumed_gained_called: [140260519,com.android.settings.SubSettings,topStateChangedWhenResumed]
01-12 13:10:03.425 1116 1318 I input_focus: [Focus request 4eccfa2 com.android.settings/com.android.settings.SubSettings,reason=UpdateInputWindows]
