01-12 12:54:08.125 2741 2741 D RILJ : [0043]> SET_SIGNAL_STRENGTH_REPORTING_CRITERIA [PHONE0]
01-12 12:54:08.128 2741 2741 D RILJ : [0044]> SET_SIGNAL_STRENGTH_REPORTING_CRITERIA [PHONE0]
01-12 12:54:08.129 2741 2741 D NetworkTypeController: [0] LegacyState: process EVENT_PHYSICAL_CHANNEL_CONFIG_NOTIF_CHANGED
01-12 12:54:08.129 2741 2741 D NetworkTypeController: [0] Remove all timers
01-12 12:54:08.129 2741 2741 D NetworkTypeController: [0] DefaultState: process EVENT_PHYSICAL_CHANNEL_CONFIG_NOTIF_CHANGED
01-12 12:54:08.129 2741 2741 D NetworkTypeController: [0] mIsPhysicalChannelConfigOn changed to: false
01-12 12:54:08.129 2741 2741 D NetworkTypeController: [0] Remove all timers
01-12 12:54:08.134 2741 2959 D RILJ : [0042]< SET_SIGNAL_STRENGTH_REPORTING_CRITERIA [PHONE0]
01-12 12:54:08.135 2741 2959 D RILJ : [0043]< SET_SIGNAL_STRENGTH_REPORTING_CRITERIA [PHONE0]
01-12 12:54:08.146 2741 2959 D RILJ : [0044]< SET_SIGNAL_STRENGTH_REPORTING_CRITERIA [PHONE0]
01-12 12:54:08.147 2741 2959 D RILJ : [0041]< SET_UNSOLICITED_RESPONSE_FILTER [PHONE0]
01-12 12:54:08.241 1116 1198 I am_proc_bound: [0,7864,jp.co.nttdocomo.lcsapp]
01-12 12:54:08.262 1116 1198 I am_uid_active: 10054
01-12 12:54:08.270 1116 7373 I dvm_lock_sample: [system_server,1,Binder:1116_13,16,ActivityManagerService.java,12138,void com.android.server.am.ActivityManagerService.publishService(android.os.IBinder, android.content.Intent, android.os.IBinder),-,4737,void com.android.server.am.ActivityManagerService.attachApplication(android.app.IApplicationThread, long),3]
01-12 12:54:08.942 1116 1198 I am_uid_running: 10100
01-12 12:54:09.051 1116 1380 I am_proc_start: [0,7894,10100,jp.co.nttdocomo.saigaiban,broadcast,{jp.co.nttdocomo.saigaiban/jp.co.nttdocomo.saigaiban.receiver.PowerCtrlReceiver}]
01-12 12:54:09.298 1116 1936 I am_uid_active: 10100
01-12 12:54:09.312 1116 1377 I am_pss : [4927,10120,com.tblenovo.lewea,6401024,5148672,103424,73617408,0,4,19]
01-12 12:54:09.346 1116 1198 I am_proc_bound: [0,7894,jp.co.nttdocomo.saigaiban]
01-12 12:54:09.839 1116 1378 I am_uid_running: 10040
01-12 12:54:09.955 1116 1380 I am_proc_start: [0,7911,10040,com.android.externalstorage,broadcast,{com.android.externalstorage/com.android.externalstorage.MountReceiver}]
01-12 12:54:10.198 1116 7373 I am_proc_bound: [0,7911,com.android.externalstorage]
01-12 12:54:10.590 1116 7373 I am_uid_running: 10049
01-12 12:54:10.731 1116 1380 I am_proc_start: [0,7928,10049,android.process.media,broadcast,{com.android.providers.downloads/com.android.providers.downloads.DownloadReceiver}]
01-12 12:54:10.963 1116 7373 I am_proc_bound: [0,7928,android.process.media]
01-12 12:54:11.648 1116 3508 I am_kill : [0,6361,com.google.android.gm,915,empty #31]
01-12 12:54:11.700 1116 3508 I am_uid_running: 10180
01-12 12:54:11.801 1116 1380 I am_proc_start: [0,7945,10180,com.qti.ltebc,broadcast,{com.qti.ltebc/com.qualcomm.ltebc.LTEBroadcastReceiver}]
01-12 12:54:12.043 1116 1198 I am_proc_died: [0,6361,com.google.android.gm,915,19]
01-12 12:54:12.044 1116 1198 I am_uid_stopped: 10150
01-12 12:54:12.047 1116 1198 I am_uid_active: 10180
01-12 12:54:12.056 1116 2185 I am_proc_bound: [0,7945,com.qti.ltebc]
01-12 12:54:12.105 1116 6346 I dvm_lock_sample: [system_server,0,Binder:1116_12,10,ContentService.java,1502,void com.android.server.content.ContentService$ObserverNode$ObserverEntry.binderDied(),-,1504,void com.android.server.content.ContentService$ObserverNode$ObserverEntry.binderDied(),2]
01-12 12:54:12.482 1116 1199 I am_proc_died: [0,7945,com.qti.ltebc,0,11]
01-12 12:54:12.502 1116 1199 I am_broadcast_discard_app: [0,120873272,android.intent.action.MEDIA_MOUNTED,3,ResolveInfo{6ac996c com.qti.ltebc/com.qualcomm.ltebc.LTEBroadcastReceiver m=0x208000}]
01-12 12:54:12.503 1116 1199 I am_uid_stopped: 10180
01-12 12:54:12.517 1116 1199 I am_mem_factor: [3,0]
01-12 12:54:12.567 1116 1378 I am_uid_running: 10112
01-12 12:54:12.737 1116 1380 I am_proc_start: [0,7965,10112,jp.co.omronsoft.android.decoemojimanager_docomo,broadcast,{jp.co.omronsoft.android.decoemojimanager_docomo/jp.co.omronsoft.android.decoemojimanager_docomo.DecoEmojiReceiver}]
01-12 12:54:12.987 1116 7373 I am_proc_bound: [0,7965,jp.co.omronsoft.android.decoemojimanager_docomo]
01-12 12:54:13.335 1116 7373 I am_uid_running: 10180
01-12 12:54:13.389 1116 1116 I notification_enqueue: [10112,7965,jp.co.omronsoft.android.decoemojimanager_docomo,1,NULL,0,Notification(channel=permit shortcut=null contentView=null vibrate=null sound=null defaults=0x0 flags=0x10 color=0x00000000 vis=PRIVATE),0]
01-12 12:54:13.400 1116 2185 I am_kill : [0,6584,com.google.android.inputmethod.latin,995,empty #31]
01-12 12:54:13.521 1116 2166 I dvm_lock_sample: [system_server,1,NetworkPolicy.uid,11,ActivityManagerService.java,15618,void com.android.server.am.ActivityManagerService$LocalService.notifyNetworkPolicyRulesUpdated(int, long),OomAdjuster.java,641,boolean com.android.server.am.OomAdjuster.updateOomAdjLocked(com.android.server.am.ProcessRecord, java.lang.String),2]
01-12 12:54:13.556 1116 1380 I am_proc_start: [0,7986,10180,com.qti.ltebc,broadcast,{com.qti.ltebc/com.qualcomm.ltebc.LTEBroadcastReceiver}]
01-12 12:54:13.592 1116 1116 I sysui_multi_action: [757,1501,758,1,793,207,794,0,795,207,796,1,806,jp.co.omronsoft.android.decoemojimanager_docomo,857,permit,858,2,947,0,1500,0,1688,1,1745,2098068913]
01-12 12:54:13.593 1116 1116 I sysui_multi_action: [757,804,799,note_interruptive,801,0,802,1]
01-12 12:54:13.816 1116 7373 I am_proc_bound: [0,7986,com.qti.ltebc]
01-12 12:54:13.827 1116 7373 I am_mem_factor: [1,3]
01-12 12:54:13.839 1116 7373 I am_uid_active: 10180
01-12 12:54:14.031 1116 2982 I am_proc_died: [0,6584,com.google.android.inputmethod.latin,995,19]
01-12 12:54:14.033 1116 2982 I am_uid_stopped: 10168
01-12 12:54:14.081 1116 1377 I am_pss : [7135,10047,com.lenovo.lsf.device,7056384,4009984,2342912,47222784,0,10,21]
01-12 12:54:14.359 1116 3394 I am_proc_died: [0,7986,com.qti.ltebc,0,11]
01-12 12:54:14.360 1116 3394 I am_broadcast_discard_app: [0,47157804,android.intent.action.MEDIA_MOUNTED,3,ResolveInfo{d400b84 com.qti.ltebc/com.qualcomm.ltebc.LTEBroadcastReceiver m=0x208000}]
01-12 12:54:14.362 1116 3394 I am_uid_stopped: 10180
01-12 12:54:14.380 1116 3394 I am_mem_factor: [2,1]
01-12 12:54:14.899 1116 2982 I am_mem_factor: [1,2]
01-12 12:54:15.585 1116 1377 I am_pss : [7164,1000,com.longcheertel.midtest,10195968,7098368,2240512,49008640,0,10,22]
01-12 12:54:16.113 3134 3339 I gtalk_connection: 16778495
01-12 12:54:16.230 3134 6862 I dvm_lock_sample: [com.google.android.gms.persisten,0,lowpool[8],157,:com.google.android.gms@221820044@22.18.20 (190400-451484765),1,void bddm.t(boolean, amsn),-,4,void bddm.o(int),31]
01-12 12:54:16.468 1116 1378 I am_uid_running: 10070
01-12 12:54:16.524 3134 6862 I dvm_lock_sample: [com.google.android.gms.persisten,0,lowpool[8],177,:com.google.android.gms@221820044@22.18.20 (190400-451484765),1,void bddm.t(boolean, amsn),-,4,void bddm.o(int),35]
01-12 12:54:16.562 1116 1380 I am_proc_start: [0,8029,10070,com.android.providers.calendar,broadcast,{com.android.providers.calendar/com.android.providers.calendar.CalendarProviderBroadcastReceiver}]
01-12 12:54:16.780 1116 1199 I am_proc_bound: [0,8029,com.android.providers.calendar]
01-12 12:54:16.793 1116 1199 I am_uid_active: 10070
01-12 12:54:17.080 1116 6346 I am_kill : [0,6637,com.google.android.keep,995,empty #31]
01-12 12:54:17.358 1116 6346 I am_kill : [0,6674,com.google.android.onetimeinitializer,995,empty #31]
01-12 12:54:17.459 1116 1199 I am_proc_died: [0,6637,com.google.android.keep,995,19]
01-12 12:54:17.462 1116 1199 I am_uid_stopped: 10169
01-12 12:54:17.480 3134 6964 I dvm_lock_sample: [com.google.android.gms.persisten,0,netscheduler-queue-handler,95,:com.google.android.gms@221820044@22.18.20 (190400-451484765),1,int bddm.l(bdcx, ahja),-,6,void bddm.n(bdad, bdad, int),19]
01-12 12:54:17.480 1116 2513 I am_uid_running: 10143
01-12 12:54:17.605 1116 1380 I am_proc_start: [0,8061,10143,com.google.android.calendar,broadcast,{com.google.android.calendar/com.google.android.apps.calendar.config.phenotypesupport.broadcast.PhenotypeBroadcastReceiver}]
01-12 12:54:17.623 1116 2507 I am_proc_died: [0,6674,com.google.android.onetimeinitializer,995,19]
01-12 12:54:17.625 1116 2507 I am_uid_stopped: 10123
01-12 12:54:17.789 1116 2507 I am_proc_bound: [0,8061,com.google.android.calendar]
01-12 12:54:18.584 3360 3424 I aggregation: 1673528058583
01-12 12:54:19.096 2741 2741 D TelephonyNetworkFactory[0]: got request NetworkRequest [ REQUEST id=165, [ Capabilities: INTERNET&NOT_RESTRICTED&TRUSTED&NOT_VCN_MANAGED Uid: 10143 RequestorUid: 10143 RequestorPkg: com.google.android.calendar UnderlyingNetworks: Null] ]
01-12 12:54:19.097 2741 2741 D TelephonyNetworkFactory[0]: onNeedNetworkFor NetworkRequest [ REQUEST id=165, [ Capabilities: INTERNET&NOT_RESTRICTED&TRUSTED&NOT_VCN_MANAGED Uid: 10143 RequestorUid: 10143 RequestorPkg: com.google.android.calendar UnderlyingNetworks: Null] ] shouldApply false
01-12 12:54:20.047 1116 1315 I dvm_lock_sample: [system_server,1,android.ui,12,ProcessList.java,4546,void com.android.server.am.ProcessList.dispatchProcessesChanged(),-,4642,com.android.server.am.ActivityManagerService$ProcessChangeItem com.android.server.am.ProcessList.enqueueProcessChangeItemLocked(int, int),2]
01-12 12:54:20.073 3134 7817 I c2dm : [-19,ERR_AUTHENTICATION_FAILED,0,0]
01-12 12:54:20.084 8061 8116 I dvm_lock_sample: [com.google.android.calendar,0,BACKGROUND_3,410,PG,-1,java.lang.String cal.vhr.b(),-,27,java.lang.String cal.vhr.b(),82]
01-12 12:54:20.185 3134 6272 I c2dm : [-19,ERR_AUTHENTICATION_FAILED,0,0]
01-12 12:54:20.233 1116 6346 I am_uid_running: 10150
01-12 12:54:20.336 1116 1380 I am_proc_start: [0,8144,10150,com.google.android.gm,broadcast,{com.google.android.gm/com.google.android.gm.MailIntentReceiver}]
01-12 12:54:20.590 1116 6346 I am_proc_bound: [0,8144,com.google.android.gm]
01-12 12:54:20.649 1116 2982 I dvm_lock_sample: [system_server,0,Binder:1116_B,15,ActivityManagerService.java,12158,void com.android.server.am.ActivityManagerService.serviceDoneExecuting(android.os.IBinder, int, int, int),-,15560,void com.android.server.am.ActivityManagerService$LocalService.updateDeviceIdleTempAllowlist(int[], int, boolean, long, int, int, java.lang.String, int),3]
01-12 12:54:21.450 1116 3971 I am_mem_factor: [0,1]
01-12 12:54:22.029 1116 1377 I am_pss : [3914,10137,com.google.android.googlequicksearchbox:search,91780096,78450688,573440,163651584,0,10,31]
01-12 12:54:22.244 1116 1378 I am_uid_idle: 10155
01-12 12:54:22.385 1116 2513 I am_kill : [0,6693,com.google.android.packageinstaller,999,empty #31]
01-12 12:54:22.589 1116 3971 I am_uid_running: 10169
01-12 12:54:22.684 1116 2507 I am_proc_died: [0,6693,com.google.android.packageinstaller,999,19]
01-12 12:54:22.689 1116 2507 I am_uid_stopped: 10053
01-12 12:54:22.704 1116 1380 I am_proc_start: [0,8221,10169,com.google.android.keep,broadcast,{com.google.android.keep/com.google.android.keep.quickaddwidget.QuickAddWidgetProvider}]
01-12 12:54:22.865 1116 3971 I am_proc_bound: [0,8221,com.google.android.keep]
01-12 12:54:23.554 1116 2982 I am_kill : [0,6733,com.google.android.projection.gearhead:shared,999,empty #31]
01-12 12:54:23.767 1116 2982 I am_proc_died: [0,6733,com.google.android.projection.gearhead:shared,999,19]
01-12 12:54:23.768 1116 2982 I am_uid_stopped: 10126
01-12 12:54:24.862 1116 2513 I am_uid_running: 10180
01-12 12:54:24.863 3134 8024 I gtalk_connection: 16778495
01-12 12:54:24.966 1116 1380 I am_proc_start: [0,8262,10180,com.qti.ltebc,broadcast,{com.qti.ltebc/com.qualcomm.ltebc.LTEBroadcastAlarmReceiver}]
01-12 12:54:25.140 1116 3971 I am_proc_bound: [0,8262,com.qti.ltebc]
01-12 12:54:25.150 1116 3971 I am_uid_active: 10180
01-12 12:54:25.429 1116 3971 I am_kill : [0,6777,com.google.android.tts,999,empty #31]
01-12 12:54:25.725 1116 2507 I am_uid_running: 10113
01-12 12:54:25.857 1116 2507 I dvm_lock_sample: [system_server,0,Binder:1116_8,5,ActivityManagerService.java,12158,void com.android.server.am.ActivityManagerService.serviceDoneExecuting(android.os.IBinder, int, int, int),-,12115,int com.android.server.am.ActivityManagerService.bindIsolatedService(android.app.IApplicationThread, android.os.IBinder, android.content.Intent, java.lang.String, android.app.IServiceConnection, int, java.lang.String, java.lang.String, int),1]
01-12 12:54:25.946 1116 1380 I am_proc_start: [0,8288,10113,com.qualcomm.qti.qms.service.trustzoneaccess,service,{com.qualcomm.qti.qms.service.trustzoneaccess/com.qualcomm.qti.qms.service.trustzoneaccess.TZAccessService}]
01-12 12:54:26.088 1116 2513 I am_uid_running: 10132
01-12 12:54:26.140 1116 1199 I am_proc_bound: [0,8288,com.qualcomm.qti.qms.service.trustzoneaccess]
01-12 12:54:26.366 1116 1380 I am_proc_start: [0,8309,10132,com.google.android.ims,broadcast,{com.google.android.ims/com.google.android.ims.receivers.RcsAutoStartReceiver}]
01-12 12:54:26.566 1116 3394 I am_proc_died: [0,6777,com.google.android.tts,999,19]
01-12 12:54:26.573 1116 3394 I am_uid_stopped: 10141
01-12 12:54:26.575 2741 2741 D TelephonyNetworkFactory[0]: onReleaseNetworkFor NetworkRequest [ REQUEST id=135, [ Capabilities: INTERNET&NOT_RESTRICTED&TRUSTED&NOT_VCN_MANAGED Uid: 10141 RequestorUid: 10141 RequestorPkg: com.google.android.tts UnderlyingNetworks: Null] ] applied false
01-12 12:54:26.589 1116 1377 I am_pss : [7561,10066,com.nttdocomo.android.wipe,8388608,4792320,2409472,50503680,0,10,21]
01-12 12:54:26.617 1116 3394 I am_proc_bound: [0,8309,com.google.android.ims]
01-12 12:54:26.697 1116 1377 I dvm_lock_sample: [system_server,0,android.bg,19,ContentProviderHelper.java,1393,void com.android.server.am.ContentProviderHelper.handleProviderRemoval(com.android.server.am.ContentProviderConnection, boolean, boolean),ActivityManagerService.java,15560,void com.android.server.am.ActivityManagerService$LocalService.updateDeviceIdleTempAllowlist(int[], int, boolean, long, int, int, java.lang.String, int),3]
01-12 12:54:26.760 1116 8311 I am_kill : [0,6867,com.google.android.videos,995,empty #31]
01-12 12:54:26.806 1116 1904 I dvm_lock_sample: [system_server,1,Binder:1116_3,9,ActivityManagerService.java,11956,android.content.ComponentName com.android.server.am.ActivityManagerService.startService(android.app.IApplicationThread, android.content.Intent, java.lang.String, boolean, java.lang.String, java.lang.String, int),,0,null,1]
01-12 12:54:26.834 1116 3394 I am_kill : [0,6489,com.android.chrome,995,empty #31]
01-12 12:54:27.081 1116 3511 I am_proc_died: [0,8262,com.qti.ltebc,905,19]
01-12 12:54:27.083 1116 3511 I am_uid_stopped: 10180
01-12 12:54:27.094 1116 3511 I am_mem_factor: [1,0]
01-12 12:54:27.149 1116 2508 I dvm_lock_sample: [system_server,1,Binder:1116_9,46,ContentProviderHelper.java,155,android.app.ContentProviderHolder com.android.server.am.ContentProviderHelper.getContentProviderImpl(android.app.IApplicationThread, java.lang.String, android.os.IBinder, int, java.lang.String, java.lang.String, boolean, int),ActivityManagerService.java,1460,void com.android.server.am.ActivityManagerService$AppDeathRecipient.binderDied(),9]
01-12 12:54:27.152 1116 8311 I dvm_lock_sample: [system_server,1,Binder:1116_14,27,ActivityManagerService.java,13705,int com.android.server.am.ActivityManagerService.broadcastIntentWithFeature(android.app.IApplicationThread, java.lang.String, android.content.Intent, java.lang.String, android.content.IIntentReceiver, int, java.lang.String, android.os.Bundle, java.lang.String[], java.lang.String[], java.lang.String[], int, android.os.Bundle, boolean, boolean, int),-,1460,void com.android.server.am.ActivityManagerService$AppDeathRecipient.binderDied(),5]
01-12 12:54:27.242 2741 3056 D SubscriptionController: [getSlotIndex]- subId invalid
01-12 12:54:27.275 2741 3056 D SubscriptionController: [getSlotIndex]- subId invalid
01-12 12:54:27.281 3360 8092 I dvm_lock_sample: [com.google.android.gms,0,[com.google.android.gms.chimera.container.intentoperation.GmsIntentOperationChimeraService-Executor] processing com.google.android.gms.ocr.service.OcrModelUpdateStateIntentOperation for action com.google.gservices.intent.action.GSERVICES_CHANGED,13,ActivityThread.java,7138,android.content.IContentProvider android.app.ActivityThread.acquireExistingProvider(android.content.Context, java.lang.String, int, boolean),,0,null,2]
01-12 12:54:27.398 2741 2767 D SubscriptionController: [getSlotIndex]- subId invalid
01-12 12:54:27.401 2741 2767 D SubscriptionController: [getSlotIndex]- subId invalid
01-12 12:54:27.505 2741 2767 D SubscriptionController: [getSlotIndex]- subId invalid
01-12 12:54:27.510 2741 2767 D SubscriptionController: [getSlotIndex]- subId invalid
01-12 12:54:27.603 2741 2767 D SubscriptionController: [getSlotIndex]- subId invalid
01-12 12:54:27.647 1116 3511 I am_proc_died: [0,6867,com.google.android.videos,995,19]
01-12 12:54:27.649 1116 3511 I am_uid_stopped: 10145
01-12 12:54:27.657 2741 2741 D TelephonyNetworkFactory[0]: onReleaseNetworkFor NetworkRequest [ REQUEST id=138, [ Capabilities: INTERNET&NOT_RESTRICTED&TRUSTED&NOT_VCN_MANAGED Uid: 10145 RequestorUid: 10145 RequestorPkg: com.google.android.videos UnderlyingNetworks: Null] ] applied false
01-12 12:54:27.658 2741 2741 D TelephonyNetworkFactory[0]: onReleaseNetworkFor NetworkRequest [ REQUEST id=140, [ Capabilities: INTERNET&NOT_RESTRICTED&TRUSTED&NOT_VCN_MANAGED Uid: 10145 RequestorUid: 10145 RequestorPkg: com.google.android.videos UnderlyingNetworks: Null] ] applied false
01-12 12:54:27.769 2741 2767 D SubscriptionController: [getActiveSubscriptionInfoForSimSlotIndex]+ slotIndex=0 subId=null
01-12 12:54:27.961 1116 3510 I am_proc_died: [0,6489,com.android.chrome,995,19]
01-12 12:54:27.963 1116 3510 I am_schedule_service_restart: [0,com.android.chrome/org.chromium.chrome.browser.customtabs.CustomTabsConnectionService,1000]
01-12 12:54:27.963 1116 3510 I am_uid_stopped: 10142
01-12 12:54:28.010 1116 3510 I am_mem_factor: [0,1]
01-12 12:54:29.001 1116 1377 I am_pss : [7612,10191,com.qualcomm.telephony,6031360,3219456,2111488,44965888,0,10,22]
01-12 12:54:29.388 1116 1378 I am_uid_idle: 10130
01-12 12:54:34.798 1116 1116 I force_gc: mem
01-12 12:54:35.145 3477 5198 I force_gc: Binder
01-12 12:54:36.152 1116 1377 I am_pss : [7743,10065,jp.co.nttdocomo.carriermail,20692992,12902400,91136,106262528,0,10,22]
01-12 12:54:36.163 3134 7817 I gtalk_connection: 16778495
01-12 12:54:36.174 1116 1377 I am_pss : [6503,10048,com.nttdocomo.android.pf.dcmwappush,6215680,3239936,2506752,40087552,0,10,18]
01-12 12:54:37.740 1116 2508 I am_kill : [0,7212,com.nttdocomo.android.accountauthenticator,995,empty #31]
01-12 12:54:37.872 1116 3510 I am_proc_died: [0,7212,com.nttdocomo.android.accountauthenticator,995,19]
01-12 12:54:37.874 1116 3510 I am_uid_stopped: 10079
01-12 12:54:37.907 1116 1377 I am_pss : [7831,10065,.clmail_dl,15574016,7835648,824320,93274112,0,10,20]
01-12 12:54:39.414 1116 1378 I am_uid_idle: 10129
01-12 12:54:46.186 1116 1377 I am_pss : [7864,10054,jp.co.nttdocomo.lcsapp,8263680,6684672,110592,79998976,0,10,19]
01-12 12:54:46.217 1116 1377 I am_pss : [7041,10151,com.google.android.youtube,56720384,46555136,5128192,111517696,0,19,27]
01-12 12:54:46.240 1116 1377 I am_pss : [7164,1000,com.longcheertel.midtest,8343552,4788224,2661376,46047232,0,10,20]
01-12 12:54:46.263 1116 1377 I am_pss : [7135,10047,com.lenovo.lsf.device,7016448,3735552,2646016,45506560,0,10,19]
01-12 12:54:50.074 1116 1378 I am_uid_idle: 10119
01-12 12:54:50.250 1116 1378 I am_uid_idle: 10198
01-12 12:55:01.433 1116 1378 I am_uid_idle: 10151
01-12 12:55:01.476 1116 1377 I am_pss : [3400,10063,com.nttdocomo.android.mascot,35399680,33193984,360448,100790272,0,4,20]
01-12 12:55:01.506 1116 2508 I dvm_lock_sample: [system_server,1,Binder:1116_9,6,ActivityTaskManagerService.java,5403,boolean com.android.server.wm.ActivityTaskManagerService$LocalService.isGetTasksAllowed(java.lang.String, int, int),-,5601,android.content.res.CompatibilityInfo com.android.server.wm.ActivityTaskManagerService$LocalService.compatibilityInfoForPackage(android.content.pm.ApplicationInfo),1]
01-12 12:55:01.531 1116 1116 I notification_enqueue: [10120,4927,com.tblenovo.lewea,4927,NULL,0,Notification(channel=tblenovo.channel.WEATHER shortcut=null contentView=null vibrate=null sound=null defaults=0x0 flags=0x40 color=0x00000000 vis=PRIVATE),1]
01-12 12:55:01.567 1116 1116 I notification_enqueue: [10120,4927,com.tblenovo.lewea,4927,NULL,0,Notification(channel=tblenovo.channel.WEATHER shortcut=null contentView=com.tblenovo.lewea/0x7f090018 vibrate=null sound=null defaults=0x0 flags=0x50 color=0x00000000 vis=PUBLIC),1]
01-12 12:55:01.727 1116 1316 I commit_sys_config_file: [notification-policy,210247]
01-12 12:55:02.050 1116 1378 I am_uid_idle: 10047
01-12 12:55:05.443 1116 1378 I am_uid_idle: 10106
01-12 12:55:07.134 1116 1378 I am_uid_idle: 10068
01-12 12:55:09.275 1116 1378 I am_uid_idle: 10073
01-12 12:55:09.944 1116 1378 I am_uid_idle: 10048
01-12 12:55:09.967 1116 1378 I am_uid_idle: 10044
01-12 12:55:11.011 1116 1378 I am_uid_idle: 10087
01-12 12:55:14.457 1116 1378 I am_uid_idle: 10060
01-12 12:55:14.480 1116 1378 I am_uid_idle: 10092
01-12 12:55:15.589 1116 1378 I am_uid_idle: 10066
01-12 12:55:16.168 1116 1378 I am_kill : [0,7234,com.nttdocomo.android.databackup,999,empty #31]
01-12 12:55:16.171 1116 1378 I am_kill : [0,7041,com.google.android.youtube,999,empty #32]
01-12 12:55:16.207 1116 1377 I am_pss : [3804,10136,com.google.process.gapps,7998464,3936256,2681856,46551040,0,19,19]
01-12 12:55:16.231 1116 1377 I am_pss : [6711,10119,com.google.android.partnersetup,7632896,4583424,2429952,47747072,0,19,20]
01-12 12:55:16.231 3134 6272 I gtalk_connection: 16778495
01-12 12:55:16.254 1116 1377 I am_pss : [7743,10065,jp.co.nttdocomo.carriermail,20639744,12824576,93184,106188800,0,10,19]
01-12 12:55:16.278 1116 1377 I am_pss : [7965,10112,jp.co.omronsoft.android.decoemojimanager_docomo,9110528,6127616,1896448,55353344,0,19,19]
01-12 12:55:16.301 1116 1377 I am_pss : [7928,10049,android.process.media,11000832,8171520,1723392,57556992,0,19,19]
01-12 12:55:16.326 1116 1377 I am_pss : [7911,10040,com.android.externalstorage,6012928,3407872,1632256,50028544,0,19,20]
01-12 12:55:16.350 1116 1377 I am_pss : [7894,10100,jp.co.nttdocomo.saigaiban,8059904,5419008,1694720,53346304,0,19,20]
01-12 12:55:16.367 1116 2508 I am_proc_died: [0,7234,com.nttdocomo.android.databackup,999,19]
01-12 12:55:16.369 1116 2508 I am_uid_stopped: 10068
01-12 12:55:16.374 1116 1377 I am_pss : [7831,10065,.clmail_dl,15536128,7872512,711680,93503488,0,10,19]
01-12 12:55:16.398 1116 1377 I am_pss : [6396,10106,com.nttdocomo.android.pf.dcmippushaggregator,9160704,5373952,3088384,45973504,0,19,21]
01-12 12:55:16.419 1116 1377 I am_pss : [6503,10048,com.nttdocomo.android.pf.dcmwappush,6400000,3264512,2648064,40087552,0,10,17]
01-12 12:55:16.442 1116 1377 I am_pss : [7258,10073,com.nttdocomo.android.devicehelp,14603264,10903552,2329600,63873024,0,19,20]
01-12 12:55:16.465 1116 1377 I am_pss : [7711,10192,com.qualcomm.qtil.aptxui,7468032,4632576,2171904,45391872,0,19,19]
01-12 12:55:16.486 1116 1377 I am_pss : [7669,10117,com.qualcomm.qti.qms.service.connectionsecurity,34310144,5074944,25010176,34521088,0,19,17]
01-12 12:55:16.510 1116 1377 I am_pss : [7651,10196,com.qualcomm.qti.qccauthmgr,6459392,3416064,2300928,46956544,0,19,20]
01-12 12:55:16.517 1116 8336 I am_proc_died: [0,7041,com.google.android.youtube,999,19]
01-12 12:55:16.520 1116 8336 I am_uid_stopped: 10151
01-12 12:55:16.529 2741 2741 D TelephonyNetworkFactory[0]: onReleaseNetworkFor NetworkRequest [ REQUEST id=145, [ Capabilities: INTERNET&NOT_RESTRICTED&TRUSTED&NOT_VCN_MANAGED Uid: 10151 RequestorUid: 10151 RequestorPkg: com.google.android.youtube UnderlyingNetworks: Null] ] applied false
01-12 12:55:16.533 2741 2741 D TelephonyNetworkFactory[0]: onReleaseNetworkFor NetworkRequest [ REQUEST id=143, [ Capabilities: INTERNET&NOT_RESTRICTED&TRUSTED&NOT_VCN_MANAGED Uid: 10151 RequestorUid: 10151 RequestorPkg: com.google.android.youtube UnderlyingNetworks: Null] ] applied false
01-12 12:55:16.533 2741 2741 D TelephonyNetworkFactory[0]: onReleaseNetworkFor NetworkRequest [ REQUEST id=152, [ Capabilities: INTERNET&NOT_RESTRICTED&TRUSTED&NOT_VCN_MANAGED Uid: 10151 RequestorUid: 10151 RequestorPkg: com.google.android.youtube UnderlyingNetworks: Null] ] applied false
01-12 12:55:16.537 1116 1377 I am_pss : [7633,10163,com.qualcomm.qti.lpa,6178816,3522560,1981440,44908544,0,19,20]
01-12 12:55:16.541 2741 2741 D TelephonyNetworkFactory[0]: onReleaseNetworkFor NetworkRequest [ REQUEST id=148, [ Capabilities: INTERNET&NOT_RESTRICTED&TRUSTED&NOT_VCN_MANAGED Uid: 10151 RequestorUid: 10151 RequestorPkg: com.google.android.youtube UnderlyingNetworks: Null] ] applied false
01-12 12:55:16.542 2741 2741 D TelephonyNetworkFactory[0]: onReleaseNetworkFor NetworkRequest [ REQUEST id=154, [ Capabilities: INTERNET&NOT_RESTRICTED&TRUSTED&NOT_VCN_MANAGED Uid: 10151 RequestorUid: 10151 RequestorPkg: com.google.android.youtube UnderlyingNetworks: Null] ] applied false
01-12 12:55:16.558 1116 1377 I am_pss : [7612,10191,com.qualcomm.telephony,6188032,3149824,2329600,44388352,0,10,18]
01-12 12:55:16.579 1116 1377 I am_pss : [7561,10066,com.nttdocomo.android.wipe,8382464,4870144,2511872,49733632,0,10,18]
01-12 12:55:16.604 1116 1377 I am_pss : [7523,10092,com.nttdocomo.android.store,12812288,8744960,2883584,58753024,0,19,21]
01-12 12:55:16.629 1116 1377 I am_pss : [7447,10060,com.nttdocomo.android.sdcardbackup,24402944,19247104,3320832,74743808,0,19,22]
01-12 12:55:16.654 1116 1377 I am_pss : [7382,10087,com.nttdocomo.android.schedulememo,20035584,14553088,3707904,66457600,0,19,21]
01-12 12:55:16.677 1116 1377 I am_pss : [7349,10044,com.nttdocomo.android.remotelock,8511488,5406720,2063360,50503680,0,19,20]
01-12 12:55:16.699 1116 1377 I am_pss : [5286,10198,com.google.android.permissioncontroller,10108928,6266880,3296256,44920832,0,19,19]
01-12 12:55:16.720 1116 1377 I am_pss : [3790,10177,com.google.android.setupwizard,10316800,9039872,101376,77733888,0,4,18]
01-12 12:55:16.740 1116 1377 I am_pss : [7864,10054,jp.co.nttdocomo.lcsapp,8341504,6737920,112640,80027648,0,10,16]
01-12 12:55:17.908 1116 1378 I am_uid_idle: 10191
01-12 12:55:18.844 1116 1378 I am_uid_idle: 10163
01-12 12:55:19.804 1116 1378 I am_uid_idle: 10196
01-12 12:55:20.719 1116 1378 I am_uid_idle: 10117
01-12 12:55:21.624 1116 1378 I am_uid_idle: 10192
01-12 12:55:23.644 1116 1377 I am_pss : [8221,10169,com.google.android.keep,19699712,16846848,357376,96313344,0,19,26]
01-12 12:55:26.266 1116 1377 I am_pss : [8061,10143,com.google.android.calendar,29084672,24981504,446464,111722496,0,19,29]
01-12 12:55:26.302 1116 1377 I am_pss : [4441,10136,com.google.android.gms.unstable,22947840,12435456,1643520,86155264,0,19,22]
01-12 12:55:26.330 1116 1377 I am_pss : [5539,10129,com.android.vending,65182720,61698048,2231296,121131008,0,19,25]
01-12 12:55:26.352 1116 1377 I am_pss : [8029,10070,com.android.providers.calendar,7772160,4972544,1028096,68145152,0,19,19]
01-12 12:55:26.377 1116 1377 I am_pss : [4954,10130,com.google.android.apps.wellbeing,34274304,27463680,5803008,73965568,0,19,21]
01-12 12:55:26.479 1116 1378 I am_uid_idle: 10070
01-12 12:55:26.677 1116 1378 I am_uid_idle: 10065
01-12 12:55:28.952 1116 1378 I am_uid_idle: 10054
01-12 12:55:28.988 1116 1378 I am_uid_idle: 10100
01-12 12:55:29.738 1116 1377 I am_pss : [8144,10150,com.google.android.gm,55089152,52158464,274432,133779456,0,19,24]
01-12 12:55:30.972 1116 1378 I am_uid_idle: 10046
01-12 12:55:38.779 1116 1377 I am_pss : [4559,10063,com.nttdocomo.android.mascot:persistent,6552576,5312512,114688,70565888,0,4,26]
01-12 12:55:40.440 1116 3263 I battery_level: [7,3744,299]
01-12 12:56:25.452 2741 2741 D RILJ : [0045]> GET_ACTIVITY_INFO [PHONE0]
01-12 12:56:25.512 2741 2959 D RILJ : [0045]< GET_ACTIVITY_INFO ModemActivityInfo{ mTimestamp=370825 mSleepTimeMs=0 mIdleTimeMs=311083 mTxTimeMs[]=[0, 0, 0, 0, 0] mRxTimeMs=0} [PHONE0]
01-12 12:56:25.710 630 630 I auditd : type=1400 audit(0.0:108): avc: denied { read } for comm="Binder:630_2" name="wakeup38" dev="sysfs" ino=66587 scontext=u:r:system_suspend:s0 tcontext=u:object_r:sysfs:s0 tclass=dir permissive=0
01-12 12:56:25.720 630 630 I auditd : type=1400 audit(0.0:109): avc: denied { read } for comm="Binder:630_2" name="wakeup28" dev="sysfs" ino=66215 scontext=u:r:system_suspend:s0 tcontext=u:object_r:sysfs:s0 tclass=dir permissive=0
01-12 12:56:25.720 630 630 I auditd : type=1400 audit(0.0:110): avc: denied { read } for comm="Binder:630_2" name="wakeup18" dev="sysfs" ino=58442 scontext=u:r:system_suspend:s0 tcontext=u:object_r:sysfs:s0 tclass=dir permissive=0
01-12 12:56:25.720 630 630 I auditd : type=1400 audit(0.0:111): avc: denied { read } for comm="Binder:630_2" name="wakeup46" dev="sysfs" ino=70729 scontext=u:r:system_suspend:s0 tcontext=u:object_r:sysfs:s0 tclass=dir permissive=0
01-12 12:56:25.720 630 630 I auditd : type=1400 audit(0.0:112): avc: denied { read } for comm="Binder:630_2" name="wakeup2" dev="sysfs" ino=40064 scontext=u:r:system_suspend:s0 tcontext=u:object_r:sysfs:s0 tclass=dir permissive=0
01-12 12:56:25.730 630 630 I auditd : type=1400 audit(0.0:113): avc: denied { read } for comm="Binder:630_2" name="wakeup36" dev="sysfs" ino=66515 scontext=u:r:system_suspend:s0 tcontext=u:object_r:sysfs:s0 tclass=dir permissive=0
01-12 12:56:31.366 1116 1377 I am_pss : [8144,10150,com.google.android.gm,55106560,52183040,274432,133779456,0,19,32]
01-12 12:56:35.651 1116 1377 I am_pss : [8061,10143,com.google.android.calendar,29077504,24977408,446464,111722496,0,19,22]
01-12 12:56:36.300 1116 1116 I am_uid_running: 10128
01-12 12:56:36.301 1116 1377 I am_pss : [4927,10120,com.tblenovo.lewea,6970368,5410816,105472,75591680,0,4,18]
01-12 12:56:36.306 1116 2185 I dvm_lock_sample: [system_server,0,Binder:1116_4,10,ActivityManagerService.java,12158,void com.android.server.am.ActivityManagerService.serviceDoneExecuting(android.os.IBinder, int, int, int),-,12115,int com.android.server.am.ActivityManagerService.bindIsolatedService(android.app.IApplicationThread, android.os.IBinder, android.content.Intent, java.lang.String, android.app.IServiceConnection, int, java.lang.String, java.lang.String, int),2]
01-12 12:56:36.317 3134 7817 I gtalk_connection: 16778495
01-12 12:56:36.332 1116 1377 I am_pss : [3477,10136,com.google.process.gservices,8488960,5963776,979968,55054336,0,19,24]
01-12 12:56:36.356 1116 1377 I am_pss : [6901,10046,android.process.acore,10491904,8286208,1003520,62418944,0,19,19]
01-12 12:56:36.374 1116 1116 I notification_enqueue: [10120,4927,com.tblenovo.lewea,4927,NULL,0,Notification(channel=tblenovo.channel.WEATHER shortcut=null contentView=null vibrate=null sound=null defaults=0x0 flags=0x40 color=0x00000000 vis=PRIVATE),1]
01-12 12:56:36.392 1116 1377 I am_pss : [8221,10169,com.google.android.keep,19722240,16912384,335872,96350208,0,19,20]
01-12 12:56:36.409 1116 1116 I notification_enqueue: [10120,4927,com.tblenovo.lewea,4927,NULL,0,Notification(channel=tblenovo.channel.WEATHER shortcut=null contentView=com.tblenovo.lewea/0x7f090018 vibrate=null sound=null defaults=0x0 flags=0x50 color=0x00000000 vis=PUBLIC),1]
01-12 12:56:36.420 1116 1377 I am_pss : [3804,10136,com.google.process.gapps,8111104,3936256,2778112,46551040,0,19,18]
01-12 12:56:36.443 1116 1377 I am_pss : [6711,10119,com.google.android.partnersetup,7739392,4608000,2496512,47747072,0,19,18]
01-12 12:56:36.460 1116 1380 I am_proc_start: [0,8403,10128,com.google.android.configupdater,service,{com.google.android.configupdater/com.google.android.configupdater.MainJobService}]
01-12 12:56:36.467 1116 1377 I am_pss : [8288,10113,com.qualcomm.qti.qms.service.trustzoneaccess,5897216,3940352,216064,75096064,0,19,19]
01-12 12:56:36.489 1116 1377 I am_pss : [8309,10132,com.google.android.ims,14910464,12267520,100352,93614080,0,19,19]
01-12 12:56:36.514 1116 1377 I am_pss : [4441,10136,com.google.android.gms.unstable,22946816,12451840,1630208,86167552,0,19,22]
01-12 12:56:36.532 1116 1316 I commit_sys_config_file: [notification-policy,305052]
01-12 12:56:36.543 1116 1377 I am_pss : [5539,10129,com.android.vending,65189888,61714432,2230272,121131008,0,19,24]
01-12 12:56:36.565 1116 1377 I am_pss : [8029,10070,com.android.providers.calendar,7744512,4931584,1028096,68145152,0,19,17]
01-12 12:56:36.590 1116 1377 I am_pss : [4954,10130,com.google.android.apps.wellbeing,34284544,27566080,5714944,74149888,0,19,21]
01-12 12:56:36.618 1116 1377 I am_pss : [7965,10112,jp.co.omronsoft.android.decoemojimanager_docomo,9174016,6152192,1928192,55353344,0,19,21]
01-12 12:56:36.642 1116 1377 I am_pss : [7928,10049,android.process.media,11023360,8196096,1725440,57556992,0,19,19]
01-12 12:56:36.659 1116 2508 I am_proc_bound: [0,8403,com.google.android.configupdater]
01-12 12:56:36.669 1116 1377 I am_pss : [7911,10040,com.android.externalstorage,6032384,3432448,1634304,50028544,0,19,19]
01-12 12:56:36.692 1116 1377 I am_pss : [7894,10100,jp.co.nttdocomo.saigaiban,8079360,5443584,1696768,53346304,0,19,19]
01-12 12:56:36.714 1116 1377 I am_pss : [6396,10106,com.nttdocomo.android.pf.dcmippushaggregator,9179136,5398528,3088384,45973504,0,19,19]
01-12 12:56:36.738 1116 1377 I am_pss : [7258,10073,com.nttdocomo.android.devicehelp,14610432,10924032,2328576,63873024,0,19,19]
01-12 12:56:36.759 1116 1377 I am_pss : [7711,10192,com.qualcomm.qtil.aptxui,7478272,4657152,2171904,45391872,0,19,17]
01-12 12:56:36.784 1116 1377 I am_pss : [7669,10117,com.qualcomm.qti.qms.service.connectionsecurity,34311168,5091328,25006080,34525184,0,19,18]
01-12 12:56:36.808 1116 1377 I am_pss : [7651,10196,com.qualcomm.qti.qccauthmgr,6471680,3440640,2301952,46956544,0,19,20]
01-12 12:56:36.831 1116 1377 I am_pss : [7633,10163,com.qualcomm.qti.lpa,6190080,3547136,1981440,44908544,0,19,19]
01-12 12:56:36.854 1116 1377 I am_pss : [7523,10092,com.nttdocomo.android.store,12827648,8773632,2883584,58753024,0,19,20]
01-12 12:56:36.881 1116 1377 I am_pss : [7447,10060,com.nttdocomo.android.sdcardbackup,24398848,19251200,3320832,74743808,0,19,20]
01-12 12:56:36.905 1116 1377 I am_pss : [7382,10087,com.nttdocomo.android.schedulememo,20009984,14508032,3710976,66457600,0,19,20]
01-12 12:56:36.934 1116 1377 I am_pss : [7349,10044,com.nttdocomo.android.remotelock,8523776,5431296,2064384,50503680,0,19,19]
01-12 12:56:36.958 1116 1377 I am_pss : [5286,10198,com.google.android.permissioncontroller,10104832,6266880,3297280,44920832,0,19,20]
01-12 12:56:38.493 1116 1316 I commit_sys_config_file: [jobs,33]
01-12 12:57:17.000 1116 1377 I am_pss : [3400,10063,com.nttdocomo.android.mascot,35499008,33267712,378880,100864000,0,4,20]
01-12 12:57:26.541 1116 1116 I notification_enqueue: [10120,4927,com.tblenovo.lewea,4927,NULL,0,Notification(channel=tblenovo.channel.WEATHER shortcut=null contentView=null vibrate=null sound=null defaults=0x0 flags=0x40 color=0x00000000 vis=PRIVATE),1]
01-12 12:57:26.568 1116 1316 I commit_sys_config_file: [package-session,353613]
01-12 12:57:26.573 1116 1316 I commit_sys_config_file: [package-session,353618]
01-12 12:57:26.579 1116 1116 I notification_enqueue: [10120,4927,com.tblenovo.lewea,4927,NULL,0,Notification(channel=tblenovo.channel.WEATHER shortcut=null contentView=com.tblenovo.lewea/0x7f090018 vibrate=null sound=null defaults=0x0 flags=0x50 color=0x00000000 vis=PUBLIC),1]
01-12 12:57:26.590 1116 1899 I commit_sys_config_file: [package-session,353634]
01-12 12:57:26.672 1116 1595 I am_uid_active: 10129
01-12 12:57:26.832 1116 1316 I commit_sys_config_file: [notification-policy,355352]
01-12 12:57:27.969 1116 1595 I commit_sys_config_file: [package-user-0,12]
01-12 12:57:27.969 1116 1595 I commit_sys_config_file: [package,198]
01-12 12:57:29.019 1116 1378 I am_wtf : [0,1116,system_server,-1,ActivityManager,Sending non-protected broadcast com.lenovo.action.CAPSENSOR_SIM from system 1116:system/1000 pkg android]
01-12 12:57:29.029 1116 1378 I am_wtf : [0,1116,system_server,-1,ActivityManager,Sending non-protected broadcast com.lenovo.action.CAPSENSOR_SIM from system 1116:system/1000 pkg android]
01-12 12:57:29.030 2741 2741 D QtiRilInterface: Received com.lenovo.action.CAPSENSOR_SIM
01-12 12:57:29.030 2741 2741 D QtiRilInterface: capsensor_value is 3
01-12 12:57:29.660 1116 1378 I am_wtf : [0,1116,system_server,-1,ActivityManager,Sending non-protected broadcast com.lenovo.action.CAPSENSOR_SIM from system 1116:system/1000 pkg android]
01-12 12:57:29.672 1116 1378 I am_wtf : [0,1116,system_server,-1,ActivityManager,Sending non-protected broadcast com.lenovo.action.CAPSENSOR_SIM from system 1116:system/1000 pkg android]
01-12 12:57:29.675 1116 1378 I service_manager_stats: [100,292,218010]
01-12 12:57:29.686 2741 2741 D QtiRilInterface: Received com.lenovo.action.CAPSENSOR_SIM
01-12 12:57:29.686 2741 2741 D QtiRilInterface: capsensor_value is 2
01-12 12:57:30.311 1116 1595 I unknown_sources_enabled: 1
01-12 12:57:30.313 1116 1116 I am_uid_active: 10198
01-12 12:57:30.338 1116 1595 I dvm_lock_sample: [system_server,0,PackageManager,23,ActivityManagerService.java,13705,int com.android.server.am.ActivityManagerService.broadcastIntentWithFeature(android.app.IApplicationThread, java.lang.String, android.content.Intent, java.lang.String, android.content.IIntentReceiver, int, java.lang.String, android.os.Bundle, java.lang.String[], java.lang.String[], java.lang.String[], int, android.os.Bundle, boolean, boolean, int),-,12115,int com.android.server.am.ActivityManagerService.bindIsolatedService(android.app.IApplicationThread, android.os.IBinder, android.content.Intent, java.lang.String, android.app.IServiceConnection, int, java.lang.String, java.lang.String, int),4]
01-12 12:57:30.423 1116 1907 I commit_sys_config_file: [overlays,371330]
01-12 12:57:30.427 1116 1899 I commit_sys_config_file: [package-session,357472]
01-12 12:57:30.448 1116 2507 I dvm_lock_sample: [system_server,1,Binder:1116_8,17,PackageManagerService.java,5310,int com.android.server.pm.PackageManagerService$ComputerLocked.getPackageUidInternal(java.lang.String, int, int, int),,0,null,3]
01-12 12:57:30.454 1116 2460 I dvm_lock_sample: [system_server,1,Binder:1116_6,45,ComponentResolver.java,327,java.util.List com.android.server.pm.ComponentResolver.queryActivities(android.content.Intent, java.lang.String, int, java.util.List, int),-,506,java.util.List com.android.server.pm.ComponentResolver.queryServices(android.content.Intent, java.lang.String, int, java.util.List, int),9]
01-12 12:57:30.526 1116 3988 I dvm_lock_sample: [system_server,1,Binder:1116_11,117,ActivityManagerService.java,12114,int com.android.server.am.ActivityManagerService.bindIsolatedService(android.app.IApplicationThread, android.os.IBinder, android.content.Intent, java.lang.String, android.app.IServiceConnection, int, java.lang.String, java.lang.String, int),-,13831,void com.android.server.am.ActivityManagerService.finishReceiver(android.os.IBinder, int, java.lang.String, android.os.Bundle, boolean, int),23]
01-12 12:57:30.532 1116 2358 I dvm_lock_sample: [system_server,1,Binder:1116_5,123,ContentProviderHelper.java,155,android.app.ContentProviderHolder com.android.server.am.ContentProviderHelper.getContentProviderImpl(android.app.IApplicationThread, java.lang.String, android.os.IBinder, int, java.lang.String, java.lang.String, boolean, int),ActivityManagerService.java,13831,void com.android.server.am.ActivityManagerService.finishReceiver(android.os.IBinder, int, java.lang.String, android.os.Bundle, boolean, int),24]
01-12 12:57:30.630 1116 1378 I dvm_lock_sample: [system_server,1,ActivityManager,265,BroadcastQueue.java,1051,void com.android.server.am.BroadcastQueue.processNextBroadcast(boolean),,0,null,53]
01-12 12:57:30.645 1116 1116 I notification_cancel_all: [1000,1116,com.magicandroidapps.iperf,0,0,0,5,NULL]
01-12 12:57:30.649 1116 1904 I dvm_lock_sample: [system_server,1,Binder:1116_3,105,ActivityManagerService.java,12138,void com.android.server.am.ActivityManagerService.publishService(android.os.IBinder, android.content.Intent, android.os.IBinder),,0,null,21]
01-12 12:57:30.656 1116 1378 I am_uid_running: 10053
01-12 12:57:30.914 1116 3988 I dvm_lock_sample: [system_server,1,Binder:1116_11,22,ActivityManagerService.java,12468,android.content.Intent com.android.server.am.ActivityManagerService.registerReceiverWithFeature(android.app.IApplicationThread, java.lang.String, java.lang.String, java.lang.String, android.content.IIntentReceiver, android.content.IntentFilter, java.lang.String, int, int),,0,null,4]
01-12 12:57:30.946 1116 1380 I am_proc_start: [0,8506,10053,com.google.android.packageinstaller,broadcast,{com.google.android.packageinstaller/com.android.packageinstaller.PackageInstalledReceiver}]
01-12 12:57:31.245 1116 2513 I am_proc_bound: [0,8506,com.google.android.packageinstaller]
01-12 12:57:31.313 3134 3134 I dvm_lock_sample: [com.google.android.gms.persisten,1,main,39,MessageQueue.java,337,android.os.Message android.os.MessageQueue.next(),-,600,boolean android.os.MessageQueue.enqueueMessage(android.os.Message, long),7]
01-12 12:57:31.324 1116 2513 I dvm_lock_sample: [system_server,1,Binder:1116_A,49,RegisteredServicesCache.java,351,java.util.Collection android.content.pm.RegisteredServicesCache.getAllServices(int),-,593,void android.content.pm.RegisteredServicesCache.generateServicesMap(int[], int),9]
01-12 12:57:31.371 3360 8007 I dvm_lock_sample: [com.google.android.gms,0,lowpool[4],118,ActivityThread.java,7138,android.content.IContentProvider android.app.ActivityThread.acquireExistingProvider(android.content.Context, java.lang.String, int, boolean),,0,null,23]
01-12 12:57:31.651 1116 3263 I battery_status: [3,2,1,0,Li-ion]
01-12 12:57:31.880 1116 1116 I device_idle: [1,no activity]
01-12 12:57:31.882 1116 1116 I device_idle_light: [1,no activity]
01-12 12:57:31.906 1116 1904 I dvm_lock_sample: [system_server,1,Binder:1116_3,189,PowerManagerService.java,1369,void com.android.server.power.PowerManagerService.acquireWakeLockInternal(android.os.IBinder, int, int, java.lang.String, java.lang.String, android.os.WorkSource, java.lang.String, int, int),BatterySaverStateMachine.java,501,void com.android.server.power.batterysaver.BatterySaverStateMachine.setBatteryStatus(boolean, int, boolean),37]
01-12 12:57:31.908 2741 2741 D RILJ : [0046]> GET_ACTIVITY_INFO [PHONE0]
01-12 12:57:31.909 1116 1116 I battery_saving_stats: [0,0,0,330331,0,-1,330331,0,-1]
01-12 12:57:31.912 1116 1564 I sysui_multi_action: [757,1696,758,6,759,3]
01-12 12:57:31.917 2741 2959 D RILJ : [0046]< GET_ACTIVITY_INFO ModemActivityInfo{ mTimestamp=437230 mSleepTimeMs=0 mIdleTimeMs=66452 mTxTimeMs[]=[0, 0, 0, 0, 0] mRxTimeMs=0} [PHONE0]
01-12 12:57:31.941 1116 1116 I screen_toggled: 1
01-12 12:57:31.942 1116 1116 I power_screen_broadcast_send: 1
01-12 12:57:31.991 2741 2741 D RILJ : [0047]> SEND_DEVICE_STATE 2:false [PHONE0]
01-12 12:57:31.993 2741 2959 D RILJ : [0047]< SEND_DEVICE_STATE [PHONE0]
01-12 12:57:32.002 2741 2741 D RILJ : [0048]> SET_UNSOLICITED_RESPONSE_FILTER 127 [PHONE0]
01-12 12:57:32.003 2741 2741 D SST : [0] handleMessage: received event 61
01-12 12:57:32.010 1116 1947 I commit_sys_config_file: [settings-0-0,106]
01-12 12:57:32.016 2741 2741 D RILJ : [0049]> SET_SIGNAL_STRENGTH_REPORTING_CRITERIA [PHONE0]
01-12 12:57:32.019 2741 2959 D RILJ : [0048]< SET_UNSOLICITED_RESPONSE_FILTER [PHONE0]
01-12 12:57:32.020 2741 2741 D RILJ : [0050]> SET_SIGNAL_STRENGTH_REPORTING_CRITERIA [PHONE0]
01-12 12:57:32.022 2741 2741 D RILJ : [0051]> SET_SIGNAL_STRENGTH_REPORTING_CRITERIA [PHONE0]
01-12 12:57:32.023 2741 2741 D NetworkTypeController: [0] LegacyState: process EVENT_PHYSICAL_CHANNEL_CONFIG_NOTIF_CHANGED
01-12 12:57:32.023 2741 2741 D NetworkTypeController: [0] Remove all timers
01-12 12:57:32.023 2741 2741 D NetworkTypeController: [0] DefaultState: process EVENT_PHYSICAL_CHANNEL_CONFIG_NOTIF_CHANGED
01-12 12:57:32.023 2741 2741 D NetworkTypeController: [0] mIsPhysicalChannelConfigOn changed to: true
01-12 12:57:32.027 2741 2959 D RILJ : [0049]< SET_SIGNAL_STRENGTH_REPORTING_CRITERIA [PHONE0]
01-12 12:57:32.029 2741 2959 D RILJ : [0050]< SET_SIGNAL_STRENGTH_REPORTING_CRITERIA [PHONE0]
01-12 12:57:32.029 2741 2959 D RILJ : [0051]< SET_SIGNAL_STRENGTH_REPORTING_CRITERIA [PHONE0]
01-12 12:57:32.097 1116 3510 I sysui_multi_action: [757,127,758,1]
01-12 12:57:32.098 1116 3510 I sysui_multi_action: [757,804,799,note_load,801,8,802,1]
01-12 12:57:32.098 1116 3510 I notification_panel_revealed: 8
01-12 12:57:32.152 1116 3510 I wm_set_keyguard_shown: [1,0,0,setKeyguardShown]
01-12 12:57:32.306 1116 1428 I service_manager_slow: [12,suspend_control_internal]
01-12 12:57:32.310 630 630 I auditd : type=1400 audit(0.0:138): avc: denied { read } for comm="Binder:630_2" name="wakeup38" dev="sysfs" ino=66587 scontext=u:r:system_suspend:s0 tcontext=u:object_r:sysfs:s0 tclass=dir permissive=0
01-12 12:57:32.320 630 630 I auditd : type=1400 audit(0.0:139): avc: denied { read } for comm="Binder:630_2" name="wakeup28" dev="sysfs" ino=66215 scontext=u:r:system_suspend:s0 tcontext=u:object_r:sysfs:s0 tclass=dir permissive=0
01-12 12:57:32.330 630 630 I auditd : type=1400 audit(0.0:140): avc: denied { read } for comm="Binder:630_2" name="wakeup18" dev="sysfs" ino=58442 scontext=u:r:system_suspend:s0 tcontext=u:object_r:sysfs:s0 tclass=dir permissive=0
01-12 12:57:32.330 630 630 I auditd : type=1400 audit(0.0:141): avc: denied { read } for comm="Binder:630_2" name="wakeup46" dev="sysfs" ino=70729 scontext=u:r:system_suspend:s0 tcontext=u:object_r:sysfs:s0 tclass=dir permissive=0
01-12 12:57:32.330 630 630 I auditd : type=1400 audit(0.0:142): avc: denied { read } for comm="Binder:630_2" name="wakeup2" dev="sysfs" ino=40064 scontext=u:r:system_suspend:s0 tcontext=u:object_r:sysfs:s0 tclass=dir permissive=0
01-12 12:57:32.482 1116 1393 I dvm_lock_sample: [system_server,0,batterystats-handler,447,BatteryStatsService.java,1051,void com.android.server.am.BatteryStatsService.lambda$noteStopWakelockFromSource$26$BatteryStatsService(android.os.WorkSource, int, java.lang.String, java.lang.String, int, long, long),BatteryExternalStatsWorker.java,696,void com.android.server.am.BatteryExternalStatsWorker.updateExternalStatsLocked(java.lang.String, int, boolean, boolean, int, boolean),89]
01-12 12:57:32.514 1116 1378 I am_wtf : [0,1116,system_server,-1,DisplayDeviceConfig,requesting nits when no mapping exists.]
01-12 12:57:32.522 1116 1378 I am_wtf : [0,1116,system_server,-1,DisplayDeviceConfig,requesting nits when no mapping exists.]
01-12 12:57:32.584 1116 1313 I sysui_multi_action: [757,223,758,2]
01-12 12:57:32.584 1116 1313 I sysui_multi_action: [757,804,799,dozing_minutes,801,5,802,1]
01-12 12:57:32.619 1116 1116 I sysui_multi_action: [757,198,758,1,759,1,1359,630,1694,3]
01-12 12:57:32.620 1116 1116 I power_screen_state: [1,0,0,0,630]
01-12 12:57:32.700 2741 2741 D QtiDCT-C: [0]screen on
01-12 12:57:32.700 2741 2741 D QtiDCT-C: [0]stopNetStatPoll
01-12 12:57:32.758 1116 2145 I input_interaction: Interaction with: 33812c7 NotificationShade (server), PointerEventDispatcher0 (server),
01-12 12:57:32.824 1116 3510 I dvm_lock_sample: [system_server,1,Binder:1116_E,74,PackageManagerService.java,28333,int com.android.server.pm.PackageManagerService$PackageManagerInternalImpl.getUidTargetSdkVersion(int),-,28422,void com.android.server.pm.PackageManagerService$PackageManagerInternalImpl.forEachPackageSetting(java.util.function.Consumer),14]
01-12 12:57:32.859 1116 1377 I am_pss : [3790,10177,com.google.android.setupwizard,10382336,9035776,99328,77729792,0,4,19]
01-12 12:57:32.929 1116 2146 I sysui_multi_action: [757,804,799,power_consecutive_short_tap_count,801,1,802,1]
01-12 12:57:32.929 1116 2146 I sysui_multi_action: [757,804,799,power_double_tap_interval,801,438234,802,1]
01-12 12:57:32.930 1116 2146 I intercept_power: [ACTION_DOWN,0,0]
01-12 12:57:32.998 1116 3508 I sysui_multi_action: [757,128,758,1,793,342732,794,0,795,342732,796,26,798,1,806,android,857,DEVELOPER_IMPORTANT,858,4,947,0,1395,8,1500,342505,1688,1]
01-12 12:57:32.999 1116 3508 I sysui_multi_action: [757,804,799,note_freshness,801,342732,802,1]
01-12 12:57:32.999 1116 3508 I notification_visibility: [-1|android|26|null|1000,1,342732,342732,0,1]
01-12 12:57:33.002 1116 3508 I sysui_multi_action: [757,128,758,1,793,313907,794,0,795,313907,796,9,798,0,806,com.google.android.setupwizard,857,suw_consolidate_foreground_-e437bac7,858,3,947,0,1395,8,1500,313703,1688,1]
01-12 12:57:33.004 1116 3508 I sysui_multi_action: [757,804,799,note_freshness,801,313907,802,1]
01-12 12:57:33.004 1116 3508 I notification_visibility: [0|com.google.android.setupwizard|9|null|10177,1,313907,313907,0,0]
01-12 12:57:33.006 1116 3508 I sysui_multi_action: [757,128,758,1,793,211648,794,0,795,211648,796,2000000015,798,2,806,com.nttdocomo.android.devicehelp,857,osu_importance_high,858,4,947,0,1395,8,1500,211396,1688,1,1745,2098068913]
01-12 12:57:33.007 1116 3508 I sysui_multi_action: [757,804,799,note_freshness,801,211648,802,1]
01-12 12:57:33.008 1116 3508 I notification_visibility: [0|com.nttdocomo.android.devicehelp|2000000015|null|10073,1,211648,211648,0,2]
01-12 12:57:33.039 1116 2146 I intercept_power: [ACTION_UP,0,0]
01-12 12:57:33.045 1116 1116 I power_sleep_requested: 0
01-12 12:57:33.131 2236 2236 I sysui_multi_action: [757,197,758,5,759,0]
01-12 12:57:33.139 1116 3511 I am_uid_active: 10073
01-12 12:57:33.214 1116 3511 I wm_task_created: [55,-1]
01-12 12:57:33.262 1116 3511 I wm_task_moved: [55,1,6]
01-12 12:57:33.262 1116 3511 I wm_task_to_front: [0,55]
01-12 12:57:33.263 1116 3511 I wm_create_task: [0,55]
01-12 12:57:33.263 1116 3511 I wm_create_activity: [0,95443355,55,com.nttdocomo.android.devicehelp/.ui.RecommendActivity,NULL,NULL,NULL,276824064]
01-12 12:57:33.264 1116 3511 I wm_task_moved: [55,1,6]
01-12 12:57:33.293 1116 3511 I wm_restart_activity: [0,95443355,55,com.nttdocomo.android.devicehelp/.ui.RecommendActivity]
