02-09 04:41:20.262 W/ActivityTaskManager( 1240): Tried to set launchTime (0) < mLastActivityLaunchTime (12481)
02-09 04:41:20.262 I/wm_restart_activity( 1240): [0,243264802,78,com.android.systemui/.screenrecord.ScreenRecordDialog]
02-09 04:41:20.262 D/CompatibilityInfo( 1240): mCompatibilityFlags - 4
02-09 04:41:20.262 D/CompatibilityInfo( 1240): applicationDensity - 240
02-09 04:41:20.262 D/CompatibilityInfo( 1240): applicationScale - 1.0
02-09 04:41:20.263 I/wm_set_resumed_activity( 1240): [0,com.android.systemui/.screenrecord.ScreenRecordDialog,minimalResumeActivityLocked]
02-09 04:41:20.263 D/CompatibilityChangeReporter( 1240): Compat change id reported: 181136395; UID 10073; state: DISABLED
02-09 04:41:20.263 D/CompatibilityChangeReporter( 1240): Compat change id reported: 174042936; UID 10073; state: DISABLED
02-09 04:41:20.267 I/sysui_multi_action( 1240): [757,803,799,window_time_0,802,27]
02-09 04:41:20.283 I/input_focus( 1240): [Focus leaving 8e4c0d9 NotificationShade (server),reason=NOT_FOCUSABLE]
02-09 04:41:20.285 I/wm_on_create_called( 2005): [243264802,com.android.systemui.screenrecord.ScreenRecordDialog,performCreate]
02-09 04:41:20.285 I/wm_on_start_called( 2005): [243264802,com.android.systemui.screenrecord.ScreenRecordDialog,handleStartActivity]
02-09 04:41:20.286 I/wm_on_resume_called( 2005): [243264802,com.android.systemui.screenrecord.ScreenRecordDialog,RESUME_ACTIVITY]
02-09 04:41:20.289 D/KeyguardViewMediator( 2005): setOccluded true
02-09 04:41:20.289 I/wm_on_top_resumed_gained_called( 2005): [243264802,com.android.systemui.screenrecord.ScreenRecordDialog,topStateChangedWhenResumed]
02-09 04:41:20.293 D/KeyguardViewMediator( 2005): setOccluded false
02-09 04:41:20.296 I/input_focus( 1240): [Focus request f190aa5 com.android.systemui/com.android.systemui.screenrecord.ScreenRecordDialog,reason=UpdateInputWindows]
02-09 04:41:20.305 I/EventSequenceValidator( 1240): dec AccIntentStartedEvents to 1
02-09 04:41:20.308 I/sysui_multi_action( 1240): [319,56,322,56,325,1175,757,761,758,8,759,2,806,com.android.systemui,871,com.android.systemui.screenrecord.ScreenRecordDialog,904,com.android.systemui,905,0,1320,4,1321,1]
02-09 04:41:20.308 I/wm_activity_launch_time( 1240): [0,243264802,com.android.systemui/.screenrecord.ScreenRecordDialog,56]
02-09 04:41:20.308 I/ActivityTaskManager( 1240): Displayed com.android.systemui/.screenrecord.ScreenRecordDialog: +56ms
02-09 04:41:20.317 I/input_focus( 1240): [Focus entering f190aa5 com.android.systemui/com.android.systemui.screenrecord.ScreenRecordDialog (server),reason=setFocusedWindow]
02-09 04:41:20.328 I/am_pss ( 1240): [5563,10073,com.android.launcher3,120996864,112556032,0,245811200,0,2,8]
02-09 04:41:20.334 I/am_pss ( 1240): [5623,1000,com.android.settings,25535488,14561280,0,121982976,0,19,6]
02-09 04:41:20.364 I/GameMode_ActivityMonitoringService( 2082): onTaskStackChanged
02-09 04:41:20.365 I/GameMode_ActivityMonitoringService( 2082): Updating top task to: TaskInfoContainer [topActivity=ComponentInfo{com.android.systemui/com.android.systemui.screenrecord.ScreenRecordDialog}, taskId=78, stackId=78, userId=0, displayId=0, position=6
02-09 04:41:20.366 I/GameMode_ActivityMonitoringService( 2082): Notifying about top task: TaskInfoContainer [topActivity=ComponentInfo{com.android.systemui/com.android.systemui.screenrecord.ScreenRecordDialog}, taskId=78, stackId=78, userId=0, displayId=0, position=6
02-09 04:41:20.366 I/GameMode_ActivityMonitoringService( 2082): WindowMode: 1
02-09 04:41:20.366 E/GameMode_ActivityMonitoringService( 2082): onActivityLaunch:com.android.systemui
02-09 04:41:20.366 V/GameMode_GameTypeUtils( 2082): judge isGame:com.android.systemui
02-09 04:41:20.366 V/GameMode_GpuUtils( 2082): fps:60
02-09 04:41:20.367 D/GameMode_GameModeActionUtils( 2082): Show GameMode entry by service!
02-09 04:41:20.367 W/ContextImpl( 2082): Calling a method in the system process without a qualified user: android.app.ContextImpl.startService:1816 android.content.ContextWrapper.startService:774 com.thundercomm.gamemode.ingame.services.GameModeActionUtils.startGameModeService:111 com.thundercomm.gamemode.ingame.services.GameModeActionUtils.startGameModeEntry:22 com.thundercomm.gamemode.ingame.services.ActivityMonitoringService$1.onActivityLaunch:139
02-09 04:41:20.368 D/GameModeIF_GameModeSettings( 2082): getUriFor setting_content_uri_root = content://com.thundercomm.gamemode.api/gamemode_settings , name = gamemode_isgaming
02-09 04:41:20.368 D/GameMode_GameModeService( 2082): type=hide_entry
02-09 04:41:20.370 I/GameModeConfig( 1240): Current uri is uri = content://com.thundercomm.gamemode.api/gamemode_settings/gamemode_isgaming
02-09 04:41:20.370 D/GameModeIF_GameModeSettings( 1240): getUriFor setting_content_uri_root = content://com.thundercomm.gamemode.api/gamemode_settings , name = gamemode_isgaming
02-09 04:41:20.370 D/GameMode_GameSettingsObserver( 2082): Game Data change!!!! uri = content://com.thundercomm.gamemode.api/gamemode_settings/gamemode_isgaming
02-09 04:41:20.370 D/GameModeIF_GameModeSettings( 2082): getUriFor setting_content_uri_root = content://com.thundercomm.gamemode.api/gamemode_settings , name = gamemode_isgaming
02-09 04:41:20.370 D/GameModeIF_GameModeSettings( 2082): gamemode_isgaming set to 0
02-09 04:41:20.370 I/GameMode_ActivityMonitoringService( 2082): [Perf]-lastSession=
02-09 04:41:20.371 D/GameModeIF_GameModeSettings( 2082): getUriFor setting_content_uri_root = content://com.thundercomm.gamemode.api/gamemode_settings , name = gamemode_enable
02-09 04:41:20.371 I/GameModeConfig( 1240): isGameModeOn = false
02-09 04:41:20.371 I/GameModeConfig( 1240): isGameModeOn = false
02-09 04:41:20.371 I/GameModeConfig( 1240): isDisableVoice = true
02-09 04:41:20.371 D/GameMode_GameModeService( 2082): updateGlobalSettings = gamemode_isgaming
02-09 04:41:20.567 I/GameModeConfig( 1240): isGameModeOn = false
02-09 04:41:20.567 I/GameModeConfig( 1240): isGameModeOn = false
02-09 04:41:20.567 I/GameModeConfig( 1240): isGameModeOn = false
02-09 04:41:20.567 I/GameModeConfig( 1240): isGameModeOn = false
02-09 04:41:20.567 I/GameModeConfig( 1240): isGameModeOn = false
02-09 04:41:20.567 I/notification_enqueue( 1240): [10080,2005,com.android.systemui,2048,NULL,0,Notification(channel=updateNotification shortcut=null contentView=null vibrate=null sound=null defaults=0x0 flags=0x0 color=0x00000000 vis=PRIVATE),1]
02-09 04:41:20.568 I/sysui_multi_action( 2005): [757,111,758,2]
02-09 04:41:20.568 I/sysui_multi_action( 2005): [757,111,758,2]
02-09 04:41:20.666 W/Choreographer( 2005): Frame time is 0.358399 ms in the future! Check that graphics HAL is generating vsync timestamps using the correct timebase.
02-09 04:41:20.768 I/GameModeConfig( 1240): isGameModeOn = false
02-09 04:41:20.769 V/GameMode_GameTypeUtils( 2082): judge isGame:com.android.systemui
02-09 04:41:20.769 E/GameMode_GameModeNotificationListenerService( 2082): title :content :,PackageName:com.android.systemui,isGameModeOn:false,isBulletScreenOn:false,isBulletScreenPackage:false
02-09 04:41:20.774 I/sysui_multi_action( 1240): [757,128,758,2,793,1163695,794,2062,795,1163695,796,26,798,0,806,android,857,DEVELOPER_IMPORTANT,858,4,947,0,1395,3,1500,1163302,1688,1]
02-09 04:41:20.774 I/notification_visibility( 1240): [-1|android|26|null|1000,0,1163695,1163695,0,0]
02-09 04:41:20.774 I/sysui_multi_action( 1240): [757,128,758,2,793,1158805,794,2062,795,1158805,796,17303299,797,com.android.wifi,798,1,806,android,857,NETWORK_AVAILABLE,858,2,947,0,1395,3,1500,1158605,1688,1]
02-09 04:41:20.774 I/notification_visibility( 1240): [0|android|17303299|com.android.wifi|1000,0,1158805,1158805,0,1]
02-09 04:41:20.775 I/sysui_multi_action( 1240): [757,128,758,2,793,1164482,794,2062,795,1164482,796,32,798,2,806,android,857,USB,858,1,947,0,1395,3,1500,1164431,1688,1]
02-09 04:41:20.775 I/notification_visibility( 1240): [-1|android|32|null|1000,0,1164482,1164482,0,2]
02-09 04:41:20.775 D/StatusBar( 2005): disable disable2
02-09 04:41:20.775 I/sysui_multi_action( 1240): [757,127,758,2]
02-09 04:41:20.775 I/notification_panel_hidden( 1240):
02-09 04:41:20.787 D/InterruptionStateProvider( 2005): No bubble up: not allowed to bubble: 0|com.android.systemui|2048|null|10080
02-09 04:41:20.788 D/InterruptionStateProvider( 2005): No heads up: unimportant notification: 0|com.android.systemui|2048|null|10080
02-09 04:41:20.791 D/PeopleSpaceWidgetMgr( 2005): Sbn doesn't contain valid PeopleTileKey: null/0/com.android.systemui
02-09 04:41:20.798 W/hpplay-java( 2754): [main]:IPManager:getActiveNets invalid networkInfo:null
02-09 04:41:20.798 I/hpplay-java( 2754): [main]:IPManager:getActiveNets eth0:false wifi:false mobile:false ap:false
02-09 04:41:20.798 I/hpplay-java( 2754): [main]:ServerTaskManager:get local ip:null
02-09 04:41:20.802 V/KeyguardUpdateMonitor( 2005): *** unregister callback for com.android.keyguard.CarrierTextManager$2@f00addc
02-09 04:41:21.020 I/mpu_uart( 645): [MSG-P:R]:recv sync frame timeout
02-09 04:41:21.247 I/mpu_uart( 645): [MSG-P:RECV]:No message received in 1000 ms
02-09 04:41:21.365 I/input_interaction( 1240): Interaction with: f190aa5 com.android.systemui/com.android.systemui.screenrecord.ScreenRecordDialog (server), edge-swipe (server), swipe-up (server), PointerEventDispatcher0 (server),
02-09 04:41:21.488 I/wm_finish_activity( 1240): [0,243264802,78,com.android.systemui/.screenrecord.ScreenRecordDialog,app-request]
02-09 04:41:21.488 I/wm_task_moved( 1240): [60,1,6]
02-09 04:41:21.489 I/wm_task_moved( 1240): [61,1,2147483647]
02-09 04:41:21.489 I/wm_task_to_front( 1240): [0,61]
02-09 04:41:21.489 I/wm_focused_root_task( 1240): [0,0,60,-1,finish-top adjustFocusToNextFocusableTask]
02-09 04:41:21.492 D/ActivityTrigger( 1240): ActivityTrigger activityPauseTrigger
02-09 04:41:21.492 I/wm_pause_activity( 1240): [0,243264802,com.android.systemui/.screenrecord.ScreenRecordDialog,userLeaving=false,finish]
02-09 04:41:21.495 I/wm_on_top_resumed_lost_called( 2005): [243264802,com.android.systemui.screenrecord.ScreenRecordDialog,topStateChangedWhenResumed]
02-09 04:41:21.496 I/input_focus( 1240): [Focus request c6035cc com.android.launcher3/com.android.launcher3.uioverrides.QuickstepLauncher,reason=UpdateInputWindows]
02-09 04:41:21.496 I/wm_on_paused_called( 2005): [243264802,com.android.systemui.screenrecord.ScreenRecordDialog,performPause]
02-09 04:41:21.497 I/ActivityTaskManager( 1240): FOREGROUND_APPLICATION_CHANGED to com.android.launcher3.uioverrides.QuickstepLauncher
02-09 04:41:21.498 I/wm_set_resumed_activity( 1240): [0,com.android.launcher3/.uioverrides.QuickstepLauncher,resumeTopActivityInnerLocked]
02-09 04:41:21.499 D/CompatibilityChangeReporter( 1240): Compat change id reported: 174042980; UID 10073; state: DISABLED
02-09 04:41:21.499 D/CompatibilityChangeReporter( 1240): Compat change id reported: 184838306; UID 10073; state: DISABLED
02-09 04:41:21.499 D/CompatibilityChangeReporter( 1240): Compat change id reported: 185004937; UID 10073; state: DISABLED
02-09 04:41:21.499 I/wm_resume_activity( 1240): [0,208887896,61,com.android.launcher3/.uioverrides.QuickstepLauncher]
02-09 04:41:21.500 I/wm_on_resume_called( 5563): [208887896,com.android.launcher3.uioverrides.QuickstepLauncher,RESUME_ACTIVITY]
02-09 04:41:21.500 I/wm_on_top_resumed_gained_called( 5563): [208887896,com.android.launcher3.uioverrides.QuickstepLauncher,topWhenResuming]
02-09 04:41:21.503 I/input_focus( 1240): [Focus leaving f190aa5 com.android.systemui/com.android.systemui.screenrecord.ScreenRecordDialog (server),reason=NO_WINDOW]
02-09 04:41:21.503 I/input_focus( 1240): [Focus entering c6035cc com.android.launcher3/com.android.launcher3.uioverrides.QuickstepLauncher (server),reason=setFocusedWindow]
02-09 04:41:21.509 I/sysui_multi_action( 1240): [757,803,799,window_time_0,802,1]
02-09 04:41:21.512 I/wm_destroy_activity( 1240): [0,243264802,78,com.android.systemui/.screenrecord.ScreenRecordDialog,finish-idle]
02-09 04:41:21.513 I/wm_on_stop_called( 2005): [243264802,com.android.systemui.screenrecord.ScreenRecordDialog,LIFECYCLER_STOP_ACTIVITY]
02-09 04:41:21.513 I/wm_on_destroy_called( 2005): [243264802,com.android.systemui.screenrecord.ScreenRecordDialog,performDestroy]
02-09 04:41:21.514 W/InputManager-JNI( 1240): Input channel object 'f190aa5 com.android.systemui/com.android.systemui.screenrecord.ScreenRecordDialog (client)' was disposed without first being removed with the input manager!
02-09 04:41:21.600 I/GameMode_ActivityMonitoringService( 2082): onTaskStackChanged
02-09 04:41:21.601 I/GameMode_ActivityMonitoringService( 2082): Updating top task to: TaskInfoContainer [topActivity=ComponentInfo{com.android.launcher3/com.android.launcher3.uioverrides.QuickstepLauncher}, taskId=61, stackId=60, userId=0, displayId=0, position=6
02-09 04:41:21.601 I/GameMode_ActivityMonitoringService( 2082): Notifying about top task: TaskInfoContainer [topActivity=ComponentInfo{com.android.launcher3/com.android.launcher3.uioverrides.QuickstepLauncher}, taskId=61, stackId=60, userId=0, displayId=0, position=6
02-09 04:41:21.601 I/GameMode_ActivityMonitoringService( 2082): WindowMode: 1
02-09 04:41:21.601 E/GameMode_ActivityMonitoringService( 2082): onActivityLaunch:com.android.launcher3
02-09 04:41:21.601 V/GameMode_GameTypeUtils( 2082): judge isGame:com.android.launcher3
02-09 04:41:21.601 V/GameMode_GpuUtils( 2082): fps:60
02-09 04:41:21.602 D/GameMode_GameModeActionUtils( 2082): Show GameMode entry by service!
02-09 04:41:21.602 W/ContextImpl( 2082): Calling a method in the system process without a qualified user: android.app.ContextImpl.startService:1816 android.content.ContextWrapper.startService:774 com.thundercomm.gamemode.ingame.services.GameModeActionUtils.startGameModeService:111 com.thundercomm.gamemode.ingame.services.GameModeActionUtils.startGameModeEntry:22 com.thundercomm.gamemode.ingame.services.ActivityMonitoringService$1.onActivityLaunch:139
02-09 04:41:21.603 D/GameMode_GameModeService( 2082): type=hide_entry
02-09 04:41:21.603 D/GameModeIF_GameModeSettings( 2082): getUriFor setting_content_uri_root = content://com.thundercomm.gamemode.api/gamemode_settings , name = gamemode_isgaming
02-09 04:41:21.604 I/GameModeConfig( 1240): Current uri is uri = content://com.thundercomm.gamemode.api/gamemode_settings/gamemode_isgaming
02-09 04:41:21.604 D/GameModeIF_GameModeSettings( 1240): getUriFor setting_content_uri_root = content://com.thundercomm.gamemode.api/gamemode_settings , name = gamemode_isgaming
02-09 04:41:21.604 D/GameMode_GameSettingsObserver( 2082): Game Data change!!!! uri = content://com.thundercomm.gamemode.api/gamemode_settings/gamemode_isgaming
02-09 04:41:21.604 D/GameModeIF_GameModeSettings( 2082): getUriFor setting_content_uri_root = content://com.thundercomm.gamemode.api/gamemode_settings , name = gamemode_isgaming
02-09 04:41:21.604 D/GameModeIF_GameModeSettings( 2082): gamemode_isgaming set to 0
02-09 04:41:21.604 I/GameMode_ActivityMonitoringService( 2082): [Perf]-lastSession=
02-09 04:41:21.604 D/GameModeIF_GameModeSettings( 2082): getUriFor setting_content_uri_root = content://com.thundercomm.gamemode.api/gamemode_settings , name = gamemode_enable
02-09 04:41:21.604 I/GameModeConfig( 1240): isGameModeOn = false
02-09 04:41:21.605 I/GameModeConfig( 1240): isGameModeOn = false
02-09 04:41:21.605 D/GameMode_GameModeService( 2082): updateGlobalSettings = gamemode_isgaming
02-09 04:41:21.605 I/GameModeConfig( 1240): isDisableVoice = true
02-09 04:41:21.769 I/wm_task_removed( 1240): [78,removeChild:removeChild last r=ActivityRecord{e7fed22 u0 com.android.systemui/.screenrecord.ScreenRecordDialog t-1 f}} in t=Task{934ac21 #78 type=standard A=10080:com.android.systemui U=0 visible=false mode=fullscreen translucent=true sz=0}]
02-09 04:41:21.769 I/wm_task_removed( 1240): [78,removeChild]
02-09 04:41:21.770 W/ActivityTaskManager( 1240): Can't find TaskDisplayArea to determine support for multi window. Task id=78 attached=false
02-09 04:41:21.770 W/ActivityTaskManager( 1240): Can't find TaskDisplayArea to determine support for multi window. Task id=78 attached=false
02-09 04:41:21.799 W/hpplay-java( 2754): [main]:IPManager:getActiveNets invalid networkInfo:null
02-09 04:41:21.799 I/hpplay-java( 2754): [main]:IPManager:getActiveNets eth0:false wifi:false mobile:false ap:false
02-09 04:41:21.799 I/hpplay-java( 2754): [main]:ServerTaskManager:get local ip:null
02-09 04:41:22.247 I/mpu_uart( 645): [MSG-P:RECV]:No message received in 1000 ms
02-09 04:41:22.802 W/hpplay-java( 2754): [main]:IPManager:getActiveNets invalid networkInfo:null
02-09 04:41:22.802 I/hpplay-java( 2754): [main]:IPManager:getActiveNets eth0:false wifi:false mobile:false ap:false
02-09 04:41:22.802 I/hpplay-java( 2754): [main]:ServerTaskManager:get local ip:null
01-04 09:09:58.562 E/DTC_ETH,link_delay_work_func( 0): 3003, SQI=0, link=0
02-09 04:41:23.248 I/mpu_uart( 645): [MSG-P:RECV]:No message received in 1000 ms
02-09 04:41:23.417 D/RemoteControlService( 2357): startVlanDispatchThread
02-09 04:41:23.804 W/hpplay-java( 2754): [main]:IPManager:getActiveNets invalid networkInfo:null
02-09 04:41:23.805 I/hpplay-java( 2754): [main]:IPManager:getActiveNets eth0:false wifi:false mobile:false ap:false
02-09 04:41:23.805 I/hpplay-java( 2754): [main]:ServerTaskManager:get local ip:null
02-09 04:41:23.858 E/tlogd ( 1349): [TzLogger](isPathReadable) file /sys/kernel/debug/tzdbg/qsee_log isn't exist or no permission, err: No such file or directory
02-09 04:41:23.858 E/tlogd ( 1349): [TzLogger](saveTzlogAsync) /sys/kernel/debug/tzdbg/qsee_log can not read.
02-09 04:41:23.858 E/tlogd ( 1349): [TzLogger](isPathReadable) file /sys/kernel/debug/tzdbg/log isn't exist or no permission, err: No such file or directory
02-09 04:41:23.858 E/tlogd ( 1349): [TzLogger](saveTzlogAsync) /sys/kernel/debug/tzdbg/log can not read.
02-09 04:41:24.023 I/mpu_uart( 645): [MSG-P:R]:recv sync frame timeout
02-09 04:41:24.211 I/selfinstaller( 1289): create socket failed: Network is unreachable 101
02-09 04:41:24.248 I/mpu_uart( 645): [MSG-P:RECV]:No message received in 1000 ms
02-09 04:41:24.494 D/CompatibilityInfo( 1240): mCompatibilityFlags - 4
02-09 04:41:24.495 D/CompatibilityInfo( 1240): applicationDensity - 240
02-09 04:41:24.495 D/CompatibilityInfo( 1240): applicationScale - 1.0
02-09 04:41:24.498 D/RecordingController( 2005): sent start intent
02-09 04:41:24.504 D/RecordingService( 2005): onStartCommand com.android.systemui.screenrecord.START
02-09 04:41:24.504 D/RecordingService( 2005): recording with audio sourceNONE
02-09 04:41:24.507 D/ScreenMediaRecorder( 2005): start recording
02-09 04:41:24.514 W/StagefrightRecorder( 1283): stop while neither recording nor paused
02-09 04:41:24.514 I/MediaProfiles( 1283): Profiles xml path: /vendor/etc/media_profiles_kona.xml
02-09 04:41:24.532 D/MediaCodecList( 2005): codecHandlesFormat: no format, so no extra checks
02-09 04:41:24.532 D/MediaCodecList( 2005): codecHandlesFormat: no format, so no extra checks
02-09 04:41:24.533 D/MediaCodecList( 2005): codecHandlesFormat: no format, so no extra checks
02-09 04:41:24.533 D/MediaCodecList( 2005): codecHandlesFormat: no format, so no extra checks
02-09 04:41:24.537 I/OMXClient( 2005): IOmx service obtained
02-09 04:41:24.537 I/OMXMaster( 1301): makeComponentInstance(OMX.qcom.video.decoder.avc) in android.hardwar process
02-09 04:41:24.543 E/android.hardware.media.omx@1.0-service( 1301): Service not available yet
02-09 04:41:24.545 D/PlatformConfig( 1301): getInstance: Enter
02-09 04:41:24.545 D/PlatformConfig( 1301): getConfigStoreBool: vpp/enable=false, returning false
02-09 04:41:24.550 D/PlatformConfig( 1301): getInstance: Enter
02-09 04:41:24.550 D/PlatformConfig( 1301): getInt32 Config name: vidc_dec_log_in value: 0
02-09 04:41:24.550 D/PlatformConfig( 1301): getInstance: Enter
02-09 04:41:24.550 D/PlatformConfig( 1301): getInt32 Config name: vidc_dec_log_out value: 0
02-09 04:41:24.550 D/PlatformConfig( 1301): getInstance: Enter
02-09 04:41:24.550 D/PlatformConfig( 1301): getInt32 Config name: vidc_dec_sec_prefetch_size_internal value: 209715200
02-09 04:41:24.550 D/PlatformConfig( 1301): getInstance: Enter
02-09 04:41:24.550 D/PlatformConfig( 1301): getInt32 Config name: vidc_dec_sec_prefetch_size_output value: 13434880
02-09 04:41:24.550 D/PlatformConfig( 1301): getInstance: Enter
02-09 04:41:24.550 D/PlatformConfig( 1301): getInt32 Config name: vidc_perf_control_enable value: 0
02-09 04:41:24.550 D/PlatformConfig( 1301): getInstance: Enter
02-09 04:41:24.550 D/PlatformConfig( 1301): getInt32 Config name: vidc_dec_thumbnail_yuv_output value: 0
02-09 04:41:24.550 D/PlatformConfig( 1301): getInstance: Enter
02-09 04:41:24.550 D/PlatformConfig( 1301): getInt32: Returning default
02-09 04:41:24.550 D/PlatformConfig( 1301): getInstance: Enter
02-09 04:41:24.550 D/PlatformConfig( 1301): getInt32 Config name: vidc_dec_output_rate value: 120
02-09 04:41:24.551 I/OMX-VDEC-1080P( 1301): component_init: OMX.qcom.video.decoder.avc : fd=7
02-09 04:41:24.551 E/OMX-VDEC-1080P( 1301): Unsupported output color format for c2d (2141391876)
02-09 04:41:24.551 E/OMX-VDEC-1080P( 1301): Setting color format failed
01-04 09:09:59.892 I/msm_vidc( 0): high: 00000001: ....d: Opening video instance: 0000000000000000, 1
01-04 09:09:59.892 I/msm_vidc( 0): err : 00000001: ....d: Failed to create debugfs for msm_vidc
02-09 04:41:24.555 D/PlatformConfig( 1301): getInstance: Enter
02-09 04:41:24.555 D/PlatformConfig( 1301): getInt32: Returning default
02-09 04:41:24.555 D/PlatformConfig( 1301): getInstance: Enter
02-09 04:41:24.555 D/PlatformConfig( 1301): getInt32: Returning default
02-09 04:41:24.556 I/OMX-VDEC-1080P( 1301): omx_vdec::component_init() success : fd=7
02-09 04:41:24.571 I/OMX-VDEC-1080P( 1301): omx_vdec::component_deinit() complete
02-09 04:41:24.571 D/ScreenMediaRecorder( 2005): Screen size supported at rate 60
02-09 04:41:24.572 I/OMX-VDEC-1080P( 1301): Exit OMX vdec Destructor: fd=7
02-09 04:41:24.573 D/MPEG4Writer( 1283): PreAllocation enabled
02-09 04:41:24.574 D/MediaCodecList( 1283): codecHandlesFormat: no format, so no extra checks
02-09 04:41:24.574 D/MediaCodecList( 1283): codecHandlesFormat: no format, so no extra checks
02-09 04:41:24.574 D/MediaCodecList( 1283): codecHandlesFormat: no format, so no extra checks
02-09 04:41:24.574 D/MediaCodecList( 1283): codecHandlesFormat: no format, so no extra checks
01-04 09:09:59.913 I/msm_vidc( 0): high: 00000001: h264d: Closed video instance: 0000000000000000
02-09 04:41:24.577 I/OMXClient( 1283): IOmx service obtained
02-09 04:41:24.577 I/OMXMaster( 1301): makeComponentInstance(OMX.qcom.video.encoder.avc) in android.hardwar process
02-09 04:41:24.587 I/android.hardware.media.omx@1.0-service( 1301): vendor/qcom/proprietary/adsprpc/src/rpcmem_android.c:159: rpcmem_init_internal: opened ION device fd 7, configured heap IDs: system (0x2000000), contig (0x400000), secure (0x200), secure flags (0x80080000)
02-09 04:41:24.587 I/android.hardware.media.omx@1.0-service( 1301): vendor/qcom/proprietary/adsprpc/src/fastrpc_apps_user.c:3087: fastrpc_apps_user_init done with default domain:3 and &fastrpc_trace:0xebfb5c1c
02-09 04:41:24.590 D/PlatformConfig( 1301): getInstance: Enter
02-09 04:41:24.590 D/PlatformConfig( 1301): getInt32 Config name: vidc_perf_control_enable value: 0
02-09 04:41:24.590 D/PlatformConfig( 1301): getInstance: Enter
02-09 04:41:24.590 D/PlatformConfig( 1301): getInt32: Returning default
02-09 04:41:24.590 D/PlatformConfig( 1301): getInstance: Enter
02-09 04:41:24.590 D/PlatformConfig( 1301): getInt32 Config name: vidc_enc_log_in value: 0
02-09 04:41:24.590 D/PlatformConfig( 1301): getInstance: Enter
02-09 04:41:24.590 D/PlatformConfig( 1301): getInt32 Config name: vidc_enc_log_out value: 0
02-09 04:41:24.590 D/PlatformConfig( 1301): getInstance: Enter
02-09 04:41:24.590 D/PlatformConfig( 1301): getInt32 Config name: vidc_enc_csc_custom_matrix value: 0
02-09 04:41:24.590 D/PlatformConfig( 1301): getInstance: Enter
02-09 04:41:24.590 D/PlatformConfig( 1301): getInt32 Config name: vidc_enc_auto_blur_disable value: 0
02-09 04:41:24.590 D/PlatformConfig( 1301): getInstance: Enter
02-09 04:41:24.590 D/PlatformConfig( 1301): getInt32: Returning default
02-09 04:41:24.590 D/PlatformConfig( 1301): getInstance: Enter
02-09 04:41:24.590 D/PlatformConfig( 1301): getInt32 Config name: vidc_enc_linear_color_format value: 0
02-09 04:41:24.590 D/PlatformConfig( 1301): getInstance: Enter
02-09 04:41:24.590 D/PlatformConfig( 1301): getInt32 Config name: vidc_enc_bitrate_savings_enable value: 3
02-09 04:41:24.590 D/PlatformConfig( 1301): getInstance: Enter
02-09 04:41:24.590 D/PlatformConfig( 1301): getInt32 Config name: vidc_enc_quality_boost_enable value: 1
01-04 09:09:59.932 I/msm_vidc( 0): high: 00000001: ....e: Opening video instance: 0000000000000000, 0
01-04 09:09:59.932 I/msm_vidc( 0): err : 00000001: ....e: Failed to create debugfs for msm_vidc
02-09 04:41:24.591 I/OMX-VENC( 1301): Component_init : OMX.qcom.video.encoder.avc : return = 0x0
02-09 04:41:24.593 I/MediaCodec( 1283): MediaCodec will operate in async mode
02-09 04:41:24.602 E/SELinux ( 504): avc: denied { find } for pid=1283 uid=1013 name=package_native scontext=u:r:mediaserver:s0 tcontext=u:object_r:package_native_service:s0 tclass=service_manager permissive=0
02-09 04:41:24.602 I/auditd ( 504): avc: denied { find } for pid=1283 uid=1013 name=package_native scontext=u:r:mediaserver:s0 tcontext=u:object_r:package_native_service:s0 tclass=service_manager permissive=0
02-09 04:41:24.602 E/SELinux ( 504): avc: denied { find } for pid=1283 uid=1013 name=package_native scontext=u:r:mediaserver:s0 tcontext=u:object_r:package_native_service:s0 tclass=service_manager permissive=0
02-09 04:41:24.603 I/auditd ( 504): avc: denied { find } for pid=1283 uid=1013 name=package_native scontext=u:r:mediaserver:s0 tcontext=u:object_r:package_native_service:s0 tclass=service_manager permissive=0
02-09 04:41:24.603 D/CodecSeeding( 1283): Seed: codec OMX.qcom.video.encoder.avc, mediatype video/avc, overrideable 1
02-09 04:41:24.603 D/CodecProperties( 1283): setTuningValue(vq-target-bpp,0)
02-09 04:41:24.603 D/CodecProperties( 1283): setTuningValue(vq-target-bpp-1080p,1.90)
02-09 04:41:24.603 D/CodecProperties( 1283): setTuningValue(vq-target-bpp-720p,2.25)
02-09 04:41:24.603 D/CodecProperties( 1283): setTuningValue(vq-target-bpp-540p,2.65)
02-09 04:41:24.603 D/CodecProperties( 1283): setTuningValue(vq-target-bpp-480p,3.00)
02-09 04:41:24.603 D/CodecProperties( 1283): setTuningValue(vq-target-bpp-320x240,0)
02-09 04:41:24.603 D/CodecProperties( 1283): setTuningValue(vq-target-qpmax,-1)
02-09 04:41:24.603 D/CodecProperties( 1283): setTuningValue(vq-target-qpmax-1080p,45)
02-09 04:41:24.603 D/CodecProperties( 1283): setTuningValue(vq-target-qpmax-720p,43)
02-09 04:41:24.603 D/CodecProperties( 1283): setTuningValue(vq-target-qpmax-540p,42)
02-09 04:41:24.603 D/CodecProperties( 1283): setTuningValue(vq-target-qpmax-480p,38)
02-09 04:41:24.603 D/CodecProperties( 1283): setTuningValue(vq-bitrate-phaseout,1.75)
02-09 04:41:24.603 D/CodecProperties( 1283): setTuningValue(vq-boost-missing-qp,0.20)
02-09 04:41:24.603 D/CodecProperties( 1283): setFeatureValue(_vq_eligible.device,1)
02-09 04:41:24.603 D/CodecProperties( 1283): setFeatureValue(_quality.target,1)
02-09 04:41:24.603 D/CodecSeeding( 1283): Seed: codec OMX.qcom.video.encoder.avc, mediatype video/avc, overrideable 0
02-09 04:41:24.603 D/VQApply ( 1283): minquality: 2380x1020 outside of shaping range
02-09 04:41:24.603 D/MediaCodec( 1283): shapeMediaFormat: deltas(1): AMessage(what = 0x00000000) = {
02-09 04:41:24.603 D/MediaCodec( 1283): int32_t android._encoding-quality-level = 0
02-09 04:41:24.603 D/MediaCodec( 1283): }
02-09 04:41:24.604 I/OMX-VENC: venc_dev( 1301): Native recorder encode session 1
02-09 04:41:24.604 I/OMX-VENC( 1301): WARN: Enable/Disable allocate-native-handle allowed only in secure session
02-09 04:41:24.604 E/OMXNodeInstance( 1301): setParameter(0xec2040a4:qcom.encoder.avc, OMX.google.android.index.allocateNativeHandle(0x7f00005d): Input:0 en=0) ERROR: UnsupportedSetting(0x80001019)
02-09 04:41:24.604 I/OMX-VENC( 1301): WARN: Enable/Disable allocate-native-handle allowed only in secure session
02-09 04:41:24.604 E/OMXNodeInstance( 1301): setParameter(0xec2040a4:qcom.encoder.avc, OMX.google.android.index.allocateNativeHandle(0x7f00005d): Output:1 en=0) ERROR: UnsupportedSetting(0x80001019)
02-09 04:41:24.604 I/OMX-VENC( 1301): WARN: set_parameter: metamode is valid for input port only
02-09 04:41:24.604 W/OMXNodeInstance( 1301): [0xec2040a4:qcom.encoder.avc] component does not support metadata mode; using fallback
02-09 04:41:24.604 I/ExtendedACodec( 1283): setupVideoEncoder()
02-09 04:41:24.605 W/OMXUtils( 1283): do not know color format 0x7fa30c06 = 2141391878
02-09 04:41:24.605 W/OMXUtils( 1283): do not know color format 0x7fa30c04 = 2141391876
02-09 04:41:24.605 W/OMXUtils( 1283): do not know color format 0x7fa30c00 = 2141391872
02-09 04:41:24.605 W/OMXUtils( 1283): do not know color format 0x7fa30c09 = 2141391881
02-09 04:41:24.606 W/OMXUtils( 1283): do not know color format 0x7fa30c0a = 2141391882
02-09 04:41:24.606 W/OMXUtils( 1283): do not know color format 0x7fa30c08 = 2141391880
02-09 04:41:24.606 W/OMXUtils( 1283): do not know color format 0x7fa30c07 = 2141391879
02-09 04:41:24.607 W/OMXUtils( 1283): do not know color format 0x7f000789 = 2130708361
02-09 04:41:24.607 I/OMX-VENC: venc_dev( 1301): WARN: Unsupported eColorFormat 0x7f000789
02-09 04:41:24.608 I/OMX-VENC: venc_dev( 1301): v4l2 profile : 1 flags : 131095
02-09 04:41:24.608 I/OMX-VENC: venc_dev( 1301): v4l2 profile : 0 flags : 131095
02-09 04:41:24.608 I/OMX-VENC: venc_dev( 1301): v4l2 profile : 2 flags : 131095
02-09 04:41:24.608 I/OMX-VENC: venc_dev( 1301): v4l2 profile : 17 flags : 131095
02-09 04:41:24.608 I/OMX-VENC: venc_dev( 1301): v4l2 profile : 4 flags : 131095
02-09 04:41:24.608 I/ACodec ( 1283): setupAVCEncoderParameters with [profile: High] [level: Level3]
02-09 04:41:24.609 I/ACodec ( 1283): [OMX.qcom.video.encoder.avc] cannot encode HDR static metadata. Ignoring.
02-09 04:41:24.609 I/ACodec ( 1283): setupVideoEncoder succeeded
02-09 04:41:24.609 I/ExtendedACodec( 1283): [OMX.qcom.video.encoder.avc] configure, AMessage : AMessage(what = 'conf', target = 66) = {
02-09 04:41:24.609 I/ExtendedACodec( 1283): string mime = "video/avc"
02-09 04:41:24.609 I/ExtendedACodec( 1283): int32_t width = 2380
02-09 04:41:24.609 I/ExtendedACodec( 1283): int32_t height = 1020
02-09 04:41:24.609 I/ExtendedACodec( 1283): int32_t stride = 2380
02-09 04:41:24.609 I/ExtendedACodec( 1283): int32_t slice-height = 1020
02-09 04:41:24.609 I/ExtendedACodec( 1283): int32_t color-format = 2130708361
02-09 04:41:24.609 I/ExtendedACodec( 1283): int32_t bitrate = 29131200
02-09 04:41:24.609 I/ExtendedACodec( 1283): int32_t bitrate-mode = 1
02-09 04:41:24.609 I/ExtendedACodec( 1283): int32_t frame-rate = 60
02-09 04:41:24.609 I/ExtendedACodec( 1283): int32_t i-frame-interval = 1
02-09 04:41:24.609 I/ExtendedACodec( 1283): int32_t vendor.qti-ext-enc-info-native_recording.value = 1
02-09 04:41:24.609 I/ExtendedACodec( 1283): int32_t profile = 8
02-09 04:41:24.609 I/ExtendedACodec( 1283): int32_t level = 256
02-09 04:41:24.609 I/ExtendedACodec( 1283): int32_t priority = 0
02-09 04:41:24.609 I/ExtendedACodec( 1283): int32_t feature-nal-length-bitstream = 1
02-09 04:41:24.609 I/ExtendedACodec( 1283): int32_t nal-length-in-bytes = 4
02-09 04:41:24.609 I/ExtendedACodec( 1283): int32_t vendor.qti-ext-enc-nal-length-bs.num-bytes = 4
02-09 04:41:24.609 I/ExtendedACodec( 1283): int32_t isNativeRecorder = 1
02-09 04:41:24.609 I/ExtendedACodec( 1283): int32_t create-input-buffers-suspended = 1
02-09 04:41:24.609 I/ExtendedACodec( 1283): int32_t android._encoding-quality-level = 0
02-09 04:41:24.609 I/ExtendedACodec( 1283): int32_t flags = 3
02-09 04:41:24.609 I/ExtendedACodec( 1283): int32_t encoder = 1
02-09 04:41:24.609 I/ExtendedACodec( 1283): }
02-09 04:41:24.614 W/OMXUtils( 1283): do not know color format 0x7f000789 = 2130708361
02-09 04:41:24.614 E/OMX-VENC( 1301): ERROR: unsupported index 1870659589
02-09 04:41:24.614 E/OMXNodeInstance( 1301): getConfig(0xec2040a4:qcom.encoder.avc, ConfigLatency(0x6f800005)) ERROR: UnsupportedIndex(0x8000101a)
02-09 04:41:24.623 E/OMXNodeInstance( 1301): getConfig(0xec2040a4:qcom.encoder.avc, ??(0x7f000062)) ERROR: UnsupportedSetting(0x80001019)
02-09 04:41:24.623 I/OMX-VENC: venc_dev( 1301): venc_get_consumer_usage 0x10000000
02-09 04:41:24.623 D/GraphicBufferSource( 1301): setting dataspace: 0x104, acquired=0
02-09 04:41:24.624 I/OMX-VENC: venc_dev( 1301): venc_get_consumer_usage 0x10000000
02-09 04:41:24.624 D/GraphicBufferSource( 1301): requesting color aspects (R:2(Limited), P:1(BT709_5), M:1(BT709_5), T:3(SMPTE170M))
02-09 04:41:24.624 D/MediaCodec( 1283): keep callback message for reclaim
02-09 04:41:24.631 W/ResourceManagerService( 1283): Ignoring request to add new resource entry with value <= 0
02-09 04:41:24.639 I/DisplayDeviceRepository( 1240): Display device added: DisplayDeviceInfo{"Recording Display": uniqueId="virtual:com.android.systemui,10080,Recording Display,0", 2380 x 1020, modeId 4, defaultModeId 4, supportedModes [{id=4, width=2380, height=1020, fps=60.0, alternativeRefreshRates=[]}], colorMode 0, supportedColorModes [0], hdrCapabilities null, allmSupported false, gameContentTypeSupported false, density 240, 240.0 x 240.0 dpi, appVsyncOff 0, presDeadline 16666666, touch NONE, rotation 0, type VIRTUAL, deviceProductInfo null, state ON, owner com.android.systemui (uid 10080), frameRateOverride , brightnessMinimum 0.0, brightnessMaximum 0.0, brightnessDefault 0.0, FLAG_PRIVATE, FLAG_PRESENTATION}
02-09 04:41:24.641 I/LogicalDisplayMapper( 1240): Applying layout: [{addr: {port=129, model=0x40446d3026322d}, dispId: 0(ON)}], Previous layout: [{addr: {port=129, model=0x40446d3026322d}, dispId: 0(ON)}]
02-09 04:41:24.641 I/LogicalDisplayMapper( 1240): Adding new display: 2: DisplayInfo{"Recording Display", displayId 2", displayGroupId -1, FLAG_PRIVATE, FLAG_PRESENTATION, real 2380 x 1020, largest app 2380 x 1020, smallest app 2380 x 1020, appVsyncOff 0, presDeadline 16666666, mode 4, defaultMode 4, modes [{id=4, width=2380, height=1020, fps=60.0, alternativeRefreshRates=[]}], hdrCapabilities null, userDisabledHdrTypes [], minimalPostProcessingSupported false, rotation 0, state ON, type VIRTUAL, uniqueId "virtual:com.android.systemui,10080,Recording Display,0", app 2380 x 1020, density 240 (240.0 x 240.0) dpi, layerStack 2, colorMode 0, supportedColorModes [0], deviceProductInfo null, owner com.android.systemui (uid 10080), removeMode 1, refreshRateOverride 0.0, brightnessMinimum 0.0, brightnessMaximum 0.0, brightnessDefault 0.0}
02-09 04:41:24.642 I/LogicalDisplayMapper( 1240): Setting new display group 0 for display 2, from previous group: null
02-09 04:41:24.643 W/DisplayPowerController[2]( 1240): Screen brightness nits configuration is unavailable; falling back
02-09 04:41:24.644 D/MPEG4Writer( 1283): fpathconf _PC_FILESIZEBITS:64
02-09 04:41:24.645 D/MPEG4Writer( 1283): MP4WtrCtrlHlpLooper Started
02-09 04:41:24.645 I/MPEG4Writer( 1283): limits: 5000000000/3600000000 bytes/us, bit rate: 29131200 bps and the estimated moov size 405120 bytes
02-09 04:41:24.646 I/MediaCodecSource( 1283): MediaCodecSource (video) starting
02-09 04:41:24.646 W/MediaCodec( 1283): mapFormat: no mediaType information
02-09 04:41:24.647 I/MediaCodecSource( 1283): MediaCodecSource (video) started
02-09 04:41:24.647 I/InputDispatcher( 1240): Created monitor PointerEventDispatcher2 for display 2, gesture=false, pid=1240
02-09 04:41:24.650 E/ActivityManager( 1240): Sending non-protected broadcast com.android.systemui.screenrecord.UPDATE_STATE_OUTSIDE from system 2005:com.android.systemui/u0a80 pkg com.android.systemui
02-09 04:41:24.650 E/ActivityManager( 1240): java.lang.Throwable
02-09 04:41:24.650 E/ActivityManager( 1240): at com.android.server.am.ActivityManagerService.checkBroadcastFromSystem(ActivityManagerService.java:12877)
02-09 04:41:24.650 E/ActivityManager( 1240): at com.android.server.am.ActivityManagerService.broadcastIntentLocked(ActivityManagerService.java:13477)
02-09 04:41:24.650 E/ActivityManager( 1240): at com.android.server.am.ActivityManagerService.broadcastIntentLocked(ActivityManagerService.java:12894)
02-09 04:41:24.650 E/ActivityManager( 1240): at com.android.server.am.ActivityManagerService.broadcastIntentWithFeature(ActivityManagerService.java:13729)
02-09 04:41:24.650 E/ActivityManager( 1240): at android.app.IActivityManager$Stub.onTransact(IActivityManager.java:2326)
02-09 04:41:24.650 E/ActivityManager( 1240): at com.android.server.am.ActivityManagerService.onTransact(ActivityManagerService.java:2528)
02-09 04:41:24.650 E/ActivityManager( 1240): at android.os.Binder.execTransactInternal(Binder.java:1179)
02-09 04:41:24.650 E/ActivityManager( 1240): at android.os.Binder.execTransact(Binder.java:1143)
02-09 04:41:24.651 I/am_wtf ( 1240): [0,1240,system_server,-1,ActivityManager,Sending non-protected broadcast com.android.systemui.screenrecord.UPDATE_STATE_OUTSIDE from system 2005:com.android.systemui/u0a80 pkg com.android.systemui]
02-09 04:41:24.651 E/ActivityManager( 1240): Sending non-protected broadcast com.android.systemui.screenrecord.UPDATE_STATE_OUTSIDE from system 2005:com.android.systemui/u0a80 pkg com.android.systemui
02-09 04:41:24.651 E/ActivityManager( 1240): java.lang.Throwable
02-09 04:41:24.651 E/ActivityManager( 1240): at com.android.server.am.ActivityManagerService.checkBroadcastFromSystem(ActivityManagerService.java:12877)
02-09 04:41:24.651 E/ActivityManager( 1240): at com.android.server.am.ActivityManagerService.broadcastIntentLocked(ActivityManagerService.java:13572)
02-09 04:41:24.651 E/ActivityManager( 1240): at com.android.server.am.ActivityManagerService.broadcastIntentLocked(ActivityManagerService.java:12894)
02-09 04:41:24.651 E/ActivityManager( 1240): at com.android.server.am.ActivityManagerService.broadcastIntentWithFeature(ActivityManagerService.java:13729)
02-09 04:41:24.651 E/ActivityManager( 1240): at android.app.IActivityManager$Stub.onTransact(IActivityManager.java:2326)
02-09 04:41:24.651 E/ActivityManager( 1240): at com.android.server.am.ActivityManagerService.onTransact(ActivityManagerService.java:2528)
02-09 04:41:24.651 E/ActivityManager( 1240): at android.os.Binder.execTransactInternal(Binder.java:1179)
02-09 04:41:24.651 E/ActivityManager( 1240): at android.os.Binder.execTransact(Binder.java:1143)
02-09 04:41:24.651 I/DropBoxManagerService( 1240): add tag=system_server_wtf isTagEnabled=true flags=0x2
02-09 04:41:24.653 I/am_wtf ( 1240): [0,1240,system_server,-1,ActivityManager,Sending non-protected broadcast com.android.systemui.screenrecord.UPDATE_STATE_OUTSIDE from system 2005:com.android.systemui/u0a80 pkg com.android.systemui]
02-09 04:41:24.653 D/GameMode_GameModeService( 2082): Received recording state update intent: true
02-09 04:41:24.653 I/DropBoxManagerService( 1240): add tag=system_server_wtf isTagEnabled=true flags=0x2
02-09 04:41:24.654 I/sysui_multi_action( 1240): [757,856,758,1,806,com.android.systemui,857,screen_record,858,3]
02-09 04:41:24.657 W/DisplayManagerService( 1240): Display DisplayDeviceInfo{"Recording Display": uniqueId="virtual:com.android.systemui,10080,Recording Display,0", 2380 x 1020, modeId 4, defaultModeId 4, supportedModes [{id=4, width=2380, height=1020, fps=60.0, alternativeRefreshRates=[]}], colorMode 0, supportedColorModes [0], hdrCapabilities null, allmSupported false, gameContentTypeSupported false, density 240, 240.0 x 240.0 dpi, appVsyncOff 0, presDeadline 16666666, touch NONE, rotation 0, type VIRTUAL, deviceProductInfo null, state ON, owner com.android.systemui (uid 10080), frameRateOverride , brightnessMinimum 0.0, brightnessMaximum 0.0, brightnessDefault 0.0, FLAG_PRIVATE, FLAG_PRESENTATION} does not support input device matching.
02-09 04:41:24.658 I/notification_enqueue( 1240): [10080,2005,com.android.systemui,4274,NULL,0,Notification(channel=screen_record shortcut=null contentView=null vibrate=null sound=null defaults=0x0 flags=0x42 color=0xffc5221f actions=1 vis=PRIVATE),0]
02-09 04:41:24.659 W/DisplayManagerService( 1240): Display DisplayDeviceInfo{"Recording Display": uniqueId="virtual:com.android.systemui,10080,Recording Display,0", 2380 x 1020, modeId 4, defaultModeId 4, supportedModes [{id=4, width=2380, height=1020, fps=60.0, alternativeRefreshRates=[]}], colorMode 0, supportedColorModes [0], hdrCapabilities null, allmSupported false, gameContentTypeSupported false, density 240, 240.0 x 240.0 dpi, appVsyncOff 0, presDeadline 16666666, touch NONE, rotation 0, type VIRTUAL, deviceProductInfo null, state ON, owner com.android.systemui (uid 10080), frameRateOverride , brightnessMinimum 0.0, brightnessMaximum 0.0, brightnessDefault 0.0, FLAG_PRIVATE, FLAG_PRESENTATION} does not support input device matching.
02-09 04:41:24.661 W/WindowManager( 1240): Unable to take screenshot of display 2
02-09 04:41:24.661 I/WindowManager( 1240): Override config changes=20005df8 {0.0 ?mcc?mnc ?localeList ?layoutDir sw680dp w1586dp h680dp 240dpi lrg long land ?uimode ?night -touch -keyb/v/h -nav/h winConfig={ mBounds=Rect(0, 0 - 2380, 1020) mAppBounds=Rect(0, 0 - 2380, 1020) mMaxBounds=Rect(0, 0 - 2380, 1020) mWindowingMode=fullscreen mDisplayWindowingMode=fullscreen mActivityType=undefined mAlwaysOnTop=undefined mRotation=ROTATION_0} ?fontWeightAdjustment} for displayId=2
02-09 04:41:24.661 I/sysui_multi_action( 1240): [757,1659,758,4,759,2,1660,2]
02-09 04:41:24.662 W/DisplayManagerService( 1240): Display DisplayDeviceInfo{"Recording Display": uniqueId="virtual:com.android.systemui,10080,Recording Display,0", 2380 x 1020, modeId 4, defaultModeId 4, supportedModes [{id=4, width=2380, height=1020, fps=60.0, alternativeRefreshRates=[]}], colorMode 0, supportedColorModes [0], hdrCapabilities null, allmSupported false, gameContentTypeSupported false, density 240, 240.0 x 240.0 dpi, appVsyncOff 0, presDeadline 16666666, touch NONE, rotation 0, type VIRTUAL, deviceProductInfo null, state ON, owner com.android.systemui (uid 10080), frameRateOverride , brightnessMinimum 0.0, brightnessMaximum 0.0, brightnessDefault 0.0, FLAG_PRIVATE, FLAG_PRESENTATION} does not support input device matching.
02-09 04:41:24.664 I/WindowManager( 1240): Screen frozen for +5ms due to new-config
02-09 04:41:24.668 V/DisplayPowerController[2]( 1240): Brightness [0.0] reason changing to: 'manual', previous reason: '0'.
02-09 04:41:24.670 W/PowerManagerService( 1240): Screen on took 38974 ms
02-09 04:41:24.671 W/DisplayManagerService( 1240): Display DisplayDeviceInfo{"Recording Display": uniqueId="virtual:com.android.systemui,10080,Recording Display,0", 2380 x 1020, modeId 4, defaultModeId 4, supportedModes [{id=4, width=2380, height=1020, fps=60.0, alternativeRefreshRates=[]}], colorMode 0, supportedColorModes [0], hdrCapabilities null, allmSupported false, gameContentTypeSupported false, density 240, 240.0 x 240.0 dpi, appVsyncOff 0, presDeadline 16666666, touch NONE, rotation 0, type VIRTUAL, deviceProductInfo null, state ON, owner com.android.systemui (uid 10080), frameRateOverride , brightnessMinimum 0.0, brightnessMaximum 0.0, brightnessDefault 0.0, FLAG_PRIVATE, FLAG_PRESENTATION} does not support input device matching.
02-09 04:41:24.677 W/H2BGraphicBufferProducer( 997): getConsumerUsage is not fully supported
02-09 04:41:24.680 I/libdisplayconfigqti( 843): Register client name: Recording Display997 device client: 0xb400007874f49310
02-09 04:41:24.680 I/CompositionEngine( 997): Display::setConfiguration: mDisplayExtnIntf: 0xb400007899718a50
02-09 04:41:24.686 I/hwservicemanager( 505): getTransport: Cannot find entry android.hardware.graphics.allocator@4.0::IAllocator/default in either framework or device VINTF manifest.
02-09 04:41:24.686 W/Gralloc4( 1301): allocator 3.x is not supported
02-09 04:41:24.689 D/GraphicBufferSource( 1301): got buffer with new dataSpace #104
02-09 04:41:24.690 I/OMX-VENC( 1301): get_config (dataspace changed): ColorSpace: Recommend 601 for RGBA8888
02-09 04:41:24.690 D/OMXNodeInstance( 1301): Codec resolved it to (R:2(??), P:3(??), M:3(??), T:3(??)) err=0(NO_ERROR)
02-09 04:41:24.690 E/OMXNodeInstance( 1301): setConfig(0xec2040a4:qcom.encoder.avc, ??(0x7f000062)) ERROR: UnsupportedSetting(0x80001019)
02-09 04:41:24.690 D/ACodec ( 1283): dataspace changed to 0x10c10000 (R:2(Limited), P:3(BT601_6_625), M:3(BT601_6), T:3(SMPTE170M)) (R:2(Limited), S:2(BT601_625), T:3(SMPTE_170M))
02-09 04:41:24.691 W/C2DColorConvert( 1301): calcYSize: Format not supported , 6
02-09 04:41:24.695 W/DisplayController( 2005): Skipping Display Configuration change on non-added display.
02-09 04:41:24.704 W/AppOps ( 1240): Noting op not finished: uid 10080 pkg com.android.systemui code 24 startTime of in progress event=1675887716104
02-09 04:41:24.710 I/commit_sys_config_file( 1240): [settings-1-0,2]
02-09 04:41:24.720 I/MPEG4Writer( 1283): setStartTimestampUs: 44913
02-09 04:41:24.720 I/MPEG4Writer( 1283): Earliest track starting time: 44913
02-09 04:41:24.807 W/hpplay-java( 2754): [main]:IPManager:getActiveNets invalid networkInfo:null
02-09 04:41:24.807 I/hpplay-java( 2754): [main]:IPManager:getActiveNets eth0:false wifi:false mobile:false ap:false
02-09 04:41:24.807 I/hpplay-java( 2754): [main]:ServerTaskManager:get local ip:null
02-09 04:41:24.859 I/sysui_multi_action( 1240): [757,1501,758,1,793,202,794,0,795,202,796,4274,806,com.android.systemui,857,screen_record,858,3,947,0,1500,0,1688,1]
02-09 04:41:24.860 I/sysui_multi_action( 1240): [757,804,799,note_interruptive,801,0,802,1]
02-09 04:41:24.860 I/GameModeConfig( 1240): isGameModeOn = false
02-09 04:41:24.863 I/sysui_multi_action( 1240): [757,1501,758,1,793,206,794,0,795,206,796,4274,806,com.android.systemui,857,screen_record,858,3,947,0,1500,0,1688,1]
02-09 04:41:24.864 I/sysui_multi_action( 1240): [757,804,799,note_interruptive,801,0,802,1]
02-09 04:41:24.864 I/sysui_multi_action( 1240): [757,199,758,1,759,3,793,207,794,0,795,207,796,4274,806,com.android.systemui,857,screen_record,858,3,947,0,1500,1,1688,1]
02-09 04:41:24.864 I/notification_alert( 1240): [0|com.android.systemui|4274|null|10080,1,1,0]
02-09 04:41:24.867 W/NotificationHistory( 1240): Attempted to add notif for locked/gone/disabled user 0
02-09 04:41:24.870 D/Avrcp_ext( 1985): AudioManager Player: AudioPlaybackConfiguration piid:71 deviceId:0 type:android.media.SoundPool u/pid:10080/2005 state:idle attr:AudioAttributes: usage=USAGE_ASSISTANCE_SONIFICATION content=CONTENT_TYPE_SONIFICATION flags=0x800 tags= bundle=null sessionId:0
02-09 04:41:24.871 D/Avrcp_ext( 1985): AudioManager Player: AudioPlaybackConfiguration piid:87 deviceId:0 type:android.media.SoundPool u/pid:1000/2082 state:idle attr:AudioAttributes: usage=USAGE_ASSISTANCE_SONIFICATION content=CONTENT_TYPE_SONIFICATION flags=0x801 tags= bundle=null sessionId:0
02-09 04:41:24.871 D/Avrcp_ext( 1985): AudioManager Player: AudioPlaybackConfiguration piid:63 deviceId:0 type:android.media.SoundPool u/pid:1000/1240 state:idle attr:AudioAttributes: usage=USAGE_ASSISTANCE_SONIFICATION content=CONTENT_TYPE_SONIFICATION flags=0x800 tags= bundle=null sessionId:0
02-09 04:41:24.871 D/Avrcp_ext( 1985): AudioManager Player: AudioPlaybackConfiguration piid:143 deviceId:0 type:android.media.MediaPlayer u/pid:10080/2005 state:idle attr:AudioAttributes: usage=USAGE_NOTIFICATION content=CONTENT_TYPE_SONIFICATION flags=0x800 tags= bundle=null sessionId:0
02-09 04:41:24.871 D/Avrcp_ext( 1985): AudioManager isPlaying: false, mAudioPlaybackIsActive = false
02-09 04:41:24.871 D/Avrcp_ext( 1985): AudioManager Reset Active Player
02-09 04:41:24.873 V/GameMode_GameTypeUtils( 2082): judge isGame:com.android.launcher3
02-09 04:41:24.873 W/FileSource( 2005): offset/length adjusted from 0/576460752303423487 to 0/16905
02-09 04:41:24.873 E/GameMode_GameModeNotificationListenerService( 2082): title :正在录制屏幕content :null,PackageName:com.android.systemui,isGameModeOn:false,isBulletScreenOn:false,isBulletScreenPackage:false
02-09 04:41:24.882 I/MMParserExtractor( 1265): Created(0xb40000733b471310)
02-09 04:41:24.883 E/MM_OSAL ( 1265): FileSource::FileSource
02-09 04:41:24.883 E/MM_OSAL ( 1265): FileSource::FileSource m_bEveryThingOK 1
02-09 04:41:24.888 W/MediaProvider( 2873): Failed to fetch original file descriptor
02-09 04:41:24.888 W/MediaProvider( 2873): java.io.IOException: stat failed: EACCES (Permission denied)
02-09 04:41:24.888 W/MediaProvider( 2873): at com.android.providers.media.MediaProvider.getFileFromFileDescriptor(MediaProvider.java:5794)
02-09 04:41:24.888 W/MediaProvider( 2873): at com.android.providers.media.MediaProvider.getOriginalMediaFormatFileDescriptor(MediaProvider.java:5711)
02-09 04:41:24.888 W/MediaProvider( 2873): at com.android.providers.media.MediaProvider.openTypedAssetFileCommon(MediaProvider.java:7134)
02-09 04:41:24.888 W/MediaProvider( 2873): at com.android.providers.media.MediaProvider.openTypedAssetFile(MediaProvider.java:7115)
02-09 04:41:24.888 W/MediaProvider( 2873): at android.content.ContentProvider$Transport.openTypedAssetFile(ContentProvider.java:548)
02-09 04:41:24.888 W/MediaProvider( 2873): at android.content.ContentProviderNative.onTransact(ContentProviderNative.java:327)
02-09 04:41:24.888 W/MediaProvider( 2873): at android.os.Binder.execTransactInternal(Binder.java:1184)
02-09 04:41:24.888 W/MediaProvider( 2873): at android.os.Binder.execTransact(Binder.java:1143)
02-09 04:41:24.888 W/MediaProvider( 2873): Caused by: android.system.ErrnoException: stat failed: EACCES (Permission denied)
02-09 04:41:24.888 W/MediaProvider( 2873): at libcore.io.Linux.stat(Native Method)
02-09 04:41:24.888 W/MediaProvider( 2873): at libcore.io.ForwardingOs.stat(ForwardingOs.java:853)
02-09 04:41:24.888 W/MediaProvider( 2873): at libcore.io.BlockGuardOs.stat(BlockGuardOs.java:420)
