02-09 04:41:55.175 I/sysui_multi_action( 5623): [757,1729,758,4,854,isParalleledControllers:false,1089,22]
02-09 04:41:55.176 I/wm_on_top_resumed_gained_called( 5623): [166350893,com.android.settings.Settings,topWhenResuming]
02-09 04:41:55.176 D/BatteryInfo( 5623): time for regular BatteryInfo: 2ms
02-09 04:41:55.177 D/BatteryInfo( 5623): time for getBatteryInfo: 1ms
02-09 04:41:55.179 D/UsageGraph( 5623): No enabled state changed, skipping updateCategory call
02-09 04:41:55.180 D/LoaderTask( 5563): loadAllApps
02-09 04:41:55.181 D/BatteryTipLoader( 5623): BatteryInfoLoader post query: 0ms
02-09 04:41:55.182 D/BatteryInfo( 5623): time for getBatteryInfo: 1ms
02-09 04:41:55.182 D/BatteryTipLoader( 5623): BatteryInfoLoader.loadInBackground: 1ms
02-09 04:41:55.182 D/LoaderTask( 5563): apps.size 10
02-09 04:41:55.183 D/LoaderTask( 5563): app pkg com.android.calendar
02-09 04:41:55.183 D/LoaderTask( 5563): app pkg com.android.deskclock
02-09 04:41:55.183 D/LoaderTask( 5563): app pkg com.android.gallery3d
02-09 04:41:55.184 D/LoaderTask( 5563): app pkg com.android.music
02-09 04:41:55.184 D/LoaderTask( 5563): app pkg com.android.music
02-09 04:41:55.184 D/LoaderTask( 5563): app pkg com.android.settings
02-09 04:41:55.185 D/LoaderTask( 5563): app pkg com.microsoft.emmx
02-09 04:41:55.185 D/LoaderTask( 5563): app pkg com.android.documentsui
02-09 04:41:55.185 D/LoaderTask( 5563): app pkg com.hht.lebocast
02-09 04:41:55.186 D/LoaderTask( 5563): app pkg com.sohu.inputmethod.sogou.car
02-09 04:41:55.186 D/LoaderTask( 5563): installQueue.size 10
02-09 04:41:55.186 D/BaseModelUpdateTask( 5563): BaseModelUpdateTask constructor
02-09 04:41:55.186 D/BaseModelUpdateTask( 5563): java.lang.Exception
02-09 04:41:55.186 D/BaseModelUpdateTask( 5563): at com.android.launcher3.model.BaseModelUpdateTask.(BaseModelUpdateTask.java:57)
02-09 04:41:55.186 D/BaseModelUpdateTask( 5563): at com.android.launcher3.model.AddWorkspaceItemsTask.(AddWorkspaceItemsTask.java:58)
02-09 04:41:55.186 D/BaseModelUpdateTask( 5563): at com.android.launcher3.LauncherModel.addAndBindAddedWorkspaceItems(LauncherModel.java:145)
02-09 04:41:55.186 D/BaseModelUpdateTask( 5563): at com.android.launcher3.model.LoaderTask.verifyApplications(LoaderTask.java:1061)
02-09 04:41:55.186 D/BaseModelUpdateTask( 5563): at com.android.launcher3.model.LoaderTask.run(LoaderTask.java:229)
02-09 04:41:55.186 D/BaseModelUpdateTask( 5563): at android.os.Handler.handleCallback(Handler.java:938)
02-09 04:41:55.186 D/BaseModelUpdateTask( 5563): at android.os.Handler.dispatchMessage(Handler.java:99)
02-09 04:41:55.186 D/BaseModelUpdateTask( 5563): at android.os.Looper.loopOnce(Looper.java:201)
02-09 04:41:55.186 D/BaseModelUpdateTask( 5563): at android.os.Looper.loop(Looper.java:288)
02-09 04:41:55.186 D/BaseModelUpdateTask( 5563): at android.os.HandlerThread.run(HandlerThread.java:67)
02-09 04:41:55.187 D/LoaderTask( 5563): bindAllApps
02-09 04:41:55.191 D/LoaderTask( 5563): update icon cache
02-09 04:41:55.191 D/LoaderTask( 5563): save shortcuts in icon cache
02-09 04:41:55.191 D/LoaderTask( 5563): step 2 complete
02-09 04:41:55.191 D/LoaderTask( 5563): loadDeepShortcuts
02-09 04:41:55.191 D/LoaderTask( 5563): bindDeepShortcuts
02-09 04:41:55.191 D/LoaderTask( 5563): save deep shortcuts in icon cache
02-09 04:41:55.191 D/LoaderTask( 5563): step 3 complete
02-09 04:41:55.198 D/BaseIconFactory( 5563): normalizeAndWrapToAdaptiveIcon: scale=0.80950594
02-09 04:41:55.202 D/BaseIconFactory( 5563): normalizeAndWrapToAdaptiveIcon: scale=0.80950594
02-09 04:41:55.206 D/BaseIconFactory( 5563): normalizeAndWrapToAdaptiveIcon: scale=0.80950594
02-09 04:41:55.210 D/BaseIconFactory( 5563): normalizeAndWrapToAdaptiveIcon: scale=0.80950594
02-09 04:41:55.214 D/BaseIconFactory( 5563): normalizeAndWrapToAdaptiveIcon: scale=0.80950594
02-09 04:41:55.216 W/WindowManager( 1240): updateScale : 0.79357797
02-09 04:41:55.217 D/BaseIconFactory( 5563): normalizeAndWrapToAdaptiveIcon: scale=0.80950594
02-09 04:41:55.217 W/WindowManager( 1240): updateScale : 0.79357797
02-09 04:41:55.218 I/input_focus( 1240): [Focus request ce04aa4 com.android.settings/com.android.settings.Settings,reason=UpdateInputWindows]
02-09 04:41:55.220 D/LoaderTask( 5563): load widgets
02-09 04:41:55.223 I/WidgetsModel( 5563): found whitelist widget: com.android.systemui, label: 对话, sectionName:D
02-09 04:41:55.224 D/LoaderTask( 5563): bindWidgets
02-09 04:41:55.224 D/LoaderTask( 5563): save widgets in icon cache
02-09 04:41:55.224 D/LoaderTask( 5563): finish icon update
02-09 04:41:55.225 D/LauncherProvider( 5563): call: method=new_db_transaction,arg=null,extras=null
02-09 04:41:55.228 D/BaseIconFactory( 5563): normalizeAndWrapToAdaptiveIcon: scale=0.80950594
02-09 04:41:55.231 D/BaseIconFactory( 5563): normalizeAndWrapToAdaptiveIcon: scale=0.80950594
02-09 04:41:55.236 D/BaseIconFactory( 5563): normalizeAndWrapToAdaptiveIcon: scale=0.80950594
02-09 04:41:55.239 D/BaseIconFactory( 5563): normalizeAndWrapToAdaptiveIcon: scale=0.80950594
02-09 04:41:55.243 D/BaseIconFactory( 5563): normalizeAndWrapToAdaptiveIcon: scale=0.80950594
02-09 04:41:55.247 D/BaseIconFactory( 5563): normalizeAndWrapToAdaptiveIcon: scale=0.80950594
02-09 04:41:55.252 D/BaseIconFactory( 5563): normalizeAndWrapToAdaptiveIcon: scale=0.80950594
02-09 04:41:55.256 D/BaseIconFactory( 5563): normalizeAndWrapToAdaptiveIcon: scale=0.80950594
02-09 04:41:55.260 I/mpu_uart( 645): [MSG-P:RECV]:No message received in 1000 ms
02-09 04:41:55.260 D/QSPanel ( 2005): setHorizontalContentContainer
02-09 04:41:55.261 D/BaseIconFactory( 5563): normalizeAndWrapToAdaptiveIcon: scale=0.80950594
02-09 04:41:55.265 D/BaseIconFactory( 5563): normalizeAndWrapToAdaptiveIcon: scale=0.80950594
02-09 04:41:55.266 I/WindowManager( 1240): finishDrawing of relaunch: Window{ce04aa4 u0 com.android.settings/com.android.settings.Settings} 340ms
02-09 04:41:55.266 D/QSPanel ( 2005): setHorizontalContentContainer
02-09 04:41:55.266 W/WindowManager( 1240): updateScale : 0.79357797
02-09 04:41:55.266 W/BatteryBroadcastRcvr( 5623): Problem reading the battery meter.
02-09 04:41:55.267 D/BatteryInfo( 5623): time for callback: 0ms
02-09 04:41:55.267 D/QSPanel ( 2005): setHorizontalContentContainer
02-09 04:41:55.267 D/QSPanel ( 2005): setHorizontalContentContainer
02-09 04:41:55.267 D/QSPanel ( 2005): qs brightness view is null
02-09 04:41:55.268 W/WindowManager( 1240): updateScale : 0.79357797
02-09 04:41:55.270 D/BaseIconFactory( 5563): normalizeAndWrapToAdaptiveIcon: scale=0.80950594
02-09 04:41:55.270 I/input_focus( 1240): [Focus entering ce04aa4 com.android.settings/com.android.settings.Settings (server),reason=Window became focusable. Previous reason: NOT_VISIBLE]
02-09 04:41:55.271 D/QSPanel ( 2005): setHorizontalContentContainer
02-09 04:41:55.271 I/WindowManager( 1240): Screen frozen for +355ms due to Window{ce04aa4 u0 com.android.settings/com.android.settings.Settings}
02-09 04:41:55.271 D/QSPanel ( 2005): qs brightness view is null
02-09 04:41:55.270 D/BatteryTipLoader( 5623): BatteryInfoLoader post query: 0ms
02-09 04:41:55.271 D/BatteryInfo( 5623): time for getStats: 0ms
02-09 04:41:55.271 D/BatteryInfo( 5623): time for getBatteryInfo: 0ms
02-09 04:41:55.271 D/BatteryTipLoader( 5623): BatteryInfoLoader.loadInBackground: 1ms
02-09 04:41:55.271 D/BatteryInfo( 5623): time for regular BatteryInfo: 0ms
02-09 04:41:55.272 D/BatteryInfo( 5623): time for getBatteryInfo: 1ms
02-09 04:41:55.276 D/BaseIconFactory( 5563): normalizeAndWrapToAdaptiveIcon: scale=0.80950594
02-09 04:41:55.278 D/BatteryInfo( 5623): time for callback: 0ms
02-09 04:41:55.282 D/BaseIconFactory( 5563): normalizeAndWrapToAdaptiveIcon: scale=0.80950594
02-09 04:41:55.284 W/ImageReader_JNI( 1240): Unable to acquire a buffer item, very likely client tried to acquire more than maxImages buffers
02-09 04:41:55.296 D/BaseIconFactory( 5563): normalizeAndWrapToAdaptiveIcon: scale=0.80950594
02-09 04:41:55.301 D/BaseIconFactory( 5563): normalizeAndWrapToAdaptiveIcon: scale=0.80950594
02-09 04:41:55.309 D/BaseIconFactory( 5563): normalizeAndWrapToAdaptiveIcon: scale=0.80950594
02-09 04:41:55.309 W/WindowManager( 1240): updateScale : 0.79357797
02-09 04:41:55.312 W/WindowManager( 1240): updateScale : 0.79357797
02-09 04:41:55.314 D/BaseIconFactory( 5563): normalizeAndWrapToAdaptiveIcon: scale=0.80950594
02-09 04:41:55.326 W/View ( 2005): requestLayout() improperly called by com.android.keyguard.AlphaOptimizedLinearLayout{c579e1d V.E...... ......ID 4,0-34,33 #7f0b069b app:id/wifi_group} during layout: running second layout pass
02-09 04:41:55.342 W/WindowManager( 1240): updateScale : 0.79357797
02-09 04:41:55.350 W/System ( 2005): A resource failed to call release.
02-09 04:41:55.359 W/System ( 2005): A resource failed to call close.
02-09 04:41:55.360 W/System ( 2005): A resource failed to call release.
02-09 04:41:55.362 W/System ( 2005): A resource failed to call close.
02-09 04:41:55.362 W/System ( 2005): A resource failed to call close.
02-09 04:41:55.362 W/System ( 2005): A resource failed to call release.
02-09 04:41:55.420 W/WindowManager( 1240): updateScale : 0.79357797
02-09 04:41:55.875 W/hpplay-java( 2754): [main]:IPManager:getActiveNets invalid networkInfo:null
02-09 04:41:55.875 I/hpplay-java( 2754): [main]:IPManager:getActiveNets eth0:false wifi:false mobile:false ap:false
02-09 04:41:55.875 I/hpplay-java( 2754): [main]:ServerTaskManager:get local ip:null
02-09 04:41:56.261 I/mpu_uart( 645): [MSG-P:RECV]:No message received in 1000 ms
02-09 04:41:56.774 I/OMX-VENC: venc_dev( 1301): stats: avg. fps 21.43, bitrate 2208449
02-09 04:41:56.878 W/hpplay-java( 2754): [main]:IPManager:getActiveNets invalid networkInfo:null
02-09 04:41:56.878 I/hpplay-java( 2754): [main]:IPManager:getActiveNets eth0:false wifi:false mobile:false ap:false
02-09 04:41:56.878 I/hpplay-java( 2754): [main]:ServerTaskManager:get local ip:null
02-09 04:41:57.057 I/mpu_uart( 645): [MSG-P:R]:recv sync frame timeout
02-09 04:41:57.261 I/mpu_uart( 645): [MSG-P:RECV]:No message received in 1000 ms
02-09 04:41:57.411 I/system_server( 1240): Explicit concurrent copying GC freed 64253(2829KB) AllocSpace objects, 11(396KB) LOS objects, 49% free, 11MB/22MB, paused 264us,55us total 119.931ms
02-09 04:41:57.412 W/JavaBinder( 1240): BinderProxy is being destroyed but the application did not call unlinkToDeath to unlink all of its death recipients beforehand. Releasing leaked death recipient: com.android.server.wm.ActivityRecord$$ExternalSyntheticLambda0
02-09 04:41:57.413 I/BpBinder( 1240): onLastStrongRef automatically unlinking death recipients:
02-09 04:41:57.416 W/System ( 1240): A resource failed to call close.
02-09 04:41:57.782 I/OMX-VENC: venc_dev( 1301): stats: avg. fps 34.73, bitrate 2090503
02-09 04:41:57.880 W/hpplay-java( 2754): [main]:IPManager:getActiveNets invalid networkInfo:null
02-09 04:41:57.880 I/hpplay-java( 2754): [main]:IPManager:getActiveNets eth0:false wifi:false mobile:false ap:false
02-09 04:41:57.881 I/hpplay-java( 2754): [main]:ServerTaskManager:get local ip:null
02-09 04:41:58.261 I/mpu_uart( 645): [MSG-P:RECV]:No message received in 1000 ms
02-09 04:41:58.435 I/input_interaction( 1240): Interaction with: ce04aa4 com.android.settings/com.android.settings.Settings (server), swipe-up (server), edge-swipe (server), PointerEventDispatcher0 (server),
02-09 04:41:58.477 D/RemoteControlService( 2357): startVlanDispatchThread
02-09 04:41:58.608 D/vendor.qti.vibrator( 873): Vibrator perform effect 21
02-09 04:41:58.609 D/vendor.qti.vibrator( 873): Vibrator perform effect 2
02-09 04:41:58.609 D/vendor.qti.vibrator( 873): QTI Vibrator off
02-09 04:41:58.674 I/OpenGLRenderer( 5623): Davey! duration=9223370822876ms; Flags=0, FrameTimelineVsyncId=35586, IntendedVsync=1213978062574, Vsync=1213978062574, InputEventId=275798353, HandleInputStart=1213979404795, AnimationStart=1213979406618, PerformTraversalsStart=1213979429587, DrawStart=1214026580785, FrameDeadline=1213999395906, FrameInterval=1213979400316, FrameStartTime=16666666, SyncQueued=1214027500264, SyncStart=1214027726931, IssueDrawCommandsStart=1214027949639, SwapBuffers=1214031849535, FrameCompleted=9223372036854775807, DequeueBufferDuration=15885, QueueBufferDuration=568698, GpuCompleted=9223372036854775807, SwapBuffersCompleted=1214032841254, DisplayPresentTime=0,
02-09 04:41:58.725 I/configuration_changed( 1240): 1073741824
02-09 04:41:58.725 I/ActivityTaskManager( 1240): Config changes=40000000 {1.3 ?mcc?mnc [zh_CN] ldltr sw680dp w1586dp h588dp 240dpi lrg long hdr land finger -keyb/v/h -nav/h winConfig={ mBounds=Rect(0, 0 - 2380, 1020) mAppBounds=Rect(0, 0 - 2380, 954) mMaxBounds=Rect(0, 0 - 2380, 1020) mWindowingMode=fullscreen mDisplayWindowingMode=fullscreen mActivityType=undefined mAlwaysOnTop=undefined mRotation=ROTATION_0} s.1514 fontWeightAdjustment=0}
02-09 04:41:58.731 I/hpplay-java( 2754): [main]:DaemonService:onConfigurationChanged
02-09 04:41:58.733 I/WindowManager( 1240): Override config changes=40000000 {1.3 ?mcc?mnc [zh_CN] ldltr sw680dp w1586dp h588dp 240dpi lrg long hdr land finger -keyb/v/h -nav/h winConfig={ mBounds=Rect(0, 0 - 2380, 1020) mAppBounds=Rect(0, 0 - 2380, 954) mMaxBounds=Rect(0, 0 - 2380, 1020) mWindowingMode=fullscreen mDisplayWindowingMode=fullscreen mActivityType=undefined mAlwaysOnTop=undefined mRotation=ROTATION_0} s.1514 fontWeightAdjustment=0} for displayId=0
02-09 04:41:58.737 I/hintView( 3922): forceClose=true,resetShowChs=true
02-09 04:41:58.737 I/hintView( 3922): dismissPop()
02-09 04:41:58.760 W/ImageReader_JNI( 1240): Unable to acquire a buffer item, very likely client tried to acquire more than maxImages buffers
02-09 04:41:58.761 I/wm_relaunch_resume_activity( 1240): [0,166350893,80,com.android.settings/.Settings]
02-09 04:41:58.761 I/ActivityTaskManager( 1240): clear resize flag in freeform mode
02-09 04:41:58.761 I/wm_relaunch_activity( 1240): [0,47528597,79,com.android.gallery3d/.app.GalleryActivity]
02-09 04:41:58.762 I/wm_on_top_resumed_lost_called( 5623): [166350893,com.android.settings.Settings,pausing]
02-09 04:41:58.763 I/wm_on_stop_called( 3921): [47528597,com.android.gallery3d.app.GalleryActivity,handleRelaunchActivity]
02-09 04:41:58.763 V/StateManager( 3921): saveState
02-09 04:41:58.763 V/StateManager( 3921): saveState class com.android.gallery3d.app.AlbumSetPage
02-09 04:41:58.763 V/StateManager( 3921): destroy
02-09 04:41:58.764 D/GameMode_WindowController( 2082): onConfigurationChanged orientation2
02-09 04:41:58.764 D/GameMode_WindowController( 2082): onConfigurationChanged locate[zh_CN]
02-09 04:41:58.764 W/WindowManager( 1240): updateScale : 0.79357797
02-09 04:41:58.765 I/wm_on_destroy_called( 3921): [47528597,com.android.gallery3d.app.GalleryActivity,performDestroy]
02-09 04:41:58.766 I/wm_relaunch_activity( 1240): [0,208887896,61,com.android.launcher3/.uioverrides.QuickstepLauncher]
02-09 04:41:58.766 I/InputDispatcher( 1240): Erasing monitor edge-swipe (server) on display 0, pid=2005
02-09 04:41:58.766 I/wm_add_to_stopping( 1240): [0,208887896,com.android.launcher3/.uioverrides.QuickstepLauncher,preloadRecents]
02-09 04:41:58.768 W/WindowManager( 1240): updateScale : 0.79357797
02-09 04:41:58.769 I/sysui_multi_action( 5623): [757,340,758,2,1089,3595]
02-09 04:41:58.770 E/FrameEvents( 5563): updateAcquireFence: Did not find frame.
02-09 04:41:58.770 I/BpBinder( 997): onLastStrongRef automatically unlinking death recipients:
02-09 04:41:58.770 W/InputManager-JNI( 1240): Input channel object 'ab96525 com.android.gallery3d/com.android.gallery3d.app.GalleryActivity (client)' was disposed without first being removed with the input manager!
02-09 04:41:58.772 E/FrameEvents( 5563): updateAcquireFence: Did not find frame.
02-09 04:41:58.772 I/sysui_multi_action( 5623): [757,35,758,2,1089,3599]
02-09 04:41:58.773 I/wm_on_paused_called( 5623): [166350893,com.android.settings.Settings,performPause]
02-09 04:41:58.776 W/InputManager-JNI( 1240): Input channel object 'c671397 NavigationBar0 (client)' was disposed without first being removed with the input manager!
02-09 04:41:58.777 E/FrameEvents( 5563): updateAcquireFence: Did not find frame.
02-09 04:41:58.778 D/CompatibilityInfo( 1240): mCompatibilityFlags - 4
02-09 04:41:58.778 D/CompatibilityInfo( 1240): applicationDensity - 240
02-09 04:41:58.778 D/CompatibilityInfo( 1240): applicationScale - 1.0
02-09 04:41:58.779 E/FrameEvents( 5563): updateAcquireFence: Did not find frame.
02-09 04:41:58.779 D/NavigationModeController( 2005): getCurrentInteractionMode: mode=2 contextUser=0
02-09 04:41:58.779 D/NavigationModeController( 2005): getCurrentInteractionMode: mode=2 contextUser=0
02-09 04:41:58.780 I/GameMode_ActivityMonitoringService( 2082): onForegroundActivitiesChanged uid 10073 pid 5563 fg true
02-09 04:41:58.780 I/wm_on_stop_called( 5623): [166350893,com.android.settings.Settings,handleRelaunchActivity]
02-09 04:41:58.781 I/GameMode_ActivityMonitoringService( 2082): Updating top task to: TaskInfoContainer [topActivity=ComponentInfo{com.android.settings/com.android.settings.Settings}, taskId=80, stackId=80, userId=0, displayId=0, position=7
02-09 04:41:58.781 I/GameMode_ActivityMonitoringService( 2082): Notifying about top task: TaskInfoContainer [topActivity=ComponentInfo{com.android.settings/com.android.settings.Settings}, taskId=80, stackId=80, userId=0, displayId=0, position=7
02-09 04:41:58.781 I/GameMode_ActivityMonitoringService( 2082): WindowMode: 1
02-09 04:41:58.781 E/GameMode_ActivityMonitoringService( 2082): onActivityLaunch:com.android.settings
02-09 04:41:58.781 V/GameMode_GameTypeUtils( 2082): judge isGame:com.android.settings
02-09 04:41:58.781 V/GameMode_GpuUtils( 2082): fps:60
02-09 04:41:58.782 D/GameMode_GameModeActionUtils( 2082): Show GameMode entry by service!
02-09 04:41:58.782 W/ContextImpl( 2082): Calling a method in the system process without a qualified user: android.app.ContextImpl.startService:1816 android.content.ContextWrapper.startService:774 com.thundercomm.gamemode.ingame.services.GameModeActionUtils.startGameModeService:111 com.thundercomm.gamemode.ingame.services.GameModeActionUtils.startGameModeEntry:22 com.thundercomm.gamemode.ingame.services.ActivityMonitoringService$1.onActivityLaunch:139
02-09 04:41:58.783 D/GameModeIF_GameModeSettings( 2082): getUriFor setting_content_uri_root = content://com.thundercomm.gamemode.api/gamemode_settings , name = gamemode_isgaming
02-09 04:41:58.784 I/GameModeConfig( 1240): Current uri is uri = content://com.thundercomm.gamemode.api/gamemode_settings/gamemode_isgaming
02-09 04:41:58.784 D/GameModeIF_GameModeSettings( 1240): getUriFor setting_content_uri_root = content://com.thundercomm.gamemode.api/gamemode_settings , name = gamemode_isgaming
02-09 04:41:58.785 D/GameModeIF_GameModeSettings( 2082): gamemode_isgaming set to 0
02-09 04:41:58.785 I/GameMode_ActivityMonitoringService( 2082): [Perf]-lastSession=
02-09 04:41:58.785 I/wm_on_destroy_called( 5623): [166350893,com.android.settings.Settings,performDestroy]
02-09 04:41:58.785 D/GameModeIF_GameModeSettings( 2082): getUriFor setting_content_uri_root = content://com.thundercomm.gamemode.api/gamemode_settings , name = gamemode_enable
02-09 04:41:58.785 D/GameMode_GameModeService( 2082): type=hide_entry
02-09 04:41:58.785 I/GameModeConfig( 1240): isGameModeOn = false
02-09 04:41:58.785 D/GameMode_GameSettingsObserver( 2082): Game Data change!!!! uri = content://com.thundercomm.gamemode.api/gamemode_settings/gamemode_isgaming
02-09 04:41:58.786 D/GameModeIF_GameModeSettings( 2082): getUriFor setting_content_uri_root = content://com.thundercomm.gamemode.api/gamemode_settings , name = gamemode_isgaming
02-09 04:41:58.786 I/GameModeConfig( 1240): isGameModeOn = false
02-09 04:41:58.786 I/GameModeConfig( 1240): isDisableVoice = true
02-09 04:41:58.787 W/InputManager-JNI( 1240): Input channel object 'ce04aa4 com.android.settings/com.android.settings.Settings (client)' was disposed without first being removed with the input manager!
02-09 04:41:58.787 D/GameMode_GameModeService( 2082): updateGlobalSettings = gamemode_isgaming
02-09 04:41:58.787 D/NavigationModeController( 2005): getCurrentUserContext: contextUser=0 currentUser=0
02-09 04:41:58.789 D/NavigationModeController( 2005): getCurrentInteractionMode: mode=2 contextUser=0
02-09 04:41:58.789 D/Launcher.Model( 5563): startLoader
02-09 04:41:58.789 D/Launcher.Model( 5563): java.lang.Exception
02-09 04:41:58.789 D/Launcher.Model( 5563): at com.android.launcher3.LauncherModel.startLoader(LauncherModel.java:353)
02-09 04:41:58.789 D/Launcher.Model( 5563): at com.android.launcher3.LauncherModel.forceReload(LauncherModel.java:298)
02-09 04:41:58.789 D/Launcher.Model( 5563): at com.android.launcher3.LauncherAppState.refreshAndReloadLauncher(LauncherAppState.java:161)
02-09 04:41:58.789 D/Launcher.Model( 5563): at com.android.launcher3.LauncherAppState.lambda$new$0$LauncherAppState(LauncherAppState.java:89)
02-09 04:41:58.789 D/Launcher.Model( 5563): at com.android.launcher3.LauncherAppState$$ExternalSyntheticLambda0.onIdpChanged(Unknown Source:2)
02-09 04:41:58.789 D/Launcher.Model( 5563): at com.android.launcher3.InvariantDeviceProfile.onConfigChanged(InvariantDeviceProfile.java:379)
02-09 04:41:58.789 D/Launcher.Model( 5563): at com.android.launcher3.InvariantDeviceProfile.lambda$new$0$InvariantDeviceProfile(InvariantDeviceProfile.java:199)
02-09 04:41:58.789 D/Launcher.Model( 5563): at com.android.launcher3.InvariantDeviceProfile$$ExternalSyntheticLambda0.onDisplayInfoChanged(Unknown Source:2)
02-09 04:41:58.789 D/Launcher.Model( 5563): at com.android.launcher3.util.DisplayController.notifyChange(DisplayController.java:237)
02-09 04:41:58.789 D/Launcher.Model( 5563): at com.android.launcher3.util.DisplayController.lambda$handleInfoChange$0$DisplayController(DisplayController.java:231)
02-09 04:41:58.789 D/Launcher.Model( 5563): at com.android.launcher3.util.DisplayController$$ExternalSyntheticLambda1.run(Unknown Source:6)
02-09 04:41:58.789 D/Launcher.Model( 5563): at com.android.launcher3.util.LooperExecutor.execute(LooperExecutor.java:45)
02-09 04:41:58.789 D/Launcher.Model( 5563): at com.android.launcher3.util.DisplayController.handleInfoChange(DisplayController.java:231)
02-09 04:41:58.789 D/Launcher.Model( 5563): at com.android.launcher3.util.DisplayController.onConfigurationChanged(DisplayController.java:180)
02-09 04:41:58.789 D/Launcher.Model( 5563): at android.content.ComponentCallbacksController.lambda$dispatchConfigurationChanged$0(ComponentCallbacksController.java:91)
02-09 04:41:58.789 D/Launcher.Model( 5563): at android.content.ComponentCallbacksController$$ExternalSyntheticLambda1.accept(Unknown Source:4)
02-09 04:41:58.789 D/Launcher.Model( 5563): at android.content.ComponentCallbacksController.forAllComponentCallbacks(ComponentCallbacksController.java:124)
02-09 04:41:58.789 D/Launcher.Model( 5563): at android.content.ComponentCallbacksController.dispatchConfigurationChanged(ComponentCallbacksController.java:91)
02-09 04:41:58.789 D/Launcher.Model( 5563): at android.window.WindowContext.dispatchConfigurationChanged(WindowContext.java:125)
02-09 04:41:58.789 D/Launcher.Model( 5563): at android.window.WindowTokenClient.lambda$onConfigurationChanged$0(WindowTokenClient.java:90)
02-09 04:41:58.789 D/Launcher.Model( 5563): at android.window.WindowTokenClient$$ExternalSyntheticLambda0.run(Unknown Source:4)
02-09 04:41:58.789 D/Launcher.Model( 5563): at android.os.Handler.handleCallback(Handler.java:938)
02-09 04:41:58.789 D/Launcher.Model( 5563): at android.os.Handler.dispatchMessage(Handler.java:99)
02-09 04:41:58.789 D/Launcher.Model( 5563): at android.os.Looper.loopOnce(Looper.java:201)
02-09 04:41:58.789 D/Launcher.Model( 5563): at android.os.Looper.loop(Looper.java:288)
02-09 04:41:58.789 D/Launcher.Model( 5563): at android.app.ActivityThread.main(ActivityThread.java:7880)
02-09 04:41:58.789 D/Launcher.Model( 5563): at java.lang.reflect.Method.invoke(Native Method)
02-09 04:41:58.789 D/Launcher.Model( 5563): at com.android.internal.os.RuntimeInit$MethodAndArgsCaller.run(RuntimeInit.java:548)
02-09 04:41:58.789 D/Launcher.Model( 5563): at com.android.internal.os.ZygoteInit.main(ZygoteInit.java:1009)
02-09 04:41:58.790 E/libprocessgroup( 5563): set_timerslack_ns write failed: Operation not permitted
02-09 04:41:58.792 D/LoaderTask( 5563): loadWorkspace: loading default favorites
02-09 04:41:58.792 D/LauncherProvider( 5563): call: method=load_default_favorites,arg=null,extras=null
02-09 04:41:58.792 D/DeviceProfile( 5563): updateIconDrawableOffset: folderIconSizePx=68
02-09 04:41:58.796 D/PrefCtrlListHelper( 5623): Could not find Context-only controller for pref: com.android.settings.display.AutoBrightnessPreferenceController
02-09 04:41:58.797 D/PrefCtrlListHelper( 5623): Could not find Context-only controller for pref: com.android.settings.security.screenlock.LockScreenPreferenceController
02-09 04:41:58.797 D/PrefCtrlListHelper( 5623): Could not find Context-only controller for pref: com.android.settings.display.DarkUIPreferenceController
02-09 04:41:58.797 I/OMX-VENC: venc_dev( 1301): stats: avg. fps 7.88, bitrate 922732
02-09 04:41:58.797 D/PrefCtrlListHelper( 5623): Could not find Context-only controller for pref: com.android.settings.display.FontSizePreferenceController
02-09 04:41:58.797 D/PrefCtrlListHelper( 5623): Could not find Context-only controller for pref: com.android.settings.display.NightDisplayPreferenceController
02-09 04:41:58.798 D/EditModeHelper( 5563): setHotseatVisibility: 0
02-09 04:41:58.799 D/PrefCtrlListHelper( 5623): Could not find Context-only controller for pref: com.android.settings.display.ColorModePreferenceController
02-09 04:41:58.799 D/PrefCtrlListHelper( 5623): Could not find Context-only controller for pref: com.android.settings.display.AutoRotatePreferenceController
02-09 04:41:58.799 D/PrefCtrlListHelper( 5623): Could not find Context-only controller for pref: com.android.settings.display.DisplayWhiteBalancePreferenceController
02-09 04:41:58.799 D/PrefCtrlListHelper( 5623): Could not find Context-only controller for pref: com.android.settings.display.PeakRefreshRatePreferenceController
02-09 04:41:58.800 D/RefreshRatePrefCtr( 5623): DEFAULT_REFRESH_RATE : 60.0 mPeakRefreshRate : 60.0
02-09 04:41:58.800 D/PrefCtrlListHelper( 5623): Could not find Context-only controller for pref: com.android.settings.display.HotSeatDirPreferenceController
02-09 04:41:58.801 D/Launcher.Model( 5563): startLoader
02-09 04:41:58.801 D/Launcher.Model( 5563): java.lang.Exception
02-09 04:41:58.801 D/Launcher.Model( 5563): at com.android.launcher3.LauncherModel.startLoader(LauncherModel.java:353)
02-09 04:41:58.801 D/Launcher.Model( 5563): at com.android.launcher3.LauncherModel.rebindCallbacks(LauncherModel.java:307)
02-09 04:41:58.801 D/Launcher.Model( 5563): at com.android.launcher3.Launcher.onIdpChanged(Launcher.java:656)
02-09 04:41:58.801 D/Launcher.Model( 5563): at com.android.launcher3.InvariantDeviceProfile.onConfigChanged(InvariantDeviceProfile.java:379)
02-09 04:41:58.801 D/Launcher.Model( 5563): at com.android.launcher3.InvariantDeviceProfile.lambda$new$0$InvariantDeviceProfile(InvariantDeviceProfile.java:199)
02-09 04:41:58.801 D/Launcher.Model( 5563): at com.android.launcher3.InvariantDeviceProfile$$ExternalSyntheticLambda0.onDisplayInfoChanged(Unknown Source:2)
02-09 04:41:58.801 D/Launcher.Model( 5563): at com.android.launcher3.util.DisplayController.notifyChange(DisplayController.java:237)
02-09 04:41:58.801 D/Launcher.Model( 5563): at com.android.launcher3.util.DisplayController.lambda$handleInfoChange$0$DisplayController(DisplayController.java:231)
02-09 04:41:58.801 D/Launcher.Model( 5563): at com.android.launcher3.util.DisplayController$$ExternalSyntheticLambda1.run(Unknown Source:6)
02-09 04:41:58.801 D/Launcher.Model( 5563): at com.android.launcher3.util.LooperExecutor.execute(LooperExecutor.java:45)
02-09 04:41:58.801 D/Launcher.Model( 5563): at com.android.launcher3.util.DisplayController.handleInfoChange(DisplayController.java:231)
02-09 04:41:58.801 D/Launcher.Model( 5563): at com.android.launcher3.util.DisplayController.onConfigurationChanged(DisplayController.java:180)
02-09 04:41:58.801 D/Launcher.Model( 5563): at android.content.ComponentCallbacksController.lambda$dispatchConfigurationChanged$0(ComponentCallbacksController.java:91)
02-09 04:41:58.801 D/Launcher.Model( 5563): at android.content.ComponentCallbacksController$$ExternalSyntheticLambda1.accept(Unknown Source:4)
02-09 04:41:58.801 D/Launcher.Model( 5563): at android.content.ComponentCallbacksController.forAllComponentCallbacks(ComponentCallbacksController.java:124)
02-09 04:41:58.801 D/Launcher.Model( 5563): at android.content.ComponentCallbacksController.dispatchConfigurationChanged(ComponentCallbacksController.java:91)
02-09 04:41:58.801 D/Launcher.Model( 5563): at android.window.WindowContext.dispatchConfigurationChanged(WindowContext.java:125)
02-09 04:41:58.801 D/Launcher.Model( 5563): at android.window.WindowTokenClient.lambda$onConfigurationChanged$0(WindowTokenClient.java:90)
02-09 04:41:58.801 D/Launcher.Model( 5563): at android.window.WindowTokenClient$$ExternalSyntheticLambda0.run(Unknown Source:4)
02-09 04:41:58.801 D/Launcher.Model( 5563): at android.os.Handler.handleCallback(Handler.java:938)
02-09 04:41:58.801 D/Launcher.Model( 5563): at android.os.Handler.dispatchMessage(Handler.java:99)
02-09 04:41:58.801 D/Launcher.Model( 5563): at android.os.Looper.loopOnce(Looper.java:201)
02-09 04:41:58.801 D/Launcher.Model( 5563): at android.os.Looper.loop(Looper.java:288)
02-09 04:41:58.801 D/Launcher.Model( 5563): at android.app.ActivityThread.main(ActivityThread.java:7880)
02-09 04:41:58.801 D/Launcher.Model( 5563): at java.lang.reflect.Method.invoke(Native Method)
02-09 04:41:58.801 D/Launcher.Model( 5563): at com.android.internal.os.RuntimeInit$MethodAndArgsCaller.run(RuntimeInit.java:548)
02-09 04:41:58.801 D/Launcher.Model( 5563): at com.android.internal.os.ZygoteInit.main(ZygoteInit.java:1009)
02-09 04:41:58.802 D/BaseIconFactory( 5563): normalizeAndWrapToAdaptiveIcon: scale=0.80950594
02-09 04:41:58.803 V/StateManager( 3921): restoreFromState
02-09 04:41:58.803 V/StateManager( 3921): restoreFromState class com.android.gallery3d.app.AlbumSetPage
02-09 04:41:58.804 I/wm_on_create_called( 3921): [47528597,com.android.gallery3d.app.GalleryActivity,performCreate]
02-09 04:41:58.804 D/BaseIconFactory( 5563): normalizeAndWrapToAdaptiveIcon: scale=0.80950594
02-09 04:41:58.804 D/StatusBar( 2005): disable disable2
02-09 04:41:58.805 D/Launcher.Model( 5563): startLoader
02-09 04:41:58.805 D/Launcher.Model( 5563): java.lang.Exception
02-09 04:41:58.805 D/Launcher.Model( 5563): at com.android.launcher3.LauncherModel.startLoader(LauncherModel.java:353)
02-09 04:41:58.805 D/Launcher.Model( 5563): at com.android.launcher3.LauncherModel.removeCallbacks(LauncherModel.java:320)
02-09 04:41:58.805 D/Launcher.Model( 5563): at com.android.launcher3.Launcher.onDestroy(Launcher.java:1769)
02-09 04:41:58.805 D/Launcher.Model( 5563): at com.android.launcher3.BaseQuickstepLauncher.onDestroy(BaseQuickstepLauncher.java:163)
02-09 04:41:58.805 D/Launcher.Model( 5563): at com.android.launcher3.uioverrides.QuickstepLauncher.onDestroy(QuickstepLauncher.java:239)
02-09 04:41:58.805 D/Launcher.Model( 5563): at android.app.Activity.performDestroy(Activity.java:8341)
02-09 04:41:58.805 D/Launcher.Model( 5563): at android.app.Instrumentation.callActivityOnDestroy(Instrumentation.java:1365)
02-09 04:41:58.805 D/Launcher.Model( 5563): at android.app.ActivityThread.performDestroyActivity(ActivityThread.java:5375)
02-09 04:41:58.805 D/Launcher.Model( 5563): at android.app.ActivityThread.handleDestroyActivity(ActivityThread.java:5421)
02-09 04:41:58.805 D/Launcher.Model( 5563): at android.app.ActivityThread.handleRelaunchActivityInner(ActivityThread.java:5715)
02-09 04:41:58.805 D/Launcher.Model( 5563): at android.app.ActivityThread.handleRelaunchActivity(ActivityThread.java:5631)
02-09 04:41:58.805 D/Launcher.Model( 5563): at android.app.servertransaction.ActivityRelaunchItem.execute(ActivityRelaunchItem.java:71)
02-09 04:41:58.805 D/Launcher.Model( 5563): at android.app.servertransaction.ActivityTransactionItem.execute(ActivityTransactionItem.java:45)
02-09 04:41:58.805 D/Launcher.Model( 5563): at android.app.servertransaction.TransactionExecutor.executeCallbacks(TransactionExecutor.java:135)
02-09 04:41:58.805 D/Launcher.Model( 5563): at android.app.servertransaction.TransactionExecutor.execute(TransactionExecutor.java:95)
02-09 04:41:58.805 D/Launcher.Model( 5563): at android.app.ActivityThread$H.handleMessage(ActivityThread.java:2211)
02-09 04:41:58.805 D/Launcher.Model( 5563): at android.os.Handler.dispatchMessage(Handler.java:106)
02-09 04:41:58.805 D/Launcher.Model( 5563): at android.os.Looper.loopOnce(Looper.java:201)
02-09 04:41:58.805 D/Launcher.Model( 5563): at android.os.Looper.loop(Looper.java:288)
02-09 04:41:58.805 D/Launcher.Model( 5563): at android.app.ActivityThread.main(ActivityThread.java:7880)
02-09 04:41:58.805 D/Launcher.Model( 5563): at java.lang.reflect.Method.invoke(Native Method)
02-09 04:41:58.805 D/Launcher.Model( 5563): at com.android.internal.os.RuntimeInit$MethodAndArgsCaller.run(RuntimeInit.java:548)
02-09 04:41:58.805 D/Launcher.Model( 5563): at com.android.internal.os.ZygoteInit.main(ZygoteInit.java:1009)
02-09 04:41:58.806 D/LoaderTask( 5563): loadWorkspace
02-09 04:41:58.806 D/LoaderTask( 5563): Cancelled
02-09 04:41:58.806 D/ProtectUartService( 2367): received unRegisterListener token:LAUNCHER_VOLTAGE_PROTECT
02-09 04:41:58.806 I/wm_on_destroy_called( 5563): [208887896,com.android.launcher3.uioverrides.QuickstepLauncher,performDestroy]
02-09 04:41:58.806 I/wm_on_start_called( 3921): [47528597,com.android.gallery3d.app.GalleryActivity,handleStartActivity]
02-09 04:41:58.806 E/UserRestrictionsUtils( 1240): Unknown restriction queried by uid 1000 (com.android.provision et al): null
02-09 04:41:58.807 W/ConstraintSet( 2005): id unknown center_vertical_guideline
02-09 04:41:58.807 W/ConstraintSet( 2005): id unknown center_horizontal_guideline
02-09 04:41:58.807 W/ConstraintSet( 2005): id unknown media_action_barrier
02-09 04:41:58.807 W/ConstraintSet( 2005): id unknown remove_text
02-09 04:41:58.807 W/ConstraintSet( 2005): id unknown settings
02-09 04:41:58.807 W/ConstraintSet( 2005): id unknown cancel
02-09 04:41:58.807 W/ConstraintSet( 2005): id unknown dismiss
02-09 04:41:58.808 E/UserRestrictionsUtils( 1240): Unknown restriction queried by uid 1000 (com.android.provision et al): null
02-09 04:41:58.808 E/UserRestrictionsUtils( 1240): Unknown restriction queried by uid 1000 (com.android.provision et al): null
02-09 04:41:58.808 E/UserRestrictionsUtils( 1240): Unknown restriction queried by uid 1000 (com.android.provision et al): null
02-09 04:41:58.809 E/UserRestrictionsUtils( 1240): Unknown restriction queried by uid 1000 (com.android.provision et al): null
02-09 04:41:58.809 D/Gallery.MultiSetSync( 3921): onSyncDone: **** #pending=1
02-09 04:41:58.809 D/Gallery.MultiSetSync( 3921): request sync: ****
02-09 04:41:58.809 D/Gallery.MultiSetSync( 3921): onSyncDone: ****** #pending=0
02-09 04:41:58.809 D/Gallery.MultiSetSync( 3921): request sync: ******
02-09 04:41:58.810 W/InputManager-JNI( 1240): Input channel object '565be0a com.android.launcher3/com.android.launcher3.uioverrides.QuickstepLauncher (client)' was disposed without first being removed with the input manager!
02-09 04:41:58.810 D/DisplaySettings( 5623): NO dashboard tiles for DisplaySettings
02-09 04:41:58.810 D/DisplaySettings( 5623): All preferences added, reporting fully drawn
02-09 04:41:58.812 W/OrientationEventListener( 3921): Cannot detect sensors. Not enabled
02-09 04:41:58.812 I/wm_on_resume_called( 3921): [47528597,com.android.gallery3d.app.GalleryActivity,LIFECYCLER_RESUME_ACTIVITY]
02-09 04:41:58.814 W/OrientationEventListener( 3921): Cannot detect sensors. Invalid disable
02-09 04:41:58.816 D/PrefCtrlListHelper( 5623): Could not find Context-only controller for pref: com.android.settings.network.TopLevelNetworkEntryPreferenceController
02-09 04:41:58.816 I/wm_on_paused_called( 3921): [47528597,com.android.gallery3d.app.GalleryActivity,performPause]
02-09 04:41:58.816 D/PrefCtrlListHelper( 5623): Could not find Context-only controller for pref: com.android.settings.connecteddevice.TopLevelConnectedDevicesPreferenceController
02-09 04:41:58.817 D/PrefCtrlListHelper( 5623): Could not find Context-only controller for pref: com.android.settings.fuelgauge.TopLevelBatteryPreferenceController
02-09 04:41:58.817 D/PrefCtrlListHelper( 5623): Could not find Context-only controller for pref: com.android.settings.deviceinfo.TopLevelStoragePreferenceController
02-09 04:41:58.817 D/PrefCtrlListHelper( 5623): Could not find Context-only controller for pref: com.android.settings.display.TopLevelDisplayPreferenceController
02-09 04:41:58.817 D/PrefCtrlListHelper( 5623): Could not find Context-only controller for pref: com.android.settings.display.TopLevelWallpaperPreferenceController
02-09 04:41:58.818 D/PrefCtrlListHelper( 5623): Could not find Context-only controller for pref: com.android.settings.accessibility.TopLevelAccessibilityPreferenceController
02-09 04:41:58.818 D/PrefCtrlListHelper( 5623): Could not find Context-only controller for pref: com.android.settings.security.TopLevelSecurityEntryPreferenceController
02-09 04:41:58.818 D/PrefCtrlListHelper( 5623): Could not find Context-only controller for pref: com.android.settings.location.TopLevelLocationPreferenceController
02-09 04:41:58.818 D/PrefCtrlListHelper( 5623): Could not find Context-only controller for pref: com.android.settings.accounts.TopLevelAccountEntryPreferenceController
02-09 04:41:58.818 D/PrefCtrlListHelper( 5623): Could not find Context-only controller for pref: com.android.settings.deviceinfo.aboutphone.TopLevelAboutDevicePreferenceController
02-09 04:41:58.818 D/PrefCtrlListHelper( 5623): Could not find Context-only controller for pref: com.android.settings.support.SupportPreferenceController
02-09 04:41:58.819 E/UserRestrictionsUtils( 1240): Unknown restriction queried by uid 1000 (com.android.provision et al): null
02-09 04:41:58.819 E/UserRestrictionsUtils( 1240): Unknown restriction queried by uid 1000 (com.android.provision et al): null
02-09 04:41:58.820 E/UserRestrictionsUtils( 1240): Unknown restriction queried by uid 1000 (com.android.provision et al): null
02-09 04:41:58.820 E/UserRestrictionsUtils( 1240): Unknown restriction queried by uid 1000 (com.android.provision et al): null
02-09 04:41:58.820 W/WindowManager( 1240): updateScale : 0.79357797
02-09 04:41:58.820 E/UserRestrictionsUtils( 1240): Unknown restriction queried by uid 1000 (com.android.provision et al): null
02-09 04:41:58.820 E/UserRestrictionsUtils( 1240): Unknown restriction queried by uid 1000 (com.android.provision et al): null
02-09 04:41:58.821 E/UserRestrictionsUtils( 1240): Unknown restriction queried by uid 1000 (com.android.provision et al): null
02-09 04:41:58.821 E/UserRestrictionsUtils( 1240): Unknown restriction queried by uid 1000 (com.android.provision et al): null
02-09 04:41:58.821 E/UserRestrictionsUtils( 1240): Unknown restriction queried by uid 1000 (com.android.provision et al): null
02-09 04:41:58.821 D/DeviceProfile( 5563): updateIconDrawableOffset: folderIconSizePx=68
02-09 04:41:58.821 E/UserRestrictionsUtils( 1240): Unknown restriction queried by uid 1000 (com.android.provision et al): null
02-09 04:41:58.821 E/UserRestrictionsUtils( 1240): Unknown restriction queried by uid 1000 (com.android.provision et al): null
02-09 04:41:58.822 E/UserRestrictionsUtils( 1240): Unknown restriction queried by uid 1000 (com.android.provision et al): null
02-09 04:41:58.822 E/UserRestrictionsUtils( 1240): Unknown restriction queried by uid 1000 (com.android.provision et al): null
02-09 04:41:58.822 E/UserRestrictionsUtils( 1240): Unknown restriction queried by uid 1000 (com.android.provision et al): null
02-09 04:41:58.823 E/UserRestrictionsUtils( 1240): Unknown restriction queried by uid 1000 (com.android.provision et al): null
02-09 04:41:58.823 E/UserRestrictionsUtils( 1240): Unknown restriction queried by uid 1000 (com.android.provision et al): null
02-09 04:41:58.823 E/UserRestrictionsUtils( 1240): Unknown restriction queried by uid 1000 (com.android.provision et al): null
02-09 04:41:58.823 E/UserRestrictionsUtils( 1240): Unknown restriction queried by uid 1000 (com.android.provision et al): null
02-09 04:41:58.824 W/InstrumentedPrefFrag( 5623): Screen title missing for fragment com.android.settings.homepage.TopLevelSettings
02-09 04:41:58.824 D/TopLevelSettings( 5623): NO dashboard tiles for TopLevelSettings
02-09 04:41:58.824 D/TopLevelSettings( 5623): All preferences added, reporting fully drawn
02-09 04:41:58.826 W/GLSurfaceView( 3921): Warning, !readyToDraw() but waiting for draw finished! Early reporting draw finished.
02-09 04:41:58.826 W/ConstraintSet( 2005): id unknown center_vertical_guideline
02-09 04:41:58.826 W/ConstraintSet( 2005): id unknown center_horizontal_guideline
02-09 04:41:58.826 W/ConstraintSet( 2005): id unknown media_action_barrier
02-09 04:41:58.826 W/ConstraintSet( 2005): id unknown remove_text
02-09 04:41:58.826 W/ConstraintSet( 2005): id unknown settings
02-09 04:41:58.826 W/ConstraintSet( 2005): id unknown cancel
02-09 04:41:58.826 W/ConstraintSet( 2005): id unknown dismiss
02-09 04:41:58.831 I/SettingsHomepageActivity( 5623): SettingsHomepageActivity: onCreate
02-09 04:41:58.835 D/KeyguardViewMediator( 2005): adjustStatusBarLocked: mShowing=false mOccluded=false isSecure=false force=false --> flags=0x0
02-09 04:41:58.837 W/GLSurfaceView( 3921): Warning, !readyToDraw() but waiting for draw finished! Early reporting draw finished.
02-09 04:41:58.840 V/KeyguardUpdateMonitor( 2005): *** unregister callback for com.android.keyguard.AnimatableClockController$4@a55a77f
02-09 04:41:58.840 V/KeyguardUpdateMonitor( 2005): *** unregister callback for com.android.keyguard.AnimatableClockController$4@597d8aa
02-09 04:41:58.841 I/WindowManager( 1240): finishDrawing of relaunch: Window{3d025e5 u0 com.android.gallery3d/com.android.gallery3d.app.GalleryActivity} 79ms
02-09 04:41:58.841 W/WindowManager( 1240): updateScale : 0.79357797
02-09 04:41:58.842 V/KeyguardUpdateMonitor( 2005): *** unregister callback for com.android.keyguard.KeyguardStatusViewController$2@8b30777
02-09 04:41:58.843 W/WindowManager( 1240): updateScale : 0.79357797
02-09 04:41:58.843 W/WindowManager( 1240): updateScale : 0.79357797
02-09 04:41:58.849 I/wm_stop_activity( 1240): [0,208887896,com.android.launcher3/.uioverrides.QuickstepLauncher]
02-09 04:41:58.850 V/KeyguardUpdateMonitor( 2005): *** register callback for com.android.keyguard.AnimatableClockController$4@a4d4e8
02-09 04:41:58.850 V/KeyguardUpdateMonitor( 2005): *** unregister callback for null
02-09 04:41:58.851 V/KeyguardUpdateMonitor( 2005): *** register callback for com.android.keyguard.AnimatableClockController$4@d310fe7
02-09 04:41:58.851 V/KeyguardUpdateMonitor( 2005): *** unregister callback for null
02-09 04:41:58.853 V/KeyguardUpdateMonitor( 2005): *** register callback for com.android.keyguard.KeyguardStatusViewController$2@c1b5900
02-09 04:41:58.853 V/KeyguardUpdateMonitor( 2005): *** unregister callback for null
02-09 04:41:58.854 V/KeyguardUpdateMonitor( 2005): *** unregister callback for com.android.keyguard.EmergencyButtonController$1@5af5db9
02-09 04:41:58.854 V/KeyguardUpdateMonitor( 2005): *** unregister callback for com.android.systemui.statusbar.phone.KeyguardBottomAreaView$9@f0600b2
02-09 04:41:58.855 D/ControlsListingControllerImpl( 2005): Unsubscribing callback
02-09 04:41:58.860 V/KeyguardUpdateMonitor( 2005): *** register callback for com.android.systemui.statusbar.phone.KeyguardBottomAreaView$9@ff3f3cf
02-09 04:41:58.860 V/KeyguardUpdateMonitor( 2005): *** unregister callback for null
02-09 04:41:58.863 E/tlogd ( 1349): [TzLogger](isPathReadable) file /sys/kernel/debug/tzdbg/qsee_log isn't exist or no permission, err: No such file or directory
02-09 04:41:58.863 E/tlogd ( 1349): [TzLogger](saveTzlogAsync) /sys/kernel/debug/tzdbg/qsee_log can not read.
02-09 04:41:58.863 E/tlogd ( 1349): [TzLogger](isPathReadable) file /sys/kernel/debug/tzdbg/log isn't exist or no permission, err: No such file or directory
02-09 04:41:58.863 E/tlogd ( 1349): [TzLogger](saveTzlogAsync) /sys/kernel/debug/tzdbg/log can not read.
02-09 04:41:58.863 D/ControlsListingControllerImpl( 2005): Subscribing callback, service count: 0
02-09 04:41:58.863 V/KeyguardUpdateMonitor( 2005): *** register callback for com.android.keyguard.EmergencyButtonController$1@6939c65
02-09 04:41:58.863 V/KeyguardUpdateMonitor( 2005): *** unregister callback for null
02-09 04:41:58.864 E/EmergencyButton( 2005): Fail to call TelephonyManager.requestCellInfoUpdate
02-09 04:41:58.864 E/EmergencyButton( 2005): java.lang.IllegalStateException: Telephony is null
02-09 04:41:58.864 E/EmergencyButton( 2005): at android.telephony.TelephonyManager.requestCellInfoUpdate(TelephonyManager.java:6362)
02-09 04:41:58.864 E/EmergencyButton( 2005): at com.android.keyguard.EmergencyButtonController.requestCellInfoUpdate(EmergencyButtonController.java:182)
02-09 04:41:58.864 E/EmergencyButton( 2005): at com.android.keyguard.EmergencyButtonController.access$100(EmergencyButtonController.java:51)
02-09 04:41:58.864 E/EmergencyButton( 2005): at com.android.keyguard.EmergencyButtonController$1.onPhoneStateChanged(EmergencyButtonController.java:77)
02-09 04:41:58.864 E/EmergencyButton( 2005): at com.android.keyguard.KeyguardUpdateMonitor.sendUpdates(KeyguardUpdateMonitor.java:3085)
02-09 04:41:58.864 E/EmergencyButton( 2005): at com.android.keyguard.KeyguardUpdateMonitor.registerCallback(KeyguardUpdateMonitor.java:3062)
02-09 04:41:58.864 E/EmergencyButton( 2005): at com.android.keyguard.EmergencyButtonController.onViewAttached(EmergencyButtonController.java:119)
02-09 04:41:58.864 E/EmergencyButton( 2005): at com.android.systemui.util.ViewController$1.onViewAttachedToWindow(ViewController.java:52)
02-09 04:41:58.864 E/EmergencyButton( 2005): at com.android.systemui.util.ViewController.init(ViewController.java:80)
02-09 04:41:58.864 E/EmergencyButton( 2005): at com.android.systemui.statusbar.phone.NotificationPanelViewController.initBottomArea(NotificationPanelViewController.java:1201)
02-09 04:41:58.864 E/EmergencyButton( 2005): at com.android.systemui.statusbar.phone.NotificationPanelViewController.reInflateViews(NotificationPanelViewController.java:1154)
02-09 04:41:58.864 E/EmergencyButton( 2005): at com.android.systemui.statusbar.phone.NotificationPanelViewController.access$10100(NotificationPanelViewController.java:184)
02-09 04:41:58.864 E/EmergencyButton( 2005): at com.android.systemui.statusbar.phone.NotificationPanelViewController$ConfigurationListener.onDensityOrFontScaleChanged(NotificationPanelViewController.java:4419)
02-09 04:41:58.864 E/EmergencyButton( 2005): at com.android.systemui.statusbar.phone.ConfigurationControllerImpl.onConfigurationChanged(ConfigurationControllerImpl.kt:74)
02-09 04:41:58.864 E/EmergencyButton( 2005): at com.android.systemui.SystemUIApplication.onConfigurationChanged(SystemUIApplication.java:247)
02-09 04:41:58.864 E/EmergencyButton( 2005): at android.app.ConfigurationController.performConfigurationChanged(ConfigurationController.java:273)
02-09 04:41:58.864 E/EmergencyButton( 2005): at android.app.ConfigurationController.handleConfigurationChanged(ConfigurationController.java:240)
02-09 04:41:58.864 E/EmergencyButton( 2005): at android.app.ConfigurationController.handleConfigurationChanged(ConfigurationController.java:138)
02-09 04:41:58.864 E/EmergencyButton( 2005): at android.app.ActivityThread.handleConfigurationChanged(ActivityThread.java:5948)
02-09 04:41:58.864 E/EmergencyButton( 2005): at android.app.servertransaction.ConfigurationChangeItem.execute(ConfigurationChangeItem.java:43)
02-09 04:41:58.864 E/EmergencyButton( 2005): at android.app.servertransaction.TransactionExecutor.executeCallbacks(TransactionExecutor.java:135)
02-09 04:41:58.864 E/EmergencyButton( 2005): at android.app.servertransaction.TransactionExecutor.execute(TransactionExecutor.java:95)
02-09 04:41:58.864 E/EmergencyButton( 2005): at android.app.ActivityThread$H.handleMessage(ActivityThread.java:2211)
02-09 04:41:58.864 E/EmergencyButton( 2005): at android.os.Handler.dispatchMessage(Handler.java:106)
02-09 04:41:58.864 E/EmergencyButton( 2005): at android.os.Looper.loopOnce(Looper.java:201)
02-09 04:41:58.864 E/EmergencyButton( 2005): at android.os.Looper.loop(Looper.java:288)
02-09 04:41:58.864 E/EmergencyButton( 2005): at android.app.ActivityThread.main(ActivityThread.java:7880)
02-09 04:41:58.864 E/EmergencyButton( 2005): at java.lang.reflect.Method.invoke(Native Method)
02-09 04:41:58.864 E/EmergencyButton( 2005): at com.android.internal.os.RuntimeInit$MethodAndArgsCaller.run(RuntimeInit.java:548)
02-09 04:41:58.864 E/EmergencyButton( 2005): at com.android.internal.os.ZygoteInit.main(ZygoteInit.java:1009)
02-09 04:41:58.881 W/hpplay-java( 2754): [main]:IPManager:getActiveNets invalid networkInfo:null
02-09 04:41:58.881 I/hpplay-java( 2754): [main]:IPManager:getActiveNets eth0:false wifi:false mobile:false ap:false
02-09 04:41:58.881 I/hpplay-java( 2754): [main]:ServerTaskManager:get local ip:null
02-09 04:41:58.882 W/WindowManager( 1240): updateScale : 0.79357797
02-09 04:41:58.883 W/WindowManager( 1240): updateScale : 0.79357797
02-09 04:41:58.886 D/EglHelper( 2005): createEglContext start
02-09 04:41:58.886 D/EglHelper( 2005): createEglContext done
02-09 04:41:58.886 W/WindowManager( 1240): updateScale : 0.79357797
02-09 04:41:58.886 D/EglHelper( 2005): createEglSurface start
02-09 04:41:58.887 D/EglHelper( 2005): createEglSurface done
