02-09 04:23:15.292 I/sysui_multi_action( 2005): [757,491,758,1,759,491,927,4,928,0,1311,-1,1593,0]
02-09 04:23:15.292 I/sysui_multi_action( 2005): [757,0,758,1,759,0,927,5,928,0,1593,0]
02-09 04:23:15.293 I/sysui_multi_action( 2005): [757,111,758,1]
02-09 04:23:15.293 I/sysui_multi_action( 2005): [757,126,758,1,759,126,927,0,928,1,1593,0]
02-09 04:23:15.293 I/sysui_multi_action( 2005): [757,113,758,1,759,113,927,1,928,1,1593,0]
02-09 04:23:15.293 I/sysui_multi_action( 2005): [757,0,758,1,759,0,927,2,928,0,1593,0]
02-09 04:23:15.293 I/sysui_multi_action( 2005): [757,0,758,1,759,0,927,3,928,0,1593,0]
02-09 04:23:17.069 I/input_interaction( 1240): Interaction with: 8e4c0d9 NotificationShade (server), swipe-up (server), edge-swipe (server), PointerEventDispatcher0 (server),
02-09 04:23:17.719 I/am_uid_idle( 1240): 10032
02-09 04:23:17.833 I/sysui_multi_action( 2005): [757,111,758,2]
02-09 04:23:17.834 I/sysui_multi_action( 2005): [757,111,758,2]
02-09 04:23:17.835 I/notification_enqueue( 1240): [10080,2005,com.android.systemui,2048,NULL,0,Notification(channel=updateNotification shortcut=null contentView=null vibrate=null sound=null defaults=0x0 flags=0x0 color=0x00000000 vis=PRIVATE),0]
02-09 04:23:17.998 I/input_focus( 1240): [Focus request cbf9490 com.android.music/com.android.music.MusicBrowserActivity,reason=UpdateInputWindows]
02-09 04:23:18.007 I/sysui_multi_action( 1240): [757,128,758,2,793,80928,794,2767,795,80928,796,26,798,0,806,android,857,DEVELOPER_IMPORTANT,858,4,947,0,1395,3,1500,80535,1688,1]
02-09 04:23:18.007 I/notification_visibility( 1240): [-1|android|26|null|1000,0,80928,80928,0,0]
02-09 04:23:18.007 I/sysui_multi_action( 1240): [757,128,758,2,793,76038,794,2767,795,76038,796,17303299,797,com.android.wifi,798,1,806,android,857,NETWORK_AVAILABLE,858,2,947,0,1395,3,1500,75838,1688,1]
02-09 04:23:18.007 I/notification_visibility( 1240): [0|android|17303299|com.android.wifi|1000,0,76038,76038,0,1]
02-09 04:23:18.008 I/sysui_multi_action( 1240): [757,128,758,2,793,81716,794,2768,795,81716,796,32,798,2,806,android,857,USB,858,1,947,0,1395,3,1500,81665,1688,1]
02-09 04:23:18.008 I/notification_visibility( 1240): [-1|android|32|null|1000,0,81716,81716,0,2]
02-09 04:23:18.008 I/sysui_multi_action( 1240): [757,127,758,2]
02-09 04:23:18.008 I/notification_panel_hidden( 1240):
02-09 04:23:18.019 I/input_focus( 1240): [Focus leaving 8e4c0d9 NotificationShade (server),reason=NOT_FOCUSABLE]
02-09 04:23:18.019 I/input_focus( 1240): [Focus entering cbf9490 com.android.music/com.android.music.MusicBrowserActivity (server),reason=setFocusedWindow]
02-09 04:23:18.037 I/sysui_multi_action( 1240): [757,1501,758,1,793,206,794,0,795,206,796,2048,806,com.android.systemui,857,updateNotification,858,3,947,0,1500,0,1688,1]
02-09 04:23:18.039 I/sysui_multi_action( 1240): [757,804,799,note_interruptive,801,0,802,1]
02-09 04:23:18.278 I/input_interaction( 1240): Interaction with: cbf9490 com.android.music/com.android.music.MusicBrowserActivity (server), swipe-up (server), edge-swipe (server), PointerEventDispatcher0 (server),
02-09 04:23:18.387 I/view_enqueue_input_event( 3554): [Motion - Cancel,com.android.music/com.android.music.MusicBrowserActivity]
02-09 04:23:18.398 I/input_interaction( 1240): Interaction with: WindowManager (server), swipe-up (server), edge-swipe (server), PointerEventDispatcher0 (server),
02-09 04:23:19.046 I/service_manager_stats( 1240): [100,61,46836]
02-09 04:23:20.222 I/input_interaction( 1240): Interaction with: cbf9490 com.android.music/com.android.music.MusicBrowserActivity (server), swipe-up (server), edge-swipe (server), PointerEventDispatcher0 (server),
02-09 04:23:20.308 I/view_enqueue_input_event( 3554): [Motion - Cancel,com.android.music/com.android.music.MusicBrowserActivity]
02-09 04:23:20.313 I/input_interaction( 1240): Interaction with: WindowManager (server), swipe-up (server), edge-swipe (server), PointerEventDispatcher0 (server),
02-09 04:23:20.766 I/am_uid_idle( 1240): 10065
02-09 04:23:20.853 I/am_uid_idle( 1240): 10067
02-09 04:23:21.086 I/am_uid_idle( 1240): 10029
02-09 04:23:21.250 I/am_uid_idle( 1240): 10059
02-09 04:23:21.297 I/am_uid_idle( 1240): 10025
02-09 04:23:21.446 I/am_uid_idle( 1240): 10030
02-09 04:23:21.515 I/am_uid_idle( 1240): 10022
02-09 04:23:21.545 I/am_uid_idle( 1240): 2000
02-09 04:23:21.872 I/input_interaction( 1240): Interaction with: cbf9490 com.android.music/com.android.music.MusicBrowserActivity (server), swipe-up (server), edge-swipe (server), PointerEventDispatcher0 (server),
02-09 04:23:21.962 I/view_enqueue_input_event( 3554): [Motion - Cancel,com.android.music/com.android.music.MusicBrowserActivity]
02-09 04:23:21.964 I/input_interaction( 1240): Interaction with: WindowManager (server), swipe-up (server), edge-swipe (server), PointerEventDispatcher0 (server),
02-09 04:23:21.985 I/am_uid_idle( 1240): 10058
02-09 04:23:22.031 I/am_uid_idle( 1240): 10086
02-09 04:23:23.510 I/input_interaction( 1240): Interaction with: cbf9490 com.android.music/com.android.music.MusicBrowserActivity (server), swipe-up (server), edge-swipe (server), PointerEventDispatcher0 (server),
02-09 04:23:24.098 I/notification_enqueue( 1240): [10088,3554,com.android.music,1,NULL,0,Notification(channel=Channel-music shortcut=null contentView=null vibrate=null sound=null defaults=0x0 flags=0x42 color=0x00000000 category=transport actions=4 vis=PRIVATE),1]
02-09 04:23:24.099 I/notification_enqueue( 1240): [10088,3554,com.android.music,1,NULL,0,Notification(channel=Channel-music shortcut=null contentView=null vibrate=null sound=null defaults=0x0 flags=0x42 color=0x00000000 category=transport actions=4 vis=PRIVATE),1]
02-09 04:23:26.197 I/input_interaction( 1240): Interaction with: 9e7c415 com.android.launcher3/com.android.launcher3.uioverrides.QuickstepLauncher (server), f1cc593 com.android.systemui.ImageWallpaper (server), swipe-up (server), edge-swipe (server), PointerEventDispatcher0 (server),
02-09 04:23:27.267 I/input_interaction( 1240): Interaction with: ba46e9b StatusBar (server), swipe-up (server), edge-swipe (server), PointerEventDispatcher0 (server),
02-09 04:23:27.275 I/sysui_multi_action( 2005): [757,803,799,panel_open,802,1]
02-09 04:23:27.278 I/sysui_multi_action( 2005): [757,1328,758,4,1326,25,1327,4,1329,0]
02-09 04:23:27.311 I/sysui_multi_action( 1240): [757,127,758,1]
02-09 04:23:27.311 I/sysui_multi_action( 1240): [757,804,799,note_load,801,3,802,1]
02-09 04:23:27.312 I/notification_panel_revealed( 1240): 3
02-09 04:23:27.325 I/input_focus( 1240): [Focus request 8e4c0d9 NotificationShade,reason=UpdateInputWindows]
02-09 04:23:27.338 I/sysui_multi_action( 1240): [757,128,758,1,793,90259,794,0,795,90259,796,26,798,0,806,android,857,DEVELOPER_IMPORTANT,858,4,947,0,1395,3,1500,89866,1688,1]
02-09 04:23:27.338 I/sysui_multi_action( 1240): [757,804,799,note_freshness,801,90259,802,1]
02-09 04:23:27.338 I/notification_visibility( 1240): [-1|android|26|null|1000,1,90259,90259,0,0]
02-09 04:23:27.338 I/sysui_multi_action( 1240): [757,128,758,1,793,85369,794,0,795,85369,796,17303299,797,com.android.wifi,798,1,806,android,857,NETWORK_AVAILABLE,858,2,947,0,1395,3,1500,85169,1688,1]
02-09 04:23:27.338 I/sysui_multi_action( 1240): [757,804,799,note_freshness,801,85369,802,1]
02-09 04:23:27.339 I/notification_visibility( 1240): [0|android|17303299|com.android.wifi|1000,1,85369,85369,0,1]
02-09 04:23:27.339 I/sysui_multi_action( 1240): [757,128,758,1,793,91047,794,0,795,91047,796,32,798,2,806,android,857,USB,858,1,947,0,1395,3,1500,90996,1688,1]
02-09 04:23:27.339 I/sysui_multi_action( 1240): [757,804,799,note_freshness,801,91047,802,1]
02-09 04:23:27.339 I/notification_visibility( 1240): [-1|android|32|null|1000,1,91047,91047,0,2]
02-09 04:23:27.358 I/input_focus( 1240): [Focus leaving cbf9490 com.android.music/com.android.music.MusicBrowserActivity (server),reason=setFocusedWindow]
02-09 04:23:27.358 I/input_focus( 1240): [Focus entering 8e4c0d9 NotificationShade (server),reason=setFocusedWindow]
02-09 04:23:27.368 I/sysui_multi_action( 2005): [757,111,758,1]
02-09 04:23:27.369 I/sysui_multi_action( 2005): [757,126,758,1,759,126,927,0,928,1,1593,0]
02-09 04:23:27.369 I/sysui_multi_action( 2005): [757,113,758,1,759,113,927,1,928,1,1593,0]
02-09 04:23:27.369 I/sysui_multi_action( 2005): [757,0,758,1,759,0,927,2,928,0,1593,0]
02-09 04:23:27.369 I/sysui_multi_action( 2005): [757,0,758,1,759,0,927,3,928,0,1593,0]
02-09 04:23:27.369 I/sysui_multi_action( 2005): [757,491,758,1,759,491,927,4,928,0,1311,-1,1593,0]
02-09 04:23:27.370 I/sysui_multi_action( 2005): [757,0,758,1,759,0,927,5,928,0,1593,0]
02-09 04:23:27.370 I/sysui_multi_action( 2005): [757,111,758,1]
02-09 04:23:27.370 I/sysui_multi_action( 2005): [757,126,758,1,759,126,927,0,928,1,1593,0]
02-09 04:23:27.370 I/sysui_multi_action( 2005): [757,113,758,1,759,113,927,1,928,1,1593,0]
02-09 04:23:27.370 I/sysui_multi_action( 2005): [757,0,758,1,759,0,927,2,928,0,1593,0]
02-09 04:23:27.370 I/sysui_multi_action( 2005): [757,0,758,1,759,0,927,3,928,0,1593,0]
02-09 04:23:29.714 I/input_interaction( 1240): Interaction with: 8e4c0d9 NotificationShade (server), swipe-up (server), edge-swipe (server), PointerEventDispatcher0 (server),
02-09 04:23:30.145 I/notification_enqueue( 1240): [10080,2005,com.android.systemui,2048,NULL,0,Notification(channel=updateNotification shortcut=null contentView=null vibrate=null sound=null defaults=0x0 flags=0x0 color=0x00000000 vis=PRIVATE),1]
02-09 04:23:30.146 I/sysui_multi_action( 2005): [757,111,758,2]
02-09 04:23:30.147 I/sysui_multi_action( 2005): [757,111,758,2]
02-09 04:23:30.360 I/input_focus( 1240): [Focus request cbf9490 com.android.music/com.android.music.MusicBrowserActivity,reason=UpdateInputWindows]
02-09 04:23:30.366 I/input_focus( 1240): [Focus leaving 8e4c0d9 NotificationShade (server),reason=NOT_FOCUSABLE]
02-09 04:23:30.366 I/input_focus( 1240): [Focus entering cbf9490 com.android.music/com.android.music.MusicBrowserActivity (server),reason=setFocusedWindow]
02-09 04:23:30.370 I/sysui_multi_action( 1240): [757,128,758,2,793,93291,794,3032,795,93291,796,26,798,0,806,android,857,DEVELOPER_IMPORTANT,858,4,947,0,1395,3,1500,92898,1688,1]
02-09 04:23:30.370 I/notification_visibility( 1240): [-1|android|26|null|1000,0,93291,93291,0,0]
02-09 04:23:30.371 I/sysui_multi_action( 1240): [757,128,758,2,793,88402,794,3033,795,88402,796,17303299,797,com.android.wifi,798,1,806,android,857,NETWORK_AVAILABLE,858,2,947,0,1395,3,1500,88202,1688,1]
02-09 04:23:30.371 I/notification_visibility( 1240): [0|android|17303299|com.android.wifi|1000,0,88402,88402,0,1]
02-09 04:23:30.372 I/sysui_multi_action( 1240): [757,128,758,2,793,94079,794,3032,795,94079,796,32,798,2,806,android,857,USB,858,1,947,0,1395,3,1500,94028,1688,1]
02-09 04:23:30.372 I/notification_visibility( 1240): [-1|android|32|null|1000,0,94079,94079,0,2]
02-09 04:23:30.372 I/sysui_multi_action( 1240): [757,127,758,2]
02-09 04:23:30.372 I/notification_panel_hidden( 1240):
02-09 04:23:31.896 I/input_interaction( 1240): Interaction with: cbf9490 com.android.music/com.android.music.MusicBrowserActivity (server), swipe-up (server), edge-swipe (server), PointerEventDispatcher0 (server),
02-09 04:23:32.057 I/wm_relaunch_resume_activity( 1240): [0,266900225,63,com.android.music/.MusicBrowserActivity]
02-09 04:23:32.058 I/wm_add_to_stopping( 1240): [0,208887896,com.android.launcher3/.uioverrides.QuickstepLauncher,makeInvisible]
02-09 04:23:32.067 I/wm_on_top_resumed_lost_called( 3554): [266900225,com.android.music.MusicBrowserActivity,pausing]
02-09 04:23:32.068 I/wm_on_paused_called( 3554): [266900225,com.android.music.MusicBrowserActivity,performPause]
02-09 04:23:32.074 I/wm_on_stop_called( 3554): [266900225,com.android.music.MusicBrowserActivity,handleRelaunchActivity]
02-09 04:23:32.082 I/wm_on_destroy_called( 3554): [266900225,com.android.music.MusicBrowserActivity,performDestroy]
02-09 04:23:32.097 I/am_pss ( 1240): [2418,1000,com.android.settings,223355904,205623296,0,358678528,0,15,11]
02-09 04:23:32.103 I/am_pss ( 1240): [4170,10020,com.android.musicfx,5273600,3809280,0,89509888,0,19,5]
02-09 04:23:32.110 I/am_pss ( 1240): [3921,10064,com.android.gallery3d,7203840,5079040,0,93433856,0,19,6]
02-09 04:23:32.113 I/wm_on_create_called( 3554): [266900225,com.android.music.MusicBrowserActivity,performCreate]
02-09 04:23:32.116 I/am_pss ( 1240): [2846,10082,com.qualcomm.qti.workloadclassifier,8168448,6647808,0,93286400,0,0,6]
02-09 04:23:32.122 I/wm_on_start_called( 3554): [266900225,com.android.music.MusicBrowserActivity,handleStartActivity]
02-09 04:23:32.122 I/wm_on_resume_called( 3554): [266900225,com.android.music.MusicBrowserActivity,RESUME_ACTIVITY]
02-09 04:23:32.123 I/am_pss ( 1240): [2844,10085,com.qualcomm.qti.qccnetstat,5917696,4362240,0,91684864,0,0,5]
02-09 04:23:32.124 I/wm_on_top_resumed_gained_called( 3554): [266900225,com.android.music.MusicBrowserActivity,topWhenResuming]
02-09 04:23:32.129 I/am_pss ( 1240): [2822,10072,com.qualcomm.qti.services.systemhelper:systemhelper_service,6164480,4530176,0,93589504,0,0,6]
02-09 04:23:32.136 I/am_pss ( 1240): [2775,10057,.pasr,5187584,3710976,0,89296896,0,0,5]
02-09 04:23:32.142 I/am_pss ( 1240): [2756,10054,ts.car.uart,5953536,4476928,0,90337280,0,0,5]
02-09 04:23:32.142 I/notification_enqueue( 1240): [10088,3554,com.android.music,1,NULL,0,Notification(channel=Channel-music shortcut=null contentView=null vibrate=null sound=null defaults=0x0 flags=0x42 color=0x00000000 category=transport actions=4 vis=PRIVATE),1]
02-09 04:23:32.143 I/notification_enqueue( 1240): [10088,3554,com.android.music,1,NULL,0,Notification(channel=Channel-music shortcut=null contentView=null vibrate=null sound=null defaults=0x0 flags=0x42 color=0x00000000 category=transport actions=4 vis=PRIVATE),1]
02-09 04:23:32.148 I/am_pss ( 1240): [2754,10084,com.hht.lebocast,34796544,15581184,0,111067136,0,0,5]
02-09 04:23:32.153 I/notification_enqueue( 1240): [10088,3554,com.android.music,1,NULL,0,Notification(channel=Channel-music shortcut=null contentView=null vibrate=null sound=null defaults=0x0 flags=0x42 color=0x00000000 category=transport actions=4 vis=PRIVATE),1]
02-09 04:23:32.154 I/am_pss ( 1240): [2760,1000,com.hryt.hiphishowfsecontrol,14008320,12120064,0,105082880,0,0,6]
02-09 04:23:32.155 I/notification_enqueue( 1240): [10088,3554,com.android.music,1,NULL,0,Notification(channel=Channel-music shortcut=null contentView=null vibrate=null sound=null defaults=0x0 flags=0x42 color=0x00000000 category=transport actions=4 vis=PRIVATE),1]
02-09 04:23:32.160 I/am_pss ( 1240): [3166,10061,com.qualcomm.qti.devicestatisticsservice,5124096,3645440,0,89133056,0,0,5]
02-09 04:23:32.164 I/notification_enqueue( 1240): [10088,3554,com.android.music,1,NULL,0,Notification(channel=Channel-music shortcut=null contentView=null vibrate=null sound=null defaults=0x0 flags=0x42 color=0x00000000 category=transport actions=4 vis=PRIVATE),1]
02-09 04:23:32.171 I/notification_enqueue( 1240): [10088,3554,com.android.music,1,NULL,0,Notification(channel=Channel-music shortcut=null contentView=null vibrate=null sound=null defaults=0x0 flags=0x42 color=0x00000000 category=transport actions=4 vis=PRIVATE),1]
02-09 04:23:32.484 I/wm_stop_activity( 1240): [0,208887896,com.android.launcher3/.uioverrides.QuickstepLauncher]
02-09 04:23:32.520 I/wm_on_paused_called( 2573): [208887896,com.android.launcher3.uioverrides.QuickstepLauncher,performPause]
02-09 04:23:32.523 I/wm_on_stop_called( 2573): [208887896,com.android.launcher3.uioverrides.QuickstepLauncher,STOP_ACTIVITY_ITEM]
02-09 04:23:37.964 I/wm_task_moved( 1240): [60,0,0]
02-09 04:23:37.964 I/wm_task_moved( 1240): [60,0,6]
02-09 04:23:37.982 I/wm_on_restart_called( 2573): [208887896,com.android.launcher3.uioverrides.QuickstepLauncher,performRestartActivity]
02-09 04:23:38.005 I/wm_on_start_called( 2573): [208887896,com.android.launcher3.uioverrides.QuickstepLauncher,handleStartActivity]
02-09 04:23:38.005 I/view_enqueue_input_event( 3554): [Motion - Cancel,com.android.music/com.android.music.MusicBrowserActivity]
02-09 04:23:38.007 I/input_focus( 1240): [Focus request recents_animation_input_consumer,reason=UpdateInputWindows]
02-09 04:23:38.012 I/sysui_latency( 2573): [1,75]
02-09 04:23:38.013 I/input_focus( 1240): [Focus leaving cbf9490 com.android.music/com.android.music.MusicBrowserActivity (server),reason=NOT_FOCUSABLE]
02-09 04:23:38.014 I/input_focus( 1240): [Focus entering recents_animation_input_consumer (server),reason=setFocusedWindow]
02-09 04:23:38.017 I/input_interaction( 1240): Interaction with: swipe-up (server), edge-swipe (server), PointerEventDispatcher0 (server),
02-09 04:23:38.028 I/sysui_multi_action( 1240): [319,10,322,58,325,113,757,761,758,9,759,5,806,com.android.launcher3,871,com.android.launcher3.uioverrides.QuickstepLauncher,904,com.android.launcher3,905,0,1320,4,1321,1]
02-09 04:23:38.206 I/commit_sys_config_file( 1240): [settings-1-0,5]
02-09 04:23:38.323 I/sysui_latency( 1240): [8,81]
02-09 04:23:38.839 I/wm_task_moved( 1240): [60,1,7]
02-09 04:23:38.840 I/wm_focused_root_task( 1240): [0,0,60,63,RecentsAnimation.onAnimationFinished()]
02-09 04:23:38.844 I/wm_pause_activity( 1240): [0,266900225,com.android.music/.MusicBrowserActivity,userLeaving=false,pauseBackTasks]
02-09 04:23:38.848 I/wm_set_resumed_activity( 1240): [0,com.android.launcher3/.uioverrides.QuickstepLauncher,resumeTopActivityInnerLocked]
02-09 04:23:38.849 I/wm_on_top_resumed_lost_called( 3554): [266900225,com.android.music.MusicBrowserActivity,topStateChangedWhenResumed]
02-09 04:23:38.851 I/wm_resume_activity( 1240): [0,208887896,61,com.android.launcher3/.uioverrides.QuickstepLauncher]
02-09 04:23:38.852 I/wm_add_to_stopping( 1240): [0,266900225,com.android.music/.MusicBrowserActivity,makeInvisible]
02-09 04:23:38.852 I/wm_on_resume_called( 2573): [208887896,com.android.launcher3.uioverrides.QuickstepLauncher,RESUME_ACTIVITY]
02-09 04:23:38.859 I/input_focus( 1240): [Focus request 9e7c415 com.android.launcher3/com.android.launcher3.uioverrides.QuickstepLauncher,reason=UpdateInputWindows]
02-09 04:23:38.861 I/wm_on_paused_called( 3554): [266900225,com.android.music.MusicBrowserActivity,performPause]
02-09 04:23:38.861 I/sysui_multi_action( 1240): [757,803,799,window_time_0,802,53]
02-09 04:23:38.862 I/wm_stop_activity( 1240): [0,266900225,com.android.music/.MusicBrowserActivity]
02-09 04:23:38.865 I/sysui_multi_action( 1240): [757,803,799,window_time_0,802,0]
02-09 04:23:38.868 I/input_focus( 1240): [Focus leaving recents_animation_input_consumer (server),reason=NOT_VISIBLE]
02-09 04:23:38.868 I/input_focus( 1240): [Focus entering 9e7c415 com.android.launcher3/com.android.launcher3.uioverrides.QuickstepLauncher (server),reason=setFocusedWindow]
02-09 04:23:38.870 I/wm_on_stop_called( 3554): [266900225,com.android.music.MusicBrowserActivity,STOP_ACTIVITY_ITEM]
02-09 04:23:38.897 I/wm_on_top_resumed_gained_called( 2573): [208887896,com.android.launcher3.uioverrides.QuickstepLauncher,topStateChangedWhenResumed]
02-09 04:23:39.089 I/commit_sys_config_file( 1240): [settings-1-0,10]
02-09 04:23:42.213 I/input_interaction( 1240): Interaction with: 9e7c415 com.android.launcher3/com.android.launcher3.uioverrides.QuickstepLauncher (server), f1cc593 com.android.systemui.ImageWallpaper (server), swipe-up (server), edge-swipe (server), PointerEventDispatcher0 (server),
02-09 04:23:42.383 I/wm_task_created( 1240): [64,-1]
02-09 04:23:42.385 I/wm_task_moved( 1240): [64,1,8]
02-09 04:23:42.386 I/wm_task_to_front( 1240): [0,64]
02-09 04:23:42.386 I/wm_create_task( 1240): [0,64]
02-09 04:23:42.386 I/wm_create_activity( 1240): [0,127251535,64,com.android.music/.VideoBrowserActivity,NULL,NULL,NULL,268468224]
02-09 04:23:42.386 I/wm_task_moved( 1240): [64,1,8]
02-09 04:23:42.387 I/wm_restart_activity( 1240): [0,127251535,64,com.android.music/.VideoBrowserActivity]
02-09 04:23:42.388 I/wm_set_resumed_activity( 1240): [0,com.android.music/.VideoBrowserActivity,minimalResumeActivityLocked]
02-09 04:23:42.391 I/wm_on_top_resumed_lost_called( 2573): [208887896,com.android.launcher3.uioverrides.QuickstepLauncher,topStateChangedWhenResumed]
02-09 04:23:42.406 I/wm_on_create_called( 3554): [127251535,com.android.music.VideoBrowserActivity,performCreate]
02-09 04:23:42.406 I/wm_on_start_called( 3554): [127251535,com.android.music.VideoBrowserActivity,handleStartActivity]
02-09 04:23:42.407 I/wm_on_resume_called( 3554): [127251535,com.android.music.VideoBrowserActivity,RESUME_ACTIVITY]
02-09 04:23:42.408 I/wm_on_top_resumed_gained_called( 3554): [127251535,com.android.music.VideoBrowserActivity,topStateChangedWhenResumed]
02-09 04:23:42.412 I/input_focus( 1240): [Focus request 3e65661 com.android.music/com.android.music.VideoBrowserActivity,reason=UpdateInputWindows]
02-09 04:23:42.420 I/sysui_multi_action( 1240): [319,41,322,41,325,117,757,761,758,8,759,2,806,com.android.music,871,com.android.music.VideoBrowserActivity,904,com.android.launcher3,905,0,1320,4,1321,1]
02-09 04:23:42.420 I/wm_activity_launch_time( 1240): [0,127251535,com.android.music/.VideoBrowserActivity,41]
02-09 04:23:42.424 I/input_focus( 1240): [Focus leaving 9e7c415 com.android.launcher3/com.android.launcher3.uioverrides.QuickstepLauncher (server),reason=setFocusedWindow]
02-09 04:23:42.424 I/input_focus( 1240): [Focus entering 3e65661 com.android.music/com.android.music.VideoBrowserActivity (server),reason=setFocusedWindow]
02-09 04:23:43.588 I/input_interaction( 1240): Interaction with: 3e65661 com.android.music/com.android.music.VideoBrowserActivity (server), swipe-up (server), edge-swipe (server), PointerEventDispatcher0 (server),
02-09 04:23:44.923 I/wm_task_moved( 1240): [64,1,8]
02-09 04:23:44.923 I/wm_set_resumed_activity( 1240): [0,com.android.music/.VideoBrowserActivity,positionChildAt]
02-09 04:23:44.923 I/wm_create_activity( 1240): [0,19777576,64,com.android.gallery3d/.app.MovieActivity,android.intent.action.VIEW,video/mp4,content://media/external/video/media/370,0]
02-09 04:23:44.924 I/wm_pause_activity( 1240): [0,127251535,com.android.music/.VideoBrowserActivity,userLeaving=true,resumeTopActivityInnerLocked]
02-09 04:23:44.926 I/wm_on_top_resumed_lost_called( 3554): [127251535,com.android.music.VideoBrowserActivity,topStateChangedWhenResumed]
02-09 04:23:44.926 I/wm_on_paused_called( 3554): [127251535,com.android.music.VideoBrowserActivity,performPause]
02-09 04:23:44.928 I/wm_restart_activity( 1240): [0,19777576,64,com.android.gallery3d/.app.MovieActivity]
02-09 04:23:44.929 I/wm_set_resumed_activity( 1240): [0,com.android.gallery3d/.app.MovieActivity,minimalResumeActivityLocked]
02-09 04:23:44.929 I/am_uid_active( 1240): 10064
02-09 04:23:44.931 I/sysui_multi_action( 1240): [757,803,799,window_time_0,802,6]
02-09 04:23:44.963 I/notification_enqueue( 1240): [10088,3554,com.android.music,1,NULL,0,Notification(channel=Channel-music shortcut=null contentView=null vibrate=null sound=null defaults=0x0 flags=0x62 color=0x00000000 category=transport actions=4 vis=PRIVATE),1]
02-09 04:23:44.967 I/wm_on_create_called( 3921): [19777576,com.android.gallery3d.app.MovieActivity,performCreate]
02-09 04:23:44.969 I/notification_enqueue( 1240): [10088,3554,com.android.music,1,NULL,0,Notification(channel=Channel-music shortcut=null contentView=null vibrate=null sound=null defaults=0x0 flags=0x0 color=0x00000000 category=transport actions=4 vis=PRIVATE),1]
02-09 04:23:44.972 I/wm_on_start_called( 3921): [19777576,com.android.gallery3d.app.MovieActivity,handleStartActivity]
02-09 04:23:44.973 I/wm_on_resume_called( 3921): [19777576,com.android.gallery3d.app.MovieActivity,RESUME_ACTIVITY]
02-09 04:23:44.978 I/wm_on_top_resumed_gained_called( 3921): [19777576,com.android.gallery3d.app.MovieActivity,topStateChangedWhenResumed]
02-09 04:23:44.983 I/input_focus( 1240): [Focus request c6b54b1 com.android.gallery3d/com.android.gallery3d.app.MovieActivity,reason=UpdateInputWindows]
02-09 04:23:45.013 I/input_focus( 1240): [Focus leaving 3e65661 com.android.music/com.android.music.VideoBrowserActivity (server),reason=Waiting for window because NOT_VISIBLE]
02-09 04:23:45.018 I/snet_event_log( 1240): [172655291,-1,]
02-09 04:23:45.051 I/sysui_multi_action( 1240): [319,140,322,140,325,120,757,761,758,8,759,2,806,com.android.gallery3d,871,com.android.gallery3d.app.MovieActivity,904,com.android.music,905,0,1320,4,1321,1]
02-09 04:23:45.052 I/wm_activity_launch_time( 1240): [0,19777576,com.android.gallery3d/.app.MovieActivity,140]
02-09 04:23:45.064 I/input_focus( 1240): [Focus entering c6b54b1 com.android.gallery3d/com.android.gallery3d.app.MovieActivity (server),reason=Window became focusable. Previous reason: NOT_VISIBLE]
02-09 04:23:46.590 I/am_uid_idle( 1240): 10083
02-09 04:23:47.035 I/liblog ( 1375): 142
02-09 04:23:49.522 I/input_interaction( 1240): Interaction with: c6b54b1 com.android.gallery3d/com.android.gallery3d.app.MovieActivity (server), swipe-up (server), edge-swipe (server), PointerEventDispatcher0 (server),
02-09 04:23:50.363 I/am_uid_idle( 1240): 10019
02-09 04:23:54.773 I/view_enqueue_input_event( 3921): [Motion - Cancel,com.android.gallery3d/com.android.gallery3d.app.MovieActivity]
02-09 04:23:54.786 I/input_interaction( 1240): Interaction with: swipe-up (server), edge-swipe (server), PointerEventDispatcher0 (server),
02-09 04:23:55.244 I/sysui_multi_action( 1240): [757,803,799,key_back_press,802,1]
02-09 04:23:55.249 I/input_interaction( 1240): Interaction with: c6b54b1 com.android.gallery3d/com.android.gallery3d.app.MovieActivity (server), PointerEventDispatcher0 (server),
02-09 04:23:55.255 I/wm_finish_activity( 1240): [0,19777576,64,com.android.gallery3d/.app.MovieActivity,app-request]
02-09 04:23:55.270 I/wm_pause_activity( 1240): [0,19777576,com.android.gallery3d/.app.MovieActivity,userLeaving=false,finish]
02-09 04:23:55.274 I/wm_on_top_resumed_lost_called( 3921): [19777576,com.android.gallery3d.app.MovieActivity,topStateChangedWhenResumed]
02-09 04:23:55.305 I/input_focus( 1240): [Focus leaving c6b54b1 com.android.gallery3d/com.android.gallery3d.app.MovieActivity (server),reason=NO_WINDOW]
02-09 04:23:55.315 I/wm_on_paused_called( 3921): [19777576,com.android.gallery3d.app.MovieActivity,performPause]
02-09 04:23:55.317 I/wm_set_resumed_activity( 1240): [0,com.android.music/.VideoBrowserActivity,resumeTopActivityInnerLocked]
02-09 04:23:55.318 I/wm_resume_activity( 1240): [0,127251535,64,com.android.music/.VideoBrowserActivity]
02-09 04:23:55.318 I/wm_on_resume_called( 3554): [127251535,com.android.music.VideoBrowserActivity,RESUME_ACTIVITY]
02-09 04:23:55.319 I/wm_on_top_resumed_gained_called( 3554): [127251535,com.android.music.VideoBrowserActivity,topWhenResuming]
02-09 04:23:55.324 I/input_focus( 1240): [Focus request 3e65661 com.android.music/com.android.music.VideoBrowserActivity,reason=UpdateInputWindows]
02-09 04:23:55.325 I/sysui_multi_action( 1240): [757,803,799,window_time_2,802,10]
02-09 04:23:55.339 I/input_focus( 1240): [Focus entering 3e65661 com.android.music/com.android.music.VideoBrowserActivity (server),reason=setFocusedWindow]
02-09 04:23:55.341 I/wm_destroy_activity( 1240): [0,19777576,64,com.android.gallery3d/.app.MovieActivity,finish-idle]
02-09 04:23:55.357 I/wm_on_stop_called( 3921): [19777576,com.android.gallery3d.app.MovieActivity,LIFECYCLER_STOP_ACTIVITY]
02-09 04:23:55.358 I/wm_on_destroy_called( 3921): [19777576,com.android.gallery3d.app.MovieActivity,performDestroy]
02-09 04:23:55.377 I/am_pss ( 1240): [2418,1000,com.android.settings,222902272,205619200,0,358690816,0,16,10]
02-09 04:23:55.382 I/am_pss ( 1240): [4170,10020,com.android.musicfx,5274624,3809280,0,89509888,0,19,4]
02-09 04:23:56.463 I/input_interaction( 1240): Interaction with: 3e65661 com.android.music/com.android.music.VideoBrowserActivity (server), swipe-up (server), edge-swipe (server), PointerEventDispatcher0 (server),
02-09 04:23:57.510 I/wm_task_moved( 1240): [64,1,8]
02-09 04:23:57.510 I/wm_set_resumed_activity( 1240): [0,com.android.music/.VideoBrowserActivity,positionChildAt]
02-09 04:23:57.510 I/wm_create_activity( 1240): [0,185324082,64,com.android.gallery3d/.app.MovieActivity,android.intent.action.VIEW,video/mp4,content://media/external/video/media/371,0]
02-09 04:23:57.511 I/wm_pause_activity( 1240): [0,127251535,com.android.music/.VideoBrowserActivity,userLeaving=true,resumeTopActivityInnerLocked]
02-09 04:23:57.514 I/wm_on_top_resumed_lost_called( 3554): [127251535,com.android.music.VideoBrowserActivity,topStateChangedWhenResumed]
02-09 04:23:57.515 I/wm_on_paused_called( 3554): [127251535,com.android.music.VideoBrowserActivity,performPause]
02-09 04:23:57.516 I/wm_restart_activity( 1240): [0,185324082,64,com.android.gallery3d/.app.MovieActivity]
02-09 04:23:57.517 I/wm_set_resumed_activity( 1240): [0,com.android.gallery3d/.app.MovieActivity,minimalResumeActivityLocked]
02-09 04:23:57.519 I/sysui_multi_action( 1240): [757,803,799,window_time_2,802,2]
02-09 04:23:57.529 I/wm_on_create_called( 3921): [185324082,com.android.gallery3d.app.MovieActivity,performCreate]
02-09 04:23:57.530 I/wm_on_start_called( 3921): [185324082,com.android.gallery3d.app.MovieActivity,handleStartActivity]
02-09 04:23:57.530 I/wm_on_resume_called( 3921): [185324082,com.android.gallery3d.app.MovieActivity,RESUME_ACTIVITY]
02-09 04:23:57.533 I/wm_on_top_resumed_gained_called( 3921): [185324082,com.android.gallery3d.app.MovieActivity,topStateChangedWhenResumed]
02-09 04:23:57.545 I/input_focus( 1240): [Focus request 31947fb com.android.gallery3d/com.android.gallery3d.app.MovieActivity,reason=UpdateInputWindows]
02-09 04:23:57.572 I/sysui_multi_action( 1240): [319,67,322,66,325,132,757,761,758,8,759,2,806,com.android.gallery3d,871,com.android.gallery3d.app.MovieActivity,904,com.android.music,905,0,1320,4,1321,1]
02-09 04:23:57.572 I/wm_activity_launch_time( 1240): [0,185324082,com.android.gallery3d/.app.MovieActivity,66]
02-09 04:23:57.578 I/input_focus( 1240): [Focus leaving 3e65661 com.android.music/com.android.music.VideoBrowserActivity (server),reason=setFocusedWindow]
02-09 04:23:57.578 I/input_focus( 1240): [Focus entering 31947fb com.android.gallery3d/com.android.gallery3d.app.MovieActivity (server),reason=setFocusedWindow]
02-09 04:23:58.604 I/input_interaction( 1240): Interaction with: 31947fb com.android.gallery3d/com.android.gallery3d.app.MovieActivity (server), swipe-up (server), edge-swipe (server), PointerEventDispatcher0 (server),
02-09 04:23:58.607 I/service_manager_stats( 1240): [100,66,39561]
02-09 04:23:58.630 I/view_enqueue_input_event( 3921): [Motion - Cancel,com.android.gallery3d/com.android.gallery3d.app.MovieActivity]
02-09 04:23:58.643 I/input_interaction( 1240): Interaction with: swipe-up (server), edge-swipe (server), PointerEventDispatcher0 (server),
02-09 04:23:58.783 I/sysui_multi_action( 1240): [757,803,799,key_back_press,802,1]
02-09 04:23:58.788 I/input_interaction( 1240): Interaction with: 31947fb com.android.gallery3d/com.android.gallery3d.app.MovieActivity (server), PointerEventDispatcher0 (server),
02-09 04:23:58.790 I/wm_finish_activity( 1240): [0,185324082,64,com.android.gallery3d/.app.MovieActivity,app-request]
02-09 04:23:58.796 I/wm_pause_activity( 1240): [0,185324082,com.android.gallery3d/.app.MovieActivity,userLeaving=false,finish]
02-09 04:23:58.800 I/wm_on_top_resumed_lost_called( 3921): [185324082,com.android.gallery3d.app.MovieActivity,topStateChangedWhenResumed]
02-09 04:23:58.830 I/input_focus( 1240): [Focus leaving 31947fb com.android.gallery3d/com.android.gallery3d.app.MovieActivity (server),reason=NO_WINDOW]
02-09 04:23:58.913 I/wm_on_paused_called( 3921): [185324082,com.android.gallery3d.app.MovieActivity,performPause]
02-09 04:23:58.916 I/wm_set_resumed_activity( 1240): [0,com.android.music/.VideoBrowserActivity,resumeTopActivityInnerLocked]
02-09 04:23:58.918 I/wm_resume_activity( 1240): [0,127251535,64,com.android.music/.VideoBrowserActivity]
02-09 04:23:58.919 I/wm_on_resume_called( 3554): [127251535,com.android.music.VideoBrowserActivity,RESUME_ACTIVITY]
02-09 04:23:58.919 I/wm_on_top_resumed_gained_called( 3554): [127251535,com.android.music.VideoBrowserActivity,topWhenResuming]
02-09 04:23:58.924 I/input_focus( 1240): [Focus request 3e65661 com.android.music/com.android.music.VideoBrowserActivity,reason=UpdateInputWindows]
02-09 04:23:58.928 I/sysui_multi_action( 1240): [757,803,799,window_time_2,802,2]
02-09 04:23:58.930 I/input_focus( 1240): [Focus entering 3e65661 com.android.music/com.android.music.VideoBrowserActivity (server),reason=setFocusedWindow]
02-09 04:23:58.947 I/wm_destroy_activity( 1240): [0,185324082,64,com.android.gallery3d/.app.MovieActivity,finish-idle]
02-09 04:23:58.957 I/wm_on_stop_called( 3921): [185324082,com.android.gallery3d.app.MovieActivity,LIFECYCLER_STOP_ACTIVITY]
02-09 04:23:58.957 I/wm_on_destroy_called( 3921): [185324082,com.android.gallery3d.app.MovieActivity,performDestroy]
02-09 04:23:59.745 I/input_interaction( 1240): Interaction with: 3e65661 com.android.music/com.android.music.VideoBrowserActivity (server), swipe-up (server), edge-swipe (server), PointerEventDispatcher0 (server),
02-09 04:24:00.319 I/view_enqueue_input_event( 3554): [Motion - Cancel,com.android.music/com.android.music.VideoBrowserActivity]
02-09 04:24:00.331 I/input_interaction( 1240): Interaction with: swipe-up (server), edge-swipe (server), PointerEventDispatcher0 (server),
02-09 04:24:01.255 I/sysui_multi_action( 1240): [757,803,799,key_back_press,802,1]
02-09 04:24:01.259 I/input_interaction( 1240): Interaction with: 3e65661 com.android.music/com.android.music.VideoBrowserActivity (server), PointerEventDispatcher0 (server),
02-09 04:24:01.261 I/wm_finish_activity( 1240): [0,127251535,64,com.android.music/.VideoBrowserActivity,app-request]
02-09 04:24:01.262 I/wm_task_moved( 1240): [60,1,8]
02-09 04:24:01.263 I/wm_set_resumed_activity( 1240): [0,com.android.launcher3/.uioverrides.QuickstepLauncher,positionChildAt]
02-09 04:24:01.263 I/wm_task_moved( 1240): [61,1,2147483647]
02-09 04:24:01.263 I/wm_task_to_front( 1240): [0,61]
02-09 04:24:01.263 I/wm_focused_root_task( 1240): [0,0,60,-1,finish-top adjustFocusToNextFocusableTask]
02-09 04:24:01.263 I/wm_set_resumed_activity( 1240): [0,com.android.launcher3/.uioverrides.QuickstepLauncher,finish-top]
02-09 04:24:01.269 I/wm_pause_activity( 1240): [0,127251535,com.android.music/.VideoBrowserActivity,userLeaving=false,finish]
02-09 04:24:01.271 I/wm_on_top_resumed_lost_called( 3554): [127251535,com.android.music.VideoBrowserActivity,topStateChangedWhenResumed]
02-09 04:24:01.271 I/input_focus( 1240): [Focus request 9e7c415 com.android.launcher3/com.android.launcher3.uioverrides.QuickstepLauncher,reason=UpdateInputWindows]
02-09 04:24:01.273 I/wm_on_paused_called( 3554): [127251535,com.android.music.VideoBrowserActivity,performPause]
02-09 04:24:01.279 I/wm_destroy_activity( 1240): [0,127251535,64,com.android.music/.VideoBrowserActivity,finish-imm:completePausedLocked]
02-09 04:24:01.282 I/wm_on_top_resumed_gained_called( 2573): [208887896,com.android.launcher3.uioverrides.QuickstepLauncher,topStateChangedWhenResumed]
02-09 04:24:01.289 I/input_focus( 1240): [Focus leaving 3e65661 com.android.music/com.android.music.VideoBrowserActivity (server),reason=NO_WINDOW]
02-09 04:24:01.289 I/input_focus( 1240): [Focus entering 9e7c415 com.android.launcher3/com.android.launcher3.uioverrides.QuickstepLauncher (server),reason=setFocusedWindow]
02-09 04:24:01.290 I/sysui_multi_action( 1240): [757,803,799,window_time_2,802,2]
02-09 04:24:01.293 I/wm_on_stop_called( 3554): [127251535,com.android.music.VideoBrowserActivity,LIFECYCLER_STOP_ACTIVITY]
02-09 04:24:01.295 I/wm_on_destroy_called( 3554): [127251535,com.android.music.VideoBrowserActivity,performDestroy]
02-09 04:24:01.569 I/wm_task_removed( 1240): [64,removeChild:removeChild last r=ActivityRecord{795b44f u0 com.android.music/.VideoBrowserActivity t-1 f}} in t=Task{6234eae #64 type=standard A=10088:android.task.video U=0 visible=false mode=freeform translucent=true sz=0}]
02-09 04:24:01.569 I/wm_task_removed( 1240): [64,removeChild]
02-09 04:24:04.382 I/input_interaction( 1240): Interaction with: 9e7c415 com.android.launcher3/com.android.launcher3.uioverrides.QuickstepLauncher (server), f1cc593 com.android.systemui.ImageWallpaper (server), swipe-up (server), edge-swipe (server), PointerEventDispatcher0 (server),
02-09 04:24:04.749 I/commit_sys_config_file( 1240): [settings-1-0,6]
02-09 04:24:05.798 I/am_uid_idle( 1240): 10092
02-09 04:24:06.435 I/commit_sys_config_file( 1240): [settings-1-0,7]
02-09 04:24:08.481 I/wm_task_created( 1240): [65,-1]
02-09 04:24:08.484 I/wm_task_moved( 1240): [65,1,8]
02-09 04:24:08.484 I/wm_task_to_front( 1240): [0,65]
02-09 04:24:08.484 I/wm_create_task( 1240): [0,65]
02-09 04:24:08.484 I/wm_create_activity( 1240): [0,82550833,65,com.android.gallery3d/.app.GalleryActivity,android.intent.action.MAIN,NULL,NULL,270532608]
02-09 04:24:08.484 I/wm_task_moved( 1240): [65,1,8]
02-09 04:24:08.485 I/wm_pause_activity( 1240): [0,208887896,com.android.launcher3/.uioverrides.QuickstepLauncher,userLeaving=true,pauseBackTasks]
02-09 04:24:08.488 I/wm_on_top_resumed_lost_called( 2573): [208887896,com.android.launcher3.uioverrides.QuickstepLauncher,topStateChangedWhenResumed]
02-09 04:24:08.488 I/wm_on_paused_called( 2573): [208887896,com.android.launcher3.uioverrides.QuickstepLauncher,performPause]
02-09 04:24:08.489 I/wm_add_to_stopping( 1240): [0,208887896,com.android.launcher3/.uioverrides.QuickstepLauncher,makeInvisible]
02-09 04:24:08.490 I/wm_restart_activity( 1240): [0,82550833,65,com.android.gallery3d/.app.GalleryActivity]
02-09 04:24:08.490 I/wm_set_resumed_activity( 1240): [0,com.android.gallery3d/.app.GalleryActivity,minimalResumeActivityLocked]
02-09 04:24:08.497 I/sysui_multi_action( 1240): [757,803,799,window_time_0,802,7]
02-09 04:24:08.507 I/wm_on_create_called( 3921): [82550833,com.android.gallery3d.app.GalleryActivity,performCreate]
02-09 04:24:08.508 I/wm_on_start_called( 3921): [82550833,com.android.gallery3d.app.GalleryActivity,handleStartActivity]
02-09 04:24:08.510 I/wm_on_resume_called( 3921): [82550833,com.android.gallery3d.app.GalleryActivity,RESUME_ACTIVITY]
02-09 04:24:08.516 I/wm_on_top_resumed_gained_called( 3921): [82550833,com.android.gallery3d.app.GalleryActivity,topStateChangedWhenResumed]
02-09 04:24:08.521 I/input_focus( 1240): [Focus leaving 9e7c415 com.android.launcher3/com.android.launcher3.uioverrides.QuickstepLauncher (server),reason=NO_WINDOW]
02-09 04:24:08.523 I/input_focus( 1240): [Focus request e8f6c20 com.android.gallery3d/com.android.gallery3d.app.GalleryActivity,reason=UpdateInputWindows]
02-09 04:24:08.543 I/sysui_multi_action( 1240): [319,35,321,33,322,64,325,143,757,761,758,8,759,1,806,com.android.gallery3d,871,com.android.gallery3d.app.GalleryActivity,904,com.android.launcher3,905,0,1320,4,1321,1]
02-09 04:24:08.544 I/wm_activity_launch_time( 1240): [0,82550833,com.android.gallery3d/.app.GalleryActivity,64]
02-09 04:24:08.554 I/input_focus( 1240): [Focus entering e8f6c20 com.android.gallery3d/com.android.gallery3d.app.GalleryActivity (server),reason=setFocusedWindow]
02-09 04:24:08.644 I/auditd ( 505): avc: denied { find } for interface=vendor.qti.qspmhal::IQspmhal sid=u:r:mediaserver:s0 pid=1283 scontext=u:r:mediaserver:s0 tcontext=u:object_r:vendor_hal_qspmhal_hwservice:s0 tclass=hwservice_manager permissive=0
02-09 04:24:09.038 I/wm_stop_activity( 1240): [0,208887896,com.android.launcher3/.uioverrides.QuickstepLauncher]
02-09 04:24:09.040 I/wm_on_stop_called( 2573): [208887896,com.android.launcher3.uioverrides.QuickstepLauncher,STOP_ACTIVITY_ITEM]
02-09 04:24:09.561 I/input_interaction( 1240): Interaction with: e8f6c20 com.android.gallery3d/com.android.gallery3d.app.GalleryActivity (server), swipe-up (server), edge-swipe (server), PointerEventDispatcher0 (server),
02-09 04:24:09.567 I/wm_task_moved( 1240): [60,0,0]
02-09 04:24:09.567 I/wm_task_moved( 1240): [60,0,7]
02-09 04:24:09.572 I/wm_on_restart_called( 2573): [208887896,com.android.launcher3.uioverrides.QuickstepLauncher,performRestartActivity]
02-09 04:24:09.585 I/wm_on_start_called( 2573): [208887896,com.android.launcher3.uioverrides.QuickstepLauncher,handleStartActivity]
02-09 04:24:09.597 I/sysui_multi_action( 1240): [319,3,322,28,325,144,757,761,758,9,759,5,806,com.android.launcher3,871,com.android.launcher3.uioverrides.QuickstepLauncher,904,com.android.launcher3,905,0,1320,4,1321,1]
02-09 04:24:09.601 I/view_enqueue_input_event( 3921): [Motion - Cancel,com.android.gallery3d/com.android.gallery3d.app.GalleryActivity]
02-09 04:24:09.603 I/sysui_latency( 2573): [1,31]
02-09 04:24:09.604 I/input_focus( 1240): [Focus request recents_animation_input_consumer,reason=UpdateInputWindows]
02-09 04:24:09.615 I/input_interaction( 1240): Interaction with: swipe-up (server), edge-swipe (server), PointerEventDispatcher0 (server),
02-09 04:24:09.622 I/input_focus( 1240): [Focus leaving e8f6c20 com.android.gallery3d/com.android.gallery3d.app.GalleryActivity (server),reason=NOT_FOCUSABLE]
02-09 04:24:09.622 I/input_focus( 1240): [Focus entering recents_animation_input_consumer (server),reason=setFocusedWindow]
02-09 04:24:09.785 I/commit_sys_config_file( 1240): [settings-1-0,1]
02-09 04:24:09.897 I/sysui_latency( 1240): [8,32]
02-09 04:24:10.515 I/wm_task_moved( 1240): [60,1,8]
02-09 04:24:10.519 I/wm_focused_root_task( 1240): [0,0,60,65,RecentsAnimation.onAnimationFinished()]
02-09 04:24:10.519 I/wm_on_top_resumed_lost_called( 3921): [82550833,com.android.gallery3d.app.GalleryActivity,topStateChangedWhenResumed]
02-09 04:24:10.523 I/wm_pause_activity( 1240): [0,82550833,com.android.gallery3d/.app.GalleryActivity,userLeaving=false,pauseBackTasks]
02-09 04:24:10.526 I/wm_set_resumed_activity( 1240): [0,com.android.launcher3/.uioverrides.QuickstepLauncher,resumeTopActivityInnerLocked]
02-09 04:24:10.530 I/wm_resume_activity( 1240): [0,208887896,61,com.android.launcher3/.uioverrides.QuickstepLauncher]
02-09 04:24:10.530 I/wm_add_to_stopping( 1240): [0,82550833,com.android.gallery3d/.app.GalleryActivity,makeInvisible]
02-09 04:24:10.531 I/wm_on_resume_called( 2573): [208887896,com.android.launcher3.uioverrides.QuickstepLauncher,RESUME_ACTIVITY]
02-09 04:24:10.540 I/input_focus( 1240): [Focus request 9e7c415 com.android.launcher3/com.android.launcher3.uioverrides.QuickstepLauncher,reason=UpdateInputWindows]
02-09 04:24:10.543 I/input_focus( 1240): [Focus leaving recents_animation_input_consumer (server),reason=NOT_VISIBLE]
02-09 04:24:10.544 I/wm_stop_activity( 1240): [0,82550833,com.android.gallery3d/.app.GalleryActivity]
02-09 04:24:10.547 I/sysui_multi_action( 1240): [757,803,799,window_time_0,802,2]
02-09 04:24:10.550 I/wm_on_paused_called( 3921): [82550833,com.android.gallery3d.app.GalleryActivity,performPause]
02-09 04:24:10.551 I/sysui_multi_action( 1240): [757,803,799,window_time_0,802,0]
02-09 04:24:10.555 I/wm_on_stop_called( 3921): [82550833,com.android.gallery3d.app.GalleryActivity,STOP_ACTIVITY_ITEM]
02-09 04:24:10.559 I/input_focus( 1240): [Focus entering 9e7c415 com.android.launcher3/com.android.launcher3.uioverrides.QuickstepLauncher (server),reason=setFocusedWindow]
02-09 04:24:10.579 I/wm_on_top_resumed_gained_called( 2573): [208887896,com.android.launcher3.uioverrides.QuickstepLauncher,topStateChangedWhenResumed]
02-09 04:24:10.773 I/commit_sys_config_file( 1240): [settings-1-0,4]
02-09 04:24:12.337 I/input_interaction( 1240): Interaction with: 9e7c415 com.android.launcher3/com.android.launcher3.uioverrides.QuickstepLauncher (server), f1cc593 com.android.systemui.ImageWallpaper (server), swipe-up (server), edge-swipe (server), PointerEventDispatcher0 (server),
02-09 04:24:12.468 I/wm_task_moved( 1240): [60,1,8]
02-09 04:24:12.469 I/wm_set_resumed_activity( 1240): [0,com.android.launcher3/.uioverrides.QuickstepLauncher,positionChildAt]
02-09 04:24:12.470 I/wm_task_moved( 1240): [65,1,8]
02-09 04:24:12.470 I/wm_focused_root_task( 1240): [0,0,65,60,moveTaskToFront findTaskToMoveToFront]
02-09 04:24:12.471 I/wm_set_resumed_activity( 1240): [0,com.android.gallery3d/.app.GalleryActivity,moveTaskToFront findTaskToMoveToFront]
02-09 04:24:12.472 I/wm_set_resumed_activity( 1240): [0,com.android.gallery3d/.app.GalleryActivity,resumeTopActivityInnerLocked]
02-09 04:24:12.474 I/wm_resume_activity( 1240): [0,82550833,65,com.android.gallery3d/.app.GalleryActivity]
02-09 04:24:12.486 I/wm_on_top_resumed_lost_called( 2573): [208887896,com.android.launcher3.uioverrides.QuickstepLauncher,topStateChangedWhenResumed]
02-09 04:24:12.494 I/wm_on_restart_called( 3921): [82550833,com.android.gallery3d.app.GalleryActivity,performRestartActivity]
02-09 04:24:12.495 I/wm_on_start_called( 3921): [82550833,com.android.gallery3d.app.GalleryActivity,handleStartActivity]
02-09 04:24:12.498 I/wm_on_resume_called( 3921): [82550833,com.android.gallery3d.app.GalleryActivity,RESUME_ACTIVITY]
02-09 04:24:12.498 I/wm_on_top_resumed_gained_called( 3921): [82550833,com.android.gallery3d.app.GalleryActivity,topStateChangedWhenResumed]
02-09 04:24:12.506 I/input_focus( 1240): [Focus request e8f6c20 com.android.gallery3d/com.android.gallery3d.app.GalleryActivity,reason=UpdateInputWindows]
02-09 04:24:12.531 I/input_focus( 1240): [Focus leaving 9e7c415 com.android.launcher3/com.android.launcher3.uioverrides.QuickstepLauncher (server),reason=setFocusedWindow]
02-09 04:24:12.531 I/input_focus( 1240): [Focus entering e8f6c20 com.android.gallery3d/com.android.gallery3d.app.GalleryActivity (server),reason=setFocusedWindow]
02-09 04:24:12.531 I/sysui_multi_action( 1240): [319,57,322,56,325,147,757,761,758,9,759,2,806,com.android.gallery3d,871,com.android.gallery3d.app.GalleryActivity,904,com.android.launcher3,905,0,1320,4,1321,1]
02-09 04:24:13.562 I/input_interaction( 1240): Interaction with: e8f6c20 com.android.gallery3d/com.android.gallery3d.app.GalleryActivity (server), swipe-up (server), edge-swipe (server), PointerEventDispatcher0 (server),
02-09 04:24:16.192 I/snet_event_log( 3921): [117838472,-1,]
02-09 04:24:26.369 I/view_enqueue_input_event( 3921): [Motion - Cancel,com.android.gallery3d/com.android.gallery3d.app.GalleryActivity]
02-09 04:24:26.378 I/input_interaction( 1240): Interaction with: swipe-up (server), edge-swipe (server), PointerEventDispatcher0 (server),
02-09 04:24:26.556 I/commit_sys_config_file( 1240): [settings-1-0,10]
02-09 04:24:26.932 I/commit_sys_config_file( 1240): [settings-1-0,5]
02-09 04:24:27.056 I/wm_finish_activity( 1240): [0,82550833,65,com.android.gallery3d/.app.GalleryActivity,app-request]
02-09 04:24:27.057 I/wm_task_moved( 1240): [60,1,8]
02-09 04:24:27.059 I/wm_set_resumed_activity( 1240): [0,com.android.launcher3/.uioverrides.QuickstepLauncher,positionChildAt]
02-09 04:24:27.059 I/wm_task_moved( 1240): [61,1,2147483647]
02-09 04:24:27.059 I/wm_task_to_front( 1240): [0,61]
02-09 04:24:27.059 I/wm_focused_root_task( 1240): [0,0,60,-1,finish-top adjustFocusToNextFocusableTask]
02-09 04:24:27.059 I/wm_on_top_resumed_lost_called( 3921): [82550833,com.android.gallery3d.app.GalleryActivity,topStateChangedWhenResumed]
02-09 04:24:27.060 I/wm_set_resumed_activity( 1240): [0,com.android.launcher3/.uioverrides.QuickstepLauncher,finish-top]
02-09 04:24:27.065 I/wm_pause_activity( 1240): [0,82550833,com.android.gallery3d/.app.GalleryActivity,userLeaving=false,finish]
02-09 04:24:27.070 I/input_focus( 1240): [Focus request 9e7c415 com.android.launcher3/com.android.launcher3.uioverrides.QuickstepLauncher,reason=UpdateInputWindows]
02-09 04:24:27.095 I/wm_on_paused_called( 3921): [82550833,com.android.gallery3d.app.GalleryActivity,performPause]
02-09 04:24:27.098 I/wm_destroy_activity( 1240): [0,82550833,65,com.android.gallery3d/.app.GalleryActivity,finish-imm:completePausedLocked]
02-09 04:24:27.103 I/input_focus( 1240): [Focus leaving e8f6c20 com.android.gallery3d/com.android.gallery3d.app.GalleryActivity (server),reason=NO_WINDOW]
02-09 04:24:27.104 I/input_focus( 1240): [Focus entering 9e7c415 com.android.launcher3/com.android.launcher3.uioverrides.QuickstepLauncher (server),reason=setFocusedWindow]
02-09 04:24:27.109 I/wm_on_top_resumed_gained_called( 2573): [208887896,com.android.launcher3.uioverrides.QuickstepLauncher,topStateChangedWhenResumed]
02-09 04:24:27.112 I/sysui_multi_action( 1240): [757,803,799,window_time_0,802,17]
02-09 04:24:27.131 I/wm_on_stop_called( 3921): [82550833,com.android.gallery3d.app.GalleryActivity,LIFECYCLER_STOP_ACTIVITY]
02-09 04:24:27.134 I/wm_on_destroy_called( 3921): [82550833,com.android.gallery3d.app.GalleryActivity,performDestroy]
02-09 04:24:27.398 I/wm_task_removed( 1240): [65,removeChild:removeChild last r=ActivityRecord{4eba031 u0 com.android.gallery3d/.app.GalleryActivity t-1 f}} in t=Task{a8b35ab #65 type=standard A=10064:com.android.gallery3d U=0 visible=false mode=freeform translucent=true sz=0}]
02-09 04:24:27.398 I/wm_task_removed( 1240): [65,removeChild]
02-09 04:24:29.413 I/input_interaction( 1240): Interaction with: 9e7c415 com.android.launcher3/com.android.launcher3.uioverrides.QuickstepLauncher (server), f1cc593 com.android.systemui.ImageWallpaper (server), swipe-up (server), edge-swipe (server), PointerEventDispatcher0 (server),
02-09 04:24:29.619 I/wm_task_created( 1240): [66,-1]
02-09 04:24:29.621 I/wm_task_moved( 1240): [66,1,8]
02-09 04:24:29.621 I/wm_task_to_front( 1240): [0,66]
02-09 04:24:29.621 I/wm_create_task( 1240): [0,66]
02-09 04:24:29.621 I/wm_create_activity( 1240): [0,234276353,66,com.android.gallery3d/.app.GalleryActivity,android.intent.action.MAIN,NULL,NULL,270532608]
02-09 04:24:29.622 I/wm_task_moved( 1240): [66,1,8]
02-09 04:24:29.623 I/wm_restart_activity( 1240): [0,234276353,66,com.android.gallery3d/.app.GalleryActivity]
02-09 04:24:29.624 I/wm_set_resumed_activity( 1240): [0,com.android.gallery3d/.app.GalleryActivity,minimalResumeActivityLocked]
02-09 04:24:29.628 I/wm_on_top_resumed_lost_called( 2573): [208887896,com.android.launcher3.uioverrides.QuickstepLauncher,topStateChangedWhenResumed]
