02-09 04:26:14.008 I/wm_on_paused_called( 2418): [171931013,com.android.settings.Settings,performPause]
02-09 04:26:14.017 I/wm_stop_activity( 1240): [0,171931013,com.android.settings/.Settings]
02-09 04:26:14.018 I/sysui_multi_action( 1240): [757,803,799,window_time_0,802,0]
02-09 04:26:14.022 I/input_focus( 1240): [Focus entering 605802a com.android.launcher3/com.android.launcher3.uioverrides.QuickstepLauncher (server),reason=setFocusedWindow]
02-09 04:26:14.031 I/wm_on_stop_called( 2418): [171931013,com.android.settings.Settings,STOP_ACTIVITY_ITEM]
02-09 04:26:14.035 I/wm_on_top_resumed_gained_called( 2573): [208887896,com.android.launcher3.uioverrides.QuickstepLauncher,topStateChangedWhenResumed]
02-09 04:26:14.230 I/commit_sys_config_file( 1240): [settings-1-0,5]
02-09 04:26:15.735 I/input_interaction( 1240): Interaction with: 605802a com.android.launcher3/com.android.launcher3.uioverrides.QuickstepLauncher (server), f1cc593 com.android.systemui.ImageWallpaper (server), swipe-up (server), edge-swipe (server), PointerEventDispatcher0 (server),
02-09 04:26:16.871 I/wm_task_moved( 1240): [60,1,7]
02-09 04:26:16.871 I/wm_set_resumed_activity( 1240): [0,com.android.launcher3/.uioverrides.QuickstepLauncher,positionChildAt]
02-09 04:26:16.872 I/wm_task_moved( 1240): [72,1,7]
02-09 04:26:16.872 I/wm_task_to_front( 1240): [0,72]
02-09 04:26:16.872 I/wm_focused_root_task( 1240): [0,0,72,60,moveTaskToFront findTaskToMoveToFront]
02-09 04:26:16.873 I/wm_set_resumed_activity( 1240): [0,com.android.gallery3d/.app.GalleryActivity,moveTaskToFront findTaskToMoveToFront]
02-09 04:26:16.874 I/wm_pause_activity( 1240): [0,208887896,com.android.launcher3/.uioverrides.QuickstepLauncher,userLeaving=true,pauseBackTasks]
02-09 04:26:16.881 I/wm_on_top_resumed_lost_called( 2573): [208887896,com.android.launcher3.uioverrides.QuickstepLauncher,topStateChangedWhenResumed]
02-09 04:26:16.884 I/wm_on_paused_called( 2573): [208887896,com.android.launcher3.uioverrides.QuickstepLauncher,performPause]
02-09 04:26:16.886 I/wm_set_resumed_activity( 1240): [0,com.android.gallery3d/.app.GalleryActivity,resumeTopActivityInnerLocked]
02-09 04:26:16.886 I/wm_add_to_stopping( 1240): [0,208887896,com.android.launcher3/.uioverrides.QuickstepLauncher,makeInvisible]
02-09 04:26:16.887 I/wm_relaunch_resume_activity( 1240): [0,208999710,72,com.android.gallery3d/.app.GalleryActivity]
02-09 04:26:16.897 I/input_focus( 1240): [Focus leaving 605802a com.android.launcher3/com.android.launcher3.uioverrides.QuickstepLauncher (server),reason=NO_WINDOW]
02-09 04:26:16.898 I/sysui_multi_action( 1240): [757,803,799,window_time_0,802,3]
02-09 04:26:16.901 I/wm_on_destroy_called( 3921): [208999710,com.android.gallery3d.app.GalleryActivity,performDestroy]
02-09 04:26:16.913 I/wm_on_create_called( 3921): [208999710,com.android.gallery3d.app.GalleryActivity,performCreate]
02-09 04:26:16.915 I/wm_on_start_called( 3921): [208999710,com.android.gallery3d.app.GalleryActivity,handleStartActivity]
02-09 04:26:16.919 I/wm_on_resume_called( 3921): [208999710,com.android.gallery3d.app.GalleryActivity,RESUME_ACTIVITY]
02-09 04:26:16.919 I/wm_on_top_resumed_gained_called( 3921): [208999710,com.android.gallery3d.app.GalleryActivity,topWhenResuming]
02-09 04:26:16.934 I/input_focus( 1240): [Focus request d9e4e64 com.android.gallery3d/com.android.gallery3d.app.GalleryActivity,reason=UpdateInputWindows]
02-09 04:26:16.950 I/sysui_multi_action( 1240): [319,22,321,20,322,76,325,272,757,761,758,9,759,4,806,com.android.gallery3d,871,com.android.gallery3d.app.GalleryActivity,904,com.android.launcher3,905,0,1320,4,1321,1]
02-09 04:26:16.964 I/input_focus( 1240): [Focus entering d9e4e64 com.android.gallery3d/com.android.gallery3d.app.GalleryActivity (server),reason=setFocusedWindow]
02-09 04:26:17.248 I/wm_stop_activity( 1240): [0,208887896,com.android.launcher3/.uioverrides.QuickstepLauncher]
02-09 04:26:17.280 I/wm_on_stop_called( 2573): [208887896,com.android.launcher3.uioverrides.QuickstepLauncher,STOP_ACTIVITY_ITEM]
02-09 04:26:18.822 I/input_interaction( 1240): Interaction with: d9e4e64 com.android.gallery3d/com.android.gallery3d.app.GalleryActivity (server), swipe-up (server), edge-swipe (server), PointerEventDispatcher0 (server),
02-09 04:26:18.836 I/wm_task_moved( 1240): [60,0,0]
02-09 04:26:18.836 I/wm_task_moved( 1240): [60,0,6]
02-09 04:26:18.846 I/wm_on_restart_called( 2573): [208887896,com.android.launcher3.uioverrides.QuickstepLauncher,performRestartActivity]
02-09 04:26:18.868 I/wm_on_start_called( 2573): [208887896,com.android.launcher3.uioverrides.QuickstepLauncher,handleStartActivity]
02-09 04:26:18.913 I/sysui_multi_action( 1240): [319,13,322,70,325,274,757,761,758,9,759,5,806,com.android.launcher3,871,com.android.launcher3.uioverrides.QuickstepLauncher,904,com.android.launcher3,905,0,1320,4,1321,1]
02-09 04:26:18.956 I/view_enqueue_input_event( 3921): [Motion - Cancel,com.android.gallery3d/com.android.gallery3d.app.GalleryActivity]
02-09 04:26:18.961 I/sysui_latency( 2573): [1,58]
02-09 04:26:18.964 I/input_focus( 1240): [Focus request recents_animation_input_consumer,reason=UpdateInputWindows]
02-09 04:26:18.974 I/input_interaction( 1240): Interaction with: swipe-up (server), edge-swipe (server), PointerEventDispatcher0 (server),
02-09 04:26:18.984 I/input_focus( 1240): [Focus leaving d9e4e64 com.android.gallery3d/com.android.gallery3d.app.GalleryActivity (server),reason=NOT_FOCUSABLE]
02-09 04:26:18.985 I/input_focus( 1240): [Focus entering recents_animation_input_consumer (server),reason=setFocusedWindow]
02-09 04:26:19.070 I/commit_sys_config_file( 1240): [settings-1-0,5]
02-09 04:26:19.207 I/sysui_latency( 1240): [8,79]
02-09 04:26:19.709 I/wm_task_moved( 1240): [60,1,7]
02-09 04:26:19.715 I/wm_focused_root_task( 1240): [0,0,60,72,RecentsAnimation.onAnimationFinished()]
02-09 04:26:19.715 I/wm_on_top_resumed_lost_called( 3921): [208999710,com.android.gallery3d.app.GalleryActivity,topStateChangedWhenResumed]
02-09 04:26:19.716 I/wm_pause_activity( 1240): [0,208999710,com.android.gallery3d/.app.GalleryActivity,userLeaving=false,pauseBackTasks]
02-09 04:26:19.719 I/wm_set_resumed_activity( 1240): [0,com.android.launcher3/.uioverrides.QuickstepLauncher,resumeTopActivityInnerLocked]
02-09 04:26:19.720 I/wm_resume_activity( 1240): [0,208887896,61,com.android.launcher3/.uioverrides.QuickstepLauncher]
02-09 04:26:19.721 I/wm_add_to_stopping( 1240): [0,208999710,com.android.gallery3d/.app.GalleryActivity,makeInvisible]
02-09 04:26:19.722 I/wm_on_resume_called( 2573): [208887896,com.android.launcher3.uioverrides.QuickstepLauncher,RESUME_ACTIVITY]
02-09 04:26:19.731 I/input_focus( 1240): [Focus request 605802a com.android.launcher3/com.android.launcher3.uioverrides.QuickstepLauncher,reason=UpdateInputWindows]
02-09 04:26:19.732 I/sysui_multi_action( 1240): [757,803,799,window_time_0,802,3]
02-09 04:26:19.737 I/input_focus( 1240): [Focus leaving recents_animation_input_consumer (server),reason=NOT_VISIBLE]
02-09 04:26:19.743 I/wm_on_paused_called( 3921): [208999710,com.android.gallery3d.app.GalleryActivity,performPause]
02-09 04:26:19.743 I/wm_stop_activity( 1240): [0,208999710,com.android.gallery3d/.app.GalleryActivity]
02-09 04:26:19.747 I/sysui_multi_action( 1240): [757,803,799,window_time_0,802,0]
02-09 04:26:19.753 I/input_focus( 1240): [Focus entering 605802a com.android.launcher3/com.android.launcher3.uioverrides.QuickstepLauncher (server),reason=setFocusedWindow]
02-09 04:26:19.758 I/wm_on_stop_called( 3921): [208999710,com.android.gallery3d.app.GalleryActivity,STOP_ACTIVITY_ITEM]
02-09 04:26:19.769 I/wm_on_top_resumed_gained_called( 2573): [208887896,com.android.launcher3.uioverrides.QuickstepLauncher,topStateChangedWhenResumed]
02-09 04:26:19.966 I/commit_sys_config_file( 1240): [settings-1-0,5]
02-09 04:26:21.273 I/input_interaction( 1240): Interaction with: 605802a com.android.launcher3/com.android.launcher3.uioverrides.QuickstepLauncher (server), f1cc593 com.android.systemui.ImageWallpaper (server), swipe-up (server), edge-swipe (server), PointerEventDispatcher0 (server),
02-09 04:26:21.426 I/wm_task_moved( 1240): [60,1,7]
02-09 04:26:21.427 I/wm_set_resumed_activity( 1240): [0,com.android.launcher3/.uioverrides.QuickstepLauncher,positionChildAt]
02-09 04:26:21.427 I/wm_task_moved( 1240): [62,1,7]
02-09 04:26:21.427 I/wm_task_to_front( 1240): [0,62]
02-09 04:26:21.428 I/wm_focused_root_task( 1240): [0,0,62,60,moveTaskToFront findTaskToMoveToFront]
02-09 04:26:21.429 I/wm_set_resumed_activity( 1240): [0,com.android.settings/.Settings,moveTaskToFront findTaskToMoveToFront]
02-09 04:26:21.431 I/wm_pause_activity( 1240): [0,208887896,com.android.launcher3/.uioverrides.QuickstepLauncher,userLeaving=true,pauseBackTasks]
02-09 04:26:21.439 I/wm_on_top_resumed_lost_called( 2573): [208887896,com.android.launcher3.uioverrides.QuickstepLauncher,topStateChangedWhenResumed]
02-09 04:26:21.443 I/wm_on_paused_called( 2573): [208887896,com.android.launcher3.uioverrides.QuickstepLauncher,performPause]
02-09 04:26:21.450 I/wm_set_resumed_activity( 1240): [0,com.android.settings/.Settings,resumeTopActivityInnerLocked]
02-09 04:26:21.450 I/wm_add_to_stopping( 1240): [0,208887896,com.android.launcher3/.uioverrides.QuickstepLauncher,makeInvisible]
02-09 04:26:21.451 I/wm_resume_activity( 1240): [0,171931013,62,com.android.settings/.Settings]
02-09 04:26:21.466 I/wm_on_restart_called( 2418): [171931013,com.android.settings.Settings,performRestartActivity]
02-09 04:26:21.470 I/sysui_multi_action( 1240): [757,803,799,window_time_0,802,1]
02-09 04:26:21.475 I/wm_on_start_called( 2418): [171931013,com.android.settings.Settings,handleStartActivity]
02-09 04:26:21.475 I/snet_event_log( 2418): [120484087,-1,]
02-09 04:26:21.475 I/input_focus( 1240): [Focus leaving 605802a com.android.launcher3/com.android.launcher3.uioverrides.QuickstepLauncher (server),reason=NO_WINDOW]
02-09 04:26:21.475 I/wm_on_resume_called( 2418): [171931013,com.android.settings.Settings,RESUME_ACTIVITY]
02-09 04:26:21.476 I/sysui_multi_action( 2418): [757,340,758,1,833,0,1089,0]
02-09 04:26:21.476 I/sysui_multi_action( 2418): [757,35,758,1,833,0,1089,0]
02-09 04:26:21.478 I/wm_on_top_resumed_gained_called( 2418): [171931013,com.android.settings.Settings,topWhenResuming]
02-09 04:26:21.484 I/input_focus( 1240): [Focus request 67ef807 com.android.settings/com.android.settings.Settings,reason=UpdateInputWindows]
02-09 04:26:21.500 I/sysui_multi_action( 1240): [319,33,321,30,322,65,325,276,757,761,758,9,759,4,806,com.android.settings,871,com.android.settings.Settings,904,com.android.launcher3,905,0,1320,4,1321,1]
02-09 04:26:21.507 I/input_focus( 1240): [Focus entering 67ef807 com.android.settings/com.android.settings.Settings (server),reason=setFocusedWindow]
02-09 04:26:21.812 I/wm_stop_activity( 1240): [0,208887896,com.android.launcher3/.uioverrides.QuickstepLauncher]
02-09 04:26:21.844 I/wm_on_stop_called( 2573): [208887896,com.android.launcher3.uioverrides.QuickstepLauncher,STOP_ACTIVITY_ITEM]
02-09 04:26:22.706 I/input_interaction( 1240): Interaction with: 67ef807 com.android.settings/com.android.settings.Settings (server), swipe-up (server), edge-swipe (server), PointerEventDispatcher0 (server),
02-09 04:26:22.965 I/configuration_changed( 1240): 1073741824
02-09 04:26:22.997 I/wm_relaunch_resume_activity( 1240): [0,171931013,62,com.android.settings/.Settings]
02-09 04:26:22.997 I/wm_on_top_resumed_lost_called( 2418): [171931013,com.android.settings.Settings,pausing]
02-09 04:26:22.998 I/sysui_multi_action( 2418): [757,340,758,2,1089,1522]
02-09 04:26:23.002 I/sysui_multi_action( 2418): [757,35,758,2,1089,1525]
02-09 04:26:23.002 I/wm_on_paused_called( 2418): [171931013,com.android.settings.Settings,performPause]
02-09 04:26:23.005 I/wm_on_stop_called( 2418): [171931013,com.android.settings.Settings,handleRelaunchActivity]
02-09 04:26:23.008 I/wm_on_destroy_called( 2418): [171931013,com.android.settings.Settings,performDestroy]
02-09 04:26:23.028 I/sysui_multi_action( 1240): [324,1,757,1090,758,13,806,com.android.settings,871,com.android.settings.Settings,1091,1600]
02-09 04:26:23.030 I/wm_relaunch_activity( 1240): [0,208887896,61,com.android.launcher3/.uioverrides.QuickstepLauncher]
02-09 04:26:23.031 I/wm_add_to_stopping( 1240): [0,208887896,com.android.launcher3/.uioverrides.QuickstepLauncher,preloadRecents]
02-09 04:26:23.033 I/wm_on_destroy_called( 2573): [208887896,com.android.launcher3.uioverrides.QuickstepLauncher,performDestroy]
02-09 04:26:23.051 I/wm_on_create_called( 2418): [171931013,com.android.settings.Settings,performCreate]
02-09 04:26:23.074 I/wm_on_start_called( 2418): [171931013,com.android.settings.Settings,handleStartActivity]
02-09 04:26:23.074 I/snet_event_log( 2418): [120484087,-1,]
02-09 04:26:23.075 I/wm_on_resume_called( 2418): [171931013,com.android.settings.Settings,RESUME_ACTIVITY]
02-09 04:26:23.075 I/sysui_multi_action( 2418): [757,340,758,1,833,0,1089,40]
02-09 04:26:23.076 I/sysui_multi_action( 2418): [757,35,758,1,833,0,1089,14]
02-09 04:26:23.076 I/sysui_multi_action( 2418): [757,1729,758,4,854,isParalleledControllers:false,1089,15]
02-09 04:26:23.083 I/wm_on_top_resumed_gained_called( 2418): [171931013,com.android.settings.Settings,topWhenResuming]
02-09 04:26:23.087 I/wm_on_create_called( 2573): [208887896,com.android.launcher3.uioverrides.QuickstepLauncher,performCreate]
02-09 04:26:23.088 I/wm_on_start_called( 2573): [208887896,com.android.launcher3.uioverrides.QuickstepLauncher,handleStartActivity]
02-09 04:26:23.088 I/wm_on_resume_called( 2573): [208887896,com.android.launcher3.uioverrides.QuickstepLauncher,LIFECYCLER_RESUME_ACTIVITY]
02-09 04:26:23.093 I/wm_on_paused_called( 2573): [208887896,com.android.launcher3.uioverrides.QuickstepLauncher,performPause]
02-09 04:26:23.105 I/wm_stop_activity( 1240): [0,208887896,com.android.launcher3/.uioverrides.QuickstepLauncher]
02-09 04:26:23.107 I/wm_on_stop_called( 2573): [208887896,com.android.launcher3.uioverrides.QuickstepLauncher,STOP_ACTIVITY_ITEM]
02-09 04:26:23.132 I/input_focus( 1240): [Focus request 60be15f com.android.settings/com.android.settings.Settings,reason=UpdateInputWindows]
02-09 04:26:23.165 I/commit_sys_config_file( 1240): [settings-1-0,2]
02-09 04:26:23.179 I/input_focus( 1240): [Focus entering 60be15f com.android.settings/com.android.settings.Settings (server),reason=Window became focusable. Previous reason: NOT_VISIBLE]
02-09 04:26:24.252 I/input_interaction( 1240): Interaction with: 60be15f com.android.settings/com.android.settings.Settings (server), swipe-up (server), edge-swipe (server), PointerEventDispatcher0 (server),
02-09 04:26:24.271 I/wm_task_moved( 1240): [60,0,0]
02-09 04:26:24.271 I/wm_task_moved( 1240): [60,0,6]
02-09 04:26:24.292 I/view_enqueue_input_event( 2418): [Motion - Cancel,com.android.settings/com.android.settings.Settings]
02-09 04:26:24.293 I/wm_on_restart_called( 2573): [208887896,com.android.launcher3.uioverrides.QuickstepLauncher,performRestartActivity]
02-09 04:26:24.304 I/input_interaction( 1240): Interaction with: swipe-up (server), edge-swipe (server), PointerEventDispatcher0 (server),
02-09 04:26:24.317 I/wm_on_start_called( 2573): [208887896,com.android.launcher3.uioverrides.QuickstepLauncher,handleStartActivity]
02-09 04:26:24.318 I/input_focus( 1240): [Focus request recents_animation_input_consumer,reason=UpdateInputWindows]
02-09 04:26:24.327 I/sysui_latency( 2573): [1,75]
02-09 04:26:24.330 I/input_focus( 1240): [Focus leaving 60be15f com.android.settings/com.android.settings.Settings (server),reason=NOT_FOCUSABLE]
02-09 04:26:24.330 I/input_focus( 1240): [Focus entering recents_animation_input_consumer (server),reason=setFocusedWindow]
02-09 04:26:24.343 I/sysui_multi_action( 1240): [319,8,322,67,325,279,757,761,758,9,759,5,806,com.android.launcher3,871,com.android.launcher3.uioverrides.QuickstepLauncher,904,com.android.launcher3,905,0,1320,4,1321,1]
02-09 04:26:24.519 I/commit_sys_config_file( 1240): [settings-1-0,4]
02-09 04:26:24.639 I/sysui_latency( 1240): [8,82]
02-09 04:26:25.055 I/wm_task_moved( 1240): [60,1,7]
02-09 04:26:25.057 I/wm_focused_root_task( 1240): [0,0,60,62,RecentsAnimation.onAnimationFinished()]
02-09 04:26:25.058 I/wm_on_top_resumed_lost_called( 2418): [171931013,com.android.settings.Settings,topStateChangedWhenResumed]
02-09 04:26:25.060 I/wm_pause_activity( 1240): [0,171931013,com.android.settings/.Settings,userLeaving=false,pauseBackTasks]
02-09 04:26:25.063 I/wm_set_resumed_activity( 1240): [0,com.android.launcher3/.uioverrides.QuickstepLauncher,resumeTopActivityInnerLocked]
02-09 04:26:25.064 I/wm_resume_activity( 1240): [0,208887896,61,com.android.launcher3/.uioverrides.QuickstepLauncher]
02-09 04:26:25.065 I/wm_add_to_stopping( 1240): [0,171931013,com.android.settings/.Settings,makeInvisible]
02-09 04:26:25.065 I/wm_on_resume_called( 2573): [208887896,com.android.launcher3.uioverrides.QuickstepLauncher,RESUME_ACTIVITY]
02-09 04:26:25.073 I/input_focus( 1240): [Focus request f598cb0 com.android.launcher3/com.android.launcher3.uioverrides.QuickstepLauncher,reason=UpdateInputWindows]
02-09 04:26:25.077 I/sysui_multi_action( 1240): [757,803,799,window_time_0,802,4]
02-09 04:26:25.079 I/wm_stop_activity( 1240): [0,171931013,com.android.settings/.Settings]
02-09 04:26:25.080 I/sysui_multi_action( 2418): [757,340,758,2,1089,2004]
02-09 04:26:25.080 I/sysui_multi_action( 2418): [757,35,758,2,1089,2005]
02-09 04:26:25.081 I/wm_on_paused_called( 2418): [171931013,com.android.settings.Settings,performPause]
02-09 04:26:25.081 I/sysui_multi_action( 1240): [757,803,799,window_time_0,802,0]
02-09 04:26:25.083 I/input_focus( 1240): [Focus leaving recents_animation_input_consumer (server),reason=NOT_VISIBLE]
02-09 04:26:25.083 I/input_focus( 1240): [Focus entering f598cb0 com.android.launcher3/com.android.launcher3.uioverrides.QuickstepLauncher (server),reason=setFocusedWindow]
02-09 04:26:25.099 I/wm_on_stop_called( 2418): [171931013,com.android.settings.Settings,STOP_ACTIVITY_ITEM]
02-09 04:26:25.114 I/wm_on_top_resumed_gained_called( 2573): [208887896,com.android.launcher3.uioverrides.QuickstepLauncher,topStateChangedWhenResumed]
02-09 04:26:25.300 I/commit_sys_config_file( 1240): [settings-1-0,5]
02-09 04:26:25.708 I/input_interaction( 1240): Interaction with: f598cb0 com.android.launcher3/com.android.launcher3.uioverrides.QuickstepLauncher (server), f1cc593 com.android.systemui.ImageWallpaper (server), swipe-up (server), edge-swipe (server), PointerEventDispatcher0 (server),
02-09 04:26:25.832 I/wm_task_moved( 1240): [60,1,7]
02-09 04:26:25.832 I/wm_set_resumed_activity( 1240): [0,com.android.launcher3/.uioverrides.QuickstepLauncher,positionChildAt]
02-09 04:26:25.832 I/wm_task_moved( 1240): [72,1,7]
02-09 04:26:25.833 I/wm_task_to_front( 1240): [0,72]
02-09 04:26:25.833 I/wm_focused_root_task( 1240): [0,0,72,60,moveTaskToFront findTaskToMoveToFront]
02-09 04:26:25.834 I/wm_set_resumed_activity( 1240): [0,com.android.gallery3d/.app.GalleryActivity,moveTaskToFront findTaskToMoveToFront]
02-09 04:26:25.835 I/wm_pause_activity( 1240): [0,208887896,com.android.launcher3/.uioverrides.QuickstepLauncher,userLeaving=true,pauseBackTasks]
02-09 04:26:25.840 I/wm_on_top_resumed_lost_called( 2573): [208887896,com.android.launcher3.uioverrides.QuickstepLauncher,topStateChangedWhenResumed]
02-09 04:26:25.842 I/wm_on_paused_called( 2573): [208887896,com.android.launcher3.uioverrides.QuickstepLauncher,performPause]
02-09 04:26:25.846 I/wm_set_resumed_activity( 1240): [0,com.android.gallery3d/.app.GalleryActivity,resumeTopActivityInnerLocked]
02-09 04:26:25.847 I/wm_add_to_stopping( 1240): [0,208887896,com.android.launcher3/.uioverrides.QuickstepLauncher,makeInvisible]
02-09 04:26:25.848 I/wm_relaunch_resume_activity( 1240): [0,208999710,72,com.android.gallery3d/.app.GalleryActivity]
02-09 04:26:25.863 I/sysui_multi_action( 1240): [757,803,799,window_time_0,802,1]
02-09 04:26:25.864 I/wm_on_destroy_called( 3921): [208999710,com.android.gallery3d.app.GalleryActivity,performDestroy]
02-09 04:26:25.867 I/input_focus( 1240): [Focus leaving f598cb0 com.android.launcher3/com.android.launcher3.uioverrides.QuickstepLauncher (server),reason=NO_WINDOW]
02-09 04:26:25.883 I/wm_on_create_called( 3921): [208999710,com.android.gallery3d.app.GalleryActivity,performCreate]
02-09 04:26:25.884 I/wm_on_start_called( 3921): [208999710,com.android.gallery3d.app.GalleryActivity,handleStartActivity]
02-09 04:26:25.889 I/wm_on_resume_called( 3921): [208999710,com.android.gallery3d.app.GalleryActivity,RESUME_ACTIVITY]
02-09 04:26:25.889 I/wm_on_top_resumed_gained_called( 3921): [208999710,com.android.gallery3d.app.GalleryActivity,topWhenResuming]
02-09 04:26:25.899 I/input_focus( 1240): [Focus request 1df83e5 com.android.gallery3d/com.android.gallery3d.app.GalleryActivity,reason=UpdateInputWindows]
02-09 04:26:25.915 I/sysui_multi_action( 1240): [319,34,321,32,322,80,325,281,757,761,758,9,759,4,806,com.android.gallery3d,871,com.android.gallery3d.app.GalleryActivity,904,com.android.launcher3,905,0,1320,4,1321,1]
02-09 04:26:25.918 I/input_focus( 1240): [Focus entering 1df83e5 com.android.gallery3d/com.android.gallery3d.app.GalleryActivity (server),reason=setFocusedWindow]
02-09 04:26:26.219 I/wm_stop_activity( 1240): [0,208887896,com.android.launcher3/.uioverrides.QuickstepLauncher]
02-09 04:26:26.255 I/wm_on_stop_called( 2573): [208887896,com.android.launcher3.uioverrides.QuickstepLauncher,STOP_ACTIVITY_ITEM]
02-09 04:26:27.826 I/input_interaction( 1240): Interaction with: 1df83e5 com.android.gallery3d/com.android.gallery3d.app.GalleryActivity (server), swipe-up (server), edge-swipe (server), PointerEventDispatcher0 (server),
02-09 04:26:29.927 I/view_enqueue_input_event( 3921): [Motion - Cancel,com.android.gallery3d/com.android.gallery3d.app.GalleryActivity]
02-09 04:26:29.939 I/input_interaction( 1240): Interaction with: swipe-up (server), edge-swipe (server), PointerEventDispatcher0 (server),
02-09 04:26:29.970 I/sysui_multi_action( 1240): [757,128,758,5,759,8,793,59991,794,0,795,59991,796,1,806,com.android.music,857,Channel-music,858,2,947,0,1500,59908,1641,transport,1688,1,1745,1043716538]
02-09 04:26:29.970 I/notification_canceled( 1240): [0|com.android.music|1|null|10088,8,59991,59991,0,-1,-1,NULL]
02-09 04:26:29.986 I/notification_cancel_all( 1240): [1000,1240,com.android.music,0,0,0,20,NULL]
02-09 04:26:29.986 I/sysui_multi_action( 1240): [757,856,758,2,806,com.android.music,857,Channel-music,858,2]
02-09 04:26:29.994 I/notification_enqueue( 1240): [10080,2005,com.android.systemui,1,empty_media,0,Notification(channel=empty_media_style_id shortcut=null contentView=null vibrate=null sound=null defaults=0x0 flags=0x20 color=0x00000000 category=transport actions=4 vis=PRIVATE),0]
02-09 04:26:30.065 I/sysui_multi_action( 1240): [757,803,799,key_back_press,802,1]
02-09 04:26:30.068 I/input_interaction( 1240): Interaction with: 1df83e5 com.android.gallery3d/com.android.gallery3d.app.GalleryActivity (server), PointerEventDispatcher0 (server),
02-09 04:26:30.195 I/sysui_multi_action( 1240): [757,1501,758,1,793,202,794,0,795,202,796,1,797,empty_media,806,com.android.systemui,857,empty_media_style_id,858,4,947,0,1500,0,1641,transport,1688,1,1745,1043716538]
02-09 04:26:30.195 I/sysui_multi_action( 1240): [757,804,799,note_interruptive,801,0,802,1]
02-09 04:26:30.241 I/commit_sys_config_file( 1240): [notification-policy,274611]
02-09 04:26:32.515 I/input_interaction( 1240): Interaction with: 1df83e5 com.android.gallery3d/com.android.gallery3d.app.GalleryActivity (server), swipe-up (server), edge-swipe (server), PointerEventDispatcher0 (server),
02-09 04:26:34.116 I/view_enqueue_input_event( 3921): [Motion - Cancel,com.android.gallery3d/com.android.gallery3d.app.GalleryActivity]
02-09 04:26:34.129 I/input_interaction( 1240): Interaction with: swipe-up (server), edge-swipe (server), PointerEventDispatcher0 (server),
02-09 04:26:34.597 I/sysui_multi_action( 1240): [757,803,799,key_back_press,802,1]
02-09 04:26:34.599 I/input_interaction( 1240): Interaction with: 1df83e5 com.android.gallery3d/com.android.gallery3d.app.GalleryActivity (server), PointerEventDispatcher0 (server),
02-09 04:26:35.720 I/input_interaction( 1240): Interaction with: 1df83e5 com.android.gallery3d/com.android.gallery3d.app.GalleryActivity (server), swipe-up (server), edge-swipe (server), PointerEventDispatcher0 (server),
02-09 04:26:35.734 I/wm_task_moved( 1240): [60,0,0]
02-09 04:26:35.735 I/wm_task_moved( 1240): [60,0,6]
02-09 04:26:35.741 I/wm_on_restart_called( 2573): [208887896,com.android.launcher3.uioverrides.QuickstepLauncher,performRestartActivity]
02-09 04:26:35.767 I/wm_on_start_called( 2573): [208887896,com.android.launcher3.uioverrides.QuickstepLauncher,handleStartActivity]
02-09 04:26:35.768 I/view_enqueue_input_event( 3921): [Motion - Cancel,com.android.gallery3d/com.android.gallery3d.app.GalleryActivity]
02-09 04:26:35.770 I/input_focus( 1240): [Focus request recents_animation_input_consumer,reason=UpdateInputWindows]
02-09 04:26:35.772 I/input_interaction( 1240): Interaction with: swipe-up (server), edge-swipe (server), PointerEventDispatcher0 (server),
02-09 04:26:35.777 I/sysui_latency( 2573): [1,58]
02-09 04:26:35.791 I/input_focus( 1240): [Focus leaving 1df83e5 com.android.gallery3d/com.android.gallery3d.app.GalleryActivity (server),reason=NOT_FOCUSABLE]
02-09 04:26:35.791 I/input_focus( 1240): [Focus entering recents_animation_input_consumer (server),reason=setFocusedWindow]
02-09 04:26:35.794 I/sysui_multi_action( 1240): [319,11,322,50,325,291,757,761,758,9,759,5,806,com.android.launcher3,871,com.android.launcher3.uioverrides.QuickstepLauncher,904,com.android.launcher3,905,0,1320,4,1321,1]
02-09 04:26:35.970 I/commit_sys_config_file( 1240): [settings-1-0,4]
02-09 04:26:36.086 I/sysui_latency( 1240): [8,61]
02-09 04:26:36.559 I/wm_task_moved( 1240): [60,1,7]
02-09 04:26:36.560 I/wm_focused_root_task( 1240): [0,0,60,72,RecentsAnimation.onAnimationFinished()]
02-09 04:26:36.560 I/wm_on_top_resumed_lost_called( 3921): [208999710,com.android.gallery3d.app.GalleryActivity,topStateChangedWhenResumed]
02-09 04:26:36.564 I/wm_pause_activity( 1240): [0,208999710,com.android.gallery3d/.app.GalleryActivity,userLeaving=false,pauseBackTasks]
02-09 04:26:36.567 I/wm_set_resumed_activity( 1240): [0,com.android.launcher3/.uioverrides.QuickstepLauncher,resumeTopActivityInnerLocked]
02-09 04:26:36.568 I/wm_resume_activity( 1240): [0,208887896,61,com.android.launcher3/.uioverrides.QuickstepLauncher]
02-09 04:26:36.569 I/wm_add_to_stopping( 1240): [0,208999710,com.android.gallery3d/.app.GalleryActivity,makeInvisible]
02-09 04:26:36.570 I/wm_on_resume_called( 2573): [208887896,com.android.launcher3.uioverrides.QuickstepLauncher,RESUME_ACTIVITY]
02-09 04:26:36.577 I/input_focus( 1240): [Focus request f598cb0 com.android.launcher3/com.android.launcher3.uioverrides.QuickstepLauncher,reason=UpdateInputWindows]
02-09 04:26:36.578 I/sysui_multi_action( 1240): [757,803,799,window_time_0,802,10]
02-09 04:26:36.582 I/wm_stop_activity( 1240): [0,208999710,com.android.gallery3d/.app.GalleryActivity]
02-09 04:26:36.583 I/sysui_multi_action( 1240): [757,803,799,window_time_0,802,0]
02-09 04:26:36.596 I/input_focus( 1240): [Focus leaving recents_animation_input_consumer (server),reason=NOT_VISIBLE]
02-09 04:26:36.596 I/input_focus( 1240): [Focus entering f598cb0 com.android.launcher3/com.android.launcher3.uioverrides.QuickstepLauncher (server),reason=setFocusedWindow]
02-09 04:26:36.597 I/wm_on_paused_called( 3921): [208999710,com.android.gallery3d.app.GalleryActivity,performPause]
02-09 04:26:36.602 I/wm_on_stop_called( 3921): [208999710,com.android.gallery3d.app.GalleryActivity,STOP_ACTIVITY_ITEM]
02-09 04:26:36.624 I/wm_on_top_resumed_gained_called( 2573): [208887896,com.android.launcher3.uioverrides.QuickstepLauncher,topStateChangedWhenResumed]
02-09 04:26:36.813 I/commit_sys_config_file( 1240): [settings-1-0,4]
02-09 04:26:43.107 I/input_interaction( 1240): Interaction with: f598cb0 com.android.launcher3/com.android.launcher3.uioverrides.QuickstepLauncher (server), f1cc593 com.android.systemui.ImageWallpaper (server), swipe-up (server), edge-swipe (server), PointerEventDispatcher0 (server),
02-09 04:26:43.254 I/wm_task_moved( 1240): [60,1,7]
02-09 04:26:43.255 I/wm_set_resumed_activity( 1240): [0,com.android.launcher3/.uioverrides.QuickstepLauncher,positionChildAt]
02-09 04:26:43.255 I/wm_task_moved( 1240): [72,1,7]
02-09 04:26:43.256 I/wm_focused_root_task( 1240): [0,0,72,60,moveTaskToFront findTaskToMoveToFront]
02-09 04:26:43.257 I/wm_set_resumed_activity( 1240): [0,com.android.gallery3d/.app.GalleryActivity,moveTaskToFront findTaskToMoveToFront]
02-09 04:26:43.258 I/wm_set_resumed_activity( 1240): [0,com.android.gallery3d/.app.GalleryActivity,resumeTopActivityInnerLocked]
02-09 04:26:43.261 I/wm_resume_activity( 1240): [0,208999710,72,com.android.gallery3d/.app.GalleryActivity]
02-09 04:26:43.272 I/wm_on_top_resumed_lost_called( 2573): [208887896,com.android.launcher3.uioverrides.QuickstepLauncher,topStateChangedWhenResumed]
02-09 04:26:43.289 I/wm_on_restart_called( 3921): [208999710,com.android.gallery3d.app.GalleryActivity,performRestartActivity]
02-09 04:26:43.290 I/wm_on_start_called( 3921): [208999710,com.android.gallery3d.app.GalleryActivity,handleStartActivity]
02-09 04:26:43.294 I/wm_on_resume_called( 3921): [208999710,com.android.gallery3d.app.GalleryActivity,RESUME_ACTIVITY]
02-09 04:26:43.294 I/wm_on_top_resumed_gained_called( 3921): [208999710,com.android.gallery3d.app.GalleryActivity,topStateChangedWhenResumed]
02-09 04:26:43.302 I/input_focus( 1240): [Focus request 1df83e5 com.android.gallery3d/com.android.gallery3d.app.GalleryActivity,reason=UpdateInputWindows]
02-09 04:26:43.328 I/input_focus( 1240): [Focus leaving f598cb0 com.android.launcher3/com.android.launcher3.uioverrides.QuickstepLauncher (server),reason=Waiting for window because NOT_VISIBLE]
02-09 04:26:43.329 I/sysui_multi_action( 1240): [319,71,322,70,325,298,757,761,758,9,759,2,806,com.android.gallery3d,871,com.android.gallery3d.app.GalleryActivity,904,com.android.launcher3,905,0,1320,4,1321,1]
02-09 04:26:43.344 I/input_focus( 1240): [Focus entering 1df83e5 com.android.gallery3d/com.android.gallery3d.app.GalleryActivity (server),reason=Window became focusable. Previous reason: NOT_VISIBLE]
02-09 04:26:46.770 I/wm_task_moved( 1240): [62,1,7]
02-09 04:26:46.770 I/wm_task_to_front( 1240): [0,62]
02-09 04:26:46.771 I/wm_focused_root_task( 1240): [0,0,62,72,bringingFoundTaskToFront]
02-09 04:26:46.771 I/wm_on_top_resumed_lost_called( 3921): [208999710,com.android.gallery3d.app.GalleryActivity,topStateChangedWhenResumed]
02-09 04:26:46.773 I/wm_set_resumed_activity( 1240): [0,com.android.settings/.Settings,bringingFoundTaskToFront]
02-09 04:26:46.774 I/wm_new_intent( 1240): [0,171931013,62,com.android.settings/.Settings,android.intent.action.MAIN,NULL,NULL,270532608]
02-09 04:26:46.776 I/wm_pause_activity( 1240): [0,208887896,com.android.launcher3/.uioverrides.QuickstepLauncher,userLeaving=true,pauseBackTasks]
02-09 04:26:46.784 I/wm_on_paused_called( 2573): [208887896,com.android.launcher3.uioverrides.QuickstepLauncher,performPause]
02-09 04:26:46.790 I/wm_set_resumed_activity( 1240): [0,com.android.settings/.Settings,resumeTopActivityInnerLocked]
02-09 04:26:46.790 I/wm_add_to_stopping( 1240): [0,208887896,com.android.launcher3/.uioverrides.QuickstepLauncher,makeInvisible]
02-09 04:26:46.793 I/service_manager_stats( 1240): [100,55,43817]
02-09 04:26:46.794 I/wm_resume_activity( 1240): [0,171931013,62,com.android.settings/.Settings]
02-09 04:26:46.800 I/wm_on_restart_called( 2418): [171931013,com.android.settings.Settings,performRestartActivity]
02-09 04:26:46.800 I/sysui_multi_action( 1240): [757,803,799,window_time_0,802,11]
02-09 04:26:46.802 I/wm_on_start_called( 2418): [171931013,com.android.settings.Settings,handleStartActivity]
02-09 04:26:46.803 I/snet_event_log( 2418): [120484087,-1,]
02-09 04:26:46.803 I/wm_on_resume_called( 2418): [171931013,com.android.settings.Settings,RESUME_ACTIVITY]
02-09 04:26:46.803 I/sysui_multi_action( 2418): [757,340,758,1,833,0,1089,0]
02-09 04:26:46.804 I/sysui_multi_action( 2418): [757,35,758,1,833,0,1089,0]
02-09 04:26:46.805 I/wm_on_top_resumed_gained_called( 2418): [171931013,com.android.settings.Settings,topWhenResuming]
02-09 04:26:46.821 I/input_focus( 1240): [Focus request 60be15f com.android.settings/com.android.settings.Settings,reason=UpdateInputWindows]
02-09 04:26:46.837 I/input_focus( 1240): [Focus leaving 1df83e5 com.android.gallery3d/com.android.gallery3d.app.GalleryActivity (server),reason=setFocusedWindow]
02-09 04:26:46.837 I/input_focus( 1240): [Focus entering 60be15f com.android.settings/com.android.settings.Settings (server),reason=setFocusedWindow]
02-09 04:26:46.844 I/sysui_multi_action( 1240): [319,38,321,36,322,61,325,302,757,761,758,9,759,4,806,com.android.settings,871,com.android.settings.Settings,904,com.android.launcher3,905,0,1320,4,1321,1]
02-09 04:26:47.345 I/wm_stop_activity( 1240): [0,208887896,com.android.launcher3/.uioverrides.QuickstepLauncher]
02-09 04:26:47.366 I/wm_on_stop_called( 2573): [208887896,com.android.launcher3.uioverrides.QuickstepLauncher,STOP_ACTIVITY_ITEM]
02-09 04:26:48.394 I/input_interaction( 1240): Interaction with: 60be15f com.android.settings/com.android.settings.Settings (server), swipe-up (server), edge-swipe (server), PointerEventDispatcher0 (server),
02-09 04:26:48.654 I/configuration_changed( 1240): 1073741824
02-09 04:26:48.691 I/wm_relaunch_resume_activity( 1240): [0,171931013,62,com.android.settings/.Settings]
02-09 04:26:48.691 I/wm_relaunch_activity( 1240): [0,208999710,72,com.android.gallery3d/.app.GalleryActivity]
02-09 04:26:48.691 I/wm_on_top_resumed_lost_called( 2418): [171931013,com.android.settings.Settings,pausing]
02-09 04:26:48.693 I/sysui_multi_action( 2418): [757,340,758,2,1089,1889]
02-09 04:26:48.698 I/wm_on_paused_called( 3921): [208999710,com.android.gallery3d.app.GalleryActivity,performPause]
02-09 04:26:48.700 I/wm_on_stop_called( 3921): [208999710,com.android.gallery3d.app.GalleryActivity,handleRelaunchActivity]
02-09 04:26:48.701 I/wm_on_destroy_called( 3921): [208999710,com.android.gallery3d.app.GalleryActivity,performDestroy]
02-09 04:26:48.704 I/sysui_multi_action( 2418): [757,35,758,2,1089,1900]
02-09 04:26:48.704 I/wm_on_paused_called( 2418): [171931013,com.android.settings.Settings,performPause]
02-09 04:26:48.712 I/wm_on_stop_called( 2418): [171931013,com.android.settings.Settings,handleRelaunchActivity]
02-09 04:26:48.715 I/wm_on_destroy_called( 2418): [171931013,com.android.settings.Settings,performDestroy]
02-09 04:26:48.737 I/sysui_multi_action( 1240): [324,1,757,1090,758,13,806,com.android.settings,871,com.android.settings.Settings,1091,1968]
02-09 04:26:48.739 I/wm_relaunch_activity( 1240): [0,208887896,61,com.android.launcher3/.uioverrides.QuickstepLauncher]
02-09 04:26:48.739 I/wm_add_to_stopping( 1240): [0,208887896,com.android.launcher3/.uioverrides.QuickstepLauncher,preloadRecents]
02-09 04:26:48.746 I/wm_on_create_called( 3921): [208999710,com.android.gallery3d.app.GalleryActivity,performCreate]
02-09 04:26:48.747 I/wm_on_destroy_called( 2573): [208887896,com.android.launcher3.uioverrides.QuickstepLauncher,performDestroy]
02-09 04:26:48.750 I/wm_on_start_called( 3921): [208999710,com.android.gallery3d.app.GalleryActivity,handleStartActivity]
02-09 04:26:48.754 I/wm_on_resume_called( 3921): [208999710,com.android.gallery3d.app.GalleryActivity,LIFECYCLER_RESUME_ACTIVITY]
02-09 04:26:48.757 I/wm_on_paused_called( 3921): [208999710,com.android.gallery3d.app.GalleryActivity,performPause]
02-09 04:26:48.764 I/wm_on_create_called( 2418): [171931013,com.android.settings.Settings,performCreate]
02-09 04:26:48.781 I/wm_stop_activity( 1240): [0,208887896,com.android.launcher3/.uioverrides.QuickstepLauncher]
02-09 04:26:48.788 I/wm_on_start_called( 2418): [171931013,com.android.settings.Settings,handleStartActivity]
02-09 04:26:48.788 I/snet_event_log( 2418): [120484087,-1,]
02-09 04:26:48.791 I/wm_on_resume_called( 2418): [171931013,com.android.settings.Settings,RESUME_ACTIVITY]
02-09 04:26:48.791 I/sysui_multi_action( 2418): [757,340,758,1,833,0,1089,51]
02-09 04:26:48.792 I/sysui_multi_action( 2418): [757,35,758,1,833,0,1089,15]
02-09 04:26:48.792 I/sysui_multi_action( 2418): [757,1729,758,4,854,isParalleledControllers:false,1089,16]
02-09 04:26:48.793 I/wm_on_top_resumed_gained_called( 2418): [171931013,com.android.settings.Settings,topWhenResuming]
02-09 04:26:48.813 I/wm_on_create_called( 2573): [208887896,com.android.launcher3.uioverrides.QuickstepLauncher,performCreate]
02-09 04:26:48.813 I/wm_on_start_called( 2573): [208887896,com.android.launcher3.uioverrides.QuickstepLauncher,handleStartActivity]
02-09 04:26:48.814 I/wm_on_resume_called( 2573): [208887896,com.android.launcher3.uioverrides.QuickstepLauncher,LIFECYCLER_RESUME_ACTIVITY]
02-09 04:26:48.817 I/wm_on_paused_called( 2573): [208887896,com.android.launcher3.uioverrides.QuickstepLauncher,performPause]
02-09 04:26:48.835 I/wm_on_stop_called( 2573): [208887896,com.android.launcher3.uioverrides.QuickstepLauncher,STOP_ACTIVITY_ITEM]
02-09 04:26:48.840 I/input_focus( 1240): [Focus request 8ba4a9b com.android.settings/com.android.settings.Settings,reason=UpdateInputWindows]
02-09 04:26:48.867 I/commit_sys_config_file( 1240): [settings-1-0,13]
02-09 04:26:48.906 I/input_focus( 1240): [Focus entering 8ba4a9b com.android.settings/com.android.settings.Settings (server),reason=Window became focusable. Previous reason: NOT_VISIBLE]
02-09 04:27:29.999 I/am_uid_idle( 1240): 10088
02-09 04:27:41.573 I/sysui_multi_action( 1240): [757,1696,758,6,759,2]
02-09 04:27:41.575 I/am_wtf ( 1240): [0,1240,system_server,-1,DisplayDeviceConfig,requesting nits when no mapping exists.]
02-09 04:27:41.577 I/am_wtf ( 1240): [0,1240,system_server,-1,DisplayDeviceConfig,requesting nits when no mapping exists.]
02-09 04:27:48.546 I/sysui_multi_action( 1240): [757,222,758,1]
02-09 04:27:48.549 I/am_uid_running( 1240): 10044
02-09 04:27:48.560 I/am_proc_start( 1240): [0,5183,10044,com.thundercomm.screensaver,service,{com.thundercomm.screensaver/com.thundercomm.saverclock.service.ClockScreensaver}]
02-09 04:27:48.563 I/am_pss ( 1240): [2418,1000,com.android.settings,364410880,348979200,0,503975936,0,2,18]
02-09 04:27:48.574 I/am_pss ( 1240): [3921,10064,com.android.gallery3d,54734848,47947776,0,178368512,0,2,9]
02-09 04:27:48.584 I/am_proc_bound( 1240): [0,5183,com.thundercomm.screensaver]
02-09 04:27:48.587 I/am_uid_active( 1240): 10044
02-09 04:27:48.591 I/am_pss ( 1240): [2573,10073,com.android.launcher3,245003264,223543296,0,402882560,0,6,15]
02-09 04:27:48.599 I/am_pss ( 1240): [4753,10088,com.android.music,41170944,35856384,0,157925376,0,18,8]
02-09 04:27:48.605 I/am_pss ( 1240): [2446,10063,com.thundercomm.gamemode.provider,8098816,6352896,0,97292288,0,19,5]
02-09 04:27:48.611 I/am_pss ( 1240): [3204,1000,com.qti.diagservices,5800960,3907584,0,94945280,0,10,5]
02-09 04:27:48.771 I/wm_task_created( 1240): [74,-1]
02-09 04:27:48.774 I/wm_task_moved( 1240): [74,1,8]
02-09 04:27:48.774 I/wm_task_to_front( 1240): [0,74]
02-09 04:27:48.774 I/wm_create_task( 1240): [0,74]
02-09 04:27:48.774 I/wm_create_activity( 1240): [0,117428712,74,com.thundercomm.screensaver/android.service.dreams.DreamActivity,NULL,NULL,NULL,276824064]
02-09 04:27:48.774 I/wm_task_moved( 1240): [74,1,8]
02-09 04:27:48.775 I/wm_on_top_resumed_lost_called( 2418): [171931013,com.android.settings.Settings,topStateChangedWhenResumed]
02-09 04:27:48.775 I/wm_pause_activity( 1240): [0,171931013,com.android.settings/.Settings,userLeaving=true,pauseBackTasks]
02-09 04:27:48.777 I/sysui_multi_action( 2418): [757,340,758,2,1089,59985]
02-09 04:27:48.778 I/sysui_multi_action( 2418): [757,35,758,2,1089,59986]
02-09 04:27:48.778 I/wm_on_paused_called( 2418): [171931013,com.android.settings.Settings,performPause]
02-09 04:27:48.779 I/wm_add_to_stopping( 1240): [0,171931013,com.android.settings/.Settings,makeInvisible]
02-09 04:27:48.779 I/wm_restart_activity( 1240): [0,117428712,74,com.thundercomm.screensaver/android.service.dreams.DreamActivity]
02-09 04:27:48.780 I/wm_set_resumed_activity( 1240): [0,com.thundercomm.screensaver/android.service.dreams.DreamActivity,minimalResumeActivityLocked]
02-09 04:27:48.783 I/sysui_multi_action( 1240): [757,803,799,window_time_0,802,62]
02-09 04:27:48.788 I/wm_on_create_called( 5183): [117428712,android.service.dreams.DreamActivity,performCreate]
02-09 04:27:48.788 I/wm_on_start_called( 5183): [117428712,android.service.dreams.DreamActivity,handleStartActivity]
02-09 04:27:48.789 I/wm_on_resume_called( 5183): [117428712,android.service.dreams.DreamActivity,RESUME_ACTIVITY]
02-09 04:27:48.794 I/wm_on_top_resumed_gained_called( 5183): [117428712,android.service.dreams.DreamActivity,topStateChangedWhenResumed]
02-09 04:27:48.802 I/input_focus( 1240): [Focus leaving 8ba4a9b com.android.settings/com.android.settings.Settings (server),reason=NO_WINDOW]
02-09 04:27:48.820 I/input_focus( 1240): [Focus request c34ee39 com.thundercomm.screensaver/android.service.dreams.DreamActivity,reason=UpdateInputWindows]
02-09 04:27:48.821 I/am_wtf ( 1240): [0,2005,com.android.systemui,818462221,KeyguardBouncer,onFullyShown when view was null]
02-09 04:27:48.824 I/sysui_multi_action( 2005): [757,196,758,2,759,0]
02-09 04:27:48.824 I/sysui_status_bar_state( 2005): [0,0,1,0,0,1]
02-09 04:27:48.848 I/sysui_multi_action( 1240): [319,82,322,78,325,364,757,761,758,8,759,2,806,com.thundercomm.screensaver,871,android.service.dreams.DreamActivity,904,com.thundercomm.screensaver,905,0,1320,4,1321,2]
02-09 04:27:48.849 I/wm_activity_launch_time( 1240): [0,117428712,com.thundercomm.screensaver/android.service.dreams.DreamActivity,78]
02-09 04:27:48.849 I/sysui_multi_action( 1240): [757,1696,758,6,759,3]
02-09 04:27:48.865 I/am_wtf ( 1240): [0,1240,system_server,-1,DisplayDeviceConfig,requesting nits when no mapping exists.]
02-09 04:27:48.866 I/am_wtf ( 1240): [0,1240,system_server,-1,DisplayDeviceConfig,requesting nits when no mapping exists.]
02-09 04:27:48.866 I/input_focus( 1240): [Focus entering c34ee39 com.thundercomm.screensaver/android.service.dreams.DreamActivity (server),reason=Window became focusable. Previous reason: NOT_VISIBLE]
02-09 04:27:48.883 I/am_wtf ( 1240): [0,1240,system_server,-1,DisplayDeviceConfig,requesting nits when no mapping exists.]
02-09 04:27:48.883 I/am_wtf ( 1240): [0,1240,system_server,-1,DisplayDeviceConfig,requesting nits when no mapping exists.]
02-09 04:27:48.903 I/am_wtf ( 1240): [0,1240,system_server,-1,DisplayDeviceConfig,requesting nits when no mapping exists.]
02-09 04:27:48.904 I/am_wtf ( 1240): [0,1240,system_server,-1,DisplayDeviceConfig,requesting nits when no mapping exists.]
02-09 04:27:48.916 I/am_wtf ( 1240): [0,1240,system_server,-1,DisplayDeviceConfig,requesting nits when no mapping exists.]
02-09 04:27:48.917 I/am_wtf ( 1240): [0,1240,system_server,-1,DisplayDeviceConfig,requesting nits when no mapping exists.]
02-09 04:27:48.932 I/am_wtf ( 1240): [0,1240,system_server,-1,DisplayDeviceConfig,requesting nits when no mapping exists.]
02-09 04:27:48.932 I/am_wtf ( 1240): [0,1240,system_server,-1,DisplayDeviceConfig,requesting nits when no mapping exists.]
02-09 04:27:48.949 I/am_wtf ( 1240): [0,1240,system_server,-1,DisplayDeviceConfig,requesting nits when no mapping exists.]
02-09 04:27:48.949 I/am_wtf ( 1240): [0,1240,system_server,-1,DisplayDeviceConfig,requesting nits when no mapping exists.]
02-09 04:27:48.965 I/am_wtf ( 1240): [0,1240,system_server,-1,DisplayDeviceConfig,requesting nits when no mapping exists.]
02-09 04:27:48.966 I/am_wtf ( 1240): [0,1240,system_server,-1,DisplayDeviceConfig,requesting nits when no mapping exists.]
02-09 04:27:48.983 I/am_wtf ( 1240): [0,1240,system_server,-1,DisplayDeviceConfig,requesting nits when no mapping exists.]
02-09 04:27:48.983 I/am_wtf ( 1240): [0,1240,system_server,-1,DisplayDeviceConfig,requesting nits when no mapping exists.]
02-09 04:27:48.999 I/am_wtf ( 1240): [0,1240,system_server,-1,DisplayDeviceConfig,requesting nits when no mapping exists.]
02-09 04:27:48.999 I/am_wtf ( 1240): [0,1240,system_server,-1,DisplayDeviceConfig,requesting nits when no mapping exists.]
02-09 04:27:49.016 I/am_wtf ( 1240): [0,1240,system_server,-1,DisplayDeviceConfig,requesting nits when no mapping exists.]
02-09 04:27:49.016 I/am_wtf ( 1240): [0,1240,system_server,-1,DisplayDeviceConfig,requesting nits when no mapping exists.]
02-09 04:27:49.033 I/am_wtf ( 1240): [0,1240,system_server,-1,DisplayDeviceConfig,requesting nits when no mapping exists.]
02-09 04:27:49.033 I/am_wtf ( 1240): [0,1240,system_server,-1,DisplayDeviceConfig,requesting nits when no mapping exists.]
02-09 04:27:49.049 I/am_wtf ( 1240): [0,1240,system_server,-1,DisplayDeviceConfig,requesting nits when no mapping exists.]
02-09 04:27:49.050 I/am_wtf ( 1240): [0,1240,system_server,-1,DisplayDeviceConfig,requesting nits when no mapping exists.]
02-09 04:27:49.066 I/am_wtf ( 1240): [0,1240,system_server,-1,DisplayDeviceConfig,requesting nits when no mapping exists.]
02-09 04:27:49.066 I/am_wtf ( 1240): [0,1240,system_server,-1,DisplayDeviceConfig,requesting nits when no mapping exists.]
02-09 04:27:49.083 I/am_wtf ( 1240): [0,1240,system_server,-1,DisplayDeviceConfig,requesting nits when no mapping exists.]
02-09 04:27:49.083 I/am_wtf ( 1240): [0,1240,system_server,-1,DisplayDeviceConfig,requesting nits when no mapping exists.]
02-09 04:27:49.100 I/am_wtf ( 1240): [0,1240,system_server,-1,DisplayDeviceConfig,requesting nits when no mapping exists.]
02-09 04:27:49.100 I/am_wtf ( 1240): [0,1240,system_server,-1,DisplayDeviceConfig,requesting nits when no mapping exists.]
02-09 04:27:49.116 I/am_wtf ( 1240): [0,1240,system_server,-1,DisplayDeviceConfig,requesting nits when no mapping exists.]
02-09 04:27:49.116 I/am_wtf ( 1240): [0,1240,system_server,-1,DisplayDeviceConfig,requesting nits when no mapping exists.]
02-09 04:27:49.132 I/am_wtf ( 1240): [0,1240,system_server,-1,DisplayDeviceConfig,requesting nits when no mapping exists.]
02-09 04:27:49.133 I/am_wtf ( 1240): [0,1240,system_server,-1,DisplayDeviceConfig,requesting nits when no mapping exists.]
02-09 04:27:49.150 I/am_wtf ( 1240): [0,1240,system_server,-1,DisplayDeviceConfig,requesting nits when no mapping exists.]
02-09 04:27:49.150 I/am_wtf ( 1240): [0,1240,system_server,-1,DisplayDeviceConfig,requesting nits when no mapping exists.]
02-09 04:27:49.166 I/am_wtf ( 1240): [0,1240,system_server,-1,DisplayDeviceConfig,requesting nits when no mapping exists.]
02-09 04:27:49.166 I/am_wtf ( 1240): [0,1240,system_server,-1,DisplayDeviceConfig,requesting nits when no mapping exists.]
02-09 04:27:49.183 I/am_wtf ( 1240): [0,1240,system_server,-1,DisplayDeviceConfig,requesting nits when no mapping exists.]
02-09 04:27:49.183 I/am_wtf ( 1240): [0,1240,system_server,-1,DisplayDeviceConfig,requesting nits when no mapping exists.]
02-09 04:27:49.200 I/am_wtf ( 1240): [0,1240,system_server,-1,DisplayDeviceConfig,requesting nits when no mapping exists.]
02-09 04:27:49.200 I/am_wtf ( 1240): [0,1240,system_server,-1,DisplayDeviceConfig,requesting nits when no mapping exists.]
02-09 04:27:49.216 I/am_wtf ( 1240): [0,1240,system_server,-1,DisplayDeviceConfig,requesting nits when no mapping exists.]
02-09 04:27:49.216 I/am_wtf ( 1240): [0,1240,system_server,-1,DisplayDeviceConfig,requesting nits when no mapping exists.]
02-09 04:27:49.232 I/am_wtf ( 1240): [0,1240,system_server,-1,DisplayDeviceConfig,requesting nits when no mapping exists.]
02-09 04:27:49.233 I/am_wtf ( 1240): [0,1240,system_server,-1,DisplayDeviceConfig,requesting nits when no mapping exists.]
02-09 04:27:49.249 I/am_wtf ( 1240): [0,1240,system_server,-1,DisplayDeviceConfig,requesting nits when no mapping exists.]
02-09 04:27:49.249 I/am_wtf ( 1240): [0,1240,system_server,-1,DisplayDeviceConfig,requesting nits when no mapping exists.]
02-09 04:27:49.266 I/am_wtf ( 1240): [0,1240,system_server,-1,DisplayDeviceConfig,requesting nits when no mapping exists.]
02-09 04:27:49.266 I/am_wtf ( 1240): [0,1240,system_server,-1,DisplayDeviceConfig,requesting nits when no mapping exists.]
02-09 04:27:49.283 I/am_wtf ( 1240): [0,1240,system_server,-1,DisplayDeviceConfig,requesting nits when no mapping exists.]
02-09 04:27:49.283 I/am_wtf ( 1240): [0,1240,system_server,-1,DisplayDeviceConfig,requesting nits when no mapping exists.]
02-09 04:27:49.299 I/am_wtf ( 1240): [0,1240,system_server,-1,DisplayDeviceConfig,requesting nits when no mapping exists.]
02-09 04:27:49.300 I/am_wtf ( 1240): [0,1240,system_server,-1,DisplayDeviceConfig,requesting nits when no mapping exists.]
02-09 04:27:49.316 I/am_wtf ( 1240): [0,1240,system_server,-1,DisplayDeviceConfig,requesting nits when no mapping exists.]
02-09 04:27:49.316 I/am_wtf ( 1240): [0,1240,system_server,-1,DisplayDeviceConfig,requesting nits when no mapping exists.]
02-09 04:27:49.333 I/am_wtf ( 1240): [0,1240,system_server,-1,DisplayDeviceConfig,requesting nits when no mapping exists.]
02-09 04:27:49.334 I/am_wtf ( 1240): [0,1240,system_server,-1,DisplayDeviceConfig,requesting nits when no mapping exists.]
02-09 04:27:49.350 I/wm_stop_activity( 1240): [0,171931013,com.android.settings/.Settings]
02-09 04:27:49.350 I/am_wtf ( 1240): [0,1240,system_server,-1,DisplayDeviceConfig,requesting nits when no mapping exists.]
02-09 04:27:49.351 I/am_wtf ( 1240): [0,1240,system_server,-1,DisplayDeviceConfig,requesting nits when no mapping exists.]
02-09 04:27:49.367 I/am_wtf ( 1240): [0,1240,system_server,-1,DisplayDeviceConfig,requesting nits when no mapping exists.]
02-09 04:27:49.367 I/am_wtf ( 1240): [0,1240,system_server,-1,DisplayDeviceConfig,requesting nits when no mapping exists.]
02-09 04:27:49.379 I/wm_on_stop_called( 2418): [171931013,com.android.settings.Settings,STOP_ACTIVITY_ITEM]
