--------- beginning of events
01-04 08:50:26.206 I/snet_event_log( 504): [121035042,-1,]
01-04 08:50:26.209 I/auditd ( 504): SELinux: Loaded service_contexts from:
01-04 08:50:26.209 I/auditd ( 504): /system/etc/selinux/plat_service_contexts
01-04 08:50:26.209 I/auditd ( 504): /system_ext/etc/selinux/system_ext_service_contexts
01-04 08:50:26.209 I/auditd ( 504): /product/etc/selinux/product_service_contexts
01-04 08:50:26.209 I/auditd ( 504): /vendor/etc/selinux/vendor_service_contexts
01-01 08:00:00.195 I/auditd ( 502): type=2000 audit(0.0:1): state=initialized audit_enabled=0 res=1
01-04 08:50:26.219 I/snet_event_log( 506): [121035042,-1,]
01-04 08:50:25.507 I/auditd ( 502): type=1403 audit(0.0:2): auid=4294967295 ses=4294967295 lsm=selinux res=1
01-04 08:50:25.507 I/auditd ( 502): type=1404 audit(0.0:3): enforcing=1 old_enforcing=0 auid=4294967295 ses=4294967295 enabled=1 old-enabled=1 lsm=selinux res=1
01-04 08:50:25.551 I/auditd ( 1): type=1400 audit(0.0:4): avc: denied { relabelto } for comm="init" name="persist" dev="tmpfs" ino=12333 scontext=u:r:init:s0 tcontext=u:object_r:vendor_persist_block_device:s0 tclass=lnk_file permissive=0
01-04 08:50:25.571 I/auditd ( 1): type=1107 audit(0.0:5): uid=0 auid=4294967295 ses=4294967295 subj=u:r:init:s0 msg='avc: denied { read } for property=persist.debug.trace pid=0 uid=0 gid=0 scontext=u:r:vendor_init:s0 tcontext=u:object_r:persist_debug_prop:s0 tclass=file permissive=0'
01-04 08:50:25.803 I/auditd ( 478): type=1400 audit(0.0:6): avc: denied { read } for comm="ueventd" name="persist" dev="tmpfs" ino=12333 scontext=u:r:ueventd:s0 tcontext=u:object_r:tmpfs:s0 tclass=lnk_file permissive=0
01-04 08:50:25.955 I/auditd ( 1): type=1400 audit(0.0:7): avc: denied { mounton } for comm="init" path="/sys/kernel/tracing" dev="tracefs" ino=1 scontext=u:r:init:s0 tcontext=u:object_r:debugfs_tracing_debug:s0 tclass=dir permissive=0
01-04 08:50:26.211 I/auditd ( 513): type=1400 audit(0.0:8): avc: denied { ptrace } for comm="crash_dump64" scontext=u:r:crash_dump:s0 tcontext=u:r:init:s0 tclass=process permissive=0
01-04 08:50:26.227 I/auditd ( 520): type=1400 audit(0.0:9): avc: denied { read write } for comm="fsck_msdos" name="sde51" dev="tmpfs" ino=14466 scontext=u:r:fsck:s0 tcontext=u:object_r:block_device:s0 tclass=blk_file permissive=0
01-04 08:50:26.227 I/auditd ( 520): type=1400 audit(0.0:10): avc: denied { read } for comm="fsck_msdos" name="sde51" dev="tmpfs" ino=14466 scontext=u:r:fsck:s0 tcontext=u:object_r:block_device:s0 tclass=blk_file permissive=0
01-04 08:50:26.227 I/auditd ( 520): type=1400 audit(0.0:11): avc: denied { kill } for comm="fsck_msdos" capability=5 scontext=u:r:fsck:s0 tcontext=u:r:fsck:s0 tclass=capability permissive=0
01-04 08:50:26.243 I/auditd ( 546): type=1400 audit(0.0:12): avc: denied { read } for comm="e2fsck" name="persist" dev="tmpfs" ino=12333 scontext=u:r:fsck:s0 tcontext=u:object_r:tmpfs:s0 tclass=lnk_file permissive=0
01-04 08:50:26.243 I/auditd ( 546): type=1400 audit(0.0:13): avc: denied { read } for comm="e2fsck" name="persist" dev="tmpfs" ino=12333 scontext=u:r:fsck:s0 tcontext=u:object_r:tmpfs:s0 tclass=lnk_file permissive=0
01-04 08:50:26.243 I/auditd ( 546): type=1400 audit(0.0:14): avc: denied { read } for comm="e2fsck" name="persist" dev="tmpfs" ino=12333 scontext=u:r:fsck:s0 tcontext=u:object_r:tmpfs:s0 tclass=lnk_file permissive=0
01-04 08:50:26.243 I/auditd ( 546): type=1400 audit(0.0:15): avc: denied { read } for comm="e2fsck" name="persist" dev="tmpfs" ino=12333 scontext=u:r:fsck:s0 tcontext=u:object_r:tmpfs:s0 tclass=lnk_file permissive=0
01-04 08:50:26.243 I/auditd ( 546): type=1400 audit(0.0:16): avc: denied { read } for comm="e2fsck" name="persist" dev="tmpfs" ino=12333 scontext=u:r:fsck:s0 tcontext=u:object_r:tmpfs:s0 tclass=lnk_file permissive=0
01-04 08:50:26.243 I/auditd ( 546): type=1400 audit(0.0:17): avc: denied { read } for comm="e2fsck" name="persist" dev="tmpfs" ino=12333 scontext=u:r:fsck:s0 tcontext=u:object_r:tmpfs:s0 tclass=lnk_file permissive=0
01-04 08:50:26.243 I/auditd ( 546): type=1400 audit(0.0:18): avc: denied { read } for comm="e2fsck" name="persist" dev="tmpfs" ino=12333 scontext=u:r:fsck:s0 tcontext=u:object_r:tmpfs:s0 tclass=lnk_file permissive=0
01-04 08:50:26.243 I/auditd ( 546): type=1400 audit(0.0:19): avc: denied { kill } for comm="e2fsck" capability=5 scontext=u:r:fsck:s0 tcontext=u:r:fsck:s0 tclass=capability permissive=0
01-04 08:50:26.363 I/auditd ( 475): type=1400 audit(0.0:20): avc: denied { read } for comm="ueventd" name="persist" dev="tmpfs" ino=12333 scontext=u:r:ueventd:s0 tcontext=u:object_r:tmpfs:s0 tclass=lnk_file permissive=0
01-04 08:50:27.311 I/auditd ( 607): type=1400 audit(0.0:21): avc: denied { kill } for comm="vdc" capability=5 scontext=u:r:vdc:s0 tcontext=u:r:vdc:s0 tclass=capability permissive=0
01-04 08:50:27.327 I/auditd ( 567): SELinux: Loaded keystore2_key_contexts from:
01-04 08:50:27.327 I/auditd ( 567): /system/etc/selinux/plat_keystore2_key_contexts
01-04 08:50:27.339 I/auditd ( 611): type=1400 audit(0.0:22): avc: denied { kill } for comm="fsck.f2fs" capability=5 scontext=u:r:fsck:s0 tcontext=u:r:fsck:s0 tclass=capability permissive=0
01-04 08:50:27.363 I/auditd ( 609): type=1400 audit(0.0:23): avc: denied { kill } for comm="vdc" capability=5 scontext=u:r:vdc:s0 tcontext=u:r:vdc:s0 tclass=capability permissive=0
01-04 08:50:27.000 I/auditd ( 1): type=1400 audit(0.0:24): avc: denied { getattr } for comm="init" path="/product/bin/init.qti.display.sh" dev="dm-7" ino=68 scontext=u:r:init:s0 tcontext=u:object_r:vendor_sys_qti_display_exec:s0 tclass=file permissive=0
01-04 08:50:27.286 I/boot_progress_start( 666): 7316
01-04 08:50:27.539 I/auditd ( 841): type=1400 audit(0.0:25): avc: denied { read } for comm="vendor.qti.hard" name="u:object_r:vendor_cap_configstore_dbg_prop:s0" dev="tmpfs" ino=12605 scontext=u:r:vendor_hal_capabilityconfigstore_qti_default:s0 tcontext=u:object_r:vendor_cap_configstore_dbg_prop:s0 tclass=file permissive=0
01-04 08:50:27.603 I/auditd ( 80): type=1400 audit(0.0:27): avc: denied { create } for comm="kworker/u16:1" scontext=u:r:kernel:s0 tcontext=u:r:kernel:s0 tclass=qipcrtr_socket permissive=0
01-04 08:50:27.603 I/auditd ( 7): type=1400 audit(0.0:26): avc: denied { create } for comm="kworker/u16:0" scontext=u:r:kernel:s0 tcontext=u:r:kernel:s0 tclass=qipcrtr_socket permissive=0
01-04 08:50:27.603 I/auditd ( 7): type=1400 audit(0.0:28): avc: denied { create } for comm="kworker/u16:0" scontext=u:r:kernel:s0 tcontext=u:r:kernel:s0 tclass=qipcrtr_socket permissive=0
01-04 08:50:27.603 I/auditd ( 283): type=1400 audit(0.0:29): avc: denied { create } for comm="kworker/u16:7" scontext=u:r:kernel:s0 tcontext=u:r:kernel:s0 tclass=qipcrtr_socket permissive=0
01-04 08:50:27.603 I/auditd ( 7): type=1400 audit(0.0:30): avc: denied { create } for comm="kworker/u16:0" scontext=u:r:kernel:s0 tcontext=u:r:kernel:s0 tclass=qipcrtr_socket permissive=0
01-04 08:50:27.603 I/auditd ( 283): type=1400 audit(0.0:31): avc: denied { create } for comm="kworker/u16:7" scontext=u:r:kernel:s0 tcontext=u:r:kernel:s0 tclass=qipcrtr_socket permissive=0
01-04 08:50:27.603 I/auditd ( 7): type=1400 audit(0.0:32): avc: denied { create } for comm="kworker/u16:0" scontext=u:r:kernel:s0 tcontext=u:r:kernel:s0 tclass=qipcrtr_socket permissive=0
01-04 08:50:27.603 I/auditd ( 7): type=1400 audit(0.0:34): avc: denied { create } for comm="kworker/u16:0" scontext=u:r:kernel:s0 tcontext=u:r:kernel:s0 tclass=qipcrtr_socket permissive=0
01-04 08:50:27.603 I/auditd ( 283): type=1400 audit(0.0:33): avc: denied { create } for comm="kworker/u16:7" scontext=u:r:kernel:s0 tcontext=u:r:kernel:s0 tclass=qipcrtr_socket permissive=0
01-04 08:50:27.603 I/auditd ( 7): type=1400 audit(0.0:35): avc: denied { create } for comm="kworker/u16:0" scontext=u:r:kernel:s0 tcontext=u:r:kernel:s0 tclass=qipcrtr_socket permissive=0
01-04 08:50:27.603 I/auditd ( 283): type=1400 audit(0.0:36): avc: denied { create } for comm="kworker/u16:7" scontext=u:r:kernel:s0 tcontext=u:r:kernel:s0 tclass=qipcrtr_socket permissive=0
01-04 08:50:27.603 I/auditd ( 7): type=1400 audit(0.0:37): avc: denied { create } for comm="kworker/u16:0" scontext=u:r:kernel:s0 tcontext=u:r:kernel:s0 tclass=qipcrtr_socket permissive=0
01-04 08:50:27.603 I/auditd ( 283): type=1400 audit(0.0:38): avc: denied { create } for comm="kworker/u16:7" scontext=u:r:kernel:s0 tcontext=u:r:kernel:s0 tclass=qipcrtr_socket permissive=0
01-04 08:50:27.603 I/auditd ( 283): type=1400 audit(0.0:39): avc: denied { create } for comm="kworker/u16:7" scontext=u:r:kernel:s0 tcontext=u:r:kernel:s0 tclass=qipcrtr_socket permissive=0
01-04 08:50:27.603 I/auditd ( 272): type=1400 audit(0.0:40): avc: denied { create } for comm="kworker/u16:2" scontext=u:r:kernel:s0 tcontext=u:r:kernel:s0 tclass=qipcrtr_socket permissive=0
01-04 08:50:27.603 I/auditd ( 272): type=1400 audit(0.0:41): avc: denied { create } for comm="kworker/u16:2" scontext=u:r:kernel:s0 tcontext=u:r:kernel:s0 tclass=qipcrtr_socket permissive=0
01-04 08:50:27.603 I/auditd ( 80): type=1400 audit(0.0:42): avc: denied { create } for comm="kworker/u16:1" scontext=u:r:kernel:s0 tcontext=u:r:kernel:s0 tclass=qipcrtr_socket permissive=0
01-04 08:50:27.603 I/auditd ( 274): type=1400 audit(0.0:43): avc: denied { create } for comm="kworker/u16:3" scontext=u:r:kernel:s0 tcontext=u:r:kernel:s0 tclass=qipcrtr_socket permissive=0
01-04 08:50:27.607 I/auditd ( 277): type=1400 audit(0.0:44): avc: denied { create } for comm="kworker/u16:4" scontext=u:r:kernel:s0 tcontext=u:r:kernel:s0 tclass=qipcrtr_socket permissive=0
01-04 08:50:27.607 I/auditd ( 281): type=1400 audit(0.0:45): avc: denied { create } for comm="kworker/u16:6" scontext=u:r:kernel:s0 tcontext=u:r:kernel:s0 tclass=qipcrtr_socket permissive=0
01-04 08:50:27.607 I/auditd ( 279): type=1400 audit(0.0:46): avc: denied { create } for comm="kworker/u16:5" scontext=u:r:kernel:s0 tcontext=u:r:kernel:s0 tclass=qipcrtr_socket permissive=0
01-04 08:50:27.628 I/snet_event_log( 667): [200284993,-1,]
01-04 08:50:27.627 I/auditd ( 473): type=1400 audit(0.0:47): avc: denied { create } for comm="init" name="drm" scontext=u:r:vendor_init:s0 tcontext=u:object_r:mnt_product_file:s0 tclass=dir permissive=0
01-04 08:50:27.627 I/auditd ( 473): type=1400 audit(0.0:48): avc: denied { create } for comm="init" name="bluetooth" scontext=u:r:vendor_init:s0 tcontext=u:object_r:mnt_product_file:s0 tclass=dir permissive=0
01-04 08:50:27.631 I/auditd ( 473): type=1400 audit(0.0:49): avc: denied { create } for comm="init" name="misc" scontext=u:r:vendor_init:s0 tcontext=u:object_r:mnt_product_file:s0 tclass=dir permissive=0
01-04 08:50:27.631 I/auditd ( 473): type=1400 audit(0.0:50): avc: denied { create } for comm="init" name="alarm" scontext=u:r:vendor_init:s0 tcontext=u:object_r:mnt_product_file:s0 tclass=dir permissive=0
01-04 08:50:27.630 I/snet_event_log( 666): [200284993,-1,]
01-04 08:50:27.635 I/auditd ( 473): type=1400 audit(0.0:51): avc: denied { setattr } for comm="init" name="rawdump" dev="tmpfs" ino=1189 scontext=u:r:vendor_init:s0 tcontext=u:object_r:block_device:s0 tclass=lnk_file permissive=0
01-04 08:50:27.635 I/auditd ( 473): type=1400 audit(0.0:52): avc: denied { setattr } for comm="init" name="rawdump" dev="tmpfs" ino=1189 scontext=u:r:vendor_init:s0 tcontext=u:object_r:block_device:s0 tclass=lnk_file permissive=0
01-04 08:50:27.651 I/auditd ( 843): type=1400 audit(0.0:53): avc: denied { read write } for comm="vendor.qti.hard" name="diag" dev="tmpfs" ino=11406 scontext=u:r:hal_graphics_composer_default:s0 tcontext=u:object_r:vendor_diag_device:s0 tclass=chr_file permissive=0
01-04 08:50:27.667 I/auditd ( 1002): type=1400 audit(0.0:54): avc: denied { read write } for comm="sensors.qti" name="diag" dev="tmpfs" ino=11406 scontext=u:r:vendor_sensors_qti:s0 tcontext=u:object_r:vendor_diag_device:s0 tclass=chr_file permissive=0
01-04 08:50:27.722 I/boot_progress_preload_start( 666): 7753
01-04 08:50:27.749 I/auditd ( 504): avc: denied { find } for pid=997 uid=1000 name=vendor.qti.hardware.display.config.IDisplayConfig/default scontext=u:r:surfaceflinger:s0 tcontext=u:object_r:default_android_service:s0 tclass=service_manager permissive=0
01-04 08:50:27.751 I/auditd ( 504): avc: denied { find } for pid=997 uid=1000 name=vendor.qti.hardware.display.config.IDisplayConfig/default scontext=u:r:surfaceflinger:s0 tcontext=u:object_r:default_android_service:s0 tclass=service_manager permissive=0
01-04 08:50:27.867 I/auditd ( 1002): type=1400 audit(0.0:55): avc: denied { read write } for comm="sensors.qti" name="diag" dev="tmpfs" ino=11406 scontext=u:r:vendor_sensors_qti:s0 tcontext=u:object_r:vendor_diag_device:s0 tclass=chr_file permissive=0
01-04 08:50:27.927 I/auditd ( 1040): type=1400 audit(0.0:56): avc: denied { write } for comm="init.qcom.usb.s" name="uvc.0" dev="configfs" ino=19831 scontext=u:r:vendor_qti_init_shell:s0 tcontext=u:object_r:configfs:s0 tclass=dir permissive=0
01-04 08:50:27.927 I/auditd ( 1040): type=1400 audit(0.0:57): avc: denied { write } for comm="init.qcom.usb.s" name="uvc.0" dev="configfs" ino=19831 scontext=u:r:vendor_qti_init_shell:s0 tcontext=u:object_r:configfs:s0 tclass=dir permissive=0
01-04 08:50:27.931 I/auditd ( 1124): type=1400 audit(0.0:58): avc: denied { write } for comm="mkdir" name="header" dev="configfs" ino=19833 scontext=u:r:vendor_qti_init_shell:s0 tcontext=u:object_r:configfs:s0 tclass=dir permissive=0
01-04 08:50:27.935 I/auditd ( 1125): type=1400 audit(0.0:59): avc: denied { write } for comm="ln" name="fs" dev="configfs" ino=19842 scontext=u:r:vendor_qti_init_shell:s0 tcontext=u:object_r:configfs:s0 tclass=dir permissive=0
01-04 08:50:27.939 I/auditd ( 1126): type=1400 audit(0.0:60): avc: denied { write } for comm="ln" name="ss" dev="configfs" ino=19843 scontext=u:r:vendor_qti_init_shell:s0 tcontext=u:object_r:configfs:s0 tclass=dir permissive=0
01-04 08:50:27.943 I/auditd ( 1127): type=1400 audit(0.0:61): avc: denied { write } for comm="mkdir" name="uncompressed" dev="configfs" ino=19846 scontext=u:r:vendor_qti_init_shell:s0 tcontext=u:object_r:configfs:s0 tclass=dir permissive=0
01-04 08:50:27.951 I/auditd ( 1128): type=1400 audit(0.0:62): avc: denied { write } for comm="mkdir" name="uncompressed" dev="configfs" ino=19846 scontext=u:r:vendor_qti_init_shell:s0 tcontext=u:object_r:configfs:s0 tclass=dir permissive=0
01-04 08:50:27.955 I/auditd ( 1129): type=1400 audit(0.0:63): avc: denied { write } for comm="mkdir" name="mjpeg" dev="configfs" ino=19847 scontext=u:r:vendor_qti_init_shell:s0 tcontext=u:object_r:configfs:s0 tclass=dir permissive=0
01-04 08:50:27.959 I/auditd ( 1130): type=1400 audit(0.0:64): avc: denied { write } for comm="mkdir" name="mjpeg" dev="configfs" ino=19847 scontext=u:r:vendor_qti_init_shell:s0 tcontext=u:object_r:configfs:s0 tclass=dir permissive=0
01-04 08:50:27.963 I/auditd ( 1131): type=1400 audit(0.0:65): avc: denied { write } for comm="mkdir" name="h264" dev="configfs" ino=19848 scontext=u:r:vendor_qti_init_shell:s0 tcontext=u:object_r:configfs:s0 tclass=dir permissive=0
01-04 08:50:27.967 I/auditd ( 1132): type=1400 audit(0.0:66): avc: denied { write } for comm="mkdir" name="h264" dev="configfs" ino=19848 scontext=u:r:vendor_qti_init_shell:s0 tcontext=u:object_r:configfs:s0 tclass=dir permissive=0
01-04 08:50:27.975 I/auditd ( 1133): type=1400 audit(0.0:67): avc: denied { write } for comm="mkdir" name="header" dev="configfs" ino=19845 scontext=u:r:vendor_qti_init_shell:s0 tcontext=u:object_r:configfs:s0 tclass=dir permissive=0
01-04 08:50:27.979 I/auditd ( 1134): type=1400 audit(0.0:68): avc: denied { write } for comm="ln" name="header" dev="configfs" ino=19845 scontext=u:r:vendor_qti_init_shell:s0 tcontext=u:object_r:configfs:s0 tclass=dir permissive=0
01-04 08:50:27.983 I/auditd ( 1135): type=1400 audit(0.0:69): avc: denied { write } for comm="ln" name="header" dev="configfs" ino=19845 scontext=u:r:vendor_qti_init_shell:s0 tcontext=u:object_r:configfs:s0 tclass=dir permissive=0
01-04 08:50:27.991 I/auditd ( 1136): type=1400 audit(0.0:70): avc: denied { write } for comm="ln" name="header" dev="configfs" ino=19845 scontext=u:r:vendor_qti_init_shell:s0 tcontext=u:object_r:configfs:s0 tclass=dir permissive=0
01-04 08:50:27.995 I/auditd ( 1137): type=1400 audit(0.0:71): avc: denied { write } for comm="ln" name="fs" dev="configfs" ino=19852 scontext=u:r:vendor_qti_init_shell:s0 tcontext=u:object_r:configfs:s0 tclass=dir permissive=0
01-04 08:50:27.999 I/auditd ( 1138): type=1400 audit(0.0:72): avc: denied { write } for comm="ln" name="hs" dev="configfs" ino=19853 scontext=u:r:vendor_qti_init_shell:s0 tcontext=u:object_r:configfs:s0 tclass=dir permissive=0
01-04 08:50:28.003 I/auditd ( 1139): type=1400 audit(0.0:73): avc: denied { write } for comm="ln" name="ss" dev="configfs" ino=19854 scontext=u:r:vendor_qti_init_shell:s0 tcontext=u:object_r:configfs:s0 tclass=dir permissive=0
01-04 08:50:28.067 I/auditd ( 1002): type=1400 audit(0.0:74): avc: denied { read write } for comm="sensors.qti" name="diag" dev="tmpfs" ino=11406 scontext=u:r:vendor_sensors_qti:s0 tcontext=u:object_r:vendor_diag_device:s0 tclass=chr_file permissive=0
01-04 08:50:28.127 I/auditd ( 1161): type=1400 audit(0.0:75): avc: denied { read write } for comm="dpmd" name="diag" dev="tmpfs" ino=11406 scontext=u:r:vendor_dpmd:s0 tcontext=u:object_r:vendor_diag_device:s0 tclass=chr_file permissive=0
01-04 08:50:28.127 I/auditd ( 1181): type=1400 audit(0.0:76): avc: denied { read write } for comm="dpmd" name="diag" dev="tmpfs" ino=11406 scontext=u:r:vendor_dpmd:s0 tcontext=u:object_r:vendor_diag_device:s0 tclass=chr_file permissive=0
01-04 08:50:28.267 I/auditd ( 1002): type=1400 audit(0.0:77): avc: denied { read write } for comm="sensors.qti" name="diag" dev="tmpfs" ino=11406 scontext=u:r:vendor_sensors_qti:s0 tcontext=u:object_r:vendor_diag_device:s0 tclass=chr_file permissive=0
01-04 08:50:28.461 I/boot_progress_preload_end( 666): 8492
01-04 08:50:28.467 I/auditd ( 1002): type=1400 audit(0.0:78): avc: denied { read write } for comm="sensors.qti" name="diag" dev="tmpfs" ino=11406 scontext=u:r:vendor_sensors_qti:s0 tcontext=u:object_r:vendor_diag_device:s0 tclass=chr_file permissive=0
01-04 08:50:28.479 I/auditd ( 817): type=1400 audit(0.0:79): avc: denied { read } for comm="android.hardwar" name="type" dev="sysfs" ino=63844 scontext=u:r:hal_health_default:s0 tcontext=u:object_r:sysfs:s0 tclass=file permissive=0
01-04 08:50:28.667 I/auditd ( 1002): type=1400 audit(0.0:80): avc: denied { read write } for comm="sensors.qti" name="diag" dev="tmpfs" ino=11406 scontext=u:r:vendor_sensors_qti:s0 tcontext=u:object_r:vendor_diag_device:s0 tclass=chr_file permissive=0
01-04 08:50:28.806 I/system_server_start( 1240): [1,8674,8674]
01-04 08:50:28.806 I/boot_progress_system_run( 1240): 8837
01-04 08:50:28.867 I/auditd ( 1002): type=1400 audit(0.0:81): avc: denied { read write } for comm="sensors.qti" name="diag" dev="tmpfs" ino=11406 scontext=u:r:vendor_sensors_qti:s0 tcontext=u:object_r:vendor_diag_device:s0 tclass=chr_file permissive=0
01-04 08:50:28.891 I/auditd ( 1313): type=1400 audit(0.0:82): avc: denied { read write } for comm="ipacm-diag" name="diag" dev="tmpfs" ino=11406 scontext=u:r:hal_tetheroffload_default:s0 tcontext=u:object_r:vendor_diag_device:s0 tclass=chr_file permissive=0
01-04 08:50:28.895 I/auditd ( 1309): type=1400 audit(0.0:83): avc: denied { read write } for comm="imsqmidaemon" name="diag" dev="tmpfs" ino=11406 scontext=u:r:vendor_ims:s0 tcontext=u:object_r:vendor_diag_device:s0 tclass=chr_file permissive=0
01-04 08:50:28.899 I/auditd ( 1309): type=1400 audit(0.0:84): avc: denied { read write } for comm="imsqmidaemon" name="diag" dev="tmpfs" ino=11406 scontext=u:r:vendor_ims:s0 tcontext=u:object_r:vendor_diag_device:s0 tclass=chr_file permissive=0
01-04 08:50:28.899 I/auditd ( 1309): type=1400 audit(0.0:85): avc: denied { read write } for comm="imsqmidaemon" name="diag" dev="tmpfs" ino=11406 scontext=u:r:vendor_ims:s0 tcontext=u:object_r:vendor_diag_device:s0 tclass=chr_file permissive=0
01-04 08:50:28.899 I/auditd ( 1309): type=1400 audit(0.0:86): avc: denied { read write } for comm="imsqmidaemon" name="diag" dev="tmpfs" ino=11406 scontext=u:r:vendor_ims:s0 tcontext=u:object_r:vendor_diag_device:s0 tclass=chr_file permissive=0
01-04 08:50:28.899 I/auditd ( 1309): type=1400 audit(0.0:87): avc: denied { read write } for comm="imsqmidaemon" name="diag" dev="tmpfs" ino=11406 scontext=u:r:vendor_ims:s0 tcontext=u:object_r:vendor_diag_device:s0 tclass=chr_file permissive=0
01-04 08:50:28.899 I/auditd ( 1309): type=1400 audit(0.0:88): avc: denied { read write } for comm="imsqmidaemon" name="diag" dev="tmpfs" ino=11406 scontext=u:r:vendor_ims:s0 tcontext=u:object_r:vendor_diag_device:s0 tclass=chr_file permissive=0
01-04 08:50:28.899 I/auditd ( 1309): type=1400 audit(0.0:89): avc: denied { read write } for comm="imsqmidaemon" name="diag" dev="tmpfs" ino=11406 scontext=u:r:vendor_ims:s0 tcontext=u:object_r:vendor_diag_device:s0 tclass=chr_file permissive=0
01-04 08:50:28.899 I/auditd ( 1309): type=1400 audit(0.0:90): avc: denied { read write } for comm="imsqmidaemon" name="diag" dev="tmpfs" ino=11406 scontext=u:r:vendor_ims:s0 tcontext=u:object_r:vendor_diag_device:s0 tclass=chr_file permissive=0
01-04 08:50:28.899 I/auditd ( 1309): type=1400 audit(0.0:91): avc: denied { read write } for comm="imsqmidaemon" name="diag" dev="tmpfs" ino=11406 scontext=u:r:vendor_ims:s0 tcontext=u:object_r:vendor_diag_device:s0 tclass=chr_file permissive=0
01-04 08:50:28.899 I/auditd ( 1309): type=1400 audit(0.0:92): avc: denied { read write } for comm="imsqmidaemon" name="diag" dev="tmpfs" ino=11406 scontext=u:r:vendor_ims:s0 tcontext=u:object_r:vendor_diag_device:s0 tclass=chr_file permissive=0
01-04 08:50:28.991 I/auditd ( 1303): type=1400 audit(0.0:93): avc: denied { read write } for comm="cnd" name="diag" dev="tmpfs" ino=11406 scontext=u:r:vendor_cnd:s0 tcontext=u:object_r:vendor_diag_device:s0 tclass=chr_file permissive=0
01-04 08:50:28.999 I/auditd ( 1308): type=1400 audit(0.0:94): avc: denied { read write } for comm="ims_rtp_daemon" name="diag" dev="tmpfs" ino=11406 scontext=u:r:vendor_hal_imsrtp:s0 tcontext=u:object_r:vendor_diag_device:s0 tclass=chr_file permissive=0
01-04 08:50:29.067 I/auditd ( 1002): type=1400 audit(0.0:95): avc: denied { read write } for comm="sensors.qti" name="diag" dev="tmpfs" ino=11406 scontext=u:r:vendor_sensors_qti:s0 tcontext=u:object_r:vendor_diag_device:s0 tclass=chr_file permissive=0
01-04 08:50:29.079 I/auditd ( 1434): type=1400 audit(0.0:96): avc: denied { getattr } for comm="hvdcp_opti" path="/dev/kmsg" dev="tmpfs" ino=13325 scontext=u:r:vendor_hvdcp:s0 tcontext=u:object_r:kmsg_device:s0 tclass=chr_file permissive=0
01-04 08:50:29.079 I/auditd ( 1434): type=1400 audit(0.0:97): avc: denied { write } for comm="hvdcp_opti" name="kmsg" dev="tmpfs" ino=13325 scontext=u:r:vendor_hvdcp:s0 tcontext=u:object_r:kmsg_device:s0 tclass=chr_file permissive=0
01-04 08:50:29.083 I/auditd ( 1434): type=1400 audit(0.0:98): avc: denied { read } for comm="hvdcp_opti" name="devices" dev="sysfs" ino=46880 scontext=u:r:vendor_hvdcp:s0 tcontext=u:object_r:sysfs:s0 tclass=dir permissive=0
01-04 08:50:29.091 I/auditd ( 1464): type=1400 audit(0.0:99): avc: denied { read write } for comm="imsdatadaemon" name="diag" dev="tmpfs" ino=11406 scontext=u:r:vendor_ims:s0 tcontext=u:object_r:vendor_diag_device:s0 tclass=chr_file permissive=0
01-04 08:50:29.091 I/auditd ( 1464): type=1400 audit(0.0:100): avc: denied { read write } for comm="imsdatadaemon" name="diag" dev="tmpfs" ino=11406 scontext=u:r:vendor_ims:s0 tcontext=u:object_r:vendor_diag_device:s0 tclass=chr_file permissive=0
01-04 08:50:29.091 I/auditd ( 1464): type=1400 audit(0.0:101): avc: denied { read write } for comm="imsdatadaemon" name="diag" dev="tmpfs" ino=11406 scontext=u:r:vendor_ims:s0 tcontext=u:object_r:vendor_diag_device:s0 tclass=chr_file permissive=0
01-04 08:50:29.091 I/auditd ( 1464): type=1400 audit(0.0:102): avc: denied { read write } for comm="imsdatadaemon" name="diag" dev="tmpfs" ino=11406 scontext=u:r:vendor_ims:s0 tcontext=u:object_r:vendor_diag_device:s0 tclass=chr_file permissive=0
01-04 08:50:29.091 I/auditd ( 1464): type=1400 audit(0.0:103): avc: denied { read write } for comm="imsdatadaemon" name="diag" dev="tmpfs" ino=11406 scontext=u:r:vendor_ims:s0 tcontext=u:object_r:vendor_diag_device:s0 tclass=chr_file permissive=0
01-04 08:50:29.095 I/auditd ( 1464): type=1400 audit(0.0:104): avc: denied { read write } for comm="imsdatadaemon" name="diag" dev="tmpfs" ino=11406 scontext=u:r:vendor_ims:s0 tcontext=u:object_r:vendor_diag_device:s0 tclass=chr_file permissive=0
01-04 08:50:29.095 I/auditd ( 1464): type=1400 audit(0.0:105): avc: denied { read write } for comm="imsdatadaemon" name="diag" dev="tmpfs" ino=11406 scontext=u:r:vendor_ims:s0 tcontext=u:object_r:vendor_diag_device:s0 tclass=chr_file permissive=0
01-04 08:50:29.095 I/auditd ( 1464): type=1400 audit(0.0:106): avc: denied { read write } for comm="imsdatadaemon" name="diag" dev="tmpfs" ino=11406 scontext=u:r:vendor_ims:s0 tcontext=u:object_r:vendor_diag_device:s0 tclass=chr_file permissive=0
01-04 08:50:29.095 I/auditd ( 1464): type=1400 audit(0.0:107): avc: denied { read write } for comm="imsdatadaemon" name="diag" dev="tmpfs" ino=11406 scontext=u:r:vendor_ims:s0 tcontext=u:object_r:vendor_diag_device:s0 tclass=chr_file permissive=0
01-04 08:50:29.095 I/auditd ( 1464): type=1400 audit(0.0:108): avc: denied { read write } for comm="imsdatadaemon" name="diag" dev="tmpfs" ino=11406 scontext=u:r:vendor_ims:s0 tcontext=u:object_r:vendor_diag_device:s0 tclass=chr_file permissive=0
01-04 08:50:29.095 I/auditd ( 1464): type=1400 audit(0.0:109): avc: denied { read write } for comm="imsdatadaemon" name="diag" dev="tmpfs" ino=11406 scontext=u:r:vendor_ims:s0 tcontext=u:object_r:vendor_diag_device:s0 tclass=chr_file permissive=0
01-04 08:50:29.095 I/auditd ( 1464): type=1400 audit(0.0:110): avc: denied { read write } for comm="imsdatadaemon" name="diag" dev="tmpfs" ino=11406 scontext=u:r:vendor_ims:s0 tcontext=u:object_r:vendor_diag_device:s0 tclass=chr_file permissive=0
01-04 08:50:29.095 I/auditd ( 1464): type=1400 audit(0.0:111): avc: denied { read write } for comm="imsdatadaemon" name="diag" dev="tmpfs" ino=11406 scontext=u:r:vendor_ims:s0 tcontext=u:object_r:vendor_diag_device:s0 tclass=chr_file permissive=0
01-04 08:50:29.095 I/auditd ( 1464): type=1400 audit(0.0:112): avc: denied { read write } for comm="imsdatadaemon" name="diag" dev="tmpfs" ino=11406 scontext=u:r:vendor_ims:s0 tcontext=u:object_r:vendor_diag_device:s0 tclass=chr_file permissive=0
01-04 08:50:29.095 I/auditd ( 1464): type=1400 audit(0.0:113): avc: denied { read write } for comm="imsdatadaemon" name="diag" dev="tmpfs" ino=11406 scontext=u:r:vendor_ims:s0 tcontext=u:object_r:vendor_diag_device:s0 tclass=chr_file permissive=0
01-04 08:50:29.095 I/auditd ( 1464): type=1400 audit(0.0:114): avc: denied { read write } for comm="imsdatadaemon" name="diag" dev="tmpfs" ino=11406 scontext=u:r:vendor_ims:s0 tcontext=u:object_r:vendor_diag_device:s0 tclass=chr_file permissive=0
01-04 08:50:29.095 I/auditd ( 1464): type=1400 audit(0.0:115): avc: denied { read write } for comm="imsdatadaemon" name="diag" dev="tmpfs" ino=11406 scontext=u:r:vendor_ims:s0 tcontext=u:object_r:vendor_diag_device:s0 tclass=chr_file permissive=0
01-04 08:50:29.095 I/auditd ( 1464): type=1400 audit(0.0:116): avc: denied { read write } for comm="imsdatadaemon" name="diag" dev="tmpfs" ino=11406 scontext=u:r:vendor_ims:s0 tcontext=u:object_r:vendor_diag_device:s0 tclass=chr_file permissive=0
01-04 08:50:29.095 I/auditd ( 1464): type=1400 audit(0.0:117): avc: denied { read write } for comm="imsdatadaemon" name="diag" dev="tmpfs" ino=11406 scontext=u:r:vendor_ims:s0 tcontext=u:object_r:vendor_diag_device:s0 tclass=chr_file permissive=0
01-04 08:50:29.095 I/auditd ( 1464): type=1400 audit(0.0:118): avc: denied { read write } for comm="imsdatadaemon" name="diag" dev="tmpfs" ino=11406 scontext=u:r:vendor_ims:s0 tcontext=u:object_r:vendor_diag_device:s0 tclass=chr_file permissive=0
01-04 08:50:29.095 I/auditd ( 1464): type=1400 audit(0.0:119): avc: denied { read write } for comm="imsdatadaemon" name="diag" dev="tmpfs" ino=11406 scontext=u:r:vendor_ims:s0 tcontext=u:object_r:vendor_diag_device:s0 tclass=chr_file permissive=0
01-04 08:50:29.095 I/auditd ( 1464): type=1400 audit(0.0:120): avc: denied { read write } for comm="imsdatadaemon" name="diag" dev="tmpfs" ino=11406 scontext=u:r:vendor_ims:s0 tcontext=u:object_r:vendor_diag_device:s0 tclass=chr_file permissive=0
01-04 08:50:29.095 I/auditd ( 1464): type=1400 audit(0.0:121): avc: denied { read write } for comm="imsdatadaemon" name="diag" dev="tmpfs" ino=11406 scontext=u:r:vendor_ims:s0 tcontext=u:object_r:vendor_diag_device:s0 tclass=chr_file permissive=0
01-04 08:50:29.095 I/auditd ( 1464): type=1400 audit(0.0:122): avc: denied { read write } for comm="imsdatadaemon" name="diag" dev="tmpfs" ino=11406 scontext=u:r:vendor_ims:s0 tcontext=u:object_r:vendor_diag_device:s0 tclass=chr_file permissive=0
01-04 08:50:29.095 I/auditd ( 1464): type=1400 audit(0.0:123): avc: denied { read write } for comm="imsdatadaemon" name="diag" dev="tmpfs" ino=11406 scontext=u:r:vendor_ims:s0 tcontext=u:object_r:vendor_diag_device:s0 tclass=chr_file permissive=0
01-04 08:50:29.095 I/auditd ( 1464): type=1400 audit(0.0:124): avc: denied { read write } for comm="imsdatadaemon" name="diag" dev="tmpfs" ino=11406 scontext=u:r:vendor_ims:s0 tcontext=u:object_r:vendor_diag_device:s0 tclass=chr_file permissive=0
01-04 08:50:29.095 I/auditd ( 1464): type=1400 audit(0.0:125): avc: denied { read write } for comm="imsdatadaemon" name="diag" dev="tmpfs" ino=11406 scontext=u:r:vendor_ims:s0 tcontext=u:object_r:vendor_diag_device:s0 tclass=chr_file permissive=0
01-04 08:50:29.095 I/auditd ( 1464): type=1400 audit(0.0:126): avc: denied { read write } for comm="imsdatadaemon" name="diag" dev="tmpfs" ino=11406 scontext=u:r:vendor_ims:s0 tcontext=u:object_r:vendor_diag_device:s0 tclass=chr_file permissive=0
01-04 08:50:29.095 I/auditd ( 1464): type=1400 audit(0.0:127): avc: denied { read write } for comm="imsdatadaemon" name="diag" dev="tmpfs" ino=11406 scontext=u:r:vendor_ims:s0 tcontext=u:object_r:vendor_diag_device:s0 tclass=chr_file permissive=0
01-04 08:50:29.095 I/auditd ( 1464): type=1400 audit(0.0:128): avc: denied { read write } for comm="imsdatadaemon" name="diag" dev="tmpfs" ino=11406 scontext=u:r:vendor_ims:s0 tcontext=u:object_r:vendor_diag_device:s0 tclass=chr_file permissive=0
01-04 08:50:29.099 I/auditd ( 1464): type=1400 audit(0.0:129): avc: denied { read write } for comm="imsdatadaemon" name="diag" dev="tmpfs" ino=11406 scontext=u:r:vendor_ims:s0 tcontext=u:object_r:vendor_diag_device:s0 tclass=chr_file permissive=0
01-04 08:50:29.099 I/auditd ( 1464): type=1400 audit(0.0:130): avc: denied { read write } for comm="imsdatadaemon" name="diag" dev="tmpfs" ino=11406 scontext=u:r:vendor_ims:s0 tcontext=u:object_r:vendor_diag_device:s0 tclass=chr_file permissive=0
01-04 08:50:29.099 I/auditd ( 1464): type=1400 audit(0.0:131): avc: denied { read write } for comm="imsdatadaemon" name="diag" dev="tmpfs" ino=11406 scontext=u:r:vendor_ims:s0 tcontext=u:object_r:vendor_diag_device:s0 tclass=chr_file permissive=0
01-04 08:50:29.207 I/auditd ( 1524): type=1400 audit(0.0:132): avc: denied { read } for comm="ip" name="rt_tables" dev="dm-10" ino=344 scontext=u:r:ethernet:s0 tcontext=u:object_r:net_data_file:s0 tclass=file permissive=0
01-04 08:50:29.223 I/auditd ( 1525): type=1400 audit(0.0:133): avc: denied { read } for comm="ip" name="rt_tables" dev="dm-10" ino=344 scontext=u:r:ethernet:s0 tcontext=u:object_r:net_data_file:s0 tclass=file permissive=0
01-04 08:50:29.267 I/auditd ( 1002): type=1400 audit(0.0:134): avc: denied { read write } for comm="sensors.qti" name="diag" dev="tmpfs" ino=11406 scontext=u:r:vendor_sensors_qti:s0 tcontext=u:object_r:vendor_diag_device:s0 tclass=chr_file permissive=0
01-04 08:50:29.339 I/auditd ( 1264): type=1400 audit(0.0:135): avc: denied { read } for comm="Binder:1264_1" name="persist" dev="tmpfs" ino=12333 scontext=u:r:installd:s0 tcontext=u:object_r:tmpfs:s0 tclass=lnk_file permissive=0
01-04 08:50:29.339 I/auditd ( 1264): type=1400 audit(0.0:136): avc: denied { read } for comm="Binder:1264_1" name="persist" dev="tmpfs" ino=12333 scontext=u:r:installd:s0 tcontext=u:object_r:tmpfs:s0 tclass=lnk_file permissive=0
01-04 08:50:29.351 I/auditd ( 1356): type=1400 audit(0.0:137): avc: denied { read write } for comm="qfp-daemon" name="diag" dev="tmpfs" ino=11406 scontext=u:r:vendor_qfp-daemon:s0 tcontext=u:object_r:vendor_diag_device:s0 tclass=chr_file permissive=0
01-04 08:50:29.379 I/auditd ( 1557): type=1400 audit(0.0:138): avc: denied { read } for comm="ip" name="rt_tables" dev="dm-10" ino=344 scontext=u:r:ethernet:s0 tcontext=u:object_r:net_data_file:s0 tclass=file permissive=0
01-04 08:50:29.387 I/auditd ( 1558): type=1400 audit(0.0:139): avc: denied { read } for comm="ip" name="rt_tables" dev="dm-10" ino=344 scontext=u:r:ethernet:s0 tcontext=u:object_r:net_data_file:s0 tclass=file permissive=0
01-04 08:50:29.419 I/auditd ( 566): type=1400 audit(0.0:140): avc: denied { read } for comm="Binder:566_2" name="wakeup58" dev="sysfs" ino=71800 scontext=u:r:system_suspend:s0 tcontext=u:object_r:sysfs:s0 tclass=dir permissive=0
01-04 08:50:29.419 I/auditd ( 566): type=1400 audit(0.0:141): avc: denied { read } for comm="Binder:566_2" name="wakeup4" dev="sysfs" ino=47054 scontext=u:r:system_suspend:s0 tcontext=u:object_r:sysfs:s0 tclass=dir permissive=0
01-04 08:50:29.419 I/auditd ( 566): type=1400 audit(0.0:142): avc: denied { read } for comm="Binder:566_2" name="wakeup76" dev="sysfs" ino=76740 scontext=u:r:system_suspend:s0 tcontext=u:object_r:sysfs:s0 tclass=dir permissive=0
01-04 08:50:29.419 I/auditd ( 566): type=1400 audit(0.0:143): avc: denied { read } for comm="Binder:566_2" name="wakeup28" dev="sysfs" ino=53259 scontext=u:r:system_suspend:s0 tcontext=u:object_r:sysfs:s0 tclass=dir permissive=0
01-04 08:50:29.419 I/auditd ( 566): type=1400 audit(0.0:144): avc: denied { read } for comm="Binder:566_2" name="wakeup56" dev="sysfs" ino=71728 scontext=u:r:system_suspend:s0 tcontext=u:object_r:sysfs:s0 tclass=dir permissive=0
01-04 08:50:29.419 I/auditd ( 566): type=1400 audit(0.0:145): avc: denied { read } for comm="Binder:566_2" name="wakeup2" dev="sysfs" ino=46578 scontext=u:r:system_suspend:s0 tcontext=u:object_r:sysfs:s0 tclass=dir permissive=0
01-04 08:50:29.419 I/auditd ( 566): type=1400 audit(0.0:146): avc: denied { read } for comm="Binder:566_2" name="wakeup36" dev="sysfs" ino=62492 scontext=u:r:system_suspend:s0 tcontext=u:object_r:sysfs:s0 tclass=dir permissive=0
01-04 08:50:29.419 I/auditd ( 566): type=1400 audit(0.0:147): avc: denied { read } for comm="Binder:566_2" name="wakeup64" dev="sysfs" ino=72028 scontext=u:r:system_suspend:s0 tcontext=u:object_r:sysfs:s0 tclass=dir permissive=0
01-04 08:50:29.419 I/auditd ( 566): type=1400 audit(0.0:148): avc: denied { read } for comm="Binder:566_2" name="wakeup54" dev="sysfs" ino=71656 scontext=u:r:system_suspend:s0 tcontext=u:object_r:sysfs:s0 tclass=dir permissive=0
01-04 08:50:29.419 I/auditd ( 566): type=1400 audit(0.0:149): avc: denied { read } for comm="Binder:566_2" name="wakeup44" dev="sysfs" ino=66344 scontext=u:r:system_suspend:s0 tcontext=u:object_r:sysfs:s0 tclass=dir permissive=0
01-04 08:50:29.419 I/auditd ( 566): type=1400 audit(0.0:150): avc: denied { read } for comm="Binder:566_2" name="wakeup0" dev="sysfs" ino=43786 scontext=u:r:system_suspend:s0 tcontext=u:object_r:sysfs:s0 tclass=dir permissive=0
01-04 08:50:29.419 I/auditd ( 566): type=1400 audit(0.0:151): avc: denied { read } for comm="Binder:566_2" name="wakeup62" dev="sysfs" ino=71956 scontext=u:r:system_suspend:s0 tcontext=u:object_r:sysfs:s0 tclass=dir permissive=0
01-04 08:50:29.419 I/auditd ( 566): type=1400 audit(0.0:152): avc: denied { read } for comm="Binder:566_2" name="wakeup52" dev="sysfs" ino=71584 scontext=u:r:system_suspend:s0 tcontext=u:object_r:sysfs:s0 tclass=dir permissive=0
01-04 08:50:29.419 I/auditd ( 566): type=1400 audit(0.0:153): avc: denied { read } for comm="Binder:566_2" name="wakeup9" dev="sysfs" ino=52243 scontext=u:r:system_suspend:s0 tcontext=u:object_r:sysfs:s0 tclass=dir permissive=0
01-04 08:50:29.419 I/auditd ( 566): type=1400 audit(0.0:154): avc: denied { read } for comm="Binder:566_2" name="wakeup42" dev="sysfs" ino=63863 scontext=u:r:system_suspend:s0 tcontext=u:object_r:sysfs:s0 tclass=dir permissive=0
01-04 08:50:29.423 I/auditd ( 566): type=1400 audit(0.0:155): avc: denied { read } for comm="Binder:566_2" name="wakeup32" dev="sysfs" ino=53649 scontext=u:r:system_suspend:s0 tcontext=u:object_r:sysfs:s0 tclass=dir permissive=0
01-04 08:50:29.423 I/auditd ( 566): type=1400 audit(0.0:156): avc: denied { read } for comm="Binder:566_2" name="wakeup60" dev="sysfs" ino=71884 scontext=u:r:system_suspend:s0 tcontext=u:object_r:sysfs:s0 tclass=dir permissive=0
01-04 08:50:29.423 I/auditd ( 566): type=1400 audit(0.0:157): avc: denied { read } for comm="Binder:566_2" name="wakeup7" dev="sysfs" ino=52155 scontext=u:r:system_suspend:s0 tcontext=u:object_r:sysfs:s0 tclass=dir permissive=0
01-04 08:50:29.423 I/auditd ( 566): type=1400 audit(0.0:158): avc: denied { read } for comm="Binder:566_2" name="wakeup40" dev="sysfs" ino=63161 scontext=u:r:system_suspend:s0 tcontext=u:object_r:sysfs:s0 tclass=dir permissive=0
01-04 08:50:29.423 I/auditd ( 566): type=1400 audit(0.0:159): avc: denied { read } for comm="Binder:566_2" name="wakeup30" dev="sysfs" ino=53470 scontext=u:r:system_suspend:s0 tcontext=u:object_r:sysfs:s0 tclass=dir permissive=0
01-04 08:50:29.423 I/auditd ( 566): type=1400 audit(0.0:160): avc: denied { read } for comm="Binder:566_2" name="wakeup59" dev="sysfs" ino=71836 scontext=u:r:system_suspend:s0 tcontext=u:object_r:sysfs:s0 tclass=dir permissive=0
01-04 08:50:29.423 I/auditd ( 566): type=1400 audit(0.0:161): avc: denied { read } for comm="Binder:566_2" name="wakeup49" dev="sysfs" ino=67512 scontext=u:r:system_suspend:s0 tcontext=u:object_r:sysfs:s0 tclass=dir permissive=0
01-04 08:50:29.423 I/auditd ( 566): type=1400 audit(0.0:162): avc: denied { read } for comm="Binder:566_2" name="wakeup5" dev="sysfs" ino=47086 scontext=u:r:system_suspend:s0 tcontext=u:object_r:sysfs:s0 tclass=dir permissive=0
01-04 08:50:29.423 I/auditd ( 566): type=1400 audit(0.0:163): avc: denied { read } for comm="Binder:566_2" name="wakeup77" dev="sysfs" ino=76802 scontext=u:r:system_suspend:s0 tcontext=u:object_r:sysfs:s0 tclass=dir permissive=0
01-04 08:50:29.423 I/auditd ( 566): type=1400 audit(0.0:164): avc: denied { read } for comm="Binder:566_2" name="wakeup39" dev="sysfs" ino=63125 scontext=u:r:system_suspend:s0 tcontext=u:object_r:sysfs:s0 tclass=dir permissive=0
01-04 08:50:29.423 I/auditd ( 566): type=1400 audit(0.0:165): avc: denied { read } for comm="Binder:566_2" name="wakeup29" dev="sysfs" ino=53368 scontext=u:r:system_suspend:s0 tcontext=u:object_r:sysfs:s0 tclass=dir permissive=0
01-04 08:50:29.423 I/auditd ( 566): type=1400 audit(0.0:166): avc: denied { read } for comm="Binder:566_2" name="wakeup57" dev="sysfs" ino=71764 scontext=u:r:system_suspend:s0 tcontext=u:object_r:sysfs:s0 tclass=dir permissive=0
01-04 08:50:29.423 I/auditd ( 566): type=1400 audit(0.0:167): avc: denied { read } for comm="Binder:566_2" name="wakeup19" dev="sysfs" ino=52688 scontext=u:r:system_suspend:s0 tcontext=u:object_r:sysfs:s0 tclass=dir permissive=0
01-04 08:50:29.423 I/auditd ( 566): type=1400 audit(0.0:168): avc: denied { read } for comm="Binder:566_2" name="wakeup37" dev="sysfs" ino=62528 scontext=u:r:system_suspend:s0 tcontext=u:object_r:sysfs:s0 tclass=dir permissive=0
01-04 08:50:29.423 I/auditd ( 566): type=1400 audit(0.0:169): avc: denied { read } for comm="Binder:566_2" name="wakeup27" dev="sysfs" ino=53225 scontext=u:r:system_suspend:s0 tcontext=u:object_r:sysfs:s0 tclass=dir permissive=0
01-04 08:50:29.423 I/auditd ( 566): type=1400 audit(0.0:170): avc: denied { read } for comm="Binder:566_2" name="wakeup55" dev="sysfs" ino=71692 scontext=u:r:system_suspend:s0 tcontext=u:object_r:sysfs:s0 tclass=dir permissive=0
01-04 08:50:29.423 I/auditd ( 566): type=1400 audit(0.0:171): avc: denied { read } for comm="Binder:566_2" name="wakeup17" dev="sysfs" ino=52612 scontext=u:r:system_suspend:s0 tcontext=u:object_r:sysfs:s0 tclass=dir permissive=0
01-04 08:50:29.423 I/auditd ( 566): type=1400 audit(0.0:172): avc: denied { read } for comm="Binder:566_2" name="wakeup45" dev="sysfs" ino=66362 scontext=u:r:system_suspend:s0 tcontext=u:object_r:sysfs:s0 tclass=dir permissive=0
01-04 08:50:29.423 I/auditd ( 566): type=1400 audit(0.0:173): avc: denied { read } for comm="Binder:566_2" name="wakeup1" dev="sysfs" ino=43814 scontext=u:r:system_suspend:s0 tcontext=u:object_r:sysfs:s0 tclass=dir permissive=0
01-04 08:50:29.423 I/auditd ( 566): type=1400 audit(0.0:174): avc: denied { read } for comm="Binder:566_2" name="wakeup63" dev="sysfs" ino=71992 scontext=u:r:system_suspend:s0 tcontext=u:object_r:sysfs:s0 tclass=dir permissive=0
01-04 08:50:29.423 I/auditd ( 566): type=1400 audit(0.0:175): avc: denied { read } for comm="Binder:566_2" name="wakeup25" dev="sysfs" ino=53022 scontext=u:r:system_suspend:s0 tcontext=u:object_r:sysfs:s0 tclass=dir permissive=0
01-04 08:50:29.423 I/auditd ( 566): type=1400 audit(0.0:176): avc: denied { read } for comm="Binder:566_2" name="wakeup53" dev="sysfs" ino=71620 scontext=u:r:system_suspend:s0 tcontext=u:object_r:sysfs:s0 tclass=dir permissive=0
01-04 08:50:29.423 I/auditd ( 566): type=1400 audit(0.0:177): avc: denied { read } for comm="Binder:566_2" name="wakeup15" dev="sysfs" ino=52512 scontext=u:r:system_suspend:s0 tcontext=u:object_r:sysfs:s0 tclass=dir permissive=0
01-04 08:50:29.423 I/auditd ( 566): type=1400 audit(0.0:178): avc: denied { read } for comm="Binder:566_2" name="wakeup33" dev="sysfs" ino=57128 scontext=u:r:system_suspend:s0 tcontext=u:object_r:sysfs:s0 tclass=dir permissive=0
01-04 08:50:29.423 I/auditd ( 566): type=1400 audit(0.0:179): avc: denied { read } for comm="Binder:566_2" name="wakeup61" dev="sysfs" ino=71920 scontext=u:r:system_suspend:s0 tcontext=u:object_r:sysfs:s0 tclass=dir permissive=0
01-04 08:50:29.423 I/auditd ( 566): type=1400 audit(0.0:180): avc: denied { read } for comm="Binder:566_2" name="wakeup23" dev="sysfs" ino=52923 scontext=u:r:system_suspend:s0 tcontext=u:object_r:sysfs:s0 tclass=dir permissive=0
01-04 08:50:29.423 I/auditd ( 566): type=1400 audit(0.0:181): avc: denied { read } for comm="Binder:566_2" name="wakeup51" dev="sysfs" ino=71548 scontext=u:r:system_suspend:s0 tcontext=u:object_r:sysfs:s0 tclass=dir permissive=0
01-04 08:50:29.423 I/auditd ( 566): type=1400 audit(0.0:182): avc: denied { read } for comm="Binder:566_2" name="wakeup8" dev="sysfs" ino=52181 scontext=u:r:system_suspend:s0 tcontext=u:object_r:sysfs:s0 tclass=dir permissive=0
01-04 08:50:29.423 I/auditd ( 566): type=1400 audit(0.0:183): avc: denied { read } for comm="Binder:566_2" name="wakeup13" dev="sysfs" ino=52404 scontext=u:r:system_suspend:s0 tcontext=u:object_r:sysfs:s0 tclass=dir permissive=0
01-04 08:50:29.423 I/auditd ( 566): type=1400 audit(0.0:184): avc: denied { read } for comm="Binder:566_2" name="wakeup41" dev="sysfs" ino=63225 scontext=u:r:system_suspend:s0 tcontext=u:object_r:sysfs:s0 tclass=dir permissive=0
01-04 08:50:29.423 I/auditd ( 566): type=1400 audit(0.0:185): avc: denied { read } for comm="Binder:566_2" name="wakeup31" dev="sysfs" ino=53527 scontext=u:r:system_suspend:s0 tcontext=u:object_r:sysfs:s0 tclass=dir permissive=0
01-04 08:50:29.423 I/auditd ( 566): type=1400 audit(0.0:186): avc: denied { read } for comm="Binder:566_2" name="wakeup21" dev="sysfs" ino=52763 scontext=u:r:system_suspend:s0 tcontext=u:object_r:sysfs:s0 tclass=dir permissive=0
01-04 08:50:29.423 I/auditd ( 566): type=1400 audit(0.0:187): avc: denied { read } for comm="Binder:566_2" name="wakeup6" dev="sysfs" ino=52129 scontext=u:r:system_suspend:s0 tcontext=u:object_r:sysfs:s0 tclass=dir permissive=0
01-04 08:50:29.423 I/auditd ( 566): type=1400 audit(0.0:188): avc: denied { read } for comm="Binder:566_2" name="wakeup78" dev="sysfs" ino=76866 scontext=u:r:system_suspend:s0 tcontext=u:object_r:sysfs:s0 tclass=dir permissive=0
01-04 08:50:29.423 I/auditd ( 566): type=1400 audit(0.0:189): avc: denied { read } for comm="Binder:566_2" name="wakeup11" dev="sysfs" ino=52319 scontext=u:r:system_suspend:s0 tcontext=u:object_r:sysfs:s0 tclass=dir permissive=0
01-04 08:50:29.437 I/commit_sys_config_file( 1240): [batterystats,7]
01-04 08:50:29.438 I/commit_sys_config_file( 1240): [batterystats,1]
01-04 08:50:29.445 I/service_manager_stats( 1240): [100,7,9476]
01-04 08:50:29.471 I/auditd ( 1002): type=1400 audit(0.0:190): avc: denied { read write } for comm="sensors.qti" name="diag" dev="tmpfs" ino=11406 scontext=u:r:vendor_sensors_qti:s0 tcontext=u:object_r:vendor_diag_device:s0 tclass=chr_file permissive=0
01-04 08:50:29.473 I/rescue_note( 1240): [0,1,9504]
01-04 08:50:29.492 I/am_wtf ( 1240): [0,1240,system_server,-1,DisplayDeviceConfig,requesting nits when no mapping exists.]
01-04 08:50:29.493 I/am_wtf ( 1240): [0,1240,system_server,-1,DisplayDeviceConfig,requesting nits when no mapping exists.]
01-04 08:50:29.501 I/boot_progress_pms_start( 1240): 9532
01-04 08:50:29.507 I/auditd ( 1589): type=1400 audit(0.0:191): avc: denied { read } for comm="ip" name="rt_tables" dev="dm-10" ino=344 scontext=u:r:ethernet:s0 tcontext=u:object_r:net_data_file:s0 tclass=file permissive=0
01-04 08:50:29.523 I/auditd ( 1594): type=1400 audit(0.0:192): avc: denied { read } for comm="ip" name="rt_tables" dev="dm-10" ino=344 scontext=u:r:ethernet:s0 tcontext=u:object_r:net_data_file:s0 tclass=file permissive=0
01-04 08:50:29.607 I/auditd ( 1608): type=1400 audit(0.0:193): avc: denied { read } for comm="ip" name="rt_tables" dev="dm-10" ino=344 scontext=u:r:ethernet:s0 tcontext=u:object_r:net_data_file:s0 tclass=file permissive=0
01-04 08:50:29.614 I/boot_progress_pms_system_scan_start( 1240): 9645
01-04 08:50:29.615 I/auditd ( 1609): type=1400 audit(0.0:194): avc: denied { read } for comm="ip" name="rt_tables" dev="dm-10" ino=344 scontext=u:r:ethernet:s0 tcontext=u:object_r:net_data_file:s0 tclass=file permissive=0
01-04 08:50:29.659 I/auditd ( 800): type=1400 audit(0.0:195): avc: denied { read write } for comm="HwBinder:800_2" name="diag" dev="tmpfs" ino=11406 scontext=u:r:hal_audio_default:s0 tcontext=u:object_r:vendor_diag_device:s0 tclass=chr_file permissive=0
01-04 08:50:29.671 I/auditd ( 1002): type=1400 audit(0.0:196): avc: denied { read write } for comm="sensors.qti" name="diag" dev="tmpfs" ino=11406 scontext=u:r:vendor_sensors_qti:s0 tcontext=u:object_r:vendor_diag_device:s0 tclass=chr_file permissive=0
01-04 08:50:29.767 I/auditd ( 1636): type=1400 audit(0.0:197): avc: denied { read } for comm="ip" name="rt_tables" dev="dm-10" ino=344 scontext=u:r:ethernet:s0 tcontext=u:object_r:net_data_file:s0 tclass=file permissive=0
01-04 08:50:29.775 I/auditd ( 1637): type=1400 audit(0.0:198): avc: denied { read } for comm="ip" name="rt_tables" dev="dm-10" ino=344 scontext=u:r:ethernet:s0 tcontext=u:object_r:net_data_file:s0 tclass=file permissive=0
01-04 08:50:29.871 I/auditd ( 1002): type=1400 audit(0.0:199): avc: denied { read write } for comm="sensors.qti" name="diag" dev="tmpfs" ino=11406 scontext=u:r:vendor_sensors_qti:s0 tcontext=u:object_r:vendor_diag_device:s0 tclass=chr_file permissive=0
01-04 08:50:29.919 I/auditd ( 1650): type=1400 audit(0.0:200): avc: denied { read } for comm="ip" name="rt_tables" dev="dm-10" ino=344 scontext=u:r:ethernet:s0 tcontext=u:object_r:net_data_file:s0 tclass=file permissive=0
01-04 08:50:29.935 I/auditd ( 1651): type=1400 audit(0.0:201): avc: denied { read } for comm="ip" name="rt_tables" dev="dm-10" ino=344 scontext=u:r:ethernet:s0 tcontext=u:object_r:net_data_file:s0 tclass=file permissive=0
01-04 08:50:29.935 I/auditd ( 1306): type=1400 audit(0.0:202): avc: denied { write } for comm="sh" name="ip_forward" dev="proc" ino=16563 scontext=u:r:ethernet:s0 tcontext=u:object_r:proc_net:s0 tclass=file permissive=0
01-04 08:50:29.935 I/auditd ( 1306): type=1400 audit(0.0:203): avc: denied { write } for comm="sh" name="ip_default_ttl" dev="proc" ino=25977 scontext=u:r:ethernet:s0 tcontext=u:object_r:proc_net:s0 tclass=file permissive=0
01-04 08:50:29.935 I/auditd ( 1306): type=1400 audit(0.0:204): avc: denied { write } for comm="sh" name="tcp_keepalive_probes" dev="proc" ino=25978 scontext=u:r:ethernet:s0 tcontext=u:object_r:proc_net:s0 tclass=file permissive=0
01-04 08:50:29.935 I/auditd ( 1306): type=1400 audit(0.0:205): avc: denied { write } for comm="sh" name="tcp_keepalive_intvl" dev="proc" ino=25979 scontext=u:r:ethernet:s0 tcontext=u:object_r:proc_net:s0 tclass=file permissive=0
01-04 08:50:29.935 I/auditd ( 1306): type=1400 audit(0.0:206): avc: denied { write } for comm="sh" name="tcp_keepalive_time" dev="proc" ino=25980 scontext=u:r:ethernet:s0 tcontext=u:object_r:proc_net:s0 tclass=file permissive=0
01-04 08:50:29.935 I/auditd ( 1306): type=1400 audit(0.0:207): avc: denied { write } for comm="sh" name="tcp_rmem" dev="proc" ino=25981 scontext=u:r:ethernet:s0 tcontext=u:object_r:proc_net:s0 tclass=file permissive=0
01-04 08:50:29.935 I/auditd ( 1306): type=1400 audit(0.0:208): avc: denied { write } for comm="sh" name="tcp_wmem" dev="proc" ino=25982 scontext=u:r:ethernet:s0 tcontext=u:object_r:proc_net:s0 tclass=file permissive=0
01-04 08:50:29.935 I/auditd ( 1306): type=1400 audit(0.0:209): avc: denied { write } for comm="sh" name="tcp_synack_retries" dev="proc" ino=21567 scontext=u:r:ethernet:s0 tcontext=u:object_r:proc_net:s0 tclass=file permissive=0
