02-09 04:41:58.888 W/InputManager-JNI( 1240): Input channel object '1edfb86 EdgeBackGestureHandler0 (client)' was disposed without first being removed with the input manager!
02-09 04:41:58.888 W/WindowManager( 1240): updateScale : 0.79357797
02-09 04:41:58.895 W/FreeFormWindowHelper( 1240): Current Display FreeFormTask is Task{30b8a4c #79 type=standard A=10064:com.android.gallery3d U=0 visible=false mode=freeform translucent=true sz=1}
02-09 04:41:58.896 E/ThemeUtils( 5563): View class com.android.quickstep.views.ClearAllImageView is an AppCompat widget that can only be used with a Theme.AppCompat theme (or descendant).
02-09 04:41:58.900 W/WindowManager( 1240): updateScale : 0.79357797
02-09 04:41:58.901 I/InputDispatcher( 1240): Created monitor edge-swipe for display 0, gesture=true, pid=2005
02-09 04:41:58.903 D/EditModeHelper( 5563): setHotseatVisibility: 0
02-09 04:41:58.905 D/Launcher.Model( 5563): startLoader
02-09 04:41:58.905 D/Launcher.Model( 5563): java.lang.Exception
02-09 04:41:58.905 D/Launcher.Model( 5563): at com.android.launcher3.LauncherModel.startLoader(LauncherModel.java:353)
02-09 04:41:58.905 D/Launcher.Model( 5563): at com.android.launcher3.LauncherModel.addCallbacksAndLoad(LauncherModel.java:333)
02-09 04:41:58.905 D/Launcher.Model( 5563): at com.android.launcher3.Launcher.onCreate(Launcher.java:526)
02-09 04:41:58.905 D/Launcher.Model( 5563): at com.android.launcher3.BaseQuickstepLauncher.onCreate(BaseQuickstepLauncher.java:147)
02-09 04:41:58.905 D/Launcher.Model( 5563): at android.app.Activity.performCreate(Activity.java:8076)
02-09 04:41:58.905 D/Launcher.Model( 5563): at android.app.Activity.performCreate(Activity.java:8056)
02-09 04:41:58.905 D/Launcher.Model( 5563): at android.app.Instrumentation.callActivityOnCreate(Instrumentation.java:1330)
02-09 04:41:58.905 D/Launcher.Model( 5563): at android.app.ActivityThread.performLaunchActivity(ActivityThread.java:3609)
02-09 04:41:58.905 D/Launcher.Model( 5563): at android.app.ActivityThread.handleLaunchActivity(ActivityThread.java:3793)
02-09 04:41:58.905 D/Launcher.Model( 5563): at android.app.ActivityThread.handleRelaunchActivityInner(ActivityThread.java:5739)
02-09 04:41:58.905 D/Launcher.Model( 5563): at android.app.ActivityThread.handleRelaunchActivity(ActivityThread.java:5631)
02-09 04:41:58.905 D/Launcher.Model( 5563): at android.app.servertransaction.ActivityRelaunchItem.execute(ActivityRelaunchItem.java:71)
02-09 04:41:58.905 D/Launcher.Model( 5563): at android.app.servertransaction.ActivityTransactionItem.execute(ActivityTransactionItem.java:45)
02-09 04:41:58.905 D/Launcher.Model( 5563): at android.app.servertransaction.TransactionExecutor.executeCallbacks(TransactionExecutor.java:135)
02-09 04:41:58.905 D/Launcher.Model( 5563): at android.app.servertransaction.TransactionExecutor.execute(TransactionExecutor.java:95)
02-09 04:41:58.905 D/Launcher.Model( 5563): at android.app.ActivityThread$H.handleMessage(ActivityThread.java:2211)
02-09 04:41:58.905 D/Launcher.Model( 5563): at android.os.Handler.dispatchMessage(Handler.java:106)
02-09 04:41:58.905 D/Launcher.Model( 5563): at android.os.Looper.loopOnce(Looper.java:201)
02-09 04:41:58.905 D/Launcher.Model( 5563): at android.os.Looper.loop(Looper.java:288)
02-09 04:41:58.905 D/Launcher.Model( 5563): at android.app.ActivityThread.main(ActivityThread.java:7880)
02-09 04:41:58.905 D/Launcher.Model( 5563): at java.lang.reflect.Method.invoke(Native Method)
02-09 04:41:58.905 D/Launcher.Model( 5563): at com.android.internal.os.RuntimeInit$MethodAndArgsCaller.run(RuntimeInit.java:548)
02-09 04:41:58.905 D/Launcher.Model( 5563): at com.android.internal.os.ZygoteInit.main(ZygoteInit.java:1009)
02-09 04:41:58.906 D/LoaderTask( 5563): loadWorkspace: loading default favorites
02-09 04:41:58.906 D/LauncherProvider( 5563): call: method=load_default_favorites,arg=null,extras=null
02-09 04:41:58.906 D/NavigationModeController( 2005): getCurrentUserContext: contextUser=0 currentUser=0
02-09 04:41:58.909 D/ProtectUartService( 2367): received RegisterListener token:LAUNCHER_VOLTAGE_PROTECT
02-09 04:41:58.909 I/wm_on_create_called( 5563): [208887896,com.android.launcher3.uioverrides.QuickstepLauncher,performCreate]
02-09 04:41:58.909 I/wm_on_start_called( 5563): [208887896,com.android.launcher3.uioverrides.QuickstepLauncher,handleStartActivity]
02-09 04:41:58.910 I/wm_on_resume_called( 5563): [208887896,com.android.launcher3.uioverrides.QuickstepLauncher,LIFECYCLER_RESUME_ACTIVITY]
02-09 04:41:58.912 W/WindowManager( 1240): updateScale : 0.79357797
02-09 04:41:58.915 D/BaseIconFactory( 5563): normalizeAndWrapToAdaptiveIcon: scale=0.80950594
02-09 04:41:58.916 I/wm_on_paused_called( 5563): [208887896,com.android.launcher3.uioverrides.QuickstepLauncher,performPause]
02-09 04:41:58.920 W/WindowManager( 1240): updateScale : 0.79357797
02-09 04:41:58.920 D/BaseIconFactory( 5563): normalizeAndWrapToAdaptiveIcon: scale=0.80950594
02-09 04:41:58.923 W/FreeFormWindowHelper( 1240): Current Display FreeFormTask is Task{30b8a4c #79 type=standard A=10064:com.android.gallery3d U=0 visible=false mode=freeform translucent=true sz=1}
02-09 04:41:58.924 D/FreeWindowContainer( 5563): reloadTask: TaskInfo{userId=0 taskId=79 displayId=0 isRunning=true baseIntent=Intent { flg=0x10008000 cmp=com.android.gallery3d/.app.GalleryActivity } baseActivity=ComponentInfo{com.android.gallery3d/com.android.gallery3d.app.GalleryActivity} topActivity=ComponentInfo{com.android.gallery3d/com.android.gallery3d.app.GalleryActivity} origActivity=null realActivity=ComponentInfo{com.android.gallery3d/com.android.gallery3d.app.GalleryActivity} numActivities=1 lastActiveTime=1207696 supportsSplitScreenMultiWindow=true supportsMultiWindow=true resizeMode=1 isResizeable=true token=WCT{android.window.IWindowContainerToken$Stub$Proxy@5e1c9b1} topActivityType=1 pictureInPictureParams=PictureInPictureParams( aspectRatio=null sourceRectHint=null hasSetActions=false isAutoPipEnabled=false isSeamlessResizeEnabled=true) displayCutoutSafeInsets=null topActivityInfo=ActivityInfo{c7cfe96 com.android.gallery3d.app.GalleryActivity} launchCookies=[] positionInParent=Point(22, 74) parentTaskId=-1 isFocused=false isVisible=true topActivityInSizeCompat=false locusId= null}
02-09 04:41:58.924 D/BaseIconFactory( 5563): normalizeAndWrapToAdaptiveIcon: scale=0.80950594
02-09 04:41:58.927 D/EditModeHelper( 5563): setHotseatVisibility: 0
02-09 04:41:58.930 D/BaseIconFactory( 5563): normalizeAndWrapToAdaptiveIcon: scale=0.80950594
02-09 04:41:58.930 W/WindowManager( 1240): updateScale : 0.79357797
02-09 04:41:58.932 W/WindowManager( 1240): updateScale : 0.79357797
02-09 04:41:58.932 I/commit_sys_config_file( 1240): [settings-1-0,8]
02-09 04:41:58.933 D/EditModeHelper( 5563): setHotseatVisibility: 0
02-09 04:41:58.933 D/BaseIconFactory( 5563): normalizeAndWrapToAdaptiveIcon: scale=0.80950594
02-09 04:41:58.935 D/BaseIconFactory( 5563): normalizeAndWrapToAdaptiveIcon: scale=0.80950594
02-09 04:41:58.935 W/FreeFormWindowHelper( 1240): Current Display FreeFormTask is Task{30b8a4c #79 type=standard A=10064:com.android.gallery3d U=0 visible=false mode=freeform translucent=true sz=1}
02-09 04:41:58.938 W/WindowManager( 1240): updateScale : 0.79357797
02-09 04:41:58.938 D/BaseIconFactory( 5563): normalizeAndWrapToAdaptiveIcon: scale=0.80950594
02-09 04:41:58.939 W/InputManager-JNI( 1240): Input channel object 'ba9b0d6 SecondaryHomeHandle0 (client)' was disposed without first being removed with the input manager!
02-09 04:41:58.939 W/WindowManager( 1240): updateScale : 0.79357797
02-09 04:41:58.941 W/WindowManager( 1240): updateScale : 0.79357797
02-09 04:41:58.942 W/WindowManager( 1240): updateScale : 0.79357797
02-09 04:41:58.942 D/BaseIconFactory( 5563): normalizeAndWrapToAdaptiveIcon: scale=0.80950594
02-09 04:41:58.944 W/View ( 5563): requestLayout() improperly called by com.android.launcher3.views.NoInsetView{f0e3359 V.ED..... ......ID 0,0-342,1020 #7f09007c app:id/bg_hotseat} during layout: running second layout pass
02-09 04:41:58.945 D/BaseIconFactory( 5563): normalizeAndWrapToAdaptiveIcon: scale=0.80950594
02-09 04:41:58.947 D/LoaderTask( 5563): loadWorkspace
02-09 04:41:58.947 D/LauncherProvider( 5563): call: method=remove_ghost_widgets,arg=null,extras=null
02-09 04:41:58.949 D/LoaderTask( 5563): sanitizeData
02-09 04:41:58.949 D/LoaderTask( 5563): bindWorkspace
02-09 04:41:58.949 D/LoaderTask( 5563): sendFirstScreenActiveInstallsBroadcast
02-09 04:41:58.951 D/StateManager( 5563): goToState: Normal
02-09 04:41:58.951 I/wm_on_stop_called( 5563): [208887896,com.android.launcher3.uioverrides.QuickstepLauncher,STOP_ACTIVITY_ITEM]
02-09 04:41:58.951 D/AvatarViewMixin( 5623): Feature disabled by config. Skipping
02-09 04:41:58.952 I/wm_on_create_called( 5623): [166350893,com.android.settings.Settings,performCreate]
02-09 04:41:58.953 D/QCCAuthMgr( 5464): SMQContentProvider query uri: content://com.qti.smq.Feedback.provider/smq_settings, selection: key=?, uri_matcher: 1
02-09 04:41:58.953 D/QCCAuthMgr( 5464): SMQContentProvider query tableName: smq_settings
02-09 04:41:58.958 D/HotseatController( 5563): adjustPadding: height=800,size=1
02-09 04:41:58.959 D/HotseatController( 5563): adjustPadding: height=800,size=2
02-09 04:41:58.959 D/HotseatController( 5563): adjustPadding: height=800,size=3
02-09 04:41:58.960 D/HotseatController( 5563): adjustPadding: height=800,size=4
02-09 04:41:58.960 D/HotseatController( 5563): clearEmptyGrid: size=4
02-09 04:41:58.960 D/HotseatController( 5563): adjustPadding: height=800,size=4
02-09 04:41:58.964 D/HotseatController( 5563): clearEmptyGrid: size=4
02-09 04:41:58.964 D/HotseatController( 5563): adjustPadding: height=800,size=4
02-09 04:41:58.967 D/HotseatController( 5563): clearEmptyGrid: size=4
02-09 04:41:58.967 D/HotseatController( 5563): adjustPadding: height=800,size=4
02-09 04:41:58.967 D/CompatibilityInfo( 1240): mCompatibilityFlags - 4
02-09 04:41:58.967 D/CompatibilityInfo( 1240): applicationDensity - 240
02-09 04:41:58.968 D/CompatibilityInfo( 1240): applicationScale - 1.0
02-09 04:41:58.971 D/LoaderTask( 5563): step 1 complete
02-09 04:41:58.972 I/GameMode_ActivityMonitoringService( 2082): onForegroundActivitiesChanged uid 10073 pid 5563 fg false
02-09 04:41:58.974 D/PrefCtrlListHelper( 5623): Could not find Context-only controller for pref: com.android.settings.network.TopLevelNetworkEntryPreferenceController
02-09 04:41:58.974 D/PrefCtrlListHelper( 5623): Could not find Context-only controller for pref: com.android.settings.connecteddevice.TopLevelConnectedDevicesPreferenceController
02-09 04:41:58.974 D/PrefCtrlListHelper( 5623): Could not find Context-only controller for pref: com.android.settings.fuelgauge.TopLevelBatteryPreferenceController
02-09 04:41:58.974 D/PrefCtrlListHelper( 5623): Could not find Context-only controller for pref: com.android.settings.deviceinfo.TopLevelStoragePreferenceController
02-09 04:41:58.975 D/PrefCtrlListHelper( 5623): Could not find Context-only controller for pref: com.android.settings.display.TopLevelDisplayPreferenceController
02-09 04:41:58.975 D/PrefCtrlListHelper( 5623): Could not find Context-only controller for pref: com.android.settings.display.TopLevelWallpaperPreferenceController
02-09 04:41:58.975 D/PrefCtrlListHelper( 5623): Could not find Context-only controller for pref: com.android.settings.accessibility.TopLevelAccessibilityPreferenceController
02-09 04:41:58.975 D/PrefCtrlListHelper( 5623): Could not find Context-only controller for pref: com.android.settings.security.TopLevelSecurityEntryPreferenceController
02-09 04:41:58.975 D/PrefCtrlListHelper( 5623): Could not find Context-only controller for pref: com.android.settings.location.TopLevelLocationPreferenceController
02-09 04:41:58.975 D/PrefCtrlListHelper( 5623): Could not find Context-only controller for pref: com.android.settings.accounts.TopLevelAccountEntryPreferenceController
02-09 04:41:58.975 D/PrefCtrlListHelper( 5623): Could not find Context-only controller for pref: com.android.settings.deviceinfo.aboutphone.TopLevelAboutDevicePreferenceController
02-09 04:41:58.975 D/PrefCtrlListHelper( 5623): Could not find Context-only controller for pref: com.android.settings.support.SupportPreferenceController
02-09 04:41:58.976 E/UserRestrictionsUtils( 1240): Unknown restriction queried by uid 1000 (com.android.provision et al): null
02-09 04:41:58.976 E/UserRestrictionsUtils( 1240): Unknown restriction queried by uid 1000 (com.android.provision et al): null
02-09 04:41:58.976 E/UserRestrictionsUtils( 1240): Unknown restriction queried by uid 1000 (com.android.provision et al): null
02-09 04:41:58.976 E/UserRestrictionsUtils( 1240): Unknown restriction queried by uid 1000 (com.android.provision et al): null
02-09 04:41:58.977 E/UserRestrictionsUtils( 1240): Unknown restriction queried by uid 1000 (com.android.provision et al): null
02-09 04:41:58.977 E/UserRestrictionsUtils( 1240): Unknown restriction queried by uid 1000 (com.android.provision et al): null
02-09 04:41:58.977 E/UserRestrictionsUtils( 1240): Unknown restriction queried by uid 1000 (com.android.provision et al): null
02-09 04:41:58.977 I/GameMode_ActivityMonitoringService( 2082): Updating top task to: TaskInfoContainer [topActivity=ComponentInfo{com.android.settings/com.android.settings.Settings}, taskId=80, stackId=80, userId=0, displayId=0, position=7
02-09 04:41:58.977 I/GameMode_ActivityMonitoringService( 2082): Notifying about top task: TaskInfoContainer [topActivity=ComponentInfo{com.android.settings/com.android.settings.Settings}, taskId=80, stackId=80, userId=0, displayId=0, position=7
02-09 04:41:58.977 I/GameMode_ActivityMonitoringService( 2082): WindowMode: 1
02-09 04:41:58.977 E/GameMode_ActivityMonitoringService( 2082): onActivityLaunch:com.android.settings
02-09 04:41:58.977 V/GameMode_GameTypeUtils( 2082): judge isGame:com.android.settings
02-09 04:41:58.977 E/UserRestrictionsUtils( 1240): Unknown restriction queried by uid 1000 (com.android.provision et al): null
02-09 04:41:58.977 V/GameMode_GpuUtils( 2082): fps:60
02-09 04:41:58.978 E/UserRestrictionsUtils( 1240): Unknown restriction queried by uid 1000 (com.android.provision et al): null
02-09 04:41:58.978 E/UserRestrictionsUtils( 1240): Unknown restriction queried by uid 1000 (com.android.provision et al): null
02-09 04:41:58.978 E/UserRestrictionsUtils( 1240): Unknown restriction queried by uid 1000 (com.android.provision et al): null
02-09 04:41:58.978 E/UserRestrictionsUtils( 1240): Unknown restriction queried by uid 1000 (com.android.provision et al): null
02-09 04:41:58.978 E/UserRestrictionsUtils( 1240): Unknown restriction queried by uid 1000 (com.android.provision et al): null
02-09 04:41:58.978 E/UserRestrictionsUtils( 1240): Unknown restriction queried by uid 1000 (com.android.provision et al): null
02-09 04:41:58.979 E/UserRestrictionsUtils( 1240): Unknown restriction queried by uid 1000 (com.android.provision et al): null
02-09 04:41:58.979 E/UserRestrictionsUtils( 1240): Unknown restriction queried by uid 1000 (com.android.provision et al): null
02-09 04:41:58.979 E/UserRestrictionsUtils( 1240): Unknown restriction queried by uid 1000 (com.android.provision et al): null
02-09 04:41:58.979 E/UserRestrictionsUtils( 1240): Unknown restriction queried by uid 1000 (com.android.provision et al): null
02-09 04:41:58.979 W/InstrumentedPrefFrag( 5623): Screen title missing for fragment com.android.settings.homepage.TopLevelSettings
02-09 04:41:58.980 D/TopLevelSettings( 5623): NO dashboard tiles for TopLevelSettings
02-09 04:41:58.980 D/TopLevelSettings( 5623): All preferences added, reporting fully drawn
02-09 04:41:58.980 D/GameMode_GameModeActionUtils( 2082): Show GameMode entry by service!
02-09 04:41:58.980 W/ContextImpl( 2082): Calling a method in the system process without a qualified user: android.app.ContextImpl.startService:1816 android.content.ContextWrapper.startService:774 com.thundercomm.gamemode.ingame.services.GameModeActionUtils.startGameModeService:111 com.thundercomm.gamemode.ingame.services.GameModeActionUtils.startGameModeEntry:22 com.thundercomm.gamemode.ingame.services.ActivityMonitoringService$1.onActivityLaunch:139
02-09 04:41:58.982 D/GameModeIF_GameModeSettings( 2082): getUriFor setting_content_uri_root = content://com.thundercomm.gamemode.api/gamemode_settings , name = gamemode_isgaming
02-09 04:41:58.983 D/GameMode_GameModeService( 2082): type=hide_entry
02-09 04:41:58.984 I/GameModeConfig( 1240): Current uri is uri = content://com.thundercomm.gamemode.api/gamemode_settings/gamemode_isgaming
02-09 04:41:58.984 D/GameModeIF_GameModeSettings( 1240): getUriFor setting_content_uri_root = content://com.thundercomm.gamemode.api/gamemode_settings , name = gamemode_isgaming
02-09 04:41:58.984 D/GameMode_GameSettingsObserver( 2082): Game Data change!!!! uri = content://com.thundercomm.gamemode.api/gamemode_settings/gamemode_isgaming
02-09 04:41:58.984 D/GameModeIF_GameModeSettings( 2082): getUriFor setting_content_uri_root = content://com.thundercomm.gamemode.api/gamemode_settings , name = gamemode_isgaming
02-09 04:41:58.985 I/GameModeConfig( 1240): isGameModeOn = false
02-09 04:41:58.985 I/GameModeConfig( 1240): isGameModeOn = false
02-09 04:41:58.985 I/GameModeConfig( 1240): isDisableVoice = true
02-09 04:41:58.985 D/GameMode_GameModeService( 2082): updateGlobalSettings = gamemode_isgaming
02-09 04:41:58.986 D/GameModeIF_GameModeSettings( 2082): gamemode_isgaming set to 0
02-09 04:41:58.986 I/GameMode_ActivityMonitoringService( 2082): [Perf]-lastSession=
02-09 04:41:58.986 D/GameModeIF_GameModeSettings( 2082): getUriFor setting_content_uri_root = content://com.thundercomm.gamemode.api/gamemode_settings , name = gamemode_enable
02-09 04:41:58.986 D/LoaderTask( 5563): loadAllApps
02-09 04:41:58.988 D/LoaderTask( 5563): apps.size 10
02-09 04:41:58.989 D/LoaderTask( 5563): app pkg com.android.calendar
02-09 04:41:58.989 D/LoaderTask( 5563): app pkg com.android.deskclock
02-09 04:41:58.989 W/BatteryBroadcastRcvr( 5623): Problem reading the battery meter.
02-09 04:41:58.989 D/LoaderTask( 5563): app pkg com.android.gallery3d
02-09 04:41:58.990 I/wm_on_start_called( 5623): [166350893,com.android.settings.Settings,handleStartActivity]
02-09 04:41:58.990 D/LoaderTask( 5563): app pkg com.android.music
02-09 04:41:58.990 I/snet_event_log( 5623): [120484087,-1,]
02-09 04:41:58.990 D/LoaderTask( 5563): app pkg com.android.music
02-09 04:41:58.991 I/wm_on_resume_called( 5623): [166350893,com.android.settings.Settings,RESUME_ACTIVITY]
02-09 04:41:58.991 D/LoaderTask( 5563): app pkg com.android.settings
02-09 04:41:58.991 I/sysui_multi_action( 5623): [757,340,758,1,833,0,1089,176]
02-09 04:41:58.991 D/LoaderTask( 5563): app pkg com.microsoft.emmx
02-09 04:41:58.992 D/LoaderTask( 5563): app pkg com.android.documentsui
02-09 04:41:58.992 D/LoaderTask( 5563): app pkg com.hht.lebocast
02-09 04:41:58.992 I/sysui_multi_action( 5623): [757,35,758,1,833,0,1089,19]
02-09 04:41:58.992 D/LoaderTask( 5563): app pkg com.sohu.inputmethod.sogou.car
02-09 04:41:58.992 D/LoaderTask( 5563): installQueue.size 10
02-09 04:41:58.993 D/BaseModelUpdateTask( 5563): BaseModelUpdateTask constructor
02-09 04:41:58.993 D/BaseModelUpdateTask( 5563): java.lang.Exception
02-09 04:41:58.993 D/BaseModelUpdateTask( 5563): at com.android.launcher3.model.BaseModelUpdateTask.(BaseModelUpdateTask.java:57)
02-09 04:41:58.993 D/BaseModelUpdateTask( 5563): at com.android.launcher3.model.AddWorkspaceItemsTask.(AddWorkspaceItemsTask.java:58)
02-09 04:41:58.993 D/BaseModelUpdateTask( 5563): at com.android.launcher3.LauncherModel.addAndBindAddedWorkspaceItems(LauncherModel.java:145)
02-09 04:41:58.993 D/BaseModelUpdateTask( 5563): at com.android.launcher3.model.LoaderTask.verifyApplications(LoaderTask.java:1061)
02-09 04:41:58.993 D/BaseModelUpdateTask( 5563): at com.android.launcher3.model.LoaderTask.run(LoaderTask.java:229)
02-09 04:41:58.993 D/BaseModelUpdateTask( 5563): at android.os.Handler.handleCallback(Handler.java:938)
02-09 04:41:58.993 D/BaseModelUpdateTask( 5563): at android.os.Handler.dispatchMessage(Handler.java:99)
02-09 04:41:58.993 D/BaseModelUpdateTask( 5563): at android.os.Looper.loopOnce(Looper.java:201)
02-09 04:41:58.993 D/BaseModelUpdateTask( 5563): at android.os.Looper.loop(Looper.java:288)
02-09 04:41:58.993 D/BaseModelUpdateTask( 5563): at android.os.HandlerThread.run(HandlerThread.java:67)
02-09 04:41:58.993 D/LoaderTask( 5563): bindAllApps
02-09 04:41:58.995 D/BatteryTipLoader( 5623): BatteryInfoLoader post query: 1ms
02-09 04:41:58.995 D/BatteryInfo( 5623): time for getBatteryInfo: 0ms
02-09 04:41:58.995 D/BatteryTipLoader( 5623): BatteryInfoLoader.loadInBackground: 1ms
02-09 04:41:58.996 D/BatteryInfo( 5623): time for getStats: 0ms
02-09 04:41:58.996 D/BatteryInfo( 5623): time for regular BatteryInfo: 0ms
02-09 04:41:58.997 D/UsageGraph( 5623): No enabled state changed, skipping updateCategory call
02-09 04:41:58.997 I/sysui_multi_action( 5623): [757,1729,758,4,854,isParalleledControllers:false,1089,23]
02-09 04:41:58.997 D/BatteryInfo( 5623): time for getBatteryInfo: 1ms
02-09 04:41:58.997 D/LoaderTask( 5563): update icon cache
02-09 04:41:58.997 D/LoaderTask( 5563): save shortcuts in icon cache
02-09 04:41:58.997 D/LoaderTask( 5563): step 2 complete
02-09 04:41:58.998 D/LoaderTask( 5563): loadDeepShortcuts
02-09 04:41:58.998 D/LoaderTask( 5563): bindDeepShortcuts
02-09 04:41:58.998 D/LoaderTask( 5563): save deep shortcuts in icon cache
02-09 04:41:58.998 D/LoaderTask( 5563): step 3 complete
02-09 04:41:58.998 I/wm_on_top_resumed_gained_called( 5623): [166350893,com.android.settings.Settings,topWhenResuming]
02-09 04:41:59.002 D/BaseIconFactory( 5563): normalizeAndWrapToAdaptiveIcon: scale=0.80950594
02-09 04:41:59.006 D/BaseIconFactory( 5563): normalizeAndWrapToAdaptiveIcon: scale=0.80950594
02-09 04:41:59.011 D/BaseIconFactory( 5563): normalizeAndWrapToAdaptiveIcon: scale=0.80950594
02-09 04:41:59.014 D/BaseIconFactory( 5563): normalizeAndWrapToAdaptiveIcon: scale=0.80950594
02-09 04:41:59.020 D/BaseIconFactory( 5563): normalizeAndWrapToAdaptiveIcon: scale=0.80950594
02-09 04:41:59.023 D/BaseIconFactory( 5563): normalizeAndWrapToAdaptiveIcon: scale=0.80950594
02-09 04:41:59.025 D/LoaderTask( 5563): load widgets
02-09 04:41:59.028 I/WidgetsModel( 5563): found whitelist widget: com.android.systemui, label: 对话, sectionName:D
02-09 04:41:59.029 D/LoaderTask( 5563): bindWidgets
02-09 04:41:59.029 D/LoaderTask( 5563): save widgets in icon cache
02-09 04:41:59.029 D/LoaderTask( 5563): finish icon update
02-09 04:41:59.030 D/LauncherProvider( 5563): call: method=new_db_transaction,arg=null,extras=null
02-09 04:41:59.034 D/BaseIconFactory( 5563): normalizeAndWrapToAdaptiveIcon: scale=0.80950594
02-09 04:41:59.036 D/BaseIconFactory( 5563): normalizeAndWrapToAdaptiveIcon: scale=0.80950594
02-09 04:41:59.041 D/BaseIconFactory( 5563): normalizeAndWrapToAdaptiveIcon: scale=0.80950594
02-09 04:41:59.042 W/WindowManager( 1240): updateScale : 0.79357797
02-09 04:41:59.043 W/WindowManager( 1240): updateScale : 0.79357797
02-09 04:41:59.044 D/BaseIconFactory( 5563): normalizeAndWrapToAdaptiveIcon: scale=0.80950594
02-09 04:41:59.044 I/input_focus( 1240): [Focus request 70e3838 com.android.settings/com.android.settings.Settings,reason=UpdateInputWindows]
02-09 04:41:59.044 D/QSPanel ( 2005): setHorizontalContentContainer
02-09 04:41:59.050 D/QSPanel ( 2005): setHorizontalContentContainer
02-09 04:41:59.050 D/QSPanel ( 2005): setHorizontalContentContainer
02-09 04:41:59.051 D/QSPanel ( 2005): setHorizontalContentContainer
02-09 04:41:59.051 D/QSPanel ( 2005): qs brightness view is null
02-09 04:41:59.051 D/BaseIconFactory( 5563): normalizeAndWrapToAdaptiveIcon: scale=0.80950594
02-09 04:41:59.054 D/QSPanel ( 2005): setHorizontalContentContainer
02-09 04:41:59.054 D/QSPanel ( 2005): qs brightness view is null
02-09 04:41:59.054 D/BaseIconFactory( 5563): normalizeAndWrapToAdaptiveIcon: scale=0.80950594
02-09 04:41:59.060 D/BaseIconFactory( 5563): normalizeAndWrapToAdaptiveIcon: scale=0.80950594
02-09 04:41:59.062 D/BaseIconFactory( 5563): normalizeAndWrapToAdaptiveIcon: scale=0.80950594
01-04 09:10:34.401 E/DTC_ETH,link_delay_work_func( 0): 3003, SQI=0, link=0
02-09 04:41:59.068 D/BaseIconFactory( 5563): normalizeAndWrapToAdaptiveIcon: scale=0.80950594
02-09 04:41:59.071 D/BaseIconFactory( 5563): normalizeAndWrapToAdaptiveIcon: scale=0.80950594
02-09 04:41:59.076 D/BaseIconFactory( 5563): normalizeAndWrapToAdaptiveIcon: scale=0.80950594
02-09 04:41:59.081 W/WindowManager( 1240): updateScale : 0.79357797
02-09 04:41:59.083 W/WindowManager( 1240): updateScale : 0.79357797
02-09 04:41:59.092 D/BaseIconFactory( 5563): normalizeAndWrapToAdaptiveIcon: scale=0.80950594
02-09 04:41:59.096 W/View ( 2005): requestLayout() improperly called by com.android.keyguard.AlphaOptimizedLinearLayout{df94bc5 V.E...... ......ID 4,0-34,33 #7f0b069b app:id/wifi_group} during layout: running second layout pass
02-09 04:41:59.096 I/WindowManager( 1240): finishDrawing of relaunch: Window{70e3838 u0 com.android.settings/com.android.settings.Settings} 334ms
02-09 04:41:59.096 W/WindowManager( 1240): updateScale : 0.79357797
02-09 04:41:59.096 W/BatteryBroadcastRcvr( 5623): Problem reading the battery meter.
02-09 04:41:59.097 D/BatteryInfo( 5623): time for callback: 0ms
02-09 04:41:59.097 W/WindowManager( 1240): updateScale : 0.79357797
02-09 04:41:59.099 D/BaseIconFactory( 5563): normalizeAndWrapToAdaptiveIcon: scale=0.80950594
02-09 04:41:59.103 D/BatteryInfo( 5623): time for getStats: 0ms
02-09 04:41:59.103 D/BatteryInfo( 5623): time for regular BatteryInfo: 0ms
02-09 04:41:59.104 D/BatteryInfo( 5623): time for getBatteryInfo: 1ms
02-09 04:41:59.105 D/BatteryTipLoader( 5623): BatteryInfoLoader post query: 0ms
02-09 04:41:59.106 D/BatteryInfo( 5623): time for getBatteryInfo: 1ms
02-09 04:41:59.106 D/BatteryTipLoader( 5623): BatteryInfoLoader.loadInBackground: 1ms
02-09 04:41:59.107 D/BaseIconFactory( 5563): normalizeAndWrapToAdaptiveIcon: scale=0.80950594
02-09 04:41:59.107 D/BatteryInfo( 5623): time for callback: 0ms
02-09 04:41:59.112 I/WindowManager( 1240): Screen frozen for +376ms due to Window{70e3838 u0 com.android.settings/com.android.settings.Settings}
02-09 04:41:59.112 I/input_focus( 1240): [Focus entering 70e3838 com.android.settings/com.android.settings.Settings (server),reason=Window became focusable. Previous reason: NOT_VISIBLE]
02-09 04:41:59.120 D/BaseIconFactory( 5563): normalizeAndWrapToAdaptiveIcon: scale=0.80950594
02-09 04:41:59.125 D/BaseIconFactory( 5563): normalizeAndWrapToAdaptiveIcon: scale=0.80950594
02-09 04:41:59.126 W/ImageReader_JNI( 1240): Unable to acquire a buffer item, very likely client tried to acquire more than maxImages buffers
02-09 04:41:59.130 W/WindowManager( 1240): updateScale : 0.79357797
02-09 04:41:59.131 D/BaseIconFactory( 5563): normalizeAndWrapToAdaptiveIcon: scale=0.80950594
02-09 04:41:59.261 I/mpu_uart( 645): [MSG-P:RECV]:No message received in 1000 ms
02-09 04:41:59.264 W/WindowManager( 1240): updateScale : 0.79357797
02-09 04:41:59.884 W/hpplay-java( 2754): [main]:IPManager:getActiveNets invalid networkInfo:null
02-09 04:41:59.884 I/hpplay-java( 2754): [main]:IPManager:getActiveNets eth0:false wifi:false mobile:false ap:false
02-09 04:41:59.884 I/hpplay-java( 2754): [main]:ServerTaskManager:get local ip:null
02-09 04:42:00.003 D/KeyguardUpdateMonitor( 2005): received broadcast android.intent.action.TIME_TICK
02-09 04:42:00.003 D/KeyguardUpdateMonitor( 2005): handleTimeUpdate
02-09 04:42:00.059 I/mpu_uart( 645): [MSG-P:R]:recv sync frame timeout
02-09 04:42:00.066 I/OpenGLRenderer( 2005): Davey! duration=9223370821456ms; Flags=0, FrameTimelineVsyncId=35740, IntendedVsync=1215398042606, Vsync=1215398042606, InputEventId=0, HandleInputStart=1215398565368, AnimationStart=1215398569118, PerformTraversalsStart=1215398571930, DrawStart=1215412468076, FrameDeadline=1215419375938, FrameInterval=1215398555316, FrameStartTime=16666666, SyncQueued=1215412859534, SyncStart=1215413235524, IssueDrawCommandsStart=1215413483024, SwapBuffers=1215416283545, FrameCompleted=9223372036854775807, DequeueBufferDuration=51927, QueueBufferDuration=1476822, GpuCompleted=9223372036854775807, SwapBuffersCompleted=1215418378180, DisplayPresentTime=1361556101298539697,
02-09 04:42:00.072 I/OMX-VENC: venc_dev( 1301): stats: avg. fps 29.79, bitrate 2329428
02-09 04:42:00.262 I/mpu_uart( 645): [MSG-P:RECV]:No message received in 1000 ms
02-09 04:42:00.636 I/OpenGLRenderer( 5623): Davey! duration=9223370820888ms; Flags=0, FrameTimelineVsyncId=35743, IntendedVsync=1215966076675, Vsync=1215966076675, InputEventId=0, HandleInputStart=1215966854066, AnimationStart=1215966859013, PerformTraversalsStart=1215966862138, DrawStart=1215966989795, FrameDeadline=1215987410007, FrameInterval=1215966842191, FrameStartTime=16666666, SyncQueued=1215972504534, SyncStart=1215972793076, IssueDrawCommandsStart=1215973982659, SwapBuffers=1215979388545, FrameCompleted=9223372036854775807, DequeueBufferDuration=56250, QueueBufferDuration=1325521, GpuCompleted=9223372036854775807, SwapBuffersCompleted=1215981374795, DisplayPresentTime=8037449195138595160,
02-09 04:42:00.886 W/hpplay-java( 2754): [main]:IPManager:getActiveNets invalid networkInfo:null
02-09 04:42:00.887 I/hpplay-java( 2754): [main]:IPManager:getActiveNets eth0:false wifi:false mobile:false ap:false
02-09 04:42:00.887 I/hpplay-java( 2754): [main]:ServerTaskManager:get local ip:null
02-09 04:42:01.082 I/OMX-VENC: venc_dev( 1301): stats: avg. fps 20.80, bitrate 2217645
02-09 04:42:01.253 I/system_server( 1240): Explicit concurrent copying GC freed 70999(3249KB) AllocSpace objects, 10(320KB) LOS objects, 49% free, 11MB/22MB, paused 700us,59us total 122.094ms
02-09 04:42:01.254 W/JavaBinder( 1240): BinderProxy is being destroyed but the application did not call unlinkToDeath to unlink all of its death recipients beforehand. Releasing leaked death recipient: com.android.server.wm.ActivityRecord$$ExternalSyntheticLambda0
02-09 04:42:01.255 I/BpBinder( 1240): onLastStrongRef automatically unlinking death recipients:
02-09 04:42:01.258 W/System ( 1240): A resource failed to call close.
02-09 04:42:01.259 W/System ( 1240): A resource failed to call close.
02-09 04:42:01.262 I/mpu_uart( 645): [MSG-P:RECV]:No message received in 1000 ms
02-09 04:42:01.888 W/hpplay-java( 2754): [main]:IPManager:getActiveNets invalid networkInfo:null
02-09 04:42:01.888 I/hpplay-java( 2754): [main]:IPManager:getActiveNets eth0:false wifi:false mobile:false ap:false
02-09 04:42:01.888 I/hpplay-java( 2754): [main]:ServerTaskManager:get local ip:null
02-09 04:42:01.908 I/input_interaction( 1240): Interaction with: 70e3838 com.android.settings/com.android.settings.Settings (server), swipe-up (server), edge-swipe (server), PointerEventDispatcher0 (server),
02-09 04:42:02.068 D/vendor.qti.vibrator( 873): Vibrator perform effect 21
02-09 04:42:02.069 D/vendor.qti.vibrator( 873): Vibrator perform effect 2
02-09 04:42:02.069 D/vendor.qti.vibrator( 873): QTI Vibrator off
02-09 04:42:02.141 I/OMX-VENC: venc_dev( 1301): stats: avg. fps 14.16, bitrate 432225
02-09 04:42:02.184 I/configuration_changed( 1240): 1073741824
02-09 04:42:02.184 I/ActivityTaskManager( 1240): Config changes=40000000 {1.15 ?mcc?mnc [zh_CN] ldltr sw680dp w1586dp h588dp 240dpi lrg long hdr land finger -keyb/v/h -nav/h winConfig={ mBounds=Rect(0, 0 - 2380, 1020) mAppBounds=Rect(0, 0 - 2380, 954) mMaxBounds=Rect(0, 0 - 2380, 1020) mWindowingMode=fullscreen mDisplayWindowingMode=fullscreen mActivityType=undefined mAlwaysOnTop=undefined mRotation=ROTATION_0} s.1560 fontWeightAdjustment=0}
02-09 04:42:02.191 I/WindowManager( 1240): Override config changes=40000000 {1.15 ?mcc?mnc [zh_CN] ldltr sw680dp w1586dp h588dp 240dpi lrg long hdr land finger -keyb/v/h -nav/h winConfig={ mBounds=Rect(0, 0 - 2380, 1020) mAppBounds=Rect(0, 0 - 2380, 954) mMaxBounds=Rect(0, 0 - 2380, 1020) mWindowingMode=fullscreen mDisplayWindowingMode=fullscreen mActivityType=undefined mAlwaysOnTop=undefined mRotation=ROTATION_0} s.1560 fontWeightAdjustment=0} for displayId=0
02-09 04:42:02.195 I/hpplay-java( 2754): [main]:DaemonService:onConfigurationChanged
02-09 04:42:02.199 I/hintView( 3922): forceClose=true,resetShowChs=true
02-09 04:42:02.199 I/hintView( 3922): dismissPop()
02-09 04:42:02.206 W/ImageReader_JNI( 1240): Unable to acquire a buffer item, very likely client tried to acquire more than maxImages buffers
02-09 04:42:02.208 I/wm_relaunch_resume_activity( 1240): [0,166350893,80,com.android.settings/.Settings]
02-09 04:42:02.208 I/ActivityTaskManager( 1240): clear resize flag in freeform mode
02-09 04:42:02.208 I/wm_relaunch_activity( 1240): [0,47528597,79,com.android.gallery3d/.app.GalleryActivity]
02-09 04:42:02.208 I/wm_on_top_resumed_lost_called( 5623): [166350893,com.android.settings.Settings,pausing]
02-09 04:42:02.209 I/sysui_multi_action( 5623): [757,340,758,2,1089,3218]
02-09 04:42:02.210 W/WindowManager( 1240): updateScale : 0.79357797
02-09 04:42:02.211 I/wm_on_stop_called( 3921): [47528597,com.android.gallery3d.app.GalleryActivity,handleRelaunchActivity]
02-09 04:42:02.211 V/StateManager( 3921): saveState
02-09 04:42:02.211 V/StateManager( 3921): saveState class com.android.gallery3d.app.AlbumSetPage
02-09 04:42:02.211 V/StateManager( 3921): destroy
02-09 04:42:02.212 D/GameMode_WindowController( 2082): onConfigurationChanged orientation2
02-09 04:42:02.212 D/GameMode_WindowController( 2082): onConfigurationChanged locate[zh_CN]
02-09 04:42:02.212 I/InputDispatcher( 1240): Erasing monitor edge-swipe (server) on display 0, pid=2005
02-09 04:42:02.213 I/BpBinder( 997): onLastStrongRef automatically unlinking death recipients:
02-09 04:42:02.213 W/WindowManager( 1240): updateScale : 0.79357797
02-09 04:42:02.213 I/wm_on_destroy_called( 3921): [47528597,com.android.gallery3d.app.GalleryActivity,performDestroy]
02-09 04:42:02.215 I/sysui_multi_action( 5623): [757,35,758,2,1089,3222]
02-09 04:42:02.215 I/wm_on_paused_called( 5623): [166350893,com.android.settings.Settings,performPause]
02-09 04:42:02.216 W/InputManager-JNI( 1240): Input channel object 'e691d44 NavigationBar0 (client)' was disposed without first being removed with the input manager!
02-09 04:42:02.217 W/WindowManager( 1240): updateScale : 0.79357797
02-09 04:42:02.217 E/FrameEvents( 5563): updateAcquireFence: Did not find frame.
02-09 04:42:02.217 W/WindowManager( 1240): updateScale : 0.79357797
02-09 04:42:02.218 I/wm_on_stop_called( 5623): [166350893,com.android.settings.Settings,handleRelaunchActivity]
02-09 04:42:02.220 E/FrameEvents( 5563): updateAcquireFence: Did not find frame.
02-09 04:42:02.223 I/wm_on_destroy_called( 5623): [166350893,com.android.settings.Settings,performDestroy]
02-09 04:42:02.223 W/InputManager-JNI( 1240): Input channel object '3d025e5 com.android.gallery3d/com.android.gallery3d.app.GalleryActivity (client)' was disposed without first being removed with the input manager!
02-09 04:42:02.224 D/NavigationModeController( 2005): getCurrentInteractionMode: mode=2 contextUser=0
02-09 04:42:02.224 W/InputManager-JNI( 1240): Input channel object '70e3838 com.android.settings/com.android.settings.Settings (client)' was disposed without first being removed with the input manager!
02-09 04:42:02.225 E/FrameEvents( 5563): updateAcquireFence: Did not find frame.
02-09 04:42:02.225 D/NavigationModeController( 2005): getCurrentInteractionMode: mode=2 contextUser=0
02-09 04:42:02.228 E/FrameEvents( 5563): updateAcquireFence: Did not find frame.
02-09 04:42:02.229 D/NavigationModeController( 2005): getCurrentUserContext: contextUser=0 currentUser=0
02-09 04:42:02.230 D/CompatibilityInfo( 1240): mCompatibilityFlags - 4
02-09 04:42:02.230 D/CompatibilityInfo( 1240): applicationDensity - 240
02-09 04:42:02.230 D/CompatibilityInfo( 1240): applicationScale - 1.0
02-09 04:42:02.231 D/NavigationModeController( 2005): getCurrentInteractionMode: mode=2 contextUser=0
02-09 04:42:02.232 D/PrefCtrlListHelper( 5623): Could not find Context-only controller for pref: com.android.settings.display.AutoBrightnessPreferenceController
02-09 04:42:02.232 D/PrefCtrlListHelper( 5623): Could not find Context-only controller for pref: com.android.settings.security.screenlock.LockScreenPreferenceController
02-09 04:42:02.232 D/PrefCtrlListHelper( 5623): Could not find Context-only controller for pref: com.android.settings.display.DarkUIPreferenceController
02-09 04:42:02.233 D/PrefCtrlListHelper( 5623): Could not find Context-only controller for pref: com.android.settings.display.FontSizePreferenceController
02-09 04:42:02.233 D/PrefCtrlListHelper( 5623): Could not find Context-only controller for pref: com.android.settings.display.NightDisplayPreferenceController
02-09 04:42:02.234 D/PrefCtrlListHelper( 5623): Could not find Context-only controller for pref: com.android.settings.display.ColorModePreferenceController
02-09 04:42:02.234 D/PrefCtrlListHelper( 5623): Could not find Context-only controller for pref: com.android.settings.display.AutoRotatePreferenceController
02-09 04:42:02.234 D/PrefCtrlListHelper( 5623): Could not find Context-only controller for pref: com.android.settings.display.DisplayWhiteBalancePreferenceController
02-09 04:42:02.234 D/PrefCtrlListHelper( 5623): Could not find Context-only controller for pref: com.android.settings.display.PeakRefreshRatePreferenceController
02-09 04:42:02.234 D/RefreshRatePrefCtr( 5623): DEFAULT_REFRESH_RATE : 60.0 mPeakRefreshRate : 60.0
02-09 04:42:02.234 D/PrefCtrlListHelper( 5623): Could not find Context-only controller for pref: com.android.settings.display.HotSeatDirPreferenceController
02-09 04:42:02.234 D/Launcher.Model( 5563): startLoader
02-09 04:42:02.234 D/Launcher.Model( 5563): java.lang.Exception
02-09 04:42:02.234 D/Launcher.Model( 5563): at com.android.launcher3.LauncherModel.startLoader(LauncherModel.java:353)
02-09 04:42:02.234 D/Launcher.Model( 5563): at com.android.launcher3.LauncherModel.forceReload(LauncherModel.java:298)
02-09 04:42:02.234 D/Launcher.Model( 5563): at com.android.launcher3.LauncherAppState.refreshAndReloadLauncher(LauncherAppState.java:161)
02-09 04:42:02.234 D/Launcher.Model( 5563): at com.android.launcher3.LauncherAppState.lambda$new$0$LauncherAppState(LauncherAppState.java:89)
02-09 04:42:02.234 D/Launcher.Model( 5563): at com.android.launcher3.LauncherAppState$$ExternalSyntheticLambda0.onIdpChanged(Unknown Source:2)
02-09 04:42:02.234 D/Launcher.Model( 5563): at com.android.launcher3.InvariantDeviceProfile.onConfigChanged(InvariantDeviceProfile.java:379)
02-09 04:42:02.234 D/Launcher.Model( 5563): at com.android.launcher3.InvariantDeviceProfile.lambda$new$0$InvariantDeviceProfile(InvariantDeviceProfile.java:199)
02-09 04:42:02.234 D/Launcher.Model( 5563): at com.android.launcher3.InvariantDeviceProfile$$ExternalSyntheticLambda0.onDisplayInfoChanged(Unknown Source:2)
02-09 04:42:02.234 D/Launcher.Model( 5563): at com.android.launcher3.util.DisplayController.notifyChange(DisplayController.java:237)
02-09 04:42:02.234 D/Launcher.Model( 5563): at com.android.launcher3.util.DisplayController.lambda$handleInfoChange$0$DisplayController(DisplayController.java:231)
02-09 04:42:02.234 D/Launcher.Model( 5563): at com.android.launcher3.util.DisplayController$$ExternalSyntheticLambda1.run(Unknown Source:6)
02-09 04:42:02.234 D/Launcher.Model( 5563): at com.android.launcher3.util.LooperExecutor.execute(LooperExecutor.java:45)
02-09 04:42:02.234 D/Launcher.Model( 5563): at com.android.launcher3.util.DisplayController.handleInfoChange(DisplayController.java:231)
02-09 04:42:02.234 D/Launcher.Model( 5563): at com.android.launcher3.util.DisplayController.onConfigurationChanged(DisplayController.java:180)
02-09 04:42:02.234 D/Launcher.Model( 5563): at android.content.ComponentCallbacksController.lambda$dispatchConfigurationChanged$0(ComponentCallbacksController.java:91)
02-09 04:42:02.234 D/Launcher.Model( 5563): at android.content.ComponentCallbacksController$$ExternalSyntheticLambda1.accept(Unknown Source:4)
02-09 04:42:02.234 D/Launcher.Model( 5563): at android.content.ComponentCallbacksController.forAllComponentCallbacks(ComponentCallbacksController.java:124)
02-09 04:42:02.234 D/Launcher.Model( 5563): at android.content.ComponentCallbacksController.dispatchConfigurationChanged(ComponentCallbacksController.java:91)
02-09 04:42:02.234 D/Launcher.Model( 5563): at android.window.WindowContext.dispatchConfigurationChanged(WindowContext.java:125)
02-09 04:42:02.234 D/Launcher.Model( 5563): at android.window.WindowTokenClient.lambda$onConfigurationChanged$0(WindowTokenClient.java:90)
02-09 04:42:02.234 D/Launcher.Model( 5563): at android.window.WindowTokenClient$$ExternalSyntheticLambda0.run(Unknown Source:4)
02-09 04:42:02.234 D/Launcher.Model( 5563): at android.os.Handler.handleCallback(Handler.java:938)
02-09 04:42:02.234 D/Launcher.Model( 5563): at android.os.Handler.dispatchMessage(Handler.java:99)
02-09 04:42:02.234 D/Launcher.Model( 5563): at android.os.Looper.loopOnce(Looper.java:201)
02-09 04:42:02.234 D/Launcher.Model( 5563): at android.os.Looper.loop(Looper.java:288)
02-09 04:42:02.234 D/Launcher.Model( 5563): at android.app.ActivityThread.main(ActivityThread.java:7880)
02-09 04:42:02.234 D/Launcher.Model( 5563): at java.lang.reflect.Method.invoke(Native Method)
02-09 04:42:02.234 D/Launcher.Model( 5563): at com.android.internal.os.RuntimeInit$MethodAndArgsCaller.run(RuntimeInit.java:548)
02-09 04:42:02.234 D/Launcher.Model( 5563): at com.android.internal.os.ZygoteInit.main(ZygoteInit.java:1009)
02-09 04:42:02.234 E/libprocessgroup( 5563): set_timerslack_ns write failed: Operation not permitted
02-09 04:42:02.235 V/StateManager( 3921): restoreFromState
02-09 04:42:02.235 V/StateManager( 3921): restoreFromState class com.android.gallery3d.app.AlbumSetPage
02-09 04:42:02.236 D/DeviceProfile( 5563): updateIconDrawableOffset: folderIconSizePx=68
02-09 04:42:02.236 I/wm_on_create_called( 3921): [47528597,com.android.gallery3d.app.GalleryActivity,performCreate]
02-09 04:42:02.236 E/UserRestrictionsUtils( 1240): Unknown restriction queried by uid 1000 (com.android.provision et al): null
02-09 04:42:02.237 D/LoaderTask( 5563): loadWorkspace: loading default favorites
02-09 04:42:02.237 D/LauncherProvider( 5563): call: method=load_default_favorites,arg=null,extras=null
02-09 04:42:02.237 E/UserRestrictionsUtils( 1240): Unknown restriction queried by uid 1000 (com.android.provision et al): null
02-09 04:42:02.237 E/UserRestrictionsUtils( 1240): Unknown restriction queried by uid 1000 (com.android.provision et al): null
02-09 04:42:02.238 E/UserRestrictionsUtils( 1240): Unknown restriction queried by uid 1000 (com.android.provision et al): null
02-09 04:42:02.238 I/wm_on_start_called( 3921): [47528597,com.android.gallery3d.app.GalleryActivity,handleStartActivity]
02-09 04:42:02.238 E/UserRestrictionsUtils( 1240): Unknown restriction queried by uid 1000 (com.android.provision et al): null
02-09 04:42:02.240 D/DisplaySettings( 5623): NO dashboard tiles for DisplaySettings
02-09 04:42:02.240 D/DisplaySettings( 5623): All preferences added, reporting fully drawn
02-09 04:42:02.240 D/Gallery.MultiSetSync( 3921): onSyncDone: **** #pending=1
02-09 04:42:02.240 D/Gallery.MultiSetSync( 3921): request sync: ****
02-09 04:42:02.240 D/Gallery.MultiSetSync( 3921): onSyncDone: ****** #pending=0
02-09 04:42:02.240 D/Gallery.MultiSetSync( 3921): request sync: ******
02-09 04:42:02.242 D/EditModeHelper( 5563): setHotseatVisibility: 0
02-09 04:42:02.244 D/Launcher.Model( 5563): startLoader
02-09 04:42:02.244 D/Launcher.Model( 5563): java.lang.Exception
02-09 04:42:02.244 D/Launcher.Model( 5563): at com.android.launcher3.LauncherModel.startLoader(LauncherModel.java:353)
02-09 04:42:02.244 D/Launcher.Model( 5563): at com.android.launcher3.LauncherModel.rebindCallbacks(LauncherModel.java:307)
02-09 04:42:02.244 D/Launcher.Model( 5563): at com.android.launcher3.Launcher.onIdpChanged(Launcher.java:656)
02-09 04:42:02.244 D/Launcher.Model( 5563): at com.android.launcher3.InvariantDeviceProfile.onConfigChanged(InvariantDeviceProfile.java:379)
02-09 04:42:02.244 D/Launcher.Model( 5563): at com.android.launcher3.InvariantDeviceProfile.lambda$new$0$InvariantDeviceProfile(InvariantDeviceProfile.java:199)
02-09 04:42:02.244 D/Launcher.Model( 5563): at com.android.launcher3.InvariantDeviceProfile$$ExternalSyntheticLambda0.onDisplayInfoChanged(Unknown Source:2)
02-09 04:42:02.244 D/Launcher.Model( 5563): at com.android.launcher3.util.DisplayController.notifyChange(DisplayController.java:237)
02-09 04:42:02.244 D/Launcher.Model( 5563): at com.android.launcher3.util.DisplayController.lambda$handleInfoChange$0$DisplayController(DisplayController.java:231)
02-09 04:42:02.244 D/Launcher.Model( 5563): at com.android.launcher3.util.DisplayController$$ExternalSyntheticLambda1.run(Unknown Source:6)
02-09 04:42:02.244 D/Launcher.Model( 5563): at com.android.launcher3.util.LooperExecutor.execute(LooperExecutor.java:45)
02-09 04:42:02.244 D/Launcher.Model( 5563): at com.android.launcher3.util.DisplayController.handleInfoChange(DisplayController.java:231)
02-09 04:42:02.244 D/Launcher.Model( 5563): at com.android.launcher3.util.DisplayController.onConfigurationChanged(DisplayController.java:180)
02-09 04:42:02.244 D/Launcher.Model( 5563): at android.content.ComponentCallbacksController.lambda$dispatchConfigurationChanged$0(ComponentCallbacksController.java:91)
02-09 04:42:02.244 D/Launcher.Model( 5563): at android.content.ComponentCallbacksController$$ExternalSyntheticLambda1.accept(Unknown Source:4)
02-09 04:42:02.244 D/Launcher.Model( 5563): at android.content.ComponentCallbacksController.forAllComponentCallbacks(ComponentCallbacksController.java:124)
02-09 04:42:02.244 D/Launcher.Model( 5563): at android.content.ComponentCallbacksController.dispatchConfigurationChanged(ComponentCallbacksController.java:91)
02-09 04:42:02.244 D/Launcher.Model( 5563): at android.window.WindowContext.dispatchConfigurationChanged(WindowContext.java:125)
02-09 04:42:02.244 D/Launcher.Model( 5563): at android.window.WindowTokenClient.lambda$onConfigurationChanged$0(WindowTokenClient.java:90)
02-09 04:42:02.244 D/Launcher.Model( 5563): at android.window.WindowTokenClient$$ExternalSyntheticLambda0.run(Unknown Source:4)
02-09 04:42:02.244 D/Launcher.Model( 5563): at android.os.Handler.handleCallback(Handler.java:938)
02-09 04:42:02.244 D/Launcher.Model( 5563): at android.os.Handler.dispatchMessage(Handler.java:99)
02-09 04:42:02.244 D/Launcher.Model( 5563): at android.os.Looper.loopOnce(Looper.java:201)
02-09 04:42:02.244 D/Launcher.Model( 5563): at android.os.Looper.loop(Looper.java:288)
02-09 04:42:02.244 D/Launcher.Model( 5563): at android.app.ActivityThread.main(ActivityThread.java:7880)
02-09 04:42:02.244 D/Launcher.Model( 5563): at java.lang.reflect.Method.invoke(Native Method)
02-09 04:42:02.244 D/Launcher.Model( 5563): at com.android.internal.os.RuntimeInit$MethodAndArgsCaller.run(RuntimeInit.java:548)
02-09 04:42:02.244 D/Launcher.Model( 5563): at com.android.internal.os.ZygoteInit.main(ZygoteInit.java:1009)
02-09 04:42:02.244 W/OrientationEventListener( 3921): Cannot detect sensors. Not enabled
02-09 04:42:02.244 I/wm_on_resume_called( 3921): [47528597,com.android.gallery3d.app.GalleryActivity,LIFECYCLER_RESUME_ACTIVITY]
02-09 04:42:02.245 I/wm_relaunch_activity( 1240): [0,208887896,61,com.android.launcher3/.uioverrides.QuickstepLauncher]
02-09 04:42:02.246 D/PrefCtrlListHelper( 5623): Could not find Context-only controller for pref: com.android.settings.network.TopLevelNetworkEntryPreferenceController
02-09 04:42:02.246 I/wm_add_to_stopping( 1240): [0,208887896,com.android.launcher3/.uioverrides.QuickstepLauncher,preloadRecents]
02-09 04:42:02.246 D/PrefCtrlListHelper( 5623): Could not find Context-only controller for pref: com.android.settings.connecteddevice.TopLevelConnectedDevicesPreferenceController
02-09 04:42:02.246 D/PrefCtrlListHelper( 5623): Could not find Context-only controller for pref: com.android.settings.fuelgauge.TopLevelBatteryPreferenceController
02-09 04:42:02.246 D/PrefCtrlListHelper( 5623): Could not find Context-only controller for pref: com.android.settings.deviceinfo.TopLevelStoragePreferenceController
02-09 04:42:02.246 D/PrefCtrlListHelper( 5623): Could not find Context-only controller for pref: com.android.settings.display.TopLevelDisplayPreferenceController
02-09 04:42:02.246 D/PrefCtrlListHelper( 5623): Could not find Context-only controller for pref: com.android.settings.display.TopLevelWallpaperPreferenceController
02-09 04:42:02.246 D/PrefCtrlListHelper( 5623): Could not find Context-only controller for pref: com.android.settings.accessibility.TopLevelAccessibilityPreferenceController
02-09 04:42:02.246 D/PrefCtrlListHelper( 5623): Could not find Context-only controller for pref: com.android.settings.security.TopLevelSecurityEntryPreferenceController
02-09 04:42:02.247 D/PrefCtrlListHelper( 5623): Could not find Context-only controller for pref: com.android.settings.location.TopLevelLocationPreferenceController
02-09 04:42:02.247 W/OrientationEventListener( 3921): Cannot detect sensors. Invalid disable
02-09 04:42:02.247 D/PrefCtrlListHelper( 5623): Could not find Context-only controller for pref: com.android.settings.accounts.TopLevelAccountEntryPreferenceController
02-09 04:42:02.247 D/PrefCtrlListHelper( 5623): Could not find Context-only controller for pref: com.android.settings.deviceinfo.aboutphone.TopLevelAboutDevicePreferenceController
02-09 04:42:02.247 D/PrefCtrlListHelper( 5623): Could not find Context-only controller for pref: com.android.settings.support.SupportPreferenceController
02-09 04:42:02.247 I/wm_on_paused_called( 3921): [47528597,com.android.gallery3d.app.GalleryActivity,performPause]
02-09 04:42:02.247 D/BaseIconFactory( 5563): normalizeAndWrapToAdaptiveIcon: scale=0.80950594
