02-09 04:42:04.331 D/LoaderTask( 5563): loadWorkspace
02-09 04:42:04.331 D/LauncherProvider( 5563): call: method=remove_ghost_widgets,arg=null,extras=null
02-09 04:42:04.332 D/GameMode_GameModeActionUtils( 2082): Show GameMode entry by service!
02-09 04:42:04.332 W/ContextImpl( 2082): Calling a method in the system process without a qualified user: android.app.ContextImpl.startService:1816 android.content.ContextWrapper.startService:774 com.thundercomm.gamemode.ingame.services.GameModeActionUtils.startGameModeService:111 com.thundercomm.gamemode.ingame.services.GameModeActionUtils.startGameModeEntry:22 com.thundercomm.gamemode.ingame.services.ActivityMonitoringService$1.onActivityLaunch:139
02-09 04:42:04.333 D/GameMode_GameModeService( 2082): type=hide_entry
02-09 04:42:04.333 D/LoaderTask( 5563): sanitizeData
02-09 04:42:04.334 D/LoaderTask( 5563): bindWorkspace
02-09 04:42:04.334 W/WindowManager( 1240): updateScale : 0.79357797
02-09 04:42:04.334 D/GameModeIF_GameModeSettings( 2082): getUriFor setting_content_uri_root = content://com.thundercomm.gamemode.api/gamemode_settings , name = gamemode_isgaming
02-09 04:42:04.335 I/input_focus( 1240): [Focus request 7cb5291 com.android.settings/com.android.settings.Settings,reason=UpdateInputWindows]
02-09 04:42:04.336 D/HotseatController( 5563): adjustPadding: height=800,size=1
02-09 04:42:04.336 I/GameModeConfig( 1240): Current uri is uri = content://com.thundercomm.gamemode.api/gamemode_settings/gamemode_isgaming
02-09 04:42:04.336 D/GameModeIF_GameModeSettings( 1240): getUriFor setting_content_uri_root = content://com.thundercomm.gamemode.api/gamemode_settings , name = gamemode_isgaming
02-09 04:42:04.336 D/GameMode_GameSettingsObserver( 2082): Game Data change!!!! uri = content://com.thundercomm.gamemode.api/gamemode_settings/gamemode_isgaming
02-09 04:42:04.336 D/GameModeIF_GameModeSettings( 2082): getUriFor setting_content_uri_root = content://com.thundercomm.gamemode.api/gamemode_settings , name = gamemode_isgaming
02-09 04:42:04.336 D/HotseatController( 5563): adjustPadding: height=800,size=2
02-09 04:42:04.336 D/GameModeIF_GameModeSettings( 2082): gamemode_isgaming set to 0
02-09 04:42:04.336 I/GameMode_ActivityMonitoringService( 2082): [Perf]-lastSession=
02-09 04:42:04.336 D/GameModeIF_GameModeSettings( 2082): getUriFor setting_content_uri_root = content://com.thundercomm.gamemode.api/gamemode_settings , name = gamemode_enable
02-09 04:42:04.337 D/HotseatController( 5563): adjustPadding: height=800,size=3
02-09 04:42:04.338 D/GameMode_GameModeService( 2082): updateGlobalSettings = gamemode_isgaming
02-09 04:42:04.338 D/HotseatController( 5563): adjustPadding: height=800,size=4
02-09 04:42:04.339 I/GameModeConfig( 1240): isGameModeOn = false
02-09 04:42:04.339 I/GameModeConfig( 1240): isGameModeOn = false
02-09 04:42:04.339 I/GameModeConfig( 1240): isDisableVoice = true
02-09 04:42:04.340 D/LoaderTask( 5563): sendFirstScreenActiveInstallsBroadcast
02-09 04:42:04.340 D/HotseatController( 5563): clearEmptyGrid: size=4
02-09 04:42:04.340 D/HotseatController( 5563): adjustPadding: height=800,size=4
02-09 04:42:04.341 W/WindowManager( 1240): updateScale : 0.79357797
02-09 04:42:04.343 I/InputDispatcher( 1240): Created monitor edge-swipe for display 0, gesture=true, pid=2005
02-09 04:42:04.346 D/HotseatController( 5563): clearEmptyGrid: size=4
02-09 04:42:04.346 D/HotseatController( 5563): adjustPadding: height=800,size=4
02-09 04:42:04.349 D/CompatibilityInfo( 1240): mCompatibilityFlags - 4
02-09 04:42:04.349 D/CompatibilityInfo( 1240): applicationDensity - 240
02-09 04:42:04.349 D/CompatibilityInfo( 1240): applicationScale - 1.0
02-09 04:42:04.349 D/HotseatController( 5563): clearEmptyGrid: size=4
02-09 04:42:04.349 D/HotseatController( 5563): adjustPadding: height=800,size=4
02-09 04:42:04.350 D/NavigationModeController( 2005): getCurrentUserContext: contextUser=0 currentUser=0
02-09 04:42:04.356 W/WindowManager( 1240): updateScale : 0.79357797
02-09 04:42:04.359 D/LoaderTask( 5563): step 1 complete
02-09 04:42:04.360 W/WindowManager( 1240): updateScale : 0.79357797
02-09 04:42:04.361 W/WindowManager( 1240): updateScale : 0.79357797
02-09 04:42:04.366 I/commit_sys_config_file( 1240): [settings-1-0,11]
02-09 04:42:04.368 D/LoaderTask( 5563): loadAllApps
02-09 04:42:04.370 D/LoaderTask( 5563): apps.size 10
02-09 04:42:04.371 D/LoaderTask( 5563): app pkg com.android.calendar
02-09 04:42:04.371 D/LoaderTask( 5563): app pkg com.android.deskclock
02-09 04:42:04.372 D/LoaderTask( 5563): app pkg com.android.gallery3d
02-09 04:42:04.372 D/LoaderTask( 5563): app pkg com.android.music
02-09 04:42:04.372 D/LoaderTask( 5563): app pkg com.android.music
02-09 04:42:04.372 W/WindowManager( 1240): updateScale : 0.79357797
02-09 04:42:04.373 D/LoaderTask( 5563): app pkg com.android.settings
02-09 04:42:04.373 D/LoaderTask( 5563): app pkg com.microsoft.emmx
02-09 04:42:04.374 D/LoaderTask( 5563): app pkg com.android.documentsui
02-09 04:42:04.374 D/LoaderTask( 5563): app pkg com.hht.lebocast
02-09 04:42:04.374 D/LoaderTask( 5563): app pkg com.sohu.inputmethod.sogou.car
02-09 04:42:04.374 D/LoaderTask( 5563): installQueue.size 10
02-09 04:42:04.375 D/BaseModelUpdateTask( 5563): BaseModelUpdateTask constructor
02-09 04:42:04.375 D/BaseModelUpdateTask( 5563): java.lang.Exception
02-09 04:42:04.375 D/BaseModelUpdateTask( 5563): at com.android.launcher3.model.BaseModelUpdateTask.(BaseModelUpdateTask.java:57)
02-09 04:42:04.375 D/BaseModelUpdateTask( 5563): at com.android.launcher3.model.AddWorkspaceItemsTask.(AddWorkspaceItemsTask.java:58)
02-09 04:42:04.375 D/BaseModelUpdateTask( 5563): at com.android.launcher3.LauncherModel.addAndBindAddedWorkspaceItems(LauncherModel.java:145)
02-09 04:42:04.375 D/BaseModelUpdateTask( 5563): at com.android.launcher3.model.LoaderTask.verifyApplications(LoaderTask.java:1061)
02-09 04:42:04.375 D/BaseModelUpdateTask( 5563): at com.android.launcher3.model.LoaderTask.run(LoaderTask.java:229)
02-09 04:42:04.375 D/BaseModelUpdateTask( 5563): at android.os.Handler.handleCallback(Handler.java:938)
02-09 04:42:04.375 D/BaseModelUpdateTask( 5563): at android.os.Handler.dispatchMessage(Handler.java:99)
02-09 04:42:04.375 D/BaseModelUpdateTask( 5563): at android.os.Looper.loopOnce(Looper.java:201)
02-09 04:42:04.375 D/BaseModelUpdateTask( 5563): at android.os.Looper.loop(Looper.java:288)
02-09 04:42:04.375 D/BaseModelUpdateTask( 5563): at android.os.HandlerThread.run(HandlerThread.java:67)
02-09 04:42:04.375 D/LoaderTask( 5563): bindAllApps
02-09 04:42:04.378 W/WindowManager( 1240): updateScale : 0.79357797
02-09 04:42:04.379 W/WindowManager( 1240): updateScale : 0.79357797
02-09 04:42:04.380 D/LoaderTask( 5563): update icon cache
02-09 04:42:04.380 D/LoaderTask( 5563): save shortcuts in icon cache
02-09 04:42:04.380 D/LoaderTask( 5563): step 2 complete
02-09 04:42:04.381 D/LoaderTask( 5563): loadDeepShortcuts
02-09 04:42:04.381 D/LoaderTask( 5563): bindDeepShortcuts
02-09 04:42:04.381 D/LoaderTask( 5563): save deep shortcuts in icon cache
02-09 04:42:04.382 D/LoaderTask( 5563): step 3 complete
02-09 04:42:04.383 W/WindowManager( 1240): updateScale : 0.79357797
02-09 04:42:04.387 W/WindowManager( 1240): updateScale : 0.79357797
02-09 04:42:04.390 D/BaseIconFactory( 5563): normalizeAndWrapToAdaptiveIcon: scale=0.80950594
02-09 04:42:04.391 I/WindowManager( 1240): finishDrawing of relaunch: Window{7cb5291 u0 com.android.settings/com.android.settings.Settings} 210ms
02-09 04:42:04.391 W/BatteryBroadcastRcvr( 5623): Problem reading the battery meter.
02-09 04:42:04.392 W/WindowManager( 1240): updateScale : 0.79357797
02-09 04:42:04.393 W/WindowManager( 1240): updateScale : 0.79357797
02-09 04:42:04.394 D/BatteryInfo( 5623): time for getStats: 0ms
02-09 04:42:04.394 D/BatteryInfo( 5623): time for regular BatteryInfo: 0ms
02-09 04:42:04.394 D/BatteryInfo( 5623): time for getBatteryInfo: 0ms
02-09 04:42:04.396 D/BatteryTipLoader( 5623): BatteryInfoLoader post query: 1ms
02-09 04:42:04.396 D/BaseIconFactory( 5563): normalizeAndWrapToAdaptiveIcon: scale=0.80950594
02-09 04:42:04.396 D/BatteryInfo( 5623): time for getBatteryInfo: 0ms
02-09 04:42:04.396 D/BatteryTipLoader( 5623): BatteryInfoLoader.loadInBackground: 1ms
02-09 04:42:04.400 D/BatteryInfo( 5623): time for callback: 0ms
02-09 04:42:04.400 D/BaseIconFactory( 5563): normalizeAndWrapToAdaptiveIcon: scale=0.80950594
02-09 04:42:04.402 D/BatteryInfo( 5623): time for callback: 0ms
02-09 04:42:04.404 D/BaseIconFactory( 5563): normalizeAndWrapToAdaptiveIcon: scale=0.80950594
02-09 04:42:04.408 I/input_focus( 1240): [Focus entering 7cb5291 com.android.settings/com.android.settings.Settings (server),reason=Window became focusable. Previous reason: NOT_VISIBLE]
02-09 04:42:04.409 I/WindowManager( 1240): Screen frozen for +243ms due to Window{7cb5291 u0 com.android.settings/com.android.settings.Settings}
02-09 04:42:04.409 D/BaseIconFactory( 5563): normalizeAndWrapToAdaptiveIcon: scale=0.80950594
02-09 04:42:04.412 D/BaseIconFactory( 5563): normalizeAndWrapToAdaptiveIcon: scale=0.80950594
02-09 04:42:04.416 D/LoaderTask( 5563): load widgets
02-09 04:42:04.419 I/WidgetsModel( 5563): found whitelist widget: com.android.systemui, label: 对话, sectionName:D
02-09 04:42:04.419 D/LoaderTask( 5563): bindWidgets
02-09 04:42:04.419 D/LoaderTask( 5563): save widgets in icon cache
02-09 04:42:04.419 D/LoaderTask( 5563): finish icon update
02-09 04:42:04.420 D/LauncherProvider( 5563): call: method=new_db_transaction,arg=null,extras=null
02-09 04:42:04.421 W/ImageReader_JNI( 1240): Unable to acquire a buffer item, very likely client tried to acquire more than maxImages buffers
02-09 04:42:04.424 D/BaseIconFactory( 5563): normalizeAndWrapToAdaptiveIcon: scale=0.80950594
02-09 04:42:04.427 D/BaseIconFactory( 5563): normalizeAndWrapToAdaptiveIcon: scale=0.80950594
02-09 04:42:04.435 D/BaseIconFactory( 5563): normalizeAndWrapToAdaptiveIcon: scale=0.80950594
02-09 04:42:04.438 D/BaseIconFactory( 5563): normalizeAndWrapToAdaptiveIcon: scale=0.80950594
02-09 04:42:04.443 D/BaseIconFactory( 5563): normalizeAndWrapToAdaptiveIcon: scale=0.80950594
02-09 04:42:04.446 D/BaseIconFactory( 5563): normalizeAndWrapToAdaptiveIcon: scale=0.80950594
02-09 04:42:04.451 D/BaseIconFactory( 5563): normalizeAndWrapToAdaptiveIcon: scale=0.80950594
02-09 04:42:04.454 D/BaseIconFactory( 5563): normalizeAndWrapToAdaptiveIcon: scale=0.80950594
02-09 04:42:04.458 D/BaseIconFactory( 5563): normalizeAndWrapToAdaptiveIcon: scale=0.80950594
02-09 04:42:04.461 D/BaseIconFactory( 5563): normalizeAndWrapToAdaptiveIcon: scale=0.80950594
02-09 04:42:04.466 D/BaseIconFactory( 5563): normalizeAndWrapToAdaptiveIcon: scale=0.80950594
02-09 04:42:04.470 D/BaseIconFactory( 5563): normalizeAndWrapToAdaptiveIcon: scale=0.80950594
02-09 04:42:04.474 D/BaseIconFactory( 5563): normalizeAndWrapToAdaptiveIcon: scale=0.80950594
02-09 04:42:04.478 D/BaseIconFactory( 5563): normalizeAndWrapToAdaptiveIcon: scale=0.80950594
02-09 04:42:04.483 D/BaseIconFactory( 5563): normalizeAndWrapToAdaptiveIcon: scale=0.80950594
02-09 04:42:04.487 D/BaseIconFactory( 5563): normalizeAndWrapToAdaptiveIcon: scale=0.80950594
02-09 04:42:04.491 D/QSPanel ( 2005): setHorizontalContentContainer
02-09 04:42:04.492 D/BaseIconFactory( 5563): normalizeAndWrapToAdaptiveIcon: scale=0.80950594
02-09 04:42:04.497 D/QSPanel ( 2005): setHorizontalContentContainer
02-09 04:42:04.498 D/QSPanel ( 2005): setHorizontalContentContainer
02-09 04:42:04.498 D/QSPanel ( 2005): setHorizontalContentContainer
02-09 04:42:04.498 D/QSPanel ( 2005): qs brightness view is null
02-09 04:42:04.500 D/QSPanel ( 2005): setHorizontalContentContainer
02-09 04:42:04.500 D/QSPanel ( 2005): qs brightness view is null
02-09 04:42:04.527 W/WindowManager( 1240): updateScale : 0.79357797
02-09 04:42:04.531 W/WindowManager( 1240): updateScale : 0.79357797
02-09 04:42:04.542 W/View ( 2005): requestLayout() improperly called by com.android.keyguard.AlphaOptimizedLinearLayout{52fc8ba V.E...... ......ID 4,0-34,33 #7f0b069b app:id/wifi_group} during layout: running second layout pass
02-09 04:42:04.553 W/WindowManager( 1240): updateScale : 0.79357797
02-09 04:42:04.560 W/WindowManager( 1240): updateScale : 0.79357797
02-09 04:42:04.791 I/OMX-VENC: venc_dev( 1301): stats: avg. fps 50.48, bitrate 6385875
02-09 04:42:04.900 W/hpplay-java( 2754): [main]:IPManager:getActiveNets invalid networkInfo:null
02-09 04:42:04.901 I/hpplay-java( 2754): [main]:IPManager:getActiveNets eth0:false wifi:false mobile:false ap:false
02-09 04:42:04.901 I/hpplay-java( 2754): [main]:ServerTaskManager:get local ip:null
02-09 04:42:05.264 I/mpu_uart( 645): [MSG-P:RECV]:No message received in 1000 ms
02-09 04:42:05.903 W/hpplay-java( 2754): [main]:IPManager:getActiveNets invalid networkInfo:null
02-09 04:42:05.903 I/hpplay-java( 2754): [main]:IPManager:getActiveNets eth0:false wifi:false mobile:false ap:false
02-09 04:42:05.903 I/hpplay-java( 2754): [main]:ServerTaskManager:get local ip:null
02-09 04:42:05.931 I/OpenGLRenderer( 5623): Davey! duration=9223370815592ms; Flags=0, FrameTimelineVsyncId=36160, IntendedVsync=1221262152446, Vsync=1221262152446, InputEventId=0, HandleInputStart=1221262844636, AnimationStart=1221262847605, PerformTraversalsStart=1221262850366, DrawStart=1221262967918, FrameDeadline=1221283485778, FrameInterval=1221262836772, FrameStartTime=16666666, SyncQueued=1221268230261, SyncStart=1221268321303, IssueDrawCommandsStart=1221269592657, SwapBuffers=1221275765001, FrameCompleted=9223372036854775807, DequeueBufferDuration=48750, QueueBufferDuration=1627553, GpuCompleted=9223372036854775807, SwapBuffersCompleted=1221278400626, DisplayPresentTime=0,
02-09 04:42:05.939 I/OMX-VENC: venc_dev( 1301): stats: avg. fps 6.10, bitrate 248316
02-09 04:42:06.063 I/mpu_uart( 645): [MSG-P:R]:recv sync frame timeout
02-09 04:42:06.264 I/mpu_uart( 645): [MSG-P:RECV]:No message received in 1000 ms
02-09 04:42:06.525 I/system_server( 1240): Explicit concurrent copying GC freed 137128(5654KB) AllocSpace objects, 20(640KB) LOS objects, 49% free, 11MB/22MB, paused 755us,59us total 96.387ms
02-09 04:42:06.528 W/JavaBinder( 1240): BinderProxy is being destroyed but the application did not call unlinkToDeath to unlink all of its death recipients beforehand. Releasing leaked death recipient: com.android.server.wm.ActivityRecord$$ExternalSyntheticLambda0
02-09 04:42:06.528 I/BpBinder( 1240): onLastStrongRef automatically unlinking death recipients:
02-09 04:42:06.532 W/JavaBinder( 1240): BinderProxy is being destroyed but the application did not call unlinkToDeath to unlink all of its death recipients beforehand. Releasing leaked death recipient: com.android.server.wm.ActivityRecord$$ExternalSyntheticLambda0
02-09 04:42:06.532 I/BpBinder( 1240): onLastStrongRef automatically unlinking death recipients:
02-09 04:42:06.536 W/System ( 1240): A resource failed to call close.
02-09 04:42:06.537 W/System ( 1240): A resource failed to call close.
02-09 04:42:06.538 W/System ( 1240): A resource failed to call close.
02-09 04:42:06.538 W/System ( 1240): A resource failed to call close.
02-09 04:42:06.906 W/hpplay-java( 2754): [main]:IPManager:getActiveNets invalid networkInfo:null
02-09 04:42:06.906 I/hpplay-java( 2754): [main]:IPManager:getActiveNets eth0:false wifi:false mobile:false ap:false
02-09 04:42:06.906 I/hpplay-java( 2754): [main]:ServerTaskManager:get local ip:null
02-09 04:42:06.924 E/Launcher( 5563): Check mcu protect state
02-09 04:42:07.265 I/mpu_uart( 645): [MSG-P:RECV]:No message received in 1000 ms
01-04 09:10:42.842 I/qcom_rpmh DRV( 0): apps_rsc TCS Busy, retrying RPMH message send: addr=0x41b08
02-09 04:42:07.784 I/OMX-VENC: venc_dev( 1301): stats: avg. fps 18.97, bitrate 608908
02-09 04:42:07.909 W/hpplay-java( 2754): [main]:IPManager:getActiveNets invalid networkInfo:null
02-09 04:42:07.909 I/hpplay-java( 2754): [main]:IPManager:getActiveNets eth0:false wifi:false mobile:false ap:false
02-09 04:42:07.909 I/hpplay-java( 2754): [main]:ServerTaskManager:get local ip:null
02-09 04:42:08.265 I/mpu_uart( 645): [MSG-P:RECV]:No message received in 1000 ms
02-09 04:42:08.489 D/RemoteControlService( 2357): startVlanDispatchThread
02-09 04:42:08.786 I/OMX-VENC: venc_dev( 1301): stats: avg. fps 1.00, bitrate 32093
02-09 04:42:08.864 E/tlogd ( 1349): [TzLogger](isPathReadable) file /sys/kernel/debug/tzdbg/qsee_log isn't exist or no permission, err: No such file or directory
02-09 04:42:08.864 E/tlogd ( 1349): [TzLogger](saveTzlogAsync) /sys/kernel/debug/tzdbg/qsee_log can not read.
02-09 04:42:08.864 E/tlogd ( 1349): [TzLogger](isPathReadable) file /sys/kernel/debug/tzdbg/log isn't exist or no permission, err: No such file or directory
02-09 04:42:08.864 E/tlogd ( 1349): [TzLogger](saveTzlogAsync) /sys/kernel/debug/tzdbg/log can not read.
02-09 04:42:08.911 W/hpplay-java( 2754): [main]:IPManager:getActiveNets invalid networkInfo:null
02-09 04:42:08.911 I/hpplay-java( 2754): [main]:IPManager:getActiveNets eth0:false wifi:false mobile:false ap:false
02-09 04:42:08.911 I/hpplay-java( 2754): [main]:ServerTaskManager:get local ip:null
02-09 04:42:09.066 I/mpu_uart( 645): [MSG-P:R]:recv sync frame timeout
02-09 04:42:09.265 I/mpu_uart( 645): [MSG-P:RECV]:No message received in 1000 ms
01-04 09:10:44.642 E/DTC_ETH,link_delay_work_func( 0): 3003, SQI=0, link=0
02-09 04:42:09.789 I/OMX-VENC: venc_dev( 1301): stats: avg. fps 1.00, bitrate 32398
02-09 04:42:09.914 W/hpplay-java( 2754): [main]:IPManager:getActiveNets invalid networkInfo:null
02-09 04:42:09.914 I/hpplay-java( 2754): [main]:IPManager:getActiveNets eth0:false wifi:false mobile:false ap:false
02-09 04:42:09.914 I/hpplay-java( 2754): [main]:ServerTaskManager:get local ip:null
02-09 04:42:10.215 I/input_interaction( 1240): Interaction with: 1d06dc0 systemui.screen.recording (server), swipe-up (server), edge-swipe (server), PointerEventDispatcher0 (server),
02-09 04:42:10.265 I/mpu_uart( 645): [MSG-P:RECV]:No message received in 1000 ms
02-09 04:42:10.327 E/Launcher( 5563): Check mcu protect state
02-09 04:42:10.368 D/RecordingService( 2005): onStartCommand com.android.systemui.screenrecord.STOP
02-09 04:42:10.369 D/RecordingService( 2005): notifying for user 0
02-09 04:42:10.374 W/MediaCodec( 1283): mapFormat: no mediaType information
02-09 04:42:10.375 W/MediaCodec( 1283): mapFormat: no mediaType information
02-09 04:42:10.375 D/MPEG4Writer( 1283): reset()
02-09 04:42:10.375 D/MPEG4Writer( 1283): Video track stopping. Stop source
02-09 04:42:10.375 D/MPEG4Writer( 1283): Video track source stopping
02-09 04:42:10.376 I/MediaCodecSource( 1283): encoder (video) stopping
02-09 04:42:10.582 I/commit_sys_config_file( 1240): [settings-1-0,7]
02-09 04:42:10.916 W/hpplay-java( 2754): [main]:IPManager:getActiveNets invalid networkInfo:null
02-09 04:42:10.917 I/hpplay-java( 2754): [main]:IPManager:getActiveNets eth0:false wifi:false mobile:false ap:false
02-09 04:42:10.917 I/hpplay-java( 2754): [main]:ServerTaskManager:get local ip:null
02-09 04:42:11.266 I/mpu_uart( 645): [MSG-P:RECV]:No message received in 1000 ms
02-09 04:42:11.270 I/OMX-VENC: venc_dev( 1301): stats: avg. fps 3.37, bitrate 21734
02-09 04:42:11.287 E/OMX-VENC: venc_dev( 1301): async_venc_message_thread interrupted to be exited
02-09 04:42:11.288 I/OMX-VENC( 1301): Component Deinit
01-04 09:10:46.630 I/msm_vidc( 0): high: 00000001: h264e: Closed video instance: 0000000000000000
02-09 04:42:11.291 I/android.hardware.media.omx@1.0-service( 1301): vendor/qcom/proprietary/adsprpc/src/rpcmem_android.c:192: rpcmem_deinit_internal: closed ION fd 7
02-09 04:42:11.291 I/android.hardware.media.omx@1.0-service( 1301): vendor/qcom/proprietary/adsprpc/src/fastrpc_apps_user.c:3019: fastrpc_apps_user_deinit done
02-09 04:42:11.299 D/MediaCodecSource( 1283): source (video) stopping stalled
02-09 04:42:11.299 I/MediaCodecSource( 1283): encoder (video) stopped
02-09 04:42:11.299 I/MediaCodecSource( 1283): source (video) stopped
02-09 04:42:11.299 V/MediaWriter( 1283): Track event err/info msg:101, trackId:1, type:1000,val:-1011
02-09 04:42:11.299 D/MPEG4Writer( 1283): Video track source stopped
02-09 04:42:11.299 I/MPEG4Writer( 1283): Received total/0-length (952/0) buffers and encoded 951 frames. - Video
02-09 04:42:11.300 D/MPEG4Writer( 1283): Video track stopped. Status:0. Stop source
02-09 04:42:11.300 D/MPEG4Writer( 1283): 0 chunks are written in the last batch
02-09 04:42:11.300 D/MPEG4Writer( 1283): WriterThread stopped. Status:0
02-09 04:42:11.300 I/MPEG4Writer( 1283): Adjust the moov start time from 44913 us -> 44913 us
02-09 04:42:11.300 I/MPEG4Writer( 1283): MOOV atom was written to the file
02-09 04:42:11.300 D/MPEG4Writer( 1283): release()
02-09 04:42:11.300 D/MPEG4Writer( 1283): ftruncate mPreAllocateFileEndOffset:10538648 mOffset:11954 mMdatEndOffset:10526060 diff:12588
02-09 04:42:11.375 D/MPEG4Writer( 1283): final fsync() takes 74 ms, file size 10526060
02-09 04:42:11.375 D/MPEG4Writer( 1283): MP4WtrCtrlHlpLooper stopped
02-09 04:42:11.375 D/MPEG4Writer( 1283): Top 5 write durations(microseconds): #1:557 #2:718 #3:1451 #4:1459 #5:2515
02-09 04:42:11.375 D/MPEG4Writer( 1283): reset()
02-09 04:42:11.375 D/MPEG4Writer( 1283): Video track stopping. Stop source
02-09 04:42:11.375 E/MPEG4Writer( 1283): Stop() called but track is not started or stopped
02-09 04:42:11.377 W/StagefrightRecorder( 1283): stop while neither recording nor paused
02-09 04:42:11.378 I/DisplayDeviceRepository( 1240): Display device removed: DisplayDeviceInfo{"Recording Display": uniqueId="virtual:com.android.systemui,10080,Recording Display,0", 2380 x 1020, modeId 4, defaultModeId 4, supportedModes [{id=4, width=2380, height=1020, fps=60.0, alternativeRefreshRates=[]}], colorMode 0, supportedColorModes [0], hdrCapabilities null, allmSupported false, gameContentTypeSupported false, density 240, 240.0 x 240.0 dpi, appVsyncOff 0, presDeadline 16666666, touch NONE, rotation 0, type VIRTUAL, deviceProductInfo null, state ON, owner com.android.systemui (uid 10080), frameRateOverride , brightnessMinimum 0.0, brightnessMaximum 0.0, brightnessDefault 0.0, FLAG_PRIVATE, FLAG_PRESENTATION}
02-09 04:42:11.380 I/LogicalDisplayMapper( 1240): Removing display: 2
02-09 04:42:11.381 D/ScreenMediaRecorder( 2005): end recording
02-09 04:42:11.381 W/InputManager-JNI( 1240): Input channel object 'f2bdb5 ShellDropTarget (client)' was disposed without first being removed with the input manager!
02-09 04:42:11.384 I/notification_enqueue( 1240): [10080,2005,com.android.systemui,4275,NULL,0,Notification(channel=screen_record shortcut=null contentView=null vibrate=null sound=null defaults=0x0 flags=0x0 color=0x00000000 vis=PRIVATE),0]
02-09 04:42:11.384 D/RecordingService( 2005): saving recording
02-09 04:42:11.385 E/ActivityManager( 1240): Sending non-protected broadcast com.android.systemui.screenrecord.UPDATE_STATE_OUTSIDE from system 2005:com.android.systemui/u0a80 pkg com.android.systemui
02-09 04:42:11.385 E/ActivityManager( 1240): java.lang.Throwable
02-09 04:42:11.385 E/ActivityManager( 1240): at com.android.server.am.ActivityManagerService.checkBroadcastFromSystem(ActivityManagerService.java:12877)
02-09 04:42:11.385 E/ActivityManager( 1240): at com.android.server.am.ActivityManagerService.broadcastIntentLocked(ActivityManagerService.java:13477)
02-09 04:42:11.385 E/ActivityManager( 1240): at com.android.server.am.ActivityManagerService.broadcastIntentLocked(ActivityManagerService.java:12894)
02-09 04:42:11.385 E/ActivityManager( 1240): at com.android.server.am.ActivityManagerService.broadcastIntentWithFeature(ActivityManagerService.java:13729)
02-09 04:42:11.385 E/ActivityManager( 1240): at android.app.IActivityManager$Stub.onTransact(IActivityManager.java:2326)
02-09 04:42:11.385 E/ActivityManager( 1240): at com.android.server.am.ActivityManagerService.onTransact(ActivityManagerService.java:2528)
02-09 04:42:11.385 E/ActivityManager( 1240): at android.os.Binder.execTransactInternal(Binder.java:1184)
02-09 04:42:11.385 E/ActivityManager( 1240): at android.os.Binder.execTransact(Binder.java:1143)
02-09 04:42:11.385 E/ActivityManager( 1240): Sending non-protected broadcast com.android.systemui.screenrecord.UPDATE_STATE_OUTSIDE from system 2005:com.android.systemui/u0a80 pkg com.android.systemui
02-09 04:42:11.385 E/ActivityManager( 1240): java.lang.Throwable
02-09 04:42:11.385 E/ActivityManager( 1240): at com.android.server.am.ActivityManagerService.checkBroadcastFromSystem(ActivityManagerService.java:12877)
02-09 04:42:11.385 E/ActivityManager( 1240): at com.android.server.am.ActivityManagerService.broadcastIntentLocked(ActivityManagerService.java:13572)
02-09 04:42:11.385 E/ActivityManager( 1240): at com.android.server.am.ActivityManagerService.broadcastIntentLocked(ActivityManagerService.java:12894)
02-09 04:42:11.385 E/ActivityManager( 1240): at com.android.server.am.ActivityManagerService.broadcastIntentWithFeature(ActivityManagerService.java:13729)
02-09 04:42:11.385 E/ActivityManager( 1240): at android.app.IActivityManager$Stub.onTransact(IActivityManager.java:2326)
02-09 04:42:11.385 E/ActivityManager( 1240): at com.android.server.am.ActivityManagerService.onTransact(ActivityManagerService.java:2528)
02-09 04:42:11.385 E/ActivityManager( 1240): at android.os.Binder.execTransactInternal(Binder.java:1184)
02-09 04:42:11.385 E/ActivityManager( 1240): at android.os.Binder.execTransact(Binder.java:1143)
02-09 04:42:11.386 I/am_wtf ( 1240): [0,1240,system_server,-1,ActivityManager,Sending non-protected broadcast com.android.systemui.screenrecord.UPDATE_STATE_OUTSIDE from system 2005:com.android.systemui/u0a80 pkg com.android.systemui]
02-09 04:42:11.386 D/CompatibilityChangeReporter( 2005): Compat change id reported: 147798919; UID 10080; state: ENABLED
02-09 04:42:11.389 I/DropBoxManagerService( 1240): add tag=system_server_wtf isTagEnabled=true flags=0x2
02-09 04:42:11.390 D/CompatibilityChangeReporter( 1240): Compat change id reported: 149924527; UID 10080; state: ENABLED
02-09 04:42:11.390 D/CompatibilityChangeReporter( 1240): Compat change id reported: 132649864; UID 10080; state: DISABLED
02-09 04:42:11.390 I/am_wtf ( 1240): [0,1240,system_server,-1,ActivityManager,Sending non-protected broadcast com.android.systemui.screenrecord.UPDATE_STATE_OUTSIDE from system 2005:com.android.systemui/u0a80 pkg com.android.systemui]
02-09 04:42:11.391 D/GameMode_GameModeService( 2082): Received recording state update intent: false
02-09 04:42:11.391 D/CompatibilityChangeReporter( 1240): Compat change id reported: 182734110; UID 10080; state: ENABLED
02-09 04:42:11.391 I/DropBoxManagerService( 1240): add tag=system_server_wtf isTagEnabled=true flags=0x2
02-09 04:42:11.394 D/CompatibilityChangeReporter( 1240): Compat change id reported: 172100307; UID 10080; state: ENABLED
02-09 04:42:11.394 I/InputDispatcher( 1240): Erasing monitor PointerEventDispatcher2 (server) on display 2, pid=1240
02-09 04:42:11.397 W/MediaProvider( 2873): isAppCloneUserPair failed. Users: 0 and 0
02-09 04:42:11.397 W/MediaProvider( 2873): isAppCloneUserPair for user 0: false
02-09 04:42:11.401 I/GameMode_ActivityMonitoringService( 2082): onForegroundServicesChanged uid 10080 pid 2005 fg 0
02-09 04:42:11.401 I/sysui_multi_action( 1240): [757,128,758,5,759,8,793,46744,794,0,795,46744,796,4274,806,com.android.systemui,857,screen_record,858,3,947,0,1500,46538,1688,1]
02-09 04:42:11.401 I/notification_canceled( 1240): [0|com.android.systemui|4274|null|10080,8,46744,46744,0,-1,-1,NULL]
02-09 04:42:11.402 D/CompatibilityChangeReporter( 1240): Compat change id reported: 175319604; UID 1000; state: ENABLED
02-09 04:42:11.402 D/ScreenMediaRecorder( 2005): content://media/external_primary/video/media/376
02-09 04:42:11.402 W/RingtonePlayer( 2005): STOP command without a player
02-09 04:42:11.403 D/CompatibilityChangeReporter( 3921): Compat change id reported: 150939131; UID 10064; state: DISABLED
02-09 04:42:11.404 D/CompatibilityChangeReporter( 1240): Compat change id reported: 175319604; UID 1000; state: DISABLED
02-09 04:42:11.407 D/GameMode_GameModeNotificationListenerService( 2082): onNotificationRemoved.
02-09 04:42:11.407 I/MediaProvider( 2873): Open with lower FS for /storage/emulated/0/Movies/screen-20230209-044211.mp4. Uid: 10080
02-09 04:42:11.409 W/InputManager-JNI( 1240): Input channel object '1d06dc0 systemui.screen.recording (client)' was disposed without first being removed with the input manager!
02-09 04:42:11.409 W/WindowManager( 1240): updateScale : 0.79357797
02-09 04:42:11.411 W/MediaRecorder( 2005): mediarecorder went away with unhandled events
02-09 04:42:11.413 W/WindowManager( 1240): Failed looking up window session=Session{4fb9ad7 2005:u0a10080} callers=com.android.server.wm.WindowManagerService.windowForClientLocked:5628 com.android.server.wm.WindowManagerService.removeWindow:2033 com.android.server.wm.Session.remove:218
02-09 04:42:11.433 D/BaseIconFactory( 2005): normalizeAndWrapToAdaptiveIcon: scale=0.8095146
02-09 04:42:11.438 W/MediaProvider( 2873): Failed to fetch original file descriptor
02-09 04:42:11.438 W/MediaProvider( 2873): java.io.IOException: stat failed: ENOENT (No such file or directory)
02-09 04:42:11.438 W/MediaProvider( 2873): at com.android.providers.media.MediaProvider.getFileFromFileDescriptor(MediaProvider.java:5794)
02-09 04:42:11.438 W/MediaProvider( 2873): at com.android.providers.media.MediaProvider.getOriginalMediaFormatFileDescriptor(MediaProvider.java:5711)
02-09 04:42:11.438 W/MediaProvider( 2873): at com.android.providers.media.MediaProvider.openTypedAssetFileCommon(MediaProvider.java:7134)
02-09 04:42:11.438 W/MediaProvider( 2873): at com.android.providers.media.MediaProvider.openTypedAssetFile(MediaProvider.java:7115)
02-09 04:42:11.438 W/MediaProvider( 2873): at android.content.ContentProvider$Transport.openTypedAssetFile(ContentProvider.java:548)
02-09 04:42:11.438 W/MediaProvider( 2873): at android.content.ContentProviderNative.onTransact(ContentProviderNative.java:327)
02-09 04:42:11.438 W/MediaProvider( 2873): at android.os.Binder.execTransactInternal(Binder.java:1184)
02-09 04:42:11.438 W/MediaProvider( 2873): at android.os.Binder.execTransact(Binder.java:1143)
02-09 04:42:11.438 W/MediaProvider( 2873): Caused by: android.system.ErrnoException: stat failed: ENOENT (No such file or directory)
02-09 04:42:11.438 W/MediaProvider( 2873): at libcore.io.Linux.stat(Native Method)
02-09 04:42:11.438 W/MediaProvider( 2873): at libcore.io.ForwardingOs.stat(ForwardingOs.java:853)
02-09 04:42:11.438 W/MediaProvider( 2873): at libcore.io.BlockGuardOs.stat(BlockGuardOs.java:420)
02-09 04:42:11.438 W/MediaProvider( 2873): at libcore.io.ForwardingOs.stat(ForwardingOs.java:853)
02-09 04:42:11.438 W/MediaProvider( 2873): at android.app.ActivityThread$AndroidOs.stat(ActivityThread.java:7780)
02-09 04:42:11.438 W/MediaProvider( 2873): at android.system.Os.stat(Os.java:919)
02-09 04:42:11.438 W/MediaProvider( 2873): at com.android.providers.media.MediaProvider.getFileFromFileDescriptor(MediaProvider.java:5788)
02-09 04:42:11.438 W/MediaProvider( 2873): ... 7 more
02-09 04:42:11.438 I/ExtendedUtils( 1283): printFileName fd(10) -> /data/user_de/0/com.android.systemui/cache/temp3696731367801923878.mp4
02-09 04:42:11.450 W/WindowManager( 1240): updateScale : 0.79357797
02-09 04:42:11.453 I/ExtendedUtils( 1283): printFileName fd(18) -> /storage/emulated/0/Movies/screen-20230209-044211.mp4
02-09 04:42:11.455 I/MMParserExtractor( 1265): Created(0xb40000733b46f1d0)
02-09 04:42:11.456 E/MM_OSAL ( 1265): FileSource::FileSource
02-09 04:42:11.456 E/MM_OSAL ( 1265): FileSource::FileSource m_bEveryThingOK 1
02-09 04:42:11.458 W/WindowManager( 1240): updateScale : 0.79357797
02-09 04:42:11.468 E/MetadataRetrieverClient( 1283): failed to extract an album art
02-09 04:42:11.469 E/MediaMetadataRetrieverJNI( 2005): getEmbeddedPicture: Call to getEmbeddedPicture failed.
02-09 04:42:11.469 E/MM_OSAL ( 1265): resetPlayback no need to reset
02-09 04:42:11.470 D/MediaCodecList( 1283): codecHandlesFormat: no format, so no extra checks
02-09 04:42:11.470 D/MediaCodecList( 1283): codecHandlesFormat: no format, so no extra checks
02-09 04:42:11.470 D/MediaCodecList( 1283): codecHandlesFormat: no format, so no extra checks
02-09 04:42:11.470 D/MediaCodecList( 1283): codecHandlesFormat: no format, so no extra checks
02-09 04:42:11.470 D/FrameDecoder( 1283): FrameDecoder created
02-09 04:42:11.470 I/FrameDecoder( 1283): using surface mode
02-09 04:42:11.471 I/MMParserExtractor( 1265): Created(0xb40000733b470430)
02-09 04:42:11.476 D/PeopleSpaceWidgetMgr( 2005): Sbn doesn't contain valid PeopleTileKey: null/0/com.android.systemui
02-09 04:42:11.479 I/ExtendedUtils( 1283): printFileName fd(14) -> /storage/emulated/0/Movies/screen-20230209-044211.mp4
02-09 04:42:11.482 I/OMXClient( 1283): IOmx service obtained
02-09 04:42:11.483 I/OMXMaster( 1301): makeComponentInstance(OMX.qcom.video.decoder.avc) in android.hardwar process
02-09 04:42:11.488 E/android.hardware.media.omx@1.0-service( 1301): Service not available yet
02-09 04:42:11.489 D/PlatformConfig( 1301): getInstance: Enter
02-09 04:42:11.490 D/PlatformConfig( 1301): getConfigStoreBool: vpp/enable=false, returning false
02-09 04:42:11.490 D/PlatformConfig( 1301): getInstance: Enter
02-09 04:42:11.490 D/PlatformConfig( 1301): getInt32 Config name: vidc_dec_log_in value: 0
02-09 04:42:11.490 D/PlatformConfig( 1301): getInstance: Enter
02-09 04:42:11.490 D/PlatformConfig( 1301): getInt32 Config name: vidc_dec_log_out value: 0
02-09 04:42:11.490 D/PlatformConfig( 1301): getInstance: Enter
02-09 04:42:11.490 D/PlatformConfig( 1301): getInt32 Config name: vidc_dec_sec_prefetch_size_internal value: 209715200
02-09 04:42:11.490 D/PlatformConfig( 1301): getInstance: Enter
02-09 04:42:11.490 D/PlatformConfig( 1301): getInt32 Config name: vidc_dec_sec_prefetch_size_output value: 13434880
02-09 04:42:11.490 D/PlatformConfig( 1301): getInstance: Enter
02-09 04:42:11.490 D/PlatformConfig( 1301): getInt32 Config name: vidc_perf_control_enable value: 0
02-09 04:42:11.490 D/PlatformConfig( 1301): getInstance: Enter
02-09 04:42:11.491 D/PlatformConfig( 1301): getInt32 Config name: vidc_dec_thumbnail_yuv_output value: 0
02-09 04:42:11.491 D/PlatformConfig( 1301): getInstance: Enter
02-09 04:42:11.491 D/PlatformConfig( 1301): getInt32: Returning default
02-09 04:42:11.491 D/PlatformConfig( 1301): getInstance: Enter
02-09 04:42:11.491 D/PlatformConfig( 1301): getInt32 Config name: vidc_dec_output_rate value: 120
02-09 04:42:11.491 I/MMParserExtractor( 1265): Created(0xb40000733b470430)
02-09 04:42:11.492 I/OMX-VDEC-1080P( 1301): component_init: OMX.qcom.video.decoder.avc : fd=7
02-09 04:42:11.492 E/OMX-VDEC-1080P( 1301): Unsupported output color format for c2d (2141391876)
02-09 04:42:11.492 E/OMX-VDEC-1080P( 1301): Setting color format failed
02-09 04:42:11.493 D/PlatformConfig( 1301): getInstance: Enter
02-09 04:42:11.493 D/PlatformConfig( 1301): getInt32: Returning default
02-09 04:42:11.493 D/PlatformConfig( 1301): getInstance: Enter
02-09 04:42:11.493 D/PlatformConfig( 1301): getInt32: Returning default
02-09 04:42:11.493 I/OMX-VDEC-1080P( 1301): omx_vdec::component_init() success : fd=7
01-04 09:10:46.833 I/msm_vidc( 0): high: 00000001: ....d: Opening video instance: 0000000000000000, 1
01-04 09:10:46.833 I/msm_vidc( 0): err : 00000001: ....d: Failed to create debugfs for msm_vidc
02-09 04:42:11.495 D/SurfaceUtils( 1283): connecting to surface 0xe7f04ba8, reason connectToSurface
02-09 04:42:11.495 I/MediaCodec( 1283): [OMX.qcom.video.decoder.avc] setting surface generation to 1313802
02-09 04:42:11.495 D/SurfaceUtils( 1283): disconnecting from surface 0xe7f04ba8, reason connectToSurface(reconnect)
02-09 04:42:11.495 D/SurfaceUtils( 1283): connecting to surface 0xe7f04ba8, reason connectToSurface(reconnect)
02-09 04:42:11.497 E/OMX-VDEC-1080P( 1301): Extension: OMX.google.android.index.storeANWBufferInMetadata not implemented
02-09 04:42:11.497 E/OMX-VDEC-1080P( 1301): Extension: OMX.google.android.index.configureVideoTunnelMode not implemented
02-09 04:42:11.497 E/OMX-VDEC-1080P( 1301): Extension: OMX.google.android.index.useAndroidNativeBuffer is supported
02-09 04:42:11.497 E/OMX-VDEC-1080P( 1301): get_parameter: unknown param 7f000046
02-09 04:42:11.497 E/OMXNodeInstance( 1301): getParameter(0xeccd0024:qcom.decoder.avc, ??(0x7f000046)) ERROR: UnsupportedIndex(0x8000101a)
02-09 04:42:11.497 E/OMX-VDEC-1080P( 1301): set_parameter: Error: 0x80001019, setting param 0x7f00005d
02-09 04:42:11.497 E/OMXNodeInstance( 1301): setParameter(0xeccd0024:qcom.decoder.avc, OMX.google.android.index.allocateNativeHandle(0x7f00005d): Output:1 en=0) ERROR: UnsupportedSetting(0x80001019)
02-09 04:42:11.497 E/OMX-VDEC-1080P( 1301): Extension: OMX.google.android.index.storeANWBufferInMetadata not implemented
02-09 04:42:11.497 E/OMX-VDEC-1080P( 1301): get_parameter: unknown param 6f600011
02-09 04:42:11.498 E/OMXNodeInstance( 1301): getParameter(0xeccd0024:qcom.decoder.avc, ??(0x6f600011)) ERROR: UnsupportedIndex(0x8000101a)
02-09 04:42:11.498 I/ExtendedACodec( 1283): setupVideoDecoder()
02-09 04:42:11.498 I/ExtendedACodec( 1283): Thumbnail mode enabled.
02-09 04:42:11.499 E/OMXNodeInstance( 1301): getParameter(0xeccd0024:qcom.decoder.avc, ??(0x7f000044)) ERROR: UnsupportedSetting(0x80001019)
02-09 04:42:11.499 E/OMXNodeInstance( 1301): getParameter(0xeccd0024:qcom.decoder.avc, ??(0x7f000044)) ERROR: UnsupportedSetting(0x80001019)
02-09 04:42:11.500 W/ACodec ( 1283): [OMX.qcom.video.decoder.avc] does not support color format 2130708361
02-09 04:42:11.500 D/ACodec ( 1283): Setting [OMX.qcom.video.decoder.avc] input port buffer number: 1
02-09 04:42:11.500 D/ACodec ( 1283): Setting [OMX.qcom.video.decoder.avc] output port buffer number: 1
02-09 04:42:11.501 I/ExtendedACodec( 1283): Decoder will be in frame by frame mode
02-09 04:42:11.501 E/OMX-VDEC-1080P( 1301): Setparameter: unknown param 2130706434
02-09 04:42:11.501 E/OMX-VDEC-1080P( 1301): set_parameter: Error: 0x8000101a, setting param 0x7f000002
02-09 04:42:11.501 E/OMXNodeInstance( 1301): setParameter(0xeccd0024:qcom.decoder.avc, ??(0x7f000002)) ERROR: UnsupportedIndex(0x8000101a)
02-09 04:42:11.502 W/ExtendedACodec( 1283): Failed to set frame packing format on component
02-09 04:42:11.502 I/OMX-VENDOR-EXT( 1301): isConfigValid
02-09 04:42:11.504 E/OMXNodeInstance( 1301): getConfig(0xeccd0024:qcom.decoder.avc, ??(0x7f000062)) ERROR: UnsupportedSetting(0x80001019)
02-09 04:42:11.508 E/OMX-VDEC-1080P( 1301): Extension: OMX.google.android.index.AndroidNativeBufferConsumerUsage not implemented
02-09 04:42:11.508 D/SurfaceUtils( 1283): set up nativeWindow 0xe7f04ba8 for 2380x1020, color 0x7fa30c06, rotation 0, usage 0x20402900
02-09 04:42:11.509 W/ResourceManagerService( 1283): Ignoring request to add new resource entry with value <= 0
02-09 04:42:11.510 D/MediaBufferGroup( 1265): creating MemoryDealer
02-09 04:42:11.524 E/OMXNodeInstance( 1301): getConfig(0xeccd0024:qcom.decoder.avc, ??(0x7f000062)) ERROR: UnsupportedSetting(0x80001019)
02-09 04:42:11.528 E/OMX-VDEC-1080P( 1301): Extension: OMX.google.android.index.AndroidNativeBufferConsumerUsage not implemented
02-09 04:42:11.528 D/SurfaceUtils( 1283): set up nativeWindow 0xe7f04ba8 for 2384x1024, color 0x7fa30c06, rotation 0, usage 0x20402900
02-09 04:42:11.534 E/OMXNodeInstance( 1301): getConfig(0xeccd0024:qcom.decoder.avc, ??(0x7f000062)) ERROR: UnsupportedSetting(0x80001019)
02-09 04:42:11.536 E/OMX-VDEC-1080P( 1301): Extension: OMX.QTI.index.config.video.getdsmode not implemented
02-09 04:42:11.560 I/OMX-VDEC-1080P( 1301): omx_vdec::component_deinit() complete
02-09 04:42:11.564 I/OMX-VDEC-1080P( 1301): Exit OMX vdec Destructor: fd=7
02-09 04:42:11.565 D/SurfaceUtils( 1283): disconnecting from surface 0xe7f04ba8, reason disconnectFromSurface
02-09 04:42:11.566 D/FrameDecoder( 1283): FrameDecoder destroyed
01-04 09:10:46.906 I/msm_vidc( 0): high: 00000001: h264d: Closed video instance: 0000000000000000
02-09 04:42:11.585 I/sysui_multi_action( 1240): [757,1501,758,1,793,201,794,0,795,201,796,4275,806,com.android.systemui,857,screen_record,858,3,947,0,1500,0,1688,1]
02-09 04:42:11.585 I/sysui_multi_action( 1240): [757,804,799,note_interruptive,801,0,802,1]
02-09 04:42:11.585 I/GameModeConfig( 1240): isGameModeOn = false
02-09 04:42:11.586 I/sysui_multi_action( 1240): [757,1501,758,1,793,203,794,0,795,203,796,4275,806,com.android.systemui,857,screen_record,858,3,947,0,1500,0,1688,1]
02-09 04:42:11.586 I/sysui_multi_action( 1240): [757,804,799,note_interruptive,801,0,802,1]
02-09 04:42:11.586 I/sysui_multi_action( 1240): [757,199,758,1,759,3,793,203,794,0,795,203,796,4275,806,com.android.systemui,857,screen_record,858,3,947,0,1500,0,1688,1]
02-09 04:42:11.586 I/notification_alert( 1240): [0|com.android.systemui|4275|null|10080,1,1,0]
02-09 04:42:11.590 W/NotificationHistory( 1240): Attempted to add notif for locked/gone/disabled user 0
02-09 04:42:11.593 V/GameMode_GameTypeUtils( 2082): judge isGame:com.android.settings
02-09 04:42:11.593 E/GameMode_GameModeNotificationListenerService( 2082): title :正在录制屏幕content :正在处理屏幕录制视频,PackageName:com.android.systemui,isGameModeOn:false,isBulletScreenOn:false,isBulletScreenPackage:false
02-09 04:42:11.597 D/Avrcp_ext( 1985): AudioManager Player: AudioPlaybackConfiguration piid:71 deviceId:0 type:android.media.SoundPool u/pid:10080/2005 state:idle attr:AudioAttributes: usage=USAGE_ASSISTANCE_SONIFICATION content=CONTENT_TYPE_SONIFICATION flags=0x800 tags= bundle=null sessionId:0
02-09 04:42:11.597 D/Avrcp_ext( 1985): AudioManager Player: AudioPlaybackConfiguration piid:87 deviceId:0 type:android.media.SoundPool u/pid:1000/2082 state:idle attr:AudioAttributes: usage=USAGE_ASSISTANCE_SONIFICATION content=CONTENT_TYPE_SONIFICATION flags=0x801 tags= bundle=null sessionId:0
02-09 04:42:11.597 D/Avrcp_ext( 1985): AudioManager Player: AudioPlaybackConfiguration piid:151 deviceId:0 type:android.media.MediaPlayer u/pid:10080/2005 state:idle attr:AudioAttributes: usage=USAGE_NOTIFICATION content=CONTENT_TYPE_SONIFICATION flags=0x800 tags= bundle=null sessionId:0
02-09 04:42:11.597 D/Avrcp_ext( 1985): AudioManager Player: AudioPlaybackConfiguration piid:63 deviceId:0 type:android.media.SoundPool u/pid:1000/1240 state:idle attr:AudioAttributes: usage=USAGE_ASSISTANCE_SONIFICATION content=CONTENT_TYPE_SONIFICATION flags=0x800 tags= bundle=null sessionId:0
02-09 04:42:11.597 D/Avrcp_ext( 1985): AudioManager isPlaying: false, mAudioPlaybackIsActive = false
02-09 04:42:11.597 D/Avrcp_ext( 1985): AudioManager Reset Active Player
02-09 04:42:11.599 W/FileSource( 2005): offset/length adjusted from 0/576460752303423487 to 0/16905
02-09 04:42:11.602 I/MMParserExtractor( 1265): Created(0xb40000733b470430)
02-09 04:42:11.605 W/MediaProvider( 2873): Failed to fetch original file descriptor
02-09 04:42:11.605 W/MediaProvider( 2873): java.io.IOException: stat failed: EACCES (Permission denied)
02-09 04:42:11.605 W/MediaProvider( 2873): at com.android.providers.media.MediaProvider.getFileFromFileDescriptor(MediaProvider.java:5794)
02-09 04:42:11.605 W/MediaProvider( 2873): at com.android.providers.media.MediaProvider.getOriginalMediaFormatFileDescriptor(MediaProvider.java:5711)
02-09 04:42:11.605 W/MediaProvider( 2873): at com.android.providers.media.MediaProvider.openTypedAssetFileCommon(MediaProvider.java:7134)
02-09 04:42:11.605 W/MediaProvider( 2873): at com.android.providers.media.MediaProvider.openTypedAssetFile(MediaProvider.java:7115)
02-09 04:42:11.605 W/MediaProvider( 2873): at android.content.ContentProvider$Transport.openTypedAssetFile(ContentProvider.java:548)
02-09 04:42:11.605 W/MediaProvider( 2873): at android.content.ContentProviderNative.onTransact(ContentProviderNative.java:327)
02-09 04:42:11.605 W/MediaProvider( 2873): at android.os.Binder.execTransactInternal(Binder.java:1184)
02-09 04:42:11.605 W/MediaProvider( 2873): at android.os.Binder.execTransact(Binder.java:1143)
02-09 04:42:11.605 W/MediaProvider( 2873): Caused by: android.system.ErrnoException: stat failed: EACCES (Permission denied)
02-09 04:42:11.605 W/MediaProvider( 2873): at libcore.io.Linux.stat(Native Method)
02-09 04:42:11.605 W/MediaProvider( 2873): at libcore.io.ForwardingOs.stat(ForwardingOs.java:853)
02-09 04:42:11.605 W/MediaProvider( 2873): at libcore.io.BlockGuardOs.stat(BlockGuardOs.java:420)
02-09 04:42:11.605 W/MediaProvider( 2873): at libcore.io.ForwardingOs.stat(ForwardingOs.java:853)
02-09 04:42:11.605 W/MediaProvider( 2873): at android.app.ActivityThread$AndroidOs.stat(ActivityThread.java:7780)
02-09 04:42:11.605 W/MediaProvider( 2873): at android.system.Os.stat(Os.java:919)
02-09 04:42:11.605 W/MediaProvider( 2873): at com.android.providers.media.MediaProvider.getFileFromFileDescriptor(MediaProvider.java:5788)
02-09 04:42:11.605 W/MediaProvider( 2873): ... 7 more
02-09 04:42:11.606 D/NuPlayerDriver( 1283): NuPlayerDriver(0xe8780fb0) created, clientPid(2005)
02-09 04:42:11.607 D/InterruptionStateProvider( 2005): No bubble up: not allowed to bubble: 0|com.android.systemui|4275|null|10080
02-09 04:42:11.608 D/InterruptionStateProvider( 2005): No heads up: unimportant notification: 0|com.android.systemui|4275|null|10080
02-09 04:42:11.609 D/PeopleSpaceWidgetMgr( 2005): Sbn doesn't contain valid PeopleTileKey: null/0/com.android.systemui
02-09 04:42:11.614 I/ExtendedNuUtils( 1283): printFileName fd(8) -> /data/system_de/0/ringtones/notification_sound_cache
02-09 04:42:11.616 D/GenericSource( 1283): FileSource remote
02-09 04:42:11.618 I/MMParserExtractor( 1265): Created(0xb40000733b470430)
02-09 04:42:11.620 D/MediaBufferGroup( 1265): creating MemoryDealer
02-09 04:42:11.624 I/MediaFocusControl( 1240): requestAudioFocus() from uid/pid 10080/2005 AA=USAGE_NOTIFICATION/CONTENT_TYPE_SONIFICATION clientId=android.media.AudioManager@2e3f4c8 callingPack=com.android.systemui req=3 flags=0x0 sdk=31
02-09 04:42:11.625 I/AudioService.FadeOutManager( 1240): unfadeOutUid() uid:10080
02-09 04:42:11.628 I/notification_enqueue( 1240): [10080,2005,com.android.systemui,4273,NULL,0,Notification(channel=screen_record shortcut=null contentView=null vibrate=null sound=null defaults=0x0 flags=0x10 color=0x00000000 actions=1 vis=PRIVATE),0]
02-09 04:42:11.629 I/sysui_multi_action( 1240): [757,128,758,5,759,8,793,246,794,0,795,246,796,4275,806,com.android.systemui,857,screen_record,858,3,947,0,1500,43,1688,1]
02-09 04:42:11.629 I/notification_canceled( 1240): [0|com.android.systemui|4275|null|10080,8,246,246,0,-1,-1,NULL]
02-09 04:42:11.631 D/GameMode_GameModeNotificationListenerService( 2082): onNotificationRemoved.
02-09 04:42:11.640 D/PeopleSpaceWidgetMgr( 2005): Sbn doesn't contain valid PeopleTileKey: null/0/com.android.systemui
02-09 04:42:11.830 I/sysui_multi_action( 1240): [757,1501,758,1,793,202,794,0,795,202,796,4273,806,com.android.systemui,857,screen_record,858,3,947,0,1500,0,1688,1,1745,680407814]
02-09 04:42:11.830 I/sysui_multi_action( 1240): [757,804,799,note_interruptive,801,0,802,1]
02-09 04:42:11.831 I/GameModeConfig( 1240): isGameModeOn = false
02-09 04:42:11.832 E/NotificationService( 1240): Muting recently noisy 0|com.android.systemui|4273|null|10080
02-09 04:42:11.836 W/NotificationHistory( 1240): Attempted to add notif for locked/gone/disabled user 0
02-09 04:42:11.840 V/GameMode_GameTypeUtils( 2082): judge isGame:com.android.settings
02-09 04:42:11.840 E/GameMode_GameModeNotificationListenerService( 2082): title :已保存屏幕录制内容content :点按即可查看,PackageName:com.android.systemui,isGameModeOn:false,isBulletScreenOn:false,isBulletScreenPackage:false
02-09 04:42:11.856 D/InterruptionStateProvider( 2005): No bubble up: not allowed to bubble: 0|com.android.systemui|4273|null|10080
02-09 04:42:11.858 D/InterruptionStateProvider( 2005): No heads up: unimportant notification: 0|com.android.systemui|4273|null|10080
02-09 04:42:11.858 D/PeopleSpaceWidgetMgr( 2005): Sbn doesn't contain valid PeopleTileKey: null/0/com.android.systemui
02-09 04:42:11.918 W/hpplay-java( 2754): [main]:IPManager:getActiveNets invalid networkInfo:null
02-09 04:42:11.918 I/hpplay-java( 2754): [main]:IPManager:getActiveNets eth0:false wifi:false mobile:false ap:false
02-09 04:42:11.918 I/hpplay-java( 2754): [main]:ServerTaskManager:get local ip:null
02-09 04:42:12.070 I/mpu_uart( 645): [MSG-P:R]:recv sync frame timeout
02-09 04:42:12.086 E/NotificationService( 1240): No vibration for canceled notification : 0|com.android.systemui|4275|null|10080
02-09 04:42:12.125 W/AudioIDCMicroNegotiator( 1240): idcm_warn: idcm control is not enable
02-09 04:42:12.126 I/GenericSource( 1283): start
02-09 04:42:12.127 D/Avrcp_ext( 1985): AudioManager Player: AudioPlaybackConfiguration piid:71 deviceId:0 type:android.media.SoundPool u/pid:10080/2005 state:idle attr:AudioAttributes: usage=USAGE_ASSISTANCE_SONIFICATION content=CONTENT_TYPE_SONIFICATION flags=0x800 tags= bundle=null sessionId:0
02-09 04:42:12.127 D/MediaRouter( 2005): onRestoreRoute() : route=RouteInfo{ name=平板电脑, description=null, status=null, category=RouteCategory{ name=系统 types=ROUTE_TYPE_LIVE_AUDIO ROUTE_TYPE_LIVE_VIDEO groupable=false }, supportedTypes=ROUTE_TYPE_LIVE_AUDIO ROUTE_TYPE_LIVE_VIDEO , presentationDisplay=null }
02-09 04:42:12.127 D/Avrcp_ext( 1985): AudioManager Player: AudioPlaybackConfiguration piid:87 deviceId:0 type:android.media.SoundPool u/pid:1000/2082 state:idle attr:AudioAttributes: usage=USAGE_ASSISTANCE_SONIFICATION content=CONTENT_TYPE_SONIFICATION flags=0x801 tags= bundle=null sessionId:0
02-09 04:42:12.127 V/MediaRouter( 2005): Selecting route: RouteInfo{ name=平板电脑, description=null, status=null, category=RouteCategory{ name=系统 types=ROUTE_TYPE_LIVE_AUDIO ROUTE_TYPE_LIVE_VIDEO groupable=false }, supportedTypes=ROUTE_TYPE_LIVE_AUDIO ROUTE_TYPE_LIVE_VIDEO , presentationDisplay=null }
