02-09 04:41:31.071 D/Ethernet( 1240): got request NetworkRequest [ REQUEST id=49, [ Capabilities: INTERNET&NOT_RESTRICTED&TRUSTED&NOT_VCN_MANAGED Uid: 1000 RequestorUid: 1000 RequestorPkg: com.android.settings] ]
02-09 04:41:31.071 D/EthernetNetworkFactory( 1240): acceptRequest, request: NetworkRequest [ REQUEST id=49, [ Capabilities: INTERNET&NOT_RESTRICTED&TRUSTED&NOT_VCN_MANAGED Uid: 1000 RequestorUid: 1000 RequestorPkg: com.android.settings] ]
02-09 04:41:31.071 I/EthernetNetworkFactory( 1240): networkForRequest, request: NetworkRequest [ REQUEST id=49, [ Capabilities: INTERNET&NOT_RESTRICTED&TRUSTED&NOT_VCN_MANAGED Uid: 1000 RequestorUid: 1000 RequestorPkg: com.android.settings] ], network: null
02-09 04:41:31.071 D/WifiNetworkFactory( 1240): got request NetworkRequest [ REQUEST id=49, [ Capabilities: INTERNET&NOT_RESTRICTED&TRUSTED&NOT_VCN_MANAGED Uid: 1000 RequestorUid: 1000 RequestorPkg: com.android.settings] ]
02-09 04:41:31.071 D/UntrustedWifiNetworkFactory( 1240): got request NetworkRequest [ REQUEST id=49, [ Capabilities: INTERNET&NOT_RESTRICTED&TRUSTED&NOT_VCN_MANAGED Uid: 1000 RequestorUid: 1000 RequestorPkg: com.android.settings] ]
02-09 04:41:31.071 D/OemPaidWifiNetworkFactory( 1240): got request NetworkRequest [ REQUEST id=49, [ Capabilities: INTERNET&NOT_RESTRICTED&TRUSTED&NOT_VCN_MANAGED Uid: 1000 RequestorUid: 1000 RequestorPkg: com.android.settings] ]
02-09 04:41:31.072 D/ConnectivityService( 1240): NetReassign [no changes]
02-09 04:41:31.072 D/BluetoothPan( 5623): Binding service...
02-09 04:41:31.074 I/sysui_multi_action( 5623): [757,746,758,1,833,0,1089,34]
02-09 04:41:31.074 D/SubscriptionsChangeListener( 5623): Start
02-09 04:41:31.075 D/TelephonyRegistry( 1240): listen oscl: mHasNotifySubscriptionInfoChangedOccurred==false no callback
02-09 04:41:31.077 D/MobileNetworkSummaryStatus( 5623): network summary query
02-09 04:41:31.077 W/ScanResultUtil( 1240): Empty or null ScanResult list
02-09 04:41:31.077 W/WifiService( 1240): Attempt to retrieve WifiConfiguration with invalid scanResult List
02-09 04:41:31.078 W/ScanResultUtil( 1240): Empty or null ScanResult list
02-09 04:41:31.078 E/WifiService( 1240): Attempt to retrieve passpoint with invalid scanResult List
02-09 04:41:31.078 W/ScanResultUtil( 1240): Empty or null ScanResult list
02-09 04:41:31.078 W/WifiService( 1240): Attempt to retrieve OsuProviders with invalid scanResult List
02-09 04:41:31.078 E/TelephonyManager( 5623): Error in getUiccCardsInfo: unable to connect to Telephony service.
02-09 04:41:31.079 W/MobileNetworkUtils( 5623): EuiccManager is not enabled.
02-09 04:41:31.079 W/SelectableSubscriptions( 5623): Fail to request subIdList
02-09 04:41:31.079 W/SelectableSubscriptions( 5623): java.lang.NullPointerException: Attempt to invoke interface method 'int java.util.List.size()' on a null object reference
02-09 04:41:31.079 W/SelectableSubscriptions( 5623): at com.android.settings.network.helper.SelectableSubscriptions.call(SelectableSubscriptions.java:128)
02-09 04:41:31.079 W/SelectableSubscriptions( 5623): at com.android.settings.network.MobileNetworkSummaryStatus.getSubscriptions(MobileNetworkSummaryStatus.java:158)
02-09 04:41:31.079 W/SelectableSubscriptions( 5623): at com.android.settings.network.MobileNetworkSummaryStatus.update(MobileNetworkSummaryStatus.java:88)
02-09 04:41:31.079 W/SelectableSubscriptions( 5623): at com.android.settings.network.MobileNetworkSummaryController.update(MobileNetworkSummaryController.java:170)
02-09 04:41:31.079 W/SelectableSubscriptions( 5623): at com.android.settings.network.MobileNetworkSummaryController.onResume(MobileNetworkSummaryController.java:95)
02-09 04:41:31.079 W/SelectableSubscriptions( 5623): at java.lang.reflect.Method.invoke(Native Method)
02-09 04:41:31.079 W/SelectableSubscriptions( 5623): at androidx.lifecycle.ClassesInfoCache$MethodReference.invokeCallback(ClassesInfoCache.java:216)
02-09 04:41:31.079 W/SelectableSubscriptions( 5623): at androidx.lifecycle.ClassesInfoCache$CallbackInfo.invokeMethodsForEvent(ClassesInfoCache.java:194)
02-09 04:41:31.079 W/SelectableSubscriptions( 5623): at androidx.lifecycle.ClassesInfoCache$CallbackInfo.invokeCallbacks(ClassesInfoCache.java:185)
02-09 04:41:31.079 W/SelectableSubscriptions( 5623): at androidx.lifecycle.ReflectiveGenericLifecycleObserver.onStateChanged(ReflectiveGenericLifecycleObserver.java:37)
02-09 04:41:31.079 W/SelectableSubscriptions( 5623): at androidx.lifecycle.LifecycleRegistry$ObserverWithState.dispatchEvent(LifecycleRegistry.java:354)
02-09 04:41:31.079 W/SelectableSubscriptions( 5623): at androidx.lifecycle.LifecycleRegistry.forwardPass(LifecycleRegistry.java:265)
02-09 04:41:31.079 W/SelectableSubscriptions( 5623): at androidx.lifecycle.LifecycleRegistry.sync(LifecycleRegistry.java:307)
02-09 04:41:31.079 W/SelectableSubscriptions( 5623): at androidx.lifecycle.LifecycleRegistry.moveToState(LifecycleRegistry.java:148)
02-09 04:41:31.079 W/SelectableSubscriptions( 5623): at androidx.lifecycle.LifecycleRegistry.handleLifecycleEvent(LifecycleRegistry.java:134)
02-09 04:41:31.079 W/SelectableSubscriptions( 5623): at com.android.settingslib.core.lifecycle.ObservablePreferenceFragment.onResume(ObservablePreferenceFragment.java:87)
02-09 04:41:31.079 W/SelectableSubscriptions( 5623): at com.android.settings.core.InstrumentedPreferenceFragment.onResume(InstrumentedPreferenceFragment.java:77)
02-09 04:41:31.079 W/SelectableSubscriptions( 5623): at com.android.settings.SettingsPreferenceFragment.onResume(SettingsPreferenceFragment.java:198)
02-09 04:41:31.079 W/SelectableSubscriptions( 5623): at com.android.settings.dashboard.DashboardFragment.onResume(DashboardFragment.java:220)
02-09 04:41:31.079 W/SelectableSubscriptions( 5623): at androidx.fragment.app.Fragment.performResume(Fragment.java:3029)
02-09 04:41:31.079 W/SelectableSubscriptions( 5623): at androidx.fragment.app.FragmentStateManager.resume(FragmentStateManager.java:583)
02-09 04:41:31.079 W/SelectableSubscriptions( 5623): at androidx.fragment.app.FragmentStateManager.moveToExpectedState(FragmentStateManager.java:282)
02-09 04:41:31.079 W/SelectableSubscriptions( 5623): at androidx.fragment.app.SpecialEffectsController$FragmentStateManagerOperation.complete(SpecialEffectsController.java:742)
02-09 04:41:31.079 W/SelectableSubscriptions( 5623): at androidx.fragment.app.SpecialEffectsController$Operation.completeSpecialEffect(SpecialEffectsController.java:669)
02-09 04:41:31.079 W/SelectableSubscriptions( 5623): at androidx.fragment.app.DefaultSpecialEffectsController$SpecialEffectsInfo.completeSpecialEffect(DefaultSpecialEffectsController.java:755)
02-09 04:41:31.079 W/SelectableSubscriptions( 5623): at androidx.fragment.app.DefaultSpecialEffectsController.startAnimations(DefaultSpecialEffectsController.java:147)
02-09 04:41:31.079 W/SelectableSubscriptions( 5623): at androidx.fragment.app.DefaultSpecialEffectsController.executeOperations(DefaultSpecialEffectsController.java:120)
02-09 04:41:31.079 W/SelectableSubscriptions( 5623): at androidx.fragment.app.SpecialEffectsController.executePendingOperations(SpecialEffectsController.java:294)
02-09 04:41:31.079 W/SelectableSubscriptions( 5623): at androidx.fragment.app.FragmentManager.executeOpsTogether(FragmentManager.java:2222)
02-09 04:41:31.079 W/SelectableSubscriptions( 5623): at androidx.fragment.app.FragmentManager.removeRedundantOperationsAndExecute(FragmentManager.java:2120)
02-09 04:41:31.079 W/SelectableSubscriptions( 5623): at androidx.fragment.app.FragmentManager.execPendingActions(FragmentManager.java:2022)
02-09 04:41:31.079 W/SelectableSubscriptions( 5623): at androidx.fragment.app.FragmentManager.executePendingTransactions(FragmentManager.java:603)
02-09 04:41:31.079 W/SelectableSubscriptions( 5623): at com.android.settings.homepage.SettingsHomepageActivity.addFragment(SettingsHomepageActivity.java:424)
02-09 04:41:31.079 W/SelectableSubscriptions( 5623): at com.android.settings.homepage.SettingsHomepageActivity.lambda$changeSettingsDetailsFragment$4(SettingsHomepageActivity.java:395)
02-09 04:41:31.079 W/SelectableSubscriptions( 5623): at com.android.settings.homepage.SettingsHomepageActivity.$r8$lambda$CqOfnAceDxvOR2buhHdxOyMQieE(Unknown Source:0)
02-09 04:41:31.079 W/SelectableSubscriptions( 5623): at com.android.settings.homepage.SettingsHomepageActivity$$ExternalSyntheticLambda3.run(Unknown Source:10)
02-09 04:41:31.079 W/SelectableSubscriptions( 5623): at android.os.Handler.handleCallback(Handler.java:938)
02-09 04:41:31.079 W/SelectableSubscriptions( 5623): at android.os.Handler.dispatchMessage(Handler.java:99)
02-09 04:41:31.079 W/SelectableSubscriptions( 5623): at android.os.Looper.loopOnce(Looper.java:201)
02-09 04:41:31.079 W/SelectableSubscriptions( 5623): at android.os.Looper.loop(Looper.java:288)
02-09 04:41:31.079 W/SelectableSubscriptions( 5623): at android.app.ActivityThread.main(ActivityThread.java:7880)
02-09 04:41:31.079 W/SelectableSubscriptions( 5623): at java.lang.reflect.Method.invoke(Native Method)
02-09 04:41:31.079 W/SelectableSubscriptions( 5623): at com.android.internal.os.RuntimeInit$MethodAndArgsCaller.run(RuntimeInit.java:548)
02-09 04:41:31.079 W/SelectableSubscriptions( 5623): at com.android.internal.os.ZygoteInit.main(ZygoteInit.java:1009)
02-09 04:41:31.079 D/MobileNetworkSummaryStatus( 5623): network summary query ignored
02-09 04:41:31.080 D/SubscriptionsChangeListener( 5623): Start
02-09 04:41:31.080 D/TelephonyRegistry( 1240): listen oscl: mHasNotifySubscriptionInfoChangedOccurred==false no callback
02-09 04:41:31.081 D/ConnectivityService( 1240): NetReassign [no changes]
02-09 04:41:31.084 I/WifiService( 1240): startScan uid=1000
02-09 04:41:31.086 I/sysui_multi_action( 5623): [757,1729,758,4,854,isParalleledControllers:false,1089,46]
02-09 04:41:31.089 D/LOWI-9.0.0.87.a( 1375): [LOWI-Scan] wait_event:Wait done with Cmd 33
02-09 04:41:31.089 D/LOWI-9.0.0.87.a( 1375): [LOWI-Scan] do_listen_events: Rcvd valid Netlink Cmd 0 Err 0
02-09 04:41:31.089 W/ScanResultUtil( 1240): Empty or null ScanResult list
02-09 04:41:31.089 W/WifiService( 1240): Attempt to retrieve WifiConfiguration with invalid scanResult List
02-09 04:41:31.089 W/ScanResultUtil( 1240): Empty or null ScanResult list
02-09 04:41:31.089 E/WifiService( 1240): Attempt to retrieve passpoint with invalid scanResult List
02-09 04:41:31.089 W/ScanResultUtil( 1240): Empty or null ScanResult list
02-09 04:41:31.089 W/WifiService( 1240): Attempt to retrieve OsuProviders with invalid scanResult List
02-09 04:41:31.113 W/WindowManager( 1240): updateScale : 0.79357797
02-09 04:41:31.115 D/BluetoothPan( 5623): Proxy object connected
02-09 04:41:31.117 D/BluetoothPan( 5623): Proxy object connected
01-04 09:10:06.478 I/[schedu][0x5506da0cc][04:41:31.136168] wlan( 0): [3395:I:OSIF] scan start scan id 40969
02-09 04:41:31.249 I/mpu_uart( 645): [MSG-P:RECV]:No message received in 1000 ms
02-09 04:41:31.312 W/WindowManager( 1240): updateScale : 0.79357797
02-09 04:41:31.312 I/wm_stop_activity( 1240): [0,208887896,com.android.launcher3/.uioverrides.QuickstepLauncher]
02-09 04:41:31.326 W/WindowManager( 1240): updateScale : 0.79357797
02-09 04:41:31.328 D/StateManager( 5563): goToState: Normal
02-09 04:41:31.328 I/wm_on_stop_called( 5563): [208887896,com.android.launcher3.uioverrides.QuickstepLauncher,STOP_ACTIVITY_ITEM]
02-09 04:41:31.343 W/WindowManager( 1240): updateScale : 0.79357797
02-09 04:41:31.343 I/GameMode_ActivityMonitoringService( 2082): onForegroundActivitiesChanged uid 10073 pid 5563 fg false
02-09 04:41:31.345 I/GameMode_ActivityMonitoringService( 2082): Updating top task to: TaskInfoContainer [topActivity=ComponentInfo{com.android.settings/com.android.settings.Settings}, taskId=80, stackId=80, userId=0, displayId=0, position=7
02-09 04:41:31.345 I/GameMode_ActivityMonitoringService( 2082): Notifying about top task: TaskInfoContainer [topActivity=ComponentInfo{com.android.settings/com.android.settings.Settings}, taskId=80, stackId=80, userId=0, displayId=0, position=7
02-09 04:41:31.345 I/GameMode_ActivityMonitoringService( 2082): WindowMode: 1
02-09 04:41:31.345 E/GameMode_ActivityMonitoringService( 2082): onActivityLaunch:com.android.settings
02-09 04:41:31.345 V/GameMode_GameTypeUtils( 2082): judge isGame:com.android.settings
02-09 04:41:31.345 V/GameMode_GpuUtils( 2082): fps:60
02-09 04:41:31.345 D/GameMode_GameModeActionUtils( 2082): Show GameMode entry by service!
02-09 04:41:31.346 W/ContextImpl( 2082): Calling a method in the system process without a qualified user: android.app.ContextImpl.startService:1816 android.content.ContextWrapper.startService:774 com.thundercomm.gamemode.ingame.services.GameModeActionUtils.startGameModeService:111 com.thundercomm.gamemode.ingame.services.GameModeActionUtils.startGameModeEntry:22 com.thundercomm.gamemode.ingame.services.ActivityMonitoringService$1.onActivityLaunch:139
02-09 04:41:31.346 D/GameModeIF_GameModeSettings( 2082): getUriFor setting_content_uri_root = content://com.thundercomm.gamemode.api/gamemode_settings , name = gamemode_isgaming
02-09 04:41:31.346 D/GameMode_GameModeService( 2082): type=hide_entry
02-09 04:41:31.347 I/GameModeConfig( 1240): Current uri is uri = content://com.thundercomm.gamemode.api/gamemode_settings/gamemode_isgaming
02-09 04:41:31.347 D/GameModeIF_GameModeSettings( 1240): getUriFor setting_content_uri_root = content://com.thundercomm.gamemode.api/gamemode_settings , name = gamemode_isgaming
02-09 04:41:31.347 D/GameMode_GameSettingsObserver( 2082): Game Data change!!!! uri = content://com.thundercomm.gamemode.api/gamemode_settings/gamemode_isgaming
02-09 04:41:31.347 D/GameModeIF_GameModeSettings( 2082): getUriFor setting_content_uri_root = content://com.thundercomm.gamemode.api/gamemode_settings , name = gamemode_isgaming
02-09 04:41:31.347 D/GameModeIF_GameModeSettings( 2082): gamemode_isgaming set to 0
02-09 04:41:31.347 I/GameMode_ActivityMonitoringService( 2082): [Perf]-lastSession=
02-09 04:41:31.347 D/GameModeIF_GameModeSettings( 2082): getUriFor setting_content_uri_root = content://com.thundercomm.gamemode.api/gamemode_settings , name = gamemode_enable
02-09 04:41:31.347 I/GameModeConfig( 1240): isGameModeOn = false
02-09 04:41:31.347 I/GameModeConfig( 1240): isGameModeOn = false
02-09 04:41:31.347 I/GameModeConfig( 1240): isDisableVoice = true
02-09 04:41:31.347 D/GameMode_GameModeService( 2082): updateGlobalSettings = gamemode_isgaming
02-09 04:41:31.391 W/WindowManager( 1240): updateScale : 0.79357797
02-09 04:41:31.393 W/InputManager-JNI( 1240): Input channel object 'fac0af3 Splash Screen com.android.settings (client)' was disposed without first being removed with the input manager!
02-09 04:41:31.393 W/WindowManager( 1240): updateScale : 0.79357797
02-09 04:41:31.448 D/BufferPoolAccessor2.0( 1283): evictor expired: 2, evicted: 0
02-09 04:41:31.545 W/WindowManager( 1240): updateScale : 0.79357797
02-09 04:41:31.546 W/WindowManager( 1240): updateScale : 0.79357797
02-09 04:41:31.562 W/WindowManager( 1240): updateScale : 0.79357797
02-09 04:41:31.819 W/hpplay-java( 2754): [main]:IPManager:getActiveNets invalid networkInfo:null
02-09 04:41:31.819 I/hpplay-java( 2754): [main]:IPManager:getActiveNets eth0:false wifi:false mobile:false ap:false
02-09 04:41:31.819 I/hpplay-java( 2754): [main]:ServerTaskManager:get local ip:null
02-09 04:41:31.835 E/TaskPersister( 1240): File error accessing recents directory (directory doesn't exist?).
02-09 04:41:32.249 I/mpu_uart( 645): [MSG-P:RECV]:No message received in 1000 ms
02-09 04:41:32.316 D/LOWI-9.0.0.87.a( 1375): [LOWI-Scan] wait_event:Wait done with Cmd 34
02-09 04:41:32.316 D/LOWI-9.0.0.87.a( 1375): [LOWI-Scan] do_listen_events: Rcvd valid Netlink Cmd 34 Err 0
02-09 04:41:32.317 D/LOWI-9.0.0.87.a( 1375): [LOWI-Scan]
02-09 04:41:32.317 D/LOWI-9.0.0.87.a( 1375): [LOWI-Scan] print_bss_handler: Report Probe TSF 1186585216 as it greater than Beacon TSF 1186573078
02-09 04:41:32.317 D/LOWI-9.0.0.87.a( 1375): [LOWI-Scan] is_qcom_ie, bss_age: 0
02-09 04:41:32.317 D/LOWI-9.0.0.87.a( 1375): [LOWI-Scan] BSS 38:a9:1c:35:03:04 LOWI_PHY_MODE_11NG_HT20(5), Beacon Interval: 100, LOWI_ENCRYPTION_TYPE_OPEN 11mcRanging: No, ANQP: No, LCI: No, Civic: No, capability(0x0401): ESS ShortSlotTime
02-09 04:41:32.317 D/LOWI-9.0.0.87.a( 1375): [LOWI-Scan] BSS 38:a9:1c:35:03:04 FREQ: 2412, cFreq1[40:80:160] = [0:0:0] cFreq2 = 0 Country Code =
02-09 04:41:32.317 D/LOWI-9.0.0.87.a( 1375): [LOWI-Scan] BSS 38:a9:1c:35:03:04 (wlan0) ASSO: NO AddInfo: 0x0, TSF 0, 00:19:46.585, RSSI: -56, CPL: 127, AGE: 1104, SSID , TSFDelta: 0xe2a0bd88, TXRate: 0
02-09 04:41:32.317 D/LOWI-9.0.0.87.a( 1375): [LOWI-Scan]
02-09 04:41:32.317 D/LOWI-9.0.0.87.a( 1375): [LOWI-Scan] print_bss_handler: Report Probe TSF 1186586324 as it greater than Beacon TSF 1101315768
02-09 04:41:32.317 D/LOWI-9.0.0.87.a( 1375): [LOWI-Scan] decode_rsn_wpa_ie: LOWI_ENCRYPTION_TYPE_WPA_PSK
02-09 04:41:32.317 D/LOWI-9.0.0.87.a( 1375): [LOWI-Scan] is_qcom_ie, bss_age: 0
02-09 04:41:32.317 D/LOWI-9.0.0.87.a( 1375): [LOWI-Scan] BSS 38:a9:1c:35:03:06 LOWI_PHY_MODE_11NG_HT20(5), Beacon Interval: 100, LOWI_ENCRYPTION_TYPE_WPA_PSK 11mcRanging: No, ANQP: No, LCI: No, Civic: No, capability(0x0411): ESS Privacy ShortSlotTime
02-09 04:41:32.317 D/LOWI-9.0.0.87.a( 1375): [LOWI-Scan] BSS 38:a9:1c:35:03:06 FREQ: 2412, cFreq1[40:80:160] = [0:0:0] cFreq2 = 0 Country Code =
02-09 04:41:32.317 D/WifiNl80211Manager( 1240): Scan result ready event
02-09 04:41:32.317 D/LOWI-9.0.0.87.a( 1375): [LOWI-Scan] BSS 38:a9:1c:35:03:06 (wlan0) ASSO: NO AddInfo: 0x0, TSF 0, 00:19:46.586, RSSI: -56, CPL: 127, AGE: 1104, SSID H3C_350304, TSFDelta: 0xe2aeb8a8, TXRate: 0
02-09 04:41:32.317 D/LOWI-9.0.0.87.a( 1375): [LOWI-Scan]
02-09 04:41:32.317 D/LOWI-9.0.0.87.a( 1375): [LOWI-Scan] print_bss_handler: Report Probe TSF 1186556365 as it greater than Beacon TSF 1186535081
02-09 04:41:32.317 D/LOWI-9.0.0.87.a( 1375): [LOWI-Scan] decode_rsn_wpa_ie: LOWI_ENCRYPTION_TYPE_WPA_PSK
02-09 04:41:32.317 D/LOWI-9.0.0.87.a( 1375): [LOWI-Scan] is_qcom_ie, bss_age: 0
02-09 04:41:32.317 D/LOWI-9.0.0.87.a( 1375): [LOWI-Scan] BSS 58:41:20:1d:fe:89 LOWI_PHY_MODE_11AC_VHT80(10), Beacon Interval: 100, LOWI_ENCRYPTION_TYPE_WPA_PSK 11mcRanging: No, ANQP: No, LCI: No, Civic: No, capability(0x1011): ESS Privacy
02-09 04:41:32.317 D/LOWI-9.0.0.87.a( 1375): [LOWI-Scan] BSS 58:41:20:1d:fe:89 FREQ: 5180, cFreq1[40:80:160] = [5190:5210:0] cFreq2 = 0 Country Code = CN
02-09 04:41:32.317 D/LOWI-9.0.0.87.a( 1375): [LOWI-Scan] BSS 58:41:20:1d:fe:89 (wlan0) ASSO: NO AddInfo: 0x0, TSF 0, 00:19:46.556, RSSI: -138, CPL: 127, AGE: 1132, SSID TP-LINK_5G_FE87, TSFDelta: 0x119fefbd, TXRate: 0
02-09 04:41:32.317 D/WifiNative( 1240): Scan result ready event
02-09 04:41:32.317 D/LOWI-9.0.0.87.a( 1375): [LOWI-Scan]
02-09 04:41:32.317 D/LOWI-9.0.0.87.a( 1375): [LOWI-Scan] print_bss_handler: Report beacon TSF 1186573092 as it greater than probe TSF 1101270601
02-09 04:41:32.317 D/LOWI-9.0.0.87.a( 1375): [LOWI-Scan] decode_rsn_wpa_ie: LOWI_ENCRYPTION_TYPE_WPA_PSK
02-09 04:41:32.317 D/LOWI-9.0.0.87.a( 1375): [LOWI-Scan] is_qcom_ie, bss_age: 0
02-09 04:41:32.317 D/LOWI-9.0.0.87.a( 1375): [LOWI-Scan] BSS 18:6f:2d:81:16:e3 LOWI_PHY_MODE_11NG_HT20(5), Beacon Interval: 100, LOWI_ENCRYPTION_TYPE_WPA_PSK 11mcRanging: No, ANQP: No, LCI: No, Civic: No, capability(0x0531): ESS Privacy ShortPreamble SpectrumMgmt ShortSlotTime
02-09 04:41:32.317 D/LOWI-9.0.0.87.a( 1375): [LOWI-Scan] BSS 18:6f:2d:81:16:e3 FREQ: 2412, cFreq1[40:80:160] = [2412:0:0] cFreq2 = 0 Country Code = CN
02-09 04:41:32.317 D/LOWI-9.0.0.87.a( 1375): [LOWI-Scan] BSS 18:6f:2d:81:16:e3 (wlan0) ASSO: NO AddInfo: 0x1, TSF 0, 00:19:46.573, RSSI: -110, CPL: 127, AGE: 1116, SSID ZXHY, TSFDelta: 0x23126850, TXRate: 0
02-09 04:41:32.317 D/LOWI-9.0.0.87.a( 1375): [LOWI-Scan]
02-09 04:41:32.317 D/LOWI-9.0.0.87.a( 1375): [LOWI-Scan] print_bss_handler: Report Probe TSF 1186746223 as it greater than Beacon TSF 541427516
02-09 04:41:32.317 D/LOWI-9.0.0.87.a( 1375): [LOWI-Scan] decode_rsn_wpa_ie: LOWI_ENCRYPTION_TYPE_WPA_PSK
02-09 04:41:32.317 D/LOWI-9.0.0.87.a( 1375): [LOWI-Scan] is_qcom_ie, bss_age: 0
02-09 04:41:32.317 D/LOWI-9.0.0.87.a( 1375): [LOWI-Scan] BSS 5c:02:14:f9:4f:d3 LOWI_PHY_MODE_11AC_VHT80(10), Beacon Interval: 100, LOWI_ENCRYPTION_TYPE_WPA_PSK 11mcRanging: No, ANQP: Yes, LCI: No, Civic: No, capability(0x1931): ESS Privacy ShortPreamble SpectrumMgmt APSD
01-04 09:10:07.658 I/[schedu][0x551c77fe7][04:41:32.316742] wlan( 0): [3395:I:OSIF] vdev 0, scan id 40969 type COMPLETED(1) reason COMPLETED(1) scan found 66 bss
02-09 04:41:32.317 D/LOWI-9.0.0.87.a( 1375): [LOWI-Scan] BSS 5c:02:14:f9:4f:d3 FREQ: 5745, cFreq1[40:80:160] = [5755:5775:0] cFreq2 = 0 Country Code = CN
02-09 04:41:32.317 D/LOWI-9.0.0.87.a( 1375): [LOWI-Scan] BSS 5c:02:14:f9:4f:d3 (wlan0) ASSO: NO AddInfo: 0x0, TSF 0, 00:19:46.746, RSSI: -88, CPL: 127, AGE: 944, SSID ThunderSoft_XTS_5G, TSFDelta: 0x770aa9c9, TXRate: 0
02-09 04:41:32.317 D/LOWI-9.0.0.87.a( 1375): [LOWI-Scan]
02-09 04:41:32.317 D/LOWI-9.0.0.87.a( 1375): [LOWI-Scan] print_bss_handler: Report Probe TSF 1186746603 as it greater than Beacon TSF 821422302
02-09 04:41:32.317 D/LOWI-9.0.0.87.a( 1375): [LOWI-Scan] decode_rsn_wpa_ie: LOWI_ENCRYPTION_TYPE_WPA_PSK
02-09 04:41:32.317 D/LOWI-9.0.0.87.a( 1375): [LOWI-Scan] is_qcom_ie, bss_age: 0
02-09 04:41:32.317 D/LOWI-9.0.0.87.a( 1375): [LOWI-Scan] BSS f4:84:8d:21:25:a9 LOWI_PHY_MODE_11AC_VHT80(10), Beacon Interval: 100, LOWI_ENCRYPTION_TYPE_WPA_PSK 11mcRanging: No, ANQP: No, LCI: No, Civic: No, capability(0x1011): ESS Privacy
02-09 04:41:32.317 D/LOWI-9.0.0.87.a( 1375): [LOWI-Scan] BSS f4:84:8d:21:25:a9 FREQ: 5745, cFreq1[40:80:160] = [5755:5775:0] cFreq2 = 0 Country Code = CN
02-09 04:41:32.317 D/LOWI-9.0.0.87.a( 1375): [LOWI-Scan] BSS f4:84:8d:21:25:a9 (wlan0) ASSO: NO AddInfo: 0x0, TSF 0, 00:19:46.746, RSSI: -134, CPL: 127, AGE: 944, SSID hht, TSFDelta: 0x3598e3bf, TXRate: 0
02-09 04:41:32.317 D/LOWI-9.0.0.87.a( 1375): [LOWI-Scan]
02-09 04:41:32.317 D/LOWI-9.0.0.87.a( 1375): [LOWI-Scan] print_bss_handler: Report beacon TSF 1186932430 as it greater than probe TSF 1186919957
02-09 04:41:32.317 D/LOWI-9.0.0.87.a( 1375): [LOWI-Scan] decode_rsn_wpa_ie: LOWI_ENCRYPTION_TYPE_WPA_PSK
02-09 04:41:32.317 D/LOWI-9.0.0.87.a( 1375): [LOWI-Scan] is_qcom_ie, bss_age: 0
02-09 04:41:32.317 D/LOWI-9.0.0.87.a( 1375): [LOWI-Scan] BSS 18:6f:2d:81:18:40 LOWI_PHY_MODE_11NG_HT20(5), Beacon Interval: 100, LOWI_ENCRYPTION_TYPE_WPA_PSK 11mcRanging: No, ANQP: No, LCI: No, Civic: No, capability(0x0531): ESS Privacy ShortPreamble SpectrumMgmt ShortSlotTime
02-09 04:41:32.317 D/LOWI-9.0.0.87.a( 1375): [LOWI-Scan] BSS 18:6f:2d:81:18:40 FREQ: 2432, cFreq1[40:80:160] = [2432:0:0] cFreq2 = 0 Country Code = CN
02-09 04:41:32.317 D/LOWI-9.0.0.87.a( 1375): [LOWI-Scan] BSS 18:6f:2d:81:18:40 (wlan0) ASSO: NO AddInfo: 0x1, TSF 0, 00:19:46.932, RSSI: -120, CPL: 127, AGE: 756, SSID Testing , TSFDelta: 0x29bb4c64, TXRate: 0
02-09 04:41:32.317 D/LOWI-9.0.0.87.a( 1375): [LOWI-Scan]
02-09 04:41:32.317 D/LOWI-9.0.0.87.a( 1375): [LOWI-Scan] print_bss_handler: Report beacon TSF 1186933050 as it greater than probe TSF 1186920552
02-09 04:41:32.317 D/LOWI-9.0.0.87.a( 1375): [LOWI-Scan] is_qcom_ie, bss_age: 0
02-09 04:41:32.317 D/LOWI-9.0.0.87.a( 1375): [LOWI-Scan] BSS 18:6f:2d:81:18:41 LOWI_PHY_MODE_11NG_HT20(5), Beacon Interval: 100, LOWI_ENCRYPTION_TYPE_OPEN 11mcRanging: No, ANQP: No, LCI: No, Civic: No, capability(0x0521): ESS ShortPreamble SpectrumMgmt ShortSlotTime
02-09 04:41:32.317 D/LOWI-9.0.0.87.a( 1375): [LOWI-Scan] BSS 18:6f:2d:81:18:41 FREQ: 2432, cFreq1[40:80:160] = [2432:0:0] cFreq2 = 0 Country Code = CN
02-09 04:41:32.317 D/LOWI-9.0.0.87.a( 1375): [LOWI-Scan] BSS 18:6f:2d:81:18:41 (wlan0) ASSO: NO AddInfo: 0x1, TSF 0, 00:19:46.933, RSSI: -122, CPL: 127, AGE: 756, SSID Guest, TSFDelta: 0x29c0a4c0, TXRate: 0
02-09 04:41:32.317 D/LOWI-9.0.0.87.a( 1375): [LOWI-Scan]
02-09 04:41:32.317 D/LOWI-9.0.0.87.a( 1375): [LOWI-Scan] print_bss_handler: Report beacon TSF 1186933805 as it greater than probe TSF 1186920876
02-09 04:41:32.317 D/LOWI-9.0.0.87.a( 1375): [LOWI-Scan] decode_rsn_wpa_ie: LOWI_ENCRYPTION_TYPE_WPA_PSK
02-09 04:41:32.317 D/LOWI-9.0.0.87.a( 1375): [LOWI-Scan] is_qcom_ie, bss_age: 0
02-09 04:41:32.317 D/LOWI-9.0.0.87.a( 1375): [LOWI-Scan] BSS 18:6f:2d:81:18:42 LOWI_PHY_MODE_11NG_HT20(5), Beacon Interval: 100, LOWI_ENCRYPTION_TYPE_WPA_PSK 11mcRanging: No, ANQP: No, LCI: No, Civic: No, capability(0x0531): ESS Privacy ShortPreamble SpectrumMgmt ShortSlotTime
02-09 04:41:32.317 D/LOWI-9.0.0.87.a( 1375): [LOWI-Scan] BSS 18:6f:2d:81:18:42 FREQ: 2432, cFreq1[40:80:160] = [2432:0:0] cFreq2 = 0 Country Code = CN
02-09 04:41:32.317 D/LOWI-9.0.0.87.a( 1375): [LOWI-Scan] BSS 18:6f:2d:81:18:42 (wlan0) ASSO: NO AddInfo: 0x1, TSF 0, 00:19:46.933, RSSI: -122, CPL: 127, AGE: 756, SSID ThunderSoft_2.4G, TSFDelta: 0x29c5fc48, TXRate: 0
02-09 04:41:32.317 D/LOWI-9.0.0.87.a( 1375): [LOWI-Scan]
02-09 04:41:32.317 D/LOWI-9.0.0.87.a( 1375): [LOWI-Scan] print_bss_handler: Report beacon TSF 1186934698 as it greater than probe TSF 1186921849
02-09 04:41:32.317 D/LOWI-9.0.0.87.a( 1375): [LOWI-Scan] decode_rsn_wpa_ie: LOWI_ENCRYPTION_TYPE_WPA_PSK
02-09 04:41:32.317 D/LOWI-9.0.0.87.a( 1375): [LOWI-Scan] is_qcom_ie, bss_age: 0
02-09 04:41:32.317 D/LOWI-9.0.0.87.a( 1375): [LOWI-Scan] BSS 18:6f:2d:81:18:43 LOWI_PHY_MODE_11NG_HT20(5), Beacon Interval: 100, LOWI_ENCRYPTION_TYPE_WPA_PSK 11mcRanging: No, ANQP: No, LCI: No, Civic: No, capability(0x0531): ESS Privacy ShortPreamble SpectrumMgmt ShortSlotTime
02-09 04:41:32.317 D/LOWI-9.0.0.87.a( 1375): [LOWI-Scan] BSS 18:6f:2d:81:18:43 FREQ: 2432, cFreq1[40:80:160] = [2432:0:0] cFreq2 = 0 Country Code = CN
02-09 04:41:32.317 D/LOWI-9.0.0.87.a( 1375): [LOWI-Scan] BSS 18:6f:2d:81:18:43 (wlan0) ASSO: NO AddInfo: 0x1, TSF 0, 00:19:46.934, RSSI: -122, CPL: 127, AGE: 756, SSID ZXHY, TSFDelta: 0x29ce39d4, TXRate: 0
02-09 04:41:32.317 D/LOWI-9.0.0.87.a( 1375): [LOWI-Scan]
02-09 04:41:32.317 D/LOWI-9.0.0.87.a( 1375): [LOWI-Scan] print_bss_handler: Report beacon TSF 1186935411 as it greater than probe TSF 1186922589
02-09 04:41:32.317 D/LOWI-9.0.0.87.a( 1375): [LOWI-Scan] decode_rsn_wpa_ie: LOWI_ENCRYPTION_TYPE_WPA_PSK
02-09 04:41:32.317 D/LOWI-9.0.0.87.a( 1375): [LOWI-Scan] is_qcom_ie, bss_age: 0
02-09 04:41:32.317 D/LOWI-9.0.0.87.a( 1375): [LOWI-Scan] BSS 18:6f:2d:81:18:44 LOWI_PHY_MODE_11NG_HT20(5), Beacon Interval: 100, LOWI_ENCRYPTION_TYPE_WPA_PSK 11mcRanging: No, ANQP: No, LCI: No, Civic: No, capability(0x0531): ESS Privacy ShortPreamble SpectrumMgmt ShortSlotTime
02-09 04:41:32.317 D/LOWI-9.0.0.87.a( 1375): [LOWI-Scan] BSS 18:6f:2d:81:18:44 FREQ: 2432, cFreq1[40:80:160] = [2432:0:0] cFreq2 = 0 Country Code = CN
02-09 04:41:32.317 D/LOWI-9.0.0.87.a( 1375): [LOWI-Scan] BSS 18:6f:2d:81:18:44 (wlan0) ASSO: NO AddInfo: 0x1, TSF 0, 00:19:46.935, RSSI: -124, CPL: 127, AGE: 756, SSID Fanya, TSFDelta: 0x29d354cc, TXRate: 0
02-09 04:41:32.317 D/LOWI-9.0.0.87.a( 1375): [LOWI-Scan]
02-09 04:41:32.317 D/LOWI-9.0.0.87.a( 1375): [LOWI-Scan] print_bss_handler: Report beacon TSF 1187042607 as it greater than probe TSF 1101791298
02-09 04:41:32.317 D/LOWI-9.0.0.87.a( 1375): [LOWI-Scan] decode_rsn_wpa_ie: LOWI_ENCRYPTION_TYPE_WPA_PSK
02-09 04:41:32.317 D/LOWI-9.0.0.87.a( 1375): [LOWI-Scan] is_qcom_ie, bss_age: 0
02-09 04:41:32.317 D/LOWI-9.0.0.87.a( 1375): [LOWI-Scan] BSS 18:6f:2d:81:16:f0 LOWI_PHY_MODE_11AC_VHT20(8), Beacon Interval: 100, LOWI_ENCRYPTION_TYPE_WPA_PSK 11mcRanging: No, ANQP: No, LCI: No, Civic: No, capability(0x0111): ESS Privacy SpectrumMgmt
02-09 04:41:32.317 D/LOWI-9.0.0.87.a( 1375): [LOWI-Scan] BSS 18:6f:2d:81:16:f0 FREQ: 5260, cFreq1[40:80:160] = [5260:0:0] cFreq2 = 0 Country Code = CN
02-09 04:41:32.317 D/LOWI-9.0.0.87.a( 1375): [LOWI-Scan] BSS 18:6f:2d:81:16:f0 (wlan0) ASSO: NO AddInfo: 0x1, TSF 0, 00:19:47.042, RSSI: -134, CPL: 127, AGE: 648, SSID Testing , TSFDelta: 0x6573c6ae, TXRate: 0
02-09 04:41:32.317 D/LOWI-9.0.0.87.a( 1375): [LOWI-Scan]
02-09 04:41:32.317 D/LOWI-9.0.0.87.a( 1375): [LOWI-Scan] print_bss_handler: Report beacon TSF 1187042837 as it greater than probe TSF 1101791398
02-09 04:41:32.317 D/LOWI-9.0.0.87.a( 1375): [LOWI-Scan] is_qcom_ie, bss_age: 0
02-09 04:41:32.317 D/LOWI-9.0.0.87.a( 1375): [LOWI-Scan] BSS 18:6f:2d:81:16:f1 LOWI_PHY_MODE_11AC_VHT20(8), Beacon Interval: 100, LOWI_ENCRYPTION_TYPE_OPEN 11mcRanging: No, ANQP: No, LCI: No, Civic: No, capability(0x0101): ESS SpectrumMgmt
02-09 04:41:32.317 D/LOWI-9.0.0.87.a( 1375): [LOWI-Scan] BSS 18:6f:2d:81:16:f1 FREQ: 5260, cFreq1[40:80:160] = [5260:0:0] cFreq2 = 0 Country Code = CN
02-09 04:41:32.317 D/LOWI-9.0.0.87.a( 1375): [LOWI-Scan] BSS 18:6f:2d:81:16:f1 (wlan0) ASSO: NO AddInfo: 0x1, TSF 0, 00:19:47.042, RSSI: -134, CPL: 127, AGE: 648, SSID Guest, TSFDelta: 0x6577a952, TXRate: 0
02-09 04:41:32.317 D/LOWI-9.0.0.87.a( 1375): [LOWI-Scan]
02-09 04:41:32.317 D/LOWI-9.0.0.87.a( 1375): [LOWI-Scan] print_bss_handler: Report beacon TSF 1187043154 as it greater than probe TSF 1101792609
02-09 04:41:32.317 D/LOWI-9.0.0.87.a( 1375): [LOWI-Scan] decode_rsn_wpa_ie: LOWI_ENCRYPTION_TYPE_WPA_PSK
02-09 04:41:32.317 D/LOWI-9.0.0.87.a( 1375): [LOWI-Scan] is_qcom_ie, bss_age: 0
02-09 04:41:32.317 D/LOWI-9.0.0.87.a( 1375): [LOWI-Scan] BSS 18:6f:2d:81:16:f2 LOWI_PHY_MODE_11AC_VHT20(8), Beacon Interval: 100, LOWI_ENCRYPTION_TYPE_WPA_PSK 11mcRanging: No, ANQP: No, LCI: No, Civic: No, capability(0x0111): ESS Privacy SpectrumMgmt
02-09 04:41:32.317 D/LOWI-9.0.0.87.a( 1375): [LOWI-Scan] BSS 18:6f:2d:81:16:f2 FREQ: 5260, cFreq1[40:80:160] = [5260:0:0] cFreq2 = 0 Country Code = CN
02-09 04:41:32.317 D/LOWI-9.0.0.87.a( 1375): [LOWI-Scan] BSS 18:6f:2d:81:16:f2 (wlan0) ASSO: NO AddInfo: 0x1, TSF 0, 00:19:47.043, RSSI: -134, CPL: 127, AGE: 648, SSID ZXHY, TSFDelta: 0x65830511, TXRate: 0
02-09 04:41:32.317 D/LOWI-9.0.0.87.a( 1375): [LOWI-Scan]
02-09 04:41:32.317 D/LOWI-9.0.0.87.a( 1375): [LOWI-Scan] print_bss_handler: Report beacon TSF 1187043443 as it greater than probe TSF 1101793208
02-09 04:41:32.317 D/LOWI-9.0.0.87.a( 1375): [LOWI-Scan] decode_rsn_wpa_ie: LOWI_ENCRYPTION_TYPE_WPA_PSK
02-09 04:41:32.317 D/LOWI-9.0.0.87.a( 1375): [LOWI-Scan] is_qcom_ie, bss_age: 0
02-09 04:41:32.317 D/LOWI-9.0.0.87.a( 1375): [LOWI-Scan] BSS 18:6f:2d:81:16:f3 LOWI_PHY_MODE_11AC_VHT20(8), Beacon Interval: 100, LOWI_ENCRYPTION_TYPE_WPA_PSK 11mcRanging: No, ANQP: No, LCI: No, Civic: No, capability(0x0111): ESS Privacy SpectrumMgmt
02-09 04:41:32.317 D/LOWI-9.0.0.87.a( 1375): [LOWI-Scan] BSS 18:6f:2d:81:16:f3 FREQ: 5260, cFreq1[40:80:160] = [5260:0:0] cFreq2 = 0 Country Code = CN
02-09 04:41:32.317 D/LOWI-9.0.0.87.a( 1375): [LOWI-Scan] BSS 18:6f:2d:81:16:f3 (wlan0) ASSO: NO AddInfo: 0x1, TSF 0, 00:19:47.043, RSSI: -134, CPL: 127, AGE: 648, SSID Fanya, TSFDelta: 0x65866ffd, TXRate: 0
02-09 04:41:32.317 D/LOWI-9.0.0.87.a( 1375): [LOWI-Scan]
02-09 04:41:32.317 D/LOWI-9.0.0.87.a( 1375): [LOWI-Scan] print_bss_handler: Report beacon TSF 1187044306 as it greater than probe TSF 1101799082
02-09 04:41:32.317 D/LOWI-9.0.0.87.a( 1375): [LOWI-Scan] decode_rsn_wpa_ie: LOWI_ENCRYPTION_TYPE_WPA_PSK
02-09 04:41:32.317 D/LOWI-9.0.0.87.a( 1375): [LOWI-Scan] is_qcom_ie, bss_age: 0
02-09 04:41:32.317 D/LOWI-9.0.0.87.a( 1375): [LOWI-Scan] BSS 18:6f:2d:81:16:f4 LOWI_PHY_MODE_11AC_VHT20(8), Beacon Interval: 100, LOWI_ENCRYPTION_TYPE_WPA_PSK 11mcRanging: No, ANQP: No, LCI: No, Civic: No, capability(0x0111): ESS Privacy SpectrumMgmt
02-09 04:41:32.317 D/LOWI-9.0.0.87.a( 1375): [LOWI-Scan] BSS 18:6f:2d:81:16:f4 FREQ: 5260, cFreq1[40:80:160] = [5260:0:0] cFreq2 = 0 Country Code = CN
02-09 04:41:32.317 D/LOWI-9.0.0.87.a( 1375): [LOWI-Scan] BSS 18:6f:2d:81:16:f4 (wlan0) ASSO: NO AddInfo: 0x1, TSF 0, 00:19:47.044, RSSI: -134, CPL: 127, AGE: 644, SSID ThunderSoft, TSFDelta: 0x65b144e0, TXRate: 0
02-09 04:41:32.317 D/LOWI-9.0.0.87.a( 1375): [LOWI-Scan]
02-09 04:41:32.317 D/LOWI-9.0.0.87.a( 1375): [LOWI-Scan] print_bss_handler: Report beacon TSF 1187044323 as it greater than probe TSF 1101799834
02-09 04:41:32.317 D/LOWI-9.0.0.87.a( 1375): [LOWI-Scan] decode_rsn_wpa_ie: LOWI_ENCRYPTION_TYPE_WPA_PSK
02-09 04:41:32.317 D/LOWI-9.0.0.87.a( 1375): [LOWI-Scan] is_qcom_ie, bss_age: 0
02-09 04:41:32.317 D/LOWI-9.0.0.87.a( 1375): [LOWI-Scan] BSS 18:6f:2d:81:16:f5 LOWI_PHY_MODE_11AC_VHT20(8), Beacon Interval: 100, LOWI_ENCRYPTION_TYPE_WPA_PSK 11mcRanging: No, ANQP: No, LCI: No, Civic: No, capability(0x0111): ESS Privacy SpectrumMgmt
02-09 04:41:32.317 D/LOWI-9.0.0.87.a( 1375): [LOWI-Scan] BSS 18:6f:2d:81:16:f5 FREQ: 5260, cFreq1[40:80:160] = [5260:0:0] cFreq2 = 0 Country Code = CN
02-09 04:41:32.317 D/LOWI-9.0.0.87.a( 1375): [LOWI-Scan] BSS 18:6f:2d:81:16:f5 (wlan0) ASSO: NO AddInfo: 0x1, TSF 0, 00:19:47.044, RSSI: -136, CPL: 127, AGE: 644, SSID GM, TSFDelta: 0x65b40ecc, TXRate: 0
02-09 04:41:32.317 D/LOWI-9.0.0.87.a( 1375): [LOWI-Scan]
02-09 04:41:32.317 D/LOWI-9.0.0.87.a( 1375): [LOWI-Scan] print_bss_handler: Report beacon TSF 1187050544 as it greater than probe TSF 1101799904
02-09 04:41:32.317 D/LOWI-9.0.0.87.a( 1375): [LOWI-Scan] decode_rsn_wpa_ie: LOWI_ENCRYPTION_TYPE_WPA_PSK
02-09 04:41:32.317 D/LOWI-9.0.0.87.a( 1375): [LOWI-Scan] is_qcom_ie, bss_age: 0
02-09 04:41:32.317 D/LOWI-9.0.0.87.a( 1375): [LOWI-Scan] BSS 18:6f:2d:80:dd:70 LOWI_PHY_MODE_11AC_VHT20(8), Beacon Interval: 100, LOWI_ENCRYPTION_TYPE_WPA_PSK 11mcRanging: No, ANQP: No, LCI: No, Civic: No, capability(0x0111): ESS Privacy SpectrumMgmt
02-09 04:41:32.317 D/LOWI-9.0.0.87.a( 1375): [LOWI-Scan] BSS 18:6f:2d:80:dd:70 FREQ: 5260, cFreq1[40:80:160] = [5260:0:0] cFreq2 = 0 Country Code = CN
02-09 04:41:32.317 D/LOWI-9.0.0.87.a( 1375): [LOWI-Scan] BSS 18:6f:2d:80:dd:70 (wlan0) ASSO: NO AddInfo: 0x1, TSF 0, 00:19:47.050, RSSI: -128, CPL: 127, AGE: 640, SSID Testing , TSFDelta: 0x665fbec3, TXRate: 0
02-09 04:41:32.317 D/LOWI-9.0.0.87.a( 1375): [LOWI-Scan]
02-09 04:41:32.317 D/LOWI-9.0.0.87.a( 1375): [LOWI-Scan] print_bss_handler: Report beacon TSF 1187050843 as it greater than probe TSF 1101800966
02-09 04:41:32.317 D/LOWI-9.0.0.87.a( 1375): [LOWI-Scan] is_qcom_ie, bss_age: 0
02-09 04:41:32.317 D/LOWI-9.0.0.87.a( 1375): [LOWI-Scan] BSS 18:6f:2d:80:dd:71 LOWI_PHY_MODE_11AC_VHT20(8), Beacon Interval: 100, LOWI_ENCRYPTION_TYPE_OPEN 11mcRanging: No, ANQP: No, LCI: No, Civic: No, capability(0x0101): ESS SpectrumMgmt
02-09 04:41:32.317 D/LOWI-9.0.0.87.a( 1375): [LOWI-Scan] BSS 18:6f:2d:80:dd:71 FREQ: 5260, cFreq1[40:80:160] = [5260:0:0] cFreq2 = 0 Country Code = CN
02-09 04:41:32.317 D/LOWI-9.0.0.87.a( 1375): [LOWI-Scan] BSS 18:6f:2d:80:dd:71 (wlan0) ASSO: NO AddInfo: 0x1, TSF 0, 00:19:47.050, RSSI: -130, CPL: 127, AGE: 640, SSID Guest, TSFDelta: 0x66685a31, TXRate: 0
02-09 04:41:32.317 D/LOWI-9.0.0.87.a( 1375): [LOWI-Scan]
02-09 04:41:32.317 D/LOWI-9.0.0.87.a( 1375): [LOWI-Scan] print_bss_handler: Report beacon TSF 1187051146 as it greater than probe TSF 1101801498
02-09 04:41:32.317 D/LOWI-9.0.0.87.a( 1375): [LOWI-Scan] decode_rsn_wpa_ie: LOWI_ENCRYPTION_TYPE_WPA_PSK
02-09 04:41:32.317 D/LOWI-9.0.0.87.a( 1375): [LOWI-Scan] is_qcom_ie, bss_age: 0
02-09 04:41:32.317 D/LOWI-9.0.0.87.a( 1375): [LOWI-Scan] BSS 18:6f:2d:80:dd:72 LOWI_PHY_MODE_11AC_VHT20(8), Beacon Interval: 100, LOWI_ENCRYPTION_TYPE_WPA_PSK 11mcRanging: No, ANQP: No, LCI: No, Civic: No, capability(0x0111): ESS Privacy SpectrumMgmt
02-09 04:41:32.317 D/LOWI-9.0.0.87.a( 1375): [LOWI-Scan] BSS 18:6f:2d:80:dd:72 FREQ: 5260, cFreq1[40:80:160] = [5260:0:0] cFreq2 = 0 Country Code = CN
02-09 04:41:32.317 D/LOWI-9.0.0.87.a( 1375): [LOWI-Scan] BSS 18:6f:2d:80:dd:72 (wlan0) ASSO: NO AddInfo: 0x1, TSF 0, 00:19:47.051, RSSI: -130, CPL: 127, AGE: 640, SSID ZXHY, TSFDelta: 0x666af18f, TXRate: 0
02-09 04:41:32.317 D/LOWI-9.0.0.87.a( 1375): [LOWI-Scan]
02-09 04:41:32.317 D/LOWI-9.0.0.87.a( 1375): [LOWI-Scan] print_bss_handler: Report beacon TSF 1187051697 as it greater than probe TSF 1101801908
02-09 04:41:32.317 D/LOWI-9.0.0.87.a( 1375): [LOWI-Scan] decode_rsn_wpa_ie: LOWI_ENCRYPTION_TYPE_WPA_PSK
02-09 04:41:32.317 D/LOWI-9.0.0.87.a( 1375): [LOWI-Scan] is_qcom_ie, bss_age: 0
02-09 04:41:32.317 D/LOWI-9.0.0.87.a( 1375): [LOWI-Scan] BSS 18:6f:2d:80:dd:73 LOWI_PHY_MODE_11AC_VHT20(8), Beacon Interval: 100, LOWI_ENCRYPTION_TYPE_WPA_PSK 11mcRanging: No, ANQP: No, LCI: No, Civic: No, capability(0x0111): ESS Privacy SpectrumMgmt
02-09 04:41:32.317 D/LOWI-9.0.0.87.a( 1375): [LOWI-Scan] BSS 18:6f:2d:80:dd:73 FREQ: 5260, cFreq1[40:80:160] = [5260:0:0] cFreq2 = 0 Country Code = CN
02-09 04:41:32.317 D/LOWI-9.0.0.87.a( 1375): [LOWI-Scan] BSS 18:6f:2d:80:dd:73 (wlan0) ASSO: NO AddInfo: 0x1, TSF 0, 00:19:47.051, RSSI: -128, CPL: 127, AGE: 640, SSID Fanya, TSFDelta: 0x666de69a, TXRate: 0
02-09 04:41:32.317 D/LOWI-9.0.0.87.a( 1375): [LOWI-Scan]
02-09 04:41:32.317 D/LOWI-9.0.0.87.a( 1375): [LOWI-Scan] print_bss_handler: Report beacon TSF 1187052069 as it greater than probe TSF 1101802185
02-09 04:41:32.317 D/LOWI-9.0.0.87.a( 1375): [LOWI-Scan] decode_rsn_wpa_ie: LOWI_ENCRYPTION_TYPE_WPA_PSK
02-09 04:41:32.317 D/LOWI-9.0.0.87.a( 1375): [LOWI-Scan] is_qcom_ie, bss_age: 0
02-09 04:41:32.317 D/LOWI-9.0.0.87.a( 1375): [LOWI-Scan] BSS 18:6f:2d:80:dd:74 LOWI_PHY_MODE_11AC_VHT20(8), Beacon Interval: 100, LOWI_ENCRYPTION_TYPE_WPA_PSK 11mcRanging: No, ANQP: No, LCI: No, Civic: No, capability(0x0111): ESS Privacy SpectrumMgmt
02-09 04:41:32.317 D/LOWI-9.0.0.87.a( 1375): [LOWI-Scan] BSS 18:6f:2d:80:dd:74 FREQ: 5260, cFreq1[40:80:160] = [5260:0:0] cFreq2 = 0 Country Code = CN
02-09 04:41:32.317 D/LOWI-9.0.0.87.a( 1375): [LOWI-Scan] BSS 18:6f:2d:80:dd:74 (wlan0) ASSO: NO AddInfo: 0x1, TSF 0, 00:19:47.052, RSSI: -128, CPL: 127, AGE: 636, SSID ThunderSoft, TSFDelta: 0x6670dbbc, TXRate: 0
02-09 04:41:32.317 D/LOWI-9.0.0.87.a( 1375): [LOWI-Scan]
02-09 04:41:32.317 D/LOWI-9.0.0.87.a( 1375): [LOWI-Scan] print_bss_handler: Report beacon TSF 1187063219 as it greater than probe TSF 1101802631
02-09 04:41:32.317 D/LOWI-9.0.0.87.a( 1375): [LOWI-Scan] decode_rsn_wpa_ie: LOWI_ENCRYPTION_TYPE_WPA_PSK
02-09 04:41:32.317 D/LOWI-9.0.0.87.a( 1375): [LOWI-Scan] is_qcom_ie, bss_age: 0
02-09 04:41:32.317 D/LOWI-9.0.0.87.a( 1375): [LOWI-Scan] BSS 18:6f:2d:80:dd:75 LOWI_PHY_MODE_11AC_VHT20(8), Beacon Interval: 100, LOWI_ENCRYPTION_TYPE_WPA_PSK 11mcRanging: No, ANQP: No, LCI: No, Civic: No, capability(0x0111): ESS Privacy SpectrumMgmt
02-09 04:41:32.317 D/LOWI-9.0.0.87.a( 1375): [LOWI-Scan] BSS 18:6f:2d:80:dd:75 FREQ: 5260, cFreq1[40:80:160] = [5260:0:0] cFreq2 = 0 Country Code = CN
02-09 04:41:32.317 D/LOWI-9.0.0.87.a( 1375): [LOWI-Scan] BSS 18:6f:2d:80:dd:75 (wlan0) ASSO: NO AddInfo: 0x1, TSF 0, 00:19:47.063, RSSI: -128, CPL: 127, AGE: 628, SSID GM, TSFDelta: 0x6673a5d9, TXRate: 0
02-09 04:41:32.317 D/LOWI-9.0.0.87.a( 1375): [LOWI-Scan]
02-09 04:41:32.317 D/LOWI-9.0.0.87.a( 1375): [LOWI-Scan] print_bss_handler: Report beacon TSF 1187029405 as it greater than probe TSF 1187026494
02-09 04:41:32.317 D/LOWI-9.0.0.87.a( 1375): [LOWI-Scan] decode_rsn_wpa_ie: LOWI_ENCRYPTION_TYPE_WPA_PSK
02-09 04:41:32.317 D/LOWI-9.0.0.87.a( 1375): [LOWI-Scan] is_qcom_ie, bss_age: 0
02-09 04:41:32.317 D/LOWI-9.0.0.87.a( 1375): [LOWI-Scan] BSS 18:6f:2d:81:25:40 LOWI_PHY_MODE_11NG_HT20(5), Beacon Interval: 100, LOWI_ENCRYPTION_TYPE_WPA_PSK 11mcRanging: No, ANQP: No, LCI: No, Civic: No, capability(0x0531): ESS Privacy ShortPreamble SpectrumMgmt ShortSlotTime
02-09 04:41:32.317 D/LOWI-9.0.0.87.a( 1375): [LOWI-Scan] BSS 18:6f:2d:81:25:40 FREQ: 2437, cFreq1[40:80:160] = [2437:0:0] cFreq2 = 0 Country Code = CN
02-09 04:41:32.317 D/LOWI-9.0.0.87.a( 1375): [LOWI-Scan] BSS 18:6f:2d:81:25:40 (wlan0) ASSO: NO AddInfo: 0x1, TSF 0, 00:19:47.029, RSSI: -78, CPL: 127, AGE: 660, SSID Testing , TSFDelta: 0x4ae74cff, TXRate: 0
02-09 04:41:32.317 D/LOWI-9.0.0.87.a( 1375): [LOWI-Scan]
02-09 04:41:32.317 D/LOWI-9.0.0.87.a( 1375): [LOWI-Scan] print_bss_handler: Report beacon TSF 1187039710 as it greater than probe TSF 1187004447
02-09 04:41:32.317 D/LOWI-9.0.0.87.a( 1375): [LOWI-Scan] is_qcom_ie, bss_age: 0
02-09 04:41:32.317 D/LOWI-9.0.0.87.a( 1375): [LOWI-Scan] BSS 18:6f:2d:81:25:41 LOWI_PHY_MODE_11NG_HT20(5), Beacon Interval: 100, LOWI_ENCRYPTION_TYPE_OPEN 11mcRanging: No, ANQP: No, LCI: No, Civic: No, capability(0x0521): ESS ShortPreamble SpectrumMgmt ShortSlotTime
02-09 04:41:32.317 D/LOWI-9.0.0.87.a( 1375): [LOWI-Scan] BSS 18:6f:2d:81:25:41 FREQ: 2437, cFreq1[40:80:160] = [2437:0:0] cFreq2 = 0 Country Code = CN
02-09 04:41:32.317 D/LOWI-9.0.0.87.a( 1375): [LOWI-Scan] BSS 18:6f:2d:81:25:41 (wlan0) ASSO: NO AddInfo: 0x1, TSF 0, 00:19:47.039, RSSI: -78, CPL: 127, AGE: 652, SSID Guest, TSFDelta: 0x4a4814fb, TXRate: 0
02-09 04:41:32.317 D/LOWI-9.0.0.87.a( 1375): [LOWI-Scan]
02-09 04:41:32.317 D/LOWI-9.0.0.87.a( 1375): [LOWI-Scan] print_bss_handler: Report beacon TSF 1187041513 as it greater than probe TSF 1187006650
02-09 04:41:32.317 D/LOWI-9.0.0.87.a( 1375): [LOWI-Scan] decode_rsn_wpa_ie: LOWI_ENCRYPTION_TYPE_WPA_PSK
02-09 04:41:32.317 D/LOWI-9.0.0.87.a( 1375): [LOWI-Scan] is_qcom_ie, bss_age: 0
02-09 04:41:32.317 D/LOWI-9.0.0.87.a( 1375): [LOWI-Scan] BSS 18:6f:2d:81:25:42 LOWI_PHY_MODE_11NG_HT20(5), Beacon Interval: 100, LOWI_ENCRYPTION_TYPE_WPA_PSK 11mcRanging: No, ANQP: No, LCI: No, Civic: No, capability(0x0531): ESS Privacy ShortPreamble SpectrumMgmt ShortSlotTime
02-09 04:41:32.317 D/LOWI-9.0.0.87.a( 1375): [LOWI-Scan] BSS 18:6f:2d:81:25:42 FREQ: 2437, cFreq1[40:80:160] = [2437:0:0] cFreq2 = 0 Country Code = CN
02-09 04:41:32.317 D/LOWI-9.0.0.87.a( 1375): [LOWI-Scan] BSS 18:6f:2d:81:25:42 (wlan0) ASSO: NO AddInfo: 0x1, TSF 0, 00:19:47.041, RSSI: -80, CPL: 127, AGE: 648, SSID ThunderSoft_2.4G, TSFDelta: 0x4a55d6e0, TXRate: 0
02-09 04:41:32.317 D/LOWI-9.0.0.87.a( 1375): [LOWI-Scan]
02-09 04:41:32.317 D/LOWI-9.0.0.87.a( 1375): [LOWI-Scan] print_bss_handler: Report beacon TSF 1187063108 as it greater than probe TSF 1187020489
02-09 04:41:32.317 D/LOWI-9.0.0.87.a( 1375): [LOWI-Scan] decode_rsn_wpa_ie: LOWI_ENCRYPTION_TYPE_WPA_PSK
02-09 04:41:32.317 D/LOWI-9.0.0.87.a( 1375): [LOWI-Scan] is_qcom_ie, bss_age: 0
02-09 04:41:32.317 D/LOWI-9.0.0.87.a( 1375): [LOWI-Scan] BSS 18:6f:2d:81:25:43 LOWI_PHY_MODE_11NG_HT20(5), Beacon Interval: 100, LOWI_ENCRYPTION_TYPE_WPA_PSK 11mcRanging: No, ANQP: No, LCI: No, Civic: No, capability(0x0531): ESS Privacy ShortPreamble SpectrumMgmt ShortSlotTime
02-09 04:41:32.317 D/LOWI-9.0.0.87.a( 1375): [LOWI-Scan] BSS 18:6f:2d:81:25:43 FREQ: 2437, cFreq1[40:80:160] = [2437:0:0] cFreq2 = 0 Country Code = CN
02-09 04:41:32.317 D/LOWI-9.0.0.87.a( 1375): [LOWI-Scan] BSS 18:6f:2d:81:25:43 (wlan0) ASSO: NO AddInfo: 0x1, TSF 0, 00:19:47.063, RSSI: -80, CPL: 127, AGE: 628, SSID ZXHY, TSFDelta: 0x4abbf050, TXRate: 0
02-09 04:41:32.317 D/LOWI-9.0.0.87.a( 1375): [LOWI-Scan]
02-09 04:41:32.317 D/LOWI-9.0.0.87.a( 1375): [LOWI-Scan] print_bss_handler: Report Probe TSF 1187195513 as it greater than Beacon TSF 1187155113
02-09 04:41:32.317 D/LOWI-9.0.0.87.a( 1375): [LOWI-Scan] decode_rsn_wpa_ie: LOWI_ENCRYPTION_TYPE_WPA_PSK
02-09 04:41:32.317 D/LOWI-9.0.0.87.a( 1375): [LOWI-Scan] is_qcom_ie, bss_age: 0
02-09 04:41:32.317 D/LOWI-9.0.0.87.a( 1375): [LOWI-Scan] BSS 18:6f:2d:81:18:50 LOWI_PHY_MODE_11AC_VHT20(8), Beacon Interval: 100, LOWI_ENCRYPTION_TYPE_WPA_PSK 11mcRanging: No, ANQP: No, LCI: No, Civic: No, capability(0x0111): ESS Privacy SpectrumMgmt
02-09 04:41:32.317 D/LOWI-9.0.0.87.a( 1375): [LOWI-Scan] BSS 18:6f:2d:81:18:50 FREQ: 5280, cFreq1[40:80:160] = [5280:0:0] cFreq2 = 0 Country Code = CN
02-09 04:41:32.317 D/LOWI-9.0.0.87.a( 1375): [LOWI-Scan] BSS 18:6f:2d:81:18:50 (wlan0) ASSO: NO AddInfo: 0x0, TSF 0, 00:19:47.195, RSSI: -160, CPL: 127, AGE: 496, SSID Testing , TSFDelta: 0x63ff045b, TXRate: 0
02-09 04:41:32.317 D/LOWI-9.0.0.87.a( 1375): [LOWI-Scan]
02-09 04:41:32.317 D/LOWI-9.0.0.87.a( 1375): [LOWI-Scan] print_bss_handler: Report Probe TSF 1187196230 as it greater than Beacon TSF 1187155140
02-09 04:41:32.317 D/LOWI-9.0.0.87.a( 1375): [LOWI-Scan] is_qcom_ie, bss_age: 0
02-09 04:41:32.317 D/LOWI-9.0.0.87.a( 1375): [LOWI-Scan] BSS 18:6f:2d:81:18:51 LOWI_PHY_MODE_11AC_VHT20(8), Beacon Interval: 100, LOWI_ENCRYPTION_TYPE_OPEN 11mcRanging: No, ANQP: No, LCI: No, Civic: No, capability(0x0101): ESS SpectrumMgmt
02-09 04:41:32.317 D/LOWI-9.0.0.87.a( 1375): [LOWI-Scan] BSS 18:6f:2d:81:18:51 FREQ: 5280, cFreq1[40:80:160] = [5280:0:0] cFreq2 = 0 Country Code = CN
02-09 04:41:32.317 D/LOWI-9.0.0.87.a( 1375): [LOWI-Scan] BSS 18:6f:2d:81:18:51 (wlan0) ASSO: NO AddInfo: 0x0, TSF 0, 00:19:47.196, RSSI: -160, CPL: 127, AGE: 492, SSID Guest, TSFDelta: 0x6404af0c, TXRate: 0
02-09 04:41:32.317 D/LOWI-9.0.0.87.a( 1375): [LOWI-Scan]
02-09 04:41:32.317 D/LOWI-9.0.0.87.a( 1375): [LOWI-Scan] print_bss_handler: Report Probe TSF 1187196984 as it greater than Beacon TSF 1187155291
02-09 04:41:32.317 D/LOWI-9.0.0.87.a( 1375): [LOWI-Scan] decode_rsn_wpa_ie: LOWI_ENCRYPTION_TYPE_WPA_PSK
02-09 04:41:32.317 D/LOWI-9.0.0.87.a( 1375): [LOWI-Scan] is_qcom_ie, bss_age: 0
02-09 04:41:32.317 D/LOWI-9.0.0.87.a( 1375): [LOWI-Scan] BSS 18:6f:2d:81:18:52 LOWI_PHY_MODE_11AC_VHT20(8), Beacon Interval: 100, LOWI_ENCRYPTION_TYPE_WPA_PSK 11mcRanging: No, ANQP: No, LCI: No, Civic: No, capability(0x0111): ESS Privacy SpectrumMgmt
02-09 04:41:32.317 D/LOWI-9.0.0.87.a( 1375): [LOWI-Scan] BSS 18:6f:2d:81:18:52 FREQ: 5280, cFreq1[40:80:160] = [5280:0:0] cFreq2 = 0 Country Code = CN
02-09 04:41:32.317 D/LOWI-9.0.0.87.a( 1375): [LOWI-Scan] BSS 18:6f:2d:81:18:52 (wlan0) ASSO: NO AddInfo: 0x0, TSF 0, 00:19:47.196, RSSI: -158, CPL: 127, AGE: 492, SSID ZXHY, TSFDelta: 0x640a2c96, TXRate: 0
02-09 04:41:32.317 D/LOWI-9.0.0.87.a( 1375): [LOWI-Scan]
02-09 04:41:32.317 D/LOWI-9.0.0.87.a( 1375): [LOWI-Scan] print_bss_handler: Report Probe TSF 1187197891 as it greater than Beacon TSF 1187155310
02-09 04:41:32.317 D/LOWI-9.0.0.87.a( 1375): [LOWI-Scan] decode_rsn_wpa_ie: LOWI_ENCRYPTION_TYPE_WPA_PSK
02-09 04:41:32.317 D/LOWI-9.0.0.87.a( 1375): [LOWI-Scan] is_qcom_ie, bss_age: 0
02-09 04:41:32.317 D/LOWI-9.0.0.87.a( 1375): [LOWI-Scan] BSS 18:6f:2d:81:18:53 LOWI_PHY_MODE_11AC_VHT20(8), Beacon Interval: 100, LOWI_ENCRYPTION_TYPE_WPA_PSK 11mcRanging: No, ANQP: No, LCI: No, Civic: No, capability(0x0111): ESS Privacy SpectrumMgmt
02-09 04:41:32.317 D/LOWI-9.0.0.87.a( 1375): [LOWI-Scan] BSS 18:6f:2d:81:18:53 FREQ: 5280, cFreq1[40:80:160] = [5280:0:0] cFreq2 = 0 Country Code = CN
02-09 04:41:32.317 D/LOWI-9.0.0.87.a( 1375): [LOWI-Scan] BSS 18:6f:2d:81:18:53 (wlan0) ASSO: NO AddInfo: 0x0, TSF 0, 00:19:47.197, RSSI: -158, CPL: 127, AGE: 492, SSID Fanya, TSFDelta: 0x640fd2f1, TXRate: 0
02-09 04:41:32.317 D/LOWI-9.0.0.87.a( 1375): [LOWI-Scan]
02-09 04:41:32.317 D/LOWI-9.0.0.87.a( 1375): [LOWI-Scan] print_bss_handler: Report beacon TSF 1187155333 as it greater than probe TSF 1101894515
02-09 04:41:32.317 D/LOWI-9.0.0.87.a( 1375): [LOWI-Scan] decode_rsn_wpa_ie: LOWI_ENCRYPTION_TYPE_WPA_PSK
02-09 04:41:32.317 D/LOWI-9.0.0.87.a( 1375): [LOWI-Scan] is_qcom_ie, bss_age: 0
02-09 04:41:32.317 D/LOWI-9.0.0.87.a( 1375): [LOWI-Scan] BSS 18:6f:2d:81:18:54 LOWI_PHY_MODE_11AC_VHT20(8), Beacon Interval: 100, LOWI_ENCRYPTION_TYPE_WPA_PSK 11mcRanging: No, ANQP: No, LCI: No, Civic: No, capability(0x0111): ESS Privacy SpectrumMgmt
02-09 04:41:32.317 D/LOWI-9.0.0.87.a( 1375): [LOWI-Scan] BSS 18:6f:2d:81:18:54 FREQ: 5280, cFreq1[40:80:160] = [5280:0:0] cFreq2 = 0 Country Code = CN
02-09 04:41:32.317 D/LOWI-9.0.0.87.a( 1375): [LOWI-Scan] BSS 18:6f:2d:81:18:54 (wlan0) ASSO: NO AddInfo: 0x1, TSF 0, 00:19:47.155, RSSI: -156, CPL: 127, AGE: 536, SSID ThunderSoft, TSFDelta: 0x68993104, TXRate: 0
02-09 04:41:32.317 D/LOWI-9.0.0.87.a( 1375): [LOWI-Scan]
02-09 04:41:32.317 D/LOWI-9.0.0.87.a( 1375): [LOWI-Scan] print_bss_handler: Report beacon TSF 1187155356 as it greater than probe TSF 1101895214
02-09 04:41:32.317 D/LOWI-9.0.0.87.a( 1375): [LOWI-Scan] decode_rsn_wpa_ie: LOWI_ENCRYPTION_TYPE_WPA_PSK
02-09 04:41:32.317 D/LOWI-9.0.0.87.a( 1375): [LOWI-Scan] is_qcom_ie, bss_age: 0
02-09 04:41:32.317 D/LOWI-9.0.0.87.a( 1375): [LOWI-Scan] BSS 18:6f:2d:81:18:55 LOWI_PHY_MODE_11AC_VHT20(8), Beacon Interval: 100, LOWI_ENCRYPTION_TYPE_WPA_PSK 11mcRanging: No, ANQP: No, LCI: No, Civic: No, capability(0x0111): ESS Privacy SpectrumMgmt
02-09 04:41:32.317 D/LOWI-9.0.0.87.a( 1375): [LOWI-Scan] BSS 18:6f:2d:81:18:55 FREQ: 5280, cFreq1[40:80:160] = [5280:0:0] cFreq2 = 0 Country Code = CN
02-09 04:41:32.317 D/LOWI-9.0.0.87.a( 1375): [LOWI-Scan] BSS 18:6f:2d:81:18:55 (wlan0) ASSO: NO AddInfo: 0x1, TSF 0, 00:19:47.155, RSSI: -160, CPL: 127, AGE: 536, SSID GM, TSFDelta: 0x689e905e, TXRate: 0
02-09 04:41:32.317 D/LOWI-9.0.0.87.a( 1375): [LOWI-Scan]
02-09 04:41:32.317 D/LOWI-9.0.0.87.a( 1375): [LOWI-Scan] print_bss_handler: Report Probe TSF 1187338069 as it greater than Beacon TSF 1187338013
02-09 04:41:32.317 D/LOWI-9.0.0.87.a( 1375): [LOWI-Scan] decode_rsn_wpa_ie: LOWI_ENCRYPTION_TYPE_WPA_PSK
02-09 04:41:32.317 D/LOWI-9.0.0.87.a( 1375): [LOWI-Scan] is_qcom_ie, bss_age: 0
02-09 04:41:32.317 D/LOWI-9.0.0.87.a( 1375): [LOWI-Scan] BSS 5c:02:14:f9:4f:d2 LOWI_PHY_MODE_11AC_VHT20_2G(11), Beacon Interval: 100, LOWI_ENCRYPTION_TYPE_WPA_PSK 11mcRanging: No, ANQP: Yes, LCI: No, Civic: No, capability(0x1431): ESS Privacy ShortPreamble ShortSlotTime
02-09 04:41:32.317 D/LOWI-9.0.0.87.a( 1375): [LOWI-Scan] BSS 5c:02:14:f9:4f:d2 FREQ: 2452, cFreq1[40:80:160] = [0:0:0] cFreq2 = 0 Country Code = CN
02-09 04:41:32.317 D/LOWI-9.0.0.87.a( 1375): [LOWI-Scan] BSS 5c:02:14:f9:4f:d2 (wlan0) ASSO: NO AddInfo: 0x0, TSF 0, 00:19:47.338, RSSI: -90, CPL: 127, AGE: 352, SSID ThunderSoft_XTS_2.4G, TSFDelta: 0x851a7f95, TXRate: 0
02-09 04:41:32.317 D/LOWI-9.0.0.87.a( 1375): [LOWI-Scan]
02-09 04:41:32.317 D/LOWI-9.0.0.87.a( 1375): [LOWI-Scan] print_bss_handler: Report Probe TSF 1187284779 as it greater than Beacon TSF 1187244010
02-09 04:41:32.317 D/LOWI-9.0.0.87.a( 1375): [LOWI-Scan] decode_rsn_wpa_ie: LOWI_ENCRYPTION_TYPE_WPA_PSK
02-09 04:41:32.317 D/LOWI-9.0.0.87.a( 1375): [LOWI-Scan] is_qcom_ie, bss_age: 0
