02-09 04:41:24.888 W/MediaProvider( 2873): at libcore.io.ForwardingOs.stat(ForwardingOs.java:853)
02-09 04:41:24.888 W/MediaProvider( 2873): at android.app.ActivityThread$AndroidOs.stat(ActivityThread.java:7780)
02-09 04:41:24.888 W/MediaProvider( 2873): at android.system.Os.stat(Os.java:919)
02-09 04:41:24.888 W/MediaProvider( 2873): at com.android.providers.media.MediaProvider.getFileFromFileDescriptor(MediaProvider.java:5788)
02-09 04:41:24.888 W/MediaProvider( 2873): ... 7 more
02-09 04:41:24.890 D/NuPlayerDriver( 1283): NuPlayerDriver(0xe87805b0) created, clientPid(2005)
02-09 04:41:24.894 I/ExtendedNuUtils( 1283): printFileName fd(9) -> /data/system_de/0/ringtones/notification_sound_cache
02-09 04:41:24.896 D/InterruptionStateProvider( 2005): No bubble up: not allowed to bubble: 0|com.android.systemui|4274|null|10080
02-09 04:41:24.897 D/InterruptionStateProvider( 2005): No heads up: unimportant notification: 0|com.android.systemui|4274|null|10080
02-09 04:41:24.897 D/PeopleSpaceWidgetMgr( 2005): Sbn doesn't contain valid PeopleTileKey: null/0/com.android.systemui
02-09 04:41:24.903 D/GenericSource( 1283): FileSource remote
02-09 04:41:24.905 I/MMParserExtractor( 1265): Created(0xb40000733b471310)
02-09 04:41:24.905 E/MM_OSAL ( 1265): FileSource::FileSource
02-09 04:41:24.906 E/MM_OSAL ( 1265): FileSource::FileSource m_bEveryThingOK 1
02-09 04:41:24.908 D/MediaBufferGroup( 1265): creating MemoryDealer
02-09 04:41:24.913 I/MediaFocusControl( 1240): requestAudioFocus() from uid/pid 10080/2005 AA=USAGE_NOTIFICATION/CONTENT_TYPE_SONIFICATION clientId=android.media.AudioManager@d09abaf callingPack=com.android.systemui req=3 flags=0x0 sdk=31
02-09 04:41:24.913 I/AudioService.FadeOutManager( 1240): unfadeOutUid() uid:10080
02-09 04:41:24.914 I/commit_sys_config_file( 1240): [notification-policy,1169283]
02-09 04:41:25.248 I/mpu_uart( 645): [MSG-P:RECV]:No message received in 1000 ms
02-09 04:41:25.377 D/vendor.qti.vibrator( 873): Vibrator on for timeoutMs: 350
02-09 04:41:25.378 D/vendor.qti.vibrator( 873): Starting on on another thread
02-09 04:41:25.415 W/AudioIDCMicroNegotiator( 1240): idcm_warn: idcm control is not enable
02-09 04:41:25.416 D/MediaSessionService( 1240): Media button session is changed to com.android.systemui/MediaSession (userId=0)
02-09 04:41:25.416 I/GenericSource( 1283): start
02-09 04:41:25.419 W/Utils ( 1283): track of type 'audio/vorbis' does not publish channel mask, channel count 1
02-09 04:41:25.420 D/MediaRouter( 2005): onRestoreRoute() : route=RouteInfo{ name=平板电脑, description=null, status=null, category=RouteCategory{ name=系统 types=ROUTE_TYPE_LIVE_AUDIO ROUTE_TYPE_LIVE_VIDEO groupable=false }, supportedTypes=ROUTE_TYPE_LIVE_AUDIO ROUTE_TYPE_LIVE_VIDEO , presentationDisplay=Display id 2: DisplayInfo{"Recording Display", displayId 2", displayGroupId 0, FLAG_PRIVATE, FLAG_PRESENTATION, real 2380 x 1020, largest app 2380 x 2380, smallest app 1020 x 1020, appVsyncOff 0, presDeadline 16666666, mode 4, defaultMode 4, modes [{id=4, width=2380, height=1020, fps=60.0, alternativeRefreshRates=[]}], hdrCapabilities null, userDisabledHdrTypes [], minimalPostProcessingSupported false, rotation 0, state ON}, DisplayMetrics{density=1.5, width=2380, height=1020, scaledDensity=1.5, xdpi=240.0, ydpi=240.0}, isValid=true }
02-09 04:41:25.420 V/MediaRouter( 2005): Selecting route: RouteInfo{ name=平板电脑, description=null, status=null, category=RouteCategory{ name=系统 types=ROUTE_TYPE_LIVE_AUDIO ROUTE_TYPE_LIVE_VIDEO groupable=false }, supportedTypes=ROUTE_TYPE_LIVE_AUDIO ROUTE_TYPE_LIVE_VIDEO , presentationDisplay=Display id 2: DisplayInfo{"Recording Display", displayId 2", displayGroupId 0, FLAG_PRIVATE, FLAG_PRESENTATION, real 2380 x 1020, largest app 2380 x 2380, smallest app 1020 x 1020, appVsyncOff 0, presDeadline 16666666, mode 4, defaultMode 4, modes [{id=4, width=2380, height=1020, fps=60.0, alternativeRefreshRates=[]}], hdrCapabilities null, userDisabledHdrTypes [], minimalPostProcessingSupported false, rotation 0, state ON}, DisplayMetrics{density=1.5, width=2380, height=1020, scaledDensity=1.5, xdpi=240.0, ydpi=240.0}, isValid=true }
02-09 04:41:25.421 V/Avrcp_ext( 1985): updateCurrentMediaState: mMediaController: null
02-09 04:41:25.421 W/Avrcp_ext( 1985): isMusicActive: false getBluetoothPlayState: 2 A2dp State: 11 mAudioPlaybackIsActive: false
02-09 04:41:25.421 W/Avrcp_ext( 1985): updateCurrentMediaState: isPlaying = false
02-09 04:41:25.421 V/Avrcp_ext( 1985): Media update: id -1➡-1? [MediaAttributes: none] : [MediaAttributes: none]
02-09 04:41:25.421 D/Avrcp_ext( 1985): isPackageNameValid: browsedPackage = isValid = false
02-09 04:41:25.421 V/Avrcp_ext( 1985): updatePlaybackState, state: PlaybackState {state=2, position=-1, buffered position=0, speed=0.0, updated=1180793, actions=0, custom actions=[], active item id=-1, error=null} device: null
02-09 04:41:25.421 V/Avrcp_ext( 1985): Device: no name:
02-09 04:41:25.421 V/Avrcp_ext( 1985): Device: no name:
02-09 04:41:25.421 V/Avrcp_ext( 1985): Device: no name:
02-09 04:41:25.421 V/Avrcp_ext( 1985): Device: no name:
02-09 04:41:25.421 V/Avrcp_ext( 1985): Device: no name:
02-09 04:41:25.421 V/Avrcp_ext( 1985): updatePlayerStateAndPosition, old=PlaybackState {state=2, position=-1, buffered position=0, speed=0.0, updated=285365, actions=0, custom actions=[], active item id=-1, error=null}, state=PlaybackState {state=2, position=-1, buffered position=0, speed=0.0, updated=1180793, actions=0, custom actions=[], active item id=-1, error=null}
02-09 04:41:25.421 V/Avrcp_ext( 1985): old state = PlaybackState {state=2, position=-1, buffered position=0, speed=0.0, updated=285365, actions=0, custom actions=[], active item id=-1, error=null}, new state= PlaybackState {state=2, position=-1, buffered position=0, speed=0.0, updated=1180793, actions=0, custom actions=[], active item id=-1, error=null}
02-09 04:41:25.421 D/HeadsetService( 1985): getHeadsetService(): returning com.android.bluetooth.hfp.HeadsetService@cb7e87c
02-09 04:41:25.421 D/Avrcp_ext( 1985): onMediaKeyEventSessionChanged: player = MediaPlayerInfo com.android.systemui (as '系统界面') Type = 1, SubType = 0, Status = 2 Feature Bits [40 41 42 44 45 47 48 58] Controller: MediaController (com.android.systemui@6c96528) null, id = 3, updateController = false
02-09 04:41:25.421 D/HeadsetService( 1985): isAudioOn: The number of audio connected devices 0
02-09 04:41:25.421 I/Avrcp_ext( 1985): onMediaKeyEventSessionChanged: token=com.android.systemui
02-09 04:41:25.421 D/HeadsetService( 1985): isScoOrCallActive(): Call Active:falseCall is Ringing:falseSCO is Active:false
02-09 04:41:25.421 D/HeadsetService( 1985): isAudioOn: The number of audio connected devices 0
02-09 04:41:25.422 I/Avrcp_ext( 1985): updatePlayStatusForDevice: device: null
02-09 04:41:25.422 V/Avrcp_ext( 1985): updatePlaybackState (1): old=PlaybackState {state=2, position=-1, buffered position=0, speed=0.0, updated=285365, actions=0, custom actions=[], active item id=-1, error=null}(2), new=PlaybackState {state=2, position=-1, buffered position=0, speed=0.0, updated=1180793, actions=0, custom actions=[], active item id=-1, error=null}(2)
02-09 04:41:25.422 I/Avrcp_ext( 1985): Exit updatePlayStatusForDevice
02-09 04:41:25.422 D/HeadsetService( 1985): isAudioOn: The number of audio connected devices 0
02-09 04:41:25.422 D/HeadsetService( 1985): isScoOrCallActive(): Call Active:falseCall is Ringing:falseSCO is Active:false
02-09 04:41:25.422 D/HeadsetService( 1985): isAudioOn: The number of audio connected devices 0
02-09 04:41:25.422 I/Avrcp_ext( 1985): updatePlayStatusForDevice: device: null
02-09 04:41:25.422 V/Avrcp_ext( 1985): updatePlaybackState (1): old=PlaybackState {state=2, position=-1, buffered position=0, speed=0.0, updated=285365, actions=0, custom actions=[], active item id=-1, error=null}(2), new=PlaybackState {state=2, position=-1, buffered position=0, speed=0.0, updated=1180793, actions=0, custom actions=[], active item id=-1, error=null}(2)
02-09 04:41:25.422 I/Avrcp_ext( 1985): Exit updatePlayStatusForDevice
02-09 04:41:25.422 D/HeadsetService( 1985): isAudioOn: The number of audio connected devices 0
02-09 04:41:25.422 D/HeadsetService( 1985): isScoOrCallActive(): Call Active:falseCall is Ringing:falseSCO is Active:false
02-09 04:41:25.422 D/HeadsetService( 1985): isAudioOn: The number of audio connected devices 0
02-09 04:41:25.422 I/Avrcp_ext( 1985): updatePlayStatusForDevice: device: null
02-09 04:41:25.422 V/Avrcp_ext( 1985): updatePlaybackState (1): old=PlaybackState {state=2, position=-1, buffered position=0, speed=0.0, updated=285365, actions=0, custom actions=[], active item id=-1, error=null}(2), new=PlaybackState {state=2, position=-1, buffered position=0, speed=0.0, updated=1180793, actions=0, custom actions=[], active item id=-1, error=null}(2)
02-09 04:41:25.422 I/Avrcp_ext( 1985): Exit updatePlayStatusForDevice
02-09 04:41:25.422 D/HeadsetService( 1985): isAudioOn: The number of audio connected devices 0
02-09 04:41:25.422 D/HeadsetService( 1985): isScoOrCallActive(): Call Active:falseCall is Ringing:falseSCO is Active:false
02-09 04:41:25.422 D/HeadsetService( 1985): isAudioOn: The number of audio connected devices 0
02-09 04:41:25.422 I/Avrcp_ext( 1985): updatePlayStatusForDevice: device: null
02-09 04:41:25.422 V/Avrcp_ext( 1985): updatePlaybackState (1): old=PlaybackState {state=2, position=-1, buffered position=0, speed=0.0, updated=285365, actions=0, custom actions=[], active item id=-1, error=null}(2), new=PlaybackState {state=2, position=-1, buffered position=0, speed=0.0, updated=1180793, actions=0, custom actions=[], active item id=-1, error=null}(2)
02-09 04:41:25.422 I/Avrcp_ext( 1985): Exit updatePlayStatusForDevice
02-09 04:41:25.422 D/HeadsetService( 1985): isAudioOn: The number of audio connected devices 0
02-09 04:41:25.422 D/HeadsetService( 1985): isScoOrCallActive(): Call Active:falseCall is Ringing:falseSCO is Active:false
02-09 04:41:25.422 D/HeadsetService( 1985): isAudioOn: The number of audio connected devices 0
02-09 04:41:25.422 I/Avrcp_ext( 1985): updatePlayStatusForDevice: device: null
02-09 04:41:25.422 V/Avrcp_ext( 1985): updatePlaybackState (1): old=PlaybackState {state=2, position=-1, buffered position=0, speed=0.0, updated=285365, actions=0, custom actions=[], active item id=-1, error=null}(2), new=PlaybackState {state=2, position=-1, buffered position=0, speed=0.0, updated=1180793, actions=0, custom actions=[], active item id=-1, error=null}(2)
02-09 04:41:25.422 I/Avrcp_ext( 1985): Exit updatePlayStatusForDevice
02-09 04:41:25.422 D/Avrcp_ext( 1985): Enter sendPlayPosNotificationRsp
02-09 04:41:25.422 D/Avrcp_ext( 1985): sendPlayPosNotificationRsp: Not registered or requesting.
02-09 04:41:25.422 D/Avrcp_ext( 1985): Enter sendPlayPosNotificationRsp
02-09 04:41:25.422 D/Avrcp_ext( 1985): sendPlayPosNotificationRsp: Not registered or requesting.
02-09 04:41:25.422 D/Avrcp_ext( 1985): Enter sendPlayPosNotificationRsp
02-09 04:41:25.422 D/Avrcp_ext( 1985): sendPlayPosNotificationRsp: Not registered or requesting.
02-09 04:41:25.422 D/Avrcp_ext( 1985): Enter sendPlayPosNotificationRsp
02-09 04:41:25.422 D/Avrcp_ext( 1985): sendPlayPosNotificationRsp: Not registered or requesting.
02-09 04:41:25.422 D/Avrcp_ext( 1985): Enter sendPlayPosNotificationRsp
02-09 04:41:25.422 D/Avrcp_ext( 1985): sendPlayPosNotificationRsp: Not registered or requesting.
02-09 04:41:25.422 V/Avrcp_ext( 1985): Exit updatePlayerStateAndPosition
02-09 04:41:25.422 D/Avrcp_ext( 1985): AudioManager Player: AudioPlaybackConfiguration piid:71 deviceId:0 type:android.media.SoundPool u/pid:10080/2005 state:idle attr:AudioAttributes: usage=USAGE_ASSISTANCE_SONIFICATION content=CONTENT_TYPE_SONIFICATION flags=0x800 tags= bundle=null sessionId:0
02-09 04:41:25.422 W/Avrcp_ext( 1985): No package name for player (0 not valid)
02-09 04:41:25.422 D/Avrcp_ext( 1985): AudioManager Player: AudioPlaybackConfiguration piid:87 deviceId:0 type:android.media.SoundPool u/pid:1000/2082 state:idle attr:AudioAttributes: usage=USAGE_ASSISTANCE_SONIFICATION content=CONTENT_TYPE_SONIFICATION flags=0x801 tags= bundle=null sessionId:0
02-09 04:41:25.423 W/Avrcp_ext( 1985): Changing addressed media session to com.android.systemui
02-09 04:41:25.423 D/Avrcp_ext( 1985): AudioManager Player: AudioPlaybackConfiguration piid:63 deviceId:0 type:android.media.SoundPool u/pid:1000/1240 state:idle attr:AudioAttributes: usage=USAGE_ASSISTANCE_SONIFICATION content=CONTENT_TYPE_SONIFICATION flags=0x800 tags= bundle=null sessionId:0
02-09 04:41:25.423 D/Avrcp_ext( 1985): AudioManager Player: AudioPlaybackConfiguration piid:143 deviceId:0 type:android.media.MediaPlayer u/pid:10080/2005 state:started attr:AudioAttributes: usage=USAGE_NOTIFICATION content=CONTENT_TYPE_SONIFICATION flags=0x800 tags= bundle=null sessionId:0
02-09 04:41:25.423 V/Avrcp_ext( 1985): getMediaPlayerInfo: Found com.android.systemui
02-09 04:41:25.423 W/Utils ( 1283): track of type 'audio/vorbis' does not publish channel mask, channel count 1
02-09 04:41:25.423 V/Avrcp_ext( 1985): Set addressed #3 MediaPlayerInfo com.android.systemui (as '系统界面') Type = 1, SubType = 0, Status = 2 Feature Bits [40 41 42 44 45 47 48 58] Controller: MediaController (com.android.systemui@6c96528) null
02-09 04:41:25.423 V/Avrcp_ext( 1985): updateNewIds: Addressed:0 to 3, Browse:0 to 0
02-09 04:41:25.423 D/Avrcp_ext( 1985): updateCurrentController: null to MediaController (com.android.systemui@6c96528) null
02-09 04:41:25.424 D/Avrcp_ext( 1985): AudioManager Player in started state: com.android.systemui
02-09 04:41:25.424 D/Avrcp_ext( 1985): AudioManager Active Player: com.android.systemui
02-09 04:41:25.424 D/Avrcp_ext( 1985): AudioManager isPlaying: true, mAudioPlaybackIsActive = false
02-09 04:41:25.426 D/audio_hw_primary( 800): adev_get_parameters:is_hw_dec_session_available
02-09 04:41:25.426 D/audio_hw_spkr_prot( 800): fbsp_get_parameters: Speaker protection disabled
02-09 04:41:25.426 D/soundtrigger( 800): audio_extn_sound_trigger_get_parameters input string
02-09 04:41:25.426 D/soundtrigger( 800): extract_sm_handle input string param string
02-09 04:41:25.426 D/audio_hw_extn( 800): audio_extn_fm_get_parameters: Enter
02-09 04:41:25.426 D/audio_hw_extn( 800): audio_extn_get_parameters: returns
02-09 04:41:25.426 V/Avrcp_ext( 1985): updateCurrentMediaState: mMediaController: MediaController (com.android.systemui@6c96528) null
02-09 04:41:25.426 D/audio_hw_primary( 800): adev_get_parameters: exit: returns -
02-09 04:41:25.426 W/Avrcp_ext( 1985): isMusicActive: false getBluetoothPlayState: 2 A2dp State: 11 mAudioPlaybackIsActive: true
02-09 04:41:25.426 V/Avrcp_ext( 1985): updateCurrentMediaState: mMediaController: MediaController (com.android.systemui@6c96528) null
02-09 04:41:25.426 D/Avrcp_ext( 1985): isMusicActive = false mAudioPlaybackIsActive = true player state = null
02-09 04:41:25.426 I/hash_map_utils( 989): system/bt/osi/src/hash_map_utils.cc:81 hash_map_utils_dump_string_keys_string_values: key: 'is_hw_dec_session_available' value: 'audio/vorbis'
02-09 04:41:25.427 I/Avrcp_ext( 1985): Skipping update due to invalid playback state
02-09 04:41:25.427 V/Avrcp_ext( 1985): updatePlaybackState, state: null device: null
02-09 04:41:25.427 V/Avrcp_ext( 1985): Device: no name:
02-09 04:41:25.427 V/Avrcp_ext( 1985): Device: no name:
02-09 04:41:25.427 V/Avrcp_ext( 1985): Device: no name:
02-09 04:41:25.427 V/Avrcp_ext( 1985): Device: no name:
02-09 04:41:25.427 V/Avrcp_ext( 1985): Device: no name:
02-09 04:41:25.427 V/Avrcp_ext( 1985): updatePlayerStateAndPosition, old=PlaybackState {state=2, position=-1, buffered position=0, speed=0.0, updated=1180793, actions=0, custom actions=[], active item id=-1, error=null}, state=null
02-09 04:41:25.427 I/Avrcp_ext( 1985): updatePlayerStateAndPosition: device: state = null
02-09 04:41:25.428 V/Avrcp_ext( 1985): updateCurrentMediaState: mMediaController: MediaController (com.android.systemui@6c96528) null
02-09 04:41:25.428 W/Avrcp_ext( 1985): isMusicActive: false getBluetoothPlayState: 2 A2dp State: 11 mAudioPlaybackIsActive: true
02-09 04:41:25.428 D/Avrcp_ext( 1985): isMusicActive = false mAudioPlaybackIsActive = true player state = null
02-09 04:41:25.430 I/Avrcp_ext( 1985): Skipping update due to invalid playback state
02-09 04:41:25.430 V/Avrcp_ext( 1985): updatePlaybackState, state: null device: null
02-09 04:41:25.430 V/Avrcp_ext( 1985): Device: no name:
02-09 04:41:25.430 V/Avrcp_ext( 1985): Device: no name:
02-09 04:41:25.430 V/Avrcp_ext( 1985): Device: no name:
02-09 04:41:25.430 V/Avrcp_ext( 1985): Device: no name:
02-09 04:41:25.430 V/Avrcp_ext( 1985): Device: no name:
02-09 04:41:25.430 V/Avrcp_ext( 1985): updatePlayerStateAndPosition, old=PlaybackState {state=2, position=-1, buffered position=0, speed=0.0, updated=1180793, actions=0, custom actions=[], active item id=-1, error=null}, state=null
02-09 04:41:25.430 I/Avrcp_ext( 1985): updatePlayerStateAndPosition: device: state = null
02-09 04:41:25.430 D/CCodec ( 1283): allocate(c2.android.vorbis.decoder)
02-09 04:41:25.430 W/Avrcp_ext( 1985): isMusicActive: false getBluetoothPlayState: 2 A2dp State: 11 mAudioPlaybackIsActive: true
02-09 04:41:25.430 D/Avrcp_ext( 1985): isMusicActive = false mAudioPlaybackIsActive = true player state = null
02-09 04:41:25.431 I/Avrcp_ext( 1985): Skipping update due to invalid playback state
02-09 04:41:25.431 V/Avrcp_ext( 1985): updatePlaybackState, state: null device: null
02-09 04:41:25.431 V/Avrcp_ext( 1985): Device: no name:
02-09 04:41:25.431 V/Avrcp_ext( 1985): Device: no name:
02-09 04:41:25.431 V/Avrcp_ext( 1985): Device: no name:
02-09 04:41:25.431 V/Avrcp_ext( 1985): Device: no name:
02-09 04:41:25.431 V/Avrcp_ext( 1985): Device: no name:
02-09 04:41:25.431 V/Avrcp_ext( 1985): updatePlayerStateAndPosition, old=PlaybackState {state=2, position=-1, buffered position=0, speed=0.0, updated=1180793, actions=0, custom actions=[], active item id=-1, error=null}, state=null
02-09 04:41:25.431 I/Avrcp_ext( 1985): updatePlayerStateAndPosition: device: state = null
02-09 04:41:25.433 I/CCodec ( 1283): setting up 'default' as default (vendor) store
02-09 04:41:25.434 V/C2Store ( 1338): in init
02-09 04:41:25.434 V/C2Store ( 1338): loading dll
02-09 04:41:25.437 I/CCodec ( 1283): Created component [c2.android.vorbis.decoder]
02-09 04:41:25.438 D/CCodecConfig( 1283): read media type: audio/vorbis
02-09 04:41:25.440 D/ReflectedParamUpdater( 1283): extent() != 1 for single value type: algo.buffers.max-count.values
02-09 04:41:25.440 D/ReflectedParamUpdater( 1283): extent() != 1 for single value type: output.subscribed-indices.values
02-09 04:41:25.440 D/ReflectedParamUpdater( 1283): extent() != 1 for single value type: input.buffers.allocator-ids.values
02-09 04:41:25.440 D/ReflectedParamUpdater( 1283): extent() != 1 for single value type: output.buffers.allocator-ids.values
02-09 04:41:25.441 D/ReflectedParamUpdater( 1283): extent() != 1 for single value type: algo.buffers.allocator-ids.values
02-09 04:41:25.441 D/ReflectedParamUpdater( 1283): extent() != 1 for single value type: output.buffers.pool-ids.values
02-09 04:41:25.441 D/ReflectedParamUpdater( 1283): extent() != 1 for single value type: algo.buffers.pool-ids.values
02-09 04:41:25.442 I/CCodecConfig( 1283): query failed after returning 7 values (BAD_INDEX)
02-09 04:41:25.443 D/CCodecConfig( 1283): c2 config diff is Dict {
02-09 04:41:25.443 D/CCodecConfig( 1283): c2::u32 coded.bitrate.value = 64000
02-09 04:41:25.443 D/CCodecConfig( 1283): c2::u32 input.buffers.max-size.value = 32768
02-09 04:41:25.443 D/CCodecConfig( 1283): c2::u32 input.delay.value = 0
02-09 04:41:25.443 D/CCodecConfig( 1283): string input.media-type.value = "audio/vorbis"
02-09 04:41:25.443 D/CCodecConfig( 1283): string output.media-type.value = "audio/raw"
02-09 04:41:25.443 D/CCodecConfig( 1283): c2::u32 raw.channel-count.value = 1
02-09 04:41:25.443 D/CCodecConfig( 1283): c2::u32 raw.sample-rate.value = 48000
02-09 04:41:25.443 D/CCodecConfig( 1283): }
02-09 04:41:25.444 D/CCodec ( 1283): [c2.android.vorbis.decoder] buffers are bound to CCodec for this session
02-09 04:41:25.444 D/CCodecConfig( 1283): no c2 equivalents for durationUs
02-09 04:41:25.444 D/CCodecConfig( 1283): no c2 equivalents for csd-1
02-09 04:41:25.444 D/CCodecConfig( 1283): no c2 equivalents for language
02-09 04:41:25.444 D/CCodecConfig( 1283): no c2 equivalents for file-format
02-09 04:41:25.444 D/CCodecConfig( 1283): no c2 equivalents for flags
02-09 04:41:25.444 D/CCodecConfig( 1283): config failed => CORRUPTED
02-09 04:41:25.445 D/CCodecConfig( 1283): c2 config diff is c2::u32 coded.bitrate.value = 70000
02-09 04:41:25.445 W/Codec2Client( 1283): query -- param skipped: index = 1107298332.
02-09 04:41:25.445 D/CCodec ( 1283): setup formats input: AMessage(what = 0x00000000) = {
02-09 04:41:25.445 D/CCodec ( 1283): int32_t bitrate = 70000
02-09 04:41:25.445 D/CCodec ( 1283): int32_t channel-count = 1
02-09 04:41:25.445 D/CCodec ( 1283): int32_t max-input-size = 65307
02-09 04:41:25.445 D/CCodec ( 1283): string mime = "audio/vorbis"
02-09 04:41:25.445 D/CCodec ( 1283): int32_t sample-rate = 48000
02-09 04:41:25.445 D/CCodec ( 1283): }
02-09 04:41:25.446 D/CCodec ( 1283): setup formats output: AMessage(what = 0x00000000) = {
02-09 04:41:25.446 D/CCodec ( 1283): int32_t channel-count = 1
02-09 04:41:25.446 D/CCodec ( 1283): string mime = "audio/raw"
02-09 04:41:25.446 D/CCodec ( 1283): int32_t sample-rate = 48000
02-09 04:41:25.446 D/CCodec ( 1283): int32_t android._config-pcm-encoding = 2
02-09 04:41:25.446 D/CCodec ( 1283): }
02-09 04:41:25.446 I/CCodecConfig( 1283): query failed after returning 7 values (BAD_INDEX)
02-09 04:41:25.446 I/MediaCodec( 1283): MediaCodec will operate in async mode
02-09 04:41:25.446 D/MediaCodec( 1283): keep callback message for reclaim
02-09 04:41:25.446 W/Codec2Client( 1283): query -- param skipped: index = 1342179345.
02-09 04:41:25.446 W/Codec2Client( 1283): query -- param skipped: index = 2415921170.
02-09 04:41:25.447 D/CCodecBufferChannel( 1283): [c2.android.vorbis.decoder#948] Created input block pool with allocatorID 16 => poolID 20 - OK (0)
02-09 04:41:25.448 D/BufferPoolAccessor2.0( 1338): bufferpool2 0xb400006f9959ebc8 : 0(0 size) total buffers - 0(0 size) used buffers - 445/449 (recycle/alloc) - 6/449 (fetch/transfer)
02-09 04:41:25.448 D/BufferPoolAccessor2.0( 1338): Destruction - bufferpool2 0xb400006f9959ebc8 cached: 0/0M, 0/0% in use; allocs: 449, 99% recycled; transfers: 449, 99% unfetched
02-09 04:41:25.448 D/BufferPoolAccessor2.0( 1283): bufferpool2 0xe7f43aa8 : 0(0 size) total buffers - 0(0 size) used buffers - 0/5 (recycle/alloc) - 1/2 (fetch/transfer)
02-09 04:41:25.448 D/BufferPoolAccessor2.0( 1283): Destruction - bufferpool2 0xe7f43aa8 cached: 0/0M, 0/0% in use; allocs: 5, 0% recycled; transfers: 2, 50% unfetched
02-09 04:41:25.449 D/BufferPoolAccessor2.0( 1283): bufferpool2 0xe7f42428 : 0(0 size) total buffers - 0(0 size) used buffers - 445/453 (recycle/alloc) - 14/453 (fetch/transfer)
02-09 04:41:25.449 D/BufferPoolAccessor2.0( 1283): Destruction - bufferpool2 0xe7f42428 cached: 0/0M, 0/0% in use; allocs: 453, 98% recycled; transfers: 453, 97% unfetched
02-09 04:41:25.449 I/CCodecBufferChannel( 1283): [c2.android.vorbis.decoder#948] Created output block pool with allocatorID 16 => poolID 30 - OK
02-09 04:41:25.449 D/CCodecBufferChannel( 1283): [c2.android.vorbis.decoder#948] Configured output block pool ids 30 => OK
02-09 04:41:25.449 D/CCodecBufferChannel( 1283): [c2.android.vorbis.decoder#948] start: updating output delay 0
02-09 04:41:25.450 I/CCodecBufferChannel( 1283): pipelineRoom(3) is <= numClientBuffers(3). Not signalling any more buffers to client
02-09 04:41:25.450 D/SimpleC2Component( 1338): Using output block pool with poolID 30 => got 30 - 0
02-09 04:41:25.451 I/CCodecBufferChannel( 1283): pipelineRoom(2) is <= numClientBuffers(2). Not signalling any more buffers to client
02-09 04:41:25.452 I/CCodecBufferChannel( 1283): pipelineRoom(1) is <= numClientBuffers(1). Not signalling any more buffers to client
02-09 04:41:25.456 I/ExtendedNuUtils( 1283): Both src and dst missing for bit-width
02-09 04:41:25.456 I/ExtendedNuUtils( 1283): Overriding durationUs: with 64 bit src value 1728000
02-09 04:41:25.456 I/ExtendedNuUtils( 1283): Both src and dst missing for channel-mask
02-09 04:41:25.459 D/audio_hw_primary( 800): adev_get_parameters:vr_audio_mode_on
02-09 04:41:25.459 I/audio_hw_primary( 800): getting vr mode to 0
02-09 04:41:25.459 D/audio_hw_primary( 800): adev_get_parameters: exit: returns - vr_audio_mode_on=false
02-09 04:41:25.459 I/hash_map_utils( 989): system/bt/osi/src/hash_map_utils.cc:81 hash_map_utils_dump_string_keys_string_values: key: 'vr_audio_mode_on' value: ''
02-09 04:41:25.460 D/AudioFlinger( 989): Client defaulted notificationFrames to 12000 for frameCount 24000
02-09 04:41:25.461 D/AF::TrackHandle( 989): OpPlayAudio: track:60 usage:5 not muted
02-09 04:41:25.469 I/EffectsFactory( 800): EffectCreate() create_effect
02-09 04:41:25.471 E/volume_listener( 800): check_and_set_gain_dep_cal: Failed to set gain dep cal level
02-09 04:41:25.471 D/audio_hw_primary( 800): start_output_stream: enter: stream(0xe6ac0010)usecase(1: low-latency-playback) devices(0x2) is_haptic_usecase(0)
02-09 04:41:25.472 D/audio_hw_primary( 800): select_devices for use case (low-latency-playback)
02-09 04:41:25.472 I/msm8974_platform( 800): platform_check_and_set_codec_backend_cfg:becf: afe: bitwidth 16, samplerate 48000 channels 2, backend_idx 0 usecase = 1 device (speaker)
02-09 04:41:25.472 D/msm8974_platform( 800): platform_split_snd_device: snd_device(2) num devices(1) new_snd_devices(0)
02-09 04:41:25.472 I/msm8974_platform( 800): platform_check_and_set_codec_backend_cfg: new_snd_devices[0] is 2
02-09 04:41:25.472 I/msm8974_platform( 800): platform_check_codec_backend_cfg:becf: afe: bitwidth 16, samplerate 48000 channels 2, backend_idx 0 usecase = 1 device (speaker)
02-09 04:41:25.473 D/audio_hw_extn( 800): audio_extn_enable_hifi_filter: mixer_value set 0
02-09 04:41:25.473 D/msm8974_platform( 800): platform_check_codec_backend_cfg:becf: updated afe: bitwidth 16, samplerate 48000 channels 2,backend_idx 0 usecase = 1 device (speaker)
02-09 04:41:25.473 D/msm8974_platform( 800): platform_check_codec_backend_cfg:becf: afe: playback on codec device not supporting native playback set default Sample Rate(48k)
02-09 04:41:25.473 I/msm8974_platform( 800): platform_check_codec_backend_cfg:becf: afe: Codec selected backend: 0 updated bit width: 16 and sample rate: 48000
02-09 04:41:25.473 D/audio_hw_primary( 800): check_usecases_codec_backend:becf: force routing 0
02-09 04:41:25.473 E/msm8974_platform( 800): platform_check_backends_match: Invalid snd_device =
02-09 04:41:25.473 D/audio_hw_primary( 800): check_usecases_codec_backend:becf: (78) check_usecases curr device: speaker, usecase device: backends match 0
02-09 04:41:25.473 D/audio_hw_primary( 800): check_usecases_codec_backend:becf: check_usecases num.of Usecases to switch 0
02-09 04:41:25.473 D/hardware_info( 800): hw_info_append_hw_type : device_name = speaker
02-09 04:41:25.473 D/msm8974_platform( 800): platform_split_snd_device: snd_device(2) num devices(0) new_snd_devices(0)
02-09 04:41:25.473 D/audio_hw_primary( 800): enable_snd_device: snd_device(2: speaker)
02-09 04:41:25.473 D/msm8974_platform( 800): platform_get_island_cfg_on_device:island cfg status on snd_device = (speaker 0)
02-09 04:41:25.473 I/soundtrigger( 800): audio_extn_sound_trigger_update_device_status: device 0x2 of type 0 for Event 1, with Raise=0
02-09 04:41:25.474 D/audio_route( 800): Apply path: speaker
02-09 04:41:25.474 I/audio_hw_utils( 800): audio_extn_utils_update_stream_output_app_type_cfg Allowing 24 and above bits playback on speaker ONLY at default sampling rate
02-09 04:41:25.474 E/soundtrigger( 800): audio_extn_sound_trigger_update_stream_status: invalid input device 0x0, for event 3
02-09 04:41:25.474 D/soundtrigger( 800): audio_extn_sound_trigger_update_stream_status: uc_info->id 1 of type 0 for Event 3, with Raise=0
02-09 04:41:25.474 D/audio_hw_utils( 800): audio_extn_utils_send_app_type_cfg: usecase->out_snd_device speaker
02-09 04:41:25.474 D/msm8974_platform( 800): platform_split_snd_device: snd_device(2) num devices(0) new_snd_devices(0)
02-09 04:41:25.474 D/audio_hw_utils( 800): audio_extn_btsco_get_sample_rate:Not a BT SCO device, need not update sampling rate
02-09 04:41:25.474 I/audio_hw_utils( 800): send_app_type_cfg_for_device PLAYBACK app_type 69937, acdb_dev_id 15, sample_rate 48000, snd_device_be_idx 179
02-09 04:41:25.474 D/msm8974_platform( 800): platform_split_snd_device: snd_device(2) num devices(1) new_snd_devices(0)
02-09 04:41:25.474 D/audio_hw_utils( 800): audio_extn_btsco_get_sample_rate:Not a BT SCO device, need not update sampling rate
02-09 04:41:25.474 D/ACDB-LOADER( 800): ACDB -> send_audio_cal, acdb_id = 15, path = 0, app id = 0x11131, sample rate = 48000, afe_sample_rate = 48000
02-09 04:41:25.474 D/ACDB-LOADER( 800): ACDB -> send_asm_topology
02-09 04:41:25.474 D/ACDB-LOADER( 800): ACDB -> ACDB_CMD_GET_AUDPROC_STREAM_TOPOLOGY_ID
02-09 04:41:25.474 D/ACDB-LOADER( 800): ACDB -> send_adm_topology
02-09 04:41:25.474 D/ACDB-LOADER( 800): ACDB -> ACDB_CMD_GET_AUDPROC_COMMON_TOPOLOGY_ID
02-09 04:41:25.474 D/ACDB-LOADER( 800): ACDB -> send_audtable
02-09 04:41:25.474 D/ACDB-LOADER( 800): ACDB -> ACDB_CMD_GET_AUDPROC_INSTANCE_COMMON_TABLE_SIZE
02-09 04:41:25.474 D/ACDB-LOADER( 800): ACDB -> ACDB_CMD_GET_AUDPROC_INSTANCE_COMMON_TABLE
02-09 04:41:25.474 D/ACDB-LOADER( 800): ACDB -> AUDIO_SET_AUDPROC_CAL cal_type[11] acdb_id[15] app_type[69937]
02-09 04:41:25.474 D/ACDB-LOADER( 800): ACDB -> send_audvoltable
02-09 04:41:25.474 D/ACDB-LOADER( 800): ACDB -> ACDB_CMD_GET_AUDPROC_INSTANCE_GAIN_DEP_STEP_TABLE_SIZE
02-09 04:41:25.474 D/ACDB-LOADER( 800): ACDB -> ACDB_CMD_GET_AUDPROC_INSTANCE_GAIN_DEP_STEP_TABLE, vol index 5
02-09 04:41:25.474 D/ACDB-LOADER( 800): ACDB -> AUDIO_SET_VOL_CAL cal type = 12
02-09 04:41:25.474 D/ACDB-LOADER( 800): ACDB -> ACDB_CMD_GET_AUDPROC_INSTANCE_STREAM_TABLE_SIZE
02-09 04:41:25.474 D/ACDB-LOADER( 800): ACDB -> send_audstrmtable
02-09 04:41:25.474 D/ACDB-LOADER( 800): ACDB -> ACDB_CMD_GET_AUDPROC_INSTANCE_STREAM_TABLE
02-09 04:41:25.474 D/ACDB-LOADER( 800): ACDB -> audstrm_cal->cal_type.cal_data.cal_size = 20
02-09 04:41:25.474 D/ACDB-LOADER( 800): ACDB -> send_afe_topology
02-09 04:41:25.474 D/ACDB-LOADER( 800): ACDB -> ACDB_CMD_GET_AFE_TOPOLOGY_ID
02-09 04:41:25.474 D/ACDB-LOADER( 800): ACDB -> GET_AFE_TOPOLOGY_ID for adcd_id 15, Topology Id 112fc
02-09 04:41:25.475 D/ACDB-LOADER( 800): ACDB -> send_afe_cal
02-09 04:41:25.475 D/ACDB-LOADER( 800): ACDB -> ACDB_CMD_GET_AFE_INSTANCE_COMMON_TABLE_SIZE
02-09 04:41:25.475 D/android.hardware.audio.service( 800): Failed to fetch the lookup information of the device 0000000F
02-09 04:41:25.475 D/ACDB-LOADER( 800): Error: ACDB_CMD_GET_AFE_INSTANCE_COMMON_TABLE_SIZE Returned = -19
02-09 04:41:25.475 D/ACDB-LOADER( 800): ACDB -> ACDB_CMD_GET_AFE_INSTANCE_COMMON_TABLE
02-09 04:41:25.475 D/android.hardware.audio.service( 800): Failed to fetch the lookup information of the device 0000000F
02-09 04:41:25.475 D/ACDB-LOADER( 800): Error: ACDB AFE returned = -19
02-09 04:41:25.475 D/ACDB-LOADER( 800): ACDB -> AUDIO_SET_AFE_CAL cal_type[16] acdb_id[15]
02-09 04:41:25.475 D/ACDB-LOADER( 800): ACDB -> send_hw_delay : acdb_id = 15 path = 0
02-09 04:41:25.475 D/ACDB-LOADER( 800): ACDB -> ACDB_AVSYNC_INFO: ACDB_CMD_GET_DEVICE_PROPERTY
02-09 04:41:25.475 D/msm8974_platform( 800): platform_split_snd_device: snd_device(2) num devices(0) new_snd_devices(0)
02-09 04:41:25.475 I/msm8974_platform( 800): platform_get_custom_mtmx_params: no matching param with id 0 ip_ch 2 op_ch 2 uc_id 1 snd_dev 2
02-09 04:41:25.475 D/audio_hw_primary( 800): enable_audio_route: apply mixer and update path: low-latency-playback
02-09 04:41:25.475 D/audio_route( 800): Apply path: low-latency-playback
02-09 04:41:25.475 W/AudioIDCMicroNegotiator( 1240): idcm_warn: idcm control is not enable
01-04 09:10:00.821 I/afe_find_cal_topo_id_by_port( 0): port id: 0x9000, dev_acdb_id: 0
01-04 09:10:00.821 I/afe_find_cal_topo_id_by_port( 0): top_id:112fc acdb_id:15 afe_port:0x9000
01-04 09:10:00.821 I/afe_get_cal_topology_id( 0): port_id = 0x9000 acdb_id = 15 topology_id = 0x112fc cal_type_index=8 ret=0
01-04 09:10:00.821 I/afe_send_port_topology_id( 0): AFE set topology id 0x112fc enable for port 0x9000 ret 0
01-04 09:10:00.821 I/send_afe_cal_type( 0): cal_index is 0
01-04 09:10:00.821 I/send_afe_cal_type( 0): dev_acdb_id[55] is 0
01-04 09:10:00.821 I/send_afe_cal_type( 0): Sending cal_index cal 0
01-04 09:10:00.821 E/send_afe_cal_type( 0): No cal sent for cal_index 0, port_id = 0x9000! ret -22
01-04 09:10:00.821 I/afe_send_hw_delay( 0): port_id 0x9000 rate 48000 delay_usec 474 status 0
02-09 04:41:25.476 D/Avrcp_ext( 1985): AudioManager Player: AudioPlaybackConfiguration piid:71 deviceId:0 type:android.media.SoundPool u/pid:10080/2005 state:idle attr:AudioAttributes: usage=USAGE_ASSISTANCE_SONIFICATION content=CONTENT_TYPE_SONIFICATION flags=0x800 tags= bundle=null sessionId:0
02-09 04:41:25.476 D/Avrcp_ext( 1985): AudioManager Player: AudioPlaybackConfiguration piid:87 deviceId:0 type:android.media.SoundPool u/pid:1000/2082 state:idle attr:AudioAttributes: usage=USAGE_ASSISTANCE_SONIFICATION content=CONTENT_TYPE_SONIFICATION flags=0x801 tags= bundle=null sessionId:0
02-09 04:41:25.476 D/Avrcp_ext( 1985): AudioManager Player: AudioPlaybackConfiguration piid:63 deviceId:0 type:android.media.SoundPool u/pid:1000/1240 state:idle attr:AudioAttributes: usage=USAGE_ASSISTANCE_SONIFICATION content=CONTENT_TYPE_SONIFICATION flags=0x800 tags= bundle=null sessionId:0
02-09 04:41:25.476 D/Avrcp_ext( 1985): AudioManager Player: AudioPlaybackConfiguration piid:143 deviceId:3 type:android.media.MediaPlayer u/pid:10080/2005 state:started attr:AudioAttributes: usage=USAGE_NOTIFICATION content=CONTENT_TYPE_SONIFICATION flags=0x800 tags= bundle=null sessionId:0
02-09 04:41:25.479 D/Avrcp_ext( 1985): AudioManager Player in started state: com.android.systemui
02-09 04:41:25.479 D/Avrcp_ext( 1985): AudioManager Active Player: com.android.systemui
02-09 04:41:25.479 D/Avrcp_ext( 1985): AudioManager isPlaying: true, mAudioPlaybackIsActive = true
02-09 04:41:25.500 D/msm8974_platform( 800): platform_set_channel_map mixer_ctl_name:Playback Channel Map9
02-09 04:41:25.501 D/msm8974_platform( 800): platform_set_channel_map: set mapping(1 2 0 0 0 0 0 0) for channel:2
02-09 04:41:25.502 D/audio_hw_primary( 800): start_output_stream: exit
02-09 04:41:25.502 D/audio_hw_primary( 800): out_write: retry previous failed cal level set
02-09 04:41:25.502 D/msm8974_platform( 800): platform_split_snd_device: snd_device(2) num devices(1) new_snd_devices(0)
02-09 04:41:25.512 D/msm8974_platform( 800): platform_split_snd_device: snd_device(2) num devices(1) new_snd_devices(0)
02-09 04:41:25.725 D/vendor.qti.vibrator( 873): QTI Vibrator off
02-09 04:41:25.728 D/vendor.qti.vibrator( 873): Notifying on complete
02-09 04:41:25.738 I/OMX-VENC: venc_dev( 1301): stats: avg. fps 29.37, bitrate 1617844
02-09 04:41:25.809 W/hpplay-java( 2754): [main]:IPManager:getActiveNets invalid networkInfo:null
02-09 04:41:25.809 I/hpplay-java( 2754): [main]:IPManager:getActiveNets eth0:false wifi:false mobile:false ap:false
02-09 04:41:25.809 I/hpplay-java( 2754): [main]:ServerTaskManager:get local ip:null
02-09 04:41:25.975 D/vendor.qti.vibrator( 873): Vibrator on for timeoutMs: 350
02-09 04:41:25.976 D/vendor.qti.vibrator( 873): Starting on on another thread
02-09 04:41:26.248 I/mpu_uart( 645): [MSG-P:RECV]:No message received in 1000 ms
02-09 04:41:26.326 D/vendor.qti.vibrator( 873): Notifying on complete
02-09 04:41:26.326 D/vendor.qti.vibrator( 873): QTI Vibrator off
02-09 04:41:26.688 I/input_interaction( 1240): Interaction with: c6035cc com.android.launcher3/com.android.launcher3.uioverrides.QuickstepLauncher (server), f1cc593 com.android.systemui.ImageWallpaper (server), edge-swipe (server), swipe-up (server), PointerEventDispatcher0 (server),
02-09 04:41:26.749 I/OMX-VENC: venc_dev( 1301): stats: avg. fps 1.98, bitrate 102964
02-09 04:41:26.774 I/system_server( 1240): Explicit concurrent copying GC freed 52845(2917KB) AllocSpace objects, 14(456KB) LOS objects, 49% free, 11MB/22MB, paused 548us,52us total 107.890ms
02-09 04:41:26.779 W/System ( 1240): A resource failed to call close.
02-09 04:41:26.779 W/System ( 1240): A resource failed to call close.
02-09 04:41:26.780 W/System ( 1240): A resource failed to call close.
02-09 04:41:26.780 W/System ( 1240): A resource failed to call close.
02-09 04:41:26.781 W/System ( 1240): A resource failed to call close.
02-09 04:41:26.781 W/System ( 1240): A resource failed to call close.
02-09 04:41:26.781 W/System ( 1240): A resource failed to call release.
02-09 04:41:26.781 W/System ( 1240): A resource failed to call close.
02-09 04:41:26.811 W/hpplay-java( 2754): [main]:IPManager:getActiveNets invalid networkInfo:null
02-09 04:41:26.811 I/hpplay-java( 2754): [main]:IPManager:getActiveNets eth0:false wifi:false mobile:false ap:false
02-09 04:41:26.811 I/hpplay-java( 2754): [main]:ServerTaskManager:get local ip:null
02-09 04:41:26.816 D/CCodecBufferChannel( 1283): [c2.android.vorbis.decoder#948] buffers after EOS ignored (0 us)
02-09 04:41:26.817 D/AudioTrack( 1283): stop(44): called with 82980 frames delivered
02-09 04:41:27.027 I/mpu_uart( 645): [MSG-P:R]:recv sync frame timeout
02-09 04:41:27.099 E/FrameEvents( 5563): updateAcquireFence: Did not find frame.
02-09 04:41:27.120 V/GameTypeUtils( 5563): judge isGame:com.android.gallery3d
02-09 04:41:27.129 D/BaseModelUpdateTask( 5563): BaseModelUpdateTask constructor
02-09 04:41:27.129 D/BaseModelUpdateTask( 5563): java.lang.Exception
02-09 04:41:27.129 D/BaseModelUpdateTask( 5563): at com.android.launcher3.model.BaseModelUpdateTask.(BaseModelUpdateTask.java:57)
02-09 04:41:27.129 D/BaseModelUpdateTask( 5563): at com.android.launcher3.LauncherModel$6.(LauncherModel.java:605)
02-09 04:41:27.129 D/BaseModelUpdateTask( 5563): at com.android.launcher3.LauncherModel.refreshAndBindWidgetsAndShortcuts(LauncherModel.java:605)
02-09 04:41:27.129 D/BaseModelUpdateTask( 5563): at com.android.launcher3.Launcher.refreshAndBindWidgetsForPackageUser(Launcher.java:2853)
02-09 04:41:27.129 D/BaseModelUpdateTask( 5563): at com.android.launcher3.popup.PopupContainerWithArrow.showForIcon(PopupContainerWithArrow.java:227)
02-09 04:41:27.129 D/BaseModelUpdateTask( 5563): at com.android.launcher3.Workspace.beginDragShared(Workspace.java:1570)
02-09 04:41:27.129 D/BaseModelUpdateTask( 5563): at com.android.launcher3.Workspace.beginDragShared(Workspace.java:1505)
02-09 04:41:27.129 D/BaseModelUpdateTask( 5563): at com.android.launcher3.Workspace.startDrag(Workspace.java:1494)
02-09 04:41:27.129 D/BaseModelUpdateTask( 5563): at com.android.launcher3.touch.ItemLongClickListener.beginDrag(ItemLongClickListener.java:90)
02-09 04:41:27.129 D/BaseModelUpdateTask( 5563): at com.android.launcher3.touch.ItemLongClickListener.onWorkspaceItemLongClick(ItemLongClickListener.java:71)
02-09 04:41:27.129 D/BaseModelUpdateTask( 5563): at com.android.launcher3.touch.ItemLongClickListener.$r8$lambda$nz9MSaglTImbNX-jBQmvpOY7s8M(Unknown Source:0)
02-09 04:41:27.129 D/BaseModelUpdateTask( 5563): at com.android.launcher3.touch.ItemLongClickListener$$ExternalSyntheticLambda0.onLongClick(Unknown Source:0)
02-09 04:41:27.129 D/BaseModelUpdateTask( 5563): at android.view.View.performLongClickInternal(View.java:7521)
02-09 04:41:27.129 D/BaseModelUpdateTask( 5563): at android.view.View.performLongClick(View.java:7479)
02-09 04:41:27.129 D/BaseModelUpdateTask( 5563): at android.widget.TextView.performLongClick(TextView.java:12633)
02-09 04:41:27.129 D/BaseModelUpdateTask( 5563): at android.view.View.performLongClick(View.java:7497)
02-09 04:41:27.129 D/BaseModelUpdateTask( 5563): at android.view.View$CheckForLongPress.run(View.java:28639)
02-09 04:41:27.129 D/BaseModelUpdateTask( 5563): at android.os.Handler.handleCallback(Handler.java:938)
02-09 04:41:27.129 D/BaseModelUpdateTask( 5563): at android.os.Handler.dispatchMessage(Handler.java:99)
02-09 04:41:27.129 D/BaseModelUpdateTask( 5563): at android.os.Looper.loopOnce(Looper.java:201)
02-09 04:41:27.129 D/BaseModelUpdateTask( 5563): at android.os.Looper.loop(Looper.java:288)
02-09 04:41:27.129 D/BaseModelUpdateTask( 5563): at android.app.ActivityThread.main(ActivityThread.java:7880)
02-09 04:41:27.129 D/BaseModelUpdateTask( 5563): at java.lang.reflect.Method.invoke(Native Method)
02-09 04:41:27.129 D/BaseModelUpdateTask( 5563): at com.android.internal.os.RuntimeInit$MethodAndArgsCaller.run(RuntimeInit.java:548)
02-09 04:41:27.129 D/BaseModelUpdateTask( 5563): at com.android.internal.os.ZygoteInit.main(ZygoteInit.java:1009)
02-09 04:41:27.133 D/vendor.qti.vibrator( 873): Vibrator perform effect 5
02-09 04:41:27.139 I/WidgetsModel( 5563): found whitelist widget: com.android.systemui, label: 对话, sectionName:D
02-09 04:41:27.154 D/vendor.qti.vibrator( 873): Vibrator on for timeoutMs: 21
02-09 04:41:27.155 D/vendor.qti.vibrator( 873): Starting on on another thread
02-09 04:41:27.176 D/vendor.qti.vibrator( 873): Notifying on complete
02-09 04:41:27.177 D/vendor.qti.vibrator( 873): QTI Vibrator off
02-09 04:41:27.249 I/mpu_uart( 645): [MSG-P:RECV]:No message received in 1000 ms
02-09 04:41:27.253 D/audio_hw_primary( 800): out_set_parameters: enter: usecase(1: low-latency-playback) kvpairs: suspend_playback=true
02-09 04:41:27.253 D/audio_hw_extn( 800): audio_extn_fm_set_parameters: Enter
02-09 04:41:27.263 D/audio_hw_primary( 800): out_set_parameters: enter: usecase(1: low-latency-playback) kvpairs: suspend_playback=false
02-09 04:41:27.264 D/audio_hw_extn( 800): audio_extn_fm_set_parameters: Enter
02-09 04:41:27.268 D/audio_hw_primary( 800): out_set_parameters: enter: usecase(1: low-latency-playback) kvpairs: suspend_playback=true
02-09 04:41:27.268 D/audio_hw_extn( 800): audio_extn_fm_set_parameters: Enter
02-09 04:41:27.278 D/audio_hw_primary( 800): out_set_parameters: enter: usecase(1: low-latency-playback) kvpairs: suspend_playback=false
02-09 04:41:27.278 D/audio_hw_extn( 800): audio_extn_fm_set_parameters: Enter
02-09 04:41:27.287 W/AudioIDCMicroNegotiator( 1240): idcm_warn: idcm control is not enable
02-09 04:41:27.288 D/audio_hw_primary( 800): out_set_parameters: enter: usecase(1: low-latency-playback) kvpairs: suspend_playback=true
02-09 04:41:27.288 D/audio_hw_extn( 800): audio_extn_fm_set_parameters: Enter
02-09 04:41:27.289 D/Avrcp_ext( 1985): AudioManager Player: AudioPlaybackConfiguration piid:71 deviceId:0 type:android.media.SoundPool u/pid:10080/2005 state:idle attr:AudioAttributes: usage=USAGE_ASSISTANCE_SONIFICATION content=CONTENT_TYPE_SONIFICATION flags=0x800 tags= bundle=null sessionId:0
02-09 04:41:27.289 D/Avrcp_ext( 1985): AudioManager Player: AudioPlaybackConfiguration piid:87 deviceId:0 type:android.media.SoundPool u/pid:1000/2082 state:idle attr:AudioAttributes: usage=USAGE_ASSISTANCE_SONIFICATION content=CONTENT_TYPE_SONIFICATION flags=0x801 tags= bundle=null sessionId:0
02-09 04:41:27.289 D/Avrcp_ext( 1985): AudioManager Player: AudioPlaybackConfiguration piid:63 deviceId:0 type:android.media.SoundPool u/pid:1000/1240 state:idle attr:AudioAttributes: usage=USAGE_ASSISTANCE_SONIFICATION content=CONTENT_TYPE_SONIFICATION flags=0x800 tags= bundle=null sessionId:0
02-09 04:41:27.289 D/Avrcp_ext( 1985): AudioManager Player: AudioPlaybackConfiguration piid:143 deviceId:3 type:android.media.MediaPlayer u/pid:10080/2005 state:stopped attr:AudioAttributes: usage=USAGE_NOTIFICATION content=CONTENT_TYPE_SONIFICATION flags=0x800 tags= bundle=null sessionId:0
02-09 04:41:27.289 D/Avrcp_ext( 1985): AudioManager isPlaying: false, mAudioPlaybackIsActive = true
02-09 04:41:27.289 D/Avrcp_ext( 1985): AudioManager Reset Active Player
02-09 04:41:27.290 V/Avrcp_ext( 1985): updateCurrentMediaState: mMediaController: MediaController (com.android.systemui@6c96528) null
02-09 04:41:27.290 W/Avrcp_ext( 1985): isMusicActive: false getBluetoothPlayState: 2 A2dp State: 11 mAudioPlaybackIsActive: false
02-09 04:41:27.291 D/Avrcp_ext( 1985): isMusicActive = false mAudioPlaybackIsActive = false player state = null
02-09 04:41:27.291 I/MediaFocusControl( 1240): abandonAudioFocus() from uid/pid 10080/2005 clientId=android.media.AudioManager@d09abaf
02-09 04:41:27.291 I/Avrcp_ext( 1985): Skipping update due to invalid playback state
02-09 04:41:27.291 V/Avrcp_ext( 1985): updatePlaybackState, state: null device: null
02-09 04:41:27.292 V/Avrcp_ext( 1985): Device: no name:
02-09 04:41:27.292 V/Avrcp_ext( 1985): Device: no name:
02-09 04:41:27.292 V/Avrcp_ext( 1985): Device: no name:
02-09 04:41:27.292 V/Avrcp_ext( 1985): Device: no name:
02-09 04:41:27.292 V/Avrcp_ext( 1985): Device: no name:
02-09 04:41:27.292 V/Avrcp_ext( 1985): updatePlayerStateAndPosition, old=PlaybackState {state=2, position=-1, buffered position=0, speed=0.0, updated=1180793, actions=0, custom actions=[], active item id=-1, error=null}, state=null
02-09 04:41:27.292 I/Avrcp_ext( 1985): updatePlayerStateAndPosition: device: state = null
02-09 04:41:27.292 V/MediaPlayer( 2005): resetDrmState: mDrmInfo=null mDrmProvisioningThread=null mPrepareDrmInProgress=false mActiveDrmScheme=false
02-09 04:41:27.292 V/MediaPlayer( 2005): cleanDrmObj: mDrmObj=null mDrmSessionId=null
02-09 04:41:27.292 D/NuPlayerDriver( 1283): reset(0xe87805b0) at state 6
02-09 04:41:27.295 D/audio_hw_primary( 800): out_set_parameters: enter: usecase(1: low-latency-playback) kvpairs: suspend_playback=false
02-09 04:41:27.295 D/audio_hw_extn( 800): audio_extn_fm_set_parameters: Enter
02-09 04:41:27.296 D/Avrcp_ext( 1985): AudioManager Player: AudioPlaybackConfiguration piid:71 deviceId:0 type:android.media.SoundPool u/pid:10080/2005 state:idle attr:AudioAttributes: usage=USAGE_ASSISTANCE_SONIFICATION content=CONTENT_TYPE_SONIFICATION flags=0x800 tags= bundle=null sessionId:0
02-09 04:41:27.296 D/Avrcp_ext( 1985): AudioManager Player: AudioPlaybackConfiguration piid:87 deviceId:0 type:android.media.SoundPool u/pid:1000/2082 state:idle attr:AudioAttributes: usage=USAGE_ASSISTANCE_SONIFICATION content=CONTENT_TYPE_SONIFICATION flags=0x801 tags= bundle=null sessionId:0
02-09 04:41:27.296 D/Avrcp_ext( 1985): AudioManager Player: AudioPlaybackConfiguration piid:63 deviceId:0 type:android.media.SoundPool u/pid:1000/1240 state:idle attr:AudioAttributes: usage=USAGE_ASSISTANCE_SONIFICATION content=CONTENT_TYPE_SONIFICATION flags=0x800 tags= bundle=null sessionId:0
02-09 04:41:27.296 D/Avrcp_ext( 1985): AudioManager isPlaying: false, mAudioPlaybackIsActive = false
02-09 04:41:27.296 D/Avrcp_ext( 1985): AudioManager Reset Active Player
02-09 04:41:27.297 I/hw-BpHwBinder( 1283): onLastStrongRef automatically unlinking death recipients
02-09 04:41:27.297 I/hw-BpHwBinder( 1338): onLastStrongRef automatically unlinking death recipients
02-09 04:41:27.300 V/C2Store ( 1338): in ~ComponentModule
02-09 04:41:27.300 V/C2Store ( 1338): unloading dll
02-09 04:41:27.303 D/NuPlayerDriver( 1283): notifyResetComplete(0xe87805b0)
02-09 04:41:27.303 W/AMessage( 1283): failed to post message as target looper for handler 0 is gone.
02-09 04:41:27.338 D/audio_hw_primary( 800): out_set_parameters: enter: usecase(1: low-latency-playback) kvpairs: suspend_playback=true
02-09 04:41:27.338 D/audio_hw_extn( 800): audio_extn_fm_set_parameters: Enter
02-09 04:41:27.338 D/msm8974_platform( 800): platform_split_snd_device: snd_device(2) num devices(1) new_snd_devices(0)
02-09 04:41:27.338 D/ACDB-LOADER( 800): ACDB -> send_audvoltable
02-09 04:41:27.338 D/ACDB-LOADER( 800): ACDB -> ACDB_CMD_GET_AUDPROC_INSTANCE_GAIN_DEP_STEP_TABLE_SIZE
02-09 04:41:27.338 D/ACDB-LOADER( 800): ACDB -> ACDB_CMD_GET_AUDPROC_INSTANCE_GAIN_DEP_STEP_TABLE, vol index 0
02-09 04:41:27.339 D/ACDB-LOADER( 800): ACDB -> AUDIO_SET_VOL_CAL cal type = 40
02-09 04:41:27.340 D/msm8974_platform( 800): platform_split_snd_device: snd_device(2) num devices(1) new_snd_devices(0)
02-09 04:41:27.553 D/FlingToDeleteHelper( 5563): isFlingToDelete = false
02-09 04:41:27.668 D/HotseatController( 5563): clearEmptyGrid: size=4
02-09 04:41:27.669 D/HotseatController( 5563): adjustPadding: height=800,size=4
02-09 04:41:27.674 W/View ( 5563): requestLayout() improperly called by com.android.launcher3.views.NoInsetView{ca52885 V.ED..... ......I. 2038,0-2380,1020 #7f09007c app:id/bg_hotseat} during layout: running second layout pass
02-09 04:41:27.813 W/hpplay-java( 2754): [main]:IPManager:getActiveNets invalid networkInfo:null
02-09 04:41:27.813 I/hpplay-java( 2754): [main]:IPManager:getActiveNets eth0:false wifi:false mobile:false ap:false
02-09 04:41:27.813 I/hpplay-java( 2754): [main]:ServerTaskManager:get local ip:null
02-09 04:41:28.186 I/OMX-VENC: venc_dev( 1301): stats: avg. fps 32.01, bitrate 1824452
02-09 04:41:28.249 I/mpu_uart( 645): [MSG-P:RECV]:No message received in 1000 ms
02-09 04:41:28.297 I/thunderperf( 1240): Maybe need boostperf for current app!
02-09 04:41:28.297 D/FgBoostPerfService( 2082): [FgBoostPerfService.perfBoostAcq]start: stat=true pkgName=com.android.gallery3d
02-09 04:41:28.297 I/FgBoostPerfService( 2082): [FgBoostPerfService.perfBoostAcq] not game-mode or game app!
02-09 04:41:28.297 I/ThunderPerfManager( 1240): PerfAcq error : state=true pkgName=com.android.gallery3d
02-09 04:41:28.298 V/GameMode_GameTypeUtils( 2082): judge isGame:com.android.gallery3d
02-09 04:41:28.298 I/FgBoostPerfService( 2082): [GetGpuMode] isMode=0 isGame=false mGpuMode=0
02-09 04:41:28.298 V/GameMode_GameTypeUtils( 2082): judge isGame:com.android.gallery3d
02-09 04:41:28.298 I/FgBoostPerfService( 2082): [GetGpuDpiType] isMode=0 isGame=false mGpuDpiType=0
