02-09 04:22:01.137 I/wm_on_paused_called( 2573): [208887896,com.android.launcher3.uioverrides.QuickstepLauncher,performPause]
02-09 04:22:01.165 I/sf_stop_bootanim( 997): 16537
02-09 04:22:01.173 I/am_uid_running( 1240): 10088
02-09 04:22:01.179 I/am_proc_start( 1240): [0,3554,10088,com.android.music,broadcast,{com.android.music/com.android.music.MediaPlaybackReceiver}]
02-09 04:22:01.182 I/input_focus( 1240): [Focus entering 7ab4f6f com.android.systemui/com.android.systemui.usb.UsbDebuggingActivity (server),reason=setFocusedWindow]
02-09 04:22:01.194 I/am_proc_bound( 1240): [0,3554,com.android.music]
02-09 04:22:01.198 I/am_uid_active( 1240): 10088
02-09 04:22:01.247 I/am_uid_running( 1240): 10059
02-09 04:22:01.254 I/am_proc_start( 1240): [0,3572,10059,com.android.onetimeinitializer,broadcast,{com.android.onetimeinitializer/com.android.onetimeinitializer.OneTimeInitializerReceiver}]
02-09 04:22:01.264 I/am_proc_bound( 1240): [0,3572,com.android.onetimeinitializer]
02-09 04:22:01.267 I/am_uid_active( 1240): 10059
02-09 04:22:01.296 I/am_uid_running( 1240): 10025
02-09 04:22:01.304 I/am_proc_start( 1240): [0,3589,10025,com.android.packageinstaller,broadcast,{com.android.packageinstaller/com.android.packageinstaller.TemporaryFileManager}]
02-09 04:22:01.315 I/am_proc_bound( 1240): [0,3589,com.android.packageinstaller]
02-09 04:22:01.316 I/am_uid_active( 1240): 10025
02-09 04:22:01.347 I/am_uid_running( 1240): 10092
02-09 04:22:01.354 I/am_proc_start( 1240): [0,3604,10092,com.android.permissioncontroller,broadcast,{com.android.permissioncontroller/com.android.permissioncontroller.permission.service.LocationAccessCheck$SetupPeriodicBackgroundLocationAccessCheck}]
02-09 04:22:01.361 I/am_proc_bound( 1240): [0,3604,com.android.permissioncontroller]
02-09 04:22:01.363 I/am_uid_active( 1240): 10092
02-09 04:22:01.444 I/am_uid_running( 1240): 10030
02-09 04:22:01.450 I/am_proc_start( 1240): [0,3621,10030,com.android.providers.calendar,broadcast,{com.android.providers.calendar/com.android.providers.calendar.CalendarReceiver}]
02-09 04:22:01.460 I/am_proc_bound( 1240): [0,3621,com.android.providers.calendar]
02-09 04:22:01.461 I/am_uid_active( 1240): 10030
02-09 04:22:01.468 I/sysui_multi_action( 1240): [757,128,758,1,793,4389,794,0,795,4389,796,26,798,0,806,android,857,DEVELOPER_IMPORTANT,858,4,947,0,1395,2,1500,3996,1688,1]
02-09 04:22:01.468 I/sysui_multi_action( 1240): [757,804,799,note_freshness,801,4389,802,1]
02-09 04:22:01.468 I/notification_visibility( 1240): [-1|android|26|null|1000,1,4389,4389,0,0]
02-09 04:22:01.468 I/sysui_multi_action( 1240): [757,128,758,2,793,5176,794,499,795,5176,796,32,798,1,806,android,857,USB,858,1,947,0,1395,2,1500,5125,1688,1]
02-09 04:22:01.468 I/notification_visibility( 1240): [-1|android|32|null|1000,0,5176,5176,0,1]
02-09 04:22:01.545 I/am_uid_running( 1240): 2000
02-09 04:22:01.551 I/am_proc_start( 1240): [0,3646,2000,com.android.shell,broadcast,{com.android.shell/com.android.shell.HeapDumpReceiver}]
02-09 04:22:01.559 I/am_proc_bound( 1240): [0,3646,com.android.shell]
02-09 04:22:01.560 I/am_uid_active( 1240): 2000
02-09 04:22:01.601 I/am_uid_running( 1240): 10076
02-09 04:22:01.607 I/am_proc_start( 1240): [0,3662,10076,com.qti.ltebc,broadcast,{com.qti.ltebc/com.qualcomm.ltebc.LTEBroadcastBootReceiver}]
02-09 04:22:01.619 I/am_proc_bound( 1240): [0,3662,com.qti.ltebc]
02-09 04:22:01.621 I/am_uid_active( 1240): 10076
02-09 04:22:01.751 I/auditd ( 3701): type=1400 audit(0.0:282): avc: denied { read } for comm="cat" name="address" dev="sysfs" ino=61794 scontext=u:r:platform_app:s0:c512,c768 tcontext=u:object_r:sysfs:s0 tclass=file permissive=0
02-09 04:22:01.910 I/liblog ( 1375): 36
02-09 04:22:01.910 I/liblog ( 1375): 10
02-09 04:22:01.911 I/liblog ( 1375): 18
02-09 04:22:01.911 I/liblog ( 1375): 10
02-09 04:22:01.911 I/liblog ( 1375): 2
02-09 04:22:01.911 I/liblog ( 1375): 1
02-09 04:22:01.911 I/liblog ( 1375): 2
02-09 04:22:01.911 I/liblog ( 1375): 1
02-09 04:22:01.911 I/liblog ( 1375): 1
02-09 04:22:01.911 I/liblog ( 1375): 2
02-09 04:22:01.911 I/liblog ( 1375): 1
02-09 04:22:01.911 I/liblog ( 1375): 1
02-09 04:22:01.911 I/liblog ( 1375): 1
02-09 04:22:01.911 I/liblog ( 1375): 1
02-09 04:22:01.911 I/liblog ( 1375): 1
02-09 04:22:01.911 I/liblog ( 1375): 1
02-09 04:22:01.911 I/liblog ( 1375): 1
02-09 04:22:01.911 I/liblog ( 1375): 1
02-09 04:22:01.911 I/liblog ( 1375): 1
02-09 04:22:01.911 I/liblog ( 1375): 1
02-09 04:22:01.911 I/liblog ( 1375): 1
02-09 04:22:01.911 I/liblog ( 1375): 1
02-09 04:22:01.911 I/liblog ( 1375): 2
02-09 04:22:01.911 I/liblog ( 1375): 2
02-09 04:22:01.911 I/liblog ( 1375): 10
02-09 04:22:01.911 I/liblog ( 1375): 2
02-09 04:22:01.911 I/liblog ( 1375): 1
02-09 04:22:01.911 I/liblog ( 1375): 1
02-09 04:22:01.911 I/liblog ( 1375): 1
02-09 04:22:01.911 I/liblog ( 1375): 1
02-09 04:22:01.911 I/liblog ( 1375): 1
02-09 04:22:01.911 I/liblog ( 1375): 1
02-09 04:22:01.911 I/liblog ( 1375): 1
02-09 04:22:01.911 I/liblog ( 1375): 2
02-09 04:22:01.911 I/liblog ( 1375): 1
02-09 04:22:01.911 I/liblog ( 1375): 1
02-09 04:22:01.911 I/liblog ( 1375): 1
02-09 04:22:01.911 I/liblog ( 1375): 1
02-09 04:22:01.911 I/liblog ( 1375): 1
02-09 04:22:01.911 I/liblog ( 1375): 1
02-09 04:22:01.911 I/liblog ( 1375): 1
02-09 04:22:01.911 I/liblog ( 1375): 1
02-09 04:22:01.911 I/liblog ( 1375): 1
02-09 04:22:01.911 I/liblog ( 1375): 1
02-09 04:22:01.911 I/liblog ( 1375): 6
02-09 04:22:01.911 I/liblog ( 1375): 1
02-09 04:22:01.911 I/liblog ( 1375): 1
02-09 04:22:01.911 I/liblog ( 1375): 1
02-09 04:22:01.911 I/liblog ( 1375): 1
02-09 04:22:01.911 I/liblog ( 1375): 1
02-09 04:22:01.911 I/liblog ( 1375): 2
02-09 04:22:01.911 I/liblog ( 1375): 6
02-09 04:22:01.911 I/liblog ( 1375): 2
02-09 04:22:01.911 I/liblog ( 1375): 1
02-09 04:22:01.911 I/liblog ( 1375): 1
02-09 04:22:01.911 I/liblog ( 1375): 1
02-09 04:22:01.911 I/liblog ( 1375): 1
02-09 04:22:01.911 I/liblog ( 1375): 1
02-09 04:22:01.911 I/liblog ( 1375): 1
02-09 04:22:01.911 I/liblog ( 1375): 2
02-09 04:22:01.911 I/liblog ( 1375): 1
02-09 04:22:01.911 I/liblog ( 1375): 1
02-09 04:22:01.911 I/liblog ( 1375): 1
02-09 04:22:01.911 I/liblog ( 1375): 1
02-09 04:22:01.911 I/liblog ( 1375): 1
02-09 04:22:01.911 I/liblog ( 1375): 1
02-09 04:22:01.911 I/liblog ( 1375): 2
02-09 04:22:01.911 I/liblog ( 1375): 2
02-09 04:22:01.911 I/liblog ( 1375): 1
02-09 04:22:01.911 I/liblog ( 1375): 1
02-09 04:22:01.911 I/liblog ( 1375): 1
02-09 04:22:01.912 I/liblog ( 1375): 1
02-09 04:22:01.912 I/liblog ( 1375): 1
02-09 04:22:01.912 I/liblog ( 1375): 2
02-09 04:22:01.912 I/liblog ( 1375): 1
02-09 04:22:01.912 I/liblog ( 1375): 1
02-09 04:22:01.912 I/liblog ( 1375): 1
02-09 04:22:01.912 I/liblog ( 1375): 1
02-09 04:22:01.912 I/liblog ( 1375): 1
02-09 04:22:01.912 I/liblog ( 1375): 1
02-09 04:22:01.912 I/liblog ( 1375): 2
02-09 04:22:01.912 I/liblog ( 1375): 1
02-09 04:22:01.912 I/liblog ( 1375): 2
02-09 04:22:01.912 I/liblog ( 1375): 1
02-09 04:22:01.912 I/liblog ( 1375): 1
02-09 04:22:01.912 I/liblog ( 1375): 1
02-09 04:22:01.912 I/liblog ( 1375): 1
02-09 04:22:01.912 I/liblog ( 1375): 1
02-09 04:22:01.912 I/liblog ( 1375): 1
02-09 04:22:01.912 I/liblog ( 1375): 9
02-09 04:22:01.970 I/notification_enqueue( 1240): [1000,1240,android,17303299,com.android.wifi,0,Notification(channel=NETWORK_AVAILABLE shortcut=null contentView=null vibrate=null sound=null tick defaults=0x0 flags=0x100 color=0x00000000 actions=2 vis=PRIVATE),0]
02-09 04:22:01.979 I/am_uid_running( 1240): 10058
02-09 04:22:01.982 I/am_proc_start( 1240): [0,3709,10058,com.qualcomm.qti.qms.service.connectionsecurity,broadcast,{com.qualcomm.qti.qms.service.connectionsecurity/com.qualcomm.qti.qms.service.connectionsecurity.ConnSecBroadcastReceiver}]
02-09 04:22:01.984 I/am_proc_died( 1240): [0,3662,com.qti.ltebc,905,19]
02-09 04:22:01.984 I/am_uid_stopped( 1240): 10076
02-09 04:22:01.984 I/am_uid_active( 1240): 10058
02-09 04:22:01.993 I/am_proc_bound( 1240): [0,3709,com.qualcomm.qti.qms.service.connectionsecurity]
02-09 04:22:02.046 I/am_uid_running( 1240): 10018
02-09 04:22:02.051 I/am_proc_start( 1240): [0,3732,10018,com.android.externalstorage,broadcast,{com.android.externalstorage/com.android.externalstorage.MountReceiver}]
02-09 04:22:02.061 I/am_proc_bound( 1240): [0,3732,com.android.externalstorage]
02-09 04:22:02.107 I/am_uid_running( 1240): 10076
02-09 04:22:02.113 I/am_proc_start( 1240): [0,3752,10076,com.qti.ltebc,broadcast,{com.qti.ltebc/com.qualcomm.ltebc.LTEBroadcastReceiver}]
02-09 04:22:02.129 I/am_proc_bound( 1240): [0,3752,com.qti.ltebc]
02-09 04:22:02.131 I/am_uid_active( 1240): 10076
02-09 04:22:02.169 I/sysui_multi_action( 1240): [757,1501,758,1,793,200,794,0,795,200,796,17303299,797,com.android.wifi,806,android,857,NETWORK_AVAILABLE,858,2,947,0,1500,0,1688,1]
02-09 04:22:02.170 I/sysui_multi_action( 1240): [757,804,799,note_interruptive,801,0,802,1]
02-09 04:22:02.449 I/am_proc_died( 1240): [0,3752,com.qti.ltebc,0,11]
02-09 04:22:02.449 I/am_broadcast_discard_app( 1240): [0,44505010,android.intent.action.MEDIA_MOUNTED,2,ResolveInfo{3ce0d6b com.qti.ltebc/com.qualcomm.ltebc.LTEBroadcastReceiver m=0x208000}]
02-09 04:22:02.449 I/am_uid_stopped( 1240): 10076
02-09 04:22:02.458 I/am_uid_running( 1240): 10076
02-09 04:22:02.463 I/am_proc_start( 1240): [0,3779,10076,com.qti.ltebc,broadcast,{com.qti.ltebc/com.qualcomm.ltebc.LTEBroadcastReceiver}]
02-09 04:22:02.472 I/am_proc_bound( 1240): [0,3779,com.qti.ltebc]
02-09 04:22:02.473 I/am_uid_active( 1240): 10076
02-09 04:22:02.780 I/am_proc_died( 1240): [0,3779,com.qti.ltebc,0,11]
02-09 04:22:02.780 I/am_broadcast_discard_app( 1240): [0,187168097,android.intent.action.MEDIA_MOUNTED,2,ResolveInfo{43fb66a com.qti.ltebc/com.qualcomm.ltebc.LTEBroadcastReceiver m=0x208000}]
02-09 04:22:02.781 I/am_uid_stopped( 1240): 10076
02-09 04:22:03.894 I/sysui_multi_action( 1240): [757,1717,758,1,759,0]
02-09 04:22:03.894 I/sysui_multi_action( 1240): [757,1717,758,2,759,0]
02-09 04:22:03.895 I/sysui_multi_action( 1240): [757,1717,758,3,759,0]
02-09 04:22:04.316 I/commit_sys_config_file( 1240): [package-user-0,1]
02-09 04:22:04.316 I/commit_sys_config_file( 1240): [package,48]
02-09 04:22:05.737 I/commit_sys_config_file( 1240): [appops,4]
02-09 04:22:06.671 I/sysui_heads_up_status( 2005): [-1|android|26|null|1000,0]
02-09 04:22:06.967 I/am_uid_running( 1240): 10076
02-09 04:22:06.978 I/am_proc_start( 1240): [0,3832,10076,com.qti.ltebc,broadcast,{com.qti.ltebc/com.qualcomm.ltebc.LTEBroadcastAlarmReceiver}]
02-09 04:22:06.997 I/am_proc_bound( 1240): [0,3832,com.qti.ltebc]
02-09 04:22:07.003 I/am_uid_active( 1240): 10076
02-09 04:22:07.113 I/sysui_multi_action( 1240): [757,128,758,1,793,5144,794,0,795,5144,796,17303299,797,com.android.wifi,798,1,806,android,857,NETWORK_AVAILABLE,858,2,947,0,1395,3,1500,4944,1688,1]
02-09 04:22:07.113 I/sysui_multi_action( 1240): [757,804,799,note_freshness,801,5144,802,1]
02-09 04:22:07.113 I/notification_visibility( 1240): [0|android|17303299|com.android.wifi|1000,1,5144,5144,0,1]
02-09 04:22:07.114 I/sysui_multi_action( 1240): [757,128,758,1,793,10821,794,0,795,10821,796,32,798,2,806,android,857,USB,858,1,947,0,1395,3,1500,10770,1688,1]
02-09 04:22:07.114 I/sysui_multi_action( 1240): [757,804,799,note_freshness,801,10821,802,1]
02-09 04:22:07.114 I/notification_visibility( 1240): [-1|android|32|null|1000,1,10821,10821,0,2]
02-09 04:22:07.114 I/sysui_multi_action( 1240): [757,128,758,2,793,10035,794,5646,795,10035,796,26,798,0,806,android,857,DEVELOPER_IMPORTANT,858,4,947,0,1395,3,1500,9642,1688,1]
02-09 04:22:07.114 I/notification_visibility( 1240): [-1|android|26|null|1000,0,10035,10035,0,0]
02-09 04:22:07.114 I/sysui_multi_action( 1240): [757,128,758,2,793,5145,794,1,795,5145,796,17303299,797,com.android.wifi,798,1,806,android,857,NETWORK_AVAILABLE,858,2,947,0,1395,3,1500,4945,1688,1]
02-09 04:22:07.115 I/notification_visibility( 1240): [0|android|17303299|com.android.wifi|1000,0,5145,5145,0,1]
02-09 04:22:07.115 I/sysui_multi_action( 1240): [757,128,758,2,793,10823,794,2,795,10823,796,32,798,2,806,android,857,USB,858,1,947,0,1395,3,1500,10772,1688,1]
02-09 04:22:07.115 I/notification_visibility( 1240): [-1|android|32|null|1000,0,10823,10823,0,2]
02-09 04:22:07.115 I/sysui_multi_action( 1240): [757,127,758,2]
02-09 04:22:07.115 I/notification_panel_hidden( 1240):
02-09 04:22:07.348 I/am_uid_running( 1240): 10055
02-09 04:22:07.357 I/am_proc_start( 1240): [0,3864,10055,com.qualcomm.qti.qms.service.trustzoneaccess,service,{com.qualcomm.qti.qms.service.trustzoneaccess/com.qualcomm.qti.qms.service.trustzoneaccess.TZAccessService}]
02-09 04:22:07.368 I/am_proc_bound( 1240): [0,3864,com.qualcomm.qti.qms.service.trustzoneaccess]
02-09 04:22:07.473 I/am_proc_died( 1240): [0,3832,com.qti.ltebc,905,19]
02-09 04:22:07.474 I/am_uid_stopped( 1240): 10076
02-09 04:22:17.735 I/am_pss ( 1240): [2573,10073,com.android.launcher3,107625472,88813568,0,245280768,0,2,17]
02-09 04:22:17.745 I/am_pss ( 1240): [2675,10067,com.android.deskclock,9295872,6582272,0,101904384,0,19,8]
02-09 04:22:17.752 I/am_pss ( 1240): [3025,10086,com.qualcomm.qtil.aptxui,7304192,5775360,0,91119616,0,19,6]
02-09 04:22:17.758 I/am_pss ( 1240): [2995,10074,com.qualcomm.location.XT,6331392,4640768,0,93278208,0,6,5]
02-09 04:22:17.767 I/am_pss ( 1240): [2418,1000,com.android.settings,28352512,17129472,0,146944000,0,19,7]
02-09 04:22:17.773 I/am_pss ( 1240): [2433,10094,android.ext.services,12872704,5591040,0,123764736,0,5,6]
02-09 04:22:17.857 I/am_pss ( 1240): [3085,10032,com.android.traceur,10211328,8519680,0,97009664,0,19,8]
02-09 04:22:20.777 I/am_pss ( 1240): [3414,1000,com.android.localtransport,5371904,3776512,0,90669056,0,19,11]
02-09 04:22:20.788 I/am_pss ( 1240): [3204,1000,com.qti.diagservices,5765120,3784704,0,94617600,0,10,9]
02-09 04:22:20.866 I/am_pss ( 1240): [3436,10065,com.android.calendar,6068224,4096000,0,91480064,0,19,11]
02-09 04:22:21.099 I/am_pss ( 1240): [3491,1000,com.android.dynsystem:dynsystem,5619712,3866624,0,90820608,0,19,10]
02-09 04:22:21.110 I/am_pss ( 1240): [2887,1000,com.android.keychain,8028160,6410240,0,93368320,0,19,10]
02-09 04:22:21.118 I/am_pss ( 1240): [3461,1000,com.android.dynsystem,5331968,3694592,0,90066944,0,19,7]
02-09 04:22:21.184 I/am_pss ( 1240): [3531,10029,com.android.managedprovisioning,8740864,7139328,0,94007296,0,19,8]
02-09 04:22:21.264 I/am_pss ( 1240): [3554,10088,com.android.music,7952384,6299648,0,93937664,0,19,10]
02-09 04:22:21.309 I/am_pss ( 1240): [3572,10059,com.android.onetimeinitializer,5084160,3497984,0,89960448,0,19,9]
02-09 04:22:21.450 I/am_pss ( 1240): [3604,10092,com.android.permissioncontroller,11546624,9801728,0,98902016,0,19,10]
02-09 04:22:21.460 I/am_pss ( 1240): [3589,10025,com.android.packageinstaller,7012352,5464064,0,90808320,0,19,8]
02-09 04:22:21.607 I/am_pss ( 1240): [3646,2000,com.android.shell,5842944,4214784,0,91582464,0,19,12]
02-09 04:22:22.042 I/am_pss ( 1240): [3709,10058,com.qualcomm.qti.qms.service.connectionsecurity,18677760,4329472,0,77365248,0,19,8]
02-09 04:22:26.629 I/snet_event_log( 1240): [172655291,-1,]
02-09 04:22:28.528 I/input_interaction( 1240): Interaction with: 7ab4f6f com.android.systemui/com.android.systemui.usb.UsbDebuggingActivity (server), edge-swipe (server), swipe-up (server), PointerEventDispatcher0 (server),
02-09 04:22:29.758 I/wm_finish_activity( 1240): [0,56432668,8,com.android.systemui/.usb.UsbDebuggingActivity,app-request]
02-09 04:22:29.759 I/wm_task_moved( 1240): [60,1,6]
02-09 04:22:29.764 I/wm_task_moved( 1240): [61,1,2147483647]
02-09 04:22:29.764 I/wm_task_to_front( 1240): [0,61]
02-09 04:22:29.764 I/wm_focused_root_task( 1240): [0,0,60,-1,finish-top adjustFocusToNextFocusableTask]
02-09 04:22:29.789 I/wm_pause_activity( 1240): [0,56432668,com.android.systemui/.usb.UsbDebuggingActivity,userLeaving=false,finish]
02-09 04:22:29.796 I/input_focus( 1240): [Focus request 52b1d19 com.android.launcher3/com.android.launcher3.uioverrides.QuickstepLauncher,reason=UpdateInputWindows]
02-09 04:22:29.800 I/wm_on_top_resumed_lost_called( 2005): [56432668,com.android.systemui.usb.UsbDebuggingActivity,topStateChangedWhenResumed]
02-09 04:22:29.801 I/wm_on_paused_called( 2005): [56432668,com.android.systemui.usb.UsbDebuggingActivity,performPause]
02-09 04:22:29.806 I/wm_set_resumed_activity( 1240): [0,com.android.launcher3/.uioverrides.QuickstepLauncher,resumeTopActivityInnerLocked]
02-09 04:22:29.810 I/wm_resume_activity( 1240): [0,208887896,61,com.android.launcher3/.uioverrides.QuickstepLauncher]
02-09 04:22:29.816 I/input_focus( 1240): [Focus leaving 7ab4f6f com.android.systemui/com.android.systemui.usb.UsbDebuggingActivity (server),reason=NO_WINDOW]
02-09 04:22:29.816 I/input_focus( 1240): [Focus entering 52b1d19 com.android.launcher3/com.android.launcher3.uioverrides.QuickstepLauncher (server),reason=setFocusedWindow]
02-09 04:22:29.819 I/wm_on_resume_called( 2573): [208887896,com.android.launcher3.uioverrides.QuickstepLauncher,RESUME_ACTIVITY]
02-09 04:22:29.819 I/wm_on_top_resumed_gained_called( 2573): [208887896,com.android.launcher3.uioverrides.QuickstepLauncher,topWhenResuming]
02-09 04:22:29.825 I/sysui_multi_action( 1240): [319,28902,322,249,325,16,757,761,758,8,759,2,806,com.android.launcher3,871,com.android.launcher3.uioverrides.QuickstepLauncher,904,com.android.launcher3,905,0,1320,4,1321,1]
02-09 04:22:29.826 I/wm_activity_launch_time( 1240): [0,208887896,com.android.launcher3/.uioverrides.QuickstepLauncher,249]
02-09 04:22:29.830 I/sysui_multi_action( 1240): [757,803,799,window_time_0,802,33]
02-09 04:22:29.831 I/am_uid_running( 1240): 10064
02-09 04:22:29.840 I/am_uid_running( 1240): 10034
02-09 04:22:29.844 I/am_proc_start( 1240): [0,3921,10064,com.android.gallery3d,NULL,]
02-09 04:22:29.845 I/am_pss ( 1240): [2573,10073,com.android.launcher3,107847680,88875008,0,245440512,0,2,8]
02-09 04:22:29.853 I/am_proc_start( 1240): [0,3922,10034,com.baidu.input,service,{com.baidu.input/com.baidu.input.ImeService}]
02-09 04:22:29.853 I/wm_destroy_activity( 1240): [0,56432668,8,com.android.systemui/.usb.UsbDebuggingActivity,finish-idle]
02-09 04:22:29.868 I/am_proc_bound( 1240): [0,3921,com.android.gallery3d]
02-09 04:22:29.876 I/am_proc_bound( 1240): [0,3922,com.baidu.input]
02-09 04:22:29.879 I/am_uid_active( 1240): 10034
02-09 04:22:29.880 I/am_pss ( 1240): [2005,10080,com.android.systemui,184925184,161112064,0,350212096,0,0,11]
02-09 04:22:29.880 I/wm_on_stop_called( 2005): [56432668,com.android.systemui.usb.UsbDebuggingActivity,LIFECYCLER_STOP_ACTIVITY]
02-09 04:22:29.880 I/wm_on_destroy_called( 2005): [56432668,com.android.systemui.usb.UsbDebuggingActivity,performDestroy]
02-09 04:22:29.890 I/am_pss ( 1240): [1985,1002,com.android.bluetooth,32524288,23490560,0,146571264,0,0,9]
02-09 04:22:29.895 I/am_pss ( 1240): [3864,10055,com.qualcomm.qti.qms.service.trustzoneaccess,5472256,3764224,0,91463680,0,19,5]
02-09 04:22:29.902 I/am_pss ( 1240): [3621,10030,com.android.providers.calendar,7078912,5169152,0,97591296,0,19,5]
02-09 04:22:29.912 I/am_pss ( 1240): [2873,10093,com.android.providers.media.module,138447872,133890048,0,245809152,0,0,10]
02-09 04:22:29.919 I/am_pss ( 1240): [3102,10022,android.process.media,9774080,7798784,0,100679680,0,19,6]
02-09 04:22:29.925 I/am_pss ( 1240): [3732,10018,com.android.externalstorage,5394432,3805184,0,91521024,0,19,4]
02-09 04:22:29.931 I/am_pss ( 1240): [2549,10083,com.qualcomm.qti.qccauthmgr,6158336,4317184,0,95453184,0,19,5]
02-09 04:22:29.937 I/am_pss ( 1240): [3196,10019,android.process.acore,13537280,9842688,0,117268480,0,19,5]
02-09 04:22:29.943 I/am_pss ( 1240): [2846,10082,com.qualcomm.qti.workloadclassifier,8105984,6557696,0,92987392,0,0,5]
02-09 04:22:29.949 I/am_pss ( 1240): [2849,10079,com.qualcomm.location,9742336,7331840,0,102223872,0,0,6]
02-09 04:22:29.955 I/am_pss ( 1240): [2844,10085,com.qualcomm.qti.qccnetstat,5868544,4288512,0,91389952,0,0,4]
02-09 04:22:29.960 I/am_pss ( 1240): [2822,10072,com.qualcomm.qti.services.systemhelper:systemhelper_service,6097920,4440064,0,93282304,0,0,4]
02-09 04:22:29.966 I/am_pss ( 1240): [2775,10057,.pasr,5121024,3624960,0,89001984,0,0,4]
02-09 04:22:29.971 I/am_pss ( 1240): [2756,10054,ts.car.uart,5884928,4390912,0,90025984,0,0,5]
02-09 04:22:29.977 I/am_pss ( 1240): [2754,10084,com.hht.lebocast,35290112,15982592,0,111292416,0,0,5]
02-09 04:22:29.984 I/am_pss ( 1240): [2760,1000,com.hryt.hiphishowfsecontrol,14039040,12042240,0,105021440,0,0,6]
02-09 04:22:29.991 I/am_pss ( 1240): [2396,1000,com.qualcomm.qti.qdma,9469952,6602752,0,105451520,0,0,5]
02-09 04:22:29.997 I/am_pss ( 1240): [3166,10061,com.qualcomm.qti.devicestatisticsservice,5038080,3543040,0,88821760,0,0,5]
02-09 04:22:30.003 I/am_pss ( 1240): [2367,1000,com.thundercomm.tcservice,8224768,6516736,0,96002048,0,0,5]
02-09 04:22:30.009 I/am_pss ( 1240): [2357,1000,com.thundercomm.remotecontrolservice,9193472,6995968,0,100651008,0,0,5]
02-09 04:22:30.015 I/am_pss ( 1240): [2340,1068,com.android.se,5579776,4014080,0,91369472,0,0,5]
02-09 04:22:30.020 I/am_pss ( 1240): [2305,10081,com.qti.qualcomm.mstatssystemservice,5210112,3710976,0,89579520,0,0,5]
02-09 04:22:30.027 I/am_pss ( 1240): [2301,1000,vendor.qti.qesdk.sysservice,5316608,3743744,0,90951680,0,0,5]
02-09 04:22:30.032 I/am_pss ( 1240): [2288,1000,com.thundercomm.tcsetupwizard,6530048,5029888,0,90910720,0,0,5]
02-09 04:22:30.038 I/am_pss ( 1240): [2202,1000,com.tc.logclient,7402496,5492736,0,98349056,0,0,5]
02-09 04:22:30.044 I/am_pss ( 1240): [2211,1073,com.android.networkstack.process,10771456,8425472,0,104697856,0,0,5]
02-09 04:22:30.049 I/am_pss ( 1240): [2184,1000,com.thundercomm.tchttpserver,7406592,5869568,0,92831744,0,0,5]
02-09 04:22:30.055 I/am_pss ( 1240): [2175,10056,.qtidataservices,5651456,4112384,0,91193344,0,0,5]
02-09 04:22:30.061 I/am_pss ( 1240): [2134,1001,.dataservices,7697408,6012928,0,94089216,0,0,5]
02-09 04:22:30.068 I/am_pss ( 1240): [2131,1000,com.thundercomm.microsettings,35480576,32387072,0,128991232,0,0,6]
02-09 04:22:30.074 I/am_pss ( 1240): [2122,1000,com.thundercomm.microservice,8734720,7110656,0,95535104,0,0,5]
02-09 04:22:30.080 I/am_pss ( 1240): [2082,1000,com.thundercomm.gamemode,26832896,20557824,0,135495680,0,0,6]
02-09 04:22:30.082 I/wm_task_removed( 1240): [8,removeChild:removeChild last r=ActivityRecord{35d181c u0 com.android.systemui/.usb.UsbDebuggingActivity t-1 f}} in t=Task{cfb5b2 #8 type=standard A=10080:com.android.systemui U=0 visible=false mode=fullscreen translucent=true sz=0}]
02-09 04:22:30.082 I/wm_task_removed( 1240): [8,removeChild]
02-09 04:22:30.099 I/am_pss ( 1240): [1240,1000,system,218427392,123334656,0,549466112,0,0,18]
02-09 04:22:32.006 I/input_interaction( 1240): Interaction with: 52b1d19 com.android.launcher3/com.android.launcher3.uioverrides.QuickstepLauncher (server), f1cc593 com.android.systemui.ImageWallpaper (server), edge-swipe (server), swipe-up (server), PointerEventDispatcher0 (server),
02-09 04:22:32.196 I/wm_task_created( 1240): [62,-1]
02-09 04:22:32.197 I/wm_task_moved( 1240): [62,1,6]
02-09 04:22:32.197 I/wm_task_to_front( 1240): [0,62]
02-09 04:22:32.198 I/wm_create_task( 1240): [0,62]
02-09 04:22:32.198 I/wm_create_activity( 1240): [0,171931013,62,com.android.settings/.Settings,android.intent.action.MAIN,NULL,NULL,270532608]
02-09 04:22:32.198 I/wm_task_moved( 1240): [62,1,6]
02-09 04:22:32.199 I/wm_pause_activity( 1240): [0,208887896,com.android.launcher3/.uioverrides.QuickstepLauncher,userLeaving=true,pauseBackTasks]
02-09 04:22:32.207 I/wm_on_top_resumed_lost_called( 2573): [208887896,com.android.launcher3.uioverrides.QuickstepLauncher,topStateChangedWhenResumed]
02-09 04:22:32.208 I/wm_on_paused_called( 2573): [208887896,com.android.launcher3.uioverrides.QuickstepLauncher,performPause]
02-09 04:22:32.209 I/wm_add_to_stopping( 1240): [0,208887896,com.android.launcher3/.uioverrides.QuickstepLauncher,makeInvisible]
02-09 04:22:32.209 I/service_manager_stats( 1240): [100,35,32144]
02-09 04:22:32.210 I/wm_restart_activity( 1240): [0,171931013,62,com.android.settings/.Settings]
02-09 04:22:32.210 I/wm_set_resumed_activity( 1240): [0,com.android.settings/.Settings,minimalResumeActivityLocked]
02-09 04:22:32.213 I/sysui_multi_action( 1240): [757,803,799,window_time_0,802,2]
02-09 04:22:32.239 I/input_focus( 1240): [Focus leaving 52b1d19 com.android.launcher3/com.android.launcher3.uioverrides.QuickstepLauncher (server),reason=NO_WINDOW]
02-09 04:22:32.329 I/wm_on_create_called( 2418): [171931013,com.android.settings.Settings,performCreate]
02-09 04:22:32.364 I/wm_on_start_called( 2418): [171931013,com.android.settings.Settings,handleStartActivity]
02-09 04:22:32.364 I/snet_event_log( 2418): [120484087,-1,]
02-09 04:22:32.365 I/wm_on_resume_called( 2418): [171931013,com.android.settings.Settings,RESUME_ACTIVITY]
02-09 04:22:32.367 I/sysui_multi_action( 2418): [757,35,758,1,833,0,1089,36]
02-09 04:22:32.375 I/sysui_multi_action( 2418): [757,1729,758,4,854,isParalleledControllers:false,1089,44]
02-09 04:22:32.379 I/wm_on_top_resumed_gained_called( 2418): [171931013,com.android.settings.Settings,topStateChangedWhenResumed]
02-09 04:22:32.414 I/input_focus( 1240): [Focus request dd15ca9 com.android.settings/com.android.settings.Settings,reason=UpdateInputWindows]
02-09 04:22:32.452 I/sysui_multi_action( 1240): [324,1,757,1090,758,12,806,com.android.settings,871,com.android.settings.Settings,1091,262]
02-09 04:22:32.455 I/sysui_multi_action( 1240): [319,38,321,36,322,262,325,47,757,761,758,8,759,1,806,com.android.settings,871,com.android.settings.Settings,904,com.android.launcher3,905,0,1320,4,1321,1]
02-09 04:22:32.456 I/wm_activity_launch_time( 1240): [0,171931013,com.android.settings/.Settings,262]
02-09 04:22:32.472 I/input_focus( 1240): [Focus entering dd15ca9 com.android.settings/com.android.settings.Settings (server),reason=Window became focusable. Previous reason: NOT_VISIBLE]
02-09 04:22:32.480 W/CarrierConfigManager( 2418): Error getting config for subId -1 ICarrierConfigLoader is null
02-09 04:22:32.504 I/sysui_multi_action( 2418): [757,746,758,1,833,0,1089,36]
02-09 04:22:32.506 D/TelephonyRegistry( 1240): listen oscl: mHasNotifySubscriptionInfoChangedOccurred==false no callback
02-09 04:22:32.510 D/TelephonyRegistry( 1240): listen oscl: mHasNotifySubscriptionInfoChangedOccurred==false no callback
02-09 04:22:32.515 I/sysui_multi_action( 2418): [757,1729,758,4,854,isParalleledControllers:false,1089,48]
02-09 04:22:32.758 I/wm_stop_activity( 1240): [0,208887896,com.android.launcher3/.uioverrides.QuickstepLauncher]
02-09 04:22:32.775 I/wm_on_stop_called( 2573): [208887896,com.android.launcher3.uioverrides.QuickstepLauncher,STOP_ACTIVITY_ITEM]
02-09 04:22:33.225 I/input_interaction( 1240): Interaction with: dd15ca9 com.android.settings/com.android.settings.Settings (server), edge-swipe (server), swipe-up (server), PointerEventDispatcher0 (server),
02-09 04:22:33.745 I/liblog ( 1375): 194
02-09 04:22:33.745 I/liblog ( 1375): 2
02-09 04:22:33.745 I/liblog ( 1375): 1
02-09 04:22:33.745 I/liblog ( 1375): 1
02-09 04:22:33.745 I/liblog ( 1375): 1
02-09 04:22:33.745 I/liblog ( 1375): 2
02-09 04:22:33.745 I/liblog ( 1375): 1
02-09 04:22:33.745 I/liblog ( 1375): 1
02-09 04:22:33.745 I/liblog ( 1375): 2
02-09 04:22:33.745 I/liblog ( 1375): 1
02-09 04:22:33.745 I/liblog ( 1375): 1
02-09 04:22:33.745 I/liblog ( 1375): 1
02-09 04:22:33.745 I/liblog ( 1375): 1
02-09 04:22:33.745 I/liblog ( 1375): 2
02-09 04:22:34.755 I/sysui_multi_action( 2418): [757,830,758,4,833,0,854,top_level_display,1089,0]
02-09 04:22:34.866 I/sysui_multi_action( 2418): [757,746,758,2,1089,2362]
02-09 04:22:34.915 I/sysui_multi_action( 2418): [757,46,758,1,833,0,1089,29]
02-09 04:22:34.921 I/sysui_multi_action( 2418): [757,1729,758,4,854,isParalleledControllers:false,1089,35]
02-09 04:22:35.777 I/netstats_mobile_sample( 1240): [0,0,0,0,0,0,0,0,0,0,0,0,1675887755777]
02-09 04:22:35.777 I/netstats_wifi_sample( 1240): [0,0,0,0,0,0,0,0,0,0,0,0,1675887755777]
02-09 04:22:36.540 I/sysui_multi_action( 2418): [757,830,758,4,833,0,854,hot_seat_dir,1089,0]
02-09 04:22:36.554 I/sysui_multi_action( 2418): [757,46,758,2,1089,1639]
02-09 04:22:36.615 I/sysui_multi_action( 2418): [757,1143,758,1,833,0,1089,53]
02-09 04:22:37.558 I/sysui_multi_action( 2418): [757,830,758,4,833,0,854,0,1089,0]
02-09 04:22:37.762 I/commit_sys_config_file( 1240): [settings-1-0,5]
02-09 04:22:38.362 I/am_pss ( 1240): [2995,10074,com.qualcomm.location.XT,6269952,4640768,0,93278208,0,6,7]
02-09 04:22:39.596 I/sysui_multi_action( 2418): [757,830,758,4,833,0,854,top_level_display,1089,0]
02-09 04:22:39.702 I/sysui_multi_action( 2418): [757,1143,758,2,1089,3087]
02-09 04:22:39.735 I/sysui_multi_action( 2418): [757,46,758,1,833,0,1089,24]
02-09 04:22:39.738 I/sysui_multi_action( 2418): [757,1729,758,4,854,isParalleledControllers:false,1089,28]
02-09 04:22:41.269 I/sysui_multi_action( 2418): [757,830,758,4,833,0,854,font_size,1089,0]
02-09 04:22:41.283 I/sysui_multi_action( 2418): [757,46,758,2,1089,1548]
02-09 04:22:41.338 I/sysui_multi_action( 2418): [757,340,758,1,833,0,1089,43]
02-09 04:22:44.170 I/configuration_changed( 1240): 1073741824
02-09 04:22:44.212 I/wm_relaunch_resume_activity( 1240): [0,171931013,62,com.android.settings/.Settings]
02-09 04:22:44.213 I/wm_on_top_resumed_lost_called( 2418): [171931013,com.android.settings.Settings,pausing]
02-09 04:22:44.220 I/sysui_multi_action( 2418): [757,35,758,2,1089,11853]
02-09 04:22:44.220 I/sysui_multi_action( 2418): [757,340,758,2,1089,2882]
02-09 04:22:44.220 I/wm_on_paused_called( 2418): [171931013,com.android.settings.Settings,performPause]
02-09 04:22:44.222 I/wm_on_stop_called( 2418): [171931013,com.android.settings.Settings,handleRelaunchActivity]
02-09 04:22:44.227 I/wm_on_destroy_called( 2418): [171931013,com.android.settings.Settings,performDestroy]
02-09 04:22:44.245 I/wm_relaunch_activity( 1240): [0,208887896,61,com.android.launcher3/.uioverrides.QuickstepLauncher]
02-09 04:22:44.246 I/wm_add_to_stopping( 1240): [0,208887896,com.android.launcher3/.uioverrides.QuickstepLauncher,preloadRecents]
02-09 04:22:44.254 I/wm_on_destroy_called( 2573): [208887896,com.android.launcher3.uioverrides.QuickstepLauncher,performDestroy]
02-09 04:22:44.347 I/wm_on_create_called( 2573): [208887896,com.android.launcher3.uioverrides.QuickstepLauncher,performCreate]
02-09 04:22:44.348 I/wm_on_start_called( 2573): [208887896,com.android.launcher3.uioverrides.QuickstepLauncher,handleStartActivity]
02-09 04:22:44.349 I/wm_on_resume_called( 2573): [208887896,com.android.launcher3.uioverrides.QuickstepLauncher,LIFECYCLER_RESUME_ACTIVITY]
02-09 04:22:44.357 I/wm_on_paused_called( 2573): [208887896,com.android.launcher3.uioverrides.QuickstepLauncher,performPause]
02-09 04:22:44.372 I/wm_on_create_called( 2418): [171931013,com.android.settings.Settings,performCreate]
02-09 04:22:44.376 I/wm_stop_activity( 1240): [0,208887896,com.android.launcher3/.uioverrides.QuickstepLauncher]
02-09 04:22:44.377 I/commit_sys_config_file( 1240): [settings-1-0,9]
02-09 04:22:44.379 I/wm_on_stop_called( 2573): [208887896,com.android.launcher3.uioverrides.QuickstepLauncher,STOP_ACTIVITY_ITEM]
02-09 04:22:44.384 I/am_pss ( 1240): [2418,1000,com.android.settings,187011072,172441600,0,326205440,0,2,10]
02-09 04:22:44.390 I/am_pss ( 1240): [2675,10067,com.android.deskclock,9217024,6594560,0,101916672,0,19,6]
02-09 04:22:44.396 I/am_pss ( 1240): [3025,10086,com.qualcomm.qtil.aptxui,7271424,5791744,0,91136000,0,19,5]
02-09 04:22:44.401 I/am_pss ( 1240): [3709,10058,com.qualcomm.qti.qms.service.connectionsecurity,18672640,4345856,0,77381632,0,19,4]
02-09 04:22:44.407 I/am_pss ( 1240): [3646,2000,com.android.shell,5801984,4231168,0,91598848,0,19,5]
02-09 04:22:44.413 I/am_pss ( 1240): [3604,10092,com.android.permissioncontroller,11494400,9818112,0,98918400,0,19,5]
02-09 04:22:44.419 I/am_pss ( 1240): [3589,10025,com.android.packageinstaller,6979584,5480448,0,90824704,0,19,4]
02-09 04:22:44.424 I/am_pss ( 1240): [3572,10059,com.android.onetimeinitializer,5051392,3514368,0,89976832,0,19,5]
02-09 04:22:44.427 I/wm_on_start_called( 2418): [171931013,com.android.settings.Settings,handleStartActivity]
02-09 04:22:44.427 I/snet_event_log( 2418): [120484087,-1,]
02-09 04:22:44.428 I/wm_on_resume_called( 2418): [171931013,com.android.settings.Settings,RESUME_ACTIVITY]
02-09 04:22:44.428 I/sysui_multi_action( 2418): [757,340,758,1,833,0,1089,162]
02-09 04:22:44.429 I/sysui_multi_action( 2418): [757,35,758,1,833,0,1089,20]
02-09 04:22:44.429 I/am_pss ( 1240): [3554,10088,com.android.music,7436288,5361664,0,93954048,0,19,4]
02-09 04:22:44.430 I/sysui_multi_action( 2418): [757,1729,758,4,854,isParalleledControllers:false,1089,21]
02-09 04:22:44.431 I/wm_on_top_resumed_gained_called( 2418): [171931013,com.android.settings.Settings,topWhenResuming]
02-09 04:22:44.436 I/am_pss ( 1240): [3531,10029,com.android.managedprovisioning,8705024,7155712,0,94023680,0,19,4]
02-09 04:22:44.441 I/am_pss ( 1240): [3491,1000,com.android.dynsystem:dynsystem,5564416,3883008,0,90836992,0,19,5]
02-09 04:22:44.446 I/am_pss ( 1240): [2887,1000,com.android.keychain,7991296,6430720,0,93388800,0,19,5]
02-09 04:22:44.452 I/am_pss ( 1240): [3461,1000,com.android.dynsystem,5298176,3710976,0,90083328,0,19,5]
02-09 04:22:44.457 I/am_pss ( 1240): [3436,10065,com.android.calendar,5901312,4112384,0,91496448,0,19,5]
02-09 04:22:44.462 I/am_pss ( 1240): [3414,1000,com.android.localtransport,5343232,3796992,0,90689536,0,19,5]
02-09 04:22:44.467 I/am_pss ( 1240): [3204,1000,com.qti.diagservices,5830656,3883008,0,94920704,0,10,5]
02-09 04:22:44.473 I/am_pss ( 1240): [3085,10032,com.android.traceur,10171392,8536064,0,97026048,0,19,5]
02-09 04:22:44.475 I/input_focus( 1240): [Focus request cd6a74 com.android.settings/com.android.settings.Settings,reason=UpdateInputWindows]
02-09 04:22:44.552 I/input_focus( 1240): [Focus entering cd6a74 com.android.settings/com.android.settings.Settings (server),reason=Window became focusable. Previous reason: NOT_VISIBLE]
02-09 04:22:45.671 I/input_interaction( 1240): Interaction with: cd6a74 com.android.settings/com.android.settings.Settings (server), swipe-up (server), edge-swipe (server), PointerEventDispatcher0 (server),
02-09 04:22:45.700 I/wm_task_moved( 1240): [60,0,0]
02-09 04:22:45.701 I/wm_task_moved( 1240): [60,0,5]
02-09 04:22:45.711 I/view_enqueue_input_event( 2418): [Motion - Cancel,com.android.settings/com.android.settings.Settings]
02-09 04:22:45.718 I/input_focus( 1240): [Focus request recents_animation_input_consumer,reason=UpdateInputWindows]
02-09 04:22:45.725 I/input_interaction( 1240): Interaction with: swipe-up (server), edge-swipe (server), PointerEventDispatcher0 (server),
02-09 04:22:45.729 I/wm_on_restart_called( 2573): [208887896,com.android.launcher3.uioverrides.QuickstepLauncher,performRestartActivity]
02-09 04:22:45.738 I/input_focus( 1240): [Focus leaving cd6a74 com.android.settings/com.android.settings.Settings (server),reason=NOT_FOCUSABLE]
02-09 04:22:45.738 I/input_focus( 1240): [Focus entering recents_animation_input_consumer (server),reason=setFocusedWindow]
02-09 04:22:45.759 I/wm_on_start_called( 2573): [208887896,com.android.launcher3.uioverrides.QuickstepLauncher,handleStartActivity]
02-09 04:22:45.775 I/sysui_latency( 2573): [1,103]
02-09 04:22:45.800 I/sysui_multi_action( 1240): [319,12,322,93,325,61,757,761,758,9,759,5,806,com.android.launcher3,871,com.android.launcher3.uioverrides.QuickstepLauncher,904,com.android.launcher3,905,0,1320,4,1321,1]
02-09 04:22:45.966 I/commit_sys_config_file( 1240): [settings-1-0,10]
02-09 04:22:46.095 I/sysui_latency( 1240): [8,118]
02-09 04:22:46.562 I/wm_task_moved( 1240): [60,1,6]
02-09 04:22:46.565 I/wm_task_moved( 1240): [61,1,2147483647]
02-09 04:22:46.565 I/wm_task_to_front( 1240): [0,61]
02-09 04:22:46.565 I/wm_focused_root_task( 1240): [0,0,60,62,RecentsAnimation.onAnimationFinished()]
02-09 04:22:46.565 I/wm_set_resumed_activity( 1240): [0,com.android.launcher3/.uioverrides.QuickstepLauncher,RecentsAnimation.onAnimationFinished()]
02-09 04:22:46.567 I/wm_pause_activity( 1240): [0,171931013,com.android.settings/.Settings,userLeaving=true,pauseBackTasks]
02-09 04:22:46.568 I/wm_add_to_stopping( 1240): [0,171931013,com.android.settings/.Settings,makeInvisible]
02-09 04:22:46.568 I/wm_set_resumed_activity( 1240): [0,com.android.launcher3/.uioverrides.QuickstepLauncher,resumeTopActivityInnerLocked]
02-09 04:22:46.570 I/wm_resume_activity( 1240): [0,208887896,61,com.android.launcher3/.uioverrides.QuickstepLauncher]
02-09 04:22:46.570 I/wm_on_resume_called( 2573): [208887896,com.android.launcher3.uioverrides.QuickstepLauncher,RESUME_ACTIVITY]
02-09 04:22:46.574 I/wm_on_top_resumed_lost_called( 2418): [171931013,com.android.settings.Settings,topStateChangedWhenResumed]
02-09 04:22:46.578 I/input_focus( 1240): [Focus request 9e7c415 com.android.launcher3/com.android.launcher3.uioverrides.QuickstepLauncher,reason=UpdateInputWindows]
02-09 04:22:46.579 I/sysui_multi_action( 2418): [757,340,758,2,1089,2150]
02-09 04:22:46.579 I/sysui_multi_action( 2418): [757,35,758,2,1089,2151]
02-09 04:22:46.580 I/wm_on_paused_called( 2418): [171931013,com.android.settings.Settings,performPause]
02-09 04:22:46.580 I/wm_on_top_resumed_gained_called( 2573): [208887896,com.android.launcher3.uioverrides.QuickstepLauncher,topStateChangedWhenResumed]
02-09 04:22:46.585 I/wm_stop_activity( 1240): [0,171931013,com.android.settings/.Settings]
02-09 04:22:46.586 I/sysui_multi_action( 1240): [757,803,799,window_time_0,802,14]
02-09 04:22:46.587 I/sysui_multi_action( 1240): [757,803,799,window_time_0,802,0]
02-09 04:22:46.592 I/input_focus( 1240): [Focus leaving recents_animation_input_consumer (server),reason=NOT_VISIBLE]
02-09 04:22:46.592 I/input_focus( 1240): [Focus entering 9e7c415 com.android.launcher3/com.android.launcher3.uioverrides.QuickstepLauncher (server),reason=setFocusedWindow]
02-09 04:22:46.602 I/wm_on_stop_called( 2418): [171931013,com.android.settings.Settings,STOP_ACTIVITY_ITEM]
02-09 04:22:48.507 I/input_interaction( 1240): Interaction with: 9e7c415 com.android.launcher3/com.android.launcher3.uioverrides.QuickstepLauncher (server), f1cc593 com.android.systemui.ImageWallpaper (server), swipe-up (server), edge-swipe (server), PointerEventDispatcher0 (server),
02-09 04:22:49.729 I/wm_task_created( 1240): [63,-1]
02-09 04:22:49.732 I/wm_task_moved( 1240): [63,1,7]
02-09 04:22:49.732 I/wm_task_to_front( 1240): [0,63]
02-09 04:22:49.732 I/wm_create_task( 1240): [0,63]
02-09 04:22:49.732 I/wm_create_activity( 1240): [0,266900225,63,com.android.music/.MusicBrowserActivity,NULL,NULL,NULL,268468224]
02-09 04:22:49.732 I/wm_task_moved( 1240): [63,1,7]
02-09 04:22:49.733 I/wm_restart_activity( 1240): [0,266900225,63,com.android.music/.MusicBrowserActivity]
02-09 04:22:49.733 I/wm_set_resumed_activity( 1240): [0,com.android.music/.MusicBrowserActivity,minimalResumeActivityLocked]
02-09 04:22:49.741 I/wm_on_top_resumed_lost_called( 2573): [208887896,com.android.launcher3.uioverrides.QuickstepLauncher,topStateChangedWhenResumed]
02-09 04:22:49.771 I/wm_on_create_called( 3554): [266900225,com.android.music.MusicBrowserActivity,performCreate]
02-09 04:22:49.781 I/wm_on_start_called( 3554): [266900225,com.android.music.MusicBrowserActivity,handleStartActivity]
02-09 04:22:49.781 I/wm_on_resume_called( 3554): [266900225,com.android.music.MusicBrowserActivity,RESUME_ACTIVITY]
02-09 04:22:49.785 I/wm_on_top_resumed_gained_called( 3554): [266900225,com.android.music.MusicBrowserActivity,topStateChangedWhenResumed]
02-09 04:22:49.800 I/sysui_multi_action( 1240): [757,856,758,1,806,com.android.music,857,Channel-music,858,2]
02-09 04:22:49.802 I/notification_enqueue( 1240): [10088,3554,com.android.music,1,NULL,0,Notification(channel=Channel-music shortcut=null contentView=null vibrate=null sound=null defaults=0x0 flags=0x0 color=0x00000000 category=transport actions=4 vis=PRIVATE),0]
02-09 04:22:49.803 I/notification_enqueue( 1240): [10088,3554,com.android.music,1,NULL,0,Notification(channel=Channel-music shortcut=null contentView=null vibrate=null sound=null defaults=0x0 flags=0x40 color=0x00000000 category=transport actions=4 vis=PRIVATE),0]
02-09 04:22:49.805 I/notification_enqueue( 1240): [10088,3554,com.android.music,1,NULL,0,Notification(channel=Channel-music shortcut=null contentView=null vibrate=null sound=null defaults=0x0 flags=0x40 color=0x00000000 category=transport actions=4 vis=PRIVATE),0]
02-09 04:22:49.806 I/notification_enqueue( 1240): [10088,3554,com.android.music,1,NULL,0,Notification(channel=Channel-music shortcut=null contentView=null vibrate=null sound=null defaults=0x0 flags=0x40 color=0x00000000 category=transport actions=4 vis=PRIVATE),0]
02-09 04:22:49.814 I/input_focus( 1240): [Focus request cbf9490 com.android.music/com.android.music.MusicBrowserActivity,reason=UpdateInputWindows]
02-09 04:22:49.839 I/notification_enqueue( 1240): [10088,3554,com.android.music,1,NULL,0,Notification(channel=Channel-music shortcut=null contentView=null vibrate=null sound=null defaults=0x0 flags=0x40 color=0x00000000 category=transport actions=4 vis=PRIVATE),0]
02-09 04:22:49.840 I/notification_enqueue( 1240): [10088,3554,com.android.music,1,NULL,0,Notification(channel=Channel-music shortcut=null contentView=null vibrate=null sound=null defaults=0x0 flags=0x40 color=0x00000000 category=transport actions=4 vis=PRIVATE),0]
02-09 04:22:49.840 I/sysui_multi_action( 1240): [319,116,322,116,325,65,757,761,758,8,759,2,806,com.android.music,871,com.android.music.MusicBrowserActivity,904,com.android.launcher3,905,0,1320,4,1321,1]
02-09 04:22:49.840 I/wm_activity_launch_time( 1240): [0,266900225,com.android.music/.MusicBrowserActivity,116]
02-09 04:22:49.846 I/sysui_multi_action( 1240): [757,128,758,5,759,8,793,45,794,0,795,45,796,1,806,com.android.music,857,Channel-music,858,2,947,0,1500,45,1641,transport,1688,1,1745,1043716538]
02-09 04:22:49.846 I/notification_canceled( 1240): [0|com.android.music|1|null|10088,8,45,45,0,-1,-1,NULL]
02-09 04:22:49.850 I/input_focus( 1240): [Focus leaving 9e7c415 com.android.launcher3/com.android.launcher3.uioverrides.QuickstepLauncher (server),reason=setFocusedWindow]
02-09 04:22:49.851 I/input_focus( 1240): [Focus entering cbf9490 com.android.music/com.android.music.MusicBrowserActivity (server),reason=setFocusedWindow]
02-09 04:22:49.959 I/snet_event_log( 2873): [190188264,-1,]
02-09 04:22:50.007 I/am_pss ( 1240): [3922,10034,com.baidu.input,101568512,88326144,0,223006720,0,7,7]
02-09 04:22:50.012 I/am_pss ( 1240): [3921,10064,com.android.gallery3d,7229440,5079040,0,93433856,0,19,4]
02-09 04:22:50.017 I/am_pss ( 1240): [3864,10055,com.qualcomm.qti.qms.service.trustzoneaccess,5455872,3780608,0,91480064,0,19,5]
02-09 04:22:50.022 I/am_pss ( 1240): [3621,10030,com.android.providers.calendar,7046144,5177344,0,97599488,0,19,4]
02-09 04:22:50.026 I/am_pss ( 1240): [3102,10022,android.process.media,9747456,7831552,0,100708352,0,19,4]
02-09 04:22:50.031 I/am_pss ( 1240): [3732,10018,com.android.externalstorage,5406720,3825664,0,91537408,0,19,4]
02-09 04:22:50.052 I/commit_sys_config_file( 1240): [notification-policy,54422]
02-09 04:22:51.372 I/input_interaction( 1240): Interaction with: cbf9490 com.android.music/com.android.music.MusicBrowserActivity (server), swipe-up (server), edge-swipe (server), PointerEventDispatcher0 (server),
02-09 04:23:01.369 I/notification_enqueue( 1240): [10088,3554,com.android.music,1,NULL,0,Notification(channel=Channel-music shortcut=null contentView=null vibrate=null sound=null defaults=0x0 flags=0x40 color=0x00000000 category=transport actions=4 vis=PRIVATE),0]
02-09 04:23:01.381 I/am_pss ( 1240): [3554,10088,com.android.music,47994880,38973440,0,176590848,0,2,8]
02-09 04:23:01.418 I/am_uid_running( 1240): 10020
02-09 04:23:01.428 I/am_proc_start( 1240): [0,4170,10020,com.android.musicfx,broadcast,{com.android.musicfx/com.android.musicfx.ControlPanelReceiver}]
02-09 04:23:01.441 I/notification_enqueue( 1240): [10088,3554,com.android.music,1,NULL,0,Notification(channel=Channel-music shortcut=null contentView=null vibrate=null sound=null defaults=0x0 flags=0x2 color=0x00000000 category=transport actions=4 vis=PRIVATE),0]
02-09 04:23:01.455 I/am_proc_bound( 1240): [0,4170,com.android.musicfx]
02-09 04:23:01.571 I/sysui_multi_action( 1240): [757,1501,758,1,793,203,794,0,795,203,796,1,806,com.android.music,857,Channel-music,858,2,947,0,1500,0,1641,transport,1688,1,1745,1043716538]
02-09 04:23:01.572 I/sysui_multi_action( 1240): [757,804,799,note_interruptive,801,0,802,1]
02-09 04:23:01.613 I/sysui_multi_action( 1240): [757,128,758,5,759,8,793,65270,794,0,795,65270,796,1,797,empty_media,806,com.android.systemui,857,empty_media_style_id,858,4,947,0,1500,65064,1641,transport,1688,1,1745,1043716538]
02-09 04:23:01.613 I/notification_canceled( 1240): [0|com.android.systemui|1|empty_media|10080,8,65270,65270,0,-1,-1,NULL]
02-09 04:23:01.642 I/sysui_multi_action( 1240): [757,1501,758,1,793,202,794,0,795,202,796,1,806,com.android.music,857,Channel-music,858,2,947,0,1500,0,1641,transport,1688,1,1745,1043716538]
02-09 04:23:01.642 I/sysui_multi_action( 1240): [757,804,799,note_interruptive,801,0,802,1]
02-09 04:23:05.819 I/am_pss ( 1240): [2873,10093,com.android.providers.media.module,149895168,145530880,0,258404352,0,0,12]
02-09 04:23:05.827 I/am_pss ( 1240): [2849,10079,com.qualcomm.location,9724928,7413760,0,102531072,0,0,7]
02-09 04:23:08.955 I/notification_enqueue( 1240): [10088,3554,com.android.music,1,NULL,0,Notification(channel=Channel-music shortcut=null contentView=null vibrate=null sound=null defaults=0x0 flags=0x2 color=0x00000000 category=transport actions=4 vis=PRIVATE),1]
02-09 04:23:08.956 I/notification_enqueue( 1240): [10088,3554,com.android.music,1,NULL,0,Notification(channel=Channel-music shortcut=null contentView=null vibrate=null sound=null defaults=0x0 flags=0x42 color=0x00000000 category=transport actions=4 vis=PRIVATE),1]
02-09 04:23:10.884 I/am_pss ( 1240): [3922,10034,com.baidu.input,101588992,88408064,0,223088640,0,7,11]
02-09 04:23:10.891 I/notification_enqueue( 1240): [10088,3554,com.android.music,1,NULL,0,Notification(channel=Channel-music shortcut=null contentView=null vibrate=null sound=null defaults=0x0 flags=0x42 color=0x00000000 category=transport actions=4 vis=PRIVATE),1]
02-09 04:23:10.893 I/notification_enqueue( 1240): [10088,3554,com.android.music,1,NULL,0,Notification(channel=Channel-music shortcut=null contentView=null vibrate=null sound=null defaults=0x0 flags=0x42 color=0x00000000 category=transport actions=4 vis=PRIVATE),1]
02-09 04:23:12.263 I/am_pss ( 1240): [3554,10088,com.android.music,66169856,56905728,0,195600384,0,2,11]
02-09 04:23:12.276 I/notification_enqueue( 1240): [10088,3554,com.android.music,1,NULL,0,Notification(channel=Channel-music shortcut=null contentView=null vibrate=null sound=null defaults=0x0 flags=0x42 color=0x00000000 category=transport actions=4 vis=PRIVATE),1]
02-09 04:23:12.279 I/notification_enqueue( 1240): [10088,3554,com.android.music,1,NULL,0,Notification(channel=Channel-music shortcut=null contentView=null vibrate=null sound=null defaults=0x0 flags=0x42 color=0x00000000 category=transport actions=4 vis=PRIVATE),1]
02-09 04:23:12.756 I/input_interaction( 1240): Interaction with: WindowManager (server), swipe-up (server), edge-swipe (server), PointerEventDispatcher0 (server),
02-09 04:23:12.757 I/view_enqueue_input_event( 3554): [Motion - Cancel,com.android.music/com.android.music.MusicBrowserActivity]
02-09 04:23:15.135 I/input_interaction( 1240): Interaction with: ba46e9b StatusBar (server), swipe-up (server), edge-swipe (server), PointerEventDispatcher0 (server),
02-09 04:23:15.143 I/sysui_multi_action( 2005): [757,803,799,panel_open,802,1]
02-09 04:23:15.145 I/sysui_multi_action( 2005): [757,1328,758,4,1326,18,1327,1,1329,0]
02-09 04:23:15.197 I/sysui_multi_action( 1240): [757,127,758,1]
02-09 04:23:15.197 I/sysui_multi_action( 1240): [757,804,799,note_load,801,3,802,1]
02-09 04:23:15.197 I/notification_panel_revealed( 1240): 3
02-09 04:23:15.209 I/input_focus( 1240): [Focus request 8e4c0d9 NotificationShade,reason=UpdateInputWindows]
02-09 04:23:15.240 I/sysui_multi_action( 1240): [757,128,758,1,793,78161,794,0,795,78161,796,26,798,0,806,android,857,DEVELOPER_IMPORTANT,858,4,947,0,1395,3,1500,77768,1688,1]
02-09 04:23:15.240 I/sysui_multi_action( 1240): [757,804,799,note_freshness,801,78161,802,1]
02-09 04:23:15.240 I/notification_visibility( 1240): [-1|android|26|null|1000,1,78161,78161,0,0]
02-09 04:23:15.240 I/sysui_multi_action( 1240): [757,128,758,1,793,73271,794,0,795,73271,796,17303299,797,com.android.wifi,798,1,806,android,857,NETWORK_AVAILABLE,858,2,947,0,1395,3,1500,73071,1688,1]
02-09 04:23:15.240 I/sysui_multi_action( 1240): [757,804,799,note_freshness,801,73271,802,1]
02-09 04:23:15.240 I/notification_visibility( 1240): [0|android|17303299|com.android.wifi|1000,1,73271,73271,0,1]
02-09 04:23:15.240 I/sysui_multi_action( 1240): [757,128,758,1,793,78948,794,0,795,78948,796,32,798,2,806,android,857,USB,858,1,947,0,1395,3,1500,78897,1688,1]
02-09 04:23:15.240 I/sysui_multi_action( 1240): [757,804,799,note_freshness,801,78948,802,1]
02-09 04:23:15.240 I/notification_visibility( 1240): [-1|android|32|null|1000,1,78948,78948,0,2]
02-09 04:23:15.246 I/input_focus( 1240): [Focus leaving cbf9490 com.android.music/com.android.music.MusicBrowserActivity (server),reason=setFocusedWindow]
02-09 04:23:15.246 I/input_focus( 1240): [Focus entering 8e4c0d9 NotificationShade (server),reason=setFocusedWindow]
02-09 04:23:15.292 I/sysui_multi_action( 2005): [757,111,758,1]
02-09 04:23:15.292 I/sysui_multi_action( 2005): [757,126,758,1,759,126,927,0,928,1,1593,0]
02-09 04:23:15.292 I/sysui_multi_action( 2005): [757,113,758,1,759,113,927,1,928,1,1593,0]
02-09 04:23:15.292 I/sysui_multi_action( 2005): [757,0,758,1,759,0,927,2,928,0,1593,0]
02-09 04:23:15.292 I/sysui_multi_action( 2005): [757,0,758,1,759,0,927,3,928,0,1593,0]
