02-09 04:25:06.266 I/wm_on_resume_called( 3554): [115446091,com.android.music.MusicBrowserActivity,RESUME_ACTIVITY]
02-09 04:25:06.269 I/wm_on_top_resumed_gained_called( 3554): [115446091,com.android.music.MusicBrowserActivity,topStateChangedWhenResumed]
02-09 04:25:06.277 I/input_focus( 1240): [Focus request c50a6cd com.android.music/com.android.music.MusicBrowserActivity,reason=UpdateInputWindows]
02-09 04:25:06.284 I/wm_activity_launch_time( 1240): [0,115446091,com.android.music/.MusicBrowserActivity,116]
02-09 04:25:06.288 I/notification_enqueue( 1240): [10088,3554,com.android.music,1,NULL,0,Notification(channel=Channel-music shortcut=null contentView=null vibrate=null sound=null defaults=0x0 flags=0x40 color=0x00000000 category=transport actions=4 vis=PRIVATE),1]
02-09 04:25:06.289 I/notification_enqueue( 1240): [10088,3554,com.android.music,1,NULL,0,Notification(channel=Channel-music shortcut=null contentView=null vibrate=null sound=null defaults=0x0 flags=0x40 color=0x00000000 category=transport actions=4 vis=PRIVATE),1]
02-09 04:25:06.293 I/input_focus( 1240): [Focus leaving 471f310 com.android.launcher3/com.android.launcher3.uioverrides.QuickstepLauncher (server),reason=setFocusedWindow]
02-09 04:25:06.293 I/input_focus( 1240): [Focus entering c50a6cd com.android.music/com.android.music.MusicBrowserActivity (server),reason=setFocusedWindow]
02-09 04:25:06.299 I/notification_enqueue( 1240): [10088,3554,com.android.music,1,NULL,0,Notification(channel=Channel-music shortcut=null contentView=null vibrate=null sound=null defaults=0x0 flags=0x40 color=0x00000000 category=transport actions=4 vis=PRIVATE),1]
02-09 04:25:06.300 I/notification_enqueue( 1240): [10088,3554,com.android.music,1,NULL,0,Notification(channel=Channel-music shortcut=null contentView=null vibrate=null sound=null defaults=0x0 flags=0x40 color=0x00000000 category=transport actions=4 vis=PRIVATE),1]
02-09 04:25:06.561 I/wm_destroy_activity( 1240): [0,266900225,63,com.android.music/.MusicBrowserActivity,finish-imm:idle]
02-09 04:25:06.563 I/wm_on_stop_called( 3554): [266900225,com.android.music.MusicBrowserActivity,LIFECYCLER_STOP_ACTIVITY]
02-09 04:25:06.565 I/wm_on_destroy_called( 3554): [266900225,com.android.music.MusicBrowserActivity,performDestroy]
02-09 04:25:08.787 I/view_enqueue_input_event( 2573): [Motion - Cancel,com.android.launcher3/com.android.launcher3.uioverrides.QuickstepLauncher]
02-09 04:25:08.800 I/input_interaction( 1240): Interaction with: swipe-up (server), edge-swipe (server), PointerEventDispatcher0 (server),
02-09 04:25:08.970 I/commit_sys_config_file( 1240): [settings-1-0,5]
02-09 04:25:09.415 I/commit_sys_config_file( 1240): [settings-1-0,11]
02-09 04:25:09.521 I/wm_finish_activity( 1240): [0,115446091,63,com.android.music/.MusicBrowserActivity,app-request]
02-09 04:25:09.522 I/wm_task_moved( 1240): [60,1,7]
02-09 04:25:09.526 I/wm_set_resumed_activity( 1240): [0,com.android.launcher3/.uioverrides.QuickstepLauncher,positionChildAt]
02-09 04:25:09.526 I/wm_task_moved( 1240): [61,1,2147483647]
02-09 04:25:09.526 I/wm_task_to_front( 1240): [0,61]
02-09 04:25:09.526 I/wm_on_top_resumed_lost_called( 3554): [115446091,com.android.music.MusicBrowserActivity,topStateChangedWhenResumed]
02-09 04:25:09.526 I/wm_focused_root_task( 1240): [0,0,60,-1,finish-top adjustFocusToNextFocusableTask]
02-09 04:25:09.526 I/wm_set_resumed_activity( 1240): [0,com.android.launcher3/.uioverrides.QuickstepLauncher,finish-top]
02-09 04:25:09.533 I/wm_pause_activity( 1240): [0,115446091,com.android.music/.MusicBrowserActivity,userLeaving=false,finish]
02-09 04:25:09.540 I/input_focus( 1240): [Focus request 471f310 com.android.launcher3/com.android.launcher3.uioverrides.QuickstepLauncher,reason=UpdateInputWindows]
02-09 04:25:09.545 I/wm_on_paused_called( 3554): [115446091,com.android.music.MusicBrowserActivity,performPause]
02-09 04:25:09.547 I/wm_destroy_activity( 1240): [0,115446091,63,com.android.music/.MusicBrowserActivity,finish-imm:completePausedLocked]
02-09 04:25:09.553 I/input_focus( 1240): [Focus leaving c50a6cd com.android.music/com.android.music.MusicBrowserActivity (server),reason=NO_WINDOW]
02-09 04:25:09.553 I/input_focus( 1240): [Focus entering 471f310 com.android.launcher3/com.android.launcher3.uioverrides.QuickstepLauncher (server),reason=setFocusedWindow]
02-09 04:25:09.561 I/sysui_multi_action( 1240): [757,803,799,window_time_2,802,3]
02-09 04:25:09.567 I/wm_on_stop_called( 3554): [115446091,com.android.music.MusicBrowserActivity,LIFECYCLER_STOP_ACTIVITY]
02-09 04:25:09.579 I/wm_on_destroy_called( 3554): [115446091,com.android.music.MusicBrowserActivity,performDestroy]
02-09 04:25:09.580 I/wm_on_top_resumed_gained_called( 2573): [208887896,com.android.launcher3.uioverrides.QuickstepLauncher,topStateChangedWhenResumed]
02-09 04:25:09.850 I/wm_task_removed( 1240): [63,removeChild:removeChild last r=ActivityRecord{6e1914b u0 com.android.music/.MusicBrowserActivity t-1 f}} in t=Task{be490e8 #63 type=standard A=10088:android.task.music U=0 visible=false mode=freeform translucent=true sz=0}]
02-09 04:25:09.850 I/wm_task_removed( 1240): [63,removeChild]
02-09 04:25:10.405 I/input_interaction( 1240): Interaction with: 471f310 com.android.launcher3/com.android.launcher3.uioverrides.QuickstepLauncher (server), f1cc593 com.android.systemui.ImageWallpaper (server), swipe-up (server), edge-swipe (server), PointerEventDispatcher0 (server),
02-09 04:25:10.566 I/wm_task_created( 1240): [69,-1]
02-09 04:25:10.568 I/wm_task_moved( 1240): [69,1,7]
02-09 04:25:10.568 I/wm_task_to_front( 1240): [0,69]
02-09 04:25:10.569 I/wm_create_task( 1240): [0,69]
02-09 04:25:10.569 I/wm_create_activity( 1240): [0,263367329,69,com.android.music/.MusicBrowserActivity,NULL,NULL,NULL,268468224]
02-09 04:25:10.569 I/wm_task_moved( 1240): [69,1,7]
02-09 04:25:10.570 I/wm_restart_activity( 1240): [0,263367329,69,com.android.music/.MusicBrowserActivity]
02-09 04:25:10.570 I/wm_set_resumed_activity( 1240): [0,com.android.music/.MusicBrowserActivity,minimalResumeActivityLocked]
02-09 04:25:10.574 I/wm_on_top_resumed_lost_called( 2573): [208887896,com.android.launcher3.uioverrides.QuickstepLauncher,topStateChangedWhenResumed]
02-09 04:25:10.586 I/wm_on_create_called( 3554): [263367329,com.android.music.MusicBrowserActivity,performCreate]
02-09 04:25:10.590 I/wm_on_start_called( 3554): [263367329,com.android.music.MusicBrowserActivity,handleStartActivity]
02-09 04:25:10.591 I/wm_on_resume_called( 3554): [263367329,com.android.music.MusicBrowserActivity,RESUME_ACTIVITY]
02-09 04:25:10.594 I/wm_on_top_resumed_gained_called( 3554): [263367329,com.android.music.MusicBrowserActivity,topStateChangedWhenResumed]
02-09 04:25:10.599 I/notification_enqueue( 1240): [10088,3554,com.android.music,1,NULL,0,Notification(channel=Channel-music shortcut=null contentView=null vibrate=null sound=null defaults=0x0 flags=0x40 color=0x00000000 category=transport actions=4 vis=PRIVATE),1]
02-09 04:25:10.599 I/notification_enqueue( 1240): [10088,3554,com.android.music,1,NULL,0,Notification(channel=Channel-music shortcut=null contentView=null vibrate=null sound=null defaults=0x0 flags=0x40 color=0x00000000 category=transport actions=4 vis=PRIVATE),1]
02-09 04:25:10.609 I/notification_enqueue( 1240): [10088,3554,com.android.music,1,NULL,0,Notification(channel=Channel-music shortcut=null contentView=null vibrate=null sound=null defaults=0x0 flags=0x40 color=0x00000000 category=transport actions=4 vis=PRIVATE),1]
02-09 04:25:10.610 I/notification_enqueue( 1240): [10088,3554,com.android.music,1,NULL,0,Notification(channel=Channel-music shortcut=null contentView=null vibrate=null sound=null defaults=0x0 flags=0x40 color=0x00000000 category=transport actions=4 vis=PRIVATE),1]
02-09 04:25:10.624 I/input_focus( 1240): [Focus request 2bced7c com.android.music/com.android.music.MusicBrowserActivity,reason=UpdateInputWindows]
02-09 04:25:10.633 I/sysui_multi_action( 1240): [319,70,322,69,325,205,757,761,758,8,759,2,806,com.android.music,871,com.android.music.MusicBrowserActivity,904,android,905,0,1320,4,1321,1]
02-09 04:25:10.633 I/wm_activity_launch_time( 1240): [0,263367329,com.android.music/.MusicBrowserActivity,69]
02-09 04:25:10.637 I/input_focus( 1240): [Focus leaving 471f310 com.android.launcher3/com.android.launcher3.uioverrides.QuickstepLauncher (server),reason=setFocusedWindow]
02-09 04:25:10.637 I/input_focus( 1240): [Focus entering 2bced7c com.android.music/com.android.music.MusicBrowserActivity (server),reason=setFocusedWindow]
02-09 04:25:11.919 I/wm_task_moved( 1240): [62,1,7]
02-09 04:25:11.919 I/wm_task_to_front( 1240): [0,62]
02-09 04:25:11.920 I/wm_focused_root_task( 1240): [0,0,62,69,bringingFoundTaskToFront]
02-09 04:25:11.920 I/wm_on_top_resumed_lost_called( 3554): [263367329,com.android.music.MusicBrowserActivity,topStateChangedWhenResumed]
02-09 04:25:11.920 I/wm_set_resumed_activity( 1240): [0,com.android.settings/.Settings,bringingFoundTaskToFront]
02-09 04:25:11.920 I/wm_new_intent( 1240): [0,171931013,62,com.android.settings/.Settings,android.intent.action.MAIN,NULL,NULL,270532608]
02-09 04:25:11.921 I/wm_pause_activity( 1240): [0,208887896,com.android.launcher3/.uioverrides.QuickstepLauncher,userLeaving=true,pauseBackTasks]
02-09 04:25:11.924 I/wm_on_paused_called( 2573): [208887896,com.android.launcher3.uioverrides.QuickstepLauncher,performPause]
02-09 04:25:11.926 I/wm_set_resumed_activity( 1240): [0,com.android.settings/.Settings,resumeTopActivityInnerLocked]
02-09 04:25:11.926 I/wm_add_to_stopping( 1240): [0,208887896,com.android.launcher3/.uioverrides.QuickstepLauncher,makeInvisible]
02-09 04:25:11.927 I/wm_resume_activity( 1240): [0,171931013,62,com.android.settings/.Settings]
02-09 04:25:11.930 I/sysui_multi_action( 1240): [757,803,799,window_time_0,802,3]
02-09 04:25:11.937 I/wm_on_restart_called( 2418): [171931013,com.android.settings.Settings,performRestartActivity]
02-09 04:25:11.938 I/wm_on_start_called( 2418): [171931013,com.android.settings.Settings,handleStartActivity]
02-09 04:25:11.939 I/snet_event_log( 2418): [120484087,-1,]
02-09 04:25:11.939 I/wm_on_resume_called( 2418): [171931013,com.android.settings.Settings,RESUME_ACTIVITY]
02-09 04:25:11.939 I/sysui_multi_action( 2418): [757,340,758,1,833,0,1089,0]
02-09 04:25:11.940 I/sysui_multi_action( 2418): [757,35,758,1,833,0,1089,0]
02-09 04:25:11.941 I/wm_on_top_resumed_gained_called( 2418): [171931013,com.android.settings.Settings,topWhenResuming]
02-09 04:25:11.957 I/input_focus( 1240): [Focus request b7a47d com.android.settings/com.android.settings.Settings,reason=UpdateInputWindows]
02-09 04:25:11.965 I/sysui_multi_action( 1240): [319,13,321,11,322,44,325,207,757,761,758,9,759,4,806,com.android.settings,871,com.android.settings.Settings,904,com.android.launcher3,905,0,1320,4,1321,1]
02-09 04:25:11.973 I/input_focus( 1240): [Focus leaving 2bced7c com.android.music/com.android.music.MusicBrowserActivity (server),reason=setFocusedWindow]
02-09 04:25:11.973 I/input_focus( 1240): [Focus entering b7a47d com.android.settings/com.android.settings.Settings (server),reason=setFocusedWindow]
02-09 04:25:12.457 I/wm_stop_activity( 1240): [0,208887896,com.android.launcher3/.uioverrides.QuickstepLauncher]
02-09 04:25:12.460 I/wm_on_stop_called( 2573): [208887896,com.android.launcher3.uioverrides.QuickstepLauncher,STOP_ACTIVITY_ITEM]
02-09 04:25:13.611 I/input_interaction( 1240): Interaction with: b7a47d com.android.settings/com.android.settings.Settings (server), swipe-up (server), edge-swipe (server), PointerEventDispatcher0 (server),
02-09 04:25:13.843 I/configuration_changed( 1240): 1073741824
02-09 04:25:13.882 I/wm_relaunch_resume_activity( 1240): [0,171931013,62,com.android.settings/.Settings]
02-09 04:25:13.883 I/wm_on_top_resumed_lost_called( 2418): [171931013,com.android.settings.Settings,pausing]
02-09 04:25:13.888 I/sysui_multi_action( 2418): [757,340,758,2,1089,1948]
02-09 04:25:13.889 I/sysui_multi_action( 2418): [757,35,758,2,1089,1949]
02-09 04:25:13.890 I/wm_on_paused_called( 2418): [171931013,com.android.settings.Settings,performPause]
02-09 04:25:13.894 I/wm_on_stop_called( 2418): [171931013,com.android.settings.Settings,handleRelaunchActivity]
02-09 04:25:13.898 I/wm_on_destroy_called( 2418): [171931013,com.android.settings.Settings,performDestroy]
02-09 04:25:13.920 I/sysui_multi_action( 1240): [324,1,757,1090,758,13,806,com.android.settings,871,com.android.settings.Settings,1091,2001]
02-09 04:25:13.926 I/wm_relaunch_activity( 1240): [0,208887896,61,com.android.launcher3/.uioverrides.QuickstepLauncher]
02-09 04:25:13.926 I/wm_add_to_stopping( 1240): [0,208887896,com.android.launcher3/.uioverrides.QuickstepLauncher,preloadRecents]
02-09 04:25:13.930 I/wm_on_destroy_called( 2573): [208887896,com.android.launcher3.uioverrides.QuickstepLauncher,performDestroy]
02-09 04:25:13.945 I/notification_enqueue( 1240): [10088,3554,com.android.music,1,NULL,0,Notification(channel=Channel-music shortcut=null contentView=null vibrate=null sound=null defaults=0x0 flags=0x40 color=0x00000000 category=transport actions=4 vis=PRIVATE),1]
02-09 04:25:13.946 I/notification_enqueue( 1240): [10088,3554,com.android.music,1,NULL,0,Notification(channel=Channel-music shortcut=null contentView=null vibrate=null sound=null defaults=0x0 flags=0x40 color=0x00000000 category=transport actions=4 vis=PRIVATE),1]
02-09 04:25:13.961 I/wm_on_create_called( 2418): [171931013,com.android.settings.Settings,performCreate]
02-09 04:25:13.993 I/wm_on_start_called( 2418): [171931013,com.android.settings.Settings,handleStartActivity]
02-09 04:25:13.994 I/snet_event_log( 2418): [120484087,-1,]
02-09 04:25:13.995 I/wm_on_create_called( 2573): [208887896,com.android.launcher3.uioverrides.QuickstepLauncher,performCreate]
02-09 04:25:13.995 I/wm_on_resume_called( 2418): [171931013,com.android.settings.Settings,RESUME_ACTIVITY]
02-09 04:25:13.995 I/sysui_multi_action( 2418): [757,340,758,1,833,0,1089,70]
02-09 04:25:13.995 I/wm_on_start_called( 2573): [208887896,com.android.launcher3.uioverrides.QuickstepLauncher,handleStartActivity]
02-09 04:25:13.996 I/sysui_multi_action( 2418): [757,35,758,1,833,0,1089,19]
02-09 04:25:13.996 I/wm_on_resume_called( 2573): [208887896,com.android.launcher3.uioverrides.QuickstepLauncher,LIFECYCLER_RESUME_ACTIVITY]
02-09 04:25:13.997 I/sysui_multi_action( 2418): [757,1729,758,4,854,isParalleledControllers:false,1089,20]
02-09 04:25:13.998 I/wm_on_top_resumed_gained_called( 2418): [171931013,com.android.settings.Settings,topWhenResuming]
02-09 04:25:14.005 I/wm_on_paused_called( 2573): [208887896,com.android.launcher3.uioverrides.QuickstepLauncher,performPause]
02-09 04:25:14.024 I/wm_stop_activity( 1240): [0,208887896,com.android.launcher3/.uioverrides.QuickstepLauncher]
02-09 04:25:14.026 I/wm_on_stop_called( 2573): [208887896,com.android.launcher3.uioverrides.QuickstepLauncher,STOP_ACTIVITY_ITEM]
02-09 04:25:14.049 I/input_focus( 1240): [Focus request 76d319e com.android.settings/com.android.settings.Settings,reason=UpdateInputWindows]
02-09 04:25:14.050 I/commit_sys_config_file( 1240): [settings-1-0,8]
02-09 04:25:14.112 I/input_focus( 1240): [Focus entering 76d319e com.android.settings/com.android.settings.Settings (server),reason=Window became focusable. Previous reason: NOT_VISIBLE]
02-09 04:25:20.436 I/input_interaction( 1240): Interaction with: 2bced7c com.android.music/com.android.music.MusicBrowserActivity (server), swipe-up (server), edge-swipe (server), PointerEventDispatcher0 (server),
02-09 04:25:20.439 I/wm_task_moved( 1240): [69,1,7]
02-09 04:25:20.439 I/wm_task_to_front( 1240): [0,69]
02-09 04:25:20.443 I/wm_set_resumed_activity( 1240): [0,com.android.music/.MusicBrowserActivity,positionChildAt]
02-09 04:25:20.443 I/wm_focused_root_task( 1240): [0,0,69,62,setFocusedTask]
02-09 04:25:20.443 I/wm_set_resumed_activity( 1240): [0,com.android.music/.MusicBrowserActivity,setFocusedTask]
02-09 04:25:20.443 I/wm_on_top_resumed_lost_called( 2418): [171931013,com.android.settings.Settings,topStateChangedWhenResumed]
02-09 04:25:20.444 I/input_focus( 1240): [Focus request 2bced7c com.android.music/com.android.music.MusicBrowserActivity,reason=UpdateInputWindows]
02-09 04:25:20.444 I/wm_on_top_resumed_gained_called( 3554): [263367329,com.android.music.MusicBrowserActivity,topStateChangedWhenResumed]
02-09 04:25:20.461 I/input_focus( 1240): [Focus leaving 76d319e com.android.settings/com.android.settings.Settings (server),reason=setFocusedWindow]
02-09 04:25:20.461 I/input_focus( 1240): [Focus entering 2bced7c com.android.music/com.android.music.MusicBrowserActivity (server),reason=setFocusedWindow]
02-09 04:25:22.010 I/notification_enqueue( 1240): [10088,3554,com.android.music,1,NULL,0,Notification(channel=Channel-music shortcut=null contentView=null vibrate=null sound=null defaults=0x0 flags=0x40 color=0x00000000 category=transport actions=4 vis=PRIVATE),1]
02-09 04:25:22.012 I/notification_enqueue( 1240): [10088,3554,com.android.music,1,NULL,0,Notification(channel=Channel-music shortcut=null contentView=null vibrate=null sound=null defaults=0x0 flags=0x40 color=0x00000000 category=transport actions=4 vis=PRIVATE),1]
02-09 04:25:23.291 I/input_interaction( 1240): Interaction with: 76d319e com.android.settings/com.android.settings.Settings (server), swipe-up (server), edge-swipe (server), PointerEventDispatcher0 (server),
02-09 04:25:23.293 I/wm_task_moved( 1240): [62,1,7]
02-09 04:25:23.293 I/wm_task_to_front( 1240): [0,62]
02-09 04:25:23.301 I/wm_on_top_resumed_lost_called( 3554): [263367329,com.android.music.MusicBrowserActivity,topStateChangedWhenResumed]
02-09 04:25:23.301 I/wm_set_resumed_activity( 1240): [0,com.android.settings/.Settings,positionChildAt]
02-09 04:25:23.301 I/wm_focused_root_task( 1240): [0,0,62,69,setFocusedTask]
02-09 04:25:23.301 I/wm_set_resumed_activity( 1240): [0,com.android.settings/.Settings,setFocusedTask]
02-09 04:25:23.303 I/input_focus( 1240): [Focus request 76d319e com.android.settings/com.android.settings.Settings,reason=UpdateInputWindows]
02-09 04:25:23.304 I/wm_on_top_resumed_gained_called( 2418): [171931013,com.android.settings.Settings,topStateChangedWhenResumed]
02-09 04:25:23.318 I/input_focus( 1240): [Focus leaving 2bced7c com.android.music/com.android.music.MusicBrowserActivity (server),reason=setFocusedWindow]
02-09 04:25:23.318 I/input_focus( 1240): [Focus entering 76d319e com.android.settings/com.android.settings.Settings (server),reason=setFocusedWindow]
02-09 04:25:23.550 I/configuration_changed( 1240): 1073741824
02-09 04:25:23.575 I/wm_relaunch_resume_activity( 1240): [0,171931013,62,com.android.settings/.Settings]
02-09 04:25:23.575 I/wm_on_top_resumed_lost_called( 2418): [171931013,com.android.settings.Settings,pausing]
02-09 04:25:23.576 I/sysui_multi_action( 2418): [757,340,758,2,1089,9580]
02-09 04:25:23.576 I/wm_relaunch_activity( 1240): [0,208887896,61,com.android.launcher3/.uioverrides.QuickstepLauncher]
02-09 04:25:23.577 I/wm_add_to_stopping( 1240): [0,208887896,com.android.launcher3/.uioverrides.QuickstepLauncher,preloadRecents]
02-09 04:25:23.577 I/sysui_multi_action( 2418): [757,35,758,2,1089,9581]
02-09 04:25:23.577 I/wm_on_paused_called( 2418): [171931013,com.android.settings.Settings,performPause]
02-09 04:25:23.579 I/wm_on_stop_called( 2418): [171931013,com.android.settings.Settings,handleRelaunchActivity]
02-09 04:25:23.582 I/wm_on_destroy_called( 2418): [171931013,com.android.settings.Settings,performDestroy]
02-09 04:25:23.617 I/service_manager_stats( 2418): [100,39,218989]
02-09 04:25:23.619 I/wm_stop_activity( 1240): [0,208887896,com.android.launcher3/.uioverrides.QuickstepLauncher]
02-09 04:25:23.628 I/notification_enqueue( 1240): [10088,3554,com.android.music,1,NULL,0,Notification(channel=Channel-music shortcut=null contentView=null vibrate=null sound=null defaults=0x0 flags=0x40 color=0x00000000 category=transport actions=4 vis=PRIVATE),1]
02-09 04:25:23.628 I/wm_on_destroy_called( 2573): [208887896,com.android.launcher3.uioverrides.QuickstepLauncher,performDestroy]
02-09 04:25:23.629 I/notification_enqueue( 1240): [10088,3554,com.android.music,1,NULL,0,Notification(channel=Channel-music shortcut=null contentView=null vibrate=null sound=null defaults=0x0 flags=0x40 color=0x00000000 category=transport actions=4 vis=PRIVATE),1]
02-09 04:25:23.738 I/wm_on_create_called( 2418): [171931013,com.android.settings.Settings,performCreate]
02-09 04:25:23.751 I/wm_on_create_called( 2573): [208887896,com.android.launcher3.uioverrides.QuickstepLauncher,performCreate]
02-09 04:25:23.751 I/wm_on_start_called( 2573): [208887896,com.android.launcher3.uioverrides.QuickstepLauncher,handleStartActivity]
02-09 04:25:23.752 I/wm_on_resume_called( 2573): [208887896,com.android.launcher3.uioverrides.QuickstepLauncher,LIFECYCLER_RESUME_ACTIVITY]
02-09 04:25:23.754 I/commit_sys_config_file( 1240): [settings-1-0,4]
02-09 04:25:23.756 I/wm_on_paused_called( 2573): [208887896,com.android.launcher3.uioverrides.QuickstepLauncher,performPause]
02-09 04:25:23.777 I/wm_on_stop_called( 2573): [208887896,com.android.launcher3.uioverrides.QuickstepLauncher,STOP_ACTIVITY_ITEM]
02-09 04:25:23.777 I/wm_on_start_called( 2418): [171931013,com.android.settings.Settings,handleStartActivity]
02-09 04:25:23.778 I/snet_event_log( 2418): [120484087,-1,]
02-09 04:25:23.780 I/wm_on_resume_called( 2418): [171931013,com.android.settings.Settings,RESUME_ACTIVITY]
02-09 04:25:23.781 I/sysui_multi_action( 2418): [757,340,758,1,833,0,1089,166]
02-09 04:25:23.782 I/sysui_multi_action( 2418): [757,35,758,1,833,0,1089,24]
02-09 04:25:23.783 I/sysui_multi_action( 2418): [757,1729,758,4,854,isParalleledControllers:false,1089,25]
02-09 04:25:23.784 I/wm_on_top_resumed_gained_called( 2418): [171931013,com.android.settings.Settings,topWhenResuming]
02-09 04:25:23.837 I/input_focus( 1240): [Focus request 1cf1ef com.android.settings/com.android.settings.Settings,reason=UpdateInputWindows]
02-09 04:25:23.904 I/input_focus( 1240): [Focus entering 1cf1ef com.android.settings/com.android.settings.Settings (server),reason=Window became focusable. Previous reason: NOT_VISIBLE]
02-09 04:25:25.221 I/input_interaction( 1240): Interaction with: 1cf1ef com.android.settings/com.android.settings.Settings (server), swipe-up (server), edge-swipe (server), PointerEventDispatcher0 (server),
02-09 04:25:25.487 I/configuration_changed( 1240): 1073741824
02-09 04:25:25.511 I/wm_relaunch_resume_activity( 1240): [0,171931013,62,com.android.settings/.Settings]
02-09 04:25:25.512 I/wm_relaunch_activity( 1240): [0,208887896,61,com.android.launcher3/.uioverrides.QuickstepLauncher]
02-09 04:25:25.513 I/wm_add_to_stopping( 1240): [0,208887896,com.android.launcher3/.uioverrides.QuickstepLauncher,preloadRecents]
02-09 04:25:25.519 I/wm_on_top_resumed_lost_called( 2418): [171931013,com.android.settings.Settings,pausing]
02-09 04:25:25.521 I/sysui_multi_action( 2418): [757,340,758,2,1089,1739]
02-09 04:25:25.521 I/sysui_multi_action( 2418): [757,35,758,2,1089,1740]
02-09 04:25:25.522 I/wm_on_paused_called( 2418): [171931013,com.android.settings.Settings,performPause]
02-09 04:25:25.524 I/wm_on_stop_called( 2418): [171931013,com.android.settings.Settings,handleRelaunchActivity]
02-09 04:25:25.529 I/wm_on_destroy_called( 2418): [171931013,com.android.settings.Settings,performDestroy]
02-09 04:25:25.553 I/wm_on_destroy_called( 2573): [208887896,com.android.launcher3.uioverrides.QuickstepLauncher,performDestroy]
02-09 04:25:25.571 I/wm_on_create_called( 2418): [171931013,com.android.settings.Settings,performCreate]
02-09 04:25:25.581 I/notification_enqueue( 1240): [10088,3554,com.android.music,1,NULL,0,Notification(channel=Channel-music shortcut=null contentView=null vibrate=null sound=null defaults=0x0 flags=0x40 color=0x00000000 category=transport actions=4 vis=PRIVATE),1]
02-09 04:25:25.582 I/notification_enqueue( 1240): [10088,3554,com.android.music,1,NULL,0,Notification(channel=Channel-music shortcut=null contentView=null vibrate=null sound=null defaults=0x0 flags=0x40 color=0x00000000 category=transport actions=4 vis=PRIVATE),1]
02-09 04:25:25.598 I/wm_on_start_called( 2418): [171931013,com.android.settings.Settings,handleStartActivity]
02-09 04:25:25.599 I/snet_event_log( 2418): [120484087,-1,]
02-09 04:25:25.599 I/wm_on_resume_called( 2418): [171931013,com.android.settings.Settings,RESUME_ACTIVITY]
02-09 04:25:25.600 I/sysui_multi_action( 2418): [757,340,758,1,833,0,1089,50]
02-09 04:25:25.600 I/sysui_multi_action( 2418): [757,35,758,1,833,0,1089,17]
02-09 04:25:25.601 I/sysui_multi_action( 2418): [757,1729,758,4,854,isParalleledControllers:false,1089,18]
02-09 04:25:25.604 I/wm_on_top_resumed_gained_called( 2418): [171931013,com.android.settings.Settings,topWhenResuming]
02-09 04:25:25.621 I/wm_on_create_called( 2573): [208887896,com.android.launcher3.uioverrides.QuickstepLauncher,performCreate]
02-09 04:25:25.621 I/wm_on_start_called( 2573): [208887896,com.android.launcher3.uioverrides.QuickstepLauncher,handleStartActivity]
02-09 04:25:25.622 I/wm_on_resume_called( 2573): [208887896,com.android.launcher3.uioverrides.QuickstepLauncher,LIFECYCLER_RESUME_ACTIVITY]
02-09 04:25:25.626 I/wm_on_paused_called( 2573): [208887896,com.android.launcher3.uioverrides.QuickstepLauncher,performPause]
02-09 04:25:25.646 I/wm_stop_activity( 1240): [0,208887896,com.android.launcher3/.uioverrides.QuickstepLauncher]
02-09 04:25:25.650 I/wm_on_stop_called( 2573): [208887896,com.android.launcher3.uioverrides.QuickstepLauncher,STOP_ACTIVITY_ITEM]
02-09 04:25:25.662 I/input_focus( 1240): [Focus request 643171b com.android.settings/com.android.settings.Settings,reason=UpdateInputWindows]
02-09 04:25:25.694 I/commit_sys_config_file( 1240): [settings-1-0,6]
02-09 04:25:25.723 I/input_focus( 1240): [Focus entering 643171b com.android.settings/com.android.settings.Settings (server),reason=Window became focusable. Previous reason: NOT_VISIBLE]
02-09 04:25:27.017 I/input_interaction( 1240): Interaction with: 643171b com.android.settings/com.android.settings.Settings (server), swipe-up (server), edge-swipe (server), PointerEventDispatcher0 (server),
02-09 04:25:27.039 I/wm_task_moved( 1240): [60,0,0]
02-09 04:25:27.039 I/wm_task_moved( 1240): [60,0,6]
02-09 04:25:27.048 I/wm_on_restart_called( 2573): [208887896,com.android.launcher3.uioverrides.QuickstepLauncher,performRestartActivity]
02-09 04:25:27.067 I/wm_on_start_called( 2573): [208887896,com.android.launcher3.uioverrides.QuickstepLauncher,handleStartActivity]
02-09 04:25:27.068 I/view_enqueue_input_event( 2418): [Motion - Cancel,com.android.settings/com.android.settings.Settings]
02-09 04:25:27.068 I/input_interaction( 1240): Interaction with: swipe-up (server), edge-swipe (server), PointerEventDispatcher0 (server),
02-09 04:25:27.069 I/input_focus( 1240): [Focus request recents_animation_input_consumer,reason=UpdateInputWindows]
02-09 04:25:27.075 I/input_focus( 1240): [Focus leaving 643171b com.android.settings/com.android.settings.Settings (server),reason=NOT_FOCUSABLE]
02-09 04:25:27.075 I/input_focus( 1240): [Focus entering recents_animation_input_consumer (server),reason=setFocusedWindow]
02-09 04:25:27.084 I/sysui_latency( 2573): [1,67]
02-09 04:25:27.108 I/sysui_multi_action( 1240): [319,8,322,62,325,222,757,761,758,9,759,5,806,com.android.launcher3,871,com.android.launcher3.uioverrides.QuickstepLauncher,904,com.android.launcher3,905,0,1320,4,1321,1]
02-09 04:25:27.270 I/commit_sys_config_file( 1240): [settings-1-0,4]
02-09 04:25:27.403 I/sysui_latency( 1240): [8,79]
02-09 04:25:27.781 I/wm_task_moved( 1240): [60,1,7]
02-09 04:25:27.783 I/wm_focused_root_task( 1240): [0,0,60,62,RecentsAnimation.onAnimationFinished()]
02-09 04:25:27.785 I/wm_pause_activity( 1240): [0,171931013,com.android.settings/.Settings,userLeaving=false,pauseBackTasks]
02-09 04:25:27.788 I/wm_set_resumed_activity( 1240): [0,com.android.launcher3/.uioverrides.QuickstepLauncher,resumeTopActivityInnerLocked]
02-09 04:25:27.790 I/wm_resume_activity( 1240): [0,208887896,61,com.android.launcher3/.uioverrides.QuickstepLauncher]
02-09 04:25:27.790 I/wm_on_resume_called( 2573): [208887896,com.android.launcher3.uioverrides.QuickstepLauncher,RESUME_ACTIVITY]
02-09 04:25:27.790 I/wm_add_to_stopping( 1240): [0,171931013,com.android.settings/.Settings,makeInvisible]
02-09 04:25:27.794 I/wm_on_top_resumed_lost_called( 2418): [171931013,com.android.settings.Settings,topStateChangedWhenResumed]
02-09 04:25:27.800 I/input_focus( 1240): [Focus request 2c082c com.android.launcher3/com.android.launcher3.uioverrides.QuickstepLauncher,reason=UpdateInputWindows]
02-09 04:25:27.802 I/sysui_multi_action( 2418): [757,340,758,2,1089,2202]
02-09 04:25:27.802 I/sysui_multi_action( 2418): [757,35,758,2,1089,2202]
02-09 04:25:27.803 I/wm_on_paused_called( 2418): [171931013,com.android.settings.Settings,performPause]
02-09 04:25:27.803 I/wm_finish_activity( 1240): [0,263367329,69,com.android.music/.MusicBrowserActivity,app-request]
02-09 04:25:27.807 I/wm_pause_activity( 1240): [0,263367329,com.android.music/.MusicBrowserActivity,userLeaving=false,finish]
02-09 04:25:27.807 I/wm_on_paused_called( 3554): [263367329,com.android.music.MusicBrowserActivity,performPause]
02-09 04:25:27.810 I/wm_stop_activity( 1240): [0,171931013,com.android.settings/.Settings]
02-09 04:25:27.811 I/input_focus( 1240): [Focus leaving recents_animation_input_consumer (server),reason=NOT_VISIBLE]
02-09 04:25:27.811 I/input_focus( 1240): [Focus entering 2c082c com.android.launcher3/com.android.launcher3.uioverrides.QuickstepLauncher (server),reason=setFocusedWindow]
02-09 04:25:27.812 I/wm_destroy_activity( 1240): [0,263367329,69,com.android.music/.MusicBrowserActivity,finish-imm:completePausedLocked]
02-09 04:25:27.829 I/sysui_multi_action( 1240): [757,803,799,window_time_0,802,16]
02-09 04:25:27.832 I/wm_on_stop_called( 3554): [263367329,com.android.music.MusicBrowserActivity,LIFECYCLER_STOP_ACTIVITY]
02-09 04:25:27.839 I/sysui_multi_action( 1240): [757,803,799,window_time_0,802,0]
02-09 04:25:27.839 I/sysui_multi_action( 1240): [757,803,799,window_time_0,802,0]
02-09 04:25:27.842 I/wm_on_stop_called( 2418): [171931013,com.android.settings.Settings,STOP_ACTIVITY_ITEM]
02-09 04:25:27.844 I/wm_on_top_resumed_gained_called( 2573): [208887896,com.android.launcher3.uioverrides.QuickstepLauncher,topStateChangedWhenResumed]
02-09 04:25:27.849 I/wm_on_destroy_called( 3554): [263367329,com.android.music.MusicBrowserActivity,performDestroy]
02-09 04:25:28.028 I/commit_sys_config_file( 1240): [settings-1-0,5]
02-09 04:25:28.110 I/wm_task_removed( 1240): [69,removeChild:removeChild last r=ActivityRecord{fb2aaa1 u0 com.android.music/.MusicBrowserActivity t-1 f}} in t=Task{cefc308 #69 type=standard A=10088:android.task.music U=0 visible=false mode=freeform translucent=true sz=0}]
02-09 04:25:28.111 I/wm_task_removed( 1240): [69,removeChild]
02-09 04:25:28.883 I/input_interaction( 1240): Interaction with: 2c082c com.android.launcher3/com.android.launcher3.uioverrides.QuickstepLauncher (server), f1cc593 com.android.systemui.ImageWallpaper (server), swipe-up (server), edge-swipe (server), PointerEventDispatcher0 (server),
02-09 04:25:29.768 I/am_kill ( 1240): [0,3554,com.android.music,50,remove task]
02-09 04:25:29.770 I/sysui_multi_action( 1240): [757,803,799,window_time_0,802,2]
02-09 04:25:29.820 I/am_proc_died( 1240): [0,3554,com.android.music,50,4]
02-09 04:25:29.820 I/am_schedule_service_restart( 1240): [0,com.android.music/.MediaPlaybackService,1000]
02-09 04:25:29.820 I/am_uid_stopped( 1240): 10088
02-09 04:25:29.827 I/sysui_multi_action( 1240): [757,128,758,5,759,8,793,148386,794,0,795,4245,796,1,806,com.android.music,857,Channel-music,858,2,947,0,1500,4245,1641,transport,1688,1,1745,1043716538]
02-09 04:25:29.827 I/notification_canceled( 1240): [0|com.android.music|1|null|10088,8,148386,4245,0,-1,-1,NULL]
02-09 04:25:29.829 I/am_uid_running( 1240): 10088
02-09 04:25:29.830 I/service_manager_stats( 1240): [100,69,37347]
02-09 04:25:29.838 I/am_proc_start( 1240): [0,4753,10088,com.android.music,NULL,]
02-09 04:25:29.853 I/am_proc_bound( 1240): [0,4753,com.android.music]
02-09 04:25:29.855 I/am_uid_active( 1240): 10088
02-09 04:25:29.856 I/notification_enqueue( 1240): [10080,2005,com.android.systemui,1,empty_media,0,Notification(channel=empty_media_style_id shortcut=null contentView=null vibrate=null sound=null defaults=0x0 flags=0x20 color=0x00000000 category=transport actions=4 vis=PRIVATE),0]
02-09 04:25:29.858 I/notification_enqueue( 1240): [10088,4753,com.android.music,1,NULL,0,Notification(channel=Channel-music shortcut=null contentView=null vibrate=null sound=null defaults=0x0 flags=0x62 color=0x00000000 category=transport actions=4 vis=PRIVATE),0]
02-09 04:25:29.878 I/sysui_multi_action( 1240): [757,128,758,5,759,8,793,21,794,0,795,21,796,1,806,com.android.music,857,Channel-music,858,2,947,0,1500,21,1641,transport,1688,1,1745,1043716538]
02-09 04:25:29.879 I/notification_canceled( 1240): [0|com.android.music|1|null|10088,8,21,21,0,-1,-1,NULL]
02-09 04:25:29.975 I/notification_enqueue( 1240): [10088,4753,com.android.music,1,NULL,0,Notification(channel=Channel-music shortcut=null contentView=null vibrate=null sound=null defaults=0x0 flags=0x0 color=0x00000000 category=transport actions=4 vis=PRIVATE),0]
02-09 04:25:29.980 I/sysui_multi_action( 1240): [757,128,758,5,759,8,793,5,794,0,795,5,796,1,806,com.android.music,857,Channel-music,858,2,947,0,1500,5,1641,transport,1745,1043716538]
02-09 04:25:29.980 I/notification_canceled( 1240): [0|com.android.music|1|null|10088,8,5,5,0,-1,-1,NULL]
02-09 04:25:29.981 I/notification_enqueue( 1240): [10088,4753,com.android.music,1,NULL,0,Notification(channel=Channel-music shortcut=null contentView=null vibrate=null sound=null defaults=0x0 flags=0x40 color=0x00000000 category=transport actions=4 vis=PRIVATE),0]
02-09 04:25:30.057 I/sysui_multi_action( 1240): [757,1501,758,1,793,202,794,0,795,202,796,1,797,empty_media,806,com.android.systemui,857,empty_media_style_id,858,4,947,0,1500,0,1641,transport,1688,1,1745,1043716538]
02-09 04:25:30.057 I/sysui_multi_action( 1240): [757,804,799,note_interruptive,801,0,802,1]
02-09 04:25:30.062 I/sysui_multi_action( 1240): [757,1501,758,1,793,83,794,0,795,83,796,1,806,com.android.music,857,Channel-music,858,2,947,0,1500,0,1641,transport,1688,1,1745,1043716538]
02-09 04:25:30.062 I/sysui_multi_action( 1240): [757,804,799,note_interruptive,801,0,802,1]
02-09 04:25:30.136 I/sysui_multi_action( 1240): [757,128,758,5,759,8,793,281,794,0,795,281,796,1,797,empty_media,806,com.android.systemui,857,empty_media_style_id,858,4,947,0,1500,79,1641,transport,1688,1,1745,1043716538]
02-09 04:25:30.137 I/notification_canceled( 1240): [0|com.android.systemui|1|empty_media|10080,8,281,281,0,-1,-1,NULL]
02-09 04:25:33.029 I/view_enqueue_input_event( 2573): [Motion - Cancel,com.android.launcher3/com.android.launcher3.uioverrides.QuickstepLauncher]
02-09 04:25:33.035 I/input_interaction( 1240): Interaction with: swipe-up (server), edge-swipe (server), PointerEventDispatcher0 (server),
02-09 04:25:33.215 I/commit_sys_config_file( 1240): [settings-1-0,4]
02-09 04:25:33.630 I/commit_sys_config_file( 1240): [settings-1-0,7]
02-09 04:25:34.184 I/input_interaction( 1240): Interaction with: 2c082c com.android.launcher3/com.android.launcher3.uioverrides.QuickstepLauncher (server), f1cc593 com.android.systemui.ImageWallpaper (server), swipe-up (server), edge-swipe (server), PointerEventDispatcher0 (server),
02-09 04:25:34.309 I/wm_task_moved( 1240): [60,1,6]
02-09 04:25:34.310 I/wm_set_resumed_activity( 1240): [0,com.android.launcher3/.uioverrides.QuickstepLauncher,positionChildAt]
02-09 04:25:34.311 I/wm_task_moved( 1240): [62,1,6]
02-09 04:25:34.312 I/wm_focused_root_task( 1240): [0,0,62,60,moveTaskToFront findTaskToMoveToFront]
02-09 04:25:34.313 I/wm_set_resumed_activity( 1240): [0,com.android.settings/.Settings,moveTaskToFront findTaskToMoveToFront]
02-09 04:25:34.314 I/wm_pause_activity( 1240): [0,208887896,com.android.launcher3/.uioverrides.QuickstepLauncher,userLeaving=true,pauseBackTasks]
02-09 04:25:34.322 I/wm_on_top_resumed_lost_called( 2573): [208887896,com.android.launcher3.uioverrides.QuickstepLauncher,topStateChangedWhenResumed]
02-09 04:25:34.326 I/wm_on_paused_called( 2573): [208887896,com.android.launcher3.uioverrides.QuickstepLauncher,performPause]
02-09 04:25:34.334 I/wm_set_resumed_activity( 1240): [0,com.android.settings/.Settings,resumeTopActivityInnerLocked]
02-09 04:25:34.335 I/wm_add_to_stopping( 1240): [0,208887896,com.android.launcher3/.uioverrides.QuickstepLauncher,makeInvisible]
02-09 04:25:34.336 I/wm_resume_activity( 1240): [0,171931013,62,com.android.settings/.Settings]
02-09 04:25:34.353 I/wm_on_restart_called( 2418): [171931013,com.android.settings.Settings,performRestartActivity]
02-09 04:25:34.353 I/sysui_multi_action( 1240): [757,803,799,window_time_0,802,4]
02-09 04:25:34.354 I/wm_on_start_called( 2418): [171931013,com.android.settings.Settings,handleStartActivity]
02-09 04:25:34.355 I/snet_event_log( 2418): [120484087,-1,]
02-09 04:25:34.355 I/wm_on_resume_called( 2418): [171931013,com.android.settings.Settings,RESUME_ACTIVITY]
02-09 04:25:34.356 I/sysui_multi_action( 2418): [757,340,758,1,833,0,1089,0]
02-09 04:25:34.356 I/sysui_multi_action( 2418): [757,35,758,1,833,0,1089,0]
02-09 04:25:34.357 I/wm_on_top_resumed_gained_called( 2418): [171931013,com.android.settings.Settings,topWhenResuming]
02-09 04:25:34.361 I/input_focus( 1240): [Focus leaving 2c082c com.android.launcher3/com.android.launcher3.uioverrides.QuickstepLauncher (server),reason=NO_WINDOW]
02-09 04:25:34.366 I/input_focus( 1240): [Focus request 643171b com.android.settings/com.android.settings.Settings,reason=UpdateInputWindows]
02-09 04:25:34.389 I/sysui_multi_action( 1240): [319,36,321,32,322,66,325,229,757,761,758,9,759,4,806,com.android.settings,871,com.android.settings.Settings,904,com.android.launcher3,905,0,1320,4,1321,1]
02-09 04:25:34.395 I/input_focus( 1240): [Focus entering 643171b com.android.settings/com.android.settings.Settings (server),reason=setFocusedWindow]
02-09 04:25:34.696 I/wm_stop_activity( 1240): [0,208887896,com.android.launcher3/.uioverrides.QuickstepLauncher]
02-09 04:25:34.727 I/wm_on_stop_called( 2573): [208887896,com.android.launcher3.uioverrides.QuickstepLauncher,STOP_ACTIVITY_ITEM]
02-09 04:25:35.359 I/input_interaction( 1240): Interaction with: 643171b com.android.settings/com.android.settings.Settings (server), swipe-up (server), edge-swipe (server), PointerEventDispatcher0 (server),
02-09 04:25:35.631 I/configuration_changed( 1240): 1073741824
02-09 04:25:35.658 I/wm_relaunch_resume_activity( 1240): [0,171931013,62,com.android.settings/.Settings]
02-09 04:25:35.659 I/wm_on_top_resumed_lost_called( 2418): [171931013,com.android.settings.Settings,pausing]
02-09 04:25:35.660 I/sysui_multi_action( 2418): [757,340,758,2,1089,1304]
02-09 04:25:35.660 I/sysui_multi_action( 2418): [757,35,758,2,1089,1304]
02-09 04:25:35.660 I/wm_on_paused_called( 2418): [171931013,com.android.settings.Settings,performPause]
02-09 04:25:35.661 I/wm_relaunch_activity( 1240): [0,208887896,61,com.android.launcher3/.uioverrides.QuickstepLauncher]
02-09 04:25:35.661 I/wm_add_to_stopping( 1240): [0,208887896,com.android.launcher3/.uioverrides.QuickstepLauncher,preloadRecents]
02-09 04:25:35.664 I/wm_on_stop_called( 2418): [171931013,com.android.settings.Settings,handleRelaunchActivity]
02-09 04:25:35.668 I/wm_on_destroy_called( 2418): [171931013,com.android.settings.Settings,performDestroy]
02-09 04:25:35.686 I/sysui_multi_action( 1240): [324,1,757,1090,758,13,806,com.android.settings,871,com.android.settings.Settings,1091,1375]
02-09 04:25:35.693 I/wm_on_destroy_called( 2573): [208887896,com.android.launcher3.uioverrides.QuickstepLauncher,performDestroy]
02-09 04:25:35.714 I/wm_on_create_called( 2418): [171931013,com.android.settings.Settings,performCreate]
02-09 04:25:35.740 I/wm_on_start_called( 2418): [171931013,com.android.settings.Settings,handleStartActivity]
02-09 04:25:35.740 I/snet_event_log( 2418): [120484087,-1,]
02-09 04:25:35.743 I/wm_on_resume_called( 2418): [171931013,com.android.settings.Settings,RESUME_ACTIVITY]
02-09 04:25:35.743 I/sysui_multi_action( 2418): [757,340,758,1,833,0,1089,53]
02-09 04:25:35.744 I/sysui_multi_action( 2418): [757,35,758,1,833,0,1089,16]
02-09 04:25:35.744 I/sysui_multi_action( 2418): [757,1729,758,4,854,isParalleledControllers:false,1089,17]
02-09 04:25:35.752 I/wm_on_top_resumed_gained_called( 2418): [171931013,com.android.settings.Settings,topWhenResuming]
02-09 04:25:35.757 I/wm_on_create_called( 2573): [208887896,com.android.launcher3.uioverrides.QuickstepLauncher,performCreate]
02-09 04:25:35.757 I/wm_on_start_called( 2573): [208887896,com.android.launcher3.uioverrides.QuickstepLauncher,handleStartActivity]
02-09 04:25:35.758 I/wm_on_resume_called( 2573): [208887896,com.android.launcher3.uioverrides.QuickstepLauncher,LIFECYCLER_RESUME_ACTIVITY]
02-09 04:25:35.761 I/wm_on_paused_called( 2573): [208887896,com.android.launcher3.uioverrides.QuickstepLauncher,performPause]
02-09 04:25:35.773 I/wm_stop_activity( 1240): [0,208887896,com.android.launcher3/.uioverrides.QuickstepLauncher]
02-09 04:25:35.776 I/wm_on_stop_called( 2573): [208887896,com.android.launcher3.uioverrides.QuickstepLauncher,STOP_ACTIVITY_ITEM]
02-09 04:25:35.798 I/input_focus( 1240): [Focus request 46faa55 com.android.settings/com.android.settings.Settings,reason=UpdateInputWindows]
02-09 04:25:35.832 I/commit_sys_config_file( 1240): [settings-1-0,2]
02-09 04:25:35.849 I/input_focus( 1240): [Focus entering 46faa55 com.android.settings/com.android.settings.Settings (server),reason=Window became focusable. Previous reason: NOT_VISIBLE]
02-09 04:25:36.673 I/input_interaction( 1240): Interaction with: 46faa55 com.android.settings/com.android.settings.Settings (server), swipe-up (server), edge-swipe (server), PointerEventDispatcher0 (server),
02-09 04:25:36.693 I/wm_task_moved( 1240): [60,0,0]
02-09 04:25:36.693 I/wm_task_moved( 1240): [60,0,5]
02-09 04:25:36.698 I/wm_on_restart_called( 2573): [208887896,com.android.launcher3.uioverrides.QuickstepLauncher,performRestartActivity]
02-09 04:25:36.719 I/wm_on_start_called( 2573): [208887896,com.android.launcher3.uioverrides.QuickstepLauncher,handleStartActivity]
02-09 04:25:36.737 I/view_enqueue_input_event( 2418): [Motion - Cancel,com.android.settings/com.android.settings.Settings]
02-09 04:25:36.738 I/input_interaction( 1240): Interaction with: swipe-up (server), edge-swipe (server), PointerEventDispatcher0 (server),
02-09 04:25:36.739 I/sysui_latency( 2573): [1,60]
02-09 04:25:36.740 I/input_focus( 1240): [Focus request recents_animation_input_consumer,reason=UpdateInputWindows]
02-09 04:25:36.749 I/input_focus( 1240): [Focus leaving 46faa55 com.android.settings/com.android.settings.Settings (server),reason=NOT_FOCUSABLE]
02-09 04:25:36.750 I/input_focus( 1240): [Focus entering recents_animation_input_consumer (server),reason=setFocusedWindow]
02-09 04:25:36.751 I/sysui_multi_action( 1240): [319,9,322,49,325,232,757,761,758,9,759,5,806,com.android.launcher3,871,com.android.launcher3.uioverrides.QuickstepLauncher,904,com.android.launcher3,905,0,1320,4,1321,1]
02-09 04:25:36.920 I/commit_sys_config_file( 1240): [settings-1-0,4]
02-09 04:25:37.043 I/sysui_latency( 1240): [8,65]
02-09 04:25:37.175 I/commit_sys_config_file( 1240): [settings-1-0,4]
02-09 04:25:37.625 I/wm_task_moved( 1240): [60,1,6]
02-09 04:25:37.628 I/wm_task_moved( 1240): [61,1,2147483647]
02-09 04:25:37.628 I/wm_task_to_front( 1240): [0,61]
02-09 04:25:37.629 I/wm_focused_root_task( 1240): [0,0,60,62,RecentsAnimation.onAnimationFinished()]
02-09 04:25:37.629 I/wm_on_top_resumed_lost_called( 2418): [171931013,com.android.settings.Settings,topStateChangedWhenResumed]
02-09 04:25:37.629 I/wm_set_resumed_activity( 1240): [0,com.android.launcher3/.uioverrides.QuickstepLauncher,RecentsAnimation.onAnimationFinished()]
02-09 04:25:37.631 I/wm_pause_activity( 1240): [0,171931013,com.android.settings/.Settings,userLeaving=true,pauseBackTasks]
02-09 04:25:37.632 I/wm_add_to_stopping( 1240): [0,171931013,com.android.settings/.Settings,makeInvisible]
02-09 04:25:37.634 I/wm_set_resumed_activity( 1240): [0,com.android.launcher3/.uioverrides.QuickstepLauncher,resumeTopActivityInnerLocked]
02-09 04:25:37.635 I/wm_resume_activity( 1240): [0,208887896,61,com.android.launcher3/.uioverrides.QuickstepLauncher]
02-09 04:25:37.636 I/wm_on_resume_called( 2573): [208887896,com.android.launcher3.uioverrides.QuickstepLauncher,RESUME_ACTIVITY]
02-09 04:25:37.641 I/input_focus( 1240): [Focus request 370d2c5 com.android.launcher3/com.android.launcher3.uioverrides.QuickstepLauncher,reason=UpdateInputWindows]
02-09 04:25:37.647 I/sysui_multi_action( 2418): [757,340,758,2,1089,1902]
02-09 04:25:37.648 I/sysui_multi_action( 2418): [757,35,758,2,1089,1904]
02-09 04:25:37.648 I/wm_stop_activity( 1240): [0,171931013,com.android.settings/.Settings]
02-09 04:25:37.648 I/sysui_multi_action( 1240): [757,803,799,window_time_0,802,4]
02-09 04:25:37.649 I/wm_on_paused_called( 2418): [171931013,com.android.settings.Settings,performPause]
02-09 04:25:37.652 I/input_focus( 1240): [Focus leaving recents_animation_input_consumer (server),reason=NOT_VISIBLE]
02-09 04:25:37.652 I/input_focus( 1240): [Focus entering 370d2c5 com.android.launcher3/com.android.launcher3.uioverrides.QuickstepLauncher (server),reason=setFocusedWindow]
02-09 04:25:37.653 I/sysui_multi_action( 1240): [757,803,799,window_time_0,802,0]
02-09 04:25:37.653 I/wm_on_stop_called( 2418): [171931013,com.android.settings.Settings,STOP_ACTIVITY_ITEM]
02-09 04:25:37.658 I/wm_on_top_resumed_gained_called( 2573): [208887896,com.android.launcher3.uioverrides.QuickstepLauncher,topStateChangedWhenResumed]
02-09 04:25:38.873 I/input_interaction( 1240): Interaction with: 370d2c5 com.android.launcher3/com.android.launcher3.uioverrides.QuickstepLauncher (server), f1cc593 com.android.systemui.ImageWallpaper (server), swipe-up (server), edge-swipe (server), PointerEventDispatcher0 (server),
02-09 04:25:40.425 I/wm_task_created( 1240): [70,-1]
02-09 04:25:40.428 I/wm_task_moved( 1240): [70,1,7]
02-09 04:25:40.428 I/wm_task_to_front( 1240): [0,70]
02-09 04:25:40.428 I/wm_create_task( 1240): [0,70]
02-09 04:25:40.428 I/wm_create_activity( 1240): [0,174968602,70,com.android.music/.VideoBrowserActivity,NULL,NULL,NULL,268468224]
02-09 04:25:40.428 I/wm_task_moved( 1240): [70,1,7]
02-09 04:25:40.429 I/wm_restart_activity( 1240): [0,174968602,70,com.android.music/.VideoBrowserActivity]
02-09 04:25:40.430 I/wm_set_resumed_activity( 1240): [0,com.android.music/.VideoBrowserActivity,minimalResumeActivityLocked]
02-09 04:25:40.434 I/wm_on_top_resumed_lost_called( 2573): [208887896,com.android.launcher3.uioverrides.QuickstepLauncher,topStateChangedWhenResumed]
02-09 04:25:40.438 I/am_pss ( 1240): [4753,10088,com.android.music,9378816,6504448,0,106397696,0,2,5]
02-09 04:25:40.459 I/wm_on_create_called( 4753): [174968602,com.android.music.VideoBrowserActivity,performCreate]
02-09 04:25:40.459 I/wm_on_start_called( 4753): [174968602,com.android.music.VideoBrowserActivity,handleStartActivity]
02-09 04:25:40.460 I/wm_on_resume_called( 4753): [174968602,com.android.music.VideoBrowserActivity,RESUME_ACTIVITY]
02-09 04:25:40.462 I/wm_on_top_resumed_gained_called( 4753): [174968602,com.android.music.VideoBrowserActivity,topStateChangedWhenResumed]
02-09 04:25:40.469 I/input_focus( 1240): [Focus request cacc379 com.android.music/com.android.music.VideoBrowserActivity,reason=UpdateInputWindows]
02-09 04:25:40.491 I/input_focus( 1240): [Focus leaving 370d2c5 com.android.launcher3/com.android.launcher3.uioverrides.QuickstepLauncher (server),reason=Waiting for window because NOT_VISIBLE]
02-09 04:25:40.495 I/sysui_multi_action( 1240): [319,73,322,73,325,235,757,761,758,8,759,2,806,com.android.music,871,com.android.music.VideoBrowserActivity,904,com.android.launcher3,905,0,1320,4,1321,1]
02-09 04:25:40.496 I/wm_activity_launch_time( 1240): [0,174968602,com.android.music/.VideoBrowserActivity,73]
02-09 04:25:40.508 I/input_focus( 1240): [Focus entering cacc379 com.android.music/com.android.music.VideoBrowserActivity (server),reason=Window became focusable. Previous reason: NOT_VISIBLE]
02-09 04:25:42.220 I/view_enqueue_input_event( 2573): [Motion - Cancel,com.android.launcher3/com.android.launcher3.uioverrides.QuickstepLauncher]
02-09 04:25:42.231 I/input_interaction( 1240): Interaction with: swipe-up (server), edge-swipe (server), PointerEventDispatcher0 (server),
02-09 04:25:42.412 I/commit_sys_config_file( 1240): [settings-1-0,1]
02-09 04:25:42.848 I/commit_sys_config_file( 1240): [settings-1-0,7]
02-09 04:25:42.950 I/wm_finish_activity( 1240): [0,174968602,70,com.android.music/.VideoBrowserActivity,app-request]
02-09 04:25:42.951 I/wm_task_moved( 1240): [60,1,7]
02-09 04:25:42.955 I/wm_set_resumed_activity( 1240): [0,com.android.launcher3/.uioverrides.QuickstepLauncher,positionChildAt]
02-09 04:25:42.955 I/wm_on_top_resumed_lost_called( 4753): [174968602,com.android.music.VideoBrowserActivity,topStateChangedWhenResumed]
02-09 04:25:42.955 I/wm_task_moved( 1240): [61,1,2147483647]
02-09 04:25:42.955 I/wm_task_to_front( 1240): [0,61]
02-09 04:25:42.955 I/wm_focused_root_task( 1240): [0,0,60,-1,finish-top adjustFocusToNextFocusableTask]
02-09 04:25:42.956 I/wm_set_resumed_activity( 1240): [0,com.android.launcher3/.uioverrides.QuickstepLauncher,finish-top]
02-09 04:25:42.964 I/wm_pause_activity( 1240): [0,174968602,com.android.music/.VideoBrowserActivity,userLeaving=false,finish]
02-09 04:25:42.971 I/input_focus( 1240): [Focus request 370d2c5 com.android.launcher3/com.android.launcher3.uioverrides.QuickstepLauncher,reason=UpdateInputWindows]
02-09 04:25:42.972 I/wm_on_paused_called( 4753): [174968602,com.android.music.VideoBrowserActivity,performPause]
