02-09 04:24:29.637 I/wm_on_create_called( 3921): [234276353,com.android.gallery3d.app.GalleryActivity,performCreate]
02-09 04:24:29.637 I/wm_on_start_called( 3921): [234276353,com.android.gallery3d.app.GalleryActivity,handleStartActivity]
02-09 04:24:29.639 I/wm_on_resume_called( 3921): [234276353,com.android.gallery3d.app.GalleryActivity,RESUME_ACTIVITY]
02-09 04:24:29.640 I/wm_on_top_resumed_gained_called( 3921): [234276353,com.android.gallery3d.app.GalleryActivity,topStateChangedWhenResumed]
02-09 04:24:29.655 I/input_focus( 1240): [Focus request 4c0a83 com.android.gallery3d/com.android.gallery3d.app.GalleryActivity,reason=UpdateInputWindows]
02-09 04:24:29.688 I/input_focus( 1240): [Focus leaving 9e7c415 com.android.launcher3/com.android.launcher3.uioverrides.QuickstepLauncher (server),reason=Waiting for window because NOT_VISIBLE]
02-09 04:24:29.691 I/sysui_multi_action( 1240): [319,75,322,75,325,164,757,761,758,8,759,2,806,com.android.gallery3d,871,com.android.gallery3d.app.GalleryActivity,904,android,905,0,1320,4,1321,1]
02-09 04:24:29.692 I/wm_activity_launch_time( 1240): [0,234276353,com.android.gallery3d/.app.GalleryActivity,75]
02-09 04:24:29.704 I/input_focus( 1240): [Focus entering 4c0a83 com.android.gallery3d/com.android.gallery3d.app.GalleryActivity (server),reason=Window became focusable. Previous reason: NOT_VISIBLE]
02-09 04:24:29.752 I/am_pss ( 1240): [3554,10088,com.android.music,49048576,40153088,0,180178944,0,10,6]
02-09 04:24:32.424 I/input_interaction( 1240): Interaction with: 4c0a83 com.android.gallery3d/com.android.gallery3d.app.GalleryActivity (server), swipe-up (server), edge-swipe (server), PointerEventDispatcher0 (server),
02-09 04:24:32.484 I/view_enqueue_input_event( 3921): [Motion - Cancel,com.android.gallery3d/com.android.gallery3d.app.GalleryActivity]
02-09 04:24:32.488 I/input_interaction( 1240): Interaction with: swipe-up (server), edge-swipe (server), PointerEventDispatcher0 (server),
02-09 04:24:32.668 I/commit_sys_config_file( 1240): [settings-1-0,6]
02-09 04:24:32.938 I/commit_sys_config_file( 1240): [settings-1-0,5]
02-09 04:24:33.288 I/input_interaction( 1240): Interaction with: 9e7c415 com.android.launcher3/com.android.launcher3.uioverrides.QuickstepLauncher (server), f1cc593 com.android.systemui.ImageWallpaper (server), swipe-up (server), edge-swipe (server), PointerEventDispatcher0 (server),
02-09 04:24:33.291 I/service_manager_stats( 1240): [100,57,34685]
02-09 04:24:33.395 I/view_enqueue_input_event( 2573): [Motion - Cancel,com.android.launcher3/com.android.launcher3.uioverrides.QuickstepLauncher]
02-09 04:24:33.396 I/input_interaction( 1240): Interaction with: swipe-up (server), edge-swipe (server), PointerEventDispatcher0 (server),
02-09 04:24:33.585 I/commit_sys_config_file( 1240): [settings-1-0,6]
02-09 04:24:33.788 I/commit_sys_config_file( 1240): [settings-1-0,6]
02-09 04:24:34.643 I/input_interaction( 1240): Interaction with: 9e7c415 com.android.launcher3/com.android.launcher3.uioverrides.QuickstepLauncher (server), f1cc593 com.android.systemui.ImageWallpaper (server), swipe-up (server), edge-swipe (server), PointerEventDispatcher0 (server),
02-09 04:24:34.813 I/wm_task_moved( 1240): [62,1,8]
02-09 04:24:34.813 I/wm_task_to_front( 1240): [0,62]
02-09 04:24:34.813 I/wm_focused_root_task( 1240): [0,0,62,66,bringingFoundTaskToFront]
02-09 04:24:34.814 I/wm_on_top_resumed_lost_called( 3921): [234276353,com.android.gallery3d.app.GalleryActivity,topStateChangedWhenResumed]
02-09 04:24:34.817 I/wm_set_resumed_activity( 1240): [0,com.android.settings/.Settings,bringingFoundTaskToFront]
02-09 04:24:34.817 I/wm_new_intent( 1240): [0,171931013,62,com.android.settings/.Settings,android.intent.action.MAIN,NULL,NULL,270532608]
02-09 04:24:34.820 I/wm_pause_activity( 1240): [0,208887896,com.android.launcher3/.uioverrides.QuickstepLauncher,userLeaving=true,pauseBackTasks]
02-09 04:24:34.829 I/wm_on_paused_called( 2573): [208887896,com.android.launcher3.uioverrides.QuickstepLauncher,performPause]
02-09 04:24:34.834 I/wm_set_resumed_activity( 1240): [0,com.android.settings/.Settings,resumeTopActivityInnerLocked]
02-09 04:24:34.835 I/wm_add_to_stopping( 1240): [0,208887896,com.android.launcher3/.uioverrides.QuickstepLauncher,makeInvisible]
02-09 04:24:34.837 I/wm_resume_activity( 1240): [0,171931013,62,com.android.settings/.Settings]
02-09 04:24:34.849 I/sysui_multi_action( 1240): [757,803,799,window_time_0,802,8]
02-09 04:24:34.852 I/wm_on_restart_called( 2418): [171931013,com.android.settings.Settings,performRestartActivity]
02-09 04:24:34.854 I/wm_on_start_called( 2418): [171931013,com.android.settings.Settings,handleStartActivity]
02-09 04:24:34.855 I/snet_event_log( 2418): [120484087,-1,]
02-09 04:24:34.856 I/wm_on_resume_called( 2418): [171931013,com.android.settings.Settings,RESUME_ACTIVITY]
02-09 04:24:34.856 I/sysui_multi_action( 2418): [757,340,758,1,833,0,1089,0]
02-09 04:24:34.856 I/sysui_multi_action( 2418): [757,35,758,1,833,0,1089,0]
02-09 04:24:34.858 I/wm_on_top_resumed_gained_called( 2418): [171931013,com.android.settings.Settings,topWhenResuming]
02-09 04:24:34.870 I/input_focus( 1240): [Focus request cd6a74 com.android.settings/com.android.settings.Settings,reason=UpdateInputWindows]
02-09 04:24:34.897 I/sysui_multi_action( 1240): [319,37,321,34,322,81,325,170,757,761,758,9,759,4,806,com.android.settings,871,com.android.settings.Settings,904,com.android.launcher3,905,0,1320,4,1321,1]
02-09 04:24:34.901 I/input_focus( 1240): [Focus leaving 4c0a83 com.android.gallery3d/com.android.gallery3d.app.GalleryActivity (server),reason=setFocusedWindow]
02-09 04:24:34.901 I/input_focus( 1240): [Focus entering cd6a74 com.android.settings/com.android.settings.Settings (server),reason=setFocusedWindow]
02-09 04:24:35.391 I/wm_stop_activity( 1240): [0,208887896,com.android.launcher3/.uioverrides.QuickstepLauncher]
02-09 04:24:35.414 I/wm_on_stop_called( 2573): [208887896,com.android.launcher3.uioverrides.QuickstepLauncher,STOP_ACTIVITY_ITEM]
02-09 04:24:36.274 I/input_interaction( 1240): Interaction with: 4c0a83 com.android.gallery3d/com.android.gallery3d.app.GalleryActivity (server), swipe-up (server), edge-swipe (server), PointerEventDispatcher0 (server),
02-09 04:24:36.279 I/wm_task_moved( 1240): [66,1,8]
02-09 04:24:36.279 I/wm_task_to_front( 1240): [0,66]
02-09 04:24:36.283 I/wm_on_top_resumed_lost_called( 2418): [171931013,com.android.settings.Settings,topStateChangedWhenResumed]
02-09 04:24:36.284 I/wm_set_resumed_activity( 1240): [0,com.android.gallery3d/.app.GalleryActivity,positionChildAt]
02-09 04:24:36.284 I/wm_focused_root_task( 1240): [0,0,66,62,setFocusedTask]
02-09 04:24:36.284 I/wm_set_resumed_activity( 1240): [0,com.android.gallery3d/.app.GalleryActivity,setFocusedTask]
02-09 04:24:36.285 I/input_focus( 1240): [Focus request 4c0a83 com.android.gallery3d/com.android.gallery3d.app.GalleryActivity,reason=UpdateInputWindows]
02-09 04:24:36.287 I/wm_on_top_resumed_gained_called( 3921): [234276353,com.android.gallery3d.app.GalleryActivity,topStateChangedWhenResumed]
02-09 04:24:36.295 I/wm_task_moved( 1240): [60,0,0]
02-09 04:24:36.295 I/wm_task_moved( 1240): [60,0,6]
02-09 04:24:36.309 I/input_focus( 1240): [Focus leaving cd6a74 com.android.settings/com.android.settings.Settings (server),reason=setFocusedWindow]
02-09 04:24:36.309 I/input_focus( 1240): [Focus entering 4c0a83 com.android.gallery3d/com.android.gallery3d.app.GalleryActivity (server),reason=setFocusedWindow]
02-09 04:24:36.326 I/wm_on_restart_called( 2573): [208887896,com.android.launcher3.uioverrides.QuickstepLauncher,performRestartActivity]
02-09 04:24:36.352 I/wm_on_start_called( 2573): [208887896,com.android.launcher3.uioverrides.QuickstepLauncher,handleStartActivity]
02-09 04:24:36.353 I/input_interaction( 1240): Interaction with: swipe-up (server), edge-swipe (server), PointerEventDispatcher0 (server),
02-09 04:24:36.354 I/view_enqueue_input_event( 3921): [Motion - Cancel,com.android.gallery3d/com.android.gallery3d.app.GalleryActivity]
02-09 04:24:36.362 I/sysui_latency( 2573): [1,88]
02-09 04:24:36.372 I/sysui_multi_action( 1240): [319,9,322,72,325,171,757,761,758,9,759,5,806,com.android.launcher3,871,com.android.launcher3.uioverrides.QuickstepLauncher,904,com.android.launcher3,905,0,1320,4,1321,1]
02-09 04:24:36.556 I/commit_sys_config_file( 1240): [settings-1-0,5]
02-09 04:24:36.669 I/sysui_latency( 1240): [8,89]
02-09 04:24:37.127 I/wm_task_moved( 1240): [60,1,8]
02-09 04:24:37.130 I/wm_focused_root_task( 1240): [0,0,60,66,RecentsAnimation.onAnimationFinished()]
02-09 04:24:37.130 I/wm_on_top_resumed_lost_called( 3921): [234276353,com.android.gallery3d.app.GalleryActivity,topStateChangedWhenResumed]
02-09 04:24:37.133 I/wm_pause_activity( 1240): [0,171931013,com.android.settings/.Settings,userLeaving=false,pauseBackTasks]
02-09 04:24:37.134 I/wm_set_resumed_activity( 1240): [0,com.android.launcher3/.uioverrides.QuickstepLauncher,resumeTopActivityInnerLocked]
02-09 04:24:37.135 I/sysui_multi_action( 2418): [757,340,758,2,1089,2279]
02-09 04:24:37.136 I/wm_resume_activity( 1240): [0,208887896,61,com.android.launcher3/.uioverrides.QuickstepLauncher]
02-09 04:24:37.136 I/sysui_multi_action( 2418): [757,35,758,2,1089,2280]
02-09 04:24:37.137 I/wm_on_paused_called( 2418): [171931013,com.android.settings.Settings,performPause]
02-09 04:24:37.137 I/wm_on_resume_called( 2573): [208887896,com.android.launcher3.uioverrides.QuickstepLauncher,RESUME_ACTIVITY]
02-09 04:24:37.138 I/wm_add_to_stopping( 1240): [0,171931013,com.android.settings/.Settings,makeInvisible]
02-09 04:24:37.144 I/sysui_multi_action( 1240): [757,803,799,window_time_0,802,2]
02-09 04:24:37.151 I/input_focus( 1240): [Focus request 9e7c415 com.android.launcher3/com.android.launcher3.uioverrides.QuickstepLauncher,reason=UpdateInputWindows]
02-09 04:24:37.151 I/wm_stop_activity( 1240): [0,171931013,com.android.settings/.Settings]
02-09 04:24:37.152 I/wm_finish_activity( 1240): [0,234276353,66,com.android.gallery3d/.app.GalleryActivity,app-request]
02-09 04:24:37.157 I/wm_pause_activity( 1240): [0,234276353,com.android.gallery3d/.app.GalleryActivity,userLeaving=false,finish]
02-09 04:24:37.166 I/sysui_multi_action( 1240): [757,803,799,window_time_0,802,0]
02-09 04:24:37.173 I/input_focus( 1240): [Focus leaving 4c0a83 com.android.gallery3d/com.android.gallery3d.app.GalleryActivity (server),reason=setFocusedWindow]
02-09 04:24:37.173 I/input_focus( 1240): [Focus entering 9e7c415 com.android.launcher3/com.android.launcher3.uioverrides.QuickstepLauncher (server),reason=setFocusedWindow]
02-09 04:24:37.173 I/wm_on_paused_called( 3921): [234276353,com.android.gallery3d.app.GalleryActivity,performPause]
02-09 04:24:37.175 I/wm_destroy_activity( 1240): [0,234276353,66,com.android.gallery3d/.app.GalleryActivity,finish-imm:completePausedLocked]
02-09 04:24:37.182 I/wm_on_stop_called( 2418): [171931013,com.android.settings.Settings,STOP_ACTIVITY_ITEM]
02-09 04:24:37.186 I/sysui_multi_action( 1240): [757,803,799,window_time_0,802,0]
02-09 04:24:37.187 I/wm_on_top_resumed_gained_called( 2573): [208887896,com.android.launcher3.uioverrides.QuickstepLauncher,topStateChangedWhenResumed]
02-09 04:24:37.188 I/wm_on_stop_called( 3921): [234276353,com.android.gallery3d.app.GalleryActivity,LIFECYCLER_STOP_ACTIVITY]
02-09 04:24:37.192 I/wm_on_destroy_called( 3921): [234276353,com.android.gallery3d.app.GalleryActivity,performDestroy]
02-09 04:24:37.381 I/commit_sys_config_file( 1240): [settings-1-0,7]
02-09 04:24:37.472 I/wm_task_removed( 1240): [66,removeChild:removeChild last r=ActivityRecord{df6c601 u0 com.android.gallery3d/.app.GalleryActivity t-1 f}} in t=Task{b4fafe8 #66 type=standard A=10064:com.android.gallery3d U=0 visible=false mode=freeform translucent=true sz=0}]
02-09 04:24:37.472 I/wm_task_removed( 1240): [66,removeChild]
02-09 04:24:38.240 I/input_interaction( 1240): Interaction with: 9e7c415 com.android.launcher3/com.android.launcher3.uioverrides.QuickstepLauncher (server), f1cc593 com.android.systemui.ImageWallpaper (server), swipe-up (server), edge-swipe (server), PointerEventDispatcher0 (server),
02-09 04:24:38.370 I/wm_task_created( 1240): [67,-1]
02-09 04:24:38.373 I/wm_task_moved( 1240): [67,1,8]
02-09 04:24:38.373 I/wm_task_to_front( 1240): [0,67]
02-09 04:24:38.373 I/wm_create_task( 1240): [0,67]
02-09 04:24:38.373 I/wm_create_activity( 1240): [0,162179674,67,com.android.gallery3d/.app.GalleryActivity,android.intent.action.MAIN,NULL,NULL,270532608]
02-09 04:24:38.373 I/wm_task_moved( 1240): [67,1,8]
02-09 04:24:38.375 I/wm_restart_activity( 1240): [0,162179674,67,com.android.gallery3d/.app.GalleryActivity]
02-09 04:24:38.375 I/wm_set_resumed_activity( 1240): [0,com.android.gallery3d/.app.GalleryActivity,minimalResumeActivityLocked]
02-09 04:24:38.384 I/wm_on_create_called( 3921): [162179674,com.android.gallery3d.app.GalleryActivity,performCreate]
02-09 04:24:38.384 I/wm_on_start_called( 3921): [162179674,com.android.gallery3d.app.GalleryActivity,handleStartActivity]
02-09 04:24:38.385 I/wm_on_resume_called( 3921): [162179674,com.android.gallery3d.app.GalleryActivity,RESUME_ACTIVITY]
02-09 04:24:38.388 I/wm_on_top_resumed_lost_called( 2573): [208887896,com.android.launcher3.uioverrides.QuickstepLauncher,topStateChangedWhenResumed]
02-09 04:24:38.393 I/input_focus( 1240): [Focus request c5b6414 com.android.gallery3d/com.android.gallery3d.app.GalleryActivity,reason=UpdateInputWindows]
02-09 04:24:38.401 I/wm_on_top_resumed_gained_called( 3921): [162179674,com.android.gallery3d.app.GalleryActivity,topStateChangedWhenResumed]
02-09 04:24:38.426 I/input_focus( 1240): [Focus leaving 9e7c415 com.android.launcher3/com.android.launcher3.uioverrides.QuickstepLauncher (server),reason=Waiting for window because NOT_VISIBLE]
02-09 04:24:38.428 I/sysui_multi_action( 1240): [319,60,322,60,325,173,757,761,758,8,759,2,806,com.android.gallery3d,871,com.android.gallery3d.app.GalleryActivity,904,android,905,0,1320,4,1321,1]
02-09 04:24:38.429 I/wm_activity_launch_time( 1240): [0,162179674,com.android.gallery3d/.app.GalleryActivity,60]
02-09 04:24:38.442 I/input_focus( 1240): [Focus entering c5b6414 com.android.gallery3d/com.android.gallery3d.app.GalleryActivity (server),reason=Window became focusable. Previous reason: NOT_VISIBLE]
02-09 04:24:39.510 I/wm_task_moved( 1240): [62,1,8]
02-09 04:24:39.510 I/wm_task_to_front( 1240): [0,62]
02-09 04:24:39.510 I/wm_focused_root_task( 1240): [0,0,62,67,bringingFoundTaskToFront]
02-09 04:24:39.511 I/wm_on_top_resumed_lost_called( 3921): [162179674,com.android.gallery3d.app.GalleryActivity,topStateChangedWhenResumed]
02-09 04:24:39.511 I/wm_set_resumed_activity( 1240): [0,com.android.settings/.Settings,bringingFoundTaskToFront]
02-09 04:24:39.511 I/wm_new_intent( 1240): [0,171931013,62,com.android.settings/.Settings,android.intent.action.MAIN,NULL,NULL,270532608]
02-09 04:24:39.512 I/wm_pause_activity( 1240): [0,208887896,com.android.launcher3/.uioverrides.QuickstepLauncher,userLeaving=true,pauseBackTasks]
02-09 04:24:39.515 I/wm_on_paused_called( 2573): [208887896,com.android.launcher3.uioverrides.QuickstepLauncher,performPause]
02-09 04:24:39.518 I/wm_set_resumed_activity( 1240): [0,com.android.settings/.Settings,resumeTopActivityInnerLocked]
02-09 04:24:39.518 I/wm_add_to_stopping( 1240): [0,208887896,com.android.launcher3/.uioverrides.QuickstepLauncher,makeInvisible]
02-09 04:24:39.519 I/wm_resume_activity( 1240): [0,171931013,62,com.android.settings/.Settings]
02-09 04:24:39.522 I/sysui_multi_action( 1240): [757,803,799,window_time_0,802,2]
02-09 04:24:39.527 I/wm_on_restart_called( 2418): [171931013,com.android.settings.Settings,performRestartActivity]
02-09 04:24:39.528 I/wm_on_start_called( 2418): [171931013,com.android.settings.Settings,handleStartActivity]
02-09 04:24:39.529 I/snet_event_log( 2418): [120484087,-1,]
02-09 04:24:39.529 I/wm_on_resume_called( 2418): [171931013,com.android.settings.Settings,RESUME_ACTIVITY]
02-09 04:24:39.529 I/sysui_multi_action( 2418): [757,340,758,1,833,0,1089,0]
02-09 04:24:39.530 I/sysui_multi_action( 2418): [757,35,758,1,833,0,1089,0]
02-09 04:24:39.533 I/wm_on_top_resumed_gained_called( 2418): [171931013,com.android.settings.Settings,topWhenResuming]
02-09 04:24:39.546 I/input_focus( 1240): [Focus request cd6a74 com.android.settings/com.android.settings.Settings,reason=UpdateInputWindows]
02-09 04:24:39.553 I/sysui_multi_action( 1240): [319,13,321,12,322,42,325,174,757,761,758,9,759,4,806,com.android.settings,871,com.android.settings.Settings,904,com.android.launcher3,905,0,1320,4,1321,1]
02-09 04:24:39.563 I/input_focus( 1240): [Focus leaving c5b6414 com.android.gallery3d/com.android.gallery3d.app.GalleryActivity (server),reason=setFocusedWindow]
02-09 04:24:39.563 I/input_focus( 1240): [Focus entering cd6a74 com.android.settings/com.android.settings.Settings (server),reason=setFocusedWindow]
02-09 04:24:40.063 I/wm_stop_activity( 1240): [0,208887896,com.android.launcher3/.uioverrides.QuickstepLauncher]
02-09 04:24:40.080 I/wm_on_stop_called( 2573): [208887896,com.android.launcher3.uioverrides.QuickstepLauncher,STOP_ACTIVITY_ITEM]
02-09 04:24:40.805 I/input_interaction( 1240): Interaction with: c5b6414 com.android.gallery3d/com.android.gallery3d.app.GalleryActivity (server), swipe-up (server), edge-swipe (server), PointerEventDispatcher0 (server),
02-09 04:24:40.808 I/wm_task_moved( 1240): [67,1,8]
02-09 04:24:40.808 I/wm_task_to_front( 1240): [0,67]
02-09 04:24:40.814 I/wm_set_resumed_activity( 1240): [0,com.android.gallery3d/.app.GalleryActivity,positionChildAt]
02-09 04:24:40.814 I/wm_focused_root_task( 1240): [0,0,67,62,setFocusedTask]
02-09 04:24:40.814 I/wm_set_resumed_activity( 1240): [0,com.android.gallery3d/.app.GalleryActivity,setFocusedTask]
02-09 04:24:40.814 I/wm_on_top_resumed_lost_called( 2418): [171931013,com.android.settings.Settings,topStateChangedWhenResumed]
02-09 04:24:40.815 I/input_focus( 1240): [Focus request c5b6414 com.android.gallery3d/com.android.gallery3d.app.GalleryActivity,reason=UpdateInputWindows]
02-09 04:24:40.820 I/wm_on_top_resumed_gained_called( 3921): [162179674,com.android.gallery3d.app.GalleryActivity,topStateChangedWhenResumed]
02-09 04:24:40.821 I/wm_task_moved( 1240): [60,0,0]
02-09 04:24:40.822 I/wm_task_moved( 1240): [60,0,6]
02-09 04:24:40.834 I/input_focus( 1240): [Focus leaving cd6a74 com.android.settings/com.android.settings.Settings (server),reason=setFocusedWindow]
02-09 04:24:40.834 I/input_focus( 1240): [Focus entering c5b6414 com.android.gallery3d/com.android.gallery3d.app.GalleryActivity (server),reason=setFocusedWindow]
02-09 04:24:40.841 I/wm_on_restart_called( 2573): [208887896,com.android.launcher3.uioverrides.QuickstepLauncher,performRestartActivity]
02-09 04:24:40.861 I/wm_on_start_called( 2573): [208887896,com.android.launcher3.uioverrides.QuickstepLauncher,handleStartActivity]
02-09 04:24:40.862 I/view_enqueue_input_event( 3921): [Motion - Cancel,com.android.gallery3d/com.android.gallery3d.app.GalleryActivity]
02-09 04:24:40.870 I/input_interaction( 1240): Interaction with: swipe-up (server), edge-swipe (server), PointerEventDispatcher0 (server),
02-09 04:24:40.872 I/sysui_latency( 2573): [1,67]
02-09 04:24:40.896 I/sysui_multi_action( 1240): [319,14,322,60,325,176,757,761,758,9,759,5,806,com.android.launcher3,871,com.android.launcher3.uioverrides.QuickstepLauncher,904,com.android.launcher3,905,0,1320,4,1321,1]
02-09 04:24:41.062 I/commit_sys_config_file( 1240): [settings-1-0,4]
02-09 04:24:41.187 I/sysui_latency( 1240): [8,74]
02-09 04:24:41.625 I/wm_task_moved( 1240): [60,1,8]
02-09 04:24:41.628 I/wm_focused_root_task( 1240): [0,0,60,67,RecentsAnimation.onAnimationFinished()]
02-09 04:24:41.630 I/wm_on_top_resumed_lost_called( 3921): [162179674,com.android.gallery3d.app.GalleryActivity,topStateChangedWhenResumed]
02-09 04:24:41.634 I/wm_pause_activity( 1240): [0,171931013,com.android.settings/.Settings,userLeaving=false,pauseBackTasks]
02-09 04:24:41.638 I/sysui_multi_action( 2418): [757,340,758,2,1089,2108]
02-09 04:24:41.639 I/sysui_multi_action( 2418): [757,35,758,2,1089,2109]
02-09 04:24:41.640 I/wm_set_resumed_activity( 1240): [0,com.android.launcher3/.uioverrides.QuickstepLauncher,resumeTopActivityInnerLocked]
02-09 04:24:41.640 I/wm_on_paused_called( 2418): [171931013,com.android.settings.Settings,performPause]
02-09 04:24:41.642 I/wm_resume_activity( 1240): [0,208887896,61,com.android.launcher3/.uioverrides.QuickstepLauncher]
02-09 04:24:41.642 I/wm_add_to_stopping( 1240): [0,171931013,com.android.settings/.Settings,makeInvisible]
02-09 04:24:41.643 I/wm_on_resume_called( 2573): [208887896,com.android.launcher3.uioverrides.QuickstepLauncher,RESUME_ACTIVITY]
02-09 04:24:41.650 I/input_focus( 1240): [Focus request 9e7c415 com.android.launcher3/com.android.launcher3.uioverrides.QuickstepLauncher,reason=UpdateInputWindows]
02-09 04:24:41.654 I/sysui_multi_action( 1240): [757,803,799,window_time_0,802,3]
02-09 04:24:41.656 I/wm_stop_activity( 1240): [0,171931013,com.android.settings/.Settings]
02-09 04:24:41.658 I/wm_finish_activity( 1240): [0,162179674,67,com.android.gallery3d/.app.GalleryActivity,app-request]
02-09 04:24:41.660 I/wm_on_stop_called( 2418): [171931013,com.android.settings.Settings,STOP_ACTIVITY_ITEM]
02-09 04:24:41.663 I/wm_pause_activity( 1240): [0,162179674,com.android.gallery3d/.app.GalleryActivity,userLeaving=false,finish]
02-09 04:24:41.668 I/input_focus( 1240): [Focus leaving c5b6414 com.android.gallery3d/com.android.gallery3d.app.GalleryActivity (server),reason=setFocusedWindow]
02-09 04:24:41.668 I/input_focus( 1240): [Focus entering 9e7c415 com.android.launcher3/com.android.launcher3.uioverrides.QuickstepLauncher (server),reason=setFocusedWindow]
02-09 04:24:41.670 I/wm_on_paused_called( 3921): [162179674,com.android.gallery3d.app.GalleryActivity,performPause]
02-09 04:24:41.670 I/sysui_multi_action( 1240): [757,803,799,window_time_0,802,0]
02-09 04:24:41.673 I/wm_destroy_activity( 1240): [0,162179674,67,com.android.gallery3d/.app.GalleryActivity,finish-imm:completePausedLocked]
02-09 04:24:41.685 I/sysui_multi_action( 1240): [757,803,799,window_time_0,802,0]
02-09 04:24:41.691 I/wm_on_top_resumed_gained_called( 2573): [208887896,com.android.launcher3.uioverrides.QuickstepLauncher,topStateChangedWhenResumed]
02-09 04:24:41.693 I/wm_on_stop_called( 3921): [162179674,com.android.gallery3d.app.GalleryActivity,LIFECYCLER_STOP_ACTIVITY]
02-09 04:24:41.695 I/wm_on_destroy_called( 3921): [162179674,com.android.gallery3d.app.GalleryActivity,performDestroy]
02-09 04:24:41.892 I/commit_sys_config_file( 1240): [settings-1-0,9]
02-09 04:24:41.966 I/wm_task_removed( 1240): [67,removeChild:removeChild last r=ActivityRecord{9aaaa5a u0 com.android.gallery3d/.app.GalleryActivity t-1 f}} in t=Task{958f06f #67 type=standard A=10064:com.android.gallery3d U=0 visible=false mode=freeform translucent=true sz=0}]
02-09 04:24:41.966 I/wm_task_removed( 1240): [67,removeChild]
02-09 04:24:42.836 I/input_interaction( 1240): Interaction with: 9e7c415 com.android.launcher3/com.android.launcher3.uioverrides.QuickstepLauncher (server), f1cc593 com.android.systemui.ImageWallpaper (server), swipe-up (server), edge-swipe (server), PointerEventDispatcher0 (server),
02-09 04:24:43.006 I/wm_task_created( 1240): [68,-1]
02-09 04:24:43.009 I/wm_task_moved( 1240): [68,1,8]
02-09 04:24:43.009 I/wm_task_to_front( 1240): [0,68]
02-09 04:24:43.009 I/wm_create_task( 1240): [0,68]
02-09 04:24:43.009 I/wm_create_activity( 1240): [0,80135414,68,com.android.gallery3d/.app.GalleryActivity,android.intent.action.MAIN,NULL,NULL,270532608]
02-09 04:24:43.009 I/wm_task_moved( 1240): [68,1,8]
02-09 04:24:43.010 I/wm_restart_activity( 1240): [0,80135414,68,com.android.gallery3d/.app.GalleryActivity]
02-09 04:24:43.011 I/wm_set_resumed_activity( 1240): [0,com.android.gallery3d/.app.GalleryActivity,minimalResumeActivityLocked]
02-09 04:24:43.015 I/wm_on_top_resumed_lost_called( 2573): [208887896,com.android.launcher3.uioverrides.QuickstepLauncher,topStateChangedWhenResumed]
02-09 04:24:43.022 I/wm_on_create_called( 3921): [80135414,com.android.gallery3d.app.GalleryActivity,performCreate]
02-09 04:24:43.022 I/wm_on_start_called( 3921): [80135414,com.android.gallery3d.app.GalleryActivity,handleStartActivity]
02-09 04:24:43.024 I/wm_on_resume_called( 3921): [80135414,com.android.gallery3d.app.GalleryActivity,RESUME_ACTIVITY]
02-09 04:24:43.025 I/wm_on_top_resumed_gained_called( 3921): [80135414,com.android.gallery3d.app.GalleryActivity,topStateChangedWhenResumed]
02-09 04:24:43.038 I/input_focus( 1240): [Focus request 9cc49d0 com.android.gallery3d/com.android.gallery3d.app.GalleryActivity,reason=UpdateInputWindows]
02-09 04:24:43.070 I/input_focus( 1240): [Focus leaving 9e7c415 com.android.launcher3/com.android.launcher3.uioverrides.QuickstepLauncher (server),reason=Waiting for window because NOT_VISIBLE]
02-09 04:24:43.074 I/sysui_multi_action( 1240): [319,71,322,71,325,178,757,761,758,8,759,2,806,com.android.gallery3d,871,com.android.gallery3d.app.GalleryActivity,904,android,905,0,1320,4,1321,1]
02-09 04:24:43.074 I/wm_activity_launch_time( 1240): [0,80135414,com.android.gallery3d/.app.GalleryActivity,71]
02-09 04:24:43.087 I/input_focus( 1240): [Focus entering 9cc49d0 com.android.gallery3d/com.android.gallery3d.app.GalleryActivity (server),reason=Window became focusable. Previous reason: NOT_VISIBLE]
02-09 04:24:44.418 I/wm_task_moved( 1240): [62,1,8]
02-09 04:24:44.418 I/wm_task_to_front( 1240): [0,62]
02-09 04:24:44.418 I/wm_focused_root_task( 1240): [0,0,62,68,bringingFoundTaskToFront]
02-09 04:24:44.418 I/wm_on_top_resumed_lost_called( 3921): [80135414,com.android.gallery3d.app.GalleryActivity,topStateChangedWhenResumed]
02-09 04:24:44.419 I/wm_set_resumed_activity( 1240): [0,com.android.settings/.Settings,bringingFoundTaskToFront]
02-09 04:24:44.419 I/wm_new_intent( 1240): [0,171931013,62,com.android.settings/.Settings,android.intent.action.MAIN,NULL,NULL,270532608]
02-09 04:24:44.420 I/wm_pause_activity( 1240): [0,208887896,com.android.launcher3/.uioverrides.QuickstepLauncher,userLeaving=true,pauseBackTasks]
02-09 04:24:44.423 I/wm_on_paused_called( 2573): [208887896,com.android.launcher3.uioverrides.QuickstepLauncher,performPause]
02-09 04:24:44.425 I/wm_set_resumed_activity( 1240): [0,com.android.settings/.Settings,resumeTopActivityInnerLocked]
02-09 04:24:44.425 I/wm_add_to_stopping( 1240): [0,208887896,com.android.launcher3/.uioverrides.QuickstepLauncher,makeInvisible]
02-09 04:24:44.426 I/wm_resume_activity( 1240): [0,171931013,62,com.android.settings/.Settings]
02-09 04:24:44.433 I/sysui_multi_action( 1240): [757,803,799,window_time_0,802,2]
02-09 04:24:44.440 I/wm_on_restart_called( 2418): [171931013,com.android.settings.Settings,performRestartActivity]
02-09 04:24:44.441 I/wm_on_start_called( 2418): [171931013,com.android.settings.Settings,handleStartActivity]
02-09 04:24:44.442 I/snet_event_log( 2418): [120484087,-1,]
02-09 04:24:44.442 I/wm_on_resume_called( 2418): [171931013,com.android.settings.Settings,RESUME_ACTIVITY]
02-09 04:24:44.442 I/sysui_multi_action( 2418): [757,340,758,1,833,0,1089,0]
02-09 04:24:44.443 I/sysui_multi_action( 2418): [757,35,758,1,833,0,1089,0]
02-09 04:24:44.444 I/wm_on_top_resumed_gained_called( 2418): [171931013,com.android.settings.Settings,topWhenResuming]
02-09 04:24:44.459 I/input_focus( 1240): [Focus request cd6a74 com.android.settings/com.android.settings.Settings,reason=UpdateInputWindows]
02-09 04:24:44.467 I/sysui_multi_action( 1240): [319,13,321,11,322,47,325,179,757,761,758,9,759,4,806,com.android.settings,871,com.android.settings.Settings,904,com.android.launcher3,905,0,1320,4,1321,1]
02-09 04:24:44.473 I/input_focus( 1240): [Focus leaving 9cc49d0 com.android.gallery3d/com.android.gallery3d.app.GalleryActivity (server),reason=setFocusedWindow]
02-09 04:24:44.473 I/input_focus( 1240): [Focus entering cd6a74 com.android.settings/com.android.settings.Settings (server),reason=setFocusedWindow]
02-09 04:24:44.958 I/wm_stop_activity( 1240): [0,208887896,com.android.launcher3/.uioverrides.QuickstepLauncher]
02-09 04:24:44.976 I/wm_on_stop_called( 2573): [208887896,com.android.launcher3.uioverrides.QuickstepLauncher,STOP_ACTIVITY_ITEM]
02-09 04:24:45.295 I/input_interaction( 1240): Interaction with: 9cc49d0 com.android.gallery3d/com.android.gallery3d.app.GalleryActivity (server), swipe-up (server), edge-swipe (server), PointerEventDispatcher0 (server),
02-09 04:24:45.296 I/wm_task_moved( 1240): [68,1,8]
02-09 04:24:45.296 I/wm_task_to_front( 1240): [0,68]
02-09 04:24:45.302 I/wm_on_top_resumed_lost_called( 2418): [171931013,com.android.settings.Settings,topStateChangedWhenResumed]
02-09 04:24:45.302 I/wm_set_resumed_activity( 1240): [0,com.android.gallery3d/.app.GalleryActivity,positionChildAt]
02-09 04:24:45.302 I/wm_focused_root_task( 1240): [0,0,68,62,setFocusedTask]
02-09 04:24:45.302 I/wm_set_resumed_activity( 1240): [0,com.android.gallery3d/.app.GalleryActivity,setFocusedTask]
02-09 04:24:45.303 I/input_focus( 1240): [Focus request 9cc49d0 com.android.gallery3d/com.android.gallery3d.app.GalleryActivity,reason=UpdateInputWindows]
02-09 04:24:45.305 I/wm_on_top_resumed_gained_called( 3921): [80135414,com.android.gallery3d.app.GalleryActivity,topStateChangedWhenResumed]
02-09 04:24:45.327 I/input_focus( 1240): [Focus leaving cd6a74 com.android.settings/com.android.settings.Settings (server),reason=setFocusedWindow]
02-09 04:24:45.327 I/input_focus( 1240): [Focus entering 9cc49d0 com.android.gallery3d/com.android.gallery3d.app.GalleryActivity (server),reason=setFocusedWindow]
02-09 04:24:45.398 I/view_enqueue_input_event( 3921): [Motion - Cancel,com.android.gallery3d/com.android.gallery3d.app.GalleryActivity]
02-09 04:24:45.400 I/input_interaction( 1240): Interaction with: WindowManager (server), swipe-up (server), edge-swipe (server), PointerEventDispatcher0 (server),
02-09 04:24:47.304 I/input_interaction( 1240): Interaction with: cd6a74 com.android.settings/com.android.settings.Settings (server), swipe-up (server), edge-swipe (server), PointerEventDispatcher0 (server),
02-09 04:24:47.306 I/wm_task_moved( 1240): [62,1,8]
02-09 04:24:47.306 I/wm_task_to_front( 1240): [0,62]
02-09 04:24:47.312 I/wm_on_top_resumed_lost_called( 3921): [80135414,com.android.gallery3d.app.GalleryActivity,topStateChangedWhenResumed]
02-09 04:24:47.313 I/wm_set_resumed_activity( 1240): [0,com.android.settings/.Settings,positionChildAt]
02-09 04:24:47.313 I/wm_focused_root_task( 1240): [0,0,62,68,setFocusedTask]
02-09 04:24:47.313 I/wm_set_resumed_activity( 1240): [0,com.android.settings/.Settings,setFocusedTask]
02-09 04:24:47.313 I/input_focus( 1240): [Focus request cd6a74 com.android.settings/com.android.settings.Settings,reason=UpdateInputWindows]
02-09 04:24:47.314 I/wm_on_top_resumed_gained_called( 2418): [171931013,com.android.settings.Settings,topStateChangedWhenResumed]
02-09 04:24:47.332 I/input_focus( 1240): [Focus leaving 9cc49d0 com.android.gallery3d/com.android.gallery3d.app.GalleryActivity (server),reason=setFocusedWindow]
02-09 04:24:47.332 I/input_focus( 1240): [Focus entering cd6a74 com.android.settings/com.android.settings.Settings (server),reason=setFocusedWindow]
02-09 04:24:47.531 I/configuration_changed( 1240): 1073741824
02-09 04:24:47.571 I/wm_relaunch_resume_activity( 1240): [0,171931013,62,com.android.settings/.Settings]
02-09 04:24:47.572 I/wm_relaunch_activity( 1240): [0,80135414,68,com.android.gallery3d/.app.GalleryActivity]
02-09 04:24:47.572 I/wm_on_top_resumed_lost_called( 2418): [171931013,com.android.settings.Settings,pausing]
02-09 04:24:47.576 I/sysui_multi_action( 2418): [757,340,758,2,1089,3130]
02-09 04:24:47.576 I/sysui_multi_action( 2418): [757,35,758,2,1089,3134]
02-09 04:24:47.577 I/wm_on_paused_called( 2418): [171931013,com.android.settings.Settings,performPause]
02-09 04:24:47.577 I/wm_on_paused_called( 3921): [80135414,com.android.gallery3d.app.GalleryActivity,performPause]
02-09 04:24:47.579 I/wm_on_stop_called( 2418): [171931013,com.android.settings.Settings,handleRelaunchActivity]
02-09 04:24:47.580 I/wm_on_stop_called( 3921): [80135414,com.android.gallery3d.app.GalleryActivity,handleRelaunchActivity]
02-09 04:24:47.581 I/wm_on_destroy_called( 3921): [80135414,com.android.gallery3d.app.GalleryActivity,performDestroy]
02-09 04:24:47.583 I/wm_on_destroy_called( 2418): [171931013,com.android.settings.Settings,performDestroy]
02-09 04:24:47.598 I/sysui_multi_action( 1240): [324,1,757,1090,758,13,806,com.android.settings,871,com.android.settings.Settings,1091,3180]
02-09 04:24:47.608 I/wm_relaunch_activity( 1240): [0,208887896,61,com.android.launcher3/.uioverrides.QuickstepLauncher]
02-09 04:24:47.608 I/wm_add_to_stopping( 1240): [0,208887896,com.android.launcher3/.uioverrides.QuickstepLauncher,preloadRecents]
02-09 04:24:47.611 I/wm_on_create_called( 3921): [80135414,com.android.gallery3d.app.GalleryActivity,performCreate]
02-09 04:24:47.612 I/wm_on_start_called( 3921): [80135414,com.android.gallery3d.app.GalleryActivity,handleStartActivity]
02-09 04:24:47.616 I/wm_on_resume_called( 3921): [80135414,com.android.gallery3d.app.GalleryActivity,LIFECYCLER_RESUME_ACTIVITY]
02-09 04:24:47.618 I/wm_on_destroy_called( 2573): [208887896,com.android.launcher3.uioverrides.QuickstepLauncher,performDestroy]
02-09 04:24:47.627 I/wm_on_paused_called( 3921): [80135414,com.android.gallery3d.app.GalleryActivity,performPause]
02-09 04:24:47.628 I/am_uid_active( 1240): 10083
02-09 04:24:47.628 I/wm_on_create_called( 2418): [171931013,com.android.settings.Settings,performCreate]
02-09 04:24:47.652 I/wm_stop_activity( 1240): [0,208887896,com.android.launcher3/.uioverrides.QuickstepLauncher]
02-09 04:24:47.661 I/wm_on_start_called( 2418): [171931013,com.android.settings.Settings,handleStartActivity]
02-09 04:24:47.661 I/snet_event_log( 2418): [120484087,-1,]
02-09 04:24:47.661 I/wm_on_resume_called( 2418): [171931013,com.android.settings.Settings,RESUME_ACTIVITY]
02-09 04:24:47.662 I/sysui_multi_action( 2418): [757,340,758,1,833,0,1089,59]
02-09 04:24:47.662 I/sysui_multi_action( 2418): [757,35,758,1,833,0,1089,18]
02-09 04:24:47.663 I/sysui_multi_action( 2418): [757,1729,758,4,854,isParalleledControllers:false,1089,20]
02-09 04:24:47.664 I/wm_on_top_resumed_gained_called( 2418): [171931013,com.android.settings.Settings,topWhenResuming]
02-09 04:24:47.667 I/am_uid_active( 1240): 10019
02-09 04:24:47.676 I/wm_on_create_called( 2573): [208887896,com.android.launcher3.uioverrides.QuickstepLauncher,performCreate]
02-09 04:24:47.676 I/wm_on_start_called( 2573): [208887896,com.android.launcher3.uioverrides.QuickstepLauncher,handleStartActivity]
02-09 04:24:47.677 I/wm_on_resume_called( 2573): [208887896,com.android.launcher3.uioverrides.QuickstepLauncher,LIFECYCLER_RESUME_ACTIVITY]
02-09 04:24:47.680 I/wm_on_paused_called( 2573): [208887896,com.android.launcher3.uioverrides.QuickstepLauncher,performPause]
02-09 04:24:47.701 I/wm_on_stop_called( 2573): [208887896,com.android.launcher3.uioverrides.QuickstepLauncher,STOP_ACTIVITY_ITEM]
02-09 04:24:47.712 I/input_focus( 1240): [Focus request 502924e com.android.settings/com.android.settings.Settings,reason=UpdateInputWindows]
02-09 04:24:47.749 I/commit_sys_config_file( 1240): [settings-1-0,19]
02-09 04:24:47.798 I/input_focus( 1240): [Focus entering 502924e com.android.settings/com.android.settings.Settings (server),reason=Window became focusable. Previous reason: NOT_VISIBLE]
02-09 04:24:52.474 I/input_interaction( 1240): Interaction with: 822387f com.android.gallery3d/com.android.gallery3d.app.GalleryActivity (server), swipe-up (server), edge-swipe (server), PointerEventDispatcher0 (server),
02-09 04:24:52.478 I/wm_task_moved( 1240): [68,1,8]
02-09 04:24:52.478 I/wm_task_to_front( 1240): [0,68]
02-09 04:24:52.480 I/wm_focused_root_task( 1240): [0,0,68,62,setFocusedTask]
02-09 04:24:52.480 I/wm_on_top_resumed_lost_called( 2418): [171931013,com.android.settings.Settings,topStateChangedWhenResumed]
02-09 04:24:52.480 I/wm_set_resumed_activity( 1240): [0,com.android.gallery3d/.app.GalleryActivity,setFocusedTask]
02-09 04:24:52.481 I/wm_set_resumed_activity( 1240): [0,com.android.gallery3d/.app.GalleryActivity,resumeTopActivityInnerLocked]
02-09 04:24:52.482 I/service_manager_stats( 1240): [100,40,19191]
02-09 04:24:52.483 I/wm_resume_activity( 1240): [0,80135414,68,com.android.gallery3d/.app.GalleryActivity]
02-09 04:24:52.484 I/input_focus( 1240): [Focus request 822387f com.android.gallery3d/com.android.gallery3d.app.GalleryActivity,reason=UpdateInputWindows]
02-09 04:24:52.489 I/input_focus( 1240): [Focus leaving 502924e com.android.settings/com.android.settings.Settings (server),reason=setFocusedWindow]
02-09 04:24:52.489 I/input_focus( 1240): [Focus entering 822387f com.android.gallery3d/com.android.gallery3d.app.GalleryActivity (server),reason=setFocusedWindow]
02-09 04:24:52.501 I/wm_on_resume_called( 3921): [80135414,com.android.gallery3d.app.GalleryActivity,RESUME_ACTIVITY]
02-09 04:24:52.502 I/wm_on_top_resumed_gained_called( 3921): [80135414,com.android.gallery3d.app.GalleryActivity,topStateChangedWhenResumed]
02-09 04:24:52.559 I/am_pss ( 1240): [3554,10088,com.android.music,49008640,40153088,0,180195328,0,10,10]
02-09 04:24:58.548 I/wm_finish_activity( 1240): [0,80135414,68,com.android.gallery3d/.app.GalleryActivity,finish-activity]
02-09 04:24:58.548 I/wm_task_moved( 1240): [62,1,8]
02-09 04:24:58.548 I/wm_task_to_front( 1240): [0,62]
02-09 04:24:58.553 I/wm_set_resumed_activity( 1240): [0,com.android.settings/.Settings,positionChildAt]
02-09 04:24:58.553 I/wm_focused_root_task( 1240): [0,0,62,68,finish-top adjustFocusToNextFocusableTask]
02-09 04:24:58.553 I/wm_set_resumed_activity( 1240): [0,com.android.settings/.Settings,finish-top]
02-09 04:24:58.561 I/wm_pause_activity( 1240): [0,80135414,com.android.gallery3d/.app.GalleryActivity,userLeaving=false,finish]
02-09 04:24:58.567 I/input_focus( 1240): [Focus request 502924e com.android.settings/com.android.settings.Settings,reason=UpdateInputWindows]
02-09 04:24:58.567 I/wm_on_top_resumed_lost_called( 3921): [80135414,com.android.gallery3d.app.GalleryActivity,topStateChangedWhenResumed]
02-09 04:24:58.571 I/wm_on_top_resumed_gained_called( 2418): [171931013,com.android.settings.Settings,topStateChangedWhenResumed]
02-09 04:24:58.581 I/wm_on_paused_called( 3921): [80135414,com.android.gallery3d.app.GalleryActivity,performPause]
02-09 04:24:58.585 I/sysui_multi_action( 1240): [757,803,799,window_time_0,802,14]
02-09 04:24:58.587 I/wm_destroy_activity( 1240): [0,80135414,68,com.android.gallery3d/.app.GalleryActivity,finish-imm:completePausedLocked]
02-09 04:24:58.595 I/input_focus( 1240): [Focus leaving 822387f com.android.gallery3d/com.android.gallery3d.app.GalleryActivity (server),reason=NO_WINDOW]
02-09 04:24:58.595 I/input_focus( 1240): [Focus entering 502924e com.android.settings/com.android.settings.Settings (server),reason=setFocusedWindow]
02-09 04:24:58.599 I/sysui_multi_action( 1240): [757,803,799,window_time_0,802,0]
02-09 04:24:58.609 I/wm_on_stop_called( 3921): [80135414,com.android.gallery3d.app.GalleryActivity,LIFECYCLER_STOP_ACTIVITY]
02-09 04:24:58.615 I/wm_on_destroy_called( 3921): [80135414,com.android.gallery3d.app.GalleryActivity,performDestroy]
02-09 04:24:58.890 I/wm_task_removed( 1240): [68,removeChild:removeChild last r=ActivityRecord{4c6c4f6 u0 com.android.gallery3d/.app.GalleryActivity t-1 f}} in t=Task{f772d91 #68 type=standard A=10064:com.android.gallery3d U=0 visible=false mode=freeform translucent=true sz=0}]
02-09 04:24:58.890 I/wm_task_removed( 1240): [68,removeChild]
02-09 04:24:59.671 I/input_interaction( 1240): Interaction with: 502924e com.android.settings/com.android.settings.Settings (server), swipe-up (server), edge-swipe (server), PointerEventDispatcher0 (server),
02-09 04:25:01.451 I/configuration_changed( 1240): 1073741824
02-09 04:25:01.496 I/wm_relaunch_resume_activity( 1240): [0,171931013,62,com.android.settings/.Settings]
02-09 04:25:01.497 I/wm_on_top_resumed_lost_called( 2418): [171931013,com.android.settings.Settings,pausing]
02-09 04:25:01.498 I/sysui_multi_action( 2418): [757,340,758,2,1089,13836]
02-09 04:25:01.498 I/sysui_multi_action( 2418): [757,35,758,2,1089,13837]
02-09 04:25:01.501 I/wm_on_paused_called( 2418): [171931013,com.android.settings.Settings,performPause]
02-09 04:25:01.508 I/wm_on_stop_called( 2418): [171931013,com.android.settings.Settings,handleRelaunchActivity]
02-09 04:25:01.512 I/wm_on_destroy_called( 2418): [171931013,com.android.settings.Settings,performDestroy]
02-09 04:25:01.530 I/wm_relaunch_activity( 1240): [0,208887896,61,com.android.launcher3/.uioverrides.QuickstepLauncher]
02-09 04:25:01.530 I/wm_add_to_stopping( 1240): [0,208887896,com.android.launcher3/.uioverrides.QuickstepLauncher,preloadRecents]
02-09 04:25:01.540 I/wm_on_destroy_called( 2573): [208887896,com.android.launcher3.uioverrides.QuickstepLauncher,performDestroy]
02-09 04:25:01.559 I/wm_on_create_called( 2418): [171931013,com.android.settings.Settings,performCreate]
02-09 04:25:01.578 I/wm_on_create_called( 2573): [208887896,com.android.launcher3.uioverrides.QuickstepLauncher,performCreate]
02-09 04:25:01.579 I/wm_on_start_called( 2573): [208887896,com.android.launcher3.uioverrides.QuickstepLauncher,handleStartActivity]
02-09 04:25:01.580 I/wm_on_resume_called( 2573): [208887896,com.android.launcher3.uioverrides.QuickstepLauncher,LIFECYCLER_RESUME_ACTIVITY]
02-09 04:25:01.585 I/wm_on_start_called( 2418): [171931013,com.android.settings.Settings,handleStartActivity]
02-09 04:25:01.585 I/snet_event_log( 2418): [120484087,-1,]
02-09 04:25:01.586 I/wm_on_paused_called( 2573): [208887896,com.android.launcher3.uioverrides.QuickstepLauncher,performPause]
02-09 04:25:01.586 I/wm_on_resume_called( 2418): [171931013,com.android.settings.Settings,RESUME_ACTIVITY]
02-09 04:25:01.587 I/sysui_multi_action( 2418): [757,340,758,1,833,0,1089,54]
02-09 04:25:01.587 I/sysui_multi_action( 2418): [757,35,758,1,833,0,1089,16]
02-09 04:25:01.588 I/sysui_multi_action( 2418): [757,1729,758,4,854,isParalleledControllers:false,1089,16]
02-09 04:25:01.589 I/wm_on_top_resumed_gained_called( 2418): [171931013,com.android.settings.Settings,topWhenResuming]
02-09 04:25:01.634 I/input_focus( 1240): [Focus request b7a47d com.android.settings/com.android.settings.Settings,reason=UpdateInputWindows]
02-09 04:25:01.651 I/wm_stop_activity( 1240): [0,208887896,com.android.launcher3/.uioverrides.QuickstepLauncher]
02-09 04:25:01.654 I/wm_on_stop_called( 2573): [208887896,com.android.launcher3.uioverrides.QuickstepLauncher,STOP_ACTIVITY_ITEM]
02-09 04:25:01.659 I/commit_sys_config_file( 1240): [settings-1-0,8]
02-09 04:25:01.682 I/input_focus( 1240): [Focus entering b7a47d com.android.settings/com.android.settings.Settings (server),reason=Window became focusable. Previous reason: NOT_VISIBLE]
02-09 04:25:02.552 I/input_interaction( 1240): Interaction with: b7a47d com.android.settings/com.android.settings.Settings (server), swipe-up (server), edge-swipe (server), PointerEventDispatcher0 (server),
02-09 04:25:02.572 I/wm_task_moved( 1240): [60,0,0]
02-09 04:25:02.572 I/wm_task_moved( 1240): [60,0,6]
02-09 04:25:02.594 I/view_enqueue_input_event( 2418): [Motion - Cancel,com.android.settings/com.android.settings.Settings]
02-09 04:25:02.595 I/wm_on_restart_called( 2573): [208887896,com.android.launcher3.uioverrides.QuickstepLauncher,performRestartActivity]
02-09 04:25:02.604 I/input_interaction( 1240): Interaction with: swipe-up (server), edge-swipe (server), PointerEventDispatcher0 (server),
02-09 04:25:02.613 I/wm_on_start_called( 2573): [208887896,com.android.launcher3.uioverrides.QuickstepLauncher,handleStartActivity]
02-09 04:25:02.615 I/input_focus( 1240): [Focus request recents_animation_input_consumer,reason=UpdateInputWindows]
02-09 04:25:02.625 I/sysui_latency( 2573): [1,74]
02-09 04:25:02.633 I/input_focus( 1240): [Focus leaving b7a47d com.android.settings/com.android.settings.Settings (server),reason=NOT_FOCUSABLE]
02-09 04:25:02.634 I/input_focus( 1240): [Focus entering recents_animation_input_consumer (server),reason=setFocusedWindow]
02-09 04:25:02.646 I/sysui_multi_action( 1240): [319,9,322,69,325,197,757,761,758,9,759,5,806,com.android.launcher3,871,com.android.launcher3.uioverrides.QuickstepLauncher,904,com.android.launcher3,905,0,1320,4,1321,1]
02-09 04:25:02.816 I/commit_sys_config_file( 1240): [settings-1-0,5]
02-09 04:25:02.942 I/sysui_latency( 1240): [8,85]
02-09 04:25:03.443 I/wm_task_moved( 1240): [60,1,7]
02-09 04:25:03.444 I/wm_task_moved( 1240): [61,1,2147483647]
02-09 04:25:03.444 I/wm_task_to_front( 1240): [0,61]
02-09 04:25:03.444 I/wm_focused_root_task( 1240): [0,0,60,62,RecentsAnimation.onAnimationFinished()]
02-09 04:25:03.444 I/wm_set_resumed_activity( 1240): [0,com.android.launcher3/.uioverrides.QuickstepLauncher,RecentsAnimation.onAnimationFinished()]
02-09 04:25:03.445 I/wm_pause_activity( 1240): [0,171931013,com.android.settings/.Settings,userLeaving=true,pauseBackTasks]
02-09 04:25:03.446 I/wm_add_to_stopping( 1240): [0,171931013,com.android.settings/.Settings,makeInvisible]
02-09 04:25:03.446 I/wm_set_resumed_activity( 1240): [0,com.android.launcher3/.uioverrides.QuickstepLauncher,resumeTopActivityInnerLocked]
02-09 04:25:03.447 I/wm_resume_activity( 1240): [0,208887896,61,com.android.launcher3/.uioverrides.QuickstepLauncher]
02-09 04:25:03.448 I/wm_on_resume_called( 2573): [208887896,com.android.launcher3.uioverrides.QuickstepLauncher,RESUME_ACTIVITY]
02-09 04:25:03.451 I/input_focus( 1240): [Focus request 471f310 com.android.launcher3/com.android.launcher3.uioverrides.QuickstepLauncher,reason=UpdateInputWindows]
02-09 04:25:03.452 I/wm_on_top_resumed_lost_called( 2418): [171931013,com.android.settings.Settings,topStateChangedWhenResumed]
02-09 04:25:03.459 I/wm_stop_activity( 1240): [0,171931013,com.android.settings/.Settings]
02-09 04:25:03.459 I/sysui_multi_action( 2418): [757,340,758,2,1089,1872]
02-09 04:25:03.460 I/wm_on_top_resumed_gained_called( 2573): [208887896,com.android.launcher3.uioverrides.QuickstepLauncher,topStateChangedWhenResumed]
02-09 04:25:03.460 I/sysui_multi_action( 2418): [757,35,758,2,1089,1872]
02-09 04:25:03.460 I/wm_on_paused_called( 2418): [171931013,com.android.settings.Settings,performPause]
02-09 04:25:03.462 I/sysui_multi_action( 1240): [757,803,799,window_time_0,802,5]
02-09 04:25:03.463 I/wm_on_stop_called( 2418): [171931013,com.android.settings.Settings,STOP_ACTIVITY_ITEM]
02-09 04:25:03.464 I/sysui_multi_action( 1240): [757,803,799,window_time_0,802,0]
02-09 04:25:03.470 I/input_focus( 1240): [Focus leaving recents_animation_input_consumer (server),reason=NOT_VISIBLE]
02-09 04:25:03.476 I/input_focus( 1240): [Focus entering 471f310 com.android.launcher3/com.android.launcher3.uioverrides.QuickstepLauncher (server),reason=setFocusedWindow]
02-09 04:25:04.990 I/input_interaction( 1240): Interaction with: 471f310 com.android.launcher3/com.android.launcher3.uioverrides.QuickstepLauncher (server), f1cc593 com.android.systemui.ImageWallpaper (server), swipe-up (server), edge-swipe (server), PointerEventDispatcher0 (server),
02-09 04:25:06.169 I/wm_task_moved( 1240): [63,1,7]
02-09 04:25:06.169 I/wm_task_to_front( 1240): [0,63]
02-09 04:25:06.170 I/wm_focused_root_task( 1240): [0,0,63,60,bringingFoundTaskToFront]
02-09 04:25:06.171 I/wm_set_resumed_activity( 1240): [0,com.android.music/.MusicBrowserActivity,bringingFoundTaskToFront]
02-09 04:25:06.176 I/wm_set_resumed_activity( 1240): [0,com.android.music/.MusicBrowserActivity,resumeTopActivityInnerLocked]
02-09 04:25:06.177 I/wm_resume_activity( 1240): [0,266900225,63,com.android.music/.MusicBrowserActivity]
02-09 04:25:06.179 I/wm_finish_activity( 1240): [0,266900225,63,com.android.music/.MusicBrowserActivity,clear-task-all]
02-09 04:25:06.179 I/wm_pause_activity( 1240): [0,266900225,com.android.music/.MusicBrowserActivity,userLeaving=false,finish]
02-09 04:25:06.182 I/wm_task_moved( 1240): [63,1,7]
02-09 04:25:06.182 I/wm_create_activity( 1240): [0,115446091,63,com.android.music/.MusicBrowserActivity,NULL,NULL,NULL,272662528]
02-09 04:25:06.185 I/wm_on_top_resumed_lost_called( 2573): [208887896,com.android.launcher3.uioverrides.QuickstepLauncher,topStateChangedWhenResumed]
02-09 04:25:06.193 I/wm_on_restart_called( 3554): [266900225,com.android.music.MusicBrowserActivity,performRestartActivity]
02-09 04:25:06.194 I/wm_on_start_called( 3554): [266900225,com.android.music.MusicBrowserActivity,handleStartActivity]
02-09 04:25:06.195 I/wm_on_resume_called( 3554): [266900225,com.android.music.MusicBrowserActivity,RESUME_ACTIVITY]
02-09 04:25:06.199 I/wm_on_paused_called( 3554): [266900225,com.android.music.MusicBrowserActivity,performPause]
02-09 04:25:06.199 I/wm_add_to_stopping( 1240): [0,266900225,com.android.music/.MusicBrowserActivity,completeFinishing]
02-09 04:25:06.200 I/wm_restart_activity( 1240): [0,115446091,63,com.android.music/.MusicBrowserActivity]
02-09 04:25:06.201 I/wm_set_resumed_activity( 1240): [0,com.android.music/.MusicBrowserActivity,minimalResumeActivityLocked]
02-09 04:25:06.202 I/sysui_multi_action( 1240): [757,803,799,window_time_0,802,3]
02-09 04:25:06.235 I/notification_enqueue( 1240): [10088,3554,com.android.music,1,NULL,0,Notification(channel=Channel-music shortcut=null contentView=null vibrate=null sound=null defaults=0x0 flags=0x0 color=0x00000000 category=transport actions=4 vis=PRIVATE),1]
02-09 04:25:06.236 I/notification_enqueue( 1240): [10088,3554,com.android.music,1,NULL,0,Notification(channel=Channel-music shortcut=null contentView=null vibrate=null sound=null defaults=0x0 flags=0x40 color=0x00000000 category=transport actions=4 vis=PRIVATE),1]
02-09 04:25:06.261 I/wm_on_create_called( 3554): [115446091,com.android.music.MusicBrowserActivity,performCreate]
02-09 04:25:06.265 I/wm_on_start_called( 3554): [115446091,com.android.music.MusicBrowserActivity,handleStartActivity]
