02-09 04:27:49.383 I/am_wtf ( 1240): [0,1240,system_server,-1,DisplayDeviceConfig,requesting nits when no mapping exists.]
02-09 04:27:49.384 I/am_wtf ( 1240): [0,1240,system_server,-1,DisplayDeviceConfig,requesting nits when no mapping exists.]
02-09 04:27:49.401 I/am_wtf ( 1240): [0,1240,system_server,-1,DisplayDeviceConfig,requesting nits when no mapping exists.]
02-09 04:27:49.401 I/am_wtf ( 1240): [0,1240,system_server,-1,DisplayDeviceConfig,requesting nits when no mapping exists.]
02-09 04:27:49.416 I/am_wtf ( 1240): [0,1240,system_server,-1,DisplayDeviceConfig,requesting nits when no mapping exists.]
02-09 04:27:49.417 I/am_wtf ( 1240): [0,1240,system_server,-1,DisplayDeviceConfig,requesting nits when no mapping exists.]
02-09 04:27:49.433 I/am_wtf ( 1240): [0,1240,system_server,-1,DisplayDeviceConfig,requesting nits when no mapping exists.]
02-09 04:27:49.434 I/am_wtf ( 1240): [0,1240,system_server,-1,DisplayDeviceConfig,requesting nits when no mapping exists.]
02-09 04:27:49.450 I/am_wtf ( 1240): [0,1240,system_server,-1,DisplayDeviceConfig,requesting nits when no mapping exists.]
02-09 04:27:49.450 I/am_wtf ( 1240): [0,1240,system_server,-1,DisplayDeviceConfig,requesting nits when no mapping exists.]
02-09 04:27:49.467 I/am_wtf ( 1240): [0,1240,system_server,-1,DisplayDeviceConfig,requesting nits when no mapping exists.]
02-09 04:27:49.467 I/am_wtf ( 1240): [0,1240,system_server,-1,DisplayDeviceConfig,requesting nits when no mapping exists.]
02-09 04:27:49.467 I/service_manager_stats( 1240): [100,27,62675]
02-09 04:27:49.484 I/am_wtf ( 1240): [0,1240,system_server,-1,DisplayDeviceConfig,requesting nits when no mapping exists.]
02-09 04:27:49.484 I/am_wtf ( 1240): [0,1240,system_server,-1,DisplayDeviceConfig,requesting nits when no mapping exists.]
02-09 04:27:49.500 I/am_wtf ( 1240): [0,1240,system_server,-1,DisplayDeviceConfig,requesting nits when no mapping exists.]
02-09 04:27:49.500 I/am_wtf ( 1240): [0,1240,system_server,-1,DisplayDeviceConfig,requesting nits when no mapping exists.]
02-09 04:27:49.517 I/am_wtf ( 1240): [0,1240,system_server,-1,DisplayDeviceConfig,requesting nits when no mapping exists.]
02-09 04:27:49.517 I/am_wtf ( 1240): [0,1240,system_server,-1,DisplayDeviceConfig,requesting nits when no mapping exists.]
02-09 04:27:49.534 I/am_wtf ( 1240): [0,1240,system_server,-1,DisplayDeviceConfig,requesting nits when no mapping exists.]
02-09 04:27:49.534 I/am_wtf ( 1240): [0,1240,system_server,-1,DisplayDeviceConfig,requesting nits when no mapping exists.]
02-09 04:27:49.550 I/am_wtf ( 1240): [0,1240,system_server,-1,DisplayDeviceConfig,requesting nits when no mapping exists.]
02-09 04:27:49.551 I/am_wtf ( 1240): [0,1240,system_server,-1,DisplayDeviceConfig,requesting nits when no mapping exists.]
02-09 04:27:49.567 I/am_wtf ( 1240): [0,1240,system_server,-1,DisplayDeviceConfig,requesting nits when no mapping exists.]
02-09 04:27:49.567 I/am_wtf ( 1240): [0,1240,system_server,-1,DisplayDeviceConfig,requesting nits when no mapping exists.]
02-09 04:27:49.584 I/am_wtf ( 1240): [0,1240,system_server,-1,DisplayDeviceConfig,requesting nits when no mapping exists.]
02-09 04:27:49.584 I/am_wtf ( 1240): [0,1240,system_server,-1,DisplayDeviceConfig,requesting nits when no mapping exists.]
02-09 04:27:49.600 I/am_wtf ( 1240): [0,1240,system_server,-1,DisplayDeviceConfig,requesting nits when no mapping exists.]
02-09 04:27:49.601 I/am_wtf ( 1240): [0,1240,system_server,-1,DisplayDeviceConfig,requesting nits when no mapping exists.]
02-09 04:27:49.618 I/am_wtf ( 1240): [0,1240,system_server,-1,DisplayDeviceConfig,requesting nits when no mapping exists.]
02-09 04:27:49.618 I/am_wtf ( 1240): [0,1240,system_server,-1,DisplayDeviceConfig,requesting nits when no mapping exists.]
02-09 04:27:49.634 I/am_wtf ( 1240): [0,1240,system_server,-1,DisplayDeviceConfig,requesting nits when no mapping exists.]
02-09 04:27:49.634 I/am_wtf ( 1240): [0,1240,system_server,-1,DisplayDeviceConfig,requesting nits when no mapping exists.]
02-09 04:27:49.651 I/am_wtf ( 1240): [0,1240,system_server,-1,DisplayDeviceConfig,requesting nits when no mapping exists.]
02-09 04:27:49.651 I/am_wtf ( 1240): [0,1240,system_server,-1,DisplayDeviceConfig,requesting nits when no mapping exists.]
02-09 04:27:49.667 I/am_wtf ( 1240): [0,1240,system_server,-1,DisplayDeviceConfig,requesting nits when no mapping exists.]
02-09 04:27:49.668 I/am_wtf ( 1240): [0,1240,system_server,-1,DisplayDeviceConfig,requesting nits when no mapping exists.]
02-09 04:27:49.684 I/am_wtf ( 1240): [0,1240,system_server,-1,DisplayDeviceConfig,requesting nits when no mapping exists.]
02-09 04:27:49.684 I/am_wtf ( 1240): [0,1240,system_server,-1,DisplayDeviceConfig,requesting nits when no mapping exists.]
02-09 04:27:49.701 I/am_wtf ( 1240): [0,1240,system_server,-1,DisplayDeviceConfig,requesting nits when no mapping exists.]
02-09 04:27:49.701 I/am_wtf ( 1240): [0,1240,system_server,-1,DisplayDeviceConfig,requesting nits when no mapping exists.]
02-09 04:27:49.717 I/am_wtf ( 1240): [0,1240,system_server,-1,DisplayDeviceConfig,requesting nits when no mapping exists.]
02-09 04:27:49.718 I/am_wtf ( 1240): [0,1240,system_server,-1,DisplayDeviceConfig,requesting nits when no mapping exists.]
02-09 04:27:49.734 I/am_wtf ( 1240): [0,1240,system_server,-1,DisplayDeviceConfig,requesting nits when no mapping exists.]
02-09 04:27:49.734 I/am_wtf ( 1240): [0,1240,system_server,-1,DisplayDeviceConfig,requesting nits when no mapping exists.]
02-09 04:27:49.751 I/am_wtf ( 1240): [0,1240,system_server,-1,DisplayDeviceConfig,requesting nits when no mapping exists.]
02-09 04:27:49.751 I/am_wtf ( 1240): [0,1240,system_server,-1,DisplayDeviceConfig,requesting nits when no mapping exists.]
02-09 04:27:49.768 I/am_wtf ( 1240): [0,1240,system_server,-1,DisplayDeviceConfig,requesting nits when no mapping exists.]
02-09 04:27:49.768 I/am_wtf ( 1240): [0,1240,system_server,-1,DisplayDeviceConfig,requesting nits when no mapping exists.]
02-09 04:27:49.784 I/am_wtf ( 1240): [0,1240,system_server,-1,DisplayDeviceConfig,requesting nits when no mapping exists.]
02-09 04:27:49.784 I/am_wtf ( 1240): [0,1240,system_server,-1,DisplayDeviceConfig,requesting nits when no mapping exists.]
02-09 04:27:49.801 I/am_wtf ( 1240): [0,1240,system_server,-1,DisplayDeviceConfig,requesting nits when no mapping exists.]
02-09 04:27:49.801 I/am_wtf ( 1240): [0,1240,system_server,-1,DisplayDeviceConfig,requesting nits when no mapping exists.]
02-09 04:27:50.092 I/input_interaction( 1240): Interaction with: c34ee39 com.thundercomm.screensaver/android.service.dreams.DreamActivity (server), swipe-up (server), edge-swipe (server), PointerEventDispatcher0 (server),
02-09 04:27:50.093 I/wm_finish_activity( 1240): [0,117428712,74,com.thundercomm.screensaver/android.service.dreams.DreamActivity,finish-activity]
02-09 04:27:50.093 I/wm_task_moved( 1240): [62,1,7]
02-09 04:27:50.093 I/wm_task_to_front( 1240): [0,62]
02-09 04:27:50.093 I/wm_focused_root_task( 1240): [0,0,62,74,finish-top adjustFocusToNextFocusableTask]
02-09 04:27:50.093 I/wm_pause_activity( 1240): [0,117428712,com.thundercomm.screensaver/android.service.dreams.DreamActivity,userLeaving=false,finish]
02-09 04:27:50.095 I/sysui_multi_action( 1240): [757,803,799,window_time_0,802,1]
02-09 04:27:50.095 I/wm_on_top_resumed_lost_called( 5183): [117428712,android.service.dreams.DreamActivity,topStateChangedWhenResumed]
02-09 04:27:50.096 I/wm_on_paused_called( 5183): [117428712,android.service.dreams.DreamActivity,performPause]
02-09 04:27:50.096 I/wm_add_to_stopping( 1240): [0,117428712,com.thundercomm.screensaver/android.service.dreams.DreamActivity,completeFinishing]
02-09 04:27:50.097 I/wm_set_resumed_activity( 1240): [0,com.android.settings/.Settings,resumeTopActivityInnerLocked]
02-09 04:27:50.098 I/wm_resume_activity( 1240): [0,171931013,62,com.android.settings/.Settings]
02-09 04:27:50.101 I/sysui_multi_action( 1240): [757,803,799,window_time_0,802,0]
02-09 04:27:50.103 I/input_focus( 1240): [Focus leaving c34ee39 com.thundercomm.screensaver/android.service.dreams.DreamActivity (server),reason=NO_WINDOW]
02-09 04:27:50.103 I/view_enqueue_input_event( 5183): [Motion - Cancel,com.thundercomm.screensaver/android.service.dreams.DreamActivity]
02-09 04:27:50.104 I/wm_on_restart_called( 2418): [171931013,com.android.settings.Settings,performRestartActivity]
02-09 04:27:50.104 I/input_interaction( 1240): Interaction with: swipe-up (server), edge-swipe (server), PointerEventDispatcher0 (server),
02-09 04:27:50.105 I/wm_on_start_called( 2418): [171931013,com.android.settings.Settings,handleStartActivity]
02-09 04:27:50.105 I/snet_event_log( 2418): [120484087,-1,]
02-09 04:27:50.106 I/wm_on_resume_called( 2418): [171931013,com.android.settings.Settings,RESUME_ACTIVITY]
02-09 04:27:50.106 I/sysui_multi_action( 2418): [757,340,758,1,833,0,1089,0]
02-09 04:27:50.106 I/sysui_multi_action( 2418): [757,35,758,1,833,0,1089,0]
02-09 04:27:50.107 I/wm_on_top_resumed_gained_called( 2418): [171931013,com.android.settings.Settings,topWhenResuming]
02-09 04:27:50.122 I/input_focus( 1240): [Focus request 8ba4a9b com.android.settings/com.android.settings.Settings,reason=UpdateInputWindows]
02-09 04:27:50.123 I/auditd ( 566): type=1400 audit(0.0:283): avc: denied { read } for comm="Binder:566_2" name="wakeup58" dev="sysfs" ino=71800 scontext=u:r:system_suspend:s0 tcontext=u:object_r:sysfs:s0 tclass=dir permissive=0
02-09 04:27:50.127 I/auditd ( 566): type=1400 audit(0.0:284): avc: denied { read } for comm="Binder:566_2" name="wakeup4" dev="sysfs" ino=47054 scontext=u:r:system_suspend:s0 tcontext=u:object_r:sysfs:s0 tclass=dir permissive=0
02-09 04:27:50.127 I/auditd ( 566): type=1400 audit(0.0:285): avc: denied { read } for comm="Binder:566_2" name="wakeup76" dev="sysfs" ino=76740 scontext=u:r:system_suspend:s0 tcontext=u:object_r:sysfs:s0 tclass=dir permissive=0
02-09 04:27:50.127 I/auditd ( 566): type=1400 audit(0.0:286): avc: denied { read } for comm="Binder:566_2" name="wakeup28" dev="sysfs" ino=53259 scontext=u:r:system_suspend:s0 tcontext=u:object_r:sysfs:s0 tclass=dir permissive=0
02-09 04:27:50.127 I/auditd ( 566): type=1400 audit(0.0:287): avc: denied { read } for comm="Binder:566_2" name="wakeup56" dev="sysfs" ino=71728 scontext=u:r:system_suspend:s0 tcontext=u:object_r:sysfs:s0 tclass=dir permissive=0
02-09 04:27:50.127 I/auditd ( 566): type=1400 audit(0.0:288): avc: denied { read } for comm="Binder:566_2" name="wakeup2" dev="sysfs" ino=46578 scontext=u:r:system_suspend:s0 tcontext=u:object_r:sysfs:s0 tclass=dir permissive=0
02-09 04:27:50.127 I/auditd ( 566): type=1400 audit(0.0:289): avc: denied { read } for comm="Binder:566_2" name="wakeup36" dev="sysfs" ino=62492 scontext=u:r:system_suspend:s0 tcontext=u:object_r:sysfs:s0 tclass=dir permissive=0
02-09 04:27:50.127 I/auditd ( 566): type=1400 audit(0.0:290): avc: denied { read } for comm="Binder:566_2" name="wakeup64" dev="sysfs" ino=72028 scontext=u:r:system_suspend:s0 tcontext=u:object_r:sysfs:s0 tclass=dir permissive=0
02-09 04:27:50.127 I/auditd ( 566): type=1400 audit(0.0:291): avc: denied { read } for comm="Binder:566_2" name="wakeup54" dev="sysfs" ino=71656 scontext=u:r:system_suspend:s0 tcontext=u:object_r:sysfs:s0 tclass=dir permissive=0
02-09 04:27:50.141 I/input_focus( 1240): [Focus entering 8ba4a9b com.android.settings/com.android.settings.Settings (server),reason=setFocusedWindow]
02-09 04:27:50.638 I/wm_destroy_activity( 1240): [0,117428712,74,com.thundercomm.screensaver/android.service.dreams.DreamActivity,finish-imm:idle]
02-09 04:27:50.654 I/wm_on_stop_called( 5183): [117428712,android.service.dreams.DreamActivity,LIFECYCLER_STOP_ACTIVITY]
02-09 04:27:50.654 I/wm_on_destroy_called( 5183): [117428712,android.service.dreams.DreamActivity,performDestroy]
02-09 04:27:50.656 I/sysui_multi_action( 1240): [757,222,758,2]
02-09 04:27:50.656 I/sysui_multi_action( 1240): [757,804,799,dreaming_minutes,801,0,802,1]
02-09 04:27:50.659 I/wm_task_removed( 1240): [74,removeChild:removeChild last r=ActivityRecord{6ffd1e8 u0 com.thundercomm.screensaver/android.service.dreams.DreamActivity t-1 f}} in t=Task{2474eeb #74 type=dream A=10044:android:com.thundercomm.screensaver/dream U=0 visible=false mode=fullscreen translucent=true sz=0}]
02-09 04:27:50.659 I/wm_task_removed( 1240): [74,removeChild]
02-09 04:27:52.652 I/input_interaction( 1240): Interaction with: a0ce11c com.android.gallery3d/com.android.gallery3d.app.GalleryActivity (server), swipe-up (server), edge-swipe (server), PointerEventDispatcher0 (server),
02-09 04:27:52.655 I/wm_task_moved( 1240): [72,1,7]
02-09 04:27:52.655 I/wm_task_to_front( 1240): [0,72]
02-09 04:27:52.660 I/wm_focused_root_task( 1240): [0,0,72,62,setFocusedTask]
02-09 04:27:52.661 I/wm_set_resumed_activity( 1240): [0,com.android.gallery3d/.app.GalleryActivity,setFocusedTask]
02-09 04:27:52.661 I/wm_on_top_resumed_lost_called( 2418): [171931013,com.android.settings.Settings,topStateChangedWhenResumed]
02-09 04:27:52.662 I/wm_set_resumed_activity( 1240): [0,com.android.gallery3d/.app.GalleryActivity,resumeTopActivityInnerLocked]
02-09 04:27:52.665 I/wm_resume_activity( 1240): [0,208999710,72,com.android.gallery3d/.app.GalleryActivity]
02-09 04:27:52.666 I/input_focus( 1240): [Focus request a0ce11c com.android.gallery3d/com.android.gallery3d.app.GalleryActivity,reason=UpdateInputWindows]
02-09 04:27:52.676 I/wm_on_resume_called( 3921): [208999710,com.android.gallery3d.app.GalleryActivity,RESUME_ACTIVITY]
02-09 04:27:52.683 I/input_focus( 1240): [Focus leaving 8ba4a9b com.android.settings/com.android.settings.Settings (server),reason=setFocusedWindow]
02-09 04:27:52.684 I/input_focus( 1240): [Focus entering a0ce11c com.android.gallery3d/com.android.gallery3d.app.GalleryActivity (server),reason=setFocusedWindow]
02-09 04:27:52.692 I/wm_on_top_resumed_gained_called( 3921): [208999710,com.android.gallery3d.app.GalleryActivity,topStateChangedWhenResumed]
02-09 04:27:52.773 I/wm_finish_activity( 1240): [0,208999710,72,com.android.gallery3d/.app.GalleryActivity,finish-activity]
02-09 04:27:52.774 I/wm_task_moved( 1240): [62,1,7]
02-09 04:27:52.774 I/wm_task_to_front( 1240): [0,62]
02-09 04:27:52.776 I/wm_set_resumed_activity( 1240): [0,com.android.settings/.Settings,positionChildAt]
02-09 04:27:52.776 I/wm_focused_root_task( 1240): [0,0,62,72,finish-top adjustFocusToNextFocusableTask]
02-09 04:27:52.776 I/wm_set_resumed_activity( 1240): [0,com.android.settings/.Settings,finish-top]
02-09 04:27:52.792 I/wm_pause_activity( 1240): [0,208999710,com.android.gallery3d/.app.GalleryActivity,userLeaving=false,finish]
02-09 04:27:52.799 I/wm_on_top_resumed_lost_called( 3921): [208999710,com.android.gallery3d.app.GalleryActivity,topStateChangedWhenResumed]
02-09 04:27:52.800 I/wm_on_top_resumed_gained_called( 2418): [171931013,com.android.settings.Settings,topStateChangedWhenResumed]
02-09 04:27:52.801 I/input_focus( 1240): [Focus request 8ba4a9b com.android.settings/com.android.settings.Settings,reason=UpdateInputWindows]
02-09 04:27:52.804 I/sysui_multi_action( 1240): [757,803,799,window_time_0,802,3]
02-09 04:27:52.806 I/wm_on_paused_called( 3921): [208999710,com.android.gallery3d.app.GalleryActivity,performPause]
02-09 04:27:52.808 I/wm_destroy_activity( 1240): [0,208999710,72,com.android.gallery3d/.app.GalleryActivity,finish-imm:completePausedLocked]
02-09 04:27:52.818 I/wm_on_stop_called( 3921): [208999710,com.android.gallery3d.app.GalleryActivity,LIFECYCLER_STOP_ACTIVITY]
02-09 04:27:52.820 I/sysui_multi_action( 1240): [757,803,799,window_time_0,802,0]
02-09 04:27:52.826 I/input_focus( 1240): [Focus leaving a0ce11c com.android.gallery3d/com.android.gallery3d.app.GalleryActivity (server),reason=NO_WINDOW]
02-09 04:27:52.826 I/input_focus( 1240): [Focus entering 8ba4a9b com.android.settings/com.android.settings.Settings (server),reason=setFocusedWindow]
02-09 04:27:52.827 I/wm_on_destroy_called( 3921): [208999710,com.android.gallery3d.app.GalleryActivity,performDestroy]
02-09 04:27:53.109 I/wm_task_removed( 1240): [72,removeChild:removeChild last r=ActivityRecord{c75151e u0 com.android.gallery3d/.app.GalleryActivity t-1 f}} in t=Task{705bffc #72 type=standard A=10064:com.android.gallery3d U=0 visible=false mode=freeform translucent=true sz=0}]
02-09 04:27:53.109 I/wm_task_removed( 1240): [72,removeChild]
02-09 04:27:54.773 I/am_uid_idle( 1240): 10083
02-09 04:27:54.867 I/am_uid_idle( 1240): 10019
02-09 04:28:45.818 I/sysui_multi_action( 1240): [757,1696,758,6,759,2]
02-09 04:28:45.829 I/am_wtf ( 1240): [0,1240,system_server,-1,DisplayDeviceConfig,requesting nits when no mapping exists.]
02-09 04:28:45.832 I/am_wtf ( 1240): [0,1240,system_server,-1,DisplayDeviceConfig,requesting nits when no mapping exists.]
02-09 04:28:45.844 I/am_wtf ( 1240): [0,1240,system_server,-1,DisplayDeviceConfig,requesting nits when no mapping exists.]
02-09 04:28:45.845 I/am_wtf ( 1240): [0,1240,system_server,-1,DisplayDeviceConfig,requesting nits when no mapping exists.]
02-09 04:28:45.853 I/am_wtf ( 1240): [0,1240,system_server,-1,DisplayDeviceConfig,requesting nits when no mapping exists.]
02-09 04:28:45.854 I/am_wtf ( 1240): [0,1240,system_server,-1,DisplayDeviceConfig,requesting nits when no mapping exists.]
02-09 04:28:45.870 I/am_wtf ( 1240): [0,1240,system_server,-1,DisplayDeviceConfig,requesting nits when no mapping exists.]
02-09 04:28:45.871 I/am_wtf ( 1240): [0,1240,system_server,-1,DisplayDeviceConfig,requesting nits when no mapping exists.]
02-09 04:28:45.887 I/am_wtf ( 1240): [0,1240,system_server,-1,DisplayDeviceConfig,requesting nits when no mapping exists.]
02-09 04:28:45.888 I/am_wtf ( 1240): [0,1240,system_server,-1,DisplayDeviceConfig,requesting nits when no mapping exists.]
02-09 04:28:45.903 I/am_wtf ( 1240): [0,1240,system_server,-1,DisplayDeviceConfig,requesting nits when no mapping exists.]
02-09 04:28:45.904 I/am_wtf ( 1240): [0,1240,system_server,-1,DisplayDeviceConfig,requesting nits when no mapping exists.]
02-09 04:28:45.920 I/am_wtf ( 1240): [0,1240,system_server,-1,DisplayDeviceConfig,requesting nits when no mapping exists.]
02-09 04:28:45.921 I/am_wtf ( 1240): [0,1240,system_server,-1,DisplayDeviceConfig,requesting nits when no mapping exists.]
02-09 04:28:45.937 I/am_wtf ( 1240): [0,1240,system_server,-1,DisplayDeviceConfig,requesting nits when no mapping exists.]
02-09 04:28:45.938 I/am_wtf ( 1240): [0,1240,system_server,-1,DisplayDeviceConfig,requesting nits when no mapping exists.]
02-09 04:28:45.954 I/am_wtf ( 1240): [0,1240,system_server,-1,DisplayDeviceConfig,requesting nits when no mapping exists.]
02-09 04:28:45.955 I/am_wtf ( 1240): [0,1240,system_server,-1,DisplayDeviceConfig,requesting nits when no mapping exists.]
02-09 04:28:45.971 I/am_wtf ( 1240): [0,1240,system_server,-1,DisplayDeviceConfig,requesting nits when no mapping exists.]
02-09 04:28:45.972 I/am_wtf ( 1240): [0,1240,system_server,-1,DisplayDeviceConfig,requesting nits when no mapping exists.]
02-09 04:28:45.988 I/am_wtf ( 1240): [0,1240,system_server,-1,DisplayDeviceConfig,requesting nits when no mapping exists.]
02-09 04:28:45.989 I/am_wtf ( 1240): [0,1240,system_server,-1,DisplayDeviceConfig,requesting nits when no mapping exists.]
02-09 04:28:46.004 I/am_wtf ( 1240): [0,1240,system_server,-1,DisplayDeviceConfig,requesting nits when no mapping exists.]
02-09 04:28:46.005 I/am_wtf ( 1240): [0,1240,system_server,-1,DisplayDeviceConfig,requesting nits when no mapping exists.]
02-09 04:28:46.021 I/am_wtf ( 1240): [0,1240,system_server,-1,DisplayDeviceConfig,requesting nits when no mapping exists.]
02-09 04:28:46.022 I/am_wtf ( 1240): [0,1240,system_server,-1,DisplayDeviceConfig,requesting nits when no mapping exists.]
02-09 04:28:46.037 I/am_wtf ( 1240): [0,1240,system_server,-1,DisplayDeviceConfig,requesting nits when no mapping exists.]
02-09 04:28:46.038 I/am_wtf ( 1240): [0,1240,system_server,-1,DisplayDeviceConfig,requesting nits when no mapping exists.]
02-09 04:28:46.055 I/am_wtf ( 1240): [0,1240,system_server,-1,DisplayDeviceConfig,requesting nits when no mapping exists.]
02-09 04:28:46.056 I/am_wtf ( 1240): [0,1240,system_server,-1,DisplayDeviceConfig,requesting nits when no mapping exists.]
02-09 04:28:46.071 I/am_wtf ( 1240): [0,1240,system_server,-1,DisplayDeviceConfig,requesting nits when no mapping exists.]
02-09 04:28:46.072 I/am_wtf ( 1240): [0,1240,system_server,-1,DisplayDeviceConfig,requesting nits when no mapping exists.]
02-09 04:28:46.088 I/am_wtf ( 1240): [0,1240,system_server,-1,DisplayDeviceConfig,requesting nits when no mapping exists.]
02-09 04:28:46.089 I/am_wtf ( 1240): [0,1240,system_server,-1,DisplayDeviceConfig,requesting nits when no mapping exists.]
02-09 04:28:46.104 I/am_wtf ( 1240): [0,1240,system_server,-1,DisplayDeviceConfig,requesting nits when no mapping exists.]
02-09 04:28:46.105 I/am_wtf ( 1240): [0,1240,system_server,-1,DisplayDeviceConfig,requesting nits when no mapping exists.]
02-09 04:28:46.121 I/am_wtf ( 1240): [0,1240,system_server,-1,DisplayDeviceConfig,requesting nits when no mapping exists.]
02-09 04:28:46.122 I/am_wtf ( 1240): [0,1240,system_server,-1,DisplayDeviceConfig,requesting nits when no mapping exists.]
02-09 04:28:46.137 I/am_wtf ( 1240): [0,1240,system_server,-1,DisplayDeviceConfig,requesting nits when no mapping exists.]
02-09 04:28:46.138 I/am_wtf ( 1240): [0,1240,system_server,-1,DisplayDeviceConfig,requesting nits when no mapping exists.]
02-09 04:28:46.154 I/am_wtf ( 1240): [0,1240,system_server,-1,DisplayDeviceConfig,requesting nits when no mapping exists.]
02-09 04:28:46.155 I/am_wtf ( 1240): [0,1240,system_server,-1,DisplayDeviceConfig,requesting nits when no mapping exists.]
02-09 04:28:46.171 I/am_wtf ( 1240): [0,1240,system_server,-1,DisplayDeviceConfig,requesting nits when no mapping exists.]
02-09 04:28:46.172 I/am_wtf ( 1240): [0,1240,system_server,-1,DisplayDeviceConfig,requesting nits when no mapping exists.]
02-09 04:28:46.188 I/am_wtf ( 1240): [0,1240,system_server,-1,DisplayDeviceConfig,requesting nits when no mapping exists.]
02-09 04:28:46.189 I/am_wtf ( 1240): [0,1240,system_server,-1,DisplayDeviceConfig,requesting nits when no mapping exists.]
02-09 04:28:46.205 I/am_wtf ( 1240): [0,1240,system_server,-1,DisplayDeviceConfig,requesting nits when no mapping exists.]
02-09 04:28:46.206 I/am_wtf ( 1240): [0,1240,system_server,-1,DisplayDeviceConfig,requesting nits when no mapping exists.]
02-09 04:28:46.207 I/service_manager_stats( 1240): [100,34,56739]
02-09 04:28:46.221 I/am_wtf ( 1240): [0,1240,system_server,-1,DisplayDeviceConfig,requesting nits when no mapping exists.]
02-09 04:28:46.222 I/am_wtf ( 1240): [0,1240,system_server,-1,DisplayDeviceConfig,requesting nits when no mapping exists.]
02-09 04:28:46.238 I/am_wtf ( 1240): [0,1240,system_server,-1,DisplayDeviceConfig,requesting nits when no mapping exists.]
02-09 04:28:46.239 I/am_wtf ( 1240): [0,1240,system_server,-1,DisplayDeviceConfig,requesting nits when no mapping exists.]
02-09 04:28:46.254 I/am_wtf ( 1240): [0,1240,system_server,-1,DisplayDeviceConfig,requesting nits when no mapping exists.]
02-09 04:28:46.255 I/am_wtf ( 1240): [0,1240,system_server,-1,DisplayDeviceConfig,requesting nits when no mapping exists.]
02-09 04:28:46.271 I/am_wtf ( 1240): [0,1240,system_server,-1,DisplayDeviceConfig,requesting nits when no mapping exists.]
02-09 04:28:46.272 I/am_wtf ( 1240): [0,1240,system_server,-1,DisplayDeviceConfig,requesting nits when no mapping exists.]
02-09 04:28:46.288 I/am_wtf ( 1240): [0,1240,system_server,-1,DisplayDeviceConfig,requesting nits when no mapping exists.]
02-09 04:28:46.289 I/am_wtf ( 1240): [0,1240,system_server,-1,DisplayDeviceConfig,requesting nits when no mapping exists.]
02-09 04:28:46.305 I/am_wtf ( 1240): [0,1240,system_server,-1,DisplayDeviceConfig,requesting nits when no mapping exists.]
02-09 04:28:46.306 I/am_wtf ( 1240): [0,1240,system_server,-1,DisplayDeviceConfig,requesting nits when no mapping exists.]
02-09 04:28:46.321 I/am_wtf ( 1240): [0,1240,system_server,-1,DisplayDeviceConfig,requesting nits when no mapping exists.]
02-09 04:28:46.322 I/am_wtf ( 1240): [0,1240,system_server,-1,DisplayDeviceConfig,requesting nits when no mapping exists.]
02-09 04:28:46.338 I/am_wtf ( 1240): [0,1240,system_server,-1,DisplayDeviceConfig,requesting nits when no mapping exists.]
02-09 04:28:46.339 I/am_wtf ( 1240): [0,1240,system_server,-1,DisplayDeviceConfig,requesting nits when no mapping exists.]
02-09 04:28:46.355 I/am_wtf ( 1240): [0,1240,system_server,-1,DisplayDeviceConfig,requesting nits when no mapping exists.]
02-09 04:28:46.356 I/am_wtf ( 1240): [0,1240,system_server,-1,DisplayDeviceConfig,requesting nits when no mapping exists.]
02-09 04:28:46.372 I/am_wtf ( 1240): [0,1240,system_server,-1,DisplayDeviceConfig,requesting nits when no mapping exists.]
02-09 04:28:46.373 I/am_wtf ( 1240): [0,1240,system_server,-1,DisplayDeviceConfig,requesting nits when no mapping exists.]
02-09 04:28:46.388 I/am_wtf ( 1240): [0,1240,system_server,-1,DisplayDeviceConfig,requesting nits when no mapping exists.]
02-09 04:28:46.389 I/am_wtf ( 1240): [0,1240,system_server,-1,DisplayDeviceConfig,requesting nits when no mapping exists.]
02-09 04:28:46.405 I/am_wtf ( 1240): [0,1240,system_server,-1,DisplayDeviceConfig,requesting nits when no mapping exists.]
02-09 04:28:46.406 I/am_wtf ( 1240): [0,1240,system_server,-1,DisplayDeviceConfig,requesting nits when no mapping exists.]
02-09 04:28:46.422 I/am_wtf ( 1240): [0,1240,system_server,-1,DisplayDeviceConfig,requesting nits when no mapping exists.]
02-09 04:28:46.422 I/am_wtf ( 1240): [0,1240,system_server,-1,DisplayDeviceConfig,requesting nits when no mapping exists.]
02-09 04:28:46.438 I/am_wtf ( 1240): [0,1240,system_server,-1,DisplayDeviceConfig,requesting nits when no mapping exists.]
02-09 04:28:46.439 I/am_wtf ( 1240): [0,1240,system_server,-1,DisplayDeviceConfig,requesting nits when no mapping exists.]
02-09 04:28:46.455 I/am_wtf ( 1240): [0,1240,system_server,-1,DisplayDeviceConfig,requesting nits when no mapping exists.]
02-09 04:28:46.456 I/am_wtf ( 1240): [0,1240,system_server,-1,DisplayDeviceConfig,requesting nits when no mapping exists.]
02-09 04:28:46.472 I/am_wtf ( 1240): [0,1240,system_server,-1,DisplayDeviceConfig,requesting nits when no mapping exists.]
02-09 04:28:46.473 I/am_wtf ( 1240): [0,1240,system_server,-1,DisplayDeviceConfig,requesting nits when no mapping exists.]
02-09 04:28:46.488 I/am_wtf ( 1240): [0,1240,system_server,-1,DisplayDeviceConfig,requesting nits when no mapping exists.]
02-09 04:28:46.489 I/am_wtf ( 1240): [0,1240,system_server,-1,DisplayDeviceConfig,requesting nits when no mapping exists.]
02-09 04:28:46.505 I/am_wtf ( 1240): [0,1240,system_server,-1,DisplayDeviceConfig,requesting nits when no mapping exists.]
02-09 04:28:46.506 I/am_wtf ( 1240): [0,1240,system_server,-1,DisplayDeviceConfig,requesting nits when no mapping exists.]
02-09 04:28:46.522 I/am_wtf ( 1240): [0,1240,system_server,-1,DisplayDeviceConfig,requesting nits when no mapping exists.]
02-09 04:28:46.522 I/am_wtf ( 1240): [0,1240,system_server,-1,DisplayDeviceConfig,requesting nits when no mapping exists.]
02-09 04:28:46.539 I/am_wtf ( 1240): [0,1240,system_server,-1,DisplayDeviceConfig,requesting nits when no mapping exists.]
02-09 04:28:46.539 I/am_wtf ( 1240): [0,1240,system_server,-1,DisplayDeviceConfig,requesting nits when no mapping exists.]
02-09 04:28:46.555 I/am_wtf ( 1240): [0,1240,system_server,-1,DisplayDeviceConfig,requesting nits when no mapping exists.]
02-09 04:28:46.556 I/am_wtf ( 1240): [0,1240,system_server,-1,DisplayDeviceConfig,requesting nits when no mapping exists.]
02-09 04:28:46.572 I/am_wtf ( 1240): [0,1240,system_server,-1,DisplayDeviceConfig,requesting nits when no mapping exists.]
02-09 04:28:46.573 I/am_wtf ( 1240): [0,1240,system_server,-1,DisplayDeviceConfig,requesting nits when no mapping exists.]
02-09 04:28:46.589 I/am_wtf ( 1240): [0,1240,system_server,-1,DisplayDeviceConfig,requesting nits when no mapping exists.]
02-09 04:28:46.590 I/am_wtf ( 1240): [0,1240,system_server,-1,DisplayDeviceConfig,requesting nits when no mapping exists.]
02-09 04:28:46.605 I/am_wtf ( 1240): [0,1240,system_server,-1,DisplayDeviceConfig,requesting nits when no mapping exists.]
02-09 04:28:46.606 I/am_wtf ( 1240): [0,1240,system_server,-1,DisplayDeviceConfig,requesting nits when no mapping exists.]
02-09 04:28:46.622 I/am_wtf ( 1240): [0,1240,system_server,-1,DisplayDeviceConfig,requesting nits when no mapping exists.]
02-09 04:28:46.623 I/am_wtf ( 1240): [0,1240,system_server,-1,DisplayDeviceConfig,requesting nits when no mapping exists.]
02-09 04:28:46.639 I/am_wtf ( 1240): [0,1240,system_server,-1,DisplayDeviceConfig,requesting nits when no mapping exists.]
02-09 04:28:46.639 I/am_wtf ( 1240): [0,1240,system_server,-1,DisplayDeviceConfig,requesting nits when no mapping exists.]
02-09 04:28:46.656 I/am_wtf ( 1240): [0,1240,system_server,-1,DisplayDeviceConfig,requesting nits when no mapping exists.]
02-09 04:28:46.656 I/am_wtf ( 1240): [0,1240,system_server,-1,DisplayDeviceConfig,requesting nits when no mapping exists.]
02-09 04:28:46.672 I/am_wtf ( 1240): [0,1240,system_server,-1,DisplayDeviceConfig,requesting nits when no mapping exists.]
02-09 04:28:46.673 I/am_wtf ( 1240): [0,1240,system_server,-1,DisplayDeviceConfig,requesting nits when no mapping exists.]
02-09 04:28:46.689 I/am_wtf ( 1240): [0,1240,system_server,-1,DisplayDeviceConfig,requesting nits when no mapping exists.]
02-09 04:28:46.690 I/am_wtf ( 1240): [0,1240,system_server,-1,DisplayDeviceConfig,requesting nits when no mapping exists.]
02-09 04:28:46.706 I/am_wtf ( 1240): [0,1240,system_server,-1,DisplayDeviceConfig,requesting nits when no mapping exists.]
02-09 04:28:46.706 I/am_wtf ( 1240): [0,1240,system_server,-1,DisplayDeviceConfig,requesting nits when no mapping exists.]
02-09 04:28:46.722 I/am_wtf ( 1240): [0,1240,system_server,-1,DisplayDeviceConfig,requesting nits when no mapping exists.]
02-09 04:28:46.723 I/am_wtf ( 1240): [0,1240,system_server,-1,DisplayDeviceConfig,requesting nits when no mapping exists.]
02-09 04:28:46.739 I/am_wtf ( 1240): [0,1240,system_server,-1,DisplayDeviceConfig,requesting nits when no mapping exists.]
02-09 04:28:46.740 I/am_wtf ( 1240): [0,1240,system_server,-1,DisplayDeviceConfig,requesting nits when no mapping exists.]
02-09 04:28:46.756 I/am_wtf ( 1240): [0,1240,system_server,-1,DisplayDeviceConfig,requesting nits when no mapping exists.]
02-09 04:28:46.757 I/am_wtf ( 1240): [0,1240,system_server,-1,DisplayDeviceConfig,requesting nits when no mapping exists.]
02-09 04:28:46.773 I/am_wtf ( 1240): [0,1240,system_server,-1,DisplayDeviceConfig,requesting nits when no mapping exists.]
02-09 04:28:46.774 I/am_wtf ( 1240): [0,1240,system_server,-1,DisplayDeviceConfig,requesting nits when no mapping exists.]
02-09 04:28:50.661 I/am_uid_idle( 1240): 10044
02-09 04:28:52.790 I/sysui_multi_action( 1240): [757,222,758,1]
02-09 04:28:52.791 I/am_pss ( 1240): [3921,10064,com.android.gallery3d,43118592,36581376,0,166936576,0,18,14]
02-09 04:28:52.792 I/am_uid_active( 1240): 10044
02-09 04:28:52.804 I/wm_task_created( 1240): [75,-1]
02-09 04:28:52.809 I/wm_task_moved( 1240): [75,1,7]
02-09 04:28:52.809 I/wm_task_to_front( 1240): [0,75]
02-09 04:28:52.810 I/am_pss ( 1240): [2573,10073,com.android.launcher3,177278976,167464960,0,312360960,0,6,16]
02-09 04:28:52.810 I/am_uid_idle( 1240): 10064
02-09 04:28:52.810 I/wm_create_task( 1240): [0,75]
02-09 04:28:52.810 I/wm_create_activity( 1240): [0,83641422,75,com.thundercomm.screensaver/android.service.dreams.DreamActivity,NULL,NULL,NULL,276824064]
02-09 04:28:52.810 I/wm_task_moved( 1240): [75,1,7]
02-09 04:28:52.810 I/wm_on_top_resumed_lost_called( 2418): [171931013,com.android.settings.Settings,topStateChangedWhenResumed]
02-09 04:28:52.811 I/wm_pause_activity( 1240): [0,171931013,com.android.settings/.Settings,userLeaving=true,pauseBackTasks]
02-09 04:28:52.813 I/sysui_multi_action( 2418): [757,340,758,2,1089,62707]
02-09 04:28:52.813 I/sysui_multi_action( 2418): [757,35,758,2,1089,62706]
02-09 04:28:52.813 I/wm_on_paused_called( 2418): [171931013,com.android.settings.Settings,performPause]
02-09 04:28:52.816 I/wm_add_to_stopping( 1240): [0,171931013,com.android.settings/.Settings,makeInvisible]
02-09 04:28:52.816 I/wm_restart_activity( 1240): [0,83641422,75,com.thundercomm.screensaver/android.service.dreams.DreamActivity]
02-09 04:28:52.816 I/wm_set_resumed_activity( 1240): [0,com.thundercomm.screensaver/android.service.dreams.DreamActivity,minimalResumeActivityLocked]
02-09 04:28:52.819 I/am_pss ( 1240): [4753,10088,com.android.music,40996864,35930112,0,157925376,0,18,8]
02-09 04:28:52.819 I/sysui_multi_action( 1240): [757,803,799,window_time_0,802,60]
02-09 04:28:52.819 I/wm_on_create_called( 5183): [83641422,android.service.dreams.DreamActivity,performCreate]
02-09 04:28:52.820 I/wm_on_start_called( 5183): [83641422,android.service.dreams.DreamActivity,handleStartActivity]
02-09 04:28:52.820 I/wm_on_resume_called( 5183): [83641422,android.service.dreams.DreamActivity,RESUME_ACTIVITY]
02-09 04:28:52.824 I/wm_on_top_resumed_gained_called( 5183): [83641422,android.service.dreams.DreamActivity,topStateChangedWhenResumed]
02-09 04:28:52.837 I/input_focus( 1240): [Focus leaving 8ba4a9b com.android.settings/com.android.settings.Settings (server),reason=NO_WINDOW]
02-09 04:28:52.844 I/input_focus( 1240): [Focus request edc575a com.thundercomm.screensaver/android.service.dreams.DreamActivity,reason=UpdateInputWindows]
02-09 04:28:52.856 I/sysui_multi_action( 1240): [319,51,322,47,325,428,757,761,758,8,759,2,806,com.thundercomm.screensaver,871,android.service.dreams.DreamActivity,904,com.thundercomm.screensaver,905,0,1320,4,1321,2]
02-09 04:28:52.856 I/wm_activity_launch_time( 1240): [0,83641422,com.thundercomm.screensaver/android.service.dreams.DreamActivity,47]
02-09 04:28:52.857 I/sysui_multi_action( 1240): [757,1696,758,6,759,3]
02-09 04:28:52.869 I/am_wtf ( 1240): [0,1240,system_server,-1,DisplayDeviceConfig,requesting nits when no mapping exists.]
02-09 04:28:52.869 I/am_wtf ( 1240): [0,1240,system_server,-1,DisplayDeviceConfig,requesting nits when no mapping exists.]
02-09 04:28:52.886 I/am_wtf ( 1240): [0,1240,system_server,-1,DisplayDeviceConfig,requesting nits when no mapping exists.]
02-09 04:28:52.886 I/am_wtf ( 1240): [0,1240,system_server,-1,DisplayDeviceConfig,requesting nits when no mapping exists.]
02-09 04:28:52.886 I/input_focus( 1240): [Focus entering edc575a com.thundercomm.screensaver/android.service.dreams.DreamActivity (server),reason=Window became focusable. Previous reason: NOT_VISIBLE]
02-09 04:28:52.902 I/am_wtf ( 1240): [0,1240,system_server,-1,DisplayDeviceConfig,requesting nits when no mapping exists.]
02-09 04:28:52.903 I/am_wtf ( 1240): [0,1240,system_server,-1,DisplayDeviceConfig,requesting nits when no mapping exists.]
02-09 04:28:52.919 I/am_wtf ( 1240): [0,1240,system_server,-1,DisplayDeviceConfig,requesting nits when no mapping exists.]
02-09 04:28:52.919 I/am_wtf ( 1240): [0,1240,system_server,-1,DisplayDeviceConfig,requesting nits when no mapping exists.]
02-09 04:28:52.936 I/am_wtf ( 1240): [0,1240,system_server,-1,DisplayDeviceConfig,requesting nits when no mapping exists.]
02-09 04:28:52.936 I/am_wtf ( 1240): [0,1240,system_server,-1,DisplayDeviceConfig,requesting nits when no mapping exists.]
02-09 04:28:52.953 I/am_wtf ( 1240): [0,1240,system_server,-1,DisplayDeviceConfig,requesting nits when no mapping exists.]
02-09 04:28:52.953 I/am_wtf ( 1240): [0,1240,system_server,-1,DisplayDeviceConfig,requesting nits when no mapping exists.]
02-09 04:28:52.970 I/am_wtf ( 1240): [0,1240,system_server,-1,DisplayDeviceConfig,requesting nits when no mapping exists.]
02-09 04:28:52.970 I/am_wtf ( 1240): [0,1240,system_server,-1,DisplayDeviceConfig,requesting nits when no mapping exists.]
02-09 04:28:52.987 I/am_wtf ( 1240): [0,1240,system_server,-1,DisplayDeviceConfig,requesting nits when no mapping exists.]
02-09 04:28:52.987 I/am_wtf ( 1240): [0,1240,system_server,-1,DisplayDeviceConfig,requesting nits when no mapping exists.]
02-09 04:28:53.003 I/am_wtf ( 1240): [0,1240,system_server,-1,DisplayDeviceConfig,requesting nits when no mapping exists.]
02-09 04:28:53.003 I/am_wtf ( 1240): [0,1240,system_server,-1,DisplayDeviceConfig,requesting nits when no mapping exists.]
02-09 04:28:53.020 I/am_wtf ( 1240): [0,1240,system_server,-1,DisplayDeviceConfig,requesting nits when no mapping exists.]
02-09 04:28:53.021 I/am_wtf ( 1240): [0,1240,system_server,-1,DisplayDeviceConfig,requesting nits when no mapping exists.]
02-09 04:28:53.036 I/am_wtf ( 1240): [0,1240,system_server,-1,DisplayDeviceConfig,requesting nits when no mapping exists.]
02-09 04:28:53.037 I/am_wtf ( 1240): [0,1240,system_server,-1,DisplayDeviceConfig,requesting nits when no mapping exists.]
02-09 04:28:53.053 I/am_wtf ( 1240): [0,1240,system_server,-1,DisplayDeviceConfig,requesting nits when no mapping exists.]
02-09 04:28:53.053 I/am_wtf ( 1240): [0,1240,system_server,-1,DisplayDeviceConfig,requesting nits when no mapping exists.]
02-09 04:28:53.070 I/am_wtf ( 1240): [0,1240,system_server,-1,DisplayDeviceConfig,requesting nits when no mapping exists.]
02-09 04:28:53.070 I/am_wtf ( 1240): [0,1240,system_server,-1,DisplayDeviceConfig,requesting nits when no mapping exists.]
02-09 04:28:53.087 I/am_wtf ( 1240): [0,1240,system_server,-1,DisplayDeviceConfig,requesting nits when no mapping exists.]
02-09 04:28:53.087 I/am_wtf ( 1240): [0,1240,system_server,-1,DisplayDeviceConfig,requesting nits when no mapping exists.]
02-09 04:28:53.103 I/am_wtf ( 1240): [0,1240,system_server,-1,DisplayDeviceConfig,requesting nits when no mapping exists.]
02-09 04:28:53.103 I/am_wtf ( 1240): [0,1240,system_server,-1,DisplayDeviceConfig,requesting nits when no mapping exists.]
02-09 04:28:53.120 I/am_wtf ( 1240): [0,1240,system_server,-1,DisplayDeviceConfig,requesting nits when no mapping exists.]
02-09 04:28:53.121 I/am_wtf ( 1240): [0,1240,system_server,-1,DisplayDeviceConfig,requesting nits when no mapping exists.]
02-09 04:28:53.121 I/service_manager_stats( 1240): [100,39,6914]
02-09 04:28:53.137 I/am_wtf ( 1240): [0,1240,system_server,-1,DisplayDeviceConfig,requesting nits when no mapping exists.]
02-09 04:28:53.137 I/am_wtf ( 1240): [0,1240,system_server,-1,DisplayDeviceConfig,requesting nits when no mapping exists.]
02-09 04:28:53.154 I/am_wtf ( 1240): [0,1240,system_server,-1,DisplayDeviceConfig,requesting nits when no mapping exists.]
02-09 04:28:53.154 I/am_wtf ( 1240): [0,1240,system_server,-1,DisplayDeviceConfig,requesting nits when no mapping exists.]
02-09 04:28:53.170 I/am_wtf ( 1240): [0,1240,system_server,-1,DisplayDeviceConfig,requesting nits when no mapping exists.]
02-09 04:28:53.170 I/am_wtf ( 1240): [0,1240,system_server,-1,DisplayDeviceConfig,requesting nits when no mapping exists.]
02-09 04:28:53.187 I/am_wtf ( 1240): [0,1240,system_server,-1,DisplayDeviceConfig,requesting nits when no mapping exists.]
02-09 04:28:53.187 I/am_wtf ( 1240): [0,1240,system_server,-1,DisplayDeviceConfig,requesting nits when no mapping exists.]
02-09 04:28:53.204 I/am_wtf ( 1240): [0,1240,system_server,-1,DisplayDeviceConfig,requesting nits when no mapping exists.]
02-09 04:28:53.204 I/am_wtf ( 1240): [0,1240,system_server,-1,DisplayDeviceConfig,requesting nits when no mapping exists.]
02-09 04:28:53.220 I/am_wtf ( 1240): [0,1240,system_server,-1,DisplayDeviceConfig,requesting nits when no mapping exists.]
02-09 04:28:53.220 I/am_wtf ( 1240): [0,1240,system_server,-1,DisplayDeviceConfig,requesting nits when no mapping exists.]
02-09 04:28:53.237 I/am_wtf ( 1240): [0,1240,system_server,-1,DisplayDeviceConfig,requesting nits when no mapping exists.]
02-09 04:28:53.238 I/am_wtf ( 1240): [0,1240,system_server,-1,DisplayDeviceConfig,requesting nits when no mapping exists.]
02-09 04:28:53.254 I/am_wtf ( 1240): [0,1240,system_server,-1,DisplayDeviceConfig,requesting nits when no mapping exists.]
02-09 04:28:53.254 I/am_wtf ( 1240): [0,1240,system_server,-1,DisplayDeviceConfig,requesting nits when no mapping exists.]
02-09 04:28:53.270 I/am_wtf ( 1240): [0,1240,system_server,-1,DisplayDeviceConfig,requesting nits when no mapping exists.]
02-09 04:28:53.271 I/am_wtf ( 1240): [0,1240,system_server,-1,DisplayDeviceConfig,requesting nits when no mapping exists.]
02-09 04:28:53.287 I/am_wtf ( 1240): [0,1240,system_server,-1,DisplayDeviceConfig,requesting nits when no mapping exists.]
02-09 04:28:53.288 I/am_wtf ( 1240): [0,1240,system_server,-1,DisplayDeviceConfig,requesting nits when no mapping exists.]
02-09 04:28:53.303 I/am_wtf ( 1240): [0,1240,system_server,-1,DisplayDeviceConfig,requesting nits when no mapping exists.]
02-09 04:28:53.304 I/am_wtf ( 1240): [0,1240,system_server,-1,DisplayDeviceConfig,requesting nits when no mapping exists.]
02-09 04:28:53.320 I/am_wtf ( 1240): [0,1240,system_server,-1,DisplayDeviceConfig,requesting nits when no mapping exists.]
02-09 04:28:53.321 I/am_wtf ( 1240): [0,1240,system_server,-1,DisplayDeviceConfig,requesting nits when no mapping exists.]
02-09 04:28:53.337 I/am_wtf ( 1240): [0,1240,system_server,-1,DisplayDeviceConfig,requesting nits when no mapping exists.]
02-09 04:28:53.338 I/am_wtf ( 1240): [0,1240,system_server,-1,DisplayDeviceConfig,requesting nits when no mapping exists.]
02-09 04:28:53.355 I/am_wtf ( 1240): [0,1240,system_server,-1,DisplayDeviceConfig,requesting nits when no mapping exists.]
02-09 04:28:53.355 I/am_wtf ( 1240): [0,1240,system_server,-1,DisplayDeviceConfig,requesting nits when no mapping exists.]
02-09 04:28:53.356 I/wm_stop_activity( 1240): [0,171931013,com.android.settings/.Settings]
02-09 04:28:53.371 I/am_wtf ( 1240): [0,1240,system_server,-1,DisplayDeviceConfig,requesting nits when no mapping exists.]
02-09 04:28:53.371 I/am_wtf ( 1240): [0,1240,system_server,-1,DisplayDeviceConfig,requesting nits when no mapping exists.]
02-09 04:28:53.378 I/wm_on_stop_called( 2418): [171931013,com.android.settings.Settings,STOP_ACTIVITY_ITEM]
02-09 04:28:53.388 I/am_wtf ( 1240): [0,1240,system_server,-1,DisplayDeviceConfig,requesting nits when no mapping exists.]
02-09 04:28:53.389 I/am_wtf ( 1240): [0,1240,system_server,-1,DisplayDeviceConfig,requesting nits when no mapping exists.]
02-09 04:28:53.405 I/am_wtf ( 1240): [0,1240,system_server,-1,DisplayDeviceConfig,requesting nits when no mapping exists.]
02-09 04:28:53.406 I/am_wtf ( 1240): [0,1240,system_server,-1,DisplayDeviceConfig,requesting nits when no mapping exists.]
02-09 04:28:53.422 I/am_wtf ( 1240): [0,1240,system_server,-1,DisplayDeviceConfig,requesting nits when no mapping exists.]
02-09 04:28:53.422 I/am_wtf ( 1240): [0,1240,system_server,-1,DisplayDeviceConfig,requesting nits when no mapping exists.]
02-09 04:28:53.439 I/am_wtf ( 1240): [0,1240,system_server,-1,DisplayDeviceConfig,requesting nits when no mapping exists.]
02-09 04:28:53.440 I/am_wtf ( 1240): [0,1240,system_server,-1,DisplayDeviceConfig,requesting nits when no mapping exists.]
02-09 04:28:53.455 I/am_wtf ( 1240): [0,1240,system_server,-1,DisplayDeviceConfig,requesting nits when no mapping exists.]
02-09 04:28:53.455 I/am_wtf ( 1240): [0,1240,system_server,-1,DisplayDeviceConfig,requesting nits when no mapping exists.]
02-09 04:28:53.471 I/am_wtf ( 1240): [0,1240,system_server,-1,DisplayDeviceConfig,requesting nits when no mapping exists.]
02-09 04:28:53.471 I/am_wtf ( 1240): [0,1240,system_server,-1,DisplayDeviceConfig,requesting nits when no mapping exists.]
02-09 04:28:53.488 I/am_wtf ( 1240): [0,1240,system_server,-1,DisplayDeviceConfig,requesting nits when no mapping exists.]
02-09 04:28:53.488 I/am_wtf ( 1240): [0,1240,system_server,-1,DisplayDeviceConfig,requesting nits when no mapping exists.]
02-09 04:28:53.504 I/am_wtf ( 1240): [0,1240,system_server,-1,DisplayDeviceConfig,requesting nits when no mapping exists.]
02-09 04:28:53.504 I/am_wtf ( 1240): [0,1240,system_server,-1,DisplayDeviceConfig,requesting nits when no mapping exists.]
02-09 04:28:53.521 I/am_wtf ( 1240): [0,1240,system_server,-1,DisplayDeviceConfig,requesting nits when no mapping exists.]
02-09 04:28:53.521 I/am_wtf ( 1240): [0,1240,system_server,-1,DisplayDeviceConfig,requesting nits when no mapping exists.]
02-09 04:28:53.538 I/am_wtf ( 1240): [0,1240,system_server,-1,DisplayDeviceConfig,requesting nits when no mapping exists.]
02-09 04:28:53.538 I/am_wtf ( 1240): [0,1240,system_server,-1,DisplayDeviceConfig,requesting nits when no mapping exists.]
02-09 04:28:53.554 I/am_wtf ( 1240): [0,1240,system_server,-1,DisplayDeviceConfig,requesting nits when no mapping exists.]
02-09 04:28:53.555 I/am_wtf ( 1240): [0,1240,system_server,-1,DisplayDeviceConfig,requesting nits when no mapping exists.]
02-09 04:28:53.572 I/am_wtf ( 1240): [0,1240,system_server,-1,DisplayDeviceConfig,requesting nits when no mapping exists.]
02-09 04:28:53.572 I/am_wtf ( 1240): [0,1240,system_server,-1,DisplayDeviceConfig,requesting nits when no mapping exists.]
02-09 04:28:53.588 I/am_wtf ( 1240): [0,1240,system_server,-1,DisplayDeviceConfig,requesting nits when no mapping exists.]
02-09 04:28:53.588 I/am_wtf ( 1240): [0,1240,system_server,-1,DisplayDeviceConfig,requesting nits when no mapping exists.]
02-09 04:28:53.605 I/am_wtf ( 1240): [0,1240,system_server,-1,DisplayDeviceConfig,requesting nits when no mapping exists.]
02-09 04:28:53.605 I/am_wtf ( 1240): [0,1240,system_server,-1,DisplayDeviceConfig,requesting nits when no mapping exists.]
02-09 04:28:53.622 I/am_wtf ( 1240): [0,1240,system_server,-1,DisplayDeviceConfig,requesting nits when no mapping exists.]
02-09 04:28:53.622 I/am_wtf ( 1240): [0,1240,system_server,-1,DisplayDeviceConfig,requesting nits when no mapping exists.]
02-09 04:28:53.638 I/am_wtf ( 1240): [0,1240,system_server,-1,DisplayDeviceConfig,requesting nits when no mapping exists.]
02-09 04:28:53.638 I/am_wtf ( 1240): [0,1240,system_server,-1,DisplayDeviceConfig,requesting nits when no mapping exists.]
02-09 04:28:53.654 I/am_wtf ( 1240): [0,1240,system_server,-1,DisplayDeviceConfig,requesting nits when no mapping exists.]
02-09 04:28:53.655 I/am_wtf ( 1240): [0,1240,system_server,-1,DisplayDeviceConfig,requesting nits when no mapping exists.]
02-09 04:28:53.671 I/am_wtf ( 1240): [0,1240,system_server,-1,DisplayDeviceConfig,requesting nits when no mapping exists.]
02-09 04:28:53.672 I/am_wtf ( 1240): [0,1240,system_server,-1,DisplayDeviceConfig,requesting nits when no mapping exists.]
02-09 04:28:53.688 I/am_wtf ( 1240): [0,1240,system_server,-1,DisplayDeviceConfig,requesting nits when no mapping exists.]
02-09 04:28:53.688 I/am_wtf ( 1240): [0,1240,system_server,-1,DisplayDeviceConfig,requesting nits when no mapping exists.]
02-09 04:28:53.705 I/am_wtf ( 1240): [0,1240,system_server,-1,DisplayDeviceConfig,requesting nits when no mapping exists.]
02-09 04:28:53.705 I/am_wtf ( 1240): [0,1240,system_server,-1,DisplayDeviceConfig,requesting nits when no mapping exists.]
02-09 04:28:53.721 I/am_wtf ( 1240): [0,1240,system_server,-1,DisplayDeviceConfig,requesting nits when no mapping exists.]
02-09 04:28:53.722 I/am_wtf ( 1240): [0,1240,system_server,-1,DisplayDeviceConfig,requesting nits when no mapping exists.]
02-09 04:28:53.738 I/am_wtf ( 1240): [0,1240,system_server,-1,DisplayDeviceConfig,requesting nits when no mapping exists.]
02-09 04:28:53.738 I/am_wtf ( 1240): [0,1240,system_server,-1,DisplayDeviceConfig,requesting nits when no mapping exists.]
02-09 04:28:53.755 I/am_wtf ( 1240): [0,1240,system_server,-1,DisplayDeviceConfig,requesting nits when no mapping exists.]
02-09 04:28:53.755 I/am_wtf ( 1240): [0,1240,system_server,-1,DisplayDeviceConfig,requesting nits when no mapping exists.]
02-09 04:28:53.772 I/am_wtf ( 1240): [0,1240,system_server,-1,DisplayDeviceConfig,requesting nits when no mapping exists.]
02-09 04:28:53.772 I/am_wtf ( 1240): [0,1240,system_server,-1,DisplayDeviceConfig,requesting nits when no mapping exists.]
02-09 04:28:53.788 I/am_wtf ( 1240): [0,1240,system_server,-1,DisplayDeviceConfig,requesting nits when no mapping exists.]
02-09 04:28:53.788 I/am_wtf ( 1240): [0,1240,system_server,-1,DisplayDeviceConfig,requesting nits when no mapping exists.]
02-09 04:28:53.805 I/am_wtf ( 1240): [0,1240,system_server,-1,DisplayDeviceConfig,requesting nits when no mapping exists.]
02-09 04:28:53.805 I/am_wtf ( 1240): [0,1240,system_server,-1,DisplayDeviceConfig,requesting nits when no mapping exists.]
02-09 04:28:53.821 I/am_wtf ( 1240): [0,1240,system_server,-1,DisplayDeviceConfig,requesting nits when no mapping exists.]
02-09 04:28:53.822 I/am_wtf ( 1240): [0,1240,system_server,-1,DisplayDeviceConfig,requesting nits when no mapping exists.]
02-09 04:29:59.444 I/am_uid_idle( 1240): 10063
02-09 04:31:57.864 I/am_freeze( 1240): [3085,com.android.traceur]
02-09 04:31:57.867 I/am_kill ( 1240): [0,3085,com.android.traceur,965,Unable to freeze binder interface]
02-09 04:31:57.913 I/am_proc_died( 1240): [0,3085,com.android.traceur,965,19]
02-09 04:31:57.914 I/am_uid_stopped( 1240): 10032
02-09 04:31:57.931 I/am_pss ( 1240): [5183,10044,com.thundercomm.screensaver,59563008,53952512,0,175419392,0,2,10]
02-09 04:31:57.944 I/am_pss ( 1240): [3921,10064,com.android.gallery3d,43144192,36581376,0,166936576,0,18,12]
02-09 04:32:00.407 I/am_freeze( 1240): [3414,com.android.localtransport]
02-09 04:32:00.410 I/am_kill ( 1240): [0,3414,com.android.localtransport,999,Unable to freeze binder interface]
02-09 04:32:00.443 I/am_proc_died( 1240): [0,3414,com.android.localtransport,999,19]
02-09 04:32:00.894 I/am_freeze( 1240): [3436,com.android.calendar]
02-09 04:32:00.896 I/am_kill ( 1240): [0,3436,com.android.calendar,995,Unable to freeze binder interface]
02-09 04:32:00.930 I/am_proc_died( 1240): [0,3436,com.android.calendar,995,19]
02-09 04:32:00.931 I/am_uid_stopped( 1240): 10065
02-09 04:32:01.002 I/am_freeze( 1240): [3461,com.android.dynsystem]
02-09 04:32:01.006 I/am_freeze( 1240): [2887,com.android.keychain]
