02-09 04:41:28.298 I/thunderperf( 1240): Current app pkgName=com.android.gallery3d bm:com.thundercomm.perf.BoostPerfManager@7f4d0a2 gpuMode=-1 gpuType=-1
02-09 04:41:28.298 I/ThunderBoostPerfService( 1240): Resolution: Uid=10073 Pid=5563 gMode=-1 dType=-1
02-09 04:41:28.300 I/thunderperf( 1240): PlatormCompat.setOverrides: Uid1=10073 Pid1=5563 Uid2=10073 Pid2=5563
02-09 04:41:28.300 I/thunderperf( 1240): PlatormCompat.setOverrides: needCheck:false
02-09 04:41:28.300 I/thunderperf( 1240): CompatConfig.addOverrideUnsafe: bef-state=1
02-09 04:41:28.302 E/thunderperf( 1240): CompatConfig.addOverrideUnsafe: exception:java.lang.SecurityException: Cannot override a change on a non-debuggable app and user build.
02-09 04:41:28.302 I/thunderperf( 1240): CompatConfig.addOverrideUnsafe: aft-state=1
02-09 04:41:28.304 I/thunderperf( 1240): CompatConfig.addOverrideUnsafe: bef-state=1
02-09 04:41:28.304 E/thunderperf( 1240): CompatConfig.addOverrideUnsafe: exception:java.lang.SecurityException: Cannot override a change on a non-debuggable app and user build.
02-09 04:41:28.304 I/thunderperf( 1240): CompatConfig.addOverrideUnsafe: aft-state=1
02-09 04:41:28.305 I/thunderperf( 1240): CompatConfig.addOverrideUnsafe: bef-state=1
02-09 04:41:28.306 E/thunderperf( 1240): CompatConfig.addOverrideUnsafe: exception:java.lang.SecurityException: Cannot override a change on a non-debuggable app and user build.
02-09 04:41:28.306 I/thunderperf( 1240): CompatConfig.addOverrideUnsafe: aft-state=1
02-09 04:41:28.307 I/thunderperf( 1240): CompatConfig.addOverrideUnsafe: bef-state=1
02-09 04:41:28.307 E/thunderperf( 1240): CompatConfig.addOverrideUnsafe: exception:java.lang.SecurityException: Cannot override a change on a non-debuggable app and user build.
02-09 04:41:28.307 I/thunderperf( 1240): CompatConfig.addOverrideUnsafe: aft-state=1
02-09 04:41:28.308 I/thunderperf( 1240): CompatConfig.addOverrideUnsafe: bef-state=1
02-09 04:41:28.308 E/thunderperf( 1240): CompatConfig.addOverrideUnsafe: exception:java.lang.SecurityException: Cannot override a change on a non-debuggable app and user build.
02-09 04:41:28.308 I/thunderperf( 1240): CompatConfig.addOverrideUnsafe: aft-state=1
02-09 04:41:28.309 I/thunderperf( 1240): CompatConfig.addOverrideUnsafe: bef-state=1
02-09 04:41:28.309 E/thunderperf( 1240): CompatConfig.addOverrideUnsafe: exception:java.lang.SecurityException: Cannot override a change on a non-debuggable app and user build.
02-09 04:41:28.309 I/thunderperf( 1240): CompatConfig.addOverrideUnsafe: aft-state=1
02-09 04:41:28.310 I/thunderperf( 1240): CompatConfig.addOverrideUnsafe: bef-state=1
02-09 04:41:28.310 E/thunderperf( 1240): CompatConfig.addOverrideUnsafe: exception:java.lang.SecurityException: Cannot override a change on a non-debuggable app and user build.
02-09 04:41:28.310 I/thunderperf( 1240): CompatConfig.addOverrideUnsafe: aft-state=1
02-09 04:41:28.311 I/thunderperf( 1240): CompatConfig.addOverrideUnsafe: bef-state=1
02-09 04:41:28.311 E/thunderperf( 1240): CompatConfig.addOverrideUnsafe: exception:java.lang.SecurityException: Cannot override a change on a non-debuggable app and user build.
02-09 04:41:28.311 I/thunderperf( 1240): CompatConfig.addOverrideUnsafe: aft-state=1
02-09 04:41:28.312 I/thunderperf( 1240): CompatConfig.addOverrideUnsafe: bef-state=1
02-09 04:41:28.312 E/thunderperf( 1240): CompatConfig.addOverrideUnsafe: exception:java.lang.SecurityException: Cannot override a change on a non-debuggable app and user build.
02-09 04:41:28.312 I/thunderperf( 1240): CompatConfig.addOverrideUnsafe: aft-state=1
02-09 04:41:28.312 I/thunderperf( 1240): CompatConfig.addOverrideUnsafe: bef-state=1
02-09 04:41:28.312 E/thunderperf( 1240): CompatConfig.addOverrideUnsafe: exception:java.lang.SecurityException: Cannot override a change on a non-debuggable app and user build.
02-09 04:41:28.312 I/thunderperf( 1240): CompatConfig.addOverrideUnsafe: aft-state=1
02-09 04:41:28.313 I/thunderperf( 1240): CompatConfig.addOverrideUnsafe: bef-state=1
02-09 04:41:28.313 E/thunderperf( 1240): CompatConfig.addOverrideUnsafe: exception:java.lang.SecurityException: Cannot override a change on a non-debuggable app and user build.
02-09 04:41:28.313 I/thunderperf( 1240): CompatConfig.addOverrideUnsafe: aft-state=1
02-09 04:41:28.314 I/thunderperf( 1240): CompatConfig.addOverrideUnsafe: bef-state=1
02-09 04:41:28.314 E/thunderperf( 1240): CompatConfig.addOverrideUnsafe: exception:java.lang.SecurityException: Cannot override a change on a non-debuggable app and user build.
02-09 04:41:28.314 I/thunderperf( 1240): CompatConfig.addOverrideUnsafe: aft-state=1
02-09 04:41:28.314 I/thunderperf( 1240): CompatConfig.addOverrideUnsafe: bef-state=1
02-09 04:41:28.315 E/thunderperf( 1240): CompatConfig.addOverrideUnsafe: exception:java.lang.SecurityException: Cannot override a change on a non-debuggable app and user build.
02-09 04:41:28.315 I/thunderperf( 1240): CompatConfig.addOverrideUnsafe: aft-state=1
02-09 04:41:28.315 I/thunderperf( 1240): CompatConfig.addOverrideUnsafe: bef-state=1
02-09 04:41:28.316 E/thunderperf( 1240): CompatConfig.addOverrideUnsafe: exception:java.lang.SecurityException: Cannot override a change on a non-debuggable app and user build.
02-09 04:41:28.316 I/thunderperf( 1240): CompatConfig.addOverrideUnsafe: aft-state=1
02-09 04:41:28.319 I/ThunderBoostPerfService( 1240): Disable downscaling com.android.gallery3d to 2380x1020
02-09 04:41:28.320 I/ActivityTaskManager( 1240): START u0 {flg=0x10008000 cmp=com.android.gallery3d/.app.GalleryActivity} from uid 10073
02-09 04:41:28.320 I/EventSequenceValidator( 1240): inc AccIntentStartedEvents to 2
02-09 04:41:28.326 E/ANDR-PERF-JNI( 1240): com_qualcomm_qtiperformance_native_perf_io_prefetch_start
02-09 04:41:28.327 I/wm_task_created( 1240): [79,-1]
02-09 04:41:28.327 W/ActivityTaskManager( 1240): Can't find TaskDisplayArea to determine support for multi window. Task id=79 attached=false
02-09 04:41:28.327 D/FreeFormWindowHelper( 1240): Add freeform task=Task{30b8a4c #79 type=standard ?? U=0 visible=false mode=freeform translucent=true sz=0}
02-09 04:41:28.328 E/ANDR-IOP( 863): io prefetch is disabled
02-09 04:41:28.330 I/wm_task_moved( 1240): [79,1,6]
02-09 04:41:28.330 I/wm_task_to_front( 1240): [0,79]
02-09 04:41:28.330 I/wm_create_task( 1240): [0,79]
02-09 04:41:28.330 I/wm_create_activity( 1240): [0,47528597,79,com.android.gallery3d/.app.GalleryActivity,NULL,NULL,NULL,268468224]
02-09 04:41:28.330 I/wm_task_moved( 1240): [79,1,6]
02-09 04:41:28.330 D/CompatibilityInfo( 1240): mCompatibilityFlags - 4
02-09 04:41:28.330 D/CompatibilityInfo( 1240): applicationDensity - 240
02-09 04:41:28.330 D/CompatibilityInfo( 1240): applicationScale - 1.0
02-09 04:41:28.330 I/ActivityTaskManager( 1240): FOREGROUND_APPLICATION_CHANGED to com.android.gallery3d.app.GalleryActivity
02-09 04:41:28.330 I/ActivityTaskManager( 1240): The Process com.android.gallery3d Already Exists in BG. So sending its PID: 3921
02-09 04:41:28.331 W/ActivityTaskManager( 1240): Tried to set launchTime (0) < mLastActivityLaunchTime (943520)
02-09 04:41:28.331 I/wm_restart_activity( 1240): [0,47528597,79,com.android.gallery3d/.app.GalleryActivity]
02-09 04:41:28.331 D/CompatibilityInfo( 1240): mCompatibilityFlags - 4
02-09 04:41:28.331 D/CompatibilityInfo( 1240): applicationDensity - 240
02-09 04:41:28.331 D/CompatibilityInfo( 1240): applicationScale - 1.0
02-09 04:41:28.332 I/wm_set_resumed_activity( 1240): [0,com.android.gallery3d/.app.GalleryActivity,minimalResumeActivityLocked]
02-09 04:41:28.333 D/StateManager( 5563): goToState: Normal
02-09 04:41:28.334 I/wm_on_top_resumed_lost_called( 5563): [208887896,com.android.launcher3.uioverrides.QuickstepLauncher,topStateChangedWhenResumed]
02-09 04:41:28.336 I/GameMode_ActivityMonitoringService( 2082): onForegroundActivitiesChanged uid 10064 pid 3921 fg true
02-09 04:41:28.336 D/CompatibilityInfo( 1240): mCompatibilityFlags - 4
02-09 04:41:28.336 D/CompatibilityInfo( 1240): applicationDensity - 240
02-09 04:41:28.336 D/CompatibilityInfo( 1240): applicationScale - 1.0
02-09 04:41:28.337 I/GameMode_ActivityMonitoringService( 2082): Updating top task to: TaskInfoContainer [topActivity=ComponentInfo{com.android.gallery3d/com.android.gallery3d.app.GalleryActivity}, taskId=79, stackId=79, userId=0, displayId=0, position=6
02-09 04:41:28.337 I/GameMode_ActivityMonitoringService( 2082): Notifying about top task: TaskInfoContainer [topActivity=ComponentInfo{com.android.gallery3d/com.android.gallery3d.app.GalleryActivity}, taskId=79, stackId=79, userId=0, displayId=0, position=6
02-09 04:41:28.337 I/GameMode_ActivityMonitoringService( 2082): WindowMode: 5
02-09 04:41:28.338 D/audio_hw_primary( 800): out_set_parameters: enter: usecase(1: low-latency-playback) kvpairs: suspend_playback=false
02-09 04:41:28.338 D/audio_hw_extn( 800): audio_extn_fm_set_parameters: Enter
02-09 04:41:28.339 W/audio_hw_primary( 800): out_write: underrun(3) frames_by_time(48173) > out->last_fifo_frames_remaining(384)
01-04 09:10:03.681 E/DTC_ETH,link_delay_work_func( 0): 3003, SQI=0, link=0
02-09 04:41:28.347 V/StateManager( 3921): startState class com.android.gallery3d.app.AlbumSetPage
02-09 04:41:28.348 I/wm_on_create_called( 3921): [47528597,com.android.gallery3d.app.GalleryActivity,performCreate]
02-09 04:41:28.349 I/wm_on_start_called( 3921): [47528597,com.android.gallery3d.app.GalleryActivity,handleStartActivity]
02-09 04:41:28.350 D/Gallery.MultiSetSync( 3921): onSyncDone: **** #pending=1
02-09 04:41:28.350 D/Gallery.MultiSetSync( 3921): request sync: ****
02-09 04:41:28.350 D/Gallery.MultiSetSync( 3921): onSyncDone: ****** #pending=0
02-09 04:41:28.350 D/Gallery.MultiSetSync( 3921): request sync: ******
02-09 04:41:28.351 W/OrientationEventListener( 3921): Cannot detect sensors. Not enabled
02-09 04:41:28.351 I/wm_on_resume_called( 3921): [47528597,com.android.gallery3d.app.GalleryActivity,RESUME_ACTIVITY]
02-09 04:41:28.352 I/wm_on_top_resumed_gained_called( 3921): [47528597,com.android.gallery3d.app.GalleryActivity,topStateChangedWhenResumed]
02-09 04:41:28.369 W/WindowManager( 1240): updateScale : 0.79357797
02-09 04:41:28.371 I/input_focus( 1240): [Focus request 179ba77 com.android.gallery3d/com.android.gallery3d.app.GalleryActivity,reason=UpdateInputWindows]
02-09 04:41:28.374 D/libEGL ( 3921): MSAA-->msaa:0 gamemode:0 4x_msaa:0
02-09 04:41:28.374 D/libEGL ( 3921): MSAA-->msaa:0 gamemode:0 4x_msaa:0
02-09 04:41:28.376 I/GLRootView( 3921): onSurfaceChanged: 654x1165, gl10: com.google.android.gles_jni.GLImpl@45e2ec7
02-09 04:41:28.377 I/GLRootView( 3921): layout content pane 654x1165 (compensation 0)
02-09 04:41:28.379 D/audio_hw_primary( 800): out_set_parameters: enter: usecase(1: low-latency-playback) kvpairs: suspend_playback=true
02-09 04:41:28.379 D/audio_hw_extn( 800): audio_extn_fm_set_parameters: Enter
02-09 04:41:28.387 I/GLRootView( 3921): onSurfaceChanged: 654x1097, gl10: com.google.android.gles_jni.GLImpl@45e2ec7
02-09 04:41:28.387 I/GLRootView( 3921): layout content pane 654x1097 (compensation 0)
02-09 04:41:28.403 W/WindowManager( 1240): updateScale : 0.79357797
02-09 04:41:28.403 I/input_focus( 1240): [Focus leaving c6035cc com.android.launcher3/com.android.launcher3.uioverrides.QuickstepLauncher (server),reason=Waiting for window because NOT_VISIBLE]
02-09 04:41:28.405 W/WindowManager( 1240): updateScale : 0.79357797
02-09 04:41:28.405 W/WindowManager( 1240): updateScale : 0.79357797
02-09 04:41:28.406 I/sysui_multi_action( 1240): [319,84,322,84,325,1183,757,761,758,8,759,2,806,com.android.gallery3d,871,com.android.gallery3d.app.GalleryActivity,904,com.android.launcher3,905,0,1320,4,1321,1]
02-09 04:41:28.406 I/wm_activity_launch_time( 1240): [0,47528597,com.android.gallery3d/.app.GalleryActivity,84]
02-09 04:41:28.406 I/EventSequenceValidator( 1240): dec AccIntentStartedEvents to 1
02-09 04:41:28.406 I/ActivityTaskManager( 1240): Displayed com.android.gallery3d/.app.GalleryActivity: +84ms
02-09 04:41:28.420 I/input_focus( 1240): [Focus entering 179ba77 com.android.gallery3d/com.android.gallery3d.app.GalleryActivity (server),reason=Window became focusable. Previous reason: NOT_VISIBLE]
02-09 04:41:28.431 D/RemoteControlService( 2357): startVlanDispatchThread
02-09 04:41:28.436 W/ActivityTaskManager( 1240): Request to remove task ignored for non-existent task 78
02-09 04:41:28.439 W/MediaProvider( 2873): Recovered abusive '0,64' from 'content://media/external/images/media?limit=0%2C64'
02-09 04:41:28.442 W/MediaProvider( 2873): Recovered abusive '0,64' from 'content://media/external/video/media?limit=0%2C64'
02-09 04:41:28.687 W/WindowManager( 1240): updateScale : 0.79357797
02-09 04:41:28.815 W/hpplay-java( 2754): [main]:IPManager:getActiveNets invalid networkInfo:null
02-09 04:41:28.815 I/hpplay-java( 2754): [main]:IPManager:getActiveNets eth0:false wifi:false mobile:false ap:false
02-09 04:41:28.815 I/hpplay-java( 2754): [main]:ServerTaskManager:get local ip:null
02-09 04:41:28.858 E/tlogd ( 1349): [TzLogger](isPathReadable) file /sys/kernel/debug/tzdbg/qsee_log isn't exist or no permission, err: No such file or directory
02-09 04:41:28.859 E/tlogd ( 1349): [TzLogger](saveTzlogAsync) /sys/kernel/debug/tzdbg/qsee_log can not read.
02-09 04:41:28.859 E/tlogd ( 1349): [TzLogger](isPathReadable) file /sys/kernel/debug/tzdbg/log isn't exist or no permission, err: No such file or directory
02-09 04:41:28.859 E/tlogd ( 1349): [TzLogger](saveTzlogAsync) /sys/kernel/debug/tzdbg/log can not read.
02-09 04:41:29.249 I/mpu_uart( 645): [MSG-P:RECV]:No message received in 1000 ms
02-09 04:41:29.380 D/audio_hw_primary( 800): out_set_parameters: enter: usecase(1: low-latency-playback) kvpairs: suspend_playback=false
02-09 04:41:29.380 D/audio_hw_extn( 800): audio_extn_fm_set_parameters: Enter
02-09 04:41:29.380 W/audio_hw_primary( 800): out_write: underrun(4) frames_by_time(48172) > out->last_fifo_frames_remaining(384)
02-09 04:41:29.420 D/audio_hw_primary( 800): out_set_parameters: enter: usecase(1: low-latency-playback) kvpairs: suspend_playback=true
02-09 04:41:29.420 D/audio_hw_extn( 800): audio_extn_fm_set_parameters: Enter
02-09 04:41:29.713 I/OMX-VENC: venc_dev( 1301): stats: avg. fps 15.72, bitrate 1553614
02-09 04:41:29.816 W/hpplay-java( 2754): [main]:IPManager:getActiveNets invalid networkInfo:null
02-09 04:41:29.816 I/hpplay-java( 2754): [main]:IPManager:getActiveNets eth0:false wifi:false mobile:false ap:false
02-09 04:41:29.816 I/hpplay-java( 2754): [main]:ServerTaskManager:get local ip:null
02-09 04:41:30.030 I/mpu_uart( 645): [MSG-P:R]:recv sync frame timeout
02-09 04:41:30.249 I/mpu_uart( 645): [MSG-P:RECV]:No message received in 1000 ms
02-09 04:41:30.421 D/audio_hw_primary( 800): out_set_parameters: enter: usecase(1: low-latency-playback) kvpairs: suspend_playback=false
02-09 04:41:30.421 D/audio_hw_extn( 800): audio_extn_fm_set_parameters: Enter
02-09 04:41:30.421 D/audio_hw_primary( 800): out_standby: enter: stream (0xe6ac0010) usecase(1: low-latency-playback)
01-04 09:10:05.777 I/afe_close( 0): port_id = 0x9000
02-09 04:41:30.441 D/audio_hw_primary( 800): disable_audio_route: reset and update mixer path: low-latency-playback
02-09 04:41:30.443 E/soundtrigger( 800): audio_extn_sound_trigger_update_stream_status: invalid input device 0x0, for event 2
02-09 04:41:30.443 D/soundtrigger( 800): audio_extn_sound_trigger_update_stream_status: uc_info->id 1 of type 0 for Event 2, with Raise=0
02-09 04:41:30.443 D/msm8974_platform( 800): platform_split_snd_device: snd_device(2) num devices(0) new_snd_devices(0)
02-09 04:41:30.443 I/msm8974_platform( 800): platform_get_custom_mtmx_params: no matching param with id 0 ip_ch 2 op_ch 2 uc_id 1 snd_dev 2
02-09 04:41:30.443 D/hardware_info( 800): hw_info_append_hw_type : device_name = speaker
02-09 04:41:30.443 D/audio_hw_primary( 800): disable_snd_device: snd_device(2: speaker)
02-09 04:41:30.443 D/msm8974_platform( 800): platform_split_snd_device: snd_device(2) num devices(0) new_snd_devices(0)
02-09 04:41:30.444 I/soundtrigger( 800): audio_extn_sound_trigger_update_device_status: device 0x2 of type 0 for Event 0, with Raise=0
02-09 04:41:30.444 D/audio_hw_primary( 800): out_standby: exit
02-09 04:41:30.448 D/BufferPoolAccessor2.0( 1338): evictor expired: 1, evicted: 0
02-09 04:41:30.724 I/thunderperf( 1240): Maybe need boostperf for current app!
02-09 04:41:30.725 D/FgBoostPerfService( 2082): [FgBoostPerfService.perfBoostAcq]start: stat=true pkgName=com.android.settings
02-09 04:41:30.725 I/FgBoostPerfService( 2082): [FgBoostPerfService.perfBoostAcq] not game-mode or game app!
02-09 04:41:30.726 I/ThunderPerfManager( 1240): PerfAcq error : state=true pkgName=com.android.settings
02-09 04:41:30.726 V/GameMode_GameTypeUtils( 2082): judge isGame:com.android.settings
02-09 04:41:30.727 I/FgBoostPerfService( 2082): [GetGpuMode] isMode=0 isGame=false mGpuMode=0
02-09 04:41:30.727 V/GameMode_GameTypeUtils( 2082): judge isGame:com.android.settings
02-09 04:41:30.728 I/FgBoostPerfService( 2082): [GetGpuDpiType] isMode=0 isGame=false mGpuDpiType=0
02-09 04:41:30.728 I/thunderperf( 1240): Current app pkgName=com.android.settings bm:com.thundercomm.perf.BoostPerfManager@7f4d0a2 gpuMode=-1 gpuType=-1
02-09 04:41:30.728 I/ThunderBoostPerfService( 1240): Resolution: Uid=10073 Pid=5563 gMode=-1 dType=-1
02-09 04:41:30.730 I/thunderperf( 1240): PlatormCompat.setOverrides: Uid1=10073 Pid1=5563 Uid2=10073 Pid2=5563
02-09 04:41:30.730 I/thunderperf( 1240): PlatormCompat.setOverrides: needCheck:false
02-09 04:41:30.731 I/thunderperf( 1240): CompatConfig.addOverrideUnsafe: bef-state=1
02-09 04:41:30.732 E/thunderperf( 1240): CompatConfig.addOverrideUnsafe: exception:java.lang.SecurityException: Cannot override a change on a non-debuggable app and user build.
02-09 04:41:30.732 I/thunderperf( 1240): CompatConfig.addOverrideUnsafe: aft-state=1
02-09 04:41:30.734 I/thunderperf( 1240): CompatConfig.addOverrideUnsafe: bef-state=1
02-09 04:41:30.734 E/thunderperf( 1240): CompatConfig.addOverrideUnsafe: exception:java.lang.SecurityException: Cannot override a change on a non-debuggable app and user build.
02-09 04:41:30.734 I/thunderperf( 1240): CompatConfig.addOverrideUnsafe: aft-state=1
02-09 04:41:30.736 I/thunderperf( 1240): CompatConfig.addOverrideUnsafe: bef-state=1
02-09 04:41:30.736 E/thunderperf( 1240): CompatConfig.addOverrideUnsafe: exception:java.lang.SecurityException: Cannot override a change on a non-debuggable app and user build.
02-09 04:41:30.736 I/thunderperf( 1240): CompatConfig.addOverrideUnsafe: aft-state=1
02-09 04:41:30.737 I/OMX-VENC: venc_dev( 1301): stats: avg. fps 7.81, bitrate 579223
02-09 04:41:30.737 I/thunderperf( 1240): CompatConfig.addOverrideUnsafe: bef-state=1
02-09 04:41:30.738 E/thunderperf( 1240): CompatConfig.addOverrideUnsafe: exception:java.lang.SecurityException: Cannot override a change on a non-debuggable app and user build.
02-09 04:41:30.738 I/thunderperf( 1240): CompatConfig.addOverrideUnsafe: aft-state=1
02-09 04:41:30.742 I/thunderperf( 1240): CompatConfig.addOverrideUnsafe: bef-state=1
02-09 04:41:30.742 E/thunderperf( 1240): CompatConfig.addOverrideUnsafe: exception:java.lang.SecurityException: Cannot override a change on a non-debuggable app and user build.
02-09 04:41:30.742 I/thunderperf( 1240): CompatConfig.addOverrideUnsafe: aft-state=1
02-09 04:41:30.743 I/thunderperf( 1240): CompatConfig.addOverrideUnsafe: bef-state=1
02-09 04:41:30.743 E/thunderperf( 1240): CompatConfig.addOverrideUnsafe: exception:java.lang.SecurityException: Cannot override a change on a non-debuggable app and user build.
02-09 04:41:30.743 I/thunderperf( 1240): CompatConfig.addOverrideUnsafe: aft-state=1
02-09 04:41:30.744 I/thunderperf( 1240): CompatConfig.addOverrideUnsafe: bef-state=1
02-09 04:41:30.744 E/thunderperf( 1240): CompatConfig.addOverrideUnsafe: exception:java.lang.SecurityException: Cannot override a change on a non-debuggable app and user build.
02-09 04:41:30.744 I/thunderperf( 1240): CompatConfig.addOverrideUnsafe: aft-state=1
02-09 04:41:30.744 I/thunderperf( 1240): CompatConfig.addOverrideUnsafe: bef-state=1
02-09 04:41:30.744 E/thunderperf( 1240): CompatConfig.addOverrideUnsafe: exception:java.lang.SecurityException: Cannot override a change on a non-debuggable app and user build.
02-09 04:41:30.744 I/thunderperf( 1240): CompatConfig.addOverrideUnsafe: aft-state=1
02-09 04:41:30.745 I/thunderperf( 1240): CompatConfig.addOverrideUnsafe: bef-state=1
02-09 04:41:30.745 E/thunderperf( 1240): CompatConfig.addOverrideUnsafe: exception:java.lang.SecurityException: Cannot override a change on a non-debuggable app and user build.
02-09 04:41:30.745 I/thunderperf( 1240): CompatConfig.addOverrideUnsafe: aft-state=1
02-09 04:41:30.746 I/thunderperf( 1240): CompatConfig.addOverrideUnsafe: bef-state=1
02-09 04:41:30.746 E/thunderperf( 1240): CompatConfig.addOverrideUnsafe: exception:java.lang.SecurityException: Cannot override a change on a non-debuggable app and user build.
02-09 04:41:30.746 I/thunderperf( 1240): CompatConfig.addOverrideUnsafe: aft-state=1
02-09 04:41:30.746 I/thunderperf( 1240): CompatConfig.addOverrideUnsafe: bef-state=1
02-09 04:41:30.747 E/thunderperf( 1240): CompatConfig.addOverrideUnsafe: exception:java.lang.SecurityException: Cannot override a change on a non-debuggable app and user build.
02-09 04:41:30.747 I/thunderperf( 1240): CompatConfig.addOverrideUnsafe: aft-state=1
02-09 04:41:30.747 I/thunderperf( 1240): CompatConfig.addOverrideUnsafe: bef-state=1
02-09 04:41:30.747 E/thunderperf( 1240): CompatConfig.addOverrideUnsafe: exception:java.lang.SecurityException: Cannot override a change on a non-debuggable app and user build.
02-09 04:41:30.747 I/thunderperf( 1240): CompatConfig.addOverrideUnsafe: aft-state=1
02-09 04:41:30.748 I/thunderperf( 1240): CompatConfig.addOverrideUnsafe: bef-state=1
02-09 04:41:30.748 E/thunderperf( 1240): CompatConfig.addOverrideUnsafe: exception:java.lang.SecurityException: Cannot override a change on a non-debuggable app and user build.
02-09 04:41:30.748 I/thunderperf( 1240): CompatConfig.addOverrideUnsafe: aft-state=1
02-09 04:41:30.748 I/thunderperf( 1240): CompatConfig.addOverrideUnsafe: bef-state=1
02-09 04:41:30.749 E/thunderperf( 1240): CompatConfig.addOverrideUnsafe: exception:java.lang.SecurityException: Cannot override a change on a non-debuggable app and user build.
02-09 04:41:30.749 I/thunderperf( 1240): CompatConfig.addOverrideUnsafe: aft-state=1
02-09 04:41:30.754 I/ThunderBoostPerfService( 1240): Disable downscaling com.android.settings to 2380x1020
02-09 04:41:30.755 I/ActivityTaskManager( 1240): START u0 {act=android.intent.action.MAIN cat=[android.intent.category.LAUNCHER] flg=0x10200000 cmp=com.android.settings/.Settings bnds=[2128,710][2314,910]} from uid 10073
02-09 04:41:30.755 I/EventSequenceValidator( 1240): inc AccIntentStartedEvents to 2
02-09 04:41:30.759 E/ANDR-PERF-JNI( 1240): com_qualcomm_qtiperformance_native_perf_io_prefetch_start
02-09 04:41:30.759 I/wm_task_created( 1240): [80,-1]
02-09 04:41:30.759 W/ActivityTaskManager( 1240): Can't find TaskDisplayArea to determine support for multi window. Task id=80 attached=false
02-09 04:41:30.760 E/ANDR-IOP( 863): io prefetch is disabled
02-09 04:41:30.761 D/CompatibilityChangeReporter( 1240): Compat change id reported: 174042980; UID 1000; state: DISABLED
02-09 04:41:30.761 I/wm_task_moved( 1240): [80,1,7]
02-09 04:41:30.761 I/wm_task_to_front( 1240): [0,80]
02-09 04:41:30.761 I/wm_create_task( 1240): [0,80]
02-09 04:41:30.761 I/wm_create_activity( 1240): [0,166350893,80,com.android.settings/.Settings,android.intent.action.MAIN,NULL,NULL,270532608]
02-09 04:41:30.761 I/wm_task_moved( 1240): [80,1,7]
02-09 04:41:30.761 I/wm_on_top_resumed_lost_called( 3921): [47528597,com.android.gallery3d.app.GalleryActivity,topStateChangedWhenResumed]
02-09 04:41:30.762 D/CompatibilityChangeReporter( 1240): Compat change id reported: 168419799; UID 1000; state: DISABLED
02-09 04:41:30.762 D/CompatibilityInfo( 1240): mCompatibilityFlags - 4
02-09 04:41:30.762 D/CompatibilityInfo( 1240): applicationDensity - 240
02-09 04:41:30.762 D/CompatibilityInfo( 1240): applicationScale - 1.0
02-09 04:41:30.762 D/ActivityTrigger( 1240): ActivityTrigger activityPauseTrigger
02-09 04:41:30.763 I/wm_pause_activity( 1240): [0,208887896,com.android.launcher3/.uioverrides.QuickstepLauncher,userLeaving=true,pauseBackTasks]
02-09 04:41:30.763 W/WindowManager( 1240): updateScale : 0.79357797
02-09 04:41:30.767 I/wm_on_paused_called( 5563): [208887896,com.android.launcher3.uioverrides.QuickstepLauncher,performPause]
02-09 04:41:30.767 I/ActivityTaskManager( 1240): FOREGROUND_APPLICATION_CHANGED to com.android.settings.homepage.SettingsHomepageActivity
02-09 04:41:30.768 I/ActivityTaskManager( 1240): The Process com.android.settings Already Exists in BG. So sending its PID: 5623
02-09 04:41:30.768 I/wm_add_to_stopping( 1240): [0,208887896,com.android.launcher3/.uioverrides.QuickstepLauncher,makeInvisible]
02-09 04:41:30.768 D/CompatibilityChangeReporter( 1240): Compat change id reported: 181136395; UID 1000; state: DISABLED
02-09 04:41:30.769 D/CompatibilityChangeReporter( 1240): Compat change id reported: 174042936; UID 1000; state: DISABLED
02-09 04:41:30.769 I/wm_restart_activity( 1240): [0,166350893,80,com.android.settings/.Settings]
02-09 04:41:30.769 D/CompatibilityInfo( 1240): mCompatibilityFlags - 4
02-09 04:41:30.769 D/CompatibilityInfo( 1240): applicationDensity - 240
02-09 04:41:30.769 D/CompatibilityInfo( 1240): applicationScale - 1.0
02-09 04:41:30.769 I/wm_set_resumed_activity( 1240): [0,com.android.settings/.Settings,minimalResumeActivityLocked]
02-09 04:41:30.772 I/GameMode_ActivityMonitoringService( 2082): onForegroundActivitiesChanged uid 1000 pid 5623 fg true
02-09 04:41:30.774 W/WindowManager( 1240): updateScale : 0.79357797
02-09 04:41:30.776 I/GameMode_ActivityMonitoringService( 2082): Updating top task to: TaskInfoContainer [topActivity=ComponentInfo{com.android.settings/com.android.settings.Settings}, taskId=80, stackId=80, userId=0, displayId=0, position=7
02-09 04:41:30.776 I/GameMode_ActivityMonitoringService( 2082): Notifying about top task: TaskInfoContainer [topActivity=ComponentInfo{com.android.settings/com.android.settings.Settings}, taskId=80, stackId=80, userId=0, displayId=0, position=7
02-09 04:41:30.776 I/GameMode_ActivityMonitoringService( 2082): WindowMode: 1
02-09 04:41:30.776 E/GameMode_ActivityMonitoringService( 2082): onActivityLaunch:com.android.settings
02-09 04:41:30.776 V/GameMode_GameTypeUtils( 2082): judge isGame:com.android.settings
02-09 04:41:30.776 V/GameMode_GpuUtils( 2082): fps:60
02-09 04:41:30.777 D/GameMode_GameModeActionUtils( 2082): Show GameMode entry by service!
02-09 04:41:30.777 W/ContextImpl( 2082): Calling a method in the system process without a qualified user: android.app.ContextImpl.startService:1816 android.content.ContextWrapper.startService:774 com.thundercomm.gamemode.ingame.services.GameModeActionUtils.startGameModeService:111 com.thundercomm.gamemode.ingame.services.GameModeActionUtils.startGameModeEntry:22 com.thundercomm.gamemode.ingame.services.ActivityMonitoringService$1.onActivityLaunch:139
02-09 04:41:30.778 D/GameMode_GameModeService( 2082): type=hide_entry
02-09 04:41:30.778 D/GameModeIF_GameModeSettings( 2082): getUriFor setting_content_uri_root = content://com.thundercomm.gamemode.api/gamemode_settings , name = gamemode_isgaming
02-09 04:41:30.778 W/WindowManager( 1240): updateScale : 0.79357797
02-09 04:41:30.780 I/GameModeConfig( 1240): Current uri is uri = content://com.thundercomm.gamemode.api/gamemode_settings/gamemode_isgaming
02-09 04:41:30.780 D/GameModeIF_GameModeSettings( 1240): getUriFor setting_content_uri_root = content://com.thundercomm.gamemode.api/gamemode_settings , name = gamemode_isgaming
02-09 04:41:30.780 D/GameMode_GameSettingsObserver( 2082): Game Data change!!!! uri = content://com.thundercomm.gamemode.api/gamemode_settings/gamemode_isgaming
02-09 04:41:30.780 D/GameModeIF_GameModeSettings( 2082): getUriFor setting_content_uri_root = content://com.thundercomm.gamemode.api/gamemode_settings , name = gamemode_isgaming
02-09 04:41:30.781 I/GameModeConfig( 1240): isGameModeOn = false
02-09 04:41:30.781 W/WindowManager( 1240): updateScale : 0.79357797
02-09 04:41:30.781 D/GameModeIF_GameModeSettings( 2082): gamemode_isgaming set to 0
02-09 04:41:30.781 I/GameModeConfig( 1240): isGameModeOn = false
02-09 04:41:30.781 I/GameModeConfig( 1240): isDisableVoice = true
02-09 04:41:30.782 D/GameMode_GameModeService( 2082): updateGlobalSettings = gamemode_isgaming
02-09 04:41:30.782 I/sysui_multi_action( 1240): [757,803,799,window_time_0,802,10]
02-09 04:41:30.787 I/SettingsHomepageActivity( 5623): SettingsHomepageActivity: onCreate
02-09 04:41:30.787 I/GameMode_ActivityMonitoringService( 2082): [Perf]-lastSession=
02-09 04:41:30.787 D/GameModeIF_GameModeSettings( 2082): getUriFor setting_content_uri_root = content://com.thundercomm.gamemode.api/gamemode_settings , name = gamemode_enable
02-09 04:41:30.789 I/am_pss ( 1240): [5563,10073,com.android.launcher3,115117056,100751360,0,255404032,0,2,9]
02-09 04:41:30.815 I/GameModeConfig( 1240): isGameModeOn = false
02-09 04:41:30.817 W/hpplay-java( 2754): [main]:IPManager:getActiveNets invalid networkInfo:null
02-09 04:41:30.817 I/hpplay-java( 2754): [main]:IPManager:getActiveNets eth0:false wifi:false mobile:false ap:false
02-09 04:41:30.817 I/hpplay-java( 2754): [main]:ServerTaskManager:get local ip:null
02-09 04:41:30.819 D/InterruptionStateProvider( 2005): No bubble up: not allowed to bubble: 0|com.android.systemui|4274|null|10080
02-09 04:41:30.819 D/InterruptionStateProvider( 2005): No alerting: filtered notification: 0|com.android.systemui|1|empty_media|10080
02-09 04:41:30.819 D/InterruptionStateProvider( 2005): No bubble up: not allowed to bubble: -1|android|26|null|1000
02-09 04:41:30.820 D/InterruptionStateProvider( 2005): No bubble up: not allowed to bubble: 0|com.android.systemui|2048|null|10080
02-09 04:41:30.820 D/InterruptionStateProvider( 2005): No bubble up: not allowed to bubble: 0|android|17303299|com.android.wifi|1000
02-09 04:41:30.820 D/InterruptionStateProvider( 2005): No bubble up: not allowed to bubble: -1|android|32|null|1000
02-09 04:41:30.871 I/GameMode_ActivityMonitoringService( 2082): onTaskStackChanged
02-09 04:41:30.872 I/GameMode_ActivityMonitoringService( 2082): Updating top task to: TaskInfoContainer [topActivity=ComponentInfo{com.android.settings/com.android.settings.Settings}, taskId=80, stackId=80, userId=0, displayId=0, position=7
02-09 04:41:30.872 I/GameMode_ActivityMonitoringService( 2082): Notifying about top task: TaskInfoContainer [topActivity=ComponentInfo{com.android.settings/com.android.settings.Settings}, taskId=80, stackId=80, userId=0, displayId=0, position=7
02-09 04:41:30.872 I/GameMode_ActivityMonitoringService( 2082): WindowMode: 1
02-09 04:41:30.872 E/GameMode_ActivityMonitoringService( 2082): onActivityLaunch:com.android.settings
02-09 04:41:30.872 V/GameMode_GameTypeUtils( 2082): judge isGame:com.android.settings
02-09 04:41:30.872 V/GameMode_GpuUtils( 2082): fps:60
02-09 04:41:30.873 D/GameMode_GameModeActionUtils( 2082): Show GameMode entry by service!
02-09 04:41:30.873 W/ContextImpl( 2082): Calling a method in the system process without a qualified user: android.app.ContextImpl.startService:1816 android.content.ContextWrapper.startService:774 com.thundercomm.gamemode.ingame.services.GameModeActionUtils.startGameModeService:111 com.thundercomm.gamemode.ingame.services.GameModeActionUtils.startGameModeEntry:22 com.thundercomm.gamemode.ingame.services.ActivityMonitoringService$1.onActivityLaunch:139
02-09 04:41:30.874 D/GameModeIF_GameModeSettings( 2082): getUriFor setting_content_uri_root = content://com.thundercomm.gamemode.api/gamemode_settings , name = gamemode_isgaming
02-09 04:41:30.874 D/GameMode_GameModeService( 2082): type=hide_entry
02-09 04:41:30.874 I/GameModeConfig( 1240): Current uri is uri = content://com.thundercomm.gamemode.api/gamemode_settings/gamemode_isgaming
02-09 04:41:30.874 D/GameModeIF_GameModeSettings( 1240): getUriFor setting_content_uri_root = content://com.thundercomm.gamemode.api/gamemode_settings , name = gamemode_isgaming
02-09 04:41:30.875 I/GameModeConfig( 1240): isGameModeOn = false
02-09 04:41:30.875 I/GameModeConfig( 1240): isGameModeOn = false
02-09 04:41:30.875 I/GameModeConfig( 1240): isDisableVoice = true
02-09 04:41:30.876 D/GameMode_GameSettingsObserver( 2082): Game Data change!!!! uri = content://com.thundercomm.gamemode.api/gamemode_settings/gamemode_isgaming
02-09 04:41:30.876 D/GameModeIF_GameModeSettings( 2082): getUriFor setting_content_uri_root = content://com.thundercomm.gamemode.api/gamemode_settings , name = gamemode_isgaming
02-09 04:41:30.876 D/GameModeIF_GameModeSettings( 2082): gamemode_isgaming set to 0
02-09 04:41:30.876 I/GameMode_ActivityMonitoringService( 2082): [Perf]-lastSession=
02-09 04:41:30.876 D/GameModeIF_GameModeSettings( 2082): getUriFor setting_content_uri_root = content://com.thundercomm.gamemode.api/gamemode_settings , name = gamemode_enable
02-09 04:41:30.877 D/GameMode_GameModeService( 2082): updateGlobalSettings = gamemode_isgaming
02-09 04:41:30.893 D/CompatibilityChangeReporter( 5623): Compat change id reported: 171228096; UID 1000; state: ENABLED
02-09 04:41:30.896 I/am_uid_active( 1240): 10083
02-09 04:41:30.898 D/QCCAuthMgr( 5464): SMQContentProvider query uri: content://com.qti.smq.Feedback.provider/smq_settings, selection: key=?, uri_matcher: 1
02-09 04:41:30.898 D/QCCAuthMgr( 5464): SMQContentProvider query tableName: smq_settings
02-09 04:41:30.898 D/AvatarViewMixin( 5623): Feature disabled by config. Skipping
02-09 04:41:30.901 I/wm_on_create_called( 5623): [166350893,com.android.settings.Settings,performCreate]
02-09 04:41:30.903 D/PrefCtrlListHelper( 5623): Could not find Context-only controller for pref: com.android.settings.network.TopLevelNetworkEntryPreferenceController
02-09 04:41:30.904 D/PrefCtrlListHelper( 5623): Could not find Context-only controller for pref: com.android.settings.connecteddevice.TopLevelConnectedDevicesPreferenceController
02-09 04:41:30.904 D/PrefCtrlListHelper( 5623): Could not find Context-only controller for pref: com.android.settings.fuelgauge.TopLevelBatteryPreferenceController
02-09 04:41:30.904 D/PrefCtrlListHelper( 5623): Could not find Context-only controller for pref: com.android.settings.deviceinfo.TopLevelStoragePreferenceController
02-09 04:41:30.904 D/PrefCtrlListHelper( 5623): Could not find Context-only controller for pref: com.android.settings.display.TopLevelDisplayPreferenceController
02-09 04:41:30.904 D/PrefCtrlListHelper( 5623): Could not find Context-only controller for pref: com.android.settings.display.TopLevelWallpaperPreferenceController
02-09 04:41:30.904 D/PrefCtrlListHelper( 5623): Could not find Context-only controller for pref: com.android.settings.accessibility.TopLevelAccessibilityPreferenceController
02-09 04:41:30.904 D/PrefCtrlListHelper( 5623): Could not find Context-only controller for pref: com.android.settings.security.TopLevelSecurityEntryPreferenceController
02-09 04:41:30.904 D/PrefCtrlListHelper( 5623): Could not find Context-only controller for pref: com.android.settings.location.TopLevelLocationPreferenceController
02-09 04:41:30.905 D/PrefCtrlListHelper( 5623): Could not find Context-only controller for pref: com.android.settings.accounts.TopLevelAccountEntryPreferenceController
02-09 04:41:30.905 D/PrefCtrlListHelper( 5623): Could not find Context-only controller for pref: com.android.settings.deviceinfo.aboutphone.TopLevelAboutDevicePreferenceController
02-09 04:41:30.905 D/PrefCtrlListHelper( 5623): Could not find Context-only controller for pref: com.android.settings.support.SupportPreferenceController
02-09 04:41:30.909 E/UserRestrictionsUtils( 1240): Unknown restriction queried by uid 1000 (com.android.provision et al): null
02-09 04:41:30.909 E/UserRestrictionsUtils( 1240): Unknown restriction queried by uid 1000 (com.android.provision et al): null
02-09 04:41:30.909 E/UserRestrictionsUtils( 1240): Unknown restriction queried by uid 1000 (com.android.provision et al): null
02-09 04:41:30.910 E/UserRestrictionsUtils( 1240): Unknown restriction queried by uid 1000 (com.android.provision et al): null
02-09 04:41:30.910 E/UserRestrictionsUtils( 1240): Unknown restriction queried by uid 1000 (com.android.provision et al): null
02-09 04:41:30.910 E/UserRestrictionsUtils( 1240): Unknown restriction queried by uid 1000 (com.android.provision et al): null
02-09 04:41:30.910 E/UserRestrictionsUtils( 1240): Unknown restriction queried by uid 1000 (com.android.provision et al): null
02-09 04:41:30.910 E/UserRestrictionsUtils( 1240): Unknown restriction queried by uid 1000 (com.android.provision et al): null
02-09 04:41:30.911 E/UserRestrictionsUtils( 1240): Unknown restriction queried by uid 1000 (com.android.provision et al): null
02-09 04:41:30.911 E/UserRestrictionsUtils( 1240): Unknown restriction queried by uid 1000 (com.android.provision et al): null
02-09 04:41:30.911 E/UserRestrictionsUtils( 1240): Unknown restriction queried by uid 1000 (com.android.provision et al): null
02-09 04:41:30.911 E/UserRestrictionsUtils( 1240): Unknown restriction queried by uid 1000 (com.android.provision et al): null
02-09 04:41:30.911 E/UserRestrictionsUtils( 1240): Unknown restriction queried by uid 1000 (com.android.provision et al): null
02-09 04:41:30.912 E/UserRestrictionsUtils( 1240): Unknown restriction queried by uid 1000 (com.android.provision et al): null
02-09 04:41:30.912 E/UserRestrictionsUtils( 1240): Unknown restriction queried by uid 1000 (com.android.provision et al): null
02-09 04:41:30.912 E/UserRestrictionsUtils( 1240): Unknown restriction queried by uid 1000 (com.android.provision et al): null
02-09 04:41:30.912 E/UserRestrictionsUtils( 1240): Unknown restriction queried by uid 1000 (com.android.provision et al): null
02-09 04:41:30.912 E/UserRestrictionsUtils( 1240): Unknown restriction queried by uid 1000 (com.android.provision et al): null
02-09 04:41:30.913 W/InstrumentedPrefFrag( 5623): Screen title missing for fragment com.android.settings.homepage.TopLevelSettings
02-09 04:41:30.917 D/TopLevelSettings( 5623): NO dashboard tiles for TopLevelSettings
02-09 04:41:30.917 D/TopLevelSettings( 5623): All preferences added, reporting fully drawn
02-09 04:41:30.935 W/BatteryBroadcastRcvr( 5623): Problem reading the battery meter.
02-09 04:41:30.936 I/wm_on_start_called( 5623): [166350893,com.android.settings.Settings,handleStartActivity]
02-09 04:41:30.937 I/snet_event_log( 5623): [120484087,-1,]
02-09 04:41:30.938 I/TopLevelSettings( 5623): TopLevelSettings: TopLevelSettings::com.android.settings.network.NetworkDashboardFragment
02-09 04:41:30.938 D/BatteryInfo( 5623): time for getStats: 0ms
02-09 04:41:30.940 I/wm_on_resume_called( 5623): [166350893,com.android.settings.Settings,RESUME_ACTIVITY]
02-09 04:41:30.940 D/BatteryInfo( 5623): time for regular BatteryInfo: 2ms
02-09 04:41:30.940 D/BatteryInfo( 5623): time for getBatteryInfo: 0ms
02-09 04:41:30.942 I/sysui_multi_action( 5623): [757,35,758,1,833,0,1089,39]
02-09 04:41:30.945 D/BatteryTipLoader( 5623): BatteryInfoLoader post query: 2ms
02-09 04:41:30.945 D/BatteryInfo( 5623): time for getBatteryInfo: 0ms
02-09 04:41:30.945 D/BatteryTipLoader( 5623): BatteryInfoLoader.loadInBackground: 2ms
02-09 04:41:30.946 W/UnsafeUtil( 5623): platform method missing - proto runtime falling back to safer methods: java.lang.NoSuchMethodException: sun.misc.Unsafe.copyMemory [class java.lang.Object, long, class java.lang.Object, long, long]
02-09 04:41:30.950 D/UsageGraph( 5623): No enabled state changed, skipping updateCategory call
02-09 04:41:30.952 I/sysui_multi_action( 5623): [757,1729,758,4,854,isParalleledControllers:false,1089,49]
02-09 04:41:30.957 I/wm_on_top_resumed_gained_called( 5623): [166350893,com.android.settings.Settings,topStateChangedWhenResumed]
02-09 04:41:30.957 W/BatteryBroadcastRcvr( 5623): Problem reading the battery meter.
02-09 04:41:30.958 D/BatteryInfo( 5623): time for callback: 1ms
02-09 04:41:30.959 D/BatteryInfo( 5623): time for getStats: 0ms
02-09 04:41:30.959 D/BatteryInfo( 5623): time for regular BatteryInfo: 0ms
02-09 04:41:30.959 D/BatteryInfo( 5623): time for getBatteryInfo: 0ms
02-09 04:41:30.962 D/BatteryTipLoader( 5623): BatteryInfoLoader post query: 0ms
02-09 04:41:30.962 D/BatteryInfo( 5623): time for getBatteryInfo: 0ms
02-09 04:41:30.962 D/BatteryTipLoader( 5623): BatteryInfoLoader.loadInBackground: 0ms
02-09 04:41:30.985 W/WindowManager( 1240): updateScale : 0.79357797
02-09 04:41:30.986 I/input_focus( 1240): [Focus request 22a3637 com.android.settings/com.android.settings.Settings,reason=UpdateInputWindows]
02-09 04:41:30.987 I/AdrenoGLES-0( 5623): QUALCOMM build : 47421dbee6, I139f36ad46
02-09 04:41:30.987 I/AdrenoGLES-0( 5623): Build Date : 02/18/22
02-09 04:41:30.987 I/AdrenoGLES-0( 5623): OpenGL ES Shader Compiler Version: EV031.32.02.17
02-09 04:41:30.987 I/AdrenoGLES-0( 5623): Local Branch :
02-09 04:41:30.987 I/AdrenoGLES-0( 5623): Remote Branch :
02-09 04:41:30.987 I/AdrenoGLES-0( 5623): Remote Branch :
02-09 04:41:30.987 I/AdrenoGLES-0( 5623): Reconstruct Branch :
02-09 04:41:30.987 I/AdrenoGLES-0( 5623): Build Config : S P 10.0.7 AArch64
02-09 04:41:30.987 I/AdrenoGLES-0( 5623): Driver Path : /vendor/lib64/egl/libGLESv2_adreno.so
02-09 04:41:30.988 I/hwservicemanager( 505): getTransport: Cannot find entry android.hardware.graphics.mapper@4.0::IMapper/default in either framework or device VINTF manifest.
02-09 04:41:30.990 I/AdrenoGLES-0( 5623): PFP: 0x016dd093, ME: 0x00000000
02-09 04:41:30.995 D/libEGL ( 5623): MSAA-->msaa:0 gamemode:0 4x_msaa:0
02-09 04:41:30.995 D/libEGL ( 5623): MSAA-->msaa:0 gamemode:0 4x_msaa:0
02-09 04:41:30.995 D/libEGL ( 5623): MSAA-->msaa:0 gamemode:0 4x_msaa:0
02-09 04:41:31.000 I/SDM ( 843): HWCDisplay::GetColorModeCount: Supported color mode count = 1
02-09 04:41:31.000 I/SDM ( 843): HWCDisplay::GetColorModes: Color mode = 0 is supported
02-09 04:41:31.000 E/HWComposer( 997): getSupportedContentTypes: getSupportedContentTypes failed for display 4630946370410392961: Unsupported (8)
02-09 04:41:31.001 D/hw-ProcessState( 5623): Binder ioctl to enable oneway spam detection failed: Invalid argument
01-04 09:10:06.343 I/binder ( 0): 5623:5742 ioctl 40046210 7bfe5071f4 returned -22
02-09 04:41:31.003 I/hwservicemanager( 505): getTransport: Cannot find entry android.hardware.graphics.mapper@4.0::IMapper/default in either framework or device VINTF manifest.
02-09 04:41:31.003 I/Gralloc4( 5623): mapper 4.x is not supported
02-09 04:41:31.004 I/hwservicemanager( 505): getTransport: Cannot find entry android.hardware.graphics.allocator@4.0::IAllocator/default in either framework or device VINTF manifest.
02-09 04:41:31.004 W/Gralloc4( 5623): allocator 4.x is not supported
02-09 04:41:31.010 I/input_focus( 1240): [Focus leaving 179ba77 com.android.gallery3d/com.android.gallery3d.app.GalleryActivity (server),reason=Waiting for window because NOT_VISIBLE]
02-09 04:41:31.021 W/WindowManager( 1240): updateScale : 0.79357797
02-09 04:41:31.022 W/WindowManager( 1240): updateScale : 0.79357797
02-09 04:41:31.023 I/sysui_multi_action( 1240): [324,1,757,1090,758,12,806,com.android.settings,871,com.android.settings.Settings,1091,268]
02-09 04:41:31.026 I/EventSequenceValidator( 1240): dec AccIntentStartedEvents to 1
02-09 04:41:31.027 I/sysui_multi_action( 1240): [319,26,321,24,322,268,325,1186,757,761,758,8,759,1,806,com.android.settings,871,com.android.settings.Settings,904,com.android.launcher3,905,0,1320,4,1321,1]
02-09 04:41:31.028 I/wm_activity_launch_time( 1240): [0,166350893,com.android.settings/.Settings,268]
02-09 04:41:31.028 I/ActivityTaskManager( 1240): Displayed com.android.settings/.Settings: +268ms
02-09 04:41:31.028 I/ActivityTaskManager( 1240): Fully drawn com.android.settings/.Settings: +268ms
02-09 04:41:31.035 D/BatteryInfo( 5623): time for callback: 0ms
02-09 04:41:31.043 I/input_focus( 1240): [Focus entering 22a3637 com.android.settings/com.android.settings.Settings (server),reason=Window became focusable. Previous reason: NOT_VISIBLE]
02-09 04:41:31.044 I/TetheringManager( 5623): registerTetheringEventCallback:com.android.settings
02-09 04:41:31.045 D/PrefCtrlListHelper( 5623): Could not find Context-only controller for pref: com.android.settings.network.MultiNetworkHeaderController
02-09 04:41:31.045 D/PrefCtrlListHelper( 5623): Could not find Context-only controller for pref: com.android.settings.network.AirplaneModePreferenceController
02-09 04:41:31.045 D/PrefCtrlListHelper( 5623): Could not find Context-only controller for pref: com.android.settings.network.AllInOneTetherPreferenceController
02-09 04:41:31.045 D/PrefCtrlListHelper( 5623): Could not find Context-only controller for pref: com.android.settings.network.AdaptiveConnectivityPreferenceController
02-09 04:41:31.048 W/CarrierConfigManager( 5623): Error getting config for subId -1 ICarrierConfigLoader is null
02-09 04:41:31.048 D/MobilePlanPrefContr( 5623): onCreate: mMobilePlanDialogMessage=null
02-09 04:41:31.049 D/BluetoothPan( 5623): Binding service...
02-09 04:41:31.051 E/UserRestrictionsUtils( 1240): Unknown restriction queried by uid 1000 (com.android.provision et al): null
02-09 04:41:31.057 D/NetworkDashboardFrag( 5623): NO dashboard tiles for NetworkDashboardFrag
02-09 04:41:31.057 D/NetworkDashboardFrag( 5623): All preferences added, reporting fully drawn
02-09 04:41:31.065 D/ConnectivityService( 1240): requestNetwork for uid/pid:1000/5623 activeRequest: null callbackRequest: 42 [NetworkRequest [ REQUEST id=43, [ Capabilities: INTERNET&NOT_RESTRICTED&TRUSTED&NOT_VCN_MANAGED Uid: 1000 RequestorUid: 1000 RequestorPkg: com.android.settings] ]] callback flags: 0 priority: 2147483647
02-09 04:41:31.065 D/ConnectivityService( 1240): NetReassign [no changes]
02-09 04:41:31.065 D/Ethernet( 1240): got request NetworkRequest [ REQUEST id=43, [ Capabilities: INTERNET&NOT_RESTRICTED&TRUSTED&NOT_VCN_MANAGED Uid: 1000 RequestorUid: 1000 RequestorPkg: com.android.settings] ]
02-09 04:41:31.065 D/EthernetNetworkFactory( 1240): acceptRequest, request: NetworkRequest [ REQUEST id=43, [ Capabilities: INTERNET&NOT_RESTRICTED&TRUSTED&NOT_VCN_MANAGED Uid: 1000 RequestorUid: 1000 RequestorPkg: com.android.settings] ]
02-09 04:41:31.065 I/EthernetNetworkFactory( 1240): networkForRequest, request: NetworkRequest [ REQUEST id=43, [ Capabilities: INTERNET&NOT_RESTRICTED&TRUSTED&NOT_VCN_MANAGED Uid: 1000 RequestorUid: 1000 RequestorPkg: com.android.settings] ], network: null
02-09 04:41:31.066 D/WifiNetworkFactory( 1240): got request NetworkRequest [ REQUEST id=43, [ Capabilities: INTERNET&NOT_RESTRICTED&TRUSTED&NOT_VCN_MANAGED Uid: 1000 RequestorUid: 1000 RequestorPkg: com.android.settings] ]
02-09 04:41:31.066 D/UntrustedWifiNetworkFactory( 1240): got request NetworkRequest [ REQUEST id=43, [ Capabilities: INTERNET&NOT_RESTRICTED&TRUSTED&NOT_VCN_MANAGED Uid: 1000 RequestorUid: 1000 RequestorPkg: com.android.settings] ]
02-09 04:41:31.066 D/OemPaidWifiNetworkFactory( 1240): got request NetworkRequest [ REQUEST id=43, [ Capabilities: INTERNET&NOT_RESTRICTED&TRUSTED&NOT_VCN_MANAGED Uid: 1000 RequestorUid: 1000 RequestorPkg: com.android.settings] ]
02-09 04:41:31.066 D/ConnectivityService( 1240): NetReassign [no changes]
02-09 04:41:31.066 D/ConnectivityService( 1240): requestNetwork for uid/pid:1000/5623 activeRequest: null callbackRequest: 45 [NetworkRequest [ REQUEST id=46, [ Capabilities: INTERNET&NOT_RESTRICTED&TRUSTED&NOT_VCN_MANAGED Uid: 1000 RequestorUid: 1000 RequestorPkg: com.android.settings] ]] callback flags: 0 priority: 2147483647
02-09 04:41:31.066 D/ConnectivityService( 1240): NetReassign [no changes]
02-09 04:41:31.066 D/Ethernet( 1240): got request NetworkRequest [ REQUEST id=46, [ Capabilities: INTERNET&NOT_RESTRICTED&TRUSTED&NOT_VCN_MANAGED Uid: 1000 RequestorUid: 1000 RequestorPkg: com.android.settings] ]
02-09 04:41:31.066 D/EthernetNetworkFactory( 1240): acceptRequest, request: NetworkRequest [ REQUEST id=46, [ Capabilities: INTERNET&NOT_RESTRICTED&TRUSTED&NOT_VCN_MANAGED Uid: 1000 RequestorUid: 1000 RequestorPkg: com.android.settings] ]
02-09 04:41:31.067 D/WifiNetworkFactory( 1240): got request NetworkRequest [ REQUEST id=46, [ Capabilities: INTERNET&NOT_RESTRICTED&TRUSTED&NOT_VCN_MANAGED Uid: 1000 RequestorUid: 1000 RequestorPkg: com.android.settings] ]
02-09 04:41:31.067 I/EthernetNetworkFactory( 1240): networkForRequest, request: NetworkRequest [ REQUEST id=46, [ Capabilities: INTERNET&NOT_RESTRICTED&TRUSTED&NOT_VCN_MANAGED Uid: 1000 RequestorUid: 1000 RequestorPkg: com.android.settings] ], network: null
02-09 04:41:31.067 D/UntrustedWifiNetworkFactory( 1240): got request NetworkRequest [ REQUEST id=46, [ Capabilities: INTERNET&NOT_RESTRICTED&TRUSTED&NOT_VCN_MANAGED Uid: 1000 RequestorUid: 1000 RequestorPkg: com.android.settings] ]
02-09 04:41:31.067 D/OemPaidWifiNetworkFactory( 1240): got request NetworkRequest [ REQUEST id=46, [ Capabilities: INTERNET&NOT_RESTRICTED&TRUSTED&NOT_VCN_MANAGED Uid: 1000 RequestorUid: 1000 RequestorPkg: com.android.settings] ]
02-09 04:41:31.068 I/TetheringManager( 5623): registerTetheringEventCallback caller:com.android.settings
02-09 04:41:31.070 D/ConnectivityService( 1240): NetReassign [no changes]
02-09 04:41:31.071 D/ConnectivityService( 1240): requestNetwork for uid/pid:1000/5623 activeRequest: null callbackRequest: 48 [NetworkRequest [ REQUEST id=49, [ Capabilities: INTERNET&NOT_RESTRICTED&TRUSTED&NOT_VCN_MANAGED Uid: 1000 RequestorUid: 1000 RequestorPkg: com.android.settings] ]] callback flags: 1 priority: 2147483647
02-09 04:41:31.071 D/ConnectivityService( 1240): NetReassign [no changes]
