02-09 04:41:32.317 D/LOWI-9.0.0.87.a( 1375): [LOWI-Scan] BSS 18:6f:2d:81:20:70 LOWI_PHY_MODE_11AC_VHT20(8), Beacon Interval: 100, LOWI_ENCRYPTION_TYPE_WPA_PSK 11mcRanging: No, ANQP: No, LCI: No, Civic: No, capability(0x0111): ESS Privacy SpectrumMgmt
02-09 04:41:32.317 D/LOWI-9.0.0.87.a( 1375): [LOWI-Scan] BSS 18:6f:2d:81:20:70 FREQ: 5300, cFreq1[40:80:160] = [5300:0:0] cFreq2 = 0 Country Code = CN
02-09 04:41:32.317 D/LOWI-9.0.0.87.a( 1375): [LOWI-Scan] BSS 18:6f:2d:81:20:70 (wlan0) ASSO: NO AddInfo: 0x0, TSF 0, 00:19:47.284, RSSI: -152, CPL: 127, AGE: 404, SSID Testing , TSFDelta: 0x641d7243, TXRate: 0
02-09 04:41:32.317 D/LOWI-9.0.0.87.a( 1375): [LOWI-Scan]
02-09 04:41:32.317 D/LOWI-9.0.0.87.a( 1375): [LOWI-Scan] print_bss_handler: Report Probe TSF 1187285488 as it greater than Beacon TSF 1187244079
02-09 04:41:32.317 D/LOWI-9.0.0.87.a( 1375): [LOWI-Scan] is_qcom_ie, bss_age: 0
02-09 04:41:32.317 D/LOWI-9.0.0.87.a( 1375): [LOWI-Scan] BSS 18:6f:2d:81:20:71 LOWI_PHY_MODE_11AC_VHT20(8), Beacon Interval: 100, LOWI_ENCRYPTION_TYPE_OPEN 11mcRanging: No, ANQP: No, LCI: No, Civic: No, capability(0x0101): ESS SpectrumMgmt
02-09 04:41:32.317 D/LOWI-9.0.0.87.a( 1375): [LOWI-Scan] BSS 18:6f:2d:81:20:71 FREQ: 5300, cFreq1[40:80:160] = [5300:0:0] cFreq2 = 0 Country Code = CN
02-09 04:41:32.317 D/LOWI-9.0.0.87.a( 1375): [LOWI-Scan] BSS 18:6f:2d:81:20:71 (wlan0) ASSO: NO AddInfo: 0x0, TSF 0, 00:19:47.285, RSSI: -152, CPL: 127, AGE: 404, SSID Guest, TSFDelta: 0x64234c7b, TXRate: 0
02-09 04:41:32.317 D/LOWI-9.0.0.87.a( 1375): [LOWI-Scan]
02-09 04:41:32.317 D/LOWI-9.0.0.87.a( 1375): [LOWI-Scan] print_bss_handler: Report Probe TSF 1187286389 as it greater than Beacon TSF 1187244167
02-09 04:41:32.317 D/LOWI-9.0.0.87.a( 1375): [LOWI-Scan] decode_rsn_wpa_ie: LOWI_ENCRYPTION_TYPE_WPA_PSK
02-09 04:41:32.317 D/LOWI-9.0.0.87.a( 1375): [LOWI-Scan] is_qcom_ie, bss_age: 0
02-09 04:41:32.317 D/LOWI-9.0.0.87.a( 1375): [LOWI-Scan] BSS 18:6f:2d:81:20:72 LOWI_PHY_MODE_11AC_VHT20(8), Beacon Interval: 100, LOWI_ENCRYPTION_TYPE_WPA_PSK 11mcRanging: No, ANQP: No, LCI: No, Civic: No, capability(0x0111): ESS Privacy SpectrumMgmt
02-09 04:41:32.317 D/LOWI-9.0.0.87.a( 1375): [LOWI-Scan] BSS 18:6f:2d:81:20:72 FREQ: 5300, cFreq1[40:80:160] = [5300:0:0] cFreq2 = 0 Country Code = CN
02-09 04:41:32.317 D/LOWI-9.0.0.87.a( 1375): [LOWI-Scan] BSS 18:6f:2d:81:20:72 (wlan0) ASSO: NO AddInfo: 0x0, TSF 0, 00:19:47.286, RSSI: -152, CPL: 127, AGE: 404, SSID ZXHY, TSFDelta: 0x6428e53e, TXRate: 0
02-09 04:41:32.317 D/LOWI-9.0.0.87.a( 1375): [LOWI-Scan]
02-09 04:41:32.317 D/LOWI-9.0.0.87.a( 1375): [LOWI-Scan] print_bss_handler: Report Probe TSF 1187287013 as it greater than Beacon TSF 1187244224
02-09 04:41:32.317 D/LOWI-9.0.0.87.a( 1375): [LOWI-Scan] decode_rsn_wpa_ie: LOWI_ENCRYPTION_TYPE_WPA_PSK
02-09 04:41:32.317 D/LOWI-9.0.0.87.a( 1375): [LOWI-Scan] is_qcom_ie, bss_age: 0
02-09 04:41:32.317 D/LOWI-9.0.0.87.a( 1375): [LOWI-Scan] BSS 18:6f:2d:81:20:73 LOWI_PHY_MODE_11AC_VHT20(8), Beacon Interval: 100, LOWI_ENCRYPTION_TYPE_WPA_PSK 11mcRanging: No, ANQP: No, LCI: No, Civic: No, capability(0x0111): ESS Privacy SpectrumMgmt
02-09 04:41:32.317 D/LOWI-9.0.0.87.a( 1375): [LOWI-Scan] BSS 18:6f:2d:81:20:73 FREQ: 5300, cFreq1[40:80:160] = [5300:0:0] cFreq2 = 0 Country Code = CN
02-09 04:41:32.317 D/LOWI-9.0.0.87.a( 1375): [LOWI-Scan] BSS 18:6f:2d:81:20:73 (wlan0) ASSO: NO AddInfo: 0x0, TSF 0, 00:19:47.287, RSSI: -152, CPL: 127, AGE: 404, SSID Fanya, TSFDelta: 0x642e22e9, TXRate: 0
02-09 04:41:32.317 D/LOWI-9.0.0.87.a( 1375): [LOWI-Scan]
02-09 04:41:32.317 D/LOWI-9.0.0.87.a( 1375): [LOWI-Scan] print_bss_handler: Report Probe TSF 1187287824 as it greater than Beacon TSF 1187244298
02-09 04:41:32.317 D/LOWI-9.0.0.87.a( 1375): [LOWI-Scan] decode_rsn_wpa_ie: LOWI_ENCRYPTION_TYPE_WPA_PSK
02-09 04:41:32.317 D/LOWI-9.0.0.87.a( 1375): [LOWI-Scan] is_qcom_ie, bss_age: 0
02-09 04:41:32.317 D/LOWI-9.0.0.87.a( 1375): [LOWI-Scan] BSS 18:6f:2d:81:20:74 LOWI_PHY_MODE_11AC_VHT20(8), Beacon Interval: 100, LOWI_ENCRYPTION_TYPE_WPA_PSK 11mcRanging: No, ANQP: No, LCI: No, Civic: No, capability(0x0111): ESS Privacy SpectrumMgmt
02-09 04:41:32.317 D/LOWI-9.0.0.87.a( 1375): [LOWI-Scan] BSS 18:6f:2d:81:20:74 FREQ: 5300, cFreq1[40:80:160] = [5300:0:0] cFreq2 = 0 Country Code = CN
02-09 04:41:32.317 D/LOWI-9.0.0.87.a( 1375): [LOWI-Scan] BSS 18:6f:2d:81:20:74 (wlan0) ASSO: NO AddInfo: 0x0, TSF 0, 00:19:47.287, RSSI: -152, CPL: 127, AGE: 404, SSID ThunderSoft, TSFDelta: 0x6433c883, TXRate: 0
02-09 04:41:32.317 D/LOWI-9.0.0.87.a( 1375): [LOWI-Scan]
02-09 04:41:32.317 D/LOWI-9.0.0.87.a( 1375): [LOWI-Scan] print_bss_handler: Report Probe TSF 1187288562 as it greater than Beacon TSF 1187244369
02-09 04:41:32.317 D/LOWI-9.0.0.87.a( 1375): [LOWI-Scan] decode_rsn_wpa_ie: LOWI_ENCRYPTION_TYPE_WPA_PSK
02-09 04:41:32.317 D/LOWI-9.0.0.87.a( 1375): [LOWI-Scan] is_qcom_ie, bss_age: 0
02-09 04:41:32.317 D/LOWI-9.0.0.87.a( 1375): [LOWI-Scan] BSS 18:6f:2d:81:20:75 LOWI_PHY_MODE_11AC_VHT20(8), Beacon Interval: 100, LOWI_ENCRYPTION_TYPE_WPA_PSK 11mcRanging: No, ANQP: No, LCI: No, Civic: No, capability(0x0111): ESS Privacy SpectrumMgmt
02-09 04:41:32.317 D/LOWI-9.0.0.87.a( 1375): [LOWI-Scan] BSS 18:6f:2d:81:20:75 FREQ: 5300, cFreq1[40:80:160] = [5300:0:0] cFreq2 = 0 Country Code = CN
02-09 04:41:32.317 D/LOWI-9.0.0.87.a( 1375): [LOWI-Scan] BSS 18:6f:2d:81:20:75 (wlan0) ASSO: NO AddInfo: 0x0, TSF 0, 00:19:47.288, RSSI: -154, CPL: 127, AGE: 400, SSID GM, TSFDelta: 0x643988f9, TXRate: 0
02-09 04:41:32.317 D/LOWI-9.0.0.87.a( 1375): [LOWI-Scan]
02-09 04:41:32.317 D/LOWI-9.0.0.87.a( 1375): [LOWI-Scan] print_bss_handler: Report Probe TSF 1187504082 as it greater than Beacon TSF 822187693
02-09 04:41:32.318 D/LOWI-9.0.0.87.a( 1375): [LOWI-Scan] decode_rsn_wpa_ie: LOWI_ENCRYPTION_TYPE_WPA_PSK
02-09 04:41:32.318 D/LOWI-9.0.0.87.a( 1375): [LOWI-Scan] is_qcom_ie, bss_age: 0
02-09 04:41:32.318 I/liblog ( 1375): 16
02-09 04:41:32.318 D/LOWI-9.0.0.87.a( 1375): [LOWI-Scan] is_qcom_ie, bss_age: 0
02-09 04:41:32.318 I/liblog ( 1375): 24
02-09 04:41:32.318 I/liblog ( 1375): 1
02-09 04:41:32.318 I/liblog ( 1375): 1
02-09 04:41:32.318 I/liblog ( 1375): 1
02-09 04:41:32.318 D/LOWI-9.0.0.87.a( 1375): [LOWI-Scan]
02-09 04:41:32.318 D/LOWI-9.0.0.87.a( 1375): [LOWI-Scan] print_bss_handler: Report beacon TSF 1186573100 as it greater than probe TSF 1101273080
02-09 04:41:32.318 I/liblog ( 1375): 1
02-09 04:41:32.318 I/liblog ( 1375): 1
02-09 04:41:32.318 D/LOWI-9.0.0.87.a( 1375): [LOWI-Scan] BSS 18:6f:2d:81:16:e4 LOWI_PHY_MODE_11NG_HT20(5), Beacon Interval: 100, LOWI_ENCRYPTION_TYPE_WPA_PSK 11mcRanging: No, ANQP: No, LCI: No, Civic: No, capability(0x0531): ESS Privacy ShortPreamble SpectrumMgmt ShortSlotTime
02-09 04:41:32.318 D/LOWI-9.0.0.87.a( 1375): [LOWI-Scan] BSS 18:6f:2d:81:16:e4 FREQ: 2412, cFreq1[40:80:160] = [2412:0:0] cFreq2 = 0 Country Code = CN
02-09 04:41:32.318 I/liblog ( 1375): 1
02-09 04:41:32.318 D/LOWI-9.0.0.87.a( 1375): [LOWI-Scan]
02-09 04:41:32.318 D/LOWI-9.0.0.87.a( 1375): [LOWI-Scan] print_bss_handler: Report beacon TSF 1186548837 as it greater than probe TSF 1101275352
02-09 04:41:32.318 D/LOWI-9.0.0.87.a( 1375): [LOWI-Scan] is_qcom_ie, bss_age: 0
02-09 04:41:32.318 D/LOWI-9.0.0.87.a( 1375): [LOWI-Scan] BSS 38:a9:1c:35:03:0b LOWI_PHY_MODE_11AC_VHT80(10), Beacon Interval: 100, LOWI_ENCRYPTION_TYPE_OPEN 11mcRanging: No, ANQP: No, LCI: No, Civic: No, capability(0x0101): ESS SpectrumMgmt
02-09 04:41:32.318 D/LOWI-9.0.0.87.a( 1375): [LOWI-Scan] BSS 38:a9:1c:35:03:0b FREQ: 5180, cFreq1[40:80:160] = [5190:5210:0] cFreq2 = 0 Country Code = US
02-09 04:41:32.318 D/LOWI-9.0.0.87.a( 1375): [LOWI-Scan] BSS 38:a9:1c:35:03:0b (wlan0) ASSO: NO AddInfo: 0x1, TSF 0, 00:19:46.548, RSSI: -64, CPL: 127, AGE: 1140, SSID , TSFDelta: 0xe6ca4a85, TXRate: 0
02-09 04:41:32.318 D/LOWI-9.0.0.87.a( 1375): [LOWI-Scan]
02-09 04:41:32.318 D/LOWI-9.0.0.87.a( 1375): [LOWI-Scan] print_bss_handler: Report Probe TSF 1186547631 as it greater than Beacon TSF 821262666
02-09 04:41:32.318 D/LOWI-9.0.0.87.a( 1375): [LOWI-Scan] decode_rsn_wpa_ie: LOWI_ENCRYPTION_TYPE_WPA_PSK
02-09 04:41:32.318 D/LOWI-9.0.0.87.a( 1375): [LOWI-Scan] is_qcom_ie, bss_age: 0
02-09 04:41:32.318 D/LOWI-9.0.0.87.a( 1375): [LOWI-Scan] BSS 6c:b0:ce:42:57:6f LOWI_PHY_MODE_11NG_HT20(5), Beacon Interval: 100, LOWI_ENCRYPTION_TYPE_WPA_PSK 11mcRanging: No, ANQP: No, LCI: No, Civic: No, capability(0x1411): ESS Privacy ShortSlotTime
02-09 04:41:32.318 D/LOWI-9.0.0.87.a( 1375): [LOWI-Scan] BSS 6c:b0:ce:42:57:6f FREQ: 2412, cFreq1[40:80:160] = [0:0:0] cFreq2 = 0 Country Code =
02-09 04:41:32.318 D/LOWI-9.0.0.87.a( 1375): [LOWI-Scan] BSS 6c:b0:ce:42:57:6f (wlan0) ASSO: NO AddInfo: 0x0, TSF 0, 00:19:46.547, RSSI: -136, CPL: 127, AGE: 1144, SSID NETGEAR60, TSFDelta: 0x13c55fbc, TXRate: 0
02-09 04:41:32.318 D/LOWI-9.0.0.87.a( 1375): [LOWI-Scan]
02-09 04:41:32.318 D/LOWI-9.0.0.87.a( 1375): [LOWI-Scan] print_bss_handler: Report beacon TSF 1186599030 as it greater than probe TSF 1101293945
02-09 04:41:32.318 D/LOWI-9.0.0.87.a( 1375): [LOWI-Scan] decode_rsn_wpa_ie: LOWI_ENCRYPTION_TYPE_WPA_PSK
02-09 04:41:32.318 I/liblog ( 1375): 13
02-09 04:41:32.318 D/LOWI-9.0.0.87.a( 1375): [LOWI-Scan] decode_rsn_wpa_ie: LOWI_ENCRYPTION_TYPE_WPA_PSK
02-09 04:41:32.318 I/liblog ( 1375): 1
02-09 04:41:32.318 I/liblog ( 1375): 1
02-09 04:41:32.318 I/liblog ( 1375): 1
02-09 04:41:32.318 I/liblog ( 1375): 1
02-09 04:41:32.318 D/LOWI-9.0.0.87.a( 1375): [LOWI-Scan]
02-09 04:41:32.318 D/LOWI-9.0.0.87.a( 1375): [LOWI-Scan] print_bss_handler: Report beacon TSF 1186573054 as it greater than probe TSF 1101263977
02-09 04:41:32.318 D/LOWI-9.0.0.87.a( 1375): [LOWI-Scan] is_qcom_ie, bss_age: 0
02-09 04:41:32.318 D/LOWI-9.0.0.87.a( 1375): [LOWI-Scan] BSS 18:6f:2d:81:16:e1 LOWI_PHY_MODE_11NG_HT20(5), Beacon Interval: 100, LOWI_ENCRYPTION_TYPE_OPEN 11mcRanging: No, ANQP: No, LCI: No, Civic: No, capability(0x0521): ESS ShortPreamble SpectrumMgmt ShortSlotTime
02-09 04:41:32.318 I/liblog ( 1375): 2
02-09 04:41:32.318 D/LOWI-9.0.0.87.a( 1375): [LOWI-Scan]
02-09 04:41:32.318 D/LOWI-9.0.0.87.a( 1375): [LOWI-Scan] print_bss_handler: Report Probe TSF 1186747284 as it greater than Beacon TSF 0
02-09 04:41:32.318 D/LOWI-9.0.0.87.a( 1375): [LOWI-Scan] decode_rsn_wpa_ie: LOWI_ENCRYPTION_TYPE_WPA_PSK
02-09 04:41:32.318 D/LOWI-9.0.0.87.a( 1375): [LOWI-Scan] is_qcom_ie, bss_age: 0
02-09 04:41:32.318 D/LOWI-9.0.0.87.a( 1375): [LOWI-Scan] BSS 3e:ee:03:6f:df:b3 LOWI_PHY_MODE_11AC_VHT80(10), Beacon Interval: 100, LOWI_ENCRYPTION_TYPE_WPA_PSK 11mcRanging: No, ANQP: No, LCI: No, Civic: No, capability(0x1111): ESS Privacy SpectrumMgmt
02-09 04:41:32.318 I/liblog ( 1375): 2
02-09 04:41:32.318 D/LOWI-9.0.0.87.a( 1375): [LOWI-Scan]
02-09 04:41:32.318 D/LOWI-9.0.0.87.a( 1375): [LOWI-Scan] print_bss_handler: Report beacon TSF 1186838615 as it greater than probe TSF 1101545959
02-09 04:41:32.318 I/liblog ( 1375): 1
02-09 04:41:32.318 I/liblog ( 1375): 1
02-09 04:41:32.318 D/LOWI-9.0.0.87.a( 1375): [LOWI-Scan] BSS 18:6f:2d:0a:b8:54 LOWI_PHY_MODE_11AC_VHT20(8), Beacon Interval: 100, LOWI_ENCRYPTION_TYPE_WPA_PSK 11mcRanging: No, ANQP: No, LCI: No, Civic: No, capability(0x0111): ESS Privacy SpectrumMgmt
02-09 04:41:32.318 I/liblog ( 1375): 1
02-09 04:41:32.318 D/LOWI-9.0.0.87.a( 1375): [LOWI-Scan] BSS 18:6f:2d:0a:b8:54 (wlan0) ASSO: NO AddInfo: 0x1, TSF 0, 00:19:46.838, RSSI: -142, CPL: 127, AGE: 852, SSID ThunderSoft, TSFDelta: 0xe3ff0bc3, TXRate: 0
02-09 04:41:32.318 D/LOWI-9.0.0.87.a( 1375): [LOWI-Scan]
02-09 04:41:32.318 I/liblog ( 1375): 6
02-09 04:41:32.318 D/LOWI-9.0.0.87.a( 1375): [LOWI-Scan]
02-09 04:41:32.318 D/LOWI-9.0.0.87.a( 1375): [LOWI-Scan] print_bss_handler: Report beacon TSF 1186533304 as it greater than probe TSF 1186533304
02-09 04:41:32.318 D/LOWI-9.0.0.87.a( 1375): [LOWI-Scan] decode_rsn_wpa_ie: LOWI_ENCRYPTION_TYPE_WPA_PSK
02-09 04:41:32.318 D/LOWI-9.0.0.87.a( 1375): [LOWI-Scan] is_qcom_ie, bss_age: 0
02-09 04:41:32.318 D/LOWI-9.0.0.87.a( 1375): [LOWI-Scan] BSS 64:6e:97:5a:7e:e0 LOWI_PHY_MODE_11AC_VHT40_2G(12), Beacon Interval: 100, LOWI_ENCRYPTION_TYPE_WPA_PSK 11mcRanging: No, ANQP: No, LCI: No, Civic: No, capability(0x1411): ESS Privacy ShortSlotTime
02-09 04:41:32.318 I/liblog ( 1375): 2
02-09 04:41:32.318 D/LOWI-9.0.0.87.a( 1375): [LOWI-Scan]
02-09 04:41:32.318 D/LOWI-9.0.0.87.a( 1375): [LOWI-Scan] print_bss_handler: Report beacon TSF 1186539423 as it greater than probe TSF 1186539423
02-09 04:41:32.318 D/LOWI-9.0.0.87.a( 1375): [LOWI-Scan] decode_rsn_wpa_ie: LOWI_ENCRYPTION_TYPE_WPA_PSK
02-09 04:41:32.318 D/LOWI-9.0.0.87.a( 1375): [LOWI-Scan] is_qcom_ie, bss_age: 0
02-09 04:41:32.318 D/LOWI-9.0.0.87.a( 1375): [LOWI-Scan] BSS 5a:41:20:2d:fe:89 LOWI_PHY_MODE_11AC_VHT80(10), Beacon Interval: 100, LOWI_ENCRYPTION_TYPE_WPA_PSK 11mcRanging: No, ANQP: No, LCI: No, Civic: No, capability(0x1011): ESS Privacy
02-09 04:41:32.318 I/liblog ( 1375): 2
02-09 04:41:32.318 D/LOWI-9.0.0.87.a( 1375): [LOWI-Scan]
02-09 04:41:32.318 D/LOWI-9.0.0.87.a( 1375): [LOWI-Scan] print_bss_handler: Report beacon TSF 1186539453 as it greater than probe TSF 1186539453
02-09 04:41:32.318 I/liblog ( 1375): 1
02-09 04:41:32.318 D/LOWI-9.0.0.87.a( 1375): [LOWI-Scan] BSS 08:ff:24:e8:51:83 LOWI_PHY_MODE_11AC_VHT20_2G(11), Beacon Interval: 100, LOWI_ENCRYPTION_TYPE_OPEN 11mcRanging: No, ANQP: Yes, LCI: No, Civic: No, capability(0x1421): ESS ShortPreamble ShortSlotTime
02-09 04:41:32.318 I/liblog ( 1375): 2
02-09 04:41:32.318 D/LOWI-9.0.0.87.a( 1375): [LOWI-Scan]
02-09 04:41:32.318 D/LOWI-9.0.0.87.a( 1375): [LOWI-Scan] print_bss_handler: Report beacon TSF 1186867104 as it greater than probe TSF 1186867104
02-09 04:41:32.318 I/liblog ( 1375): 1
02-09 04:41:32.318 I/liblog ( 1375): 16
02-09 04:41:32.318 I/liblog ( 1375): 1
02-09 04:41:32.318 D/LOWI-9.0.0.87.a( 1375): [LOWI-Scan]
02-09 04:41:32.318 D/LOWI-9.0.0.87.a( 1375): [LOWI-Scan] print_bss_handler: Report beacon TSF 1186999449 as it greater than probe TSF 1186999449
02-09 04:41:32.318 D/LOWI-9.0.0.87.a( 1375): [LOWI-Scan] is_qcom_ie, bss_age: 0
02-09 04:41:32.318 D/LOWI-9.0.0.87.a( 1375): [LOWI-Scan] BSS d4:1b:81:e9:bd:a2 LOWI_PHY_MODE_11NG_HT20(5), Beacon Interval: 100, LOWI_ENCRYPTION_TYPE_OPEN 11mcRanging: No, ANQP: No, LCI: No, Civic: No, capability(0x0421): ESS ShortPreamble ShortSlotTime
02-09 04:41:32.318 I/liblog ( 1375): 1
02-09 04:41:32.318 I/liblog ( 1375): 1
02-09 04:41:32.318 D/LOWI-9.0.0.87.a( 1375): [LOWI-Scan]
02-09 04:41:32.318 D/LOWI-9.0.0.87.a( 1375): [LOWI-Scan] print_bss_handler: Report beacon TSF 1187063269 as it greater than probe TSF 1187024576
02-09 04:41:32.318 I/liblog ( 1375): 1
02-09 04:41:32.318 I/liblog ( 1375): 1
02-09 04:41:32.318 I/liblog ( 1375): 8
02-09 04:41:32.318 I/liblog ( 1375): 2
02-09 04:41:32.318 D/LOWI-9.0.0.87.a( 1375): [LOWIDiagLog] Log: lowiMeasResult->request: invalid null argument
02-09 04:41:32.318 I/LOWI-9.0.0.87.a( 1375): [LOWI-Scan] lowi_close_record:Scan done in 1172257ms, 66 APs in scan results
02-09 04:41:32.318 D/LOWI-9.0.0.87.a( 1375): [LOWI-Scan] WipsScanUsingNL: passive scan cached 0, took 85260 ms, err 0
02-09 04:41:32.318 D/LOWI-9.0.0.87.a( 1375): [LOWI-Scan] lowi_proc_req_passive_scan_with_live_meas - No WLAN Frames to be parsed
02-09 04:41:32.318 D/LOWI-9.0.0.87.a( 1375): [LOWIScanResultReceiver] Send scan meas to listener
02-09 04:41:32.318 D/LOWI-9.0.0.87.a( 1375): [LOWIScanResultReceiver] Enter passive listening mode
02-09 04:41:32.318 D/LOWI-9.0.0.87.a( 1375): [LOWIWifiDriverInterface] getMeasurements - Passive listening mode
02-09 04:41:32.318 D/LOWI-9.0.0.87.a( 1375): [LOWIEventReceiver] handleEvent:FROM:NA, TO:NA, REQ:NA, IREQ:NA, REQ_ID:0, RESP:NA, INFO:NA
02-09 04:41:32.318 D/LOWI-9.0.0.87.a( 1375): [LOWIBackgroundScanMgr] isRspForBgScanMgr: evt(LOWI_NO_EVT) - not handled
02-09 04:41:32.318 D/LOWI-9.0.0.87.a( 1375): [LOWIScheduler] manageMsg: NULL results or NULL request in results
02-09 04:41:32.318 D/LOWI-9.0.0.87.a( 1375): [LOWIController] Measurements received
02-09 04:41:32.318 D/LOWI-9.0.0.87.a( 1375): [LOWICacheManager] putInCache:Num of Meas to add: 66
02-09 04:41:32.319 D/LOWI-9.0.0.87.a( 1375): [LOWIController] processMeasurementResults: No current Request. Cache measurements
02-09 04:41:32.319 D/LOWI-9.0.0.87.a( 1375): [LOWIController] sendAsyncScanResponse: Request FreeWifiScanObserver_0 is from a different client.
02-09 04:41:32.319 D/LOWI-9.0.0.87.a( 1375): [LOWIController] generateResponse: Type (ASYNC_DISCOVERY_SCAN_RESULTS) ScanStatus (1) request FreeWifiScanObserver_0
02-09 04:41:32.319 D/LOWI-9.0.0.87.a( 1375): [LOWIEventDispatcher] sendResponse - originator = FreeWifiScanObserver
02-09 04:41:32.319 D/LOWI-9.0.0.87.a( 1375): [LOWIUtils] injectScanMeasurements - num of APs = 66
02-09 04:41:32.319 I/LOWI-9.0.0.87.a( 1375): [LOWIUtils] responseToOutPostcard - TO: FreeWifiScanObserver, FROM: LOWI-SERVER, RESP: LOWI_ASYNC_DISCOVERY_SCAN_RESULTS
02-09 04:41:32.319 D/LOWI-9.0.0.87.a( 1375): [LOWIControllerExtn] sendLOWILpDiscoveryScanResponse: Not a discovery scan response
02-09 04:41:32.321 D/LOWI-9.0.0.87.a( 1375): [LOWI-Scan] WipsScanUsingNL:wait -1 sec for netlink message
02-09 04:41:32.330 D/PasspointManager( 1240): ANQP entry not found for: 08:ff:24:e8:51:83:
02-09 04:41:32.363 W/WifiDebugService( 2367): Can not find target wifi network : hht_test_wifi_fc4318c9
02-09 04:41:32.448 D/BufferPoolAccessor2.0( 1283): bufferpool2 0xe7f40808 : 0(0 size) total buffers - 0(0 size) used buffers - 94/102 (recycle/alloc) - 8/198 (fetch/transfer)
02-09 04:41:32.448 D/BufferPoolAccessor2.0( 1283): evictor expired: 1, evicted: 1
02-09 04:41:32.448 D/BufferPoolAccessor2.0( 1338): bufferpool2 0xb400006f995a7fc8 : 0(0 size) total buffers - 0(0 size) used buffers - 93/97 (recycle/alloc) - 4/96 (fetch/transfer)
02-09 04:41:32.448 D/BufferPoolAccessor2.0( 1338): evictor expired: 1, evicted: 1
02-09 04:41:32.610 I/OMX-VENC: venc_dev( 1301): stats: avg. fps 27.23, bitrate 1705345
02-09 04:41:32.648 I/input_interaction( 1240): Interaction with: 179ba77 com.android.gallery3d/com.android.gallery3d.app.GalleryActivity (server), edge-swipe (server), swipe-up (server), PointerEventDispatcher0 (server),
02-09 04:41:32.649 I/wm_task_moved( 1240): [79,1,7]
02-09 04:41:32.649 I/wm_task_to_front( 1240): [0,79]
02-09 04:41:32.649 W/WindowManager( 1240): updateScale : 0.79357797
02-09 04:41:32.650 I/wm_set_resumed_activity( 1240): [0,com.android.gallery3d/.app.GalleryActivity,positionChildAt]
02-09 04:41:32.650 I/wm_focused_root_task( 1240): [0,0,79,80,setFocusedTask]
02-09 04:41:32.650 I/wm_set_resumed_activity( 1240): [0,com.android.gallery3d/.app.GalleryActivity,setFocusedTask]
02-09 04:41:32.650 I/ActivityTaskManager( 1240): FOREGROUND_APPLICATION_CHANGED to com.android.gallery3d.app.GalleryActivity
02-09 04:41:32.650 I/input_focus( 1240): [Focus request 179ba77 com.android.gallery3d/com.android.gallery3d.app.GalleryActivity,reason=UpdateInputWindows]
02-09 04:41:32.660 I/wm_on_top_resumed_lost_called( 5623): [166350893,com.android.settings.Settings,topStateChangedWhenResumed]
02-09 04:41:32.661 I/wm_on_top_resumed_gained_called( 3921): [47528597,com.android.gallery3d.app.GalleryActivity,topStateChangedWhenResumed]
02-09 04:41:32.681 I/input_focus( 1240): [Focus leaving 22a3637 com.android.settings/com.android.settings.Settings (server),reason=setFocusedWindow]
02-09 04:41:32.681 I/input_focus( 1240): [Focus entering 179ba77 com.android.gallery3d/com.android.gallery3d.app.GalleryActivity (server),reason=setFocusedWindow]
02-09 04:41:32.821 W/hpplay-java( 2754): [main]:IPManager:getActiveNets invalid networkInfo:null
02-09 04:41:32.821 I/hpplay-java( 2754): [main]:IPManager:getActiveNets eth0:false wifi:false mobile:false ap:false
02-09 04:41:32.821 I/hpplay-java( 2754): [main]:ServerTaskManager:get local ip:null
02-09 04:41:33.034 I/mpu_uart( 645): [MSG-P:R]:recv sync frame timeout
02-09 04:41:33.250 I/mpu_uart( 645): [MSG-P:RECV]:No message received in 1000 ms
02-09 04:41:33.438 D/RemoteControlService( 2357): startVlanDispatchThread
01-04 09:10:08.801 E/DTC_ETH,link_delay_work_func( 0): 3003, SQI=0, link=0
02-09 04:41:33.744 I/OMX-VENC: venc_dev( 1301): stats: avg. fps 21.16, bitrate 1566790
02-09 04:41:33.823 W/hpplay-java( 2754): [main]:IPManager:getActiveNets invalid networkInfo:null
02-09 04:41:33.823 I/hpplay-java( 2754): [main]:IPManager:getActiveNets eth0:false wifi:false mobile:false ap:false
02-09 04:41:33.823 I/hpplay-java( 2754): [main]:ServerTaskManager:get local ip:null
02-09 04:41:33.860 E/tlogd ( 1349): [TzLogger](isPathReadable) file /sys/kernel/debug/tzdbg/qsee_log isn't exist or no permission, err: No such file or directory
02-09 04:41:33.860 E/tlogd ( 1349): [TzLogger](saveTzlogAsync) /sys/kernel/debug/tzdbg/qsee_log can not read.
02-09 04:41:33.860 E/tlogd ( 1349): [TzLogger](isPathReadable) file /sys/kernel/debug/tzdbg/log isn't exist or no permission, err: No such file or directory
02-09 04:41:33.860 E/tlogd ( 1349): [TzLogger](saveTzlogAsync) /sys/kernel/debug/tzdbg/log can not read.
02-09 04:41:34.250 I/mpu_uart( 645): [MSG-P:RECV]:No message received in 1000 ms
02-09 04:41:34.521 I/commit_sys_config_file( 1240): [appops,1168788]
02-09 04:41:34.825 W/hpplay-java( 2754): [main]:IPManager:getActiveNets invalid networkInfo:null
02-09 04:41:34.826 I/hpplay-java( 2754): [main]:IPManager:getActiveNets eth0:false wifi:false mobile:false ap:false
02-09 04:41:34.826 I/hpplay-java( 2754): [main]:ServerTaskManager:get local ip:null
02-09 04:41:34.878 I/GameModeConfig( 1240): isGameModeOn = false
02-09 04:41:35.251 I/mpu_uart( 645): [MSG-P:RECV]:No message received in 1000 ms
02-09 04:41:35.293 I/view_enqueue_input_event( 3921): [Motion - Cancel,com.android.gallery3d/com.android.gallery3d.app.GalleryActivity]
02-09 04:41:35.298 I/input_interaction( 1240): Interaction with: WindowManager (server), edge-swipe (server), swipe-up (server), PointerEventDispatcher0 (server),
02-09 04:41:35.304 D/FreeFormWindowHelper( 1240): refreshTipWindow mTipWindowTitle : freeform_top_left_tip_window
02-09 04:41:35.307 I/ActivityTaskManager( 1240): clear resize flag in freeform mode
02-09 04:41:35.308 W/WindowManager( 1240): updateScale : 0.79357797
02-09 04:41:35.313 I/OMX-VENC: venc_dev( 1301): stats: avg. fps 1.27, bitrate 58406
02-09 04:41:35.321 D/FreeFormWindowHelper( 1240): refreshTipWindow mTipWindowTitle : freeform_top_left_tip_window
02-09 04:41:35.321 I/ActivityTaskManager( 1240): clear resize flag in freeform mode
02-09 04:41:35.322 W/WindowManager( 1240): updateScale : 0.79357797
02-09 04:41:35.338 D/FreeFormWindowHelper( 1240): refreshTipWindow mTipWindowTitle : freeform_top_left_tip_window
02-09 04:41:35.338 I/ActivityTaskManager( 1240): clear resize flag in freeform mode
02-09 04:41:35.339 W/WindowManager( 1240): updateScale : 0.79357797
02-09 04:41:35.354 D/FreeFormWindowHelper( 1240): refreshTipWindow mTipWindowTitle : freeform_top_left_tip_window
02-09 04:41:35.355 I/ActivityTaskManager( 1240): clear resize flag in freeform mode
02-09 04:41:35.355 W/WindowManager( 1240): updateScale : 0.79357797
02-09 04:41:35.371 D/FreeFormWindowHelper( 1240): refreshTipWindow mTipWindowTitle : freeform_top_left_tip_window
02-09 04:41:35.371 I/ActivityTaskManager( 1240): clear resize flag in freeform mode
02-09 04:41:35.372 W/WindowManager( 1240): updateScale : 0.79357797
02-09 04:41:35.388 D/FreeFormWindowHelper( 1240): refreshTipWindow mTipWindowTitle : freeform_top_left_tip_window
02-09 04:41:35.388 I/ActivityTaskManager( 1240): clear resize flag in freeform mode
02-09 04:41:35.389 W/WindowManager( 1240): updateScale : 0.79357797
02-09 04:41:35.402 W/WindowManager( 1240): updateScale : 0.79357797
02-09 04:41:35.404 D/FreeFormWindowHelper( 1240): refreshTipWindow mTipWindowTitle : freeform_top_left_tip_window
02-09 04:41:35.405 I/ActivityTaskManager( 1240): clear resize flag in freeform mode
02-09 04:41:35.405 W/WindowManager( 1240): updateScale : 0.79357797
02-09 04:41:35.408 I/GLRootView( 3921): onSurfaceChanged: 654x1096, gl10: com.google.android.gles_jni.GLImpl@45e2ec7
02-09 04:41:35.408 I/GLRootView( 3921): layout content pane 654x1096 (compensation 0)
02-09 04:41:35.421 D/FreeFormWindowHelper( 1240): refreshTipWindow mTipWindowTitle : freeform_top_left_tip_window
02-09 04:41:35.422 I/ActivityTaskManager( 1240): clear resize flag in freeform mode
02-09 04:41:35.422 W/WindowManager( 1240): updateScale : 0.79357797
02-09 04:41:35.436 W/WindowManager( 1240): updateScale : 0.79357797
02-09 04:41:35.438 D/FreeFormWindowHelper( 1240): refreshTipWindow mTipWindowTitle : freeform_top_left_tip_window
02-09 04:41:35.438 I/ActivityTaskManager( 1240): clear resize flag in freeform mode
02-09 04:41:35.439 W/WindowManager( 1240): updateScale : 0.79357797
02-09 04:41:35.450 W/WindowManager( 1240): updateScale : 0.79357797
02-09 04:41:35.454 D/FreeFormWindowHelper( 1240): refreshTipWindow mTipWindowTitle : freeform_top_left_tip_window
02-09 04:41:35.455 I/ActivityTaskManager( 1240): clear resize flag in freeform mode
02-09 04:41:35.455 W/WindowManager( 1240): updateScale : 0.79357797
02-09 04:41:35.467 W/WindowManager( 1240): updateScale : 0.79357797
02-09 04:41:35.471 D/FreeFormWindowHelper( 1240): refreshTipWindow mTipWindowTitle : freeform_top_left_tip_window
02-09 04:41:35.472 I/ActivityTaskManager( 1240): clear resize flag in freeform mode
02-09 04:41:35.472 W/WindowManager( 1240): updateScale : 0.79357797
02-09 04:41:35.474 I/GLRootView( 3921): onSurfaceChanged: 654x1097, gl10: com.google.android.gles_jni.GLImpl@45e2ec7
02-09 04:41:35.475 I/GLRootView( 3921): layout content pane 654x1097 (compensation 0)
02-09 04:41:35.484 W/WindowManager( 1240): updateScale : 0.79357797
02-09 04:41:35.488 D/FreeFormWindowHelper( 1240): refreshTipWindow mTipWindowTitle : null
02-09 04:41:35.488 I/ActivityTaskManager( 1240): clear resize flag in freeform mode
02-09 04:41:35.489 W/WindowManager( 1240): updateScale : 0.79357797
02-09 04:41:35.491 E/BLASTBufferQueue( 3921): [ViewRootImpl[GalleryActivity]#34](f:0,a:2) rejecting buffer:active_size=654x1164, requested_size=654x1164 buffer{size=654x1165 transform=0}
02-09 04:41:35.491 I/GLRootView( 3921): onSurfaceChanged: 654x1096, gl10: com.google.android.gles_jni.GLImpl@45e2ec7
02-09 04:41:35.494 I/GLRootView( 3921): layout content pane 654x1096 (compensation 0)
02-09 04:41:35.500 W/WindowManager( 1240): updateScale : 0.79357797
02-09 04:41:35.504 D/FreeFormWindowHelper( 1240): refreshTipWindow mTipWindowTitle : null
02-09 04:41:35.505 I/ActivityTaskManager( 1240): clear resize flag in freeform mode
02-09 04:41:35.505 W/WindowManager( 1240): updateScale : 0.79357797
02-09 04:41:35.517 W/WindowManager( 1240): updateScale : 0.79357797
02-09 04:41:35.521 D/FreeFormWindowHelper( 1240): refreshTipWindow mTipWindowTitle : null
02-09 04:41:35.522 I/ActivityTaskManager( 1240): clear resize flag in freeform mode
02-09 04:41:35.522 W/WindowManager( 1240): updateScale : 0.79357797
02-09 04:41:35.535 E/BLASTBufferQueue( 3921): [SurfaceView[com.android.gallery3d/com.android.gallery3d.app.GalleryActivity]#35](f:2,a:2) rejecting buffer:active_size=654x1097, requested_size=654x1097 buffer{size=654x1096 transform=0}
02-09 04:41:35.535 E/BLASTBufferQueue( 3921): [SurfaceView[com.android.gallery3d/com.android.gallery3d.app.GalleryActivity]#35](f:1,a:2) rejecting buffer:active_size=654x1097, requested_size=654x1097 buffer{size=654x1096 transform=0}
02-09 04:41:35.535 E/BLASTBufferQueue( 3921): [SurfaceView[com.android.gallery3d/com.android.gallery3d.app.GalleryActivity]#35](f:0,a:2) rejecting buffer:active_size=654x1097, requested_size=654x1097 buffer{size=654x1096 transform=0}
02-09 04:41:35.535 E/BLASTBufferQueue( 3921): [SurfaceView[com.android.gallery3d/com.android.gallery3d.app.GalleryActivity]#35](f:0,a:2) rejecting buffer:active_size=654x1097, requested_size=654x1097 buffer{size=654x1096 transform=0}
02-09 04:41:35.536 I/GLRootView( 3921): onSurfaceChanged: 654x1097, gl10: com.google.android.gles_jni.GLImpl@45e2ec7
02-09 04:41:35.536 I/GLRootView( 3921): layout content pane 654x1097 (compensation 0)
02-09 04:41:35.538 D/FreeFormWindowHelper( 1240): refreshTipWindow mTipWindowTitle : null
02-09 04:41:35.539 I/ActivityTaskManager( 1240): clear resize flag in freeform mode
02-09 04:41:35.539 W/WindowManager( 1240): updateScale : 0.79357797
02-09 04:41:35.541 W/WindowManager( 1240): updateScale : 0.79357797
02-09 04:41:35.548 I/GLRootView( 3921): onSurfaceChanged: 654x1096, gl10: com.google.android.gles_jni.GLImpl@45e2ec7
02-09 04:41:35.548 I/GLRootView( 3921): layout content pane 654x1096 (compensation 0)
02-09 04:41:35.555 D/FreeFormWindowHelper( 1240): refreshTipWindow mTipWindowTitle : null
02-09 04:41:35.555 I/ActivityTaskManager( 1240): clear resize flag in freeform mode
02-09 04:41:35.556 W/WindowManager( 1240): updateScale : 0.79357797
02-09 04:41:35.571 D/FreeFormWindowHelper( 1240): refreshTipWindow mTipWindowTitle : null
02-09 04:41:35.572 I/ActivityTaskManager( 1240): clear resize flag in freeform mode
02-09 04:41:35.573 W/WindowManager( 1240): updateScale : 0.79357797
02-09 04:41:35.588 D/FreeFormWindowHelper( 1240): refreshTipWindow mTipWindowTitle : null
02-09 04:41:35.589 I/ActivityTaskManager( 1240): clear resize flag in freeform mode
02-09 04:41:35.589 W/WindowManager( 1240): updateScale : 0.79357797
02-09 04:41:35.605 D/FreeFormWindowHelper( 1240): refreshTipWindow mTipWindowTitle : null
02-09 04:41:35.605 I/ActivityTaskManager( 1240): clear resize flag in freeform mode
02-09 04:41:35.606 W/WindowManager( 1240): updateScale : 0.79357797
02-09 04:41:35.621 D/FreeFormWindowHelper( 1240): refreshTipWindow mTipWindowTitle : null
02-09 04:41:35.622 I/ActivityTaskManager( 1240): clear resize flag in freeform mode
02-09 04:41:35.622 W/WindowManager( 1240): updateScale : 0.79357797
02-09 04:41:35.625 W/WindowManager( 1240): updateScale : 0.79357797
02-09 04:41:35.638 D/FreeFormWindowHelper( 1240): refreshTipWindow mTipWindowTitle : null
02-09 04:41:35.639 I/ActivityTaskManager( 1240): clear resize flag in freeform mode
02-09 04:41:35.639 W/WindowManager( 1240): updateScale : 0.79357797
02-09 04:41:35.644 W/WindowManager( 1240): updateScale : 0.79357797
02-09 04:41:35.651 I/GLRootView( 3921): onSurfaceChanged: 654x1097, gl10: com.google.android.gles_jni.GLImpl@45e2ec7
02-09 04:41:35.652 I/GLRootView( 3921): layout content pane 654x1097 (compensation 0)
02-09 04:41:35.653 W/WindowManager( 1240): updateScale : 0.79357797
02-09 04:41:35.655 D/FreeFormWindowHelper( 1240): refreshTipWindow mTipWindowTitle : null
02-09 04:41:35.656 I/ActivityTaskManager( 1240): clear resize flag in freeform mode
02-09 04:41:35.656 W/WindowManager( 1240): updateScale : 0.79357797
02-09 04:41:35.670 W/WindowManager( 1240): updateScale : 0.79357797
02-09 04:41:35.675 D/FreeFormWindowHelper( 1240): refreshTipWindow mTipWindowTitle : null
02-09 04:41:35.675 I/ActivityTaskManager( 1240): clear resize flag in freeform mode
02-09 04:41:35.676 W/WindowManager( 1240): updateScale : 0.79357797
02-09 04:41:35.677 I/GLRootView( 3921): onSurfaceChanged: 654x1096, gl10: com.google.android.gles_jni.GLImpl@45e2ec7
02-09 04:41:35.677 I/GLRootView( 3921): layout content pane 654x1096 (compensation 0)
02-09 04:41:35.688 D/FreeFormWindowHelper( 1240): refreshTipWindow mTipWindowTitle : null
02-09 04:41:35.689 I/ActivityTaskManager( 1240): clear resize flag in freeform mode
02-09 04:41:35.689 W/WindowManager( 1240): updateScale : 0.79357797
02-09 04:41:35.705 D/FreeFormWindowHelper( 1240): refreshTipWindow mTipWindowTitle : null
02-09 04:41:35.705 I/ActivityTaskManager( 1240): clear resize flag in freeform mode
02-09 04:41:35.706 W/WindowManager( 1240): updateScale : 0.79357797
02-09 04:41:35.722 D/FreeFormWindowHelper( 1240): refreshTipWindow mTipWindowTitle : null
02-09 04:41:35.722 I/ActivityTaskManager( 1240): clear resize flag in freeform mode
02-09 04:41:35.723 W/WindowManager( 1240): updateScale : 0.79357797
02-09 04:41:35.738 D/FreeFormWindowHelper( 1240): refreshTipWindow mTipWindowTitle : null
02-09 04:41:35.739 I/ActivityTaskManager( 1240): clear resize flag in freeform mode
02-09 04:41:35.739 W/WindowManager( 1240): updateScale : 0.79357797
02-09 04:41:35.755 D/FreeFormWindowHelper( 1240): refreshTipWindow mTipWindowTitle : null
02-09 04:41:35.756 I/ActivityTaskManager( 1240): clear resize flag in freeform mode
02-09 04:41:35.756 W/WindowManager( 1240): updateScale : 0.79357797
02-09 04:41:35.772 D/FreeFormWindowHelper( 1240): refreshTipWindow mTipWindowTitle : null
02-09 04:41:35.772 I/ActivityTaskManager( 1240): clear resize flag in freeform mode
02-09 04:41:35.773 W/WindowManager( 1240): updateScale : 0.79357797
02-09 04:41:35.789 D/FreeFormWindowHelper( 1240): refreshTipWindow mTipWindowTitle : null
02-09 04:41:35.789 I/ActivityTaskManager( 1240): clear resize flag in freeform mode
02-09 04:41:35.790 W/WindowManager( 1240): updateScale : 0.79357797
02-09 04:41:35.805 D/FreeFormWindowHelper( 1240): refreshTipWindow mTipWindowTitle : null
02-09 04:41:35.806 I/ActivityTaskManager( 1240): clear resize flag in freeform mode
02-09 04:41:35.806 W/WindowManager( 1240): updateScale : 0.79357797
02-09 04:41:35.822 D/FreeFormWindowHelper( 1240): refreshTipWindow mTipWindowTitle : null
02-09 04:41:35.823 I/ActivityTaskManager( 1240): clear resize flag in freeform mode
02-09 04:41:35.823 W/WindowManager( 1240): updateScale : 0.79357797
02-09 04:41:35.828 W/hpplay-java( 2754): [main]:IPManager:getActiveNets invalid networkInfo:null
02-09 04:41:35.828 I/hpplay-java( 2754): [main]:IPManager:getActiveNets eth0:false wifi:false mobile:false ap:false
02-09 04:41:35.828 I/hpplay-java( 2754): [main]:ServerTaskManager:get local ip:null
02-09 04:41:35.836 W/WindowManager( 1240): updateScale : 0.79357797
02-09 04:41:35.839 D/FreeFormWindowHelper( 1240): refreshTipWindow mTipWindowTitle : null
02-09 04:41:35.839 I/ActivityTaskManager( 1240): clear resize flag in freeform mode
02-09 04:41:35.840 W/WindowManager( 1240): updateScale : 0.79357797
02-09 04:41:35.842 I/GLRootView( 3921): onSurfaceChanged: 654x1097, gl10: com.google.android.gles_jni.GLImpl@45e2ec7
02-09 04:41:35.842 I/GLRootView( 3921): layout content pane 654x1097 (compensation 0)
02-09 04:41:35.855 D/FreeFormWindowHelper( 1240): refreshTipWindow mTipWindowTitle : null
02-09 04:41:35.856 I/ActivityTaskManager( 1240): clear resize flag in freeform mode
02-09 04:41:35.856 W/WindowManager( 1240): updateScale : 0.79357797
02-09 04:41:35.872 D/FreeFormWindowHelper( 1240): refreshTipWindow mTipWindowTitle : null
02-09 04:41:35.873 I/ActivityTaskManager( 1240): clear resize flag in freeform mode
02-09 04:41:35.873 W/WindowManager( 1240): updateScale : 0.79357797
02-09 04:41:35.889 D/FreeFormWindowHelper( 1240): refreshTipWindow mTipWindowTitle : null
02-09 04:41:35.890 I/ActivityTaskManager( 1240): clear resize flag in freeform mode
02-09 04:41:35.890 W/WindowManager( 1240): updateScale : 0.79357797
02-09 04:41:35.905 D/FreeFormWindowHelper( 1240): refreshTipWindow mTipWindowTitle : null
02-09 04:41:35.906 I/ActivityTaskManager( 1240): clear resize flag in freeform mode
02-09 04:41:35.906 W/WindowManager( 1240): updateScale : 0.79357797
02-09 04:41:35.922 D/FreeFormWindowHelper( 1240): refreshTipWindow mTipWindowTitle : null
02-09 04:41:35.923 I/ActivityTaskManager( 1240): clear resize flag in freeform mode
02-09 04:41:35.923 W/WindowManager( 1240): updateScale : 0.79357797
02-09 04:41:35.937 W/WindowManager( 1240): updateScale : 0.79357797
02-09 04:41:35.939 D/FreeFormWindowHelper( 1240): refreshTipWindow mTipWindowTitle : null
02-09 04:41:35.940 I/ActivityTaskManager( 1240): clear resize flag in freeform mode
02-09 04:41:35.940 W/WindowManager( 1240): updateScale : 0.79357797
02-09 04:41:35.951 W/WindowManager( 1240): updateScale : 0.79357797
02-09 04:41:35.956 D/FreeFormWindowHelper( 1240): refreshTipWindow mTipWindowTitle : null
02-09 04:41:35.956 I/ActivityTaskManager( 1240): clear resize flag in freeform mode
02-09 04:41:35.957 W/WindowManager( 1240): updateScale : 0.79357797
02-09 04:41:35.968 W/WindowManager( 1240): updateScale : 0.79357797
02-09 04:41:35.972 D/FreeFormWindowHelper( 1240): refreshTipWindow mTipWindowTitle : null
02-09 04:41:35.973 I/ActivityTaskManager( 1240): clear resize flag in freeform mode
02-09 04:41:35.973 W/WindowManager( 1240): updateScale : 0.79357797
02-09 04:41:35.985 W/WindowManager( 1240): updateScale : 0.79357797
02-09 04:41:35.989 D/FreeFormWindowHelper( 1240): refreshTipWindow mTipWindowTitle : null
02-09 04:41:35.989 I/ActivityTaskManager( 1240): clear resize flag in freeform mode
02-09 04:41:35.990 W/WindowManager( 1240): updateScale : 0.79357797
02-09 04:41:36.001 W/WindowManager( 1240): updateScale : 0.79357797
02-09 04:41:36.006 D/FreeFormWindowHelper( 1240): refreshTipWindow mTipWindowTitle : null
02-09 04:41:36.006 I/ActivityTaskManager( 1240): clear resize flag in freeform mode
02-09 04:41:36.007 W/WindowManager( 1240): updateScale : 0.79357797
02-09 04:41:36.018 W/WindowManager( 1240): updateScale : 0.79357797
02-09 04:41:36.022 D/FreeFormWindowHelper( 1240): refreshTipWindow mTipWindowTitle : null
02-09 04:41:36.023 I/ActivityTaskManager( 1240): clear resize flag in freeform mode
02-09 04:41:36.023 W/WindowManager( 1240): updateScale : 0.79357797
02-09 04:41:36.027 I/GLRootView( 3921): onSurfaceChanged: 654x1096, gl10: com.google.android.gles_jni.GLImpl@45e2ec7
02-09 04:41:36.027 I/GLRootView( 3921): layout content pane 654x1096 (compensation 0)
02-09 04:41:36.035 W/WindowManager( 1240): updateScale : 0.79357797
02-09 04:41:36.035 I/mpu_uart( 645): [MSG-P:R]:recv sync frame timeout
02-09 04:41:36.039 D/FreeFormWindowHelper( 1240): refreshTipWindow mTipWindowTitle : null
02-09 04:41:36.040 I/ActivityTaskManager( 1240): clear resize flag in freeform mode
02-09 04:41:36.040 W/WindowManager( 1240): updateScale : 0.79357797
02-09 04:41:36.043 I/GLRootView( 3921): onSurfaceChanged: 654x1097, gl10: com.google.android.gles_jni.GLImpl@45e2ec7
02-09 04:41:36.043 I/GLRootView( 3921): layout content pane 654x1097 (compensation 0)
02-09 04:41:36.052 W/WindowManager( 1240): updateScale : 0.79357797
02-09 04:41:36.056 D/FreeFormWindowHelper( 1240): refreshTipWindow mTipWindowTitle : null
02-09 04:41:36.056 I/ActivityTaskManager( 1240): clear resize flag in freeform mode
02-09 04:41:36.057 W/WindowManager( 1240): updateScale : 0.79357797
02-09 04:41:36.068 W/WindowManager( 1240): updateScale : 0.79357797
02-09 04:41:36.073 D/FreeFormWindowHelper( 1240): refreshTipWindow mTipWindowTitle : null
02-09 04:41:36.073 I/ActivityTaskManager( 1240): clear resize flag in freeform mode
02-09 04:41:36.074 W/WindowManager( 1240): updateScale : 0.79357797
02-09 04:41:36.106 D/FreeFormWindowHelper( 1240): refreshTipWindow mTipWindowTitle : null
02-09 04:41:36.106 I/ActivityTaskManager( 1240): clear resize flag in freeform mode
02-09 04:41:36.107 W/WindowManager( 1240): updateScale : 0.79357797
02-09 04:41:36.123 D/FreeFormWindowHelper( 1240): refreshTipWindow mTipWindowTitle : null
02-09 04:41:36.123 I/ActivityTaskManager( 1240): clear resize flag in freeform mode
02-09 04:41:36.123 I/GLRootView( 3921): onSurfaceChanged: 654x1096, gl10: com.google.android.gles_jni.GLImpl@45e2ec7
02-09 04:41:36.123 I/GLRootView( 3921): layout content pane 654x1096 (compensation 0)
02-09 04:41:36.124 W/WindowManager( 1240): updateScale : 0.79357797
02-09 04:41:36.132 W/WindowManager( 1240): updateScale : 0.79357797
02-09 04:41:36.139 D/FreeFormWindowHelper( 1240): refreshTipWindow mTipWindowTitle : null
02-09 04:41:36.140 I/ActivityTaskManager( 1240): clear resize flag in freeform mode
02-09 04:41:36.140 W/WindowManager( 1240): updateScale : 0.79357797
02-09 04:41:36.156 D/FreeFormWindowHelper( 1240): refreshTipWindow mTipWindowTitle : null
02-09 04:41:36.157 I/ActivityTaskManager( 1240): clear resize flag in freeform mode
02-09 04:41:36.157 W/WindowManager( 1240): updateScale : 0.79357797
02-09 04:41:36.173 D/FreeFormWindowHelper( 1240): refreshTipWindow mTipWindowTitle : null
02-09 04:41:36.173 I/ActivityTaskManager( 1240): clear resize flag in freeform mode
02-09 04:41:36.174 W/WindowManager( 1240): updateScale : 0.79357797
02-09 04:41:36.189 D/FreeFormWindowHelper( 1240): refreshTipWindow mTipWindowTitle : null
02-09 04:41:36.190 I/ActivityTaskManager( 1240): clear resize flag in freeform mode
02-09 04:41:36.191 W/WindowManager( 1240): updateScale : 0.79357797
02-09 04:41:36.206 D/FreeFormWindowHelper( 1240): refreshTipWindow mTipWindowTitle : null
02-09 04:41:36.207 I/ActivityTaskManager( 1240): clear resize flag in freeform mode
02-09 04:41:36.207 W/WindowManager( 1240): updateScale : 0.79357797
02-09 04:41:36.223 D/FreeFormWindowHelper( 1240): refreshTipWindow mTipWindowTitle : null
02-09 04:41:36.223 I/ActivityTaskManager( 1240): clear resize flag in freeform mode
02-09 04:41:36.224 W/WindowManager( 1240): updateScale : 0.79357797
02-09 04:41:36.231 W/WindowManager( 1240): updateScale : 0.79357797
02-09 04:41:36.240 D/FreeFormWindowHelper( 1240): refreshTipWindow mTipWindowTitle : null
02-09 04:41:36.240 I/ActivityTaskManager( 1240): clear resize flag in freeform mode
02-09 04:41:36.241 W/WindowManager( 1240): updateScale : 0.79357797
02-09 04:41:36.251 I/mpu_uart( 645): [MSG-P:RECV]:No message received in 1000 ms
02-09 04:41:36.256 D/FreeFormWindowHelper( 1240): refreshTipWindow mTipWindowTitle : null
02-09 04:41:36.257 I/ActivityTaskManager( 1240): clear resize flag in freeform mode
02-09 04:41:36.257 W/WindowManager( 1240): updateScale : 0.79357797
02-09 04:41:36.259 W/WindowManager( 1240): updateScale : 0.79357797
02-09 04:41:36.273 D/FreeFormWindowHelper( 1240): refreshTipWindow mTipWindowTitle : null
02-09 04:41:36.274 I/ActivityTaskManager( 1240): clear resize flag in freeform mode
02-09 04:41:36.274 W/WindowManager( 1240): updateScale : 0.79357797
02-09 04:41:36.290 D/FreeFormWindowHelper( 1240): refreshTipWindow mTipWindowTitle : null
02-09 04:41:36.291 I/ActivityTaskManager( 1240): clear resize flag in freeform mode
02-09 04:41:36.291 W/WindowManager( 1240): updateScale : 0.79357797
02-09 04:41:36.306 D/FreeFormWindowHelper( 1240): refreshTipWindow mTipWindowTitle : null
02-09 04:41:36.307 I/ActivityTaskManager( 1240): clear resize flag in freeform mode
02-09 04:41:36.307 W/WindowManager( 1240): updateScale : 0.79357797
02-09 04:41:36.323 D/FreeFormWindowHelper( 1240): refreshTipWindow mTipWindowTitle : null
02-09 04:41:36.324 I/ActivityTaskManager( 1240): clear resize flag in freeform mode
02-09 04:41:36.324 W/WindowManager( 1240): updateScale : 0.79357797
02-09 04:41:36.330 I/OMX-VENC: venc_dev( 1301): stats: avg. fps 57.03, bitrate 5828615
02-09 04:41:36.340 D/FreeFormWindowHelper( 1240): refreshTipWindow mTipWindowTitle : null
02-09 04:41:36.341 I/ActivityTaskManager( 1240): clear resize flag in freeform mode
02-09 04:41:36.341 W/WindowManager( 1240): updateScale : 0.79357797
02-09 04:41:36.356 D/FreeFormWindowHelper( 1240): refreshTipWindow mTipWindowTitle : freeform_bottom_right_tip_window
02-09 04:41:36.357 I/ActivityTaskManager( 1240): clear resize flag in freeform mode
02-09 04:41:36.358 W/WindowManager( 1240): updateScale : 0.79357797
02-09 04:41:36.373 D/FreeFormWindowHelper( 1240): refreshTipWindow mTipWindowTitle : freeform_bottom_right_tip_window
02-09 04:41:36.374 I/ActivityTaskManager( 1240): clear resize flag in freeform mode
02-09 04:41:36.374 W/WindowManager( 1240): updateScale : 0.79357797
02-09 04:41:36.394 W/WindowManager( 1240): updateScale : 0.79357797
02-09 04:41:36.399 W/WindowManager( 1240): updateScale : 0.79357797
02-09 04:41:36.404 I/GLRootView( 3921): onSurfaceChanged: 654x1097, gl10: com.google.android.gles_jni.GLImpl@45e2ec7
02-09 04:41:36.404 I/GLRootView( 3921): layout content pane 654x1097 (compensation 0)
02-09 04:41:36.412 D/WindowManager( 1240): updateWindowDragBounds: mIsSwipeYfalse
02-09 04:41:36.412 D/WindowManager( 1240): updateWindowDragBounds: mIsTopfalse
02-09 04:41:36.427 W/InputManager-JNI( 1240): Input channel object 'WindowManager (client)' was disposed without first being removed with the input manager!
02-09 04:41:36.442 I/ActivityTaskManager( 1240): clear resize flag in freeform mode
02-09 04:41:36.442 W/WindowManager( 1240): updateScale : 0.7262997
02-09 04:41:36.454 W/WindowManager( 1240): updateScale : 0.7262997
02-09 04:41:36.458 I/ActivityTaskManager( 1240): clear resize flag in freeform mode
02-09 04:41:36.459 W/WindowManager( 1240): updateScale : 0.6727829
02-09 04:41:36.464 I/GLRootView( 3921): onSurfaceChanged: 654x1099, gl10: com.google.android.gles_jni.GLImpl@45e2ec7
02-09 04:41:36.464 I/GLRootView( 3921): layout content pane 654x1099 (compensation 0)
02-09 04:41:36.471 W/WindowManager( 1240): updateScale : 0.6727829
02-09 04:41:36.474 I/ActivityTaskManager( 1240): clear resize flag in freeform mode
02-09 04:41:36.475 W/WindowManager( 1240): updateScale : 0.62691134
02-09 04:41:36.475 I/GLRootView( 3921): onSurfaceChanged: 654x1097, gl10: com.google.android.gles_jni.GLImpl@45e2ec7
02-09 04:41:36.475 I/GLRootView( 3921): layout content pane 654x1097 (compensation 0)
02-09 04:41:36.476 E/BLASTBufferQueue( 3921): [SurfaceView[com.android.gallery3d/com.android.gallery3d.app.GalleryActivity]#35](f:2,a:2) rejecting buffer:active_size=654x1097, requested_size=654x1097 buffer{size=654x1099 transform=0}
02-09 04:41:36.476 E/BLASTBufferQueue( 3921): [SurfaceView[com.android.gallery3d/com.android.gallery3d.app.GalleryActivity]#35](f:1,a:2) rejecting buffer:active_size=654x1097, requested_size=654x1097 buffer{size=654x1099 transform=0}
02-09 04:41:36.476 E/BLASTBufferQueue( 3921): [SurfaceView[com.android.gallery3d/com.android.gallery3d.app.GalleryActivity]#35](f:0,a:2) rejecting buffer:active_size=654x1097, requested_size=654x1097 buffer{size=654x1099 transform=0}
02-09 04:41:36.492 I/ActivityTaskManager( 1240): clear resize flag in freeform mode
02-09 04:41:36.492 W/WindowManager( 1240): updateScale : 0.5917431
02-09 04:41:36.505 W/WindowManager( 1240): updateScale : 0.5917431
02-09 04:41:36.507 I/ActivityTaskManager( 1240): clear resize flag in freeform mode
02-09 04:41:36.508 W/WindowManager( 1240): updateScale : 0.559633
02-09 04:41:36.516 I/GLRootView( 3921): onSurfaceChanged: 654x1098, gl10: com.google.android.gles_jni.GLImpl@45e2ec7
02-09 04:41:36.516 I/GLRootView( 3921): layout content pane 654x1098 (compensation 0)
02-09 04:41:36.532 I/ActivityTaskManager( 1240): clear resize flag in freeform mode
02-09 04:41:36.533 W/WindowManager( 1240): updateScale : 0.53363913
02-09 04:41:36.541 I/ActivityTaskManager( 1240): clear resize flag in freeform mode
02-09 04:41:36.542 W/WindowManager( 1240): updateScale : 0.5152905
02-09 04:41:36.546 W/WindowManager( 1240): updateScale : 0.5152905
02-09 04:41:36.558 I/ActivityTaskManager( 1240): clear resize flag in freeform mode
02-09 04:41:36.558 W/WindowManager( 1240): updateScale : 0.5
02-09 04:41:36.558 I/GLRootView( 3921): onSurfaceChanged: 654x1102, gl10: com.google.android.gles_jni.GLImpl@45e2ec7
02-09 04:41:36.559 I/GLRootView( 3921): layout content pane 654x1102 (compensation 0)
02-09 04:41:36.575 I/ActivityTaskManager( 1240): clear resize flag in freeform mode
02-09 04:41:36.576 W/WindowManager( 1240): updateScale : 0.48623854
02-09 04:41:36.591 I/ActivityTaskManager( 1240): clear resize flag in freeform mode
02-09 04:41:36.592 W/WindowManager( 1240): updateScale : 0.47859326
02-09 04:41:36.606 W/WindowManager( 1240): updateScale : 0.47859326
02-09 04:41:36.608 I/ActivityTaskManager( 1240): clear resize flag in freeform mode
02-09 04:41:36.609 W/WindowManager( 1240): updateScale : 0.47247708
02-09 04:41:36.625 I/ActivityTaskManager( 1240): clear resize flag in freeform mode
02-09 04:41:36.626 W/WindowManager( 1240): updateScale : 0.46636087
02-09 04:41:36.640 I/GLRootView( 3921): onSurfaceChanged: 654x1103, gl10: com.google.android.gles_jni.GLImpl@45e2ec7
02-09 04:41:36.640 I/GLRootView( 3921): layout content pane 654x1103 (compensation 0)
02-09 04:41:36.642 I/ActivityTaskManager( 1240): clear resize flag in freeform mode
02-09 04:41:36.643 W/WindowManager( 1240): updateScale : 0.46330276
02-09 04:41:36.657 W/WindowManager( 1240): updateScale : 0.46330276
02-09 04:41:36.660 I/ActivityTaskManager( 1240): clear resize flag in freeform mode
02-09 04:41:36.660 W/WindowManager( 1240): updateScale : 0.4587156
02-09 04:41:36.675 I/ActivityTaskManager( 1240): clear resize flag in freeform mode
02-09 04:41:36.676 W/WindowManager( 1240): updateScale : 0.4587156
02-09 04:41:36.692 I/ActivityTaskManager( 1240): clear resize flag in freeform mode
02-09 04:41:36.692 W/WindowManager( 1240): updateScale : 0.45718655
02-09 04:41:36.710 I/ActivityTaskManager( 1240): clear resize flag in freeform mode
02-09 04:41:36.710 I/GLRootView( 3921): onSurfaceChanged: 654x1102, gl10: com.google.android.gles_jni.GLImpl@45e2ec7
02-09 04:41:36.710 W/WindowManager( 1240): updateScale : 0.45565748
02-09 04:41:36.712 I/GLRootView( 3921): layout content pane 654x1102 (compensation 0)
02-09 04:41:36.741 W/WindowManager( 1240): updateScale : 0.45565748
02-09 04:41:36.773 I/GLRootView( 3921): onSurfaceChanged: 654x1106, gl10: com.google.android.gles_jni.GLImpl@45e2ec7
02-09 04:41:36.773 I/GLRootView( 3921): layout content pane 654x1106 (compensation 0)
02-09 04:41:36.809 I/ActivityTaskManager( 1240): clear resize flag in freeform mode
02-09 04:41:36.810 W/WindowManager( 1240): updateScale : 0.45565748
02-09 04:41:36.826 I/ActivityTaskManager( 1240): clear resize flag in freeform mode
02-09 04:41:36.827 W/WindowManager( 1240): updateScale : 0.45565748
02-09 04:41:36.830 W/hpplay-java( 2754): [main]:IPManager:getActiveNets invalid networkInfo:null
02-09 04:41:36.830 I/hpplay-java( 2754): [main]:IPManager:getActiveNets eth0:false wifi:false mobile:false ap:false
02-09 04:41:36.830 I/hpplay-java( 2754): [main]:ServerTaskManager:get local ip:null
02-09 04:41:36.860 W/WindowManager( 1240): updateScale : 0.45565748
02-09 04:41:36.869 I/GLRootView( 3921): onSurfaceChanged: 654x1172, gl10: com.google.android.gles_jni.GLImpl@45e2ec7
