02-09 04:25:42.977 I/wm_destroy_activity( 1240): [0,174968602,70,com.android.music/.VideoBrowserActivity,finish-imm:completePausedLocked]
02-09 04:25:42.989 I/sysui_multi_action( 1240): [757,803,799,window_time_0,802,5]
02-09 04:25:42.994 I/wm_on_stop_called( 4753): [174968602,com.android.music.VideoBrowserActivity,LIFECYCLER_STOP_ACTIVITY]
02-09 04:25:42.997 I/input_focus( 1240): [Focus leaving cacc379 com.android.music/com.android.music.VideoBrowserActivity (server),reason=NO_WINDOW]
02-09 04:25:42.997 I/input_focus( 1240): [Focus entering 370d2c5 com.android.launcher3/com.android.launcher3.uioverrides.QuickstepLauncher (server),reason=setFocusedWindow]
02-09 04:25:42.998 I/wm_on_destroy_called( 4753): [174968602,com.android.music.VideoBrowserActivity,performDestroy]
02-09 04:25:43.014 I/wm_on_top_resumed_gained_called( 2573): [208887896,com.android.launcher3.uioverrides.QuickstepLauncher,topStateChangedWhenResumed]
02-09 04:25:43.280 I/wm_task_removed( 1240): [70,removeChild:removeChild last r=ActivityRecord{a6dcf1a u0 com.android.music/.VideoBrowserActivity t-1 f}} in t=Task{cb139c5 #70 type=standard A=10088:android.task.video U=0 visible=false mode=freeform translucent=true sz=0}]
02-09 04:25:43.280 I/wm_task_removed( 1240): [70,removeChild]
02-09 04:25:45.979 I/input_interaction( 1240): Interaction with: 370d2c5 com.android.launcher3/com.android.launcher3.uioverrides.QuickstepLauncher (server), f1cc593 com.android.systemui.ImageWallpaper (server), swipe-up (server), edge-swipe (server), PointerEventDispatcher0 (server),
02-09 04:25:46.076 I/wm_task_moved( 1240): [60,1,6]
02-09 04:25:46.076 I/wm_set_resumed_activity( 1240): [0,com.android.launcher3/.uioverrides.QuickstepLauncher,positionChildAt]
02-09 04:25:46.076 I/wm_task_moved( 1240): [62,1,6]
02-09 04:25:46.076 I/wm_task_to_front( 1240): [0,62]
02-09 04:25:46.077 I/wm_focused_root_task( 1240): [0,0,62,60,moveTaskToFront findTaskToMoveToFront]
02-09 04:25:46.077 I/wm_set_resumed_activity( 1240): [0,com.android.settings/.Settings,moveTaskToFront findTaskToMoveToFront]
02-09 04:25:46.079 I/wm_pause_activity( 1240): [0,208887896,com.android.launcher3/.uioverrides.QuickstepLauncher,userLeaving=true,pauseBackTasks]
02-09 04:25:46.083 I/wm_on_top_resumed_lost_called( 2573): [208887896,com.android.launcher3.uioverrides.QuickstepLauncher,topStateChangedWhenResumed]
02-09 04:25:46.086 I/wm_on_paused_called( 2573): [208887896,com.android.launcher3.uioverrides.QuickstepLauncher,performPause]
02-09 04:25:46.093 I/wm_set_resumed_activity( 1240): [0,com.android.settings/.Settings,resumeTopActivityInnerLocked]
02-09 04:25:46.093 I/wm_add_to_stopping( 1240): [0,208887896,com.android.launcher3/.uioverrides.QuickstepLauncher,makeInvisible]
02-09 04:25:46.096 I/wm_resume_activity( 1240): [0,171931013,62,com.android.settings/.Settings]
02-09 04:25:46.102 I/sysui_multi_action( 1240): [757,803,799,window_time_0,802,3]
02-09 04:25:46.113 I/wm_on_restart_called( 2418): [171931013,com.android.settings.Settings,performRestartActivity]
02-09 04:25:46.115 I/wm_on_start_called( 2418): [171931013,com.android.settings.Settings,handleStartActivity]
02-09 04:25:46.115 I/snet_event_log( 2418): [120484087,-1,]
02-09 04:25:46.115 I/wm_on_resume_called( 2418): [171931013,com.android.settings.Settings,RESUME_ACTIVITY]
02-09 04:25:46.116 I/sysui_multi_action( 2418): [757,340,758,1,833,0,1089,0]
02-09 04:25:46.116 I/sysui_multi_action( 2418): [757,35,758,1,833,0,1089,0]
02-09 04:25:46.117 I/wm_on_top_resumed_gained_called( 2418): [171931013,com.android.settings.Settings,topWhenResuming]
02-09 04:25:46.122 I/input_focus( 1240): [Focus leaving 370d2c5 com.android.launcher3/com.android.launcher3.uioverrides.QuickstepLauncher (server),reason=NO_WINDOW]
02-09 04:25:46.127 I/input_focus( 1240): [Focus request 46faa55 com.android.settings/com.android.settings.Settings,reason=UpdateInputWindows]
02-09 04:25:46.140 I/input_focus( 1240): [Focus entering 46faa55 com.android.settings/com.android.settings.Settings (server),reason=setFocusedWindow]
02-09 04:25:46.146 I/sysui_multi_action( 1240): [319,29,321,27,322,58,325,241,757,761,758,9,759,4,806,com.android.settings,871,com.android.settings.Settings,904,com.android.launcher3,905,0,1320,4,1321,1]
02-09 04:25:46.457 I/wm_stop_activity( 1240): [0,208887896,com.android.launcher3/.uioverrides.QuickstepLauncher]
02-09 04:25:46.495 I/wm_task_created( 1240): [71,-1]
02-09 04:25:46.498 I/wm_task_moved( 1240): [71,1,7]
02-09 04:25:46.498 I/wm_task_to_front( 1240): [0,71]
02-09 04:25:46.498 I/wm_create_task( 1240): [0,71]
02-09 04:25:46.498 I/wm_create_activity( 1240): [0,222755038,71,com.android.music/.VideoBrowserActivity,NULL,NULL,NULL,268468224]
02-09 04:25:46.498 I/wm_task_moved( 1240): [71,1,7]
02-09 04:25:46.498 I/wm_on_top_resumed_lost_called( 2418): [171931013,com.android.settings.Settings,topStateChangedWhenResumed]
02-09 04:25:46.499 I/wm_restart_activity( 1240): [0,222755038,71,com.android.music/.VideoBrowserActivity]
02-09 04:25:46.500 I/wm_set_resumed_activity( 1240): [0,com.android.music/.VideoBrowserActivity,minimalResumeActivityLocked]
02-09 04:25:46.505 I/wm_on_stop_called( 2573): [208887896,com.android.launcher3.uioverrides.QuickstepLauncher,STOP_ACTIVITY_ITEM]
02-09 04:25:46.512 I/wm_on_create_called( 4753): [222755038,com.android.music.VideoBrowserActivity,performCreate]
02-09 04:25:46.512 I/wm_on_start_called( 4753): [222755038,com.android.music.VideoBrowserActivity,handleStartActivity]
02-09 04:25:46.512 I/wm_on_resume_called( 4753): [222755038,com.android.music.VideoBrowserActivity,RESUME_ACTIVITY]
02-09 04:25:46.514 I/wm_on_top_resumed_gained_called( 4753): [222755038,com.android.music.VideoBrowserActivity,topStateChangedWhenResumed]
02-09 04:25:46.524 I/input_focus( 1240): [Focus request 3b63951 com.android.music/com.android.music.VideoBrowserActivity,reason=UpdateInputWindows]
02-09 04:25:46.531 I/sysui_multi_action( 1240): [319,39,322,39,325,241,757,761,758,8,759,2,806,com.android.music,871,com.android.music.VideoBrowserActivity,904,android,905,0,1320,4,1321,1]
02-09 04:25:46.531 I/wm_activity_launch_time( 1240): [0,222755038,com.android.music/.VideoBrowserActivity,39]
02-09 04:25:46.539 I/input_focus( 1240): [Focus leaving 46faa55 com.android.settings/com.android.settings.Settings (server),reason=setFocusedWindow]
02-09 04:25:46.539 I/input_focus( 1240): [Focus entering 3b63951 com.android.music/com.android.music.VideoBrowserActivity (server),reason=setFocusedWindow]
02-09 04:25:48.534 I/input_interaction( 1240): Interaction with: 46faa55 com.android.settings/com.android.settings.Settings (server), swipe-up (server), edge-swipe (server), PointerEventDispatcher0 (server),
02-09 04:25:48.537 I/wm_task_moved( 1240): [62,1,7]
02-09 04:25:48.537 I/wm_task_to_front( 1240): [0,62]
02-09 04:25:48.542 I/wm_set_resumed_activity( 1240): [0,com.android.settings/.Settings,positionChildAt]
02-09 04:25:48.542 I/wm_focused_root_task( 1240): [0,0,62,71,setFocusedTask]
02-09 04:25:48.542 I/wm_on_top_resumed_lost_called( 4753): [222755038,com.android.music.VideoBrowserActivity,topStateChangedWhenResumed]
02-09 04:25:48.542 I/wm_set_resumed_activity( 1240): [0,com.android.settings/.Settings,setFocusedTask]
02-09 04:25:48.543 I/input_focus( 1240): [Focus request 46faa55 com.android.settings/com.android.settings.Settings,reason=UpdateInputWindows]
02-09 04:25:48.544 I/wm_on_top_resumed_gained_called( 2418): [171931013,com.android.settings.Settings,topStateChangedWhenResumed]
02-09 04:25:48.562 I/input_focus( 1240): [Focus leaving 3b63951 com.android.music/com.android.music.VideoBrowserActivity (server),reason=setFocusedWindow]
02-09 04:25:48.562 I/input_focus( 1240): [Focus entering 46faa55 com.android.settings/com.android.settings.Settings (server),reason=setFocusedWindow]
02-09 04:25:48.763 I/configuration_changed( 1240): 1073741824
02-09 04:25:48.810 I/wm_relaunch_resume_activity( 1240): [0,171931013,62,com.android.settings/.Settings]
02-09 04:25:48.810 I/wm_relaunch_activity( 1240): [0,222755038,71,com.android.music/.VideoBrowserActivity]
02-09 04:25:48.811 I/wm_on_top_resumed_lost_called( 2418): [171931013,com.android.settings.Settings,pausing]
02-09 04:25:48.811 I/wm_on_paused_called( 4753): [222755038,com.android.music.VideoBrowserActivity,performPause]
02-09 04:25:48.811 I/sysui_multi_action( 2418): [757,340,758,2,1089,2696]
02-09 04:25:48.812 I/wm_on_stop_called( 4753): [222755038,com.android.music.VideoBrowserActivity,handleRelaunchActivity]
02-09 04:25:48.812 I/sysui_multi_action( 2418): [757,35,758,2,1089,2696]
02-09 04:25:48.812 I/wm_on_paused_called( 2418): [171931013,com.android.settings.Settings,performPause]
02-09 04:25:48.813 I/wm_on_destroy_called( 4753): [222755038,com.android.music.VideoBrowserActivity,performDestroy]
02-09 04:25:48.818 I/wm_on_stop_called( 2418): [171931013,com.android.settings.Settings,handleRelaunchActivity]
02-09 04:25:48.822 I/wm_on_destroy_called( 2418): [171931013,com.android.settings.Settings,performDestroy]
02-09 04:25:48.840 I/wm_on_create_called( 4753): [222755038,com.android.music.VideoBrowserActivity,performCreate]
02-09 04:25:48.840 I/wm_on_start_called( 4753): [222755038,com.android.music.VideoBrowserActivity,handleStartActivity]
02-09 04:25:48.840 I/sysui_multi_action( 1240): [324,1,757,1090,758,13,806,com.android.settings,871,com.android.settings.Settings,1091,2764]
02-09 04:25:48.844 I/wm_on_resume_called( 4753): [222755038,com.android.music.VideoBrowserActivity,LIFECYCLER_RESUME_ACTIVITY]
02-09 04:25:48.848 I/wm_on_paused_called( 4753): [222755038,com.android.music.VideoBrowserActivity,performPause]
02-09 04:25:48.853 I/wm_relaunch_activity( 1240): [0,208887896,61,com.android.launcher3/.uioverrides.QuickstepLauncher]
02-09 04:25:48.853 I/wm_add_to_stopping( 1240): [0,208887896,com.android.launcher3/.uioverrides.QuickstepLauncher,preloadRecents]
02-09 04:25:48.858 I/wm_on_destroy_called( 2573): [208887896,com.android.launcher3.uioverrides.QuickstepLauncher,performDestroy]
02-09 04:25:48.870 I/wm_stop_activity( 1240): [0,208887896,com.android.launcher3/.uioverrides.QuickstepLauncher]
02-09 04:25:48.881 I/wm_on_create_called( 2418): [171931013,com.android.settings.Settings,performCreate]
02-09 04:25:48.908 I/wm_on_start_called( 2418): [171931013,com.android.settings.Settings,handleStartActivity]
02-09 04:25:48.908 I/snet_event_log( 2418): [120484087,-1,]
02-09 04:25:48.909 I/wm_on_resume_called( 2418): [171931013,com.android.settings.Settings,RESUME_ACTIVITY]
02-09 04:25:48.910 I/sysui_multi_action( 2418): [757,340,758,1,833,0,1089,63]
02-09 04:25:48.910 I/sysui_multi_action( 2418): [757,35,758,1,833,0,1089,14]
02-09 04:25:48.911 I/sysui_multi_action( 2418): [757,1729,758,4,854,isParalleledControllers:false,1089,16]
02-09 04:25:48.912 I/wm_on_top_resumed_gained_called( 2418): [171931013,com.android.settings.Settings,topWhenResuming]
02-09 04:25:48.930 I/wm_on_create_called( 2573): [208887896,com.android.launcher3.uioverrides.QuickstepLauncher,performCreate]
02-09 04:25:48.931 I/wm_on_start_called( 2573): [208887896,com.android.launcher3.uioverrides.QuickstepLauncher,handleStartActivity]
02-09 04:25:48.932 I/wm_on_resume_called( 2573): [208887896,com.android.launcher3.uioverrides.QuickstepLauncher,LIFECYCLER_RESUME_ACTIVITY]
02-09 04:25:48.936 I/wm_on_paused_called( 2573): [208887896,com.android.launcher3.uioverrides.QuickstepLauncher,performPause]
02-09 04:25:48.953 I/wm_on_stop_called( 2573): [208887896,com.android.launcher3.uioverrides.QuickstepLauncher,STOP_ACTIVITY_ITEM]
02-09 04:25:48.960 I/input_focus( 1240): [Focus request a589b75 com.android.settings/com.android.settings.Settings,reason=UpdateInputWindows]
02-09 04:25:48.967 I/commit_sys_config_file( 1240): [settings-1-0,7]
02-09 04:25:49.029 I/input_focus( 1240): [Focus entering a589b75 com.android.settings/com.android.settings.Settings (server),reason=Window became focusable. Previous reason: NOT_VISIBLE]
02-09 04:25:55.274 I/input_interaction( 1240): Interaction with: a589b75 com.android.settings/com.android.settings.Settings (server), swipe-up (server), edge-swipe (server), PointerEventDispatcher0 (server),
02-09 04:25:55.560 I/configuration_changed( 1240): 1073741824
02-09 04:25:55.584 I/wm_relaunch_resume_activity( 1240): [0,171931013,62,com.android.settings/.Settings]
02-09 04:25:55.584 I/wm_relaunch_activity( 1240): [0,222755038,71,com.android.music/.VideoBrowserActivity]
02-09 04:25:55.584 I/wm_on_top_resumed_lost_called( 2418): [171931013,com.android.settings.Settings,pausing]
02-09 04:25:55.585 I/wm_on_stop_called( 4753): [222755038,com.android.music.VideoBrowserActivity,handleRelaunchActivity]
02-09 04:25:55.585 I/sysui_multi_action( 2418): [757,340,758,2,1089,6675]
02-09 04:25:55.585 I/sysui_multi_action( 2418): [757,35,758,2,1089,6676]
02-09 04:25:55.586 I/wm_on_paused_called( 2418): [171931013,com.android.settings.Settings,performPause]
02-09 04:25:55.586 I/wm_relaunch_activity( 1240): [0,208887896,61,com.android.launcher3/.uioverrides.QuickstepLauncher]
02-09 04:25:55.586 I/wm_add_to_stopping( 1240): [0,208887896,com.android.launcher3/.uioverrides.QuickstepLauncher,preloadRecents]
02-09 04:25:55.587 I/wm_on_destroy_called( 4753): [222755038,com.android.music.VideoBrowserActivity,performDestroy]
02-09 04:25:55.591 I/wm_on_stop_called( 2418): [171931013,com.android.settings.Settings,handleRelaunchActivity]
02-09 04:25:55.597 I/wm_on_destroy_called( 2418): [171931013,com.android.settings.Settings,performDestroy]
02-09 04:25:55.615 I/wm_on_create_called( 4753): [222755038,com.android.music.VideoBrowserActivity,performCreate]
02-09 04:25:55.615 I/wm_on_start_called( 4753): [222755038,com.android.music.VideoBrowserActivity,handleStartActivity]
02-09 04:25:55.617 I/wm_on_resume_called( 4753): [222755038,com.android.music.VideoBrowserActivity,LIFECYCLER_RESUME_ACTIVITY]
02-09 04:25:55.619 I/wm_on_paused_called( 4753): [222755038,com.android.music.VideoBrowserActivity,performPause]
02-09 04:25:55.637 I/wm_stop_activity( 1240): [0,208887896,com.android.launcher3/.uioverrides.QuickstepLauncher]
02-09 04:25:55.639 I/wm_on_create_called( 2418): [171931013,com.android.settings.Settings,performCreate]
02-09 04:25:55.643 I/wm_on_destroy_called( 2573): [208887896,com.android.launcher3.uioverrides.QuickstepLauncher,performDestroy]
02-09 04:25:55.650 I/am_pss ( 1240): [4753,10088,com.android.music,38461440,33165312,0,155267072,0,2,7]
02-09 04:25:55.667 I/wm_on_start_called( 2418): [171931013,com.android.settings.Settings,handleStartActivity]
02-09 04:25:55.667 I/snet_event_log( 2418): [120484087,-1,]
02-09 04:25:55.668 I/wm_on_resume_called( 2418): [171931013,com.android.settings.Settings,RESUME_ACTIVITY]
02-09 04:25:55.668 I/sysui_multi_action( 2418): [757,340,758,1,833,0,1089,51]
02-09 04:25:55.669 I/sysui_multi_action( 2418): [757,35,758,1,833,0,1089,14]
02-09 04:25:55.670 I/sysui_multi_action( 2418): [757,1729,758,4,854,isParalleledControllers:false,1089,15]
02-09 04:25:55.671 I/wm_on_top_resumed_gained_called( 2418): [171931013,com.android.settings.Settings,topWhenResuming]
02-09 04:25:55.714 I/input_focus( 1240): [Focus request 647ae12 com.android.settings/com.android.settings.Settings,reason=UpdateInputWindows]
02-09 04:25:55.717 I/wm_on_create_called( 2573): [208887896,com.android.launcher3.uioverrides.QuickstepLauncher,performCreate]
02-09 04:25:55.717 I/wm_on_start_called( 2573): [208887896,com.android.launcher3.uioverrides.QuickstepLauncher,handleStartActivity]
02-09 04:25:55.718 I/wm_on_resume_called( 2573): [208887896,com.android.launcher3.uioverrides.QuickstepLauncher,LIFECYCLER_RESUME_ACTIVITY]
02-09 04:25:55.721 I/wm_on_paused_called( 2573): [208887896,com.android.launcher3.uioverrides.QuickstepLauncher,performPause]
02-09 04:25:55.739 I/wm_on_stop_called( 2573): [208887896,com.android.launcher3.uioverrides.QuickstepLauncher,STOP_ACTIVITY_ITEM]
02-09 04:25:55.770 I/commit_sys_config_file( 1240): [settings-1-0,9]
02-09 04:25:55.779 I/input_focus( 1240): [Focus entering 647ae12 com.android.settings/com.android.settings.Settings (server),reason=Window became focusable. Previous reason: NOT_VISIBLE]
02-09 04:25:56.482 I/input_interaction( 1240): Interaction with: 647ae12 com.android.settings/com.android.settings.Settings (server), swipe-up (server), edge-swipe (server), PointerEventDispatcher0 (server),
02-09 04:25:56.750 I/configuration_changed( 1240): 1073741824
02-09 04:25:56.779 I/wm_relaunch_resume_activity( 1240): [0,171931013,62,com.android.settings/.Settings]
02-09 04:25:56.780 I/wm_relaunch_activity( 1240): [0,222755038,71,com.android.music/.VideoBrowserActivity]
02-09 04:25:56.780 I/wm_on_top_resumed_lost_called( 2418): [171931013,com.android.settings.Settings,pausing]
02-09 04:25:56.780 I/wm_on_stop_called( 4753): [222755038,com.android.music.VideoBrowserActivity,handleRelaunchActivity]
02-09 04:25:56.780 I/sysui_multi_action( 2418): [757,340,758,2,1089,1112]
02-09 04:25:56.781 I/sysui_multi_action( 2418): [757,35,758,2,1089,1112]
02-09 04:25:56.781 I/wm_on_paused_called( 2418): [171931013,com.android.settings.Settings,performPause]
02-09 04:25:56.781 I/wm_relaunch_activity( 1240): [0,208887896,61,com.android.launcher3/.uioverrides.QuickstepLauncher]
02-09 04:25:56.782 I/wm_add_to_stopping( 1240): [0,208887896,com.android.launcher3/.uioverrides.QuickstepLauncher,preloadRecents]
02-09 04:25:56.782 I/wm_on_destroy_called( 4753): [222755038,com.android.music.VideoBrowserActivity,performDestroy]
02-09 04:25:56.793 I/wm_on_stop_called( 2418): [171931013,com.android.settings.Settings,handleRelaunchActivity]
02-09 04:25:56.797 I/wm_on_destroy_called( 2418): [171931013,com.android.settings.Settings,performDestroy]
02-09 04:25:56.815 I/wm_on_create_called( 4753): [222755038,com.android.music.VideoBrowserActivity,performCreate]
02-09 04:25:56.816 I/wm_on_start_called( 4753): [222755038,com.android.music.VideoBrowserActivity,handleStartActivity]
02-09 04:25:56.818 I/wm_on_destroy_called( 2573): [208887896,com.android.launcher3.uioverrides.QuickstepLauncher,performDestroy]
02-09 04:25:56.820 I/wm_on_resume_called( 4753): [222755038,com.android.music.VideoBrowserActivity,LIFECYCLER_RESUME_ACTIVITY]
02-09 04:25:56.823 I/wm_on_paused_called( 4753): [222755038,com.android.music.VideoBrowserActivity,performPause]
02-09 04:25:56.839 I/wm_stop_activity( 1240): [0,208887896,com.android.launcher3/.uioverrides.QuickstepLauncher]
02-09 04:25:56.920 I/wm_on_create_called( 2573): [208887896,com.android.launcher3.uioverrides.QuickstepLauncher,performCreate]
02-09 04:25:56.921 I/wm_on_start_called( 2573): [208887896,com.android.launcher3.uioverrides.QuickstepLauncher,handleStartActivity]
02-09 04:25:56.922 I/wm_on_resume_called( 2573): [208887896,com.android.launcher3.uioverrides.QuickstepLauncher,LIFECYCLER_RESUME_ACTIVITY]
02-09 04:25:56.926 I/wm_on_paused_called( 2573): [208887896,com.android.launcher3.uioverrides.QuickstepLauncher,performPause]
02-09 04:25:56.937 I/wm_on_create_called( 2418): [171931013,com.android.settings.Settings,performCreate]
02-09 04:25:56.952 I/wm_on_stop_called( 2573): [208887896,com.android.launcher3.uioverrides.QuickstepLauncher,STOP_ACTIVITY_ITEM]
02-09 04:25:56.955 I/commit_sys_config_file( 1240): [settings-1-0,8]
02-09 04:25:56.968 I/wm_on_start_called( 2418): [171931013,com.android.settings.Settings,handleStartActivity]
02-09 04:25:56.969 I/snet_event_log( 2418): [120484087,-1,]
02-09 04:25:56.971 I/wm_on_resume_called( 2418): [171931013,com.android.settings.Settings,RESUME_ACTIVITY]
02-09 04:25:56.971 I/sysui_multi_action( 2418): [757,340,758,1,833,0,1089,151]
02-09 04:25:56.971 I/sysui_multi_action( 2418): [757,35,758,1,833,0,1089,20]
02-09 04:25:56.972 I/sysui_multi_action( 2418): [757,1729,758,4,854,isParalleledControllers:false,1089,20]
02-09 04:25:56.973 I/wm_on_top_resumed_gained_called( 2418): [171931013,com.android.settings.Settings,topWhenResuming]
02-09 04:25:57.021 I/input_focus( 1240): [Focus request 5e52f2a com.android.settings/com.android.settings.Settings,reason=UpdateInputWindows]
02-09 04:25:57.065 I/input_focus( 1240): [Focus entering 5e52f2a com.android.settings/com.android.settings.Settings (server),reason=Window became focusable. Previous reason: NOT_VISIBLE]
02-09 04:25:57.252 I/input_interaction( 1240): Interaction with: 5e52f2a com.android.settings/com.android.settings.Settings (server), swipe-up (server), edge-swipe (server), PointerEventDispatcher0 (server),
02-09 04:25:58.220 I/wm_task_moved( 1240): [60,0,0]
02-09 04:25:58.220 I/wm_task_moved( 1240): [60,0,6]
02-09 04:25:58.228 I/wm_on_restart_called( 2573): [208887896,com.android.launcher3.uioverrides.QuickstepLauncher,performRestartActivity]
02-09 04:25:58.248 I/wm_on_start_called( 2573): [208887896,com.android.launcher3.uioverrides.QuickstepLauncher,handleStartActivity]
02-09 04:25:58.249 I/view_enqueue_input_event( 2418): [Motion - Cancel,com.android.settings/com.android.settings.Settings]
02-09 04:25:58.253 I/input_interaction( 1240): Interaction with: swipe-up (server), edge-swipe (server), PointerEventDispatcher0 (server),
02-09 04:25:58.261 I/sysui_latency( 2573): [1,60]
02-09 04:25:58.279 I/input_focus( 1240): [Focus request recents_animation_input_consumer,reason=UpdateInputWindows]
02-09 04:25:58.284 I/sysui_multi_action( 1240): [319,8,322,57,325,253,757,761,758,9,759,5,806,com.android.launcher3,871,com.android.launcher3.uioverrides.QuickstepLauncher,904,com.android.launcher3,905,0,1320,4,1321,1]
02-09 04:25:58.300 I/input_focus( 1240): [Focus leaving 5e52f2a com.android.settings/com.android.settings.Settings (server),reason=NOT_FOCUSABLE]
02-09 04:25:58.301 I/input_focus( 1240): [Focus entering recents_animation_input_consumer (server),reason=setFocusedWindow]
02-09 04:25:58.319 I/configuration_changed( 1240): 1073741824
02-09 04:25:58.338 I/wm_relaunch_resume_activity( 1240): [0,171931013,62,com.android.settings/.Settings]
02-09 04:25:58.340 I/wm_relaunch_activity( 1240): [0,208887896,61,com.android.launcher3/.uioverrides.QuickstepLauncher]
02-09 04:25:58.340 I/wm_relaunch_activity( 1240): [0,222755038,71,com.android.music/.VideoBrowserActivity]
02-09 04:25:58.340 I/wm_on_top_resumed_lost_called( 2418): [171931013,com.android.settings.Settings,pausing]
02-09 04:25:58.341 I/wm_on_stop_called( 4753): [222755038,com.android.music.VideoBrowserActivity,handleRelaunchActivity]
02-09 04:25:58.342 I/sysui_multi_action( 2418): [757,340,758,2,1089,1371]
02-09 04:25:58.342 I/sysui_multi_action( 2418): [757,35,758,2,1089,1371]
02-09 04:25:58.343 I/wm_on_paused_called( 2418): [171931013,com.android.settings.Settings,performPause]
02-09 04:25:58.346 I/wm_on_destroy_called( 4753): [222755038,com.android.music.VideoBrowserActivity,performDestroy]
02-09 04:25:58.347 I/wm_on_stop_called( 2418): [171931013,com.android.settings.Settings,handleRelaunchActivity]
02-09 04:25:58.350 I/wm_on_destroy_called( 2418): [171931013,com.android.settings.Settings,performDestroy]
02-09 04:25:58.367 I/wm_on_create_called( 4753): [222755038,com.android.music.VideoBrowserActivity,performCreate]
02-09 04:25:58.368 I/wm_on_start_called( 4753): [222755038,com.android.music.VideoBrowserActivity,handleStartActivity]
02-09 04:25:58.370 I/wm_on_resume_called( 4753): [222755038,com.android.music.VideoBrowserActivity,LIFECYCLER_RESUME_ACTIVITY]
02-09 04:25:58.375 I/wm_on_paused_called( 4753): [222755038,com.android.music.VideoBrowserActivity,performPause]
02-09 04:25:58.396 I/wm_on_create_called( 2418): [171931013,com.android.settings.Settings,performCreate]
02-09 04:25:58.396 I/wm_on_stop_called( 2573): [208887896,com.android.launcher3.uioverrides.QuickstepLauncher,handleRelaunchActivity]
02-09 04:25:58.400 I/wm_on_destroy_called( 2573): [208887896,com.android.launcher3.uioverrides.QuickstepLauncher,performDestroy]
02-09 04:25:58.419 I/wm_on_start_called( 2418): [171931013,com.android.settings.Settings,handleStartActivity]
02-09 04:25:58.419 I/snet_event_log( 2418): [120484087,-1,]
02-09 04:25:58.419 I/wm_on_resume_called( 2418): [171931013,com.android.settings.Settings,RESUME_ACTIVITY]
02-09 04:25:58.420 I/sysui_multi_action( 2418): [757,340,758,1,833,0,1089,47]
02-09 04:25:58.420 I/sysui_multi_action( 2418): [757,35,758,1,833,0,1089,12]
02-09 04:25:58.421 I/sysui_multi_action( 2418): [757,1729,758,4,854,isParalleledControllers:false,1089,13]
02-09 04:25:58.423 I/wm_on_top_resumed_gained_called( 2418): [171931013,com.android.settings.Settings,topWhenResuming]
02-09 04:25:58.452 I/commit_sys_config_file( 1240): [settings-1-0,6]
02-09 04:25:58.456 I/wm_on_create_called( 2573): [208887896,com.android.launcher3.uioverrides.QuickstepLauncher,performCreate]
02-09 04:25:58.479 I/wm_on_start_called( 2573): [208887896,com.android.launcher3.uioverrides.QuickstepLauncher,handleStartActivity]
02-09 04:25:58.479 I/wm_on_resume_called( 2573): [208887896,com.android.launcher3.uioverrides.QuickstepLauncher,LIFECYCLER_RESUME_ACTIVITY]
02-09 04:25:58.481 I/wm_on_paused_called( 2573): [208887896,com.android.launcher3.uioverrides.QuickstepLauncher,performPause]
02-09 04:25:58.502 I/sysui_latency( 2573): [1,302]
02-09 04:25:58.578 I/sysui_latency( 1240): [8,74]
02-09 04:25:58.588 I/am_uid_idle( 1240): 10064
02-09 04:25:58.654 I/commit_sys_config_file( 1240): [settings-1-0,1]
02-09 04:25:58.701 I/input_focus( 1240): [Focus leaving recents_animation_input_consumer (server),reason=NOT_VISIBLE]
02-09 04:25:58.701 I/input_focus( 1240): [Focus entering recents_animation_input_consumer (server),reason=Window became focusable. Previous reason: NOT_VISIBLE]
02-09 04:25:58.702 I/input_interaction( 1240): Interaction with: swipe-up (server), PointerEventDispatcher0 (server),
02-09 04:25:59.010 I/wm_task_moved( 1240): [60,1,7]
02-09 04:25:59.011 I/wm_focused_root_task( 1240): [0,0,60,62,RecentsAnimation.onAnimationFinished()]
02-09 04:25:59.011 I/wm_on_top_resumed_lost_called( 2418): [171931013,com.android.settings.Settings,topStateChangedWhenResumed]
02-09 04:25:59.012 I/wm_pause_activity( 1240): [0,171931013,com.android.settings/.Settings,userLeaving=false,pauseBackTasks]
02-09 04:25:59.015 I/wm_set_resumed_activity( 1240): [0,com.android.launcher3/.uioverrides.QuickstepLauncher,resumeTopActivityInnerLocked]
02-09 04:25:59.016 I/wm_resume_activity( 1240): [0,208887896,61,com.android.launcher3/.uioverrides.QuickstepLauncher]
02-09 04:25:59.017 I/wm_add_to_stopping( 1240): [0,171931013,com.android.settings/.Settings,makeInvisible]
02-09 04:25:59.017 I/wm_on_resume_called( 2573): [208887896,com.android.launcher3.uioverrides.QuickstepLauncher,RESUME_ACTIVITY]
02-09 04:25:59.026 I/input_focus( 1240): [Focus request 65fe793 com.android.launcher3/com.android.launcher3.uioverrides.QuickstepLauncher,reason=UpdateInputWindows]
02-09 04:25:59.027 I/sysui_multi_action( 1240): [757,803,799,window_time_0,802,13]
02-09 04:25:59.031 I/wm_stop_activity( 1240): [0,171931013,com.android.settings/.Settings]
02-09 04:25:59.031 I/sysui_multi_action( 1240): [757,803,799,window_time_0,802,0]
02-09 04:25:59.033 I/wm_finish_activity( 1240): [0,222755038,71,com.android.music/.VideoBrowserActivity,app-request]
02-09 04:25:59.034 I/wm_destroy_activity( 1240): [0,222755038,71,com.android.music/.VideoBrowserActivity,finish-imm:finishIfPossible]
02-09 04:25:59.037 I/input_focus( 1240): [Focus leaving recents_animation_input_consumer (server),reason=NOT_VISIBLE]
02-09 04:25:59.037 I/input_focus( 1240): [Focus entering 65fe793 com.android.launcher3/com.android.launcher3.uioverrides.QuickstepLauncher (server),reason=setFocusedWindow]
02-09 04:25:59.044 I/wm_on_stop_called( 4753): [222755038,com.android.music.VideoBrowserActivity,LIFECYCLER_STOP_ACTIVITY]
02-09 04:25:59.046 I/wm_on_destroy_called( 4753): [222755038,com.android.music.VideoBrowserActivity,performDestroy]
02-09 04:25:59.051 I/sysui_multi_action( 2418): [757,340,758,2,1089,631]
02-09 04:25:59.055 I/sysui_multi_action( 2418): [757,35,758,2,1089,634]
02-09 04:25:59.056 I/wm_on_paused_called( 2418): [171931013,com.android.settings.Settings,performPause]
02-09 04:25:59.067 I/wm_on_stop_called( 2418): [171931013,com.android.settings.Settings,STOP_ACTIVITY_ITEM]
02-09 04:25:59.070 I/wm_on_top_resumed_gained_called( 2573): [208887896,com.android.launcher3.uioverrides.QuickstepLauncher,topStateChangedWhenResumed]
02-09 04:25:59.264 I/commit_sys_config_file( 1240): [settings-1-0,4]
02-09 04:25:59.336 I/wm_task_removed( 1240): [71,removeChild:removeChild last r=ActivityRecord{d46f8de u0 com.android.music/.VideoBrowserActivity t-1 f}} in t=Task{c59a019 #71 type=standard A=10088:android.task.video U=0 visible=false mode=freeform translucent=true sz=0}]
02-09 04:25:59.336 I/wm_task_removed( 1240): [71,removeChild]
02-09 04:26:01.780 I/input_interaction( 1240): Interaction with: 65fe793 com.android.launcher3/com.android.launcher3.uioverrides.QuickstepLauncher (server), f1cc593 com.android.systemui.ImageWallpaper (server), swipe-up (server), edge-swipe (server), PointerEventDispatcher0 (server),
02-09 04:26:02.189 I/sysui_multi_action( 2573): [757,629,758,4,759,0]
02-09 04:26:02.554 I/wm_task_created( 1240): [72,-1]
02-09 04:26:02.557 I/wm_task_moved( 1240): [72,1,7]
02-09 04:26:02.557 I/wm_task_to_front( 1240): [0,72]
02-09 04:26:02.557 I/wm_create_task( 1240): [0,72]
02-09 04:26:02.557 I/wm_create_activity( 1240): [0,208999710,72,com.android.gallery3d/.app.GalleryActivity,android.intent.action.MAIN,NULL,NULL,270532608]
02-09 04:26:02.557 I/wm_task_moved( 1240): [72,1,7]
02-09 04:26:02.558 I/wm_pause_activity( 1240): [0,208887896,com.android.launcher3/.uioverrides.QuickstepLauncher,userLeaving=true,pauseBackTasks]
02-09 04:26:02.560 I/wm_on_top_resumed_lost_called( 2573): [208887896,com.android.launcher3.uioverrides.QuickstepLauncher,topStateChangedWhenResumed]
02-09 04:26:02.561 I/wm_on_paused_called( 2573): [208887896,com.android.launcher3.uioverrides.QuickstepLauncher,performPause]
02-09 04:26:02.563 I/wm_add_to_stopping( 1240): [0,208887896,com.android.launcher3/.uioverrides.QuickstepLauncher,makeInvisible]
02-09 04:26:02.563 I/wm_restart_activity( 1240): [0,208999710,72,com.android.gallery3d/.app.GalleryActivity]
02-09 04:26:02.564 I/wm_set_resumed_activity( 1240): [0,com.android.gallery3d/.app.GalleryActivity,minimalResumeActivityLocked]
02-09 04:26:02.565 I/am_uid_active( 1240): 10064
02-09 04:26:02.566 I/sysui_multi_action( 1240): [757,803,799,window_time_0,802,3]
02-09 04:26:02.573 I/wm_on_create_called( 3921): [208999710,com.android.gallery3d.app.GalleryActivity,performCreate]
02-09 04:26:02.573 I/wm_on_start_called( 3921): [208999710,com.android.gallery3d.app.GalleryActivity,handleStartActivity]
02-09 04:26:02.575 I/wm_on_resume_called( 3921): [208999710,com.android.gallery3d.app.GalleryActivity,RESUME_ACTIVITY]
02-09 04:26:02.577 I/wm_on_top_resumed_gained_called( 3921): [208999710,com.android.gallery3d.app.GalleryActivity,topStateChangedWhenResumed]
02-09 04:26:02.582 I/input_focus( 1240): [Focus request a8bc864 com.android.gallery3d/com.android.gallery3d.app.GalleryActivity,reason=UpdateInputWindows]
02-09 04:26:02.596 I/input_focus( 1240): [Focus leaving 65fe793 com.android.launcher3/com.android.launcher3.uioverrides.QuickstepLauncher (server),reason=NO_WINDOW]
02-09 04:26:02.598 I/sysui_multi_action( 1240): [319,38,321,34,322,47,325,257,757,761,758,8,759,1,806,com.android.gallery3d,871,com.android.gallery3d.app.GalleryActivity,904,com.android.launcher3,905,0,1320,4,1321,1]
02-09 04:26:02.599 I/wm_activity_launch_time( 1240): [0,208999710,com.android.gallery3d/.app.GalleryActivity,47]
02-09 04:26:02.611 I/input_focus( 1240): [Focus entering a8bc864 com.android.gallery3d/com.android.gallery3d.app.GalleryActivity (server),reason=Window became focusable. Previous reason: NOT_VISIBLE]
02-09 04:26:02.945 I/wm_stop_activity( 1240): [0,208887896,com.android.launcher3/.uioverrides.QuickstepLauncher]
02-09 04:26:02.970 I/wm_task_created( 1240): [73,-1]
02-09 04:26:02.973 I/wm_task_moved( 1240): [73,1,8]
02-09 04:26:02.973 I/wm_task_to_front( 1240): [0,73]
02-09 04:26:02.973 I/wm_create_task( 1240): [0,73]
02-09 04:26:02.973 I/wm_create_activity( 1240): [0,53528801,73,com.android.music/.VideoBrowserActivity,NULL,NULL,NULL,268468224]
02-09 04:26:02.973 I/wm_task_moved( 1240): [73,1,8]
02-09 04:26:02.973 I/wm_on_top_resumed_lost_called( 3921): [208999710,com.android.gallery3d.app.GalleryActivity,topStateChangedWhenResumed]
02-09 04:26:02.974 I/wm_restart_activity( 1240): [0,53528801,73,com.android.music/.VideoBrowserActivity]
02-09 04:26:02.975 I/wm_set_resumed_activity( 1240): [0,com.android.music/.VideoBrowserActivity,minimalResumeActivityLocked]
02-09 04:26:02.976 I/service_manager_stats( 1240): [100,46,33146]
02-09 04:26:02.982 I/wm_on_stop_called( 2573): [208887896,com.android.launcher3.uioverrides.QuickstepLauncher,STOP_ACTIVITY_ITEM]
02-09 04:26:02.988 I/wm_on_create_called( 4753): [53528801,com.android.music.VideoBrowserActivity,performCreate]
02-09 04:26:02.988 I/wm_on_start_called( 4753): [53528801,com.android.music.VideoBrowserActivity,handleStartActivity]
02-09 04:26:02.988 I/wm_on_resume_called( 4753): [53528801,com.android.music.VideoBrowserActivity,RESUME_ACTIVITY]
02-09 04:26:02.989 I/wm_on_top_resumed_gained_called( 4753): [53528801,com.android.music.VideoBrowserActivity,topStateChangedWhenResumed]
02-09 04:26:02.998 I/input_focus( 1240): [Focus request 55e248c com.android.music/com.android.music.VideoBrowserActivity,reason=UpdateInputWindows]
02-09 04:26:03.006 I/sysui_multi_action( 1240): [319,35,322,35,325,258,757,761,758,8,759,2,806,com.android.music,871,com.android.music.VideoBrowserActivity,904,android,905,0,1320,4,1321,1]
02-09 04:26:03.006 I/wm_activity_launch_time( 1240): [0,53528801,com.android.music/.VideoBrowserActivity,35]
02-09 04:26:03.012 I/input_focus( 1240): [Focus leaving a8bc864 com.android.gallery3d/com.android.gallery3d.app.GalleryActivity (server),reason=setFocusedWindow]
02-09 04:26:03.013 I/input_focus( 1240): [Focus entering 55e248c com.android.music/com.android.music.VideoBrowserActivity (server),reason=setFocusedWindow]
02-09 04:26:06.643 I/input_interaction( 1240): Interaction with: 55e248c com.android.music/com.android.music.VideoBrowserActivity (server), swipe-up (server), edge-swipe (server), PointerEventDispatcher0 (server),
02-09 04:26:06.807 I/wm_finish_activity( 1240): [0,53528801,73,com.android.music/.VideoBrowserActivity,finish-activity]
02-09 04:26:06.807 I/wm_task_moved( 1240): [72,1,8]
02-09 04:26:06.807 I/wm_task_to_front( 1240): [0,72]
02-09 04:26:06.811 I/wm_set_resumed_activity( 1240): [0,com.android.gallery3d/.app.GalleryActivity,positionChildAt]
02-09 04:26:06.811 I/wm_focused_root_task( 1240): [0,0,72,73,finish-top adjustFocusToNextFocusableTask]
02-09 04:26:06.811 I/wm_set_resumed_activity( 1240): [0,com.android.gallery3d/.app.GalleryActivity,finish-top]
02-09 04:26:06.816 I/wm_pause_activity( 1240): [0,53528801,com.android.music/.VideoBrowserActivity,userLeaving=false,finish]
02-09 04:26:06.822 I/input_focus( 1240): [Focus request a8bc864 com.android.gallery3d/com.android.gallery3d.app.GalleryActivity,reason=UpdateInputWindows]
02-09 04:26:06.823 I/wm_on_top_resumed_lost_called( 4753): [53528801,com.android.music.VideoBrowserActivity,topStateChangedWhenResumed]
02-09 04:26:06.823 I/wm_on_paused_called( 4753): [53528801,com.android.music.VideoBrowserActivity,performPause]
02-09 04:26:06.825 I/wm_destroy_activity( 1240): [0,53528801,73,com.android.music/.VideoBrowserActivity,finish-imm:completePausedLocked]
02-09 04:26:06.826 I/wm_on_top_resumed_gained_called( 3921): [208999710,com.android.gallery3d.app.GalleryActivity,topStateChangedWhenResumed]
02-09 04:26:06.840 I/wm_on_stop_called( 4753): [53528801,com.android.music.VideoBrowserActivity,LIFECYCLER_STOP_ACTIVITY]
02-09 04:26:06.840 I/input_focus( 1240): [Focus leaving 55e248c com.android.music/com.android.music.VideoBrowserActivity (server),reason=NO_WINDOW]
02-09 04:26:06.840 I/input_focus( 1240): [Focus entering a8bc864 com.android.gallery3d/com.android.gallery3d.app.GalleryActivity (server),reason=setFocusedWindow]
02-09 04:26:06.842 I/wm_on_destroy_called( 4753): [53528801,com.android.music.VideoBrowserActivity,performDestroy]
02-09 04:26:06.848 I/sysui_multi_action( 1240): [757,803,799,window_time_0,802,5]
02-09 04:26:06.849 I/sysui_multi_action( 1240): [757,803,799,window_time_0,802,0]
02-09 04:26:07.121 I/wm_task_removed( 1240): [73,removeChild:removeChild last r=ActivityRecord{330c8e1 u0 com.android.music/.VideoBrowserActivity t-1 f}} in t=Task{fb67248 #73 type=standard A=10088:android.task.video U=0 visible=false mode=freeform translucent=true sz=0}]
02-09 04:26:07.121 I/wm_task_removed( 1240): [73,removeChild]
02-09 04:26:07.866 I/input_interaction( 1240): Interaction with: a8bc864 com.android.gallery3d/com.android.gallery3d.app.GalleryActivity (server), swipe-up (server), edge-swipe (server), PointerEventDispatcher0 (server),
02-09 04:26:07.886 I/wm_task_moved( 1240): [60,0,0]
02-09 04:26:07.886 I/wm_task_moved( 1240): [60,0,6]
02-09 04:26:07.896 I/view_enqueue_input_event( 3921): [Motion - Cancel,com.android.gallery3d/com.android.gallery3d.app.GalleryActivity]
02-09 04:26:07.903 I/input_focus( 1240): [Focus request recents_animation_input_consumer,reason=UpdateInputWindows]
02-09 04:26:07.905 I/input_interaction( 1240): Interaction with: swipe-up (server), edge-swipe (server), PointerEventDispatcher0 (server),
02-09 04:26:07.911 I/wm_on_restart_called( 2573): [208887896,com.android.launcher3.uioverrides.QuickstepLauncher,performRestartActivity]
02-09 04:26:07.923 I/wm_on_start_called( 2573): [208887896,com.android.launcher3.uioverrides.QuickstepLauncher,handleStartActivity]
02-09 04:26:07.924 I/input_focus( 1240): [Focus leaving a8bc864 com.android.gallery3d/com.android.gallery3d.app.GalleryActivity (server),reason=NOT_FOCUSABLE]
02-09 04:26:07.924 I/input_focus( 1240): [Focus entering recents_animation_input_consumer (server),reason=setFocusedWindow]
02-09 04:26:07.932 I/sysui_latency( 2573): [1,65]
02-09 04:26:07.951 I/sysui_multi_action( 1240): [319,10,322,55,325,263,757,761,758,9,759,5,806,com.android.launcher3,871,com.android.launcher3.uioverrides.QuickstepLauncher,904,com.android.launcher3,905,0,1320,4,1321,1]
02-09 04:26:08.128 I/commit_sys_config_file( 1240): [settings-1-0,7]
02-09 04:26:08.243 I/sysui_latency( 1240): [8,70]
02-09 04:26:08.617 I/wm_task_moved( 1240): [60,1,7]
02-09 04:26:08.618 I/wm_on_top_resumed_lost_called( 3921): [208999710,com.android.gallery3d.app.GalleryActivity,topStateChangedWhenResumed]
02-09 04:26:08.619 I/wm_focused_root_task( 1240): [0,0,60,72,RecentsAnimation.onAnimationFinished()]
02-09 04:26:08.621 I/wm_pause_activity( 1240): [0,208999710,com.android.gallery3d/.app.GalleryActivity,userLeaving=false,pauseBackTasks]
02-09 04:26:08.624 I/wm_set_resumed_activity( 1240): [0,com.android.launcher3/.uioverrides.QuickstepLauncher,resumeTopActivityInnerLocked]
02-09 04:26:08.627 I/wm_resume_activity( 1240): [0,208887896,61,com.android.launcher3/.uioverrides.QuickstepLauncher]
02-09 04:26:08.627 I/wm_add_to_stopping( 1240): [0,208999710,com.android.gallery3d/.app.GalleryActivity,makeInvisible]
02-09 04:26:08.629 I/wm_on_resume_called( 2573): [208887896,com.android.launcher3.uioverrides.QuickstepLauncher,RESUME_ACTIVITY]
02-09 04:26:08.634 I/input_focus( 1240): [Focus request 65fe793 com.android.launcher3/com.android.launcher3.uioverrides.QuickstepLauncher,reason=UpdateInputWindows]
02-09 04:26:08.635 I/sysui_multi_action( 1240): [757,803,799,window_time_0,802,2]
02-09 04:26:08.643 I/input_focus( 1240): [Focus leaving recents_animation_input_consumer (server),reason=NOT_VISIBLE]
02-09 04:26:08.643 I/input_focus( 1240): [Focus entering 65fe793 com.android.launcher3/com.android.launcher3.uioverrides.QuickstepLauncher (server),reason=setFocusedWindow]
02-09 04:26:08.644 I/wm_stop_activity( 1240): [0,208999710,com.android.gallery3d/.app.GalleryActivity]
02-09 04:26:08.645 I/sysui_multi_action( 1240): [757,803,799,window_time_0,802,0]
02-09 04:26:08.650 I/wm_on_paused_called( 3921): [208999710,com.android.gallery3d.app.GalleryActivity,performPause]
02-09 04:26:08.653 I/wm_on_stop_called( 3921): [208999710,com.android.gallery3d.app.GalleryActivity,STOP_ACTIVITY_ITEM]
02-09 04:26:08.670 I/wm_on_top_resumed_gained_called( 2573): [208887896,com.android.launcher3.uioverrides.QuickstepLauncher,topStateChangedWhenResumed]
02-09 04:26:08.866 I/commit_sys_config_file( 1240): [settings-1-0,5]
02-09 04:26:10.593 I/input_interaction( 1240): Interaction with: 65fe793 com.android.launcher3/com.android.launcher3.uioverrides.QuickstepLauncher (server), f1cc593 com.android.systemui.ImageWallpaper (server), swipe-up (server), edge-swipe (server), PointerEventDispatcher0 (server),
02-09 04:26:10.718 I/wm_task_moved( 1240): [60,1,7]
02-09 04:26:10.718 I/wm_set_resumed_activity( 1240): [0,com.android.launcher3/.uioverrides.QuickstepLauncher,positionChildAt]
02-09 04:26:10.719 I/wm_task_moved( 1240): [62,1,7]
02-09 04:26:10.719 I/wm_task_to_front( 1240): [0,62]
02-09 04:26:10.720 I/wm_focused_root_task( 1240): [0,0,62,60,moveTaskToFront findTaskToMoveToFront]
02-09 04:26:10.721 I/wm_set_resumed_activity( 1240): [0,com.android.settings/.Settings,moveTaskToFront findTaskToMoveToFront]
02-09 04:26:10.723 I/wm_pause_activity( 1240): [0,208887896,com.android.launcher3/.uioverrides.QuickstepLauncher,userLeaving=true,pauseBackTasks]
02-09 04:26:10.730 I/wm_on_top_resumed_lost_called( 2573): [208887896,com.android.launcher3.uioverrides.QuickstepLauncher,topStateChangedWhenResumed]
02-09 04:26:10.733 I/wm_on_paused_called( 2573): [208887896,com.android.launcher3.uioverrides.QuickstepLauncher,performPause]
02-09 04:26:10.738 I/wm_set_resumed_activity( 1240): [0,com.android.settings/.Settings,resumeTopActivityInnerLocked]
02-09 04:26:10.738 I/wm_add_to_stopping( 1240): [0,208887896,com.android.launcher3/.uioverrides.QuickstepLauncher,makeInvisible]
02-09 04:26:10.740 I/wm_resume_activity( 1240): [0,171931013,62,com.android.settings/.Settings]
02-09 04:26:10.748 I/input_focus( 1240): [Focus leaving 65fe793 com.android.launcher3/com.android.launcher3.uioverrides.QuickstepLauncher (server),reason=NO_WINDOW]
02-09 04:26:10.756 I/wm_on_restart_called( 2418): [171931013,com.android.settings.Settings,performRestartActivity]
02-09 04:26:10.757 I/sysui_multi_action( 1240): [757,803,799,window_time_0,802,2]
02-09 04:26:10.759 I/wm_on_start_called( 2418): [171931013,com.android.settings.Settings,handleStartActivity]
02-09 04:26:10.759 I/snet_event_log( 2418): [120484087,-1,]
02-09 04:26:10.760 I/wm_on_resume_called( 2418): [171931013,com.android.settings.Settings,RESUME_ACTIVITY]
02-09 04:26:10.760 I/sysui_multi_action( 2418): [757,340,758,1,833,0,1089,0]
02-09 04:26:10.761 I/sysui_multi_action( 2418): [757,35,758,1,833,0,1089,0]
02-09 04:26:10.762 I/wm_on_top_resumed_gained_called( 2418): [171931013,com.android.settings.Settings,topWhenResuming]
02-09 04:26:10.774 I/input_focus( 1240): [Focus request da53d17 com.android.settings/com.android.settings.Settings,reason=UpdateInputWindows]
02-09 04:26:10.790 I/sysui_multi_action( 1240): [319,28,321,25,322,61,325,266,757,761,758,9,759,4,806,com.android.settings,871,com.android.settings.Settings,904,com.android.launcher3,905,0,1320,4,1321,1]
02-09 04:26:10.798 I/input_focus( 1240): [Focus entering da53d17 com.android.settings/com.android.settings.Settings (server),reason=setFocusedWindow]
02-09 04:26:11.101 I/wm_stop_activity( 1240): [0,208887896,com.android.launcher3/.uioverrides.QuickstepLauncher]
02-09 04:26:11.122 I/wm_on_stop_called( 2573): [208887896,com.android.launcher3.uioverrides.QuickstepLauncher,STOP_ACTIVITY_ITEM]
02-09 04:26:11.947 I/input_interaction( 1240): Interaction with: da53d17 com.android.settings/com.android.settings.Settings (server), swipe-up (server), edge-swipe (server), PointerEventDispatcher0 (server),
02-09 04:26:12.205 I/configuration_changed( 1240): 1073741824
02-09 04:26:12.230 I/wm_relaunch_resume_activity( 1240): [0,171931013,62,com.android.settings/.Settings]
02-09 04:26:12.230 I/wm_on_top_resumed_lost_called( 2418): [171931013,com.android.settings.Settings,pausing]
02-09 04:26:12.231 I/sysui_multi_action( 2418): [757,340,758,2,1089,1472]
02-09 04:26:12.232 I/sysui_multi_action( 2418): [757,35,758,2,1089,1472]
02-09 04:26:12.233 I/wm_on_paused_called( 2418): [171931013,com.android.settings.Settings,performPause]
02-09 04:26:12.237 I/wm_on_stop_called( 2418): [171931013,com.android.settings.Settings,handleRelaunchActivity]
02-09 04:26:12.241 I/wm_on_destroy_called( 2418): [171931013,com.android.settings.Settings,performDestroy]
02-09 04:26:12.259 I/sysui_multi_action( 1240): [324,1,757,1090,758,13,806,com.android.settings,871,com.android.settings.Settings,1091,1540]
02-09 04:26:12.265 I/wm_relaunch_activity( 1240): [0,208887896,61,com.android.launcher3/.uioverrides.QuickstepLauncher]
02-09 04:26:12.265 I/wm_add_to_stopping( 1240): [0,208887896,com.android.launcher3/.uioverrides.QuickstepLauncher,preloadRecents]
02-09 04:26:12.270 I/wm_on_destroy_called( 2573): [208887896,com.android.launcher3.uioverrides.QuickstepLauncher,performDestroy]
02-09 04:26:12.285 I/wm_on_create_called( 2418): [171931013,com.android.settings.Settings,performCreate]
02-09 04:26:12.310 I/wm_on_start_called( 2418): [171931013,com.android.settings.Settings,handleStartActivity]
02-09 04:26:12.310 I/snet_event_log( 2418): [120484087,-1,]
02-09 04:26:12.311 I/wm_on_resume_called( 2418): [171931013,com.android.settings.Settings,RESUME_ACTIVITY]
02-09 04:26:12.311 I/sysui_multi_action( 2418): [757,340,758,1,833,0,1089,48]
02-09 04:26:12.312 I/sysui_multi_action( 2418): [757,35,758,1,833,0,1089,14]
02-09 04:26:12.313 I/sysui_multi_action( 2418): [757,1729,758,4,854,isParalleledControllers:false,1089,15]
02-09 04:26:12.313 I/wm_on_top_resumed_gained_called( 2418): [171931013,com.android.settings.Settings,topWhenResuming]
02-09 04:26:12.321 I/wm_on_create_called( 2573): [208887896,com.android.launcher3.uioverrides.QuickstepLauncher,performCreate]
02-09 04:26:12.321 I/wm_on_start_called( 2573): [208887896,com.android.launcher3.uioverrides.QuickstepLauncher,handleStartActivity]
02-09 04:26:12.322 I/wm_on_resume_called( 2573): [208887896,com.android.launcher3.uioverrides.QuickstepLauncher,LIFECYCLER_RESUME_ACTIVITY]
02-09 04:26:12.325 I/wm_on_paused_called( 2573): [208887896,com.android.launcher3.uioverrides.QuickstepLauncher,performPause]
02-09 04:26:12.341 I/wm_stop_activity( 1240): [0,208887896,com.android.launcher3/.uioverrides.QuickstepLauncher]
02-09 04:26:12.344 I/wm_on_stop_called( 2573): [208887896,com.android.launcher3.uioverrides.QuickstepLauncher,STOP_ACTIVITY_ITEM]
02-09 04:26:12.368 I/input_focus( 1240): [Focus request 67ef807 com.android.settings/com.android.settings.Settings,reason=UpdateInputWindows]
02-09 04:26:12.407 I/commit_sys_config_file( 1240): [settings-1-0,1]
02-09 04:26:12.419 I/input_focus( 1240): [Focus entering 67ef807 com.android.settings/com.android.settings.Settings (server),reason=Window became focusable. Previous reason: NOT_VISIBLE]
02-09 04:26:13.163 I/input_interaction( 1240): Interaction with: 67ef807 com.android.settings/com.android.settings.Settings (server), swipe-up (server), edge-swipe (server), PointerEventDispatcher0 (server),
02-09 04:26:13.183 I/wm_task_moved( 1240): [60,0,0]
02-09 04:26:13.183 I/wm_task_moved( 1240): [60,0,6]
02-09 04:26:13.212 I/view_enqueue_input_event( 2418): [Motion - Cancel,com.android.settings/com.android.settings.Settings]
02-09 04:26:13.213 I/wm_on_restart_called( 2573): [208887896,com.android.launcher3.uioverrides.QuickstepLauncher,performRestartActivity]
02-09 04:26:13.214 I/input_focus( 1240): [Focus request recents_animation_input_consumer,reason=UpdateInputWindows]
02-09 04:26:13.216 I/input_interaction( 1240): Interaction with: swipe-up (server), edge-swipe (server), PointerEventDispatcher0 (server),
02-09 04:26:13.228 I/wm_on_start_called( 2573): [208887896,com.android.launcher3.uioverrides.QuickstepLauncher,handleStartActivity]
02-09 04:26:13.237 I/input_focus( 1240): [Focus leaving 67ef807 com.android.settings/com.android.settings.Settings (server),reason=NOT_FOCUSABLE]
02-09 04:26:13.237 I/input_focus( 1240): [Focus entering recents_animation_input_consumer (server),reason=setFocusedWindow]
02-09 04:26:13.241 I/sysui_latency( 2573): [1,79]
02-09 04:26:13.261 I/sysui_multi_action( 1240): [319,9,322,71,325,268,757,761,758,9,759,5,806,com.android.launcher3,871,com.android.launcher3.uioverrides.QuickstepLauncher,904,com.android.launcher3,905,0,1320,4,1321,1]
02-09 04:26:13.430 I/commit_sys_config_file( 1240): [settings-1-0,4]
02-09 04:26:13.557 I/sysui_latency( 1240): [8,86]
02-09 04:26:13.992 I/wm_task_moved( 1240): [60,1,7]
02-09 04:26:13.992 I/wm_focused_root_task( 1240): [0,0,60,62,RecentsAnimation.onAnimationFinished()]
02-09 04:26:13.994 I/wm_pause_activity( 1240): [0,171931013,com.android.settings/.Settings,userLeaving=false,pauseBackTasks]
02-09 04:26:13.996 I/wm_set_resumed_activity( 1240): [0,com.android.launcher3/.uioverrides.QuickstepLauncher,resumeTopActivityInnerLocked]
02-09 04:26:13.997 I/wm_resume_activity( 1240): [0,208887896,61,com.android.launcher3/.uioverrides.QuickstepLauncher]
02-09 04:26:13.997 I/wm_add_to_stopping( 1240): [0,171931013,com.android.settings/.Settings,makeInvisible]
02-09 04:26:13.998 I/wm_on_resume_called( 2573): [208887896,com.android.launcher3.uioverrides.QuickstepLauncher,RESUME_ACTIVITY]
02-09 04:26:14.003 I/input_focus( 1240): [Focus request 605802a com.android.launcher3/com.android.launcher3.uioverrides.QuickstepLauncher,reason=UpdateInputWindows]
02-09 04:26:14.005 I/sysui_multi_action( 1240): [757,803,799,window_time_0,802,3]
02-09 04:26:14.005 I/wm_on_top_resumed_lost_called( 2418): [171931013,com.android.settings.Settings,topStateChangedWhenResumed]
02-09 04:26:14.006 I/input_focus( 1240): [Focus leaving recents_animation_input_consumer (server),reason=NOT_VISIBLE]
02-09 04:26:14.008 I/sysui_multi_action( 2418): [757,340,758,2,1089,1696]
02-09 04:26:14.008 I/sysui_multi_action( 2418): [757,35,758,2,1089,1697]
