02-09 04:41:42.363 D/LOWI-9.0.0.87.a( 1375): [LOWI-Scan] BSS 18:6f:2d:80:dd:60 LOWI_PHY_MODE_11NG_HT20(5), Beacon Interval: 100, LOWI_ENCRYPTION_TYPE_WPA_PSK 11mcRanging: No, ANQP: No, LCI: No, Civic: No, capability(0x0531): ESS Privacy ShortPreamble SpectrumMgmt ShortSlotTime
02-09 04:41:42.363 D/LOWI-9.0.0.87.a( 1375): [LOWI-Scan] BSS 18:6f:2d:80:dd:60 FREQ: 2472, cFreq1[40:80:160] = [2472:0:0] cFreq2 = 0 Country Code = CN
02-09 04:41:42.363 D/LOWI-9.0.0.87.a( 1375): [LOWI-Scan] BSS 18:6f:2d:80:dd:60 (wlan0) ASSO: NO AddInfo: 0x0, TSF 0, 00:19:57.717, RSSI: -116, CPL: 127, AGE: 16, SSID Testing , TSFDelta: 0x5ec5002f, TXRate: 0
02-09 04:41:42.363 D/LOWI-9.0.0.87.a( 1375): [LOWI-Scan]
02-09 04:41:42.363 D/LOWI-9.0.0.87.a( 1375): [LOWI-Scan] print_bss_handler: Report Probe TSF 1197718343 as it greater than Beacon TSF 822324292
02-09 04:41:42.363 E/UserRestrictionsUtils( 1240): Unknown restriction queried by uid 1000 (com.android.provision et al): null
02-09 04:41:42.364 E/UserRestrictionsUtils( 1240): Unknown restriction queried by uid 1000 (com.android.provision et al): null
02-09 04:41:42.365 E/UserRestrictionsUtils( 1240): Unknown restriction queried by uid 1000 (com.android.provision et al): null
02-09 04:41:42.363 D/LOWI-9.0.0.87.a( 1375): [LOWI-Scan] is_qcom_ie, bss_age: 0
02-09 04:41:42.367 D/LOWI-9.0.0.87.a( 1375): [LOWI-Scan] BSS 18:6f:2d:80:dd:61 LOWI_PHY_MODE_11NG_HT20(5), Beacon Interval: 100, LOWI_ENCRYPTION_TYPE_OPEN 11mcRanging: No, ANQP: No, LCI: No, Civic: No, capability(0x0521): ESS ShortPreamble SpectrumMgmt ShortSlotTime
02-09 04:41:42.367 D/LOWI-9.0.0.87.a( 1375): [LOWI-Scan] BSS 18:6f:2d:80:dd:61 FREQ: 2472, cFreq1[40:80:160] = [2472:0:0] cFreq2 = 0 Country Code = CN
02-09 04:41:42.367 D/LOWI-9.0.0.87.a( 1375): [LOWI-Scan] BSS 18:6f:2d:80:dd:61 (wlan0) ASSO: NO AddInfo: 0x0, TSF 0, 00:19:57.718, RSSI: -116, CPL: 127, AGE: 16, SSID Guest, TSFDelta: 0x5eca1923, TXRate: 0
02-09 04:41:42.367 D/LOWI-9.0.0.87.a( 1375): [LOWI-Scan]
02-09 04:41:42.367 D/LOWI-9.0.0.87.a( 1375): [LOWI-Scan] print_bss_handler: Report Probe TSF 1197719440 as it greater than Beacon TSF 822324643
02-09 04:41:42.367 D/LOWI-9.0.0.87.a( 1375): [LOWI-Scan] decode_rsn_wpa_ie: LOWI_ENCRYPTION_TYPE_WPA_PSK
02-09 04:41:42.367 D/LOWI-9.0.0.87.a( 1375): [LOWI-Scan] is_qcom_ie, bss_age: 0
02-09 04:41:42.368 D/LOWI-9.0.0.87.a( 1375): [LOWI-Scan] BSS 18:6f:2d:80:dd:62 LOWI_PHY_MODE_11NG_HT20(5), Beacon Interval: 100, LOWI_ENCRYPTION_TYPE_WPA_PSK 11mcRanging: No, ANQP: No, LCI: No, Civic: No, capability(0x0531): ESS Privacy ShortPreamble SpectrumMgmt ShortSlotTime
02-09 04:41:42.368 D/LOWI-9.0.0.87.a( 1375): [LOWI-Scan] BSS 18:6f:2d:80:dd:62 FREQ: 2472, cFreq1[40:80:160] = [2472:0:0] cFreq2 = 0 Country Code = CN
02-09 04:41:42.368 D/LOWI-9.0.0.87.a( 1375): [LOWI-Scan] BSS 18:6f:2d:80:dd:62 (wlan0) ASSO: NO AddInfo: 0x0, TSF 0, 00:19:57.719, RSSI: -120, CPL: 127, AGE: 16, SSID ThunderSoft_2.4G, TSFDelta: 0x5ed18044, TXRate: 0
02-09 04:41:42.368 D/LOWI-9.0.0.87.a( 1375): [LOWI-Scan]
02-09 04:41:42.368 D/LOWI-9.0.0.87.a( 1375): [LOWI-Scan] print_bss_handler: Report Probe TSF 1197721091 as it greater than Beacon TSF 1187608784
02-09 04:41:42.368 D/LOWI-9.0.0.87.a( 1375): [LOWI-Scan] decode_rsn_wpa_ie: LOWI_ENCRYPTION_TYPE_WPA_PSK
02-09 04:41:42.368 D/LOWI-9.0.0.87.a( 1375): [LOWI-Scan] is_qcom_ie, bss_age: 0
02-09 04:41:42.368 D/LOWI-9.0.0.87.a( 1375): [LOWI-Scan] BSS 18:6f:2d:80:dd:64 LOWI_PHY_MODE_11NG_HT20(5), Beacon Interval: 100, LOWI_ENCRYPTION_TYPE_WPA_PSK 11mcRanging: No, ANQP: No, LCI: No, Civic: No, capability(0x0531): ESS Privacy ShortPreamble SpectrumMgmt ShortSlotTime
02-09 04:41:42.368 D/LOWI-9.0.0.87.a( 1375): [LOWI-Scan] BSS 18:6f:2d:80:dd:64 FREQ: 2472, cFreq1[40:80:160] = [2472:0:0] cFreq2 = 0 Country Code = CN
02-09 04:41:42.368 D/LOWI-9.0.0.87.a( 1375): [LOWI-Scan] BSS 18:6f:2d:80:dd:64 (wlan0) ASSO: NO AddInfo: 0x0, TSF 0, 00:19:57.721, RSSI: -120, CPL: 127, AGE: 12, SSID Fanya, TSFDelta: 0x5edc0aac, TXRate: 0
02-09 04:41:42.368 D/LOWI-9.0.0.87.a( 1375): [LOWI-Scan]
02-09 04:41:42.368 D/LOWI-9.0.0.87.a( 1375): [LOWI-Scan] print_bss_handler: Report beacon TSF 1197263927 as it greater than probe TSF 1197227756
02-09 04:41:42.368 D/LOWI-9.0.0.87.a( 1375): [LOWI-Scan] decode_rsn_wpa_ie: LOWI_ENCRYPTION_TYPE_WPA_PSK
02-09 04:41:42.368 D/LOWI-9.0.0.87.a( 1375): [LOWI-Scan] is_qcom_ie, bss_age: 0
02-09 04:41:42.368 D/LOWI-9.0.0.87.a( 1375): [LOWI-Scan] BSS 8c:de:f9:3f:0d:aa LOWI_PHY_MODE_11NG_HT20(5), Beacon Interval: 100, LOWI_ENCRYPTION_TYPE_WPA_PSK 11mcRanging: No, ANQP: No, LCI: No, Civic: No, capability(0x0c11): ESS Privacy ShortSlotTime APSD
02-09 04:41:42.368 D/LOWI-9.0.0.87.a( 1375): [LOWI-Scan] BSS 8c:de:f9:3f:0d:aa FREQ: 2447, cFreq1[40:80:160] = [0:0:0] cFreq2 = 0 Country Code = CN
02-09 04:41:42.368 D/LOWI-9.0.0.87.a( 1375): [LOWI-Scan] BSS 8c:de:f9:3f:0d:aa (wlan0) ASSO: NO AddInfo: 0x1, TSF 0, 00:19:57.263, RSSI: -98, CPL: 127, AGE: 472, SSID Xiaomi_0DA9, TSFDelta: 0x24f98b93, TXRate: 0
02-09 04:41:42.368 D/LOWI-9.0.0.87.a( 1375): [LOWI-Scan]
02-09 04:41:42.368 D/LOWI-9.0.0.87.a( 1375): [LOWI-Scan] print_bss_handler: Report Probe TSF 1197720235 as it greater than Beacon TSF 822325476
02-09 04:41:42.368 D/LOWI-9.0.0.87.a( 1375): [LOWI-Scan] decode_rsn_wpa_ie: LOWI_ENCRYPTION_TYPE_WPA_PSK
02-09 04:41:42.368 D/LOWI-9.0.0.87.a( 1375): [LOWI-Scan] is_qcom_ie, bss_age: 0
02-09 04:41:42.368 D/LOWI-9.0.0.87.a( 1375): [LOWI-Scan] BSS 18:6f:2d:80:dd:63 LOWI_PHY_MODE_11NG_HT20(5), Beacon Interval: 100, LOWI_ENCRYPTION_TYPE_WPA_PSK 11mcRanging: No, ANQP: No, LCI: No, Civic: No, capability(0x0531): ESS Privacy ShortPreamble SpectrumMgmt ShortSlotTime
02-09 04:41:42.368 D/LOWI-9.0.0.87.a( 1375): [LOWI-Scan] BSS 18:6f:2d:80:dd:63 FREQ: 2472, cFreq1[40:80:160] = [2472:0:0] cFreq2 = 0 Country Code = CN
02-09 04:41:42.368 D/LOWI-9.0.0.87.a( 1375): [LOWI-Scan] BSS 18:6f:2d:80:dd:63 (wlan0) ASSO: NO AddInfo: 0x0, TSF 0, 00:19:57.720, RSSI: -122, CPL: 127, AGE: 12, SSID ZXHY, TSFDelta: 0x5ed6eb94, TXRate: 0
02-09 04:41:42.368 D/LOWI-9.0.0.87.a( 1375): [LOWI-Scan]
02-09 04:41:42.368 D/LOWI-9.0.0.87.a( 1375): [LOWI-Scan] print_bss_handler: Report Probe TSF 1196635785 as it greater than Beacon TSF 1186573100
02-09 04:41:42.368 D/LOWI-9.0.0.87.a( 1375): [LOWI-Scan] decode_rsn_wpa_ie: LOWI_ENCRYPTION_TYPE_WPA_PSK
02-09 04:41:42.368 D/LOWI-9.0.0.87.a( 1375): [LOWI-Scan] is_qcom_ie, bss_age: 0
02-09 04:41:42.368 D/DisplaySettings( 5623): NO dashboard tiles for DisplaySettings
02-09 04:41:42.368 D/LOWI-9.0.0.87.a( 1375): [LOWI-Scan] BSS 18:6f:2d:81:16:e4 LOWI_PHY_MODE_11NG_HT20(5), Beacon Interval: 100, LOWI_ENCRYPTION_TYPE_WPA_PSK 11mcRanging: No, ANQP: No, LCI: No, Civic: No, capability(0x0531): ESS Privacy ShortPreamble SpectrumMgmt ShortSlotTime
02-09 04:41:42.368 D/DisplaySettings( 5623): All preferences added, reporting fully drawn
02-09 04:41:42.368 D/LOWI-9.0.0.87.a( 1375): [LOWI-Scan] BSS 18:6f:2d:81:16:e4 FREQ: 2412, cFreq1[40:80:160] = [2412:0:0] cFreq2 = 0 Country Code = CN
02-09 04:41:42.368 D/LOWI-9.0.0.87.a( 1375): [LOWI-Scan] BSS 18:6f:2d:81:16:e4 (wlan0) ASSO: NO AddInfo: 0x0, TSF 0, 00:19:56.635, RSSI: -114, CPL: 127, AGE: 1100, SSID Fanya, TSFDelta: 0x1e52b7d0, TXRate: 0
02-09 04:41:42.369 D/LOWI-9.0.0.87.a( 1375): [LOWI-Scan]
02-09 04:41:42.369 D/LOWI-9.0.0.87.a( 1375): [LOWI-Scan] print_bss_handler: Report Probe TSF 1196606983 as it greater than Beacon TSF 1196584513
02-09 04:41:42.369 D/LOWI-9.0.0.87.a( 1375): [LOWI-Scan] is_qcom_ie, bss_age: 0
02-09 04:41:42.369 D/LOWI-9.0.0.87.a( 1375): [LOWI-Scan] BSS 38:a9:1c:35:03:0b LOWI_PHY_MODE_11AC_VHT80(10), Beacon Interval: 100, LOWI_ENCRYPTION_TYPE_OPEN 11mcRanging: No, ANQP: No, LCI: No, Civic: No, capability(0x0501): ESS SpectrumMgmt ShortSlotTime
02-09 04:41:42.369 D/LOWI-9.0.0.87.a( 1375): [LOWI-Scan] BSS 38:a9:1c:35:03:0b FREQ: 5180, cFreq1[40:80:160] = [5190:5210:0] cFreq2 = 0 Country Code = US
02-09 04:41:42.369 D/LOWI-9.0.0.87.a( 1375): [LOWI-Scan] BSS 38:a9:1c:35:03:0b (wlan0) ASSO: NO AddInfo: 0x0, TSF 0, 00:19:56.606, RSSI: -62, CPL: 127, AGE: 1128, SSID , TSFDelta: 0xe10299a8, TXRate: 0
02-09 04:41:42.369 D/LOWI-9.0.0.87.a( 1375): [LOWI-Scan]
02-09 04:41:42.369 D/LOWI-9.0.0.87.a( 1375): [LOWI-Scan] print_bss_handler: Report Probe TSF 1186547631 as it greater than Beacon TSF 821262666
02-09 04:41:42.369 D/LOWI-9.0.0.87.a( 1375): [LOWI-Scan] decode_rsn_wpa_ie: LOWI_ENCRYPTION_TYPE_WPA_PSK
02-09 04:41:42.369 D/LOWI-9.0.0.87.a( 1375): [LOWI-Scan] is_qcom_ie, bss_age: 0
02-09 04:41:42.369 D/LOWI-9.0.0.87.a( 1375): [LOWI-Scan] adjust_age:AP AGE upper limit reached. Dont store
02-09 04:41:42.369 D/LOWI-9.0.0.87.a( 1375): [LOWI-Scan] BSS 6c:b0:ce:42:57:6f LOWI_PHY_MODE_11NG_HT20(5), Beacon Interval: 100, LOWI_ENCRYPTION_TYPE_WPA_PSK 11mcRanging: No, ANQP: No, LCI: No, Civic: No, capability(0x1411): ESS Privacy ShortSlotTime
02-09 04:41:42.369 D/LOWI-9.0.0.87.a( 1375): [LOWI-Scan] BSS 6c:b0:ce:42:57:6f FREQ: 2412, cFreq1[40:80:160] = [0:0:0] cFreq2 = 0 Country Code =
02-09 04:41:42.369 D/LOWI-9.0.0.87.a( 1375): [LOWI-Scan] BSS 6c:b0:ce:42:57:6f (wlan0) ASSO: NO AddInfo: 0x0, TSF 0, 00:19:46.547, RSSI: -136, CPL: 127, AGE: 11188, SSID NETGEAR60, TSFDelta: 0x13c55fbc, TXRate: 0
02-09 04:41:42.369 D/LOWI-9.0.0.87.a( 1375): [LOWI-Scan]
02-09 04:41:42.369 D/LOWI-9.0.0.87.a( 1375): [LOWI-Scan] print_bss_handler: Report beacon TSF 1186599030 as it greater than probe TSF 1101293945
02-09 04:41:42.369 D/LOWI-9.0.0.87.a( 1375): [LOWI-Scan] decode_rsn_wpa_ie: LOWI_ENCRYPTION_TYPE_WPA_PSK
02-09 04:41:42.369 D/LOWI-9.0.0.87.a( 1375): [LOWI-Scan] is_qcom_ie, bss_age: 0
02-09 04:41:42.369 D/LOWI-9.0.0.87.a( 1375): [LOWI-Scan] adjust_age:AP AGE upper limit reached. Dont store
02-09 04:41:42.369 D/LOWI-9.0.0.87.a( 1375): [LOWI-Scan] BSS 18:6f:2d:81:20:62 LOWI_PHY_MODE_11NG_HT20(5), Beacon Interval: 100, LOWI_ENCRYPTION_TYPE_WPA_PSK 11mcRanging: No, ANQP: No, LCI: No, Civic: No, capability(0x0531): ESS Privacy ShortPreamble SpectrumMgmt ShortSlotTime
02-09 04:41:42.369 D/LOWI-9.0.0.87.a( 1375): [LOWI-Scan] BSS 18:6f:2d:81:20:62 FREQ: 2412, cFreq1[40:80:160] = [2412:0:0] cFreq2 = 0 Country Code = CN
02-09 04:41:42.369 D/LOWI-9.0.0.87.a( 1375): [LOWI-Scan] BSS 18:6f:2d:81:20:62 (wlan0) ASSO: NO AddInfo: 0x1, TSF 0, 00:19:46.599, RSSI: -132, CPL: 127, AGE: 11136, SSID ThunderSoft_2.4G, TSFDelta: 0x22715140, TXRate: 0
02-09 04:41:42.369 D/LOWI-9.0.0.87.a( 1375): [LOWI-Scan]
02-09 04:41:42.369 D/LOWI-9.0.0.87.a( 1375): [LOWI-Scan] print_bss_handler: Report beacon TSF 1186666558 as it greater than probe TSF 1186666558
02-09 04:41:42.369 D/LOWI-9.0.0.87.a( 1375): [LOWI-Scan] decode_rsn_wpa_ie: LOWI_ENCRYPTION_TYPE_WPA_PSK
02-09 04:41:42.369 D/LOWI-9.0.0.87.a( 1375): [LOWI-Scan] is_qcom_ie, bss_age: 0
02-09 04:41:42.369 D/LOWI-9.0.0.87.a( 1375): [LOWI-Scan] adjust_age:AP AGE upper limit reached. Dont store
02-09 04:41:42.369 D/LOWI-9.0.0.87.a( 1375): [LOWI-Scan] BSS 44:94:fc:3d:da:95 LOWI_PHY_MODE_11NG_HT20(5), Beacon Interval: 100, LOWI_ENCRYPTION_TYPE_WPA_PSK 11mcRanging: No, ANQP: No, LCI: No, Civic: No, capability(0x1411): ESS Privacy ShortSlotTime
02-09 04:41:42.369 D/LOWI-9.0.0.87.a( 1375): [LOWI-Scan] BSS 44:94:fc:3d:da:95 FREQ: 2417, cFreq1[40:80:160] = [0:0:0] cFreq2 = 0 Country Code =
02-09 04:41:42.369 D/LOWI-9.0.0.87.a( 1375): [LOWI-Scan] BSS 44:94:fc:3d:da:95 (wlan0) ASSO: NO AddInfo: 0x1, TSF 0, 00:19:46.666, RSSI: -118, CPL: 127, AGE: 11068, SSID ______________, TSFDelta: 0x750e5626, TXRate: 0
02-09 04:41:42.369 D/LOWI-9.0.0.87.a( 1375): [LOWI-Scan]
02-09 04:41:42.369 D/LOWI-9.0.0.87.a( 1375): [LOWI-Scan] print_bss_handler: Report Probe TSF 1196648912 as it greater than Beacon TSF 1196589801
02-09 04:41:42.369 D/LOWI-9.0.0.87.a( 1375): [LOWI-Scan] decode_rsn_wpa_ie: LOWI_ENCRYPTION_TYPE_WPA_PSK
02-09 04:41:42.369 D/LOWI-9.0.0.87.a( 1375): [LOWI-Scan] is_qcom_ie, bss_age: 0
02-09 04:41:42.369 D/LOWI-9.0.0.87.a( 1375): [LOWI-Scan] BSS 18:6f:2d:81:16:e0 LOWI_PHY_MODE_11NG_HT20(5), Beacon Interval: 100, LOWI_ENCRYPTION_TYPE_WPA_PSK 11mcRanging: No, ANQP: No, LCI: No, Civic: No, capability(0x0531): ESS Privacy ShortPreamble SpectrumMgmt ShortSlotTime
02-09 04:41:42.369 D/LOWI-9.0.0.87.a( 1375): [LOWI-Scan] BSS 18:6f:2d:81:16:e0 FREQ: 2412, cFreq1[40:80:160] = [2412:0:0] cFreq2 = 0 Country Code = CN
02-09 04:41:42.369 D/LOWI-9.0.0.87.a( 1375): [LOWI-Scan] BSS 18:6f:2d:81:16:e0 (wlan0) ASSO: NO AddInfo: 0x0, TSF 0, 00:19:56.648, RSSI: -114, CPL: 127, AGE: 1084, SSID Testing , TSFDelta: 0x1eb10983, TXRate: 0
02-09 04:41:42.370 D/LOWI-9.0.0.87.a( 1375): [LOWI-Scan]
02-09 04:41:42.370 D/LOWI-9.0.0.87.a( 1375): [LOWI-Scan] print_bss_handler: Report Probe TSF 1196628482 as it greater than Beacon TSF 1186573054
02-09 04:41:42.370 D/LOWI-9.0.0.87.a( 1375): [LOWI-Scan] is_qcom_ie, bss_age: 0
02-09 04:41:42.370 D/LOWI-9.0.0.87.a( 1375): [LOWI-Scan] BSS 18:6f:2d:81:16:e1 LOWI_PHY_MODE_11NG_HT20(5), Beacon Interval: 100, LOWI_ENCRYPTION_TYPE_OPEN 11mcRanging: No, ANQP: No, LCI: No, Civic: No, capability(0x0521): ESS ShortPreamble SpectrumMgmt ShortSlotTime
02-09 04:41:42.370 D/LOWI-9.0.0.87.a( 1375): [LOWI-Scan] BSS 18:6f:2d:81:16:e1 FREQ: 2412, cFreq1[40:80:160] = [2412:0:0] cFreq2 = 0 Country Code = CN
02-09 04:41:42.370 D/LOWI-9.0.0.87.a( 1375): [LOWI-Scan] BSS 18:6f:2d:81:16:e1 (wlan0) ASSO: NO AddInfo: 0x0, TSF 0, 00:19:56.628, RSSI: -110, CPL: 127, AGE: 1104, SSID Guest, TSFDelta: 0x1e0e1ac6, TXRate: 0
02-09 04:41:42.370 D/LOWI-9.0.0.87.a( 1375): [LOWI-Scan]
02-09 04:41:42.370 D/LOWI-9.0.0.87.a( 1375): [LOWI-Scan] print_bss_handler: Report beacon TSF 1196800728 as it greater than probe TSF 1196787430
02-09 04:41:42.370 D/LOWI-9.0.0.87.a( 1375): [LOWI-Scan] decode_rsn_wpa_ie: LOWI_ENCRYPTION_TYPE_WPA_PSK
02-09 04:41:42.370 D/LOWI-9.0.0.87.a( 1375): [LOWI-Scan] is_qcom_ie, bss_age: 0
02-09 04:41:42.370 D/LOWI-9.0.0.87.a( 1375): [LOWI-Scan] BSS 3e:ee:03:6f:df:b3 LOWI_PHY_MODE_11AC_VHT80(10), Beacon Interval: 100, LOWI_ENCRYPTION_TYPE_WPA_PSK 11mcRanging: No, ANQP: No, LCI: No, Civic: No, capability(0x1111): ESS Privacy SpectrumMgmt
02-09 04:41:42.370 D/LOWI-9.0.0.87.a( 1375): [LOWI-Scan] BSS 3e:ee:03:6f:df:b3 FREQ: 5745, cFreq1[40:80:160] = [5755:5775:0] cFreq2 = 0 Country Code = CN
02-09 04:41:42.370 D/LOWI-9.0.0.87.a( 1375): [LOWI-Scan] BSS 3e:ee:03:6f:df:b3 (wlan0) ASSO: NO AddInfo: 0x1, TSF 0, 00:19:56.800, RSSI: -136, CPL: 127, AGE: 932, SSID mingqi___iPhone, TSFDelta: 0xe42ce023, TXRate: 0
02-09 04:41:42.370 D/LOWI-9.0.0.87.a( 1375): [LOWI-Scan]
02-09 04:41:42.370 D/LOWI-9.0.0.87.a( 1375): [LOWI-Scan] print_bss_handler: Report Probe TSF 1196893330 as it greater than Beacon TSF 1196874448
02-09 04:41:42.370 D/LOWI-9.0.0.87.a( 1375): [LOWI-Scan] decode_rsn_wpa_ie: LOWI_ENCRYPTION_TYPE_WPA_PSK
02-09 04:41:42.370 D/LOWI-9.0.0.87.a( 1375): [LOWI-Scan] is_qcom_ie, bss_age: 0
02-09 04:41:42.370 D/LOWI-9.0.0.87.a( 1375): [LOWI-Scan] BSS 18:6f:2d:0a:b8:54 LOWI_PHY_MODE_11AC_VHT20(8), Beacon Interval: 100, LOWI_ENCRYPTION_TYPE_WPA_PSK 11mcRanging: No, ANQP: No, LCI: No, Civic: No, capability(0x0111): ESS Privacy SpectrumMgmt
02-09 04:41:42.370 D/LOWI-9.0.0.87.a( 1375): [LOWI-Scan] BSS 18:6f:2d:0a:b8:54 FREQ: 5785, cFreq1[40:80:160] = [5785:0:0] cFreq2 = 0 Country Code = CN
02-09 04:41:42.370 D/LOWI-9.0.0.87.a( 1375): [LOWI-Scan] BSS 18:6f:2d:0a:b8:54 (wlan0) ASSO: NO AddInfo: 0x0, TSF 0, 00:19:56.893, RSSI: -138, CPL: 127, AGE: 840, SSID ThunderSoft, TSFDelta: 0xde9df638, TXRate: 0
02-09 04:41:42.370 D/LOWI-9.0.0.87.a( 1375): [LOWI-Scan]
02-09 04:41:42.370 D/LOWI-9.0.0.87.a( 1375): [LOWI-Scan] print_bss_handler: Report Probe TSF 1196893368 as it greater than Beacon TSF 1196874752
02-09 04:41:42.370 D/LOWI-9.0.0.87.a( 1375): [LOWI-Scan] decode_rsn_wpa_ie: LOWI_ENCRYPTION_TYPE_WPA_PSK
02-09 04:41:42.370 D/LOWI-9.0.0.87.a( 1375): [LOWI-Scan] is_qcom_ie, bss_age: 0
02-09 04:41:42.370 D/LOWI-9.0.0.87.a( 1375): [LOWI-Scan] BSS 18:6f:2d:0a:b8:55 LOWI_PHY_MODE_11AC_VHT20(8), Beacon Interval: 100, LOWI_ENCRYPTION_TYPE_WPA_PSK 11mcRanging: No, ANQP: No, LCI: No, Civic: No, capability(0x0111): ESS Privacy SpectrumMgmt
02-09 04:41:42.370 D/LOWI-9.0.0.87.a( 1375): [LOWI-Scan] BSS 18:6f:2d:0a:b8:55 FREQ: 5785, cFreq1[40:80:160] = [5785:0:0] cFreq2 = 0 Country Code = CN
02-09 04:41:42.370 D/LOWI-9.0.0.87.a( 1375): [LOWI-Scan] BSS 18:6f:2d:0a:b8:55 (wlan0) ASSO: NO AddInfo: 0x0, TSF 0, 00:19:56.893, RSSI: -140, CPL: 127, AGE: 840, SSID GM, TSFDelta: 0xdea09e5d, TXRate: 0
02-09 04:41:42.371 D/LOWI-9.0.0.87.a( 1375): [LOWI-Scan]
02-09 04:41:42.371 D/LOWI-9.0.0.87.a( 1375): [LOWI-Scan] print_bss_handler: Report beacon TSF 1186533304 as it greater than probe TSF 1186533304
02-09 04:41:42.371 D/LOWI-9.0.0.87.a( 1375): [LOWI-Scan] decode_rsn_wpa_ie: LOWI_ENCRYPTION_TYPE_WPA_PSK
02-09 04:41:42.371 D/LOWI-9.0.0.87.a( 1375): [LOWI-Scan] is_qcom_ie, bss_age: 0
02-09 04:41:42.371 D/LOWI-9.0.0.87.a( 1375): [LOWI-Scan] adjust_age:AP AGE upper limit reached. Dont store
02-09 04:41:42.371 D/LOWI-9.0.0.87.a( 1375): [LOWI-Scan] BSS 64:6e:97:5a:7e:e0 LOWI_PHY_MODE_11AC_VHT40_2G(12), Beacon Interval: 100, LOWI_ENCRYPTION_TYPE_WPA_PSK 11mcRanging: No, ANQP: No, LCI: No, Civic: No, capability(0x1411): ESS Privacy ShortSlotTime
02-09 04:41:42.371 D/LOWI-9.0.0.87.a( 1375): [LOWI-Scan] BSS 64:6e:97:5a:7e:e0 FREQ: 2412, cFreq1[40:80:160] = [2422:0:0] cFreq2 = 0 Country Code = CN
02-09 04:41:42.371 D/LOWI-9.0.0.87.a( 1375): [LOWI-Scan] BSS 64:6e:97:5a:7e:e0 (wlan0) ASSO: NO AddInfo: 0x1, TSF 0, 00:19:46.533, RSSI: -142, CPL: 127, AGE: 11200, SSID DMC, TSFDelta: 0x869513f5, TXRate: 0
02-09 04:41:42.371 D/LOWI-9.0.0.87.a( 1375): [LOWI-Scan]
02-09 04:41:42.371 D/LOWI-9.0.0.87.a( 1375): [LOWI-Scan] print_bss_handler: Report beacon TSF 1186539423 as it greater than probe TSF 1186539423
02-09 04:41:42.371 D/LOWI-9.0.0.87.a( 1375): [LOWI-Scan] decode_rsn_wpa_ie: LOWI_ENCRYPTION_TYPE_WPA_PSK
02-09 04:41:42.371 D/LOWI-9.0.0.87.a( 1375): [LOWI-Scan] is_qcom_ie, bss_age: 0
02-09 04:41:42.371 D/LOWI-9.0.0.87.a( 1375): [LOWI-Scan] adjust_age:AP AGE upper limit reached. Dont store
02-09 04:41:42.371 D/LOWI-9.0.0.87.a( 1375): [LOWI-Scan] BSS 5a:41:20:2d:fe:89 LOWI_PHY_MODE_11AC_VHT80(10), Beacon Interval: 100, LOWI_ENCRYPTION_TYPE_WPA_PSK 11mcRanging: No, ANQP: No, LCI: No, Civic: No, capability(0x1011): ESS Privacy
02-09 04:41:42.371 D/LOWI-9.0.0.87.a( 1375): [LOWI-Scan] BSS 5a:41:20:2d:fe:89 FREQ: 5180, cFreq1[40:80:160] = [5190:5210:0] cFreq2 = 0 Country Code = CN
02-09 04:41:42.371 D/LOWI-9.0.0.87.a( 1375): [LOWI-Scan] BSS 5a:41:20:2d:fe:89 (wlan0) ASSO: NO AddInfo: 0x1, TSF 0, 00:19:46.539, RSSI: -136, CPL: 127, AGE: 11196, SSID , TSFDelta: 0x112af84d, TXRate: 0
02-09 04:41:42.371 D/LOWI-9.0.0.87.a( 1375): [LOWI-Scan]
02-09 04:41:42.371 D/LOWI-9.0.0.87.a( 1375): [LOWI-Scan] print_bss_handler: Report beacon TSF 1186539453 as it greater than probe TSF 1186539453
02-09 04:41:42.371 D/LOWI-9.0.0.87.a( 1375): [LOWI-Scan] is_qcom_ie, bss_age: 0
02-09 04:41:42.371 D/LOWI-9.0.0.87.a( 1375): [LOWI-Scan] adjust_age:AP AGE upper limit reached. Dont store
02-09 04:41:42.371 D/LOWI-9.0.0.87.a( 1375): [LOWI-Scan] BSS 08:ff:24:e8:51:83 LOWI_PHY_MODE_11AC_VHT20_2G(11), Beacon Interval: 100, LOWI_ENCRYPTION_TYPE_OPEN 11mcRanging: No, ANQP: Yes, LCI: No, Civic: No, capability(0x1421): ESS ShortPreamble ShortSlotTime
02-09 04:41:42.371 D/LOWI-9.0.0.87.a( 1375): [LOWI-Scan] BSS 08:ff:24:e8:51:83 FREQ: 2412, cFreq1[40:80:160] = [0:0:0] cFreq2 = 0 Country Code = CN
02-09 04:41:42.371 D/LOWI-9.0.0.87.a( 1375): [LOWI-Scan] BSS 08:ff:24:e8:51:83 (wlan0) ASSO: NO AddInfo: 0x1, TSF 0, 00:19:46.539, RSSI: -144, CPL: 127, AGE: 11196, SSID ChinaNet-517D, TSFDelta: 0x788a0490, TXRate: 0
02-09 04:41:42.371 D/LOWI-9.0.0.87.a( 1375): [LOWI-Scan]
02-09 04:41:42.371 D/LOWI-9.0.0.87.a( 1375): [LOWI-Scan] print_bss_handler: Report Probe TSF 1196893269 as it greater than Beacon TSF 1186867104
02-09 04:41:42.371 D/LOWI-9.0.0.87.a( 1375): [LOWI-Scan] decode_rsn_wpa_ie: LOWI_ENCRYPTION_TYPE_WPA_PSK
02-09 04:41:42.371 D/LOWI-9.0.0.87.a( 1375): [LOWI-Scan] is_qcom_ie, bss_age: 0
02-09 04:41:42.371 D/LOWI-9.0.0.87.a( 1375): [LOWI-Scan] BSS 18:6f:2d:0a:ae:00 LOWI_PHY_MODE_11NG_HT20(5), Beacon Interval: 100, LOWI_ENCRYPTION_TYPE_WPA_PSK 11mcRanging: No, ANQP: No, LCI: No, Civic: No, capability(0x0531): ESS Privacy ShortPreamble SpectrumMgmt ShortSlotTime
02-09 04:41:42.371 D/LOWI-9.0.0.87.a( 1375): [LOWI-Scan] BSS 18:6f:2d:0a:ae:00 FREQ: 2427, cFreq1[40:80:160] = [2427:0:0] cFreq2 = 0 Country Code = CN
02-09 04:41:42.371 D/LOWI-9.0.0.87.a( 1375): [LOWI-Scan] BSS 18:6f:2d:0a:ae:00 (wlan0) ASSO: NO AddInfo: 0x0, TSF 0, 00:19:56.893, RSSI: -138, CPL: 127, AGE: 840, SSID Testing , TSFDelta: 0xabb88118, TXRate: 0
02-09 04:41:42.372 D/LOWI-9.0.0.87.a( 1375): [LOWI-Scan]
02-09 04:41:42.372 D/LOWI-9.0.0.87.a( 1375): [LOWI-Scan] print_bss_handler: Report beacon TSF 1196877705 as it greater than probe TSF 1196877705
02-09 04:41:42.372 D/LOWI-9.0.0.87.a( 1375): [LOWI-Scan] is_qcom_ie, bss_age: 0
02-09 04:41:42.372 D/LOWI-9.0.0.87.a( 1375): [LOWI-Scan] BSS 18:6f:2d:0a:ae:01 LOWI_PHY_MODE_11NG_HT20(5), Beacon Interval: 100, LOWI_ENCRYPTION_TYPE_OPEN 11mcRanging: No, ANQP: No, LCI: No, Civic: No, capability(0x0521): ESS ShortPreamble SpectrumMgmt ShortSlotTime
02-09 04:41:42.372 D/LOWI-9.0.0.87.a( 1375): [LOWI-Scan] BSS 18:6f:2d:0a:ae:01 FREQ: 2427, cFreq1[40:80:160] = [2427:0:0] cFreq2 = 0 Country Code = CN
02-09 04:41:42.372 D/LOWI-9.0.0.87.a( 1375): [LOWI-Scan] BSS 18:6f:2d:0a:ae:01 (wlan0) ASSO: NO AddInfo: 0x1, TSF 0, 00:19:56.877, RSSI: -140, CPL: 127, AGE: 856, SSID Guest, TSFDelta: 0xab514299, TXRate: 0
02-09 04:41:42.372 D/LOWI-9.0.0.87.a( 1375): [LOWI-Scan]
02-09 04:41:42.372 D/LOWI-9.0.0.87.a( 1375): [LOWI-Scan] print_bss_handler: Report beacon TSF 1186867284 as it greater than probe TSF 1186867284
02-09 04:41:42.372 D/LOWI-9.0.0.87.a( 1375): [LOWI-Scan] decode_rsn_wpa_ie: LOWI_ENCRYPTION_TYPE_WPA_PSK
02-09 04:41:42.372 D/LOWI-9.0.0.87.a( 1375): [LOWI-Scan] is_qcom_ie, bss_age: 0
02-09 04:41:42.372 D/LOWI-9.0.0.87.a( 1375): [LOWI-Scan] adjust_age:AP AGE upper limit reached. Dont store
02-09 04:41:42.372 D/LOWI-9.0.0.87.a( 1375): [LOWI-Scan] BSS 18:6f:2d:0a:ae:04 LOWI_PHY_MODE_11NG_HT20(5), Beacon Interval: 100, LOWI_ENCRYPTION_TYPE_WPA_PSK 11mcRanging: No, ANQP: No, LCI: No, Civic: No, capability(0x0531): ESS Privacy ShortPreamble SpectrumMgmt ShortSlotTime
02-09 04:41:42.372 D/LOWI-9.0.0.87.a( 1375): [LOWI-Scan] BSS 18:6f:2d:0a:ae:04 FREQ: 2427, cFreq1[40:80:160] = [2427:0:0] cFreq2 = 0 Country Code = CN
02-09 04:41:42.372 D/LOWI-9.0.0.87.a( 1375): [LOWI-Scan] BSS 18:6f:2d:0a:ae:04 (wlan0) ASSO: NO AddInfo: 0x1, TSF 0, 00:19:46.867, RSSI: -142, CPL: 127, AGE: 10868, SSID Fanya, TSFDelta: 0xacb0120e, TXRate: 0
02-09 04:41:42.372 D/LOWI-9.0.0.87.a( 1375): [LOWI-Scan]
02-09 04:41:42.372 D/LOWI-9.0.0.87.a( 1375): [LOWI-Scan] print_bss_handler: Report beacon TSF 1186999449 as it greater than probe TSF 1186999449
02-09 04:41:42.372 D/LOWI-9.0.0.87.a( 1375): [LOWI-Scan] is_qcom_ie, bss_age: 0
02-09 04:41:42.372 D/LOWI-9.0.0.87.a( 1375): [LOWI-Scan] adjust_age:AP AGE upper limit reached. Dont store
02-09 04:41:42.372 D/LOWI-9.0.0.87.a( 1375): [LOWI-Scan] BSS d4:1b:81:e9:bd:a2 LOWI_PHY_MODE_11NG_HT20(5), Beacon Interval: 100, LOWI_ENCRYPTION_TYPE_OPEN 11mcRanging: No, ANQP: No, LCI: No, Civic: No, capability(0x0421): ESS ShortPreamble ShortSlotTime
02-09 04:41:42.372 D/LOWI-9.0.0.87.a( 1375): [LOWI-Scan] BSS d4:1b:81:e9:bd:a2 FREQ: 2437, cFreq1[40:80:160] = [0:0:0] cFreq2 = 0 Country Code =
02-09 04:41:42.372 D/LOWI-9.0.0.87.a( 1375): [LOWI-Scan] BSS d4:1b:81:e9:bd:a2 (wlan0) ASSO: NO AddInfo: 0x1, TSF 0, 00:19:46.999, RSSI: -124, CPL: 127, AGE: 10736, SSID HP-Print-A2-LaserJet Pro MFP, TSFDelta: 0xc316e31e, TXRate: 0
02-09 04:41:42.372 D/LOWI-9.0.0.87.a( 1375): [LOWI-Scan]
02-09 04:41:42.372 D/LOWI-9.0.0.87.a( 1375): [LOWI-Scan] print_bss_handler: Report Probe TSF 1197063607 as it greater than Beacon TSF 1187063269
02-09 04:41:42.372 D/LOWI-9.0.0.87.a( 1375): [LOWI-Scan] decode_rsn_wpa_ie: LOWI_ENCRYPTION_TYPE_WPA_PSK
02-09 04:41:42.372 D/LOWI-9.0.0.87.a( 1375): [LOWI-Scan] is_qcom_ie, bss_age: 0
02-09 04:41:42.372 D/LOWI-9.0.0.87.a( 1375): [LOWI-Scan] BSS 18:6f:2d:81:25:44 LOWI_PHY_MODE_11NG_HT20(5), Beacon Interval: 100, LOWI_ENCRYPTION_TYPE_WPA_PSK 11mcRanging: No, ANQP: No, LCI: No, Civic: No, capability(0x0531): ESS Privacy ShortPreamble SpectrumMgmt ShortSlotTime
02-09 04:41:42.372 D/LOWI-9.0.0.87.a( 1375): [LOWI-Scan] BSS 18:6f:2d:81:25:44 FREQ: 2437, cFreq1[40:80:160] = [2437:0:0] cFreq2 = 0 Country Code = CN
02-09 04:41:42.372 D/LOWI-9.0.0.87.a( 1375): [LOWI-Scan] BSS 18:6f:2d:81:25:44 (wlan0) ASSO: NO AddInfo: 0x0, TSF 0, 00:19:57.063, RSSI: -78, CPL: 127, AGE: 672, SSID Fanya, TSFDelta: 0x49ebe6bd, TXRate: 0
02-09 04:41:42.372 D/LOWI-9.0.0.87.a( 1375): [LOWI-Scan]
02-09 04:41:42.372 D/LOWI-9.0.0.87.a( 1375): [LOWI-Scan] print_bss_handler: Report Probe TSF 1187298823 as it greater than Beacon TSF 0
02-09 04:41:42.372 D/LOWI-9.0.0.87.a( 1375): [LOWI-Scan] decode_rsn_wpa_ie: LOWI_ENCRYPTION_TYPE_WPA_PSK
02-09 04:41:42.372 D/LOWI-9.0.0.87.a( 1375): [LOWI-Scan] is_qcom_ie, bss_age: 0
02-09 04:41:42.373 D/LOWI-9.0.0.87.a( 1375): [LOWI-Scan] adjust_age:AP AGE upper limit reached. Dont store
02-09 04:41:42.373 D/LOWI-9.0.0.87.a( 1375): [LOWI-Scan] BSS 18:6f:2d:81:23:c0 LOWI_PHY_MODE_11NG_HT20(5), Beacon Interval: 100, LOWI_ENCRYPTION_TYPE_WPA_PSK 11mcRanging: No, ANQP: No, LCI: No, Civic: No, capability(0x0531): ESS Privacy ShortPreamble SpectrumMgmt ShortSlotTime
02-09 04:41:42.373 D/LOWI-9.0.0.87.a( 1375): [LOWI-Scan] BSS 18:6f:2d:81:23:c0 FREQ: 2452, cFreq1[40:80:160] = [2452:0:0] cFreq2 = 0 Country Code = CN
02-09 04:41:42.373 D/LOWI-9.0.0.87.a( 1375): [LOWI-Scan] BSS 18:6f:2d:81:23:c0 (wlan0) ASSO: NO AddInfo: 0x0, TSF 0, 00:19:47.298, RSSI: -140, CPL: 127, AGE: 10436, SSID Testing , TSFDelta: 0x55779dc3, TXRate: 0
02-09 04:41:42.373 D/LOWI-9.0.0.87.a( 1375): [LOWI-Scan]
02-09 04:41:42.373 D/LOWI-9.0.0.87.a( 1375): [LOWI-Scan] print_bss_handler: Report beacon TSF 1196581934 as it greater than probe TSF 1196581934
02-09 04:41:42.373 D/LOWI-9.0.0.87.a( 1375): [LOWI-Scan] decode_rsn_wpa_ie: LOWI_ENCRYPTION_TYPE_WPA_PSK
02-09 04:41:42.373 D/LOWI-9.0.0.87.a( 1375): [LOWI-Scan] is_qcom_ie, bss_age: 0
02-09 04:41:42.373 D/LOWI-9.0.0.87.a( 1375): [LOWI-Scan] BSS 18:6f:2d:81:18:94 LOWI_PHY_MODE_11AC_VHT20(8), Beacon Interval: 100, LOWI_ENCRYPTION_TYPE_WPA_PSK 11mcRanging: No, ANQP: No, LCI: No, Civic: No, capability(0x0111): ESS Privacy SpectrumMgmt
02-09 04:41:42.373 D/LOWI-9.0.0.87.a( 1375): [LOWI-Scan] BSS 18:6f:2d:81:18:94 FREQ: 5180, cFreq1[40:80:160] = [5180:0:0] cFreq2 = 0 Country Code = CN
02-09 04:41:42.373 D/LOWI-9.0.0.87.a( 1375): [LOWI-Scan] BSS 18:6f:2d:81:18:94 (wlan0) ASSO: NO AddInfo: 0x1, TSF 0, 00:19:56.581, RSSI: -162, CPL: 127, AGE: 1152, SSID ThunderSoft, TSFDelta: 0x4d7fe591, TXRate: 0
02-09 04:41:42.373 D/LOWI-9.0.0.87.a( 1375): [LOWI-Scan]
02-09 04:41:42.373 D/LOWI-9.0.0.87.a( 1375): [LOWI-Scan] print_bss_handler: Report beacon TSF 1196581985 as it greater than probe TSF 1196581985
02-09 04:41:42.373 D/LOWI-9.0.0.87.a( 1375): [LOWI-Scan] decode_rsn_wpa_ie: LOWI_ENCRYPTION_TYPE_WPA_PSK
02-09 04:41:42.373 D/LOWI-9.0.0.87.a( 1375): [LOWI-Scan] is_qcom_ie, bss_age: 0
02-09 04:41:42.373 D/LOWI-9.0.0.87.a( 1375): [LOWI-Scan] BSS 18:6f:2d:81:18:95 LOWI_PHY_MODE_11AC_VHT20(8), Beacon Interval: 100, LOWI_ENCRYPTION_TYPE_WPA_PSK 11mcRanging: No, ANQP: No, LCI: No, Civic: No, capability(0x0111): ESS Privacy SpectrumMgmt
02-09 04:41:42.373 D/LOWI-9.0.0.87.a( 1375): [LOWI-Scan] BSS 18:6f:2d:81:18:95 FREQ: 5180, cFreq1[40:80:160] = [5180:0:0] cFreq2 = 0 Country Code = CN
02-09 04:41:42.373 D/LOWI-9.0.0.87.a( 1375): [LOWI-Scan] BSS 18:6f:2d:81:18:95 (wlan0) ASSO: NO AddInfo: 0x1, TSF 0, 00:19:56.581, RSSI: -162, CPL: 127, AGE: 1152, SSID GM, TSFDelta: 0x4d82751d, TXRate: 0
02-09 04:41:42.373 D/LOWI-9.0.0.87.a( 1375): [LOWI-Scan]
02-09 04:41:42.373 D/LOWI-9.0.0.87.a( 1375): [LOWI-Scan] print_bss_handler: Report Probe TSF 1196607476 as it greater than Beacon TSF 0
02-09 04:41:42.373 D/LOWI-9.0.0.87.a( 1375): [LOWI-Scan] decode_rsn_wpa_ie: LOWI_ENCRYPTION_TYPE_WPA_PSK
02-09 04:41:42.373 D/LOWI-9.0.0.87.a( 1375): [LOWI-Scan] is_qcom_ie, bss_age: 0
02-09 04:41:42.373 D/LOWI-9.0.0.87.a( 1375): [LOWI-Scan] BSS 38:a9:1c:35:03:09 LOWI_PHY_MODE_11AC_VHT80(10), Beacon Interval: 100, LOWI_ENCRYPTION_TYPE_WPA_PSK 11mcRanging: No, ANQP: No, LCI: No, Civic: No, capability(0x0511): ESS Privacy SpectrumMgmt ShortSlotTime
02-09 04:41:42.373 D/LOWI-9.0.0.87.a( 1375): [LOWI-Scan] BSS 38:a9:1c:35:03:09 FREQ: 5180, cFreq1[40:80:160] = [5190:5210:0] cFreq2 = 0 Country Code = US
02-09 04:41:42.373 D/LOWI-9.0.0.87.a( 1375): [LOWI-Scan] BSS 38:a9:1c:35:03:09 (wlan0) ASSO: NO AddInfo: 0x0, TSF 0, 00:19:56.607, RSSI: -62, CPL: 127, AGE: 1128, SSID H3C_350304_5G, TSFDelta: 0xe105f45a, TXRate: 0
02-09 04:41:42.373 D/LOWI-9.0.0.87.a( 1375): [LOWI-Scan]
02-09 04:41:42.373 D/LOWI-9.0.0.87.a( 1375): [LOWI-Scan] print_bss_handler: Report Probe TSF 1196628524 as it greater than Beacon TSF 1196596258
02-09 04:41:42.373 D/LOWI-9.0.0.87.a( 1375): [LOWI-Scan] decode_rsn_wpa_ie: LOWI_ENCRYPTION_TYPE_WPA_PSK
02-09 04:41:42.373 D/LOWI-9.0.0.87.a( 1375): [LOWI-Scan] is_qcom_ie, bss_age: 0
02-09 04:41:42.373 D/LOWI-9.0.0.87.a( 1375): [LOWI-Scan] BSS 18:6f:2d:81:16:e2 LOWI_PHY_MODE_11NG_HT20(5), Beacon Interval: 100, LOWI_ENCRYPTION_TYPE_WPA_PSK 11mcRanging: No, ANQP: No, LCI: No, Civic: No, capability(0x0531): ESS Privacy ShortPreamble SpectrumMgmt ShortSlotTime
02-09 04:41:42.373 D/LOWI-9.0.0.87.a( 1375): [LOWI-Scan] BSS 18:6f:2d:81:16:e2 FREQ: 2412, cFreq1[40:80:160] = [2412:0:0] cFreq2 = 0 Country Code = CN
02-09 04:41:42.373 D/LOWI-9.0.0.87.a( 1375): [LOWI-Scan] BSS 18:6f:2d:81:16:e2 (wlan0) ASSO: NO AddInfo: 0x0, TSF 0, 00:19:56.628, RSSI: -116, CPL: 127, AGE: 1104, SSID ThunderSoft_2.4G, TSFDelta: 0x1e1aaa86, TXRate: 0
02-09 04:41:42.374 D/LOWI-9.0.0.87.a( 1375): [LOWI-Scan]
02-09 04:41:42.374 D/LOWI-9.0.0.87.a( 1375): [LOWI-Scan] print_bss_handler: Report Probe TSF 1196887906 as it greater than Beacon TSF 1196873351
02-09 04:41:42.374 D/LOWI-9.0.0.87.a( 1375): [LOWI-Scan] decode_rsn_wpa_ie: LOWI_ENCRYPTION_TYPE_WPA_PSK
02-09 04:41:42.374 D/LOWI-9.0.0.87.a( 1375): [LOWI-Scan] is_qcom_ie, bss_age: 0
02-09 04:41:42.374 D/LOWI-9.0.0.87.a( 1375): [LOWI-Scan] BSS 18:6f:2d:0a:b8:50 LOWI_PHY_MODE_11AC_VHT20(8), Beacon Interval: 100, LOWI_ENCRYPTION_TYPE_WPA_PSK 11mcRanging: No, ANQP: No, LCI: No, Civic: No, capability(0x0111): ESS Privacy SpectrumMgmt
02-09 04:41:42.374 D/LOWI-9.0.0.87.a( 1375): [LOWI-Scan] BSS 18:6f:2d:0a:b8:50 FREQ: 5785, cFreq1[40:80:160] = [5785:0:0] cFreq2 = 0 Country Code = CN
02-09 04:41:42.374 D/LOWI-9.0.0.87.a( 1375): [LOWI-Scan] BSS 18:6f:2d:0a:b8:50 (wlan0) ASSO: NO AddInfo: 0x0, TSF 0, 00:19:56.887, RSSI: -140, CPL: 127, AGE: 848, SSID Testing , TSFDelta: 0xde8295a9, TXRate: 0
02-09 04:41:42.374 D/LOWI-9.0.0.87.a( 1375): [LOWI-Scan]
02-09 04:41:42.374 D/LOWI-9.0.0.87.a( 1375): [LOWI-Scan] print_bss_handler: Report beacon TSF 1196873574 as it greater than probe TSF 1196873574
02-09 04:41:42.374 D/LOWI-9.0.0.87.a( 1375): [LOWI-Scan] is_qcom_ie, bss_age: 0
02-09 04:41:42.374 D/LOWI-9.0.0.87.a( 1375): [LOWI-Scan] BSS 18:6f:2d:0a:b8:51 LOWI_PHY_MODE_11AC_VHT20(8), Beacon Interval: 100, LOWI_ENCRYPTION_TYPE_OPEN 11mcRanging: No, ANQP: No, LCI: No, Civic: No, capability(0x0101): ESS SpectrumMgmt
02-09 04:41:42.378 I/liblog ( 1375): 9
02-09 04:41:42.378 D/LOWI-9.0.0.87.a( 1375): [LOWI-Scan]
02-09 04:41:42.378 D/LOWI-9.0.0.87.a( 1375): [LOWI-Scan] print_bss_handler: Report Probe TSF 1196891694 as it greater than Beacon TSF 1196874075
02-09 04:41:42.378 D/LOWI-9.0.0.87.a( 1375): [LOWI-Scan] decode_rsn_wpa_ie: LOWI_ENCRYPTION_TYPE_WPA_PSK
02-09 04:41:42.378 D/LOWI-9.0.0.87.a( 1375): [LOWI-Scan] is_qcom_ie, bss_age: 0
02-09 04:41:42.378 D/LOWI-9.0.0.87.a( 1375): [LOWI-Scan] BSS 18:6f:2d:0a:b8:53 LOWI_PHY_MODE_11AC_VHT20(8), Beacon Interval: 100, LOWI_ENCRYPTION_TYPE_WPA_PSK 11mcRanging: No, ANQP: No, LCI: No, Civic: No, capability(0x0111): ESS Privacy SpectrumMgmt
02-09 04:41:42.378 D/LOWI-9.0.0.87.a( 1375): [LOWI-Scan] BSS 18:6f:2d:0a:b8:53 FREQ: 5785, cFreq1[40:80:160] = [5785:0:0] cFreq2 = 0 Country Code = CN
02-09 04:41:42.378 D/LOWI-9.0.0.87.a( 1375): [LOWI-Scan] BSS 18:6f:2d:0a:b8:53 (wlan0) ASSO: NO AddInfo: 0x0, TSF 0, 00:19:56.891, RSSI: -138, CPL: 127, AGE: 844, SSID Fanya, TSFDelta: 0xde9b6637, TXRate: 0
02-09 04:41:42.378 D/LOWI-9.0.0.87.a( 1375): [LOWI-Scan]
02-09 04:41:42.378 D/LOWI-9.0.0.87.a( 1375): [LOWI-Scan] print_bss_handler: Report beacon TSF 1197086179 as it greater than probe TSF 1197086179
02-09 04:41:42.378 D/LOWI-9.0.0.87.a( 1375): [LOWI-Scan] decode_rsn_wpa_ie: LOWI_ENCRYPTION_TYPE_WPA_PSK
02-09 04:41:42.378 D/LOWI-9.0.0.87.a( 1375): [LOWI-Scan] is_qcom_ie, bss_age: 0
02-09 04:41:42.378 D/LOWI-9.0.0.87.a( 1375): [LOWI-Scan] BSS e2:a6:91:5c:d1:2a LOWI_PHY_MODE_11NG_HT20(5), Beacon Interval: 100, LOWI_ENCRYPTION_TYPE_WPA_PSK 11mcRanging: No, ANQP: No, LCI: No, Civic: No, capability(0x1c31): ESS Privacy ShortPreamble ShortSlotTime APSD
02-09 04:41:42.378 D/LOWI-9.0.0.87.a( 1375): [LOWI-Scan] BSS e2:a6:91:5c:d1:2a FREQ: 2437, cFreq1[40:80:160] = [2437:0:0] cFreq2 = 0 Country Code =
02-09 04:41:42.378 D/LOWI-9.0.0.87.a( 1375): [LOWI-Scan] BSS e2:a6:91:5c:d1:2a (wlan0) ASSO: NO AddInfo: 0x1, TSF 0, 00:19:57.086, RSSI: -136, CPL: 127, AGE: 648, SSID HUAWEI-GM-test1, TSFDelta: 0x42658aff, TXRate: 0
02-09 04:41:42.378 D/LOWI-9.0.0.87.a( 1375): [LOWI-Scan]
02-09 04:41:42.378 D/LOWI-9.0.0.87.a( 1375): [LOWI-Scan] print_bss_handler: Report Probe TSF 1197357542 as it greater than Beacon TSF 0
02-09 04:41:42.378 D/LOWI-9.0.0.87.a( 1375): [LOWI-Scan] decode_rsn_wpa_ie: LOWI_ENCRYPTION_TYPE_WPA_PSK
02-09 04:41:42.378 D/LOWI-9.0.0.87.a( 1375): [LOWI-Scan] is_qcom_ie, bss_age: 0
02-09 04:41:42.378 D/LOWI-9.0.0.87.a( 1375): [LOWI-Scan] BSS 2e:6d:c1:26:b7:36 LOWI_PHY_MODE_11NG_HT20(5), Beacon Interval: 100, LOWI_ENCRYPTION_TYPE_WPA_PSK 11mcRanging: No, ANQP: No, LCI: No, Civic: No, capability(0x8731): ESS Privacy ShortPreamble SpectrumMgmt QoS ShortSlotTime
02-09 04:41:42.378 D/LOWI-9.0.0.87.a( 1375): [LOWI-Scan] BSS 2e:6d:c1:26:b7:36 FREQ: 2452, cFreq1[40:80:160] = [0:0:0] cFreq2 = 0 Country Code =
02-09 04:41:42.378 D/LOWI-9.0.0.87.a( 1375): [LOWI-Scan] BSS 2e:6d:c1:26:b7:36 (wlan0) ASSO: NO AddInfo: 0x0, TSF 0, 00:19:57.357, RSSI: -122, CPL: 127, AGE: 376, SSID THUNDERSOFT 7528, TSFDelta: 0xf4edb30c, TXRate: 0
02-09 04:41:42.379 D/LOWI-9.0.0.87.a( 1375): [LOWI-Scan]
02-09 04:41:42.379 D/LOWI-9.0.0.87.a( 1375): [LOWI-Scan] print_bss_handler: Report Probe TSF 1197571231 as it greater than Beacon TSF 0
02-09 04:41:42.379 D/LOWI-9.0.0.87.a( 1375): [LOWI-Scan] decode_rsn_wpa_ie: LOWI_ENCRYPTION_TYPE_WPA_PSK
02-09 04:41:42.379 D/LOWI-9.0.0.87.a( 1375): [LOWI-Scan] is_qcom_ie, bss_age: 0
02-09 04:41:42.379 D/LOWI-9.0.0.87.a( 1375): [LOWI-Scan] BSS 18:6f:2d:0a:b8:40 LOWI_PHY_MODE_11NG_HT20(5), Beacon Interval: 100, LOWI_ENCRYPTION_TYPE_WPA_PSK 11mcRanging: No, ANQP: No, LCI: No, Civic: No, capability(0x0531): ESS Privacy ShortPreamble SpectrumMgmt ShortSlotTime
02-09 04:41:42.379 D/LOWI-9.0.0.87.a( 1375): [LOWI-Scan] BSS 18:6f:2d:0a:b8:40 FREQ: 2467, cFreq1[40:80:160] = [2467:0:0] cFreq2 = 0 Country Code = CN
02-09 04:41:42.379 D/LOWI-9.0.0.87.a( 1375): [LOWI-Scan] BSS 18:6f:2d:0a:b8:40 (wlan0) ASSO: NO AddInfo: 0x0, TSF 0, 00:19:57.571, RSSI: -138, CPL: 127, AGE: 164, SSID Testing , TSFDelta: 0xe3f5d7b4, TXRate: 0
02-09 04:41:42.379 D/LOWI-9.0.0.87.a( 1375): [LOWI-Scan]
02-09 04:41:42.379 D/LOWI-9.0.0.87.a( 1375): [LOWI-Scan] print_bss_handler: Report Probe TSF 1197583486 as it greater than Beacon TSF 0
02-09 04:41:42.379 D/LOWI-9.0.0.87.a( 1375): [LOWI-Scan] is_qcom_ie, bss_age: 0
02-09 04:41:42.379 D/LOWI-9.0.0.87.a( 1375): [LOWI-Scan] BSS 18:6f:2d:0a:b8:41 LOWI_PHY_MODE_11NG_HT20(5), Beacon Interval: 100, LOWI_ENCRYPTION_TYPE_OPEN 11mcRanging: No, ANQP: No, LCI: No, Civic: No, capability(0x0521): ESS ShortPreamble SpectrumMgmt ShortSlotTime
02-09 04:41:42.379 D/LOWI-9.0.0.87.a( 1375): [LOWI-Scan] BSS 18:6f:2d:0a:b8:41 FREQ: 2467, cFreq1[40:80:160] = [2467:0:0] cFreq2 = 0 Country Code = CN
02-09 04:41:42.379 D/LOWI-9.0.0.87.a( 1375): [LOWI-Scan] BSS 18:6f:2d:0a:b8:41 (wlan0) ASSO: NO AddInfo: 0x0, TSF 0, 00:19:57.583, RSSI: -138, CPL: 127, AGE: 152, SSID Guest, TSFDelta: 0xe44bdf48, TXRate: 0
02-09 04:41:42.379 D/LOWI-9.0.0.87.a( 1375): [LOWI-Scan]
02-09 04:41:42.379 D/LOWI-9.0.0.87.a( 1375): [LOWI-Scan] print_bss_handler: Report beacon TSF 1197595489 as it greater than probe TSF 1197583570
02-09 04:41:42.379 D/LOWI-9.0.0.87.a( 1375): [LOWI-Scan] decode_rsn_wpa_ie: LOWI_ENCRYPTION_TYPE_WPA_PSK
02-09 04:41:42.379 D/LOWI-9.0.0.87.a( 1375): [LOWI-Scan] is_qcom_ie, bss_age: 0
02-09 04:41:42.379 D/LOWI-9.0.0.87.a( 1375): [LOWI-Scan] BSS 18:6f:2d:0a:b8:42 LOWI_PHY_MODE_11NG_HT20(5), Beacon Interval: 100, LOWI_ENCRYPTION_TYPE_WPA_PSK 11mcRanging: No, ANQP: No, LCI: No, Civic: No, capability(0x0531): ESS Privacy ShortPreamble SpectrumMgmt ShortSlotTime
02-09 04:41:42.379 D/LOWI-9.0.0.87.a( 1375): [LOWI-Scan] BSS 18:6f:2d:0a:b8:42 FREQ: 2467, cFreq1[40:80:160] = [2467:0:0] cFreq2 = 0 Country Code = CN
02-09 04:41:42.379 D/LOWI-9.0.0.87.a( 1375): [LOWI-Scan] BSS 18:6f:2d:0a:b8:42 (wlan0) ASSO: NO AddInfo: 0x1, TSF 0, 00:19:57.595, RSSI: -112, CPL: 127, AGE: 148, SSID ThunderSoft_2.4G, TSFDelta: 0xe450e01a, TXRate: 0
02-09 04:41:42.379 D/LOWI-9.0.0.87.a( 1375): [LOWI-Scan]
02-09 04:41:42.379 D/LOWI-9.0.0.87.a( 1375): [LOWI-Scan] print_bss_handler: Report beacon TSF 1197595533 as it greater than probe TSF 1197595533
02-09 04:41:42.379 D/LOWI-9.0.0.87.a( 1375): [LOWI-Scan] decode_rsn_wpa_ie: LOWI_ENCRYPTION_TYPE_WPA_PSK
02-09 04:41:42.379 D/LOWI-9.0.0.87.a( 1375): [LOWI-Scan] is_qcom_ie, bss_age: 0
02-09 04:41:42.379 D/LOWI-9.0.0.87.a( 1375): [LOWI-Scan] BSS 18:6f:2d:0a:b8:44 LOWI_PHY_MODE_11NG_HT20(5), Beacon Interval: 100, LOWI_ENCRYPTION_TYPE_WPA_PSK 11mcRanging: No, ANQP: No, LCI: No, Civic: No, capability(0x0531): ESS Privacy ShortPreamble SpectrumMgmt ShortSlotTime
02-09 04:41:42.379 D/LOWI-9.0.0.87.a( 1375): [LOWI-Scan] BSS 18:6f:2d:0a:b8:44 FREQ: 2467, cFreq1[40:80:160] = [2467:0:0] cFreq2 = 0 Country Code = CN
02-09 04:41:42.379 D/LOWI-9.0.0.87.a( 1375): [LOWI-Scan] BSS 18:6f:2d:0a:b8:44 (wlan0) ASSO: NO AddInfo: 0x1, TSF 0, 00:19:57.595, RSSI: -116, CPL: 127, AGE: 148, SSID Fanya, TSFDelta: 0xe49f5e34, TXRate: 0
02-09 04:41:42.379 D/LOWI-9.0.0.87.a( 1375): [LOWIDiagLog] Log: lowiMeasResult->request: invalid null argument
02-09 04:41:42.379 I/LOWI-9.0.0.87.a( 1375): [LOWI-Scan] lowi_close_record:Scan done in 1182318ms, 75 APs in scan results
02-09 04:41:42.379 D/LOWI-9.0.0.87.a( 1375): [LOWI-Scan] WipsScanUsingNL: passive scan cached 0, took 10061 ms, err 0
02-09 04:41:42.379 D/LOWI-9.0.0.87.a( 1375): [LOWI-Scan] lowi_proc_req_passive_scan_with_live_meas - No WLAN Frames to be parsed
02-09 04:41:42.379 D/LOWI-9.0.0.87.a( 1375): [LOWIScanResultReceiver] Send scan meas to listener
02-09 04:41:42.379 D/LOWI-9.0.0.87.a( 1375): [LOWIScanResultReceiver] Enter passive listening mode
02-09 04:41:42.379 D/LOWI-9.0.0.87.a( 1375): [LOWIWifiDriverInterface] getMeasurements - Passive listening mode
02-09 04:41:42.379 D/LOWI-9.0.0.87.a( 1375): [LOWI-Scan] WipsScanUsingNL:wait -1 sec for netlink message
02-09 04:41:42.379 D/LOWI-9.0.0.87.a( 1375): [LOWIEventReceiver] handleEvent:FROM:NA, TO:NA, REQ:NA, IREQ:NA, REQ_ID:0, RESP:NA, INFO:NA
02-09 04:41:42.379 D/LOWI-9.0.0.87.a( 1375): [LOWIBackgroundScanMgr] isRspForBgScanMgr: evt(LOWI_NO_EVT) - not handled
02-09 04:41:42.379 D/LOWI-9.0.0.87.a( 1375): [LOWIScheduler] manageMsg: NULL results or NULL request in results
02-09 04:41:42.379 D/LOWI-9.0.0.87.a( 1375): [LOWIController] Measurements received
02-09 04:41:42.379 D/LOWI-9.0.0.87.a( 1375): [LOWICacheManager] putInCache:Num of Meas to add: 75
02-09 04:41:42.381 D/LOWI-9.0.0.87.a( 1375): [LOWIController] processMeasurementResults: No current Request. Cache measurements
02-09 04:41:42.381 D/LOWI-9.0.0.87.a( 1375): [LOWIController] sendAsyncScanResponse: Request FreeWifiScanObserver_0 is from a different client.
02-09 04:41:42.381 D/LOWI-9.0.0.87.a( 1375): [LOWIController] generateResponse: Type (ASYNC_DISCOVERY_SCAN_RESULTS) ScanStatus (1) request FreeWifiScanObserver_0
02-09 04:41:42.381 D/LOWI-9.0.0.87.a( 1375): [LOWIEventDispatcher] sendResponse - originator = FreeWifiScanObserver
02-09 04:41:42.381 D/LOWI-9.0.0.87.a( 1375): [LOWIUtils] injectScanMeasurements - num of APs = 75
02-09 04:41:42.382 I/sysui_multi_action( 5623): [757,46,758,1,833,0,1089,31]
02-09 04:41:42.382 I/LOWI-9.0.0.87.a( 1375): [LOWIUtils] responseToOutPostcard - TO: FreeWifiScanObserver, FROM: LOWI-SERVER, RESP: LOWI_ASYNC_DISCOVERY_SCAN_RESULTS
02-09 04:41:42.383 D/WificondScannerImpl( 1240): Filtering out 9 scan results.
02-09 04:41:42.383 D/LOWI-9.0.0.87.a( 1375): [LOWIControllerExtn] sendLOWILpDiscoveryScanResponse: Not a discovery scan response
02-09 04:41:42.389 I/sysui_multi_action( 5623): [757,1729,758,4,854,isParalleledControllers:false,1089,38]
02-09 04:41:42.418 W/WindowManager( 1240): updateScale : 0.45565748
02-09 04:41:42.436 W/WifiDebugService( 2367): Can not find target wifi network : hht_test_wifi_fc4318c9
02-09 04:41:42.757 I/OMX-VENC: venc_dev( 1301): stats: avg. fps 32.85, bitrate 1676834
02-09 04:41:42.845 W/hpplay-java( 2754): [main]:IPManager:getActiveNets invalid networkInfo:null
02-09 04:41:42.845 I/hpplay-java( 2754): [main]:IPManager:getActiveNets eth0:false wifi:false mobile:false ap:false
02-09 04:41:42.845 I/hpplay-java( 2754): [main]:ServerTaskManager:get local ip:null
02-09 04:41:43.253 I/mpu_uart( 645): [MSG-P:RECV]:No message received in 1000 ms
02-09 04:41:43.457 D/RemoteControlService( 2357): startVlanDispatchThread
01-04 09:10:19.041 E/DTC_ETH,link_delay_work_func( 0): 3003, SQI=0, link=0
02-09 04:41:43.758 I/OMX-VENC: venc_dev( 1301): stats: avg. fps 46.94, bitrate 3386398
02-09 04:41:43.847 W/hpplay-java( 2754): [main]:IPManager:getActiveNets invalid networkInfo:null
02-09 04:41:43.847 I/hpplay-java( 2754): [main]:IPManager:getActiveNets eth0:false wifi:false mobile:false ap:false
02-09 04:41:43.847 I/hpplay-java( 2754): [main]:ServerTaskManager:get local ip:null
02-09 04:41:43.861 E/tlogd ( 1349): [TzLogger](isPathReadable) file /sys/kernel/debug/tzdbg/qsee_log isn't exist or no permission, err: No such file or directory
02-09 04:41:43.861 E/tlogd ( 1349): [TzLogger](saveTzlogAsync) /sys/kernel/debug/tzdbg/qsee_log can not read.
02-09 04:41:43.861 E/tlogd ( 1349): [TzLogger](isPathReadable) file /sys/kernel/debug/tzdbg/log isn't exist or no permission, err: No such file or directory
02-09 04:41:43.861 E/tlogd ( 1349): [TzLogger](saveTzlogAsync) /sys/kernel/debug/tzdbg/log can not read.
02-09 04:41:44.253 I/mpu_uart( 645): [MSG-P:RECV]:No message received in 1000 ms
02-09 04:41:44.851 W/hpplay-java( 2754): [main]:IPManager:getActiveNets invalid networkInfo:null
02-09 04:41:44.851 I/hpplay-java( 2754): [main]:IPManager:getActiveNets eth0:false wifi:false mobile:false ap:false
02-09 04:41:44.851 I/hpplay-java( 2754): [main]:ServerTaskManager:get local ip:null
02-09 04:41:45.019 I/OMX-VENC: venc_dev( 1301): stats: avg. fps 26.96, bitrate 1856599
02-09 04:41:45.045 I/mpu_uart( 645): [MSG-P:R]:recv sync frame timeout
02-09 04:41:45.254 I/mpu_uart( 645): [MSG-P:RECV]:No message received in 1000 ms
02-09 04:41:45.278 I/input_interaction( 1240): Interaction with: 179ba77 com.android.gallery3d/com.android.gallery3d.app.GalleryActivity (server), edge-swipe (server), swipe-up (server), PointerEventDispatcher0 (server),
02-09 04:41:45.285 D/DecorView( 3921): onTouchEvent: action0
02-09 04:41:45.285 D/DecorView( 3921): onTouchEvent: interval1675888905285
02-09 04:41:45.285 I/wm_task_moved( 1240): [79,1,7]
02-09 04:41:45.286 I/wm_task_to_front( 1240): [0,79]
02-09 04:41:45.287 W/WindowManager( 1240): updateScale : 0.45565748
02-09 04:41:45.291 I/wm_set_resumed_activity( 1240): [0,com.android.gallery3d/.app.GalleryActivity,positionChildAt]
02-09 04:41:45.291 I/wm_focused_root_task( 1240): [0,0,79,80,setFocusedTask]
02-09 04:41:45.291 I/wm_set_resumed_activity( 1240): [0,com.android.gallery3d/.app.GalleryActivity,setFocusedTask]
02-09 04:41:45.291 I/ActivityTaskManager( 1240): FOREGROUND_APPLICATION_CHANGED to com.android.gallery3d.app.GalleryActivity
02-09 04:41:45.292 I/input_focus( 1240): [Focus request 179ba77 com.android.gallery3d/com.android.gallery3d.app.GalleryActivity,reason=UpdateInputWindows]
02-09 04:41:45.293 D/DecorView( 3921): onTouchEvent: action2
02-09 04:41:45.308 D/DecorView( 3921): onTouchEvent: action2
02-09 04:41:45.309 I/wm_on_top_resumed_lost_called( 5623): [166350893,com.android.settings.Settings,topStateChangedWhenResumed]
02-09 04:41:45.310 I/wm_on_top_resumed_gained_called( 3921): [47528597,com.android.gallery3d.app.GalleryActivity,topStateChangedWhenResumed]
02-09 04:41:45.313 I/input_focus( 1240): [Focus leaving 22a3637 com.android.settings/com.android.settings.Settings (server),reason=setFocusedWindow]
02-09 04:41:45.313 I/input_focus( 1240): [Focus entering 179ba77 com.android.gallery3d/com.android.gallery3d.app.GalleryActivity (server),reason=setFocusedWindow]
02-09 04:41:45.326 D/DecorView( 3921): onTouchEvent: action2
02-09 04:41:45.341 D/DecorView( 3921): onTouchEvent: action2
02-09 04:41:45.357 D/DecorView( 3921): onTouchEvent: action2
02-09 04:41:45.374 D/DecorView( 3921): onTouchEvent: action2
02-09 04:41:45.426 D/DecorView( 3921): onTouchEvent: action1
02-09 04:41:45.426 D/DecorView( 3921): onTouchEvent: ACTION_UPfalse
02-09 04:41:45.677 D/DecorView( 3921): onTouchEvent mIsDoubleCLick:false
02-09 04:41:45.677 D/DecorView( 3921): onTouchEvent: onConfigurationMiniChanged
02-09 04:41:45.713 I/GLRootView( 3921): onSurfaceChanged: 654x1104, gl10: com.google.android.gles_jni.GLImpl@45e2ec7
02-09 04:41:45.713 I/GLRootView( 3921): layout content pane 654x1104 (compensation 0)
02-09 04:41:45.714 I/ActivityTaskManager( 1240): clear resize flag in freeform mode
02-09 04:41:45.723 W/WindowManager( 1240): updateScale : 0.51834863
02-09 04:41:45.732 I/ActivityTaskManager( 1240): clear resize flag in freeform mode
02-09 04:41:45.732 W/WindowManager( 1240): updateScale : 0.5749236
02-09 04:41:45.745 W/WindowManager( 1240): updateScale : 0.5749236
02-09 04:41:45.754 I/ActivityTaskManager( 1240): clear resize flag in freeform mode
02-09 04:41:45.754 W/WindowManager( 1240): updateScale : 0.62079513
02-09 04:41:45.761 I/GLRootView( 3921): onSurfaceChanged: 654x1099, gl10: com.google.android.gles_jni.GLImpl@45e2ec7
02-09 04:41:45.761 I/GLRootView( 3921): layout content pane 654x1099 (compensation 0)
02-09 04:41:45.768 I/ActivityTaskManager( 1240): clear resize flag in freeform mode
02-09 04:41:45.769 W/WindowManager( 1240): updateScale : 0.65749234
02-09 04:41:45.781 I/ActivityTaskManager( 1240): clear resize flag in freeform mode
02-09 04:41:45.781 W/WindowManager( 1240): updateScale : 0.6880734
02-09 04:41:45.785 W/WindowManager( 1240): updateScale : 0.6880734
02-09 04:41:45.801 I/ActivityTaskManager( 1240): clear resize flag in freeform mode
02-09 04:41:45.802 W/WindowManager( 1240): updateScale : 0.7140673
02-09 04:41:45.804 W/WindowManager( 1240): updateScale : 0.7140673
02-09 04:41:45.813 I/ActivityTaskManager( 1240): clear resize flag in freeform mode
02-09 04:41:45.814 W/WindowManager( 1240): updateScale : 0.73394495
02-09 04:41:45.828 I/GLRootView( 3921): onSurfaceChanged: 654x1098, gl10: com.google.android.gles_jni.GLImpl@45e2ec7
02-09 04:41:45.828 I/GLRootView( 3921): layout content pane 654x1098 (compensation 0)
02-09 04:41:45.831 I/ActivityTaskManager( 1240): clear resize flag in freeform mode
02-09 04:41:45.835 W/WindowManager( 1240): updateScale : 0.74923545
02-09 04:41:45.838 W/WindowManager( 1240): updateScale : 0.74923545
02-09 04:41:45.848 I/ActivityTaskManager( 1240): clear resize flag in freeform mode
02-09 04:41:45.848 W/WindowManager( 1240): updateScale : 0.7614679
02-09 04:41:45.849 I/GLRootView( 3921): onSurfaceChanged: 654x1097, gl10: com.google.android.gles_jni.GLImpl@45e2ec7
02-09 04:41:45.850 I/GLRootView( 3921): layout content pane 654x1097 (compensation 0)
02-09 04:41:45.853 W/hpplay-java( 2754): [main]:IPManager:getActiveNets invalid networkInfo:null
02-09 04:41:45.853 I/hpplay-java( 2754): [main]:IPManager:getActiveNets eth0:false wifi:false mobile:false ap:false
02-09 04:41:45.853 I/hpplay-java( 2754): [main]:ServerTaskManager:get local ip:null
02-09 04:41:45.865 I/ActivityTaskManager( 1240): clear resize flag in freeform mode
02-09 04:41:45.866 W/WindowManager( 1240): updateScale : 0.77217126
02-09 04:41:45.879 W/WindowManager( 1240): updateScale : 0.77217126
02-09 04:41:45.882 I/ActivityTaskManager( 1240): clear resize flag in freeform mode
02-09 04:41:45.883 W/WindowManager( 1240): updateScale : 0.7782875
02-09 04:41:45.886 I/GLRootView( 3921): onSurfaceChanged: 654x1094, gl10: com.google.android.gles_jni.GLImpl@45e2ec7
02-09 04:41:45.886 I/GLRootView( 3921): layout content pane 654x1094 (compensation 0)
02-09 04:41:45.894 E/BLASTBufferQueue( 3921): [SurfaceView[com.android.gallery3d/com.android.gallery3d.app.GalleryActivity]#35](f:3,a:2) rejecting buffer:active_size=654x1098, requested_size=654x1094 buffer{size=654x1097 transform=0}
02-09 04:41:45.894 E/BLASTBufferQueue( 3921): [SurfaceView[com.android.gallery3d/com.android.gallery3d.app.GalleryActivity]#35](f:2,a:2) rejecting buffer:active_size=654x1098, requested_size=654x1094 buffer{size=654x1097 transform=0}
02-09 04:41:45.894 E/BLASTBufferQueue( 3921): [SurfaceView[com.android.gallery3d/com.android.gallery3d.app.GalleryActivity]#35](f:1,a:2) rejecting buffer:active_size=654x1098, requested_size=654x1094 buffer{size=654x1097 transform=0}
02-09 04:41:45.899 I/ActivityTaskManager( 1240): clear resize flag in freeform mode
02-09 04:41:45.900 W/WindowManager( 1240): updateScale : 0.7844037
