01-04 09:10:39.522 E/DTC_ETH,link_delay_work_func( 0): 3003, SQI=0, link=0
02-09 04:42:04.182 I/wm_relaunch_activity( 1240): [0,208887896,61,com.android.launcher3/.uioverrides.QuickstepLauncher]
02-09 04:42:04.182 V/StateManager( 3921): saveState
02-09 04:42:04.182 V/StateManager( 3921): saveState class com.android.gallery3d.app.AlbumSetPage
02-09 04:42:04.182 V/StateManager( 3921): destroy
02-09 04:42:04.182 I/wm_add_to_stopping( 1240): [0,208887896,com.android.launcher3/.uioverrides.QuickstepLauncher,preloadRecents]
02-09 04:42:04.185 I/InputDispatcher( 1240): Erasing monitor edge-swipe (server) on display 0, pid=2005
02-09 04:42:04.185 I/wm_on_destroy_called( 3921): [47528597,com.android.gallery3d.app.GalleryActivity,performDestroy]
02-09 04:42:04.185 I/GameMode_ActivityMonitoringService( 2082): onForegroundActivitiesChanged uid 10073 pid 5563 fg true
02-09 04:42:04.185 D/GameMode_WindowController( 2082): onConfigurationChanged orientation2
02-09 04:42:04.186 D/GameMode_WindowController( 2082): onConfigurationChanged locate[zh_CN]
02-09 04:42:04.186 I/sysui_multi_action( 5623): [757,35,758,2,1089,1886]
02-09 04:42:04.187 I/GameMode_ActivityMonitoringService( 2082): Updating top task to: TaskInfoContainer [topActivity=ComponentInfo{com.android.settings/com.android.settings.Settings}, taskId=80, stackId=80, userId=0, displayId=0, position=7
02-09 04:42:04.187 I/GameMode_ActivityMonitoringService( 2082): Notifying about top task: TaskInfoContainer [topActivity=ComponentInfo{com.android.settings/com.android.settings.Settings}, taskId=80, stackId=80, userId=0, displayId=0, position=7
02-09 04:42:04.187 I/GameMode_ActivityMonitoringService( 2082): WindowMode: 1
02-09 04:42:04.187 E/GameMode_ActivityMonitoringService( 2082): onActivityLaunch:com.android.settings
02-09 04:42:04.187 V/GameMode_GameTypeUtils( 2082): judge isGame:com.android.settings
02-09 04:42:04.187 V/GameMode_GpuUtils( 2082): fps:60
02-09 04:42:04.188 I/wm_on_paused_called( 5623): [166350893,com.android.settings.Settings,performPause]
02-09 04:42:04.188 D/GameMode_GameModeActionUtils( 2082): Show GameMode entry by service!
02-09 04:42:04.188 W/ContextImpl( 2082): Calling a method in the system process without a qualified user: android.app.ContextImpl.startService:1816 android.content.ContextWrapper.startService:774 com.thundercomm.gamemode.ingame.services.GameModeActionUtils.startGameModeService:111 com.thundercomm.gamemode.ingame.services.GameModeActionUtils.startGameModeEntry:22 com.thundercomm.gamemode.ingame.services.ActivityMonitoringService$1.onActivityLaunch:139
02-09 04:42:04.189 W/WindowManager( 1240): updateScale : 0.79357797
02-09 04:42:04.189 D/GameMode_GameModeService( 2082): type=hide_entry
02-09 04:42:04.189 D/GameModeIF_GameModeSettings( 2082): getUriFor setting_content_uri_root = content://com.thundercomm.gamemode.api/gamemode_settings , name = gamemode_isgaming
02-09 04:42:04.190 I/GameModeConfig( 1240): Current uri is uri = content://com.thundercomm.gamemode.api/gamemode_settings/gamemode_isgaming
02-09 04:42:04.190 D/GameModeIF_GameModeSettings( 1240): getUriFor setting_content_uri_root = content://com.thundercomm.gamemode.api/gamemode_settings , name = gamemode_isgaming
02-09 04:42:04.190 E/FrameEvents( 5563): updateAcquireFence: Did not find frame.
02-09 04:42:04.191 D/GameMode_GameSettingsObserver( 2082): Game Data change!!!! uri = content://com.thundercomm.gamemode.api/gamemode_settings/gamemode_isgaming
02-09 04:42:04.191 D/GameModeIF_GameModeSettings( 2082): getUriFor setting_content_uri_root = content://com.thundercomm.gamemode.api/gamemode_settings , name = gamemode_isgaming
02-09 04:42:04.191 D/GameModeIF_GameModeSettings( 2082): gamemode_isgaming set to 0
02-09 04:42:04.191 I/GameMode_ActivityMonitoringService( 2082): [Perf]-lastSession=
02-09 04:42:04.191 D/GameModeIF_GameModeSettings( 2082): getUriFor setting_content_uri_root = content://com.thundercomm.gamemode.api/gamemode_settings , name = gamemode_enable
02-09 04:42:04.191 W/WindowManager( 1240): updateScale : 0.79357797
02-09 04:42:04.192 I/GameModeConfig( 1240): isGameModeOn = false
02-09 04:42:04.192 I/GameModeConfig( 1240): isGameModeOn = false
02-09 04:42:04.192 I/GameModeConfig( 1240): isDisableVoice = true
02-09 04:42:04.193 E/FrameEvents( 5563): updateAcquireFence: Did not find frame.
02-09 04:42:04.193 D/GameMode_GameModeService( 2082): updateGlobalSettings = gamemode_isgaming
02-09 04:42:04.194 W/InputManager-JNI( 1240): Input channel object 'f11cb5e com.android.gallery3d/com.android.gallery3d.app.GalleryActivity (client)' was disposed without first being removed with the input manager!
02-09 04:42:04.195 I/BpBinder( 997): onLastStrongRef automatically unlinking death recipients:
02-09 04:42:04.195 I/wm_on_stop_called( 5623): [166350893,com.android.settings.Settings,handleRelaunchActivity]
02-09 04:42:04.196 E/FrameEvents( 5563): updateAcquireFence: Did not find frame.
02-09 04:42:04.197 D/CompatibilityInfo( 1240): mCompatibilityFlags - 4
02-09 04:42:04.197 D/CompatibilityInfo( 1240): applicationDensity - 240
02-09 04:42:04.197 D/CompatibilityInfo( 1240): applicationScale - 1.0
02-09 04:42:04.199 I/wm_on_destroy_called( 5623): [166350893,com.android.settings.Settings,performDestroy]
02-09 04:42:04.199 E/FrameEvents( 5563): updateAcquireFence: Did not find frame.
02-09 04:42:04.200 W/InputManager-JNI( 1240): Input channel object 'dbaa827 com.android.settings/com.android.settings.Settings (client)' was disposed without first being removed with the input manager!
02-09 04:42:04.203 D/Launcher.Model( 5563): startLoader
02-09 04:42:04.203 D/Launcher.Model( 5563): java.lang.Exception
02-09 04:42:04.203 D/Launcher.Model( 5563): at com.android.launcher3.LauncherModel.startLoader(LauncherModel.java:353)
02-09 04:42:04.203 D/Launcher.Model( 5563): at com.android.launcher3.LauncherModel.forceReload(LauncherModel.java:298)
02-09 04:42:04.203 D/Launcher.Model( 5563): at com.android.launcher3.LauncherAppState.refreshAndReloadLauncher(LauncherAppState.java:161)
02-09 04:42:04.203 D/Launcher.Model( 5563): at com.android.launcher3.LauncherAppState.lambda$new$0$LauncherAppState(LauncherAppState.java:89)
02-09 04:42:04.203 D/Launcher.Model( 5563): at com.android.launcher3.LauncherAppState$$ExternalSyntheticLambda0.onIdpChanged(Unknown Source:2)
02-09 04:42:04.203 D/Launcher.Model( 5563): at com.android.launcher3.InvariantDeviceProfile.onConfigChanged(InvariantDeviceProfile.java:379)
02-09 04:42:04.203 D/Launcher.Model( 5563): at com.android.launcher3.InvariantDeviceProfile.lambda$new$0$InvariantDeviceProfile(InvariantDeviceProfile.java:199)
02-09 04:42:04.203 D/Launcher.Model( 5563): at com.android.launcher3.InvariantDeviceProfile$$ExternalSyntheticLambda0.onDisplayInfoChanged(Unknown Source:2)
02-09 04:42:04.203 D/Launcher.Model( 5563): at com.android.launcher3.util.DisplayController.notifyChange(DisplayController.java:237)
02-09 04:42:04.203 D/Launcher.Model( 5563): at com.android.launcher3.util.DisplayController.lambda$handleInfoChange$0$DisplayController(DisplayController.java:231)
02-09 04:42:04.203 D/Launcher.Model( 5563): at com.android.launcher3.util.DisplayController$$ExternalSyntheticLambda1.run(Unknown Source:6)
02-09 04:42:04.203 D/Launcher.Model( 5563): at com.android.launcher3.util.LooperExecutor.execute(LooperExecutor.java:45)
02-09 04:42:04.203 D/Launcher.Model( 5563): at com.android.launcher3.util.DisplayController.handleInfoChange(DisplayController.java:231)
02-09 04:42:04.203 D/Launcher.Model( 5563): at com.android.launcher3.util.DisplayController.onConfigurationChanged(DisplayController.java:180)
02-09 04:42:04.203 D/Launcher.Model( 5563): at android.content.ComponentCallbacksController.lambda$dispatchConfigurationChanged$0(ComponentCallbacksController.java:91)
02-09 04:42:04.203 D/Launcher.Model( 5563): at android.content.ComponentCallbacksController$$ExternalSyntheticLambda1.accept(Unknown Source:4)
02-09 04:42:04.203 D/Launcher.Model( 5563): at android.content.ComponentCallbacksController.forAllComponentCallbacks(ComponentCallbacksController.java:124)
02-09 04:42:04.203 D/Launcher.Model( 5563): at android.content.ComponentCallbacksController.dispatchConfigurationChanged(ComponentCallbacksController.java:91)
02-09 04:42:04.203 D/Launcher.Model( 5563): at android.window.WindowContext.dispatchConfigurationChanged(WindowContext.java:125)
02-09 04:42:04.203 D/Launcher.Model( 5563): at android.window.WindowTokenClient.lambda$onConfigurationChanged$0(WindowTokenClient.java:90)
02-09 04:42:04.203 D/Launcher.Model( 5563): at android.window.WindowTokenClient$$ExternalSyntheticLambda0.run(Unknown Source:4)
02-09 04:42:04.203 D/Launcher.Model( 5563): at android.os.Handler.handleCallback(Handler.java:938)
02-09 04:42:04.203 D/Launcher.Model( 5563): at android.os.Handler.dispatchMessage(Handler.java:99)
02-09 04:42:04.203 D/Launcher.Model( 5563): at android.os.Looper.loopOnce(Looper.java:201)
02-09 04:42:04.203 D/Launcher.Model( 5563): at android.os.Looper.loop(Looper.java:288)
02-09 04:42:04.203 D/Launcher.Model( 5563): at android.app.ActivityThread.main(ActivityThread.java:7880)
02-09 04:42:04.203 D/Launcher.Model( 5563): at java.lang.reflect.Method.invoke(Native Method)
02-09 04:42:04.203 D/Launcher.Model( 5563): at com.android.internal.os.RuntimeInit$MethodAndArgsCaller.run(RuntimeInit.java:548)
02-09 04:42:04.203 D/Launcher.Model( 5563): at com.android.internal.os.ZygoteInit.main(ZygoteInit.java:1009)
02-09 04:42:04.203 W/InputManager-JNI( 1240): Input channel object '6387c5b NavigationBar0 (client)' was disposed without first being removed with the input manager!
02-09 04:42:04.203 E/libprocessgroup( 5563): set_timerslack_ns write failed: Operation not permitted
02-09 04:42:04.205 D/DeviceProfile( 5563): updateIconDrawableOffset: folderIconSizePx=68
02-09 04:42:04.205 D/NavigationModeController( 2005): getCurrentInteractionMode: mode=2 contextUser=0
02-09 04:42:04.206 D/LoaderTask( 5563): loadWorkspace: loading default favorites
02-09 04:42:04.206 D/LauncherProvider( 5563): call: method=load_default_favorites,arg=null,extras=null
02-09 04:42:04.206 D/NavigationModeController( 2005): getCurrentInteractionMode: mode=2 contextUser=0
02-09 04:42:04.211 D/BaseIconFactory( 5563): normalizeAndWrapToAdaptiveIcon: scale=0.80950594
02-09 04:42:04.212 V/StateManager( 3921): restoreFromState
02-09 04:42:04.212 V/StateManager( 3921): restoreFromState class com.android.gallery3d.app.AlbumSetPage
02-09 04:42:04.213 D/PrefCtrlListHelper( 5623): Could not find Context-only controller for pref: com.android.settings.display.AutoBrightnessPreferenceController
02-09 04:42:04.213 D/PrefCtrlListHelper( 5623): Could not find Context-only controller for pref: com.android.settings.security.screenlock.LockScreenPreferenceController
02-09 04:42:04.213 D/PrefCtrlListHelper( 5623): Could not find Context-only controller for pref: com.android.settings.display.DarkUIPreferenceController
02-09 04:42:04.213 D/BaseIconFactory( 5563): normalizeAndWrapToAdaptiveIcon: scale=0.80950594
02-09 04:42:04.213 D/NavigationModeController( 2005): getCurrentUserContext: contextUser=0 currentUser=0
02-09 04:42:04.214 D/NavigationModeController( 2005): getCurrentInteractionMode: mode=2 contextUser=0
02-09 04:42:04.215 D/EditModeHelper( 5563): setHotseatVisibility: 0
02-09 04:42:04.215 D/BaseIconFactory( 5563): normalizeAndWrapToAdaptiveIcon: scale=0.80950594
02-09 04:42:04.215 I/wm_on_create_called( 3921): [47528597,com.android.gallery3d.app.GalleryActivity,performCreate]
02-09 04:42:04.215 D/PrefCtrlListHelper( 5623): Could not find Context-only controller for pref: com.android.settings.display.FontSizePreferenceController
02-09 04:42:04.215 D/PrefCtrlListHelper( 5623): Could not find Context-only controller for pref: com.android.settings.display.NightDisplayPreferenceController
02-09 04:42:04.216 I/wm_on_start_called( 3921): [47528597,com.android.gallery3d.app.GalleryActivity,handleStartActivity]
02-09 04:42:04.217 D/PrefCtrlListHelper( 5623): Could not find Context-only controller for pref: com.android.settings.display.ColorModePreferenceController
02-09 04:42:04.217 D/PrefCtrlListHelper( 5623): Could not find Context-only controller for pref: com.android.settings.display.AutoRotatePreferenceController
02-09 04:42:04.217 D/PrefCtrlListHelper( 5623): Could not find Context-only controller for pref: com.android.settings.display.DisplayWhiteBalancePreferenceController
02-09 04:42:04.217 D/PrefCtrlListHelper( 5623): Could not find Context-only controller for pref: com.android.settings.display.PeakRefreshRatePreferenceController
02-09 04:42:04.217 D/RefreshRatePrefCtr( 5623): DEFAULT_REFRESH_RATE : 60.0 mPeakRefreshRate : 60.0
02-09 04:42:04.217 D/PrefCtrlListHelper( 5623): Could not find Context-only controller for pref: com.android.settings.display.HotSeatDirPreferenceController
02-09 04:42:04.219 D/Launcher.Model( 5563): startLoader
02-09 04:42:04.219 D/Launcher.Model( 5563): java.lang.Exception
02-09 04:42:04.219 D/Launcher.Model( 5563): at com.android.launcher3.LauncherModel.startLoader(LauncherModel.java:353)
02-09 04:42:04.219 D/Launcher.Model( 5563): at com.android.launcher3.LauncherModel.rebindCallbacks(LauncherModel.java:307)
02-09 04:42:04.219 D/Launcher.Model( 5563): at com.android.launcher3.Launcher.onIdpChanged(Launcher.java:656)
02-09 04:42:04.219 D/Launcher.Model( 5563): at com.android.launcher3.InvariantDeviceProfile.onConfigChanged(InvariantDeviceProfile.java:379)
02-09 04:42:04.219 D/Launcher.Model( 5563): at com.android.launcher3.InvariantDeviceProfile.lambda$new$0$InvariantDeviceProfile(InvariantDeviceProfile.java:199)
02-09 04:42:04.219 D/Launcher.Model( 5563): at com.android.launcher3.InvariantDeviceProfile$$ExternalSyntheticLambda0.onDisplayInfoChanged(Unknown Source:2)
02-09 04:42:04.219 D/Launcher.Model( 5563): at com.android.launcher3.util.DisplayController.notifyChange(DisplayController.java:237)
02-09 04:42:04.219 D/Launcher.Model( 5563): at com.android.launcher3.util.DisplayController.lambda$handleInfoChange$0$DisplayController(DisplayController.java:231)
02-09 04:42:04.219 D/Launcher.Model( 5563): at com.android.launcher3.util.DisplayController$$ExternalSyntheticLambda1.run(Unknown Source:6)
02-09 04:42:04.219 D/Launcher.Model( 5563): at com.android.launcher3.util.LooperExecutor.execute(LooperExecutor.java:45)
02-09 04:42:04.219 D/Launcher.Model( 5563): at com.android.launcher3.util.DisplayController.handleInfoChange(DisplayController.java:231)
02-09 04:42:04.219 D/Launcher.Model( 5563): at com.android.launcher3.util.DisplayController.onConfigurationChanged(DisplayController.java:180)
02-09 04:42:04.219 D/Launcher.Model( 5563): at android.content.ComponentCallbacksController.lambda$dispatchConfigurationChanged$0(ComponentCallbacksController.java:91)
02-09 04:42:04.219 D/Launcher.Model( 5563): at android.content.ComponentCallbacksController$$ExternalSyntheticLambda1.accept(Unknown Source:4)
02-09 04:42:04.219 D/Launcher.Model( 5563): at android.content.ComponentCallbacksController.forAllComponentCallbacks(ComponentCallbacksController.java:124)
02-09 04:42:04.219 D/Launcher.Model( 5563): at android.content.ComponentCallbacksController.dispatchConfigurationChanged(ComponentCallbacksController.java:91)
02-09 04:42:04.219 D/Launcher.Model( 5563): at android.window.WindowContext.dispatchConfigurationChanged(WindowContext.java:125)
02-09 04:42:04.219 D/Launcher.Model( 5563): at android.window.WindowTokenClient.lambda$onConfigurationChanged$0(WindowTokenClient.java:90)
02-09 04:42:04.219 D/Launcher.Model( 5563): at android.window.WindowTokenClient$$ExternalSyntheticLambda0.run(Unknown Source:4)
02-09 04:42:04.219 D/Launcher.Model( 5563): at android.os.Handler.handleCallback(Handler.java:938)
02-09 04:42:04.219 D/Launcher.Model( 5563): at android.os.Handler.dispatchMessage(Handler.java:99)
02-09 04:42:04.219 D/Launcher.Model( 5563): at android.os.Looper.loopOnce(Looper.java:201)
02-09 04:42:04.219 D/Launcher.Model( 5563): at android.os.Looper.loop(Looper.java:288)
02-09 04:42:04.219 D/Launcher.Model( 5563): at android.app.ActivityThread.main(ActivityThread.java:7880)
02-09 04:42:04.219 D/Launcher.Model( 5563): at java.lang.reflect.Method.invoke(Native Method)
02-09 04:42:04.219 D/Launcher.Model( 5563): at com.android.internal.os.RuntimeInit$MethodAndArgsCaller.run(RuntimeInit.java:548)
02-09 04:42:04.219 D/Launcher.Model( 5563): at com.android.internal.os.ZygoteInit.main(ZygoteInit.java:1009)
02-09 04:42:04.219 E/UserRestrictionsUtils( 1240): Unknown restriction queried by uid 1000 (com.android.provision et al): null
02-09 04:42:04.219 E/UserRestrictionsUtils( 1240): Unknown restriction queried by uid 1000 (com.android.provision et al): null
02-09 04:42:04.220 E/UserRestrictionsUtils( 1240): Unknown restriction queried by uid 1000 (com.android.provision et al): null
02-09 04:42:04.220 D/BaseIconFactory( 5563): normalizeAndWrapToAdaptiveIcon: scale=0.80950594
02-09 04:42:04.220 E/UserRestrictionsUtils( 1240): Unknown restriction queried by uid 1000 (com.android.provision et al): null
02-09 04:42:04.221 E/UserRestrictionsUtils( 1240): Unknown restriction queried by uid 1000 (com.android.provision et al): null
02-09 04:42:04.222 D/LoaderTask( 5563): loadWorkspace
02-09 04:42:04.222 D/LoaderTask( 5563): Cancelled
02-09 04:42:04.222 D/Gallery.MultiSetSync( 3921): onSyncDone: **** #pending=1
02-09 04:42:04.222 D/Gallery.MultiSetSync( 3921): request sync: ****
02-09 04:42:04.222 D/LoaderTask( 5563): loadWorkspace: loading default favorites
02-09 04:42:04.222 D/Gallery.MultiSetSync( 3921): onSyncDone: ****** #pending=0
02-09 04:42:04.222 D/LauncherProvider( 5563): call: method=load_default_favorites,arg=null,extras=null
02-09 04:42:04.222 D/Gallery.MultiSetSync( 3921): request sync: ******
02-09 04:42:04.223 D/DisplaySettings( 5623): NO dashboard tiles for DisplaySettings
02-09 04:42:04.223 D/DisplaySettings( 5623): All preferences added, reporting fully drawn
02-09 04:42:04.223 W/OrientationEventListener( 3921): Cannot detect sensors. Not enabled
02-09 04:42:04.223 I/wm_on_resume_called( 3921): [47528597,com.android.gallery3d.app.GalleryActivity,LIFECYCLER_RESUME_ACTIVITY]
02-09 04:42:04.223 D/StatusBar( 2005): disable disable2
02-09 04:42:04.225 D/Launcher.Model( 5563): startLoader
02-09 04:42:04.225 D/Launcher.Model( 5563): java.lang.Exception
02-09 04:42:04.225 D/Launcher.Model( 5563): at com.android.launcher3.LauncherModel.startLoader(LauncherModel.java:353)
02-09 04:42:04.225 D/Launcher.Model( 5563): at com.android.launcher3.LauncherModel.removeCallbacks(LauncherModel.java:320)
02-09 04:42:04.225 D/Launcher.Model( 5563): at com.android.launcher3.Launcher.onDestroy(Launcher.java:1769)
02-09 04:42:04.225 D/Launcher.Model( 5563): at com.android.launcher3.BaseQuickstepLauncher.onDestroy(BaseQuickstepLauncher.java:163)
02-09 04:42:04.225 D/Launcher.Model( 5563): at com.android.launcher3.uioverrides.QuickstepLauncher.onDestroy(QuickstepLauncher.java:239)
02-09 04:42:04.225 D/Launcher.Model( 5563): at android.app.Activity.performDestroy(Activity.java:8341)
02-09 04:42:04.225 D/Launcher.Model( 5563): at android.app.Instrumentation.callActivityOnDestroy(Instrumentation.java:1365)
02-09 04:42:04.225 D/Launcher.Model( 5563): at android.app.ActivityThread.performDestroyActivity(ActivityThread.java:5375)
02-09 04:42:04.225 D/Launcher.Model( 5563): at android.app.ActivityThread.handleDestroyActivity(ActivityThread.java:5421)
02-09 04:42:04.225 D/Launcher.Model( 5563): at android.app.ActivityThread.handleRelaunchActivityInner(ActivityThread.java:5715)
02-09 04:42:04.225 D/Launcher.Model( 5563): at android.app.ActivityThread.handleRelaunchActivity(ActivityThread.java:5631)
02-09 04:42:04.225 D/Launcher.Model( 5563): at android.app.servertransaction.ActivityRelaunchItem.execute(ActivityRelaunchItem.java:71)
02-09 04:42:04.225 D/Launcher.Model( 5563): at android.app.servertransaction.ActivityTransactionItem.execute(ActivityTransactionItem.java:45)
02-09 04:42:04.225 D/Launcher.Model( 5563): at android.app.servertransaction.TransactionExecutor.executeCallbacks(TransactionExecutor.java:135)
02-09 04:42:04.225 D/Launcher.Model( 5563): at android.app.servertransaction.TransactionExecutor.execute(TransactionExecutor.java:95)
02-09 04:42:04.225 D/Launcher.Model( 5563): at android.app.ActivityThread$H.handleMessage(ActivityThread.java:2211)
02-09 04:42:04.225 D/Launcher.Model( 5563): at android.os.Handler.dispatchMessage(Handler.java:106)
02-09 04:42:04.225 D/Launcher.Model( 5563): at android.os.Looper.loopOnce(Looper.java:201)
02-09 04:42:04.225 D/Launcher.Model( 5563): at android.os.Looper.loop(Looper.java:288)
02-09 04:42:04.225 D/Launcher.Model( 5563): at android.app.ActivityThread.main(ActivityThread.java:7880)
02-09 04:42:04.225 D/Launcher.Model( 5563): at java.lang.reflect.Method.invoke(Native Method)
02-09 04:42:04.225 D/Launcher.Model( 5563): at com.android.internal.os.RuntimeInit$MethodAndArgsCaller.run(RuntimeInit.java:548)
02-09 04:42:04.225 D/Launcher.Model( 5563): at com.android.internal.os.ZygoteInit.main(ZygoteInit.java:1009)
02-09 04:42:04.226 D/LoaderTask( 5563): loadWorkspace
02-09 04:42:04.226 D/LoaderTask( 5563): Cancelled
02-09 04:42:04.226 D/ProtectUartService( 2367): received unRegisterListener token:LAUNCHER_VOLTAGE_PROTECT
02-09 04:42:04.226 I/wm_on_destroy_called( 5563): [208887896,com.android.launcher3.uioverrides.QuickstepLauncher,performDestroy]
02-09 04:42:04.226 W/ConstraintSet( 2005): id unknown center_vertical_guideline
02-09 04:42:04.226 W/ConstraintSet( 2005): id unknown center_horizontal_guideline
02-09 04:42:04.226 W/ConstraintSet( 2005): id unknown media_action_barrier
02-09 04:42:04.227 W/ConstraintSet( 2005): id unknown remove_text
02-09 04:42:04.227 W/ConstraintSet( 2005): id unknown settings
02-09 04:42:04.227 W/ConstraintSet( 2005): id unknown cancel
02-09 04:42:04.227 W/ConstraintSet( 2005): id unknown dismiss
02-09 04:42:04.229 W/InputManager-JNI( 1240): Input channel object '75fdc9c com.android.launcher3/com.android.launcher3.uioverrides.QuickstepLauncher (client)' was disposed without first being removed with the input manager!
02-09 04:42:04.229 W/OrientationEventListener( 3921): Cannot detect sensors. Invalid disable
02-09 04:42:04.229 W/WindowManager( 1240): updateScale : 0.79357797
02-09 04:42:04.229 I/wm_on_paused_called( 3921): [47528597,com.android.gallery3d.app.GalleryActivity,performPause]
02-09 04:42:04.229 D/PrefCtrlListHelper( 5623): Could not find Context-only controller for pref: com.android.settings.network.TopLevelNetworkEntryPreferenceController
02-09 04:42:04.230 D/PrefCtrlListHelper( 5623): Could not find Context-only controller for pref: com.android.settings.connecteddevice.TopLevelConnectedDevicesPreferenceController
02-09 04:42:04.230 D/PrefCtrlListHelper( 5623): Could not find Context-only controller for pref: com.android.settings.fuelgauge.TopLevelBatteryPreferenceController
02-09 04:42:04.230 D/PrefCtrlListHelper( 5623): Could not find Context-only controller for pref: com.android.settings.deviceinfo.TopLevelStoragePreferenceController
02-09 04:42:04.230 D/PrefCtrlListHelper( 5623): Could not find Context-only controller for pref: com.android.settings.display.TopLevelDisplayPreferenceController
02-09 04:42:04.230 D/PrefCtrlListHelper( 5623): Could not find Context-only controller for pref: com.android.settings.display.TopLevelWallpaperPreferenceController
02-09 04:42:04.230 D/PrefCtrlListHelper( 5623): Could not find Context-only controller for pref: com.android.settings.accessibility.TopLevelAccessibilityPreferenceController
02-09 04:42:04.230 D/PrefCtrlListHelper( 5623): Could not find Context-only controller for pref: com.android.settings.security.TopLevelSecurityEntryPreferenceController
02-09 04:42:04.230 D/PrefCtrlListHelper( 5623): Could not find Context-only controller for pref: com.android.settings.location.TopLevelLocationPreferenceController
02-09 04:42:04.231 D/PrefCtrlListHelper( 5623): Could not find Context-only controller for pref: com.android.settings.accounts.TopLevelAccountEntryPreferenceController
02-09 04:42:04.231 D/PrefCtrlListHelper( 5623): Could not find Context-only controller for pref: com.android.settings.deviceinfo.aboutphone.TopLevelAboutDevicePreferenceController
02-09 04:42:04.231 D/PrefCtrlListHelper( 5623): Could not find Context-only controller for pref: com.android.settings.support.SupportPreferenceController
02-09 04:42:04.233 E/UserRestrictionsUtils( 1240): Unknown restriction queried by uid 1000 (com.android.provision et al): null
02-09 04:42:04.233 E/UserRestrictionsUtils( 1240): Unknown restriction queried by uid 1000 (com.android.provision et al): null
02-09 04:42:04.233 E/UserRestrictionsUtils( 1240): Unknown restriction queried by uid 1000 (com.android.provision et al): null
02-09 04:42:04.233 E/UserRestrictionsUtils( 1240): Unknown restriction queried by uid 1000 (com.android.provision et al): null
02-09 04:42:04.233 E/UserRestrictionsUtils( 1240): Unknown restriction queried by uid 1000 (com.android.provision et al): null
02-09 04:42:04.234 E/UserRestrictionsUtils( 1240): Unknown restriction queried by uid 1000 (com.android.provision et al): null
02-09 04:42:04.234 E/UserRestrictionsUtils( 1240): Unknown restriction queried by uid 1000 (com.android.provision et al): null
02-09 04:42:04.234 E/UserRestrictionsUtils( 1240): Unknown restriction queried by uid 1000 (com.android.provision et al): null
02-09 04:42:04.234 E/UserRestrictionsUtils( 1240): Unknown restriction queried by uid 1000 (com.android.provision et al): null
02-09 04:42:04.234 E/UserRestrictionsUtils( 1240): Unknown restriction queried by uid 1000 (com.android.provision et al): null
02-09 04:42:04.234 E/UserRestrictionsUtils( 1240): Unknown restriction queried by uid 1000 (com.android.provision et al): null
02-09 04:42:04.234 E/UserRestrictionsUtils( 1240): Unknown restriction queried by uid 1000 (com.android.provision et al): null
02-09 04:42:04.235 E/UserRestrictionsUtils( 1240): Unknown restriction queried by uid 1000 (com.android.provision et al): null
02-09 04:42:04.235 E/UserRestrictionsUtils( 1240): Unknown restriction queried by uid 1000 (com.android.provision et al): null
02-09 04:42:04.235 E/UserRestrictionsUtils( 1240): Unknown restriction queried by uid 1000 (com.android.provision et al): null
02-09 04:42:04.235 E/UserRestrictionsUtils( 1240): Unknown restriction queried by uid 1000 (com.android.provision et al): null
02-09 04:42:04.236 E/UserRestrictionsUtils( 1240): Unknown restriction queried by uid 1000 (com.android.provision et al): null
02-09 04:42:04.236 E/UserRestrictionsUtils( 1240): Unknown restriction queried by uid 1000 (com.android.provision et al): null
02-09 04:42:04.236 W/InstrumentedPrefFrag( 5623): Screen title missing for fragment com.android.settings.homepage.TopLevelSettings
02-09 04:42:04.236 D/TopLevelSettings( 5623): NO dashboard tiles for TopLevelSettings
02-09 04:42:04.236 D/TopLevelSettings( 5623): All preferences added, reporting fully drawn
02-09 04:42:04.238 D/DeviceProfile( 5563): updateIconDrawableOffset: folderIconSizePx=68
02-09 04:42:04.239 W/WindowManager( 1240): updateScale : 0.79357797
02-09 04:42:04.242 I/SettingsHomepageActivity( 5623): SettingsHomepageActivity: onCreate
02-09 04:42:04.246 W/ConstraintSet( 2005): id unknown center_vertical_guideline
02-09 04:42:04.246 W/ConstraintSet( 2005): id unknown center_horizontal_guideline
02-09 04:42:04.247 W/ConstraintSet( 2005): id unknown media_action_barrier
02-09 04:42:04.247 W/ConstraintSet( 2005): id unknown remove_text
02-09 04:42:04.247 W/ConstraintSet( 2005): id unknown settings
02-09 04:42:04.247 W/ConstraintSet( 2005): id unknown cancel
02-09 04:42:04.247 W/ConstraintSet( 2005): id unknown dismiss
02-09 04:42:04.251 W/GLSurfaceView( 3921): Warning, !readyToDraw() but waiting for draw finished! Early reporting draw finished.
02-09 04:42:04.251 D/AvatarViewMixin( 5623): Feature disabled by config. Skipping
02-09 04:42:04.252 I/wm_on_create_called( 5623): [166350893,com.android.settings.Settings,performCreate]
02-09 04:42:04.253 D/QCCAuthMgr( 5464): SMQContentProvider query uri: content://com.qti.smq.Feedback.provider/smq_settings, selection: key=?, uri_matcher: 1
02-09 04:42:04.253 D/QCCAuthMgr( 5464): SMQContentProvider query tableName: smq_settings
02-09 04:42:04.256 D/KeyguardViewMediator( 2005): adjustStatusBarLocked: mShowing=false mOccluded=false isSecure=false force=false --> flags=0x0
02-09 04:42:04.258 W/GLSurfaceView( 3921): Warning, !readyToDraw() but waiting for draw finished! Early reporting draw finished.
02-09 04:42:04.260 I/WindowManager( 1240): finishDrawing of relaunch: Window{61d433b u0 com.android.gallery3d/com.android.gallery3d.app.GalleryActivity} 79ms
02-09 04:42:04.260 W/WindowManager( 1240): updateScale : 0.79357797
02-09 04:42:04.260 W/FreeFormWindowHelper( 1240): Current Display FreeFormTask is Task{30b8a4c #79 type=standard A=10064:com.android.gallery3d U=0 visible=false mode=freeform translucent=true sz=1}
02-09 04:42:04.261 E/ThemeUtils( 5563): View class com.android.quickstep.views.ClearAllImageView is an AppCompat widget that can only be used with a Theme.AppCompat theme (or descendant).
02-09 04:42:04.262 V/KeyguardUpdateMonitor( 2005): *** unregister callback for com.android.keyguard.AnimatableClockController$4@215604a
02-09 04:42:04.262 V/KeyguardUpdateMonitor( 2005): *** unregister callback for com.android.keyguard.AnimatableClockController$4@6f99431
02-09 04:42:04.263 W/WindowManager( 1240): updateScale : 0.79357797
02-09 04:42:04.263 I/mpu_uart( 645): [MSG-P:RECV]:No message received in 1000 ms
02-09 04:42:04.264 V/KeyguardUpdateMonitor( 2005): *** unregister callback for com.android.keyguard.KeyguardStatusViewController$2@6a1aea2
02-09 04:42:04.265 W/WindowManager( 1240): updateScale : 0.79357797
02-09 04:42:04.266 I/wm_stop_activity( 1240): [0,208887896,com.android.launcher3/.uioverrides.QuickstepLauncher]
02-09 04:42:04.266 D/PrefCtrlListHelper( 5623): Could not find Context-only controller for pref: com.android.settings.network.TopLevelNetworkEntryPreferenceController
02-09 04:42:04.267 D/PrefCtrlListHelper( 5623): Could not find Context-only controller for pref: com.android.settings.connecteddevice.TopLevelConnectedDevicesPreferenceController
02-09 04:42:04.267 D/PrefCtrlListHelper( 5623): Could not find Context-only controller for pref: com.android.settings.fuelgauge.TopLevelBatteryPreferenceController
02-09 04:42:04.267 D/PrefCtrlListHelper( 5623): Could not find Context-only controller for pref: com.android.settings.deviceinfo.TopLevelStoragePreferenceController
02-09 04:42:04.267 D/PrefCtrlListHelper( 5623): Could not find Context-only controller for pref: com.android.settings.display.TopLevelDisplayPreferenceController
02-09 04:42:04.267 D/PrefCtrlListHelper( 5623): Could not find Context-only controller for pref: com.android.settings.display.TopLevelWallpaperPreferenceController
02-09 04:42:04.267 D/PrefCtrlListHelper( 5623): Could not find Context-only controller for pref: com.android.settings.accessibility.TopLevelAccessibilityPreferenceController
02-09 04:42:04.267 D/PrefCtrlListHelper( 5623): Could not find Context-only controller for pref: com.android.settings.security.TopLevelSecurityEntryPreferenceController
02-09 04:42:04.267 D/PrefCtrlListHelper( 5623): Could not find Context-only controller for pref: com.android.settings.location.TopLevelLocationPreferenceController
02-09 04:42:04.267 D/PrefCtrlListHelper( 5623): Could not find Context-only controller for pref: com.android.settings.accounts.TopLevelAccountEntryPreferenceController
02-09 04:42:04.267 D/PrefCtrlListHelper( 5623): Could not find Context-only controller for pref: com.android.settings.deviceinfo.aboutphone.TopLevelAboutDevicePreferenceController
02-09 04:42:04.267 D/PrefCtrlListHelper( 5623): Could not find Context-only controller for pref: com.android.settings.support.SupportPreferenceController
02-09 04:42:04.268 E/UserRestrictionsUtils( 1240): Unknown restriction queried by uid 1000 (com.android.provision et al): null
02-09 04:42:04.268 E/UserRestrictionsUtils( 1240): Unknown restriction queried by uid 1000 (com.android.provision et al): null
02-09 04:42:04.268 E/UserRestrictionsUtils( 1240): Unknown restriction queried by uid 1000 (com.android.provision et al): null
02-09 04:42:04.268 E/UserRestrictionsUtils( 1240): Unknown restriction queried by uid 1000 (com.android.provision et al): null
02-09 04:42:04.268 E/UserRestrictionsUtils( 1240): Unknown restriction queried by uid 1000 (com.android.provision et al): null
02-09 04:42:04.269 E/UserRestrictionsUtils( 1240): Unknown restriction queried by uid 1000 (com.android.provision et al): null
02-09 04:42:04.269 E/UserRestrictionsUtils( 1240): Unknown restriction queried by uid 1000 (com.android.provision et al): null
02-09 04:42:04.269 E/UserRestrictionsUtils( 1240): Unknown restriction queried by uid 1000 (com.android.provision et al): null
02-09 04:42:04.269 E/UserRestrictionsUtils( 1240): Unknown restriction queried by uid 1000 (com.android.provision et al): null
02-09 04:42:04.269 E/UserRestrictionsUtils( 1240): Unknown restriction queried by uid 1000 (com.android.provision et al): null
02-09 04:42:04.269 E/UserRestrictionsUtils( 1240): Unknown restriction queried by uid 1000 (com.android.provision et al): null
02-09 04:42:04.270 E/UserRestrictionsUtils( 1240): Unknown restriction queried by uid 1000 (com.android.provision et al): null
02-09 04:42:04.270 E/UserRestrictionsUtils( 1240): Unknown restriction queried by uid 1000 (com.android.provision et al): null
02-09 04:42:04.270 E/UserRestrictionsUtils( 1240): Unknown restriction queried by uid 1000 (com.android.provision et al): null
02-09 04:42:04.270 E/UserRestrictionsUtils( 1240): Unknown restriction queried by uid 1000 (com.android.provision et al): null
02-09 04:42:04.270 E/UserRestrictionsUtils( 1240): Unknown restriction queried by uid 1000 (com.android.provision et al): null
02-09 04:42:04.270 E/UserRestrictionsUtils( 1240): Unknown restriction queried by uid 1000 (com.android.provision et al): null
02-09 04:42:04.271 E/UserRestrictionsUtils( 1240): Unknown restriction queried by uid 1000 (com.android.provision et al): null
02-09 04:42:04.271 W/InstrumentedPrefFrag( 5623): Screen title missing for fragment com.android.settings.homepage.TopLevelSettings
02-09 04:42:04.271 D/TopLevelSettings( 5623): NO dashboard tiles for TopLevelSettings
02-09 04:42:04.271 D/TopLevelSettings( 5623): All preferences added, reporting fully drawn
02-09 04:42:04.273 V/KeyguardUpdateMonitor( 2005): *** register callback for com.android.keyguard.AnimatableClockController$4@a144346
02-09 04:42:04.273 V/KeyguardUpdateMonitor( 2005): *** unregister callback for null
02-09 04:42:04.273 V/KeyguardUpdateMonitor( 2005): *** register callback for com.android.keyguard.AnimatableClockController$4@1ed205d
02-09 04:42:04.273 V/KeyguardUpdateMonitor( 2005): *** unregister callback for null
02-09 04:42:04.275 V/KeyguardUpdateMonitor( 2005): *** register callback for com.android.keyguard.KeyguardStatusViewController$2@dc2751e
02-09 04:42:04.275 V/KeyguardUpdateMonitor( 2005): *** unregister callback for null
02-09 04:42:04.276 V/KeyguardUpdateMonitor( 2005): *** unregister callback for com.android.keyguard.EmergencyButtonController$1@78fae7f
02-09 04:42:04.277 D/EditModeHelper( 5563): setHotseatVisibility: 0
02-09 04:42:04.277 V/KeyguardUpdateMonitor( 2005): *** unregister callback for com.android.systemui.statusbar.phone.KeyguardBottomAreaView$9@7206dd9
02-09 04:42:04.278 D/Launcher.Model( 5563): startLoader
02-09 04:42:04.278 D/Launcher.Model( 5563): java.lang.Exception
02-09 04:42:04.278 D/Launcher.Model( 5563): at com.android.launcher3.LauncherModel.startLoader(LauncherModel.java:353)
02-09 04:42:04.278 D/Launcher.Model( 5563): at com.android.launcher3.LauncherModel.addCallbacksAndLoad(LauncherModel.java:333)
02-09 04:42:04.278 D/Launcher.Model( 5563): at com.android.launcher3.Launcher.onCreate(Launcher.java:526)
02-09 04:42:04.278 D/Launcher.Model( 5563): at com.android.launcher3.BaseQuickstepLauncher.onCreate(BaseQuickstepLauncher.java:147)
02-09 04:42:04.278 D/Launcher.Model( 5563): at android.app.Activity.performCreate(Activity.java:8076)
02-09 04:42:04.278 D/Launcher.Model( 5563): at android.app.Activity.performCreate(Activity.java:8056)
02-09 04:42:04.278 D/Launcher.Model( 5563): at android.app.Instrumentation.callActivityOnCreate(Instrumentation.java:1330)
02-09 04:42:04.278 D/Launcher.Model( 5563): at android.app.ActivityThread.performLaunchActivity(ActivityThread.java:3609)
02-09 04:42:04.278 D/Launcher.Model( 5563): at android.app.ActivityThread.handleLaunchActivity(ActivityThread.java:3793)
02-09 04:42:04.278 D/Launcher.Model( 5563): at android.app.ActivityThread.handleRelaunchActivityInner(ActivityThread.java:5739)
02-09 04:42:04.278 D/Launcher.Model( 5563): at android.app.ActivityThread.handleRelaunchActivity(ActivityThread.java:5631)
02-09 04:42:04.278 D/Launcher.Model( 5563): at android.app.servertransaction.ActivityRelaunchItem.execute(ActivityRelaunchItem.java:71)
02-09 04:42:04.278 D/Launcher.Model( 5563): at android.app.servertransaction.ActivityTransactionItem.execute(ActivityTransactionItem.java:45)
02-09 04:42:04.278 D/Launcher.Model( 5563): at android.app.servertransaction.TransactionExecutor.executeCallbacks(TransactionExecutor.java:135)
02-09 04:42:04.278 D/Launcher.Model( 5563): at android.app.servertransaction.TransactionExecutor.execute(TransactionExecutor.java:95)
02-09 04:42:04.278 D/Launcher.Model( 5563): at android.app.ActivityThread$H.handleMessage(ActivityThread.java:2211)
02-09 04:42:04.278 D/Launcher.Model( 5563): at android.os.Handler.dispatchMessage(Handler.java:106)
02-09 04:42:04.278 D/Launcher.Model( 5563): at android.os.Looper.loopOnce(Looper.java:201)
02-09 04:42:04.278 D/Launcher.Model( 5563): at android.os.Looper.loop(Looper.java:288)
02-09 04:42:04.278 D/Launcher.Model( 5563): at android.app.ActivityThread.main(ActivityThread.java:7880)
02-09 04:42:04.278 D/Launcher.Model( 5563): at java.lang.reflect.Method.invoke(Native Method)
02-09 04:42:04.278 D/Launcher.Model( 5563): at com.android.internal.os.RuntimeInit$MethodAndArgsCaller.run(RuntimeInit.java:548)
02-09 04:42:04.278 D/Launcher.Model( 5563): at com.android.internal.os.ZygoteInit.main(ZygoteInit.java:1009)
02-09 04:42:04.279 D/LoaderTask( 5563): loadWorkspace: loading default favorites
02-09 04:42:04.279 D/LauncherProvider( 5563): call: method=load_default_favorites,arg=null,extras=null
02-09 04:42:04.280 W/BatteryBroadcastRcvr( 5623): Problem reading the battery meter.
02-09 04:42:04.280 D/ControlsListingControllerImpl( 2005): Unsubscribing callback
02-09 04:42:04.281 I/wm_on_start_called( 5623): [166350893,com.android.settings.Settings,handleStartActivity]
02-09 04:42:04.281 I/snet_event_log( 5623): [120484087,-1,]
02-09 04:42:04.282 I/wm_on_resume_called( 5623): [166350893,com.android.settings.Settings,RESUME_ACTIVITY]
02-09 04:42:04.282 I/sysui_multi_action( 5623): [757,340,758,1,833,0,1089,54]
02-09 04:42:04.283 I/sysui_multi_action( 5623): [757,35,758,1,833,0,1089,17]
02-09 04:42:04.284 I/sysui_multi_action( 5623): [757,1729,758,4,854,isParalleledControllers:false,1089,18]
02-09 04:42:04.284 I/wm_on_top_resumed_gained_called( 5623): [166350893,com.android.settings.Settings,topWhenResuming]
02-09 04:42:04.285 D/UsageGraph( 5623): No enabled state changed, skipping updateCategory call
02-09 04:42:04.285 V/KeyguardUpdateMonitor( 2005): *** register callback for com.android.systemui.statusbar.phone.KeyguardBottomAreaView$9@c069685
02-09 04:42:04.285 V/KeyguardUpdateMonitor( 2005): *** unregister callback for null
02-09 04:42:04.286 D/ProtectUartService( 2367): received RegisterListener token:LAUNCHER_VOLTAGE_PROTECT
02-09 04:42:04.286 I/wm_on_create_called( 5563): [208887896,com.android.launcher3.uioverrides.QuickstepLauncher,performCreate]
02-09 04:42:04.287 I/wm_on_start_called( 5563): [208887896,com.android.launcher3.uioverrides.QuickstepLauncher,handleStartActivity]
02-09 04:42:04.288 I/wm_on_resume_called( 5563): [208887896,com.android.launcher3.uioverrides.QuickstepLauncher,LIFECYCLER_RESUME_ACTIVITY]
02-09 04:42:04.288 D/ControlsListingControllerImpl( 2005): Subscribing callback, service count: 0
02-09 04:42:04.289 D/BaseIconFactory( 5563): normalizeAndWrapToAdaptiveIcon: scale=0.80950594
02-09 04:42:04.289 V/KeyguardUpdateMonitor( 2005): *** register callback for com.android.keyguard.EmergencyButtonController$1@345d50b
02-09 04:42:04.289 V/KeyguardUpdateMonitor( 2005): *** unregister callback for null
02-09 04:42:04.290 D/BatteryInfo( 5623): time for getStats: 0ms
02-09 04:42:04.291 D/BatteryInfo( 5623): time for regular BatteryInfo: 1ms
02-09 04:42:04.291 D/BatteryInfo( 5623): time for getBatteryInfo: 0ms
02-09 04:42:04.291 D/BatteryTipLoader( 5623): BatteryInfoLoader post query: 1ms
02-09 04:42:04.291 D/BatteryInfo( 5623): time for getBatteryInfo: 0ms
02-09 04:42:04.291 D/BatteryTipLoader( 5623): BatteryInfoLoader.loadInBackground: 1ms
02-09 04:42:04.293 E/EmergencyButton( 2005): Fail to call TelephonyManager.requestCellInfoUpdate
02-09 04:42:04.293 E/EmergencyButton( 2005): java.lang.IllegalStateException: Telephony is null
02-09 04:42:04.293 E/EmergencyButton( 2005): at android.telephony.TelephonyManager.requestCellInfoUpdate(TelephonyManager.java:6362)
02-09 04:42:04.293 E/EmergencyButton( 2005): at com.android.keyguard.EmergencyButtonController.requestCellInfoUpdate(EmergencyButtonController.java:182)
02-09 04:42:04.293 E/EmergencyButton( 2005): at com.android.keyguard.EmergencyButtonController.access$100(EmergencyButtonController.java:51)
02-09 04:42:04.293 E/EmergencyButton( 2005): at com.android.keyguard.EmergencyButtonController$1.onPhoneStateChanged(EmergencyButtonController.java:77)
02-09 04:42:04.293 E/EmergencyButton( 2005): at com.android.keyguard.KeyguardUpdateMonitor.sendUpdates(KeyguardUpdateMonitor.java:3085)
02-09 04:42:04.293 E/EmergencyButton( 2005): at com.android.keyguard.KeyguardUpdateMonitor.registerCallback(KeyguardUpdateMonitor.java:3062)
02-09 04:42:04.293 E/EmergencyButton( 2005): at com.android.keyguard.EmergencyButtonController.onViewAttached(EmergencyButtonController.java:119)
02-09 04:42:04.293 E/EmergencyButton( 2005): at com.android.systemui.util.ViewController$1.onViewAttachedToWindow(ViewController.java:52)
02-09 04:42:04.293 E/EmergencyButton( 2005): at com.android.systemui.util.ViewController.init(ViewController.java:80)
02-09 04:42:04.293 E/EmergencyButton( 2005): at com.android.systemui.statusbar.phone.NotificationPanelViewController.initBottomArea(NotificationPanelViewController.java:1201)
02-09 04:42:04.293 E/EmergencyButton( 2005): at com.android.systemui.statusbar.phone.NotificationPanelViewController.reInflateViews(NotificationPanelViewController.java:1154)
02-09 04:42:04.293 E/EmergencyButton( 2005): at com.android.systemui.statusbar.phone.NotificationPanelViewController.access$10100(NotificationPanelViewController.java:184)
02-09 04:42:04.293 E/EmergencyButton( 2005): at com.android.systemui.statusbar.phone.NotificationPanelViewController$ConfigurationListener.onDensityOrFontScaleChanged(NotificationPanelViewController.java:4419)
02-09 04:42:04.293 E/EmergencyButton( 2005): at com.android.systemui.statusbar.phone.ConfigurationControllerImpl.onConfigurationChanged(ConfigurationControllerImpl.kt:74)
02-09 04:42:04.293 E/EmergencyButton( 2005): at com.android.systemui.SystemUIApplication.onConfigurationChanged(SystemUIApplication.java:247)
02-09 04:42:04.293 E/EmergencyButton( 2005): at android.app.ConfigurationController.performConfigurationChanged(ConfigurationController.java:273)
02-09 04:42:04.293 E/EmergencyButton( 2005): at android.app.ConfigurationController.handleConfigurationChanged(ConfigurationController.java:240)
02-09 04:42:04.293 E/EmergencyButton( 2005): at android.app.ConfigurationController.handleConfigurationChanged(ConfigurationController.java:138)
02-09 04:42:04.293 E/EmergencyButton( 2005): at android.app.ActivityThread.handleConfigurationChanged(ActivityThread.java:5948)
02-09 04:42:04.293 E/EmergencyButton( 2005): at android.app.servertransaction.ConfigurationChangeItem.execute(ConfigurationChangeItem.java:43)
02-09 04:42:04.293 E/EmergencyButton( 2005): at android.app.servertransaction.TransactionExecutor.executeCallbacks(TransactionExecutor.java:135)
02-09 04:42:04.293 E/EmergencyButton( 2005): at android.app.servertransaction.TransactionExecutor.execute(TransactionExecutor.java:95)
02-09 04:42:04.293 E/EmergencyButton( 2005): at android.app.ActivityThread$H.handleMessage(ActivityThread.java:2211)
02-09 04:42:04.293 E/EmergencyButton( 2005): at android.os.Handler.dispatchMessage(Handler.java:106)
02-09 04:42:04.293 E/EmergencyButton( 2005): at android.os.Looper.loopOnce(Looper.java:201)
02-09 04:42:04.293 E/EmergencyButton( 2005): at android.os.Looper.loop(Looper.java:288)
02-09 04:42:04.293 E/EmergencyButton( 2005): at android.app.ActivityThread.main(ActivityThread.java:7880)
02-09 04:42:04.293 E/EmergencyButton( 2005): at java.lang.reflect.Method.invoke(Native Method)
02-09 04:42:04.293 E/EmergencyButton( 2005): at com.android.internal.os.RuntimeInit$MethodAndArgsCaller.run(RuntimeInit.java:548)
02-09 04:42:04.293 E/EmergencyButton( 2005): at com.android.internal.os.ZygoteInit.main(ZygoteInit.java:1009)
02-09 04:42:04.295 I/wm_on_paused_called( 5563): [208887896,com.android.launcher3.uioverrides.QuickstepLauncher,performPause]
02-09 04:42:04.298 D/BaseIconFactory( 5563): normalizeAndWrapToAdaptiveIcon: scale=0.80950594
02-09 04:42:04.300 W/FreeFormWindowHelper( 1240): Current Display FreeFormTask is Task{30b8a4c #79 type=standard A=10064:com.android.gallery3d U=0 visible=false mode=freeform translucent=true sz=1}
02-09 04:42:04.301 D/FreeWindowContainer( 5563): reloadTask: TaskInfo{userId=0 taskId=79 displayId=0 isRunning=true baseIntent=Intent { flg=0x10008000 cmp=com.android.gallery3d/.app.GalleryActivity } baseActivity=ComponentInfo{com.android.gallery3d/com.android.gallery3d.app.GalleryActivity} topActivity=ComponentInfo{com.android.gallery3d/com.android.gallery3d.app.GalleryActivity} origActivity=null realActivity=ComponentInfo{com.android.gallery3d/com.android.gallery3d.app.GalleryActivity} numActivities=1 lastActiveTime=1207696 supportsSplitScreenMultiWindow=true supportsMultiWindow=true resizeMode=1 isResizeable=true token=WCT{android.window.IWindowContainerToken$Stub$Proxy@6b3d4c6} topActivityType=1 pictureInPictureParams=PictureInPictureParams( aspectRatio=null sourceRectHint=null hasSetActions=false isAutoPipEnabled=false isSeamlessResizeEnabled=true) displayCutoutSafeInsets=null topActivityInfo=ActivityInfo{c8a1c87 com.android.gallery3d.app.GalleryActivity} launchCookies=[] positionInParent=Point(22, 74) parentTaskId=-1 isFocused=false isVisible=true topActivityInSizeCompat=false locusId= null}
02-09 04:42:04.302 D/BaseIconFactory( 5563): normalizeAndWrapToAdaptiveIcon: scale=0.80950594
02-09 04:42:04.304 D/BaseIconFactory( 5563): normalizeAndWrapToAdaptiveIcon: scale=0.80950594
02-09 04:42:04.305 D/EditModeHelper( 5563): setHotseatVisibility: 0
02-09 04:42:04.310 W/WindowManager( 1240): updateScale : 0.79357797
02-09 04:42:04.313 D/BaseIconFactory( 5563): normalizeAndWrapToAdaptiveIcon: scale=0.80950594
02-09 04:42:04.314 W/WindowManager( 1240): updateScale : 0.79357797
02-09 04:42:04.315 W/FreeFormWindowHelper( 1240): Current Display FreeFormTask is Task{30b8a4c #79 type=standard A=10064:com.android.gallery3d U=0 visible=false mode=freeform translucent=true sz=1}
02-09 04:42:04.315 W/View ( 5563): requestLayout() improperly called by com.android.launcher3.views.NoInsetView{ccd3577 V.ED..... ......ID 0,0-342,1020 #7f09007c app:id/bg_hotseat} during layout: running second layout pass
02-09 04:42:04.317 W/WindowManager( 1240): updateScale : 0.79357797
02-09 04:42:04.319 D/EglHelper( 2005): createEglContext start
02-09 04:42:04.319 W/WindowManager( 1240): updateScale : 0.79357797
02-09 04:42:04.319 D/BaseIconFactory( 5563): normalizeAndWrapToAdaptiveIcon: scale=0.80950594
02-09 04:42:04.320 D/EglHelper( 2005): createEglContext done
02-09 04:42:04.320 D/EglHelper( 2005): createEglSurface start
02-09 04:42:04.321 D/EglHelper( 2005): createEglSurface done
02-09 04:42:04.321 D/StateManager( 5563): goToState: Normal
02-09 04:42:04.322 I/wm_on_stop_called( 5563): [208887896,com.android.launcher3.uioverrides.QuickstepLauncher,STOP_ACTIVITY_ITEM]
02-09 04:42:04.322 W/InputManager-JNI( 1240): Input channel object 'f004cea EdgeBackGestureHandler0 (client)' was disposed without first being removed with the input manager!
02-09 04:42:04.323 W/WindowManager( 1240): updateScale : 0.79357797
02-09 04:42:04.326 D/BaseIconFactory( 5563): normalizeAndWrapToAdaptiveIcon: scale=0.80950594
02-09 04:42:04.326 I/GameMode_ActivityMonitoringService( 2082): onForegroundActivitiesChanged uid 10073 pid 5563 fg false
02-09 04:42:04.328 I/GameMode_ActivityMonitoringService( 2082): Updating top task to: TaskInfoContainer [topActivity=ComponentInfo{com.android.settings/com.android.settings.Settings}, taskId=80, stackId=80, userId=0, displayId=0, position=7
02-09 04:42:04.328 I/GameMode_ActivityMonitoringService( 2082): Notifying about top task: TaskInfoContainer [topActivity=ComponentInfo{com.android.settings/com.android.settings.Settings}, taskId=80, stackId=80, userId=0, displayId=0, position=7
02-09 04:42:04.328 I/GameMode_ActivityMonitoringService( 2082): WindowMode: 1
02-09 04:42:04.328 E/GameMode_ActivityMonitoringService( 2082): onActivityLaunch:com.android.settings
02-09 04:42:04.328 V/GameMode_GameTypeUtils( 2082): judge isGame:com.android.settings
02-09 04:42:04.328 V/GameMode_GpuUtils( 2082): fps:60
02-09 04:42:04.329 W/InputManager-JNI( 1240): Input channel object '5efffcd SecondaryHomeHandle0 (client)' was disposed without first being removed with the input manager!
02-09 04:42:04.330 W/WindowManager( 1240): updateScale : 0.79357797
