02-09 04:41:36.869 I/GLRootView( 3921): layout content pane 654x1172 (compensation 0)
02-09 04:41:37.251 I/mpu_uart( 645): [MSG-P:RECV]:No message received in 1000 ms
02-09 04:41:37.752 I/OMX-VENC: venc_dev( 1301): stats: avg. fps 25.33, bitrate 2341902
02-09 04:41:37.832 W/hpplay-java( 2754): [main]:IPManager:getActiveNets invalid networkInfo:null
02-09 04:41:37.832 I/hpplay-java( 2754): [main]:IPManager:getActiveNets eth0:false wifi:false mobile:false ap:false
02-09 04:41:37.832 I/hpplay-java( 2754): [main]:ServerTaskManager:get local ip:null
02-09 04:41:38.252 I/mpu_uart( 645): [MSG-P:RECV]:No message received in 1000 ms
02-09 04:41:38.447 D/RemoteControlService( 2357): startVlanDispatchThread
01-04 09:10:13.921 E/DTC_ETH,link_delay_work_func( 0): 3003, SQI=0, link=0
02-09 04:41:38.835 W/hpplay-java( 2754): [main]:IPManager:getActiveNets invalid networkInfo:null
02-09 04:41:38.835 I/hpplay-java( 2754): [main]:IPManager:getActiveNets eth0:false wifi:false mobile:false ap:false
02-09 04:41:38.835 I/hpplay-java( 2754): [main]:ServerTaskManager:get local ip:null
02-09 04:41:38.860 E/tlogd ( 1349): [TzLogger](isPathReadable) file /sys/kernel/debug/tzdbg/qsee_log isn't exist or no permission, err: No such file or directory
02-09 04:41:38.860 E/tlogd ( 1349): [TzLogger](saveTzlogAsync) /sys/kernel/debug/tzdbg/qsee_log can not read.
02-09 04:41:38.860 E/tlogd ( 1349): [TzLogger](isPathReadable) file /sys/kernel/debug/tzdbg/log isn't exist or no permission, err: No such file or directory
02-09 04:41:38.860 E/tlogd ( 1349): [TzLogger](saveTzlogAsync) /sys/kernel/debug/tzdbg/log can not read.
02-09 04:41:39.039 I/mpu_uart( 645): [MSG-P:R]:recv sync frame timeout
02-09 04:41:39.252 I/mpu_uart( 645): [MSG-P:RECV]:No message received in 1000 ms
02-09 04:41:39.749 I/OMX-VENC: venc_dev( 1301): stats: avg. fps 1.00, bitrate 27022
02-09 04:41:39.837 W/hpplay-java( 2754): [main]:IPManager:getActiveNets invalid networkInfo:null
02-09 04:41:39.838 I/hpplay-java( 2754): [main]:IPManager:getActiveNets eth0:false wifi:false mobile:false ap:false
02-09 04:41:39.838 I/hpplay-java( 2754): [main]:ServerTaskManager:get local ip:null
02-09 04:41:40.252 I/mpu_uart( 645): [MSG-P:RECV]:No message received in 1000 ms
02-09 04:41:40.752 I/OMX-VENC: venc_dev( 1301): stats: avg. fps 1.00, bitrate 26829
02-09 04:41:40.840 W/hpplay-java( 2754): [main]:IPManager:getActiveNets invalid networkInfo:null
02-09 04:41:40.840 I/hpplay-java( 2754): [main]:IPManager:getActiveNets eth0:false wifi:false mobile:false ap:false
02-09 04:41:40.840 I/hpplay-java( 2754): [main]:ServerTaskManager:get local ip:null
02-09 04:41:41.124 I/input_interaction( 1240): Interaction with: 22a3637 com.android.settings/com.android.settings.Settings (server), edge-swipe (server), swipe-up (server), PointerEventDispatcher0 (server),
02-09 04:41:41.126 I/wm_task_moved( 1240): [80,1,7]
02-09 04:41:41.126 I/wm_task_to_front( 1240): [0,80]
02-09 04:41:41.129 W/WindowManager( 1240): updateScale : 0.45565748
02-09 04:41:41.130 I/WifiService( 1240): startScan uid=1000
02-09 04:41:41.132 I/wm_set_resumed_activity( 1240): [0,com.android.settings/.Settings,positionChildAt]
02-09 04:41:41.132 I/wm_focused_root_task( 1240): [0,0,80,79,setFocusedTask]
02-09 04:41:41.132 I/wm_set_resumed_activity( 1240): [0,com.android.settings/.Settings,setFocusedTask]
02-09 04:41:41.133 I/ActivityTaskManager( 1240): FOREGROUND_APPLICATION_CHANGED to com.android.settings.homepage.SettingsHomepageActivity
02-09 04:41:41.133 I/wm_on_top_resumed_lost_called( 3921): [47528597,com.android.gallery3d.app.GalleryActivity,topStateChangedWhenResumed]
02-09 04:41:41.133 I/input_focus( 1240): [Focus request 22a3637 com.android.settings/com.android.settings.Settings,reason=UpdateInputWindows]
02-09 04:41:41.138 I/wm_on_top_resumed_gained_called( 5623): [166350893,com.android.settings.Settings,topStateChangedWhenResumed]
02-09 04:41:41.139 D/LOWI-9.0.0.87.a( 1375): [LOWI-Scan] wait_event:Wait done with Cmd 33
02-09 04:41:41.139 D/LOWI-9.0.0.87.a( 1375): [LOWI-Scan] do_listen_events: Rcvd valid Netlink Cmd 0 Err 0
02-09 04:41:41.151 I/input_focus( 1240): [Focus leaving 179ba77 com.android.gallery3d/com.android.gallery3d.app.GalleryActivity (server),reason=setFocusedWindow]
02-09 04:41:41.151 I/input_focus( 1240): [Focus entering 22a3637 com.android.settings/com.android.settings.Settings (server),reason=setFocusedWindow]
01-04 09:10:16.529 I/[schedu][0x55bee712d][04:41:41.187799] wlan( 0): [3395:I:OSIF] scan start scan id 40970
02-09 04:41:41.253 I/mpu_uart( 645): [MSG-P:RECV]:No message received in 1000 ms
02-09 04:41:41.752 I/OMX-VENC: venc_dev( 1301): stats: avg. fps 34.97, bitrate 2696585
02-09 04:41:41.842 W/hpplay-java( 2754): [main]:IPManager:getActiveNets invalid networkInfo:null
02-09 04:41:41.842 I/hpplay-java( 2754): [main]:IPManager:getActiveNets eth0:false wifi:false mobile:false ap:false
02-09 04:41:41.842 I/hpplay-java( 2754): [main]:ServerTaskManager:get local ip:null
02-09 04:41:42.042 I/mpu_uart( 645): [MSG-P:R]:recv sync frame timeout
02-09 04:41:42.199 I/DashboardFragment( 5623): onPreferenceTreeClick: onPreferenceTreeClick::com.android.settings.DisplaySettings
02-09 04:41:42.201 I/sysui_multi_action( 5623): [757,830,758,4,833,0,854,top_level_display,1089,0]
02-09 04:41:42.203 I/TopLevelSettings( 5623): TopLevelSettings: TopLevelSettings::com.android.settings.DisplaySettings
02-09 04:41:42.207 I/OpenGLRenderer( 5623): Davey! duration=9223370839316ms; Flags=0, FrameTimelineVsyncId=34345, IntendedVsync=1197538383703, Vsync=1197538383703, InputEventId=963806019, HandleInputStart=1197538697614, AnimationStart=1197538733083, PerformTraversalsStart=1197538734854, DrawStart=1197538832770, FrameDeadline=1197559717035, FrameInterval=1197538694385, FrameStartTime=16666666, SyncQueued=1197544576364, SyncStart=1197544838500, IssueDrawCommandsStart=1197545652979, SwapBuffers=1197553642458, FrameCompleted=9223372036854775807, DequeueBufferDuration=55625, QueueBufferDuration=1199584, GpuCompleted=9223372036854775807, SwapBuffersCompleted=1197555503187, DisplayPresentTime=8043940190210752512,
02-09 04:41:42.253 I/mpu_uart( 645): [MSG-P:RECV]:No message received in 1000 ms
02-09 04:41:42.319 I/sysui_multi_action( 5623): [757,746,758,2,1089,11245]
02-09 04:41:42.325 D/BluetoothPan( 5623): Unbinding service...
02-09 04:41:42.330 I/TetheringManager( 5623): unregisterTetheringEventCallback caller:com.android.settings
02-09 04:41:42.347 D/BluetoothPan( 5623): Unbinding service...
02-09 04:41:42.350 I/am_pss ( 1240): [5623,1000,com.android.settings,157371392,144523264,0,294559744,0,2,11]
02-09 04:41:42.353 D/PrefCtrlListHelper( 5623): Could not find Context-only controller for pref: com.android.settings.display.AutoBrightnessPreferenceController
02-09 04:41:42.354 D/PrefCtrlListHelper( 5623): Could not find Context-only controller for pref: com.android.settings.security.screenlock.LockScreenPreferenceController
02-09 04:41:42.354 D/PrefCtrlListHelper( 5623): Could not find Context-only controller for pref: com.android.settings.display.DarkUIPreferenceController
02-09 04:41:42.355 D/PrefCtrlListHelper( 5623): Could not find Context-only controller for pref: com.android.settings.display.FontSizePreferenceController
02-09 04:41:42.355 D/PrefCtrlListHelper( 5623): Could not find Context-only controller for pref: com.android.settings.display.NightDisplayPreferenceController
02-09 04:41:42.358 D/PrefCtrlListHelper( 5623): Could not find Context-only controller for pref: com.android.settings.display.ColorModePreferenceController
02-09 04:41:42.358 D/PrefCtrlListHelper( 5623): Could not find Context-only controller for pref: com.android.settings.display.AutoRotatePreferenceController
02-09 04:41:42.358 D/LOWI-9.0.0.87.a( 1375): [LOWI-Scan] wait_event:Wait done with Cmd 34
02-09 04:41:42.358 D/LOWI-9.0.0.87.a( 1375): [LOWI-Scan] do_listen_events: Rcvd valid Netlink Cmd 34 Err 0
02-09 04:41:42.358 D/PrefCtrlListHelper( 5623): Could not find Context-only controller for pref: com.android.settings.display.DisplayWhiteBalancePreferenceController
02-09 04:41:42.358 D/PrefCtrlListHelper( 5623): Could not find Context-only controller for pref: com.android.settings.display.PeakRefreshRatePreferenceController
02-09 04:41:42.358 D/LOWI-9.0.0.87.a( 1375): [LOWI-Scan]
02-09 04:41:42.358 D/LOWI-9.0.0.87.a( 1375): [LOWI-Scan] print_bss_handler: Report Probe TSF 1196641787 as it greater than Beacon TSF 1196604586
02-09 04:41:42.358 D/LOWI-9.0.0.87.a( 1375): [LOWI-Scan] is_qcom_ie, bss_age: 0
02-09 04:41:42.358 D/LOWI-9.0.0.87.a( 1375): [LOWI-Scan] BSS 38:a9:1c:35:03:04 LOWI_PHY_MODE_11NG_HT20(5), Beacon Interval: 100, LOWI_ENCRYPTION_TYPE_OPEN 11mcRanging: No, ANQP: No, LCI: No, Civic: No, capability(0x0401): ESS ShortSlotTime
02-09 04:41:42.358 D/LOWI-9.0.0.87.a( 1375): [LOWI-Scan] BSS 38:a9:1c:35:03:04 FREQ: 2412, cFreq1[40:80:160] = [0:0:0] cFreq2 = 0 Country Code =
02-09 04:41:42.358 D/LOWI-9.0.0.87.a( 1375): [LOWI-Scan] BSS 38:a9:1c:35:03:04 (wlan0) ASSO: NO AddInfo: 0x0, TSF 0, 00:19:56.641, RSSI: -60, CPL: 127, AGE: 1088, SSID , TSFDelta: 0xe23da60a, TXRate: 0
02-09 04:41:42.359 D/LOWI-9.0.0.87.a( 1375): [LOWI-Scan]
02-09 04:41:42.359 D/LOWI-9.0.0.87.a( 1375): [LOWI-Scan] print_bss_handler: Report beacon TSF 1196668921 as it greater than probe TSF 1196644628
02-09 04:41:42.359 D/LOWI-9.0.0.87.a( 1375): [LOWI-Scan] decode_rsn_wpa_ie: LOWI_ENCRYPTION_TYPE_WPA_PSK
02-09 04:41:42.359 D/RefreshRatePrefCtr( 5623): DEFAULT_REFRESH_RATE : 60.0 mPeakRefreshRate : 60.0
02-09 04:41:42.359 D/LOWI-9.0.0.87.a( 1375): [LOWI-Scan] is_qcom_ie, bss_age: 0
02-09 04:41:42.359 D/LOWI-9.0.0.87.a( 1375): [LOWI-Scan] BSS 38:a9:1c:35:03:06 LOWI_PHY_MODE_11NG_HT20(5), Beacon Interval: 100, LOWI_ENCRYPTION_TYPE_WPA_PSK 11mcRanging: No, ANQP: No, LCI: No, Civic: No, capability(0x0411): ESS Privacy ShortSlotTime
02-09 04:41:42.359 D/LOWI-9.0.0.87.a( 1375): [LOWI-Scan] BSS 38:a9:1c:35:03:06 FREQ: 2412, cFreq1[40:80:160] = [0:0:0] cFreq2 = 0 Country Code =
02-09 04:41:42.359 D/LOWI-9.0.0.87.a( 1375): [LOWI-Scan] BSS 38:a9:1c:35:03:06 (wlan0) ASSO: NO AddInfo: 0x1, TSF 0, 00:19:56.668, RSSI: -62, CPL: 127, AGE: 1060, SSID H3C_350304, TSFDelta: 0xe24b9d1e, TXRate: 0
02-09 04:41:42.359 D/LOWI-9.0.0.87.a( 1375): [LOWI-Scan]
02-09 04:41:42.359 D/LOWI-9.0.0.87.a( 1375): [LOWI-Scan] print_bss_handler: Report Probe TSF 1196606474 as it greater than Beacon TSF 1186535081
02-09 04:41:42.359 D/LOWI-9.0.0.87.a( 1375): [LOWI-Scan] decode_rsn_wpa_ie: LOWI_ENCRYPTION_TYPE_WPA_PSK
02-09 04:41:42.359 D/PrefCtrlListHelper( 5623): Could not find Context-only controller for pref: com.android.settings.display.HotSeatDirPreferenceController
02-09 04:41:42.359 D/LOWI-9.0.0.87.a( 1375): [LOWI-Scan] is_qcom_ie, bss_age: 0
02-09 04:41:42.359 D/LOWI-9.0.0.87.a( 1375): [LOWI-Scan] BSS 58:41:20:1d:fe:89 LOWI_PHY_MODE_11AC_VHT80(10), Beacon Interval: 100, LOWI_ENCRYPTION_TYPE_WPA_PSK 11mcRanging: No, ANQP: No, LCI: No, Civic: No, capability(0x1011): ESS Privacy
02-09 04:41:42.359 D/LOWI-9.0.0.87.a( 1375): [LOWI-Scan] BSS 58:41:20:1d:fe:89 FREQ: 5180, cFreq1[40:80:160] = [5190:5210:0] cFreq2 = 0 Country Code = CN
02-09 04:41:42.359 D/LOWI-9.0.0.87.a( 1375): [LOWI-Scan] BSS 58:41:20:1d:fe:89 (wlan0) ASSO: NO AddInfo: 0x0, TSF 0, 00:19:56.606, RSSI: -136, CPL: 127, AGE: 1124, SSID TP-LINK_5G_FE87, TSFDelta: 0x1110a6f7, TXRate: 0
02-09 04:41:42.359 D/LOWI-9.0.0.87.a( 1375): [LOWI-Scan]
02-09 04:41:42.359 D/LOWI-9.0.0.87.a( 1375): [LOWI-Scan] print_bss_handler: Report Probe TSF 1196631560 as it greater than Beacon TSF 1196597113
02-09 04:41:42.359 D/LOWI-9.0.0.87.a( 1375): [LOWI-Scan] decode_rsn_wpa_ie: LOWI_ENCRYPTION_TYPE_WPA_PSK
02-09 04:41:42.359 D/LOWI-9.0.0.87.a( 1375): [LOWI-Scan] is_qcom_ie, bss_age: 0
02-09 04:41:42.359 D/LOWI-9.0.0.87.a( 1375): [LOWI-Scan] BSS 18:6f:2d:81:16:e3 LOWI_PHY_MODE_11NG_HT20(5), Beacon Interval: 100, LOWI_ENCRYPTION_TYPE_WPA_PSK 11mcRanging: No, ANQP: No, LCI: No, Civic: No, capability(0x0531): ESS Privacy ShortPreamble SpectrumMgmt ShortSlotTime
02-09 04:41:42.359 D/LOWI-9.0.0.87.a( 1375): [LOWI-Scan] BSS 18:6f:2d:81:16:e3 FREQ: 2412, cFreq1[40:80:160] = [2412:0:0] cFreq2 = 0 Country Code = CN
02-09 04:41:42.359 D/LOWI-9.0.0.87.a( 1375): [LOWI-Scan] BSS 18:6f:2d:81:16:e3 (wlan0) ASSO: NO AddInfo: 0x0, TSF 0, 00:19:56.631, RSSI: -110, CPL: 127, AGE: 1100, SSID ZXHY, TSFDelta: 0x1e2bdcd9, TXRate: 0
02-09 04:41:42.359 D/LOWI-9.0.0.87.a( 1375): [LOWI-Scan]
02-09 04:41:42.359 D/LOWI-9.0.0.87.a( 1375): [LOWI-Scan] print_bss_handler: Report Probe TSF 1196786771 as it greater than Beacon TSF 541427516
02-09 04:41:42.359 D/LOWI-9.0.0.87.a( 1375): [LOWI-Scan] decode_rsn_wpa_ie: LOWI_ENCRYPTION_TYPE_WPA_PSK
02-09 04:41:42.359 D/LOWI-9.0.0.87.a( 1375): [LOWI-Scan] is_qcom_ie, bss_age: 0
02-09 04:41:42.359 D/LOWI-9.0.0.87.a( 1375): [LOWI-Scan] BSS 5c:02:14:f9:4f:d3 LOWI_PHY_MODE_11AC_VHT80(10), Beacon Interval: 100, LOWI_ENCRYPTION_TYPE_WPA_PSK 11mcRanging: No, ANQP: Yes, LCI: No, Civic: No, capability(0x1931): ESS Privacy ShortPreamble SpectrumMgmt APSD
02-09 04:41:42.359 D/LOWI-9.0.0.87.a( 1375): [LOWI-Scan] BSS 5c:02:14:f9:4f:d3 FREQ: 5745, cFreq1[40:80:160] = [5755:5775:0] cFreq2 = 0 Country Code = CN
02-09 04:41:42.359 D/LOWI-9.0.0.87.a( 1375): [LOWI-Scan] BSS 5c:02:14:f9:4f:d3 (wlan0) ASSO: NO AddInfo: 0x0, TSF 0, 00:19:56.786, RSSI: -90, CPL: 127, AGE: 944, SSID ThunderSoft_XTS_5G, TSFDelta: 0x7626e1cc, TXRate: 0
02-09 04:41:42.359 D/LOWI-9.0.0.87.a( 1375): [LOWI-Scan]
02-09 04:41:42.359 D/LOWI-9.0.0.87.a( 1375): [LOWI-Scan] print_bss_handler: Report Probe TSF 1196785301 as it greater than Beacon TSF 821422302
01-04 09:10:17.700 I/[schedu][0x55d45549e][04:41:42.358192] wlan( 0): [3395:I:OSIF] vdev 0, scan id 40970 type COMPLETED(1) reason COMPLETED(1) scan found 71 bss
02-09 04:41:42.359 D/LOWI-9.0.0.87.a( 1375): [LOWI-Scan] decode_rsn_wpa_ie: LOWI_ENCRYPTION_TYPE_WPA_PSK
02-09 04:41:42.359 D/LOWI-9.0.0.87.a( 1375): [LOWI-Scan] is_qcom_ie, bss_age: 0
02-09 04:41:42.359 D/LOWI-9.0.0.87.a( 1375): [LOWI-Scan] BSS f4:84:8d:21:25:a9 LOWI_PHY_MODE_11AC_VHT80(10), Beacon Interval: 100, LOWI_ENCRYPTION_TYPE_WPA_PSK 11mcRanging: No, ANQP: No, LCI: No, Civic: No, capability(0x1011): ESS Privacy
02-09 04:41:42.359 D/LOWI-9.0.0.87.a( 1375): [LOWI-Scan] BSS f4:84:8d:21:25:a9 FREQ: 5745, cFreq1[40:80:160] = [5755:5775:0] cFreq2 = 0 Country Code = CN
02-09 04:41:42.359 D/LOWI-9.0.0.87.a( 1375): [LOWI-Scan] BSS f4:84:8d:21:25:a9 (wlan0) ASSO: NO AddInfo: 0x0, TSF 0, 00:19:56.785, RSSI: -138, CPL: 127, AGE: 944, SSID hht, TSFDelta: 0x34a5e43b, TXRate: 0
02-09 04:41:42.359 D/LOWI-9.0.0.87.a( 1375): [LOWI-Scan]
02-09 04:41:42.359 D/LOWI-9.0.0.87.a( 1375): [LOWI-Scan] print_bss_handler: Report Probe TSF 1196985828 as it greater than Beacon TSF 1196964325
02-09 04:41:42.359 D/LOWI-9.0.0.87.a( 1375): [LOWI-Scan] decode_rsn_wpa_ie: LOWI_ENCRYPTION_TYPE_WPA_PSK
02-09 04:41:42.359 D/LOWI-9.0.0.87.a( 1375): [LOWI-Scan] is_qcom_ie, bss_age: 0
02-09 04:41:42.359 D/LOWI-9.0.0.87.a( 1375): [LOWI-Scan] BSS 18:6f:2d:81:18:40 LOWI_PHY_MODE_11NG_HT20(5), Beacon Interval: 100, LOWI_ENCRYPTION_TYPE_WPA_PSK 11mcRanging: No, ANQP: No, LCI: No, Civic: No, capability(0x0531): ESS Privacy ShortPreamble SpectrumMgmt ShortSlotTime
02-09 04:41:42.359 D/LOWI-9.0.0.87.a( 1375): [LOWI-Scan] BSS 18:6f:2d:81:18:40 FREQ: 2432, cFreq1[40:80:160] = [2432:0:0] cFreq2 = 0 Country Code = CN
02-09 04:41:42.359 D/LOWI-9.0.0.87.a( 1375): [LOWI-Scan] BSS 18:6f:2d:81:18:40 (wlan0) ASSO: NO AddInfo: 0x0, TSF 0, 00:19:56.985, RSSI: -122, CPL: 127, AGE: 744, SSID Testing , TSFDelta: 0x299570ec, TXRate: 0
02-09 04:41:42.359 D/LOWI-9.0.0.87.a( 1375): [LOWI-Scan]
02-09 04:41:42.359 D/LOWI-9.0.0.87.a( 1375): [LOWI-Scan] print_bss_handler: Report Probe TSF 1196986088 as it greater than Beacon TSF 1196964393
02-09 04:41:42.359 D/LOWI-9.0.0.87.a( 1375): [LOWI-Scan] is_qcom_ie, bss_age: 0
02-09 04:41:42.359 D/LOWI-9.0.0.87.a( 1375): [LOWI-Scan] BSS 18:6f:2d:81:18:41 LOWI_PHY_MODE_11NG_HT20(5), Beacon Interval: 100, LOWI_ENCRYPTION_TYPE_OPEN 11mcRanging: No, ANQP: No, LCI: No, Civic: No, capability(0x0521): ESS ShortPreamble SpectrumMgmt ShortSlotTime
02-09 04:41:42.359 D/LOWI-9.0.0.87.a( 1375): [LOWI-Scan] BSS 18:6f:2d:81:18:41 FREQ: 2432, cFreq1[40:80:160] = [2432:0:0] cFreq2 = 0 Country Code = CN
02-09 04:41:42.359 D/LOWI-9.0.0.87.a( 1375): [LOWI-Scan] BSS 18:6f:2d:81:18:41 (wlan0) ASSO: NO AddInfo: 0x0, TSF 0, 00:19:56.986, RSSI: -124, CPL: 127, AGE: 744, SSID Guest, TSFDelta: 0x299b3c3e, TXRate: 0
02-09 04:41:42.359 D/LOWI-9.0.0.87.a( 1375): [LOWI-Scan]
02-09 04:41:42.359 D/LOWI-9.0.0.87.a( 1375): [LOWI-Scan] print_bss_handler: Report Probe TSF 1196987379 as it greater than Beacon TSF 1196964433
02-09 04:41:42.359 D/LOWI-9.0.0.87.a( 1375): [LOWI-Scan] decode_rsn_wpa_ie: LOWI_ENCRYPTION_TYPE_WPA_PSK
02-09 04:41:42.359 D/LOWI-9.0.0.87.a( 1375): [LOWI-Scan] is_qcom_ie, bss_age: 0
02-09 04:41:42.359 D/LOWI-9.0.0.87.a( 1375): [LOWI-Scan] BSS 18:6f:2d:81:18:42 LOWI_PHY_MODE_11NG_HT20(5), Beacon Interval: 100, LOWI_ENCRYPTION_TYPE_WPA_PSK 11mcRanging: No, ANQP: No, LCI: No, Civic: No, capability(0x0531): ESS Privacy ShortPreamble SpectrumMgmt ShortSlotTime
02-09 04:41:42.359 D/LOWI-9.0.0.87.a( 1375): [LOWI-Scan] BSS 18:6f:2d:81:18:42 FREQ: 2432, cFreq1[40:80:160] = [2432:0:0] cFreq2 = 0 Country Code = CN
02-09 04:41:42.359 D/LOWI-9.0.0.87.a( 1375): [LOWI-Scan] BSS 18:6f:2d:81:18:42 (wlan0) ASSO: NO AddInfo: 0x0, TSF 0, 00:19:56.987, RSSI: -124, CPL: 127, AGE: 744, SSID ThunderSoft_2.4G, TSFDelta: 0x29a0e40d, TXRate: 0
02-09 04:41:42.359 D/LOWI-9.0.0.87.a( 1375): [LOWI-Scan]
02-09 04:41:42.359 D/LOWI-9.0.0.87.a( 1375): [LOWI-Scan] print_bss_handler: Report Probe TSF 1196987813 as it greater than Beacon TSF 1196964472
02-09 04:41:42.359 D/LOWI-9.0.0.87.a( 1375): [LOWI-Scan] decode_rsn_wpa_ie: LOWI_ENCRYPTION_TYPE_WPA_PSK
02-09 04:41:42.359 D/LOWI-9.0.0.87.a( 1375): [LOWI-Scan] is_qcom_ie, bss_age: 0
02-09 04:41:42.359 D/LOWI-9.0.0.87.a( 1375): [LOWI-Scan] BSS 18:6f:2d:81:18:43 LOWI_PHY_MODE_11NG_HT20(5), Beacon Interval: 100, LOWI_ENCRYPTION_TYPE_WPA_PSK 11mcRanging: No, ANQP: No, LCI: No, Civic: No, capability(0x0531): ESS Privacy ShortPreamble SpectrumMgmt ShortSlotTime
02-09 04:41:42.359 D/LOWI-9.0.0.87.a( 1375): [LOWI-Scan] BSS 18:6f:2d:81:18:43 FREQ: 2432, cFreq1[40:80:160] = [2432:0:0] cFreq2 = 0 Country Code = CN
02-09 04:41:42.359 D/LOWI-9.0.0.87.a( 1375): [LOWI-Scan] BSS 18:6f:2d:81:18:43 (wlan0) ASSO: NO AddInfo: 0x0, TSF 0, 00:19:56.987, RSSI: -126, CPL: 127, AGE: 744, SSID ZXHY, TSFDelta: 0x29a617f4, TXRate: 0
02-09 04:41:42.359 D/LOWI-9.0.0.87.a( 1375): [LOWI-Scan]
02-09 04:41:42.359 D/LOWI-9.0.0.87.a( 1375): [LOWI-Scan] print_bss_handler: Report Probe TSF 1196988309 as it greater than Beacon TSF 1196964511
02-09 04:41:42.360 D/LOWI-9.0.0.87.a( 1375): [LOWI-Scan] decode_rsn_wpa_ie: LOWI_ENCRYPTION_TYPE_WPA_PSK
02-09 04:41:42.360 D/LOWI-9.0.0.87.a( 1375): [LOWI-Scan] is_qcom_ie, bss_age: 0
02-09 04:41:42.360 D/LOWI-9.0.0.87.a( 1375): [LOWI-Scan] BSS 18:6f:2d:81:18:44 LOWI_PHY_MODE_11NG_HT20(5), Beacon Interval: 100, LOWI_ENCRYPTION_TYPE_WPA_PSK 11mcRanging: No, ANQP: No, LCI: No, Civic: No, capability(0x0531): ESS Privacy ShortPreamble SpectrumMgmt ShortSlotTime
02-09 04:41:42.360 D/LOWI-9.0.0.87.a( 1375): [LOWI-Scan] BSS 18:6f:2d:81:18:44 FREQ: 2432, cFreq1[40:80:160] = [2432:0:0] cFreq2 = 0 Country Code = CN
02-09 04:41:42.360 D/LOWI-9.0.0.87.a( 1375): [LOWI-Scan] BSS 18:6f:2d:81:18:44 (wlan0) ASSO: NO AddInfo: 0x0, TSF 0, 00:19:56.988, RSSI: -124, CPL: 127, AGE: 740, SSID Fanya, TSFDelta: 0x29ab7fbc, TXRate: 0
02-09 04:41:42.360 D/LOWI-9.0.0.87.a( 1375): [LOWI-Scan]
02-09 04:41:42.360 D/LOWI-9.0.0.87.a( 1375): [LOWI-Scan] print_bss_handler: Report beacon TSF 1197084310 as it greater than probe TSF 1101791298
02-09 04:41:42.360 D/LOWI-9.0.0.87.a( 1375): [LOWI-Scan] decode_rsn_wpa_ie: LOWI_ENCRYPTION_TYPE_WPA_PSK
02-09 04:41:42.360 D/LOWI-9.0.0.87.a( 1375): [LOWI-Scan] is_qcom_ie, bss_age: 0
02-09 04:41:42.360 D/LOWI-9.0.0.87.a( 1375): [LOWI-Scan] BSS 18:6f:2d:81:16:f0 LOWI_PHY_MODE_11AC_VHT20(8), Beacon Interval: 100, LOWI_ENCRYPTION_TYPE_WPA_PSK 11mcRanging: No, ANQP: No, LCI: No, Civic: No, capability(0x0111): ESS Privacy SpectrumMgmt
02-09 04:41:42.360 D/LOWI-9.0.0.87.a( 1375): [LOWI-Scan] BSS 18:6f:2d:81:16:f0 FREQ: 5260, cFreq1[40:80:160] = [5260:0:0] cFreq2 = 0 Country Code = CN
02-09 04:41:42.360 D/LOWI-9.0.0.87.a( 1375): [LOWI-Scan] BSS 18:6f:2d:81:16:f0 (wlan0) ASSO: NO AddInfo: 0x1, TSF 0, 00:19:57.084, RSSI: -134, CPL: 127, AGE: 644, SSID Testing , TSFDelta: 0x6573c6ae, TXRate: 0
02-09 04:41:42.360 D/LOWI-9.0.0.87.a( 1375): [LOWI-Scan]
02-09 04:41:42.360 D/LOWI-9.0.0.87.a( 1375): [LOWI-Scan] print_bss_handler: Report beacon TSF 1197084371 as it greater than probe TSF 1101791398
02-09 04:41:42.360 D/LOWI-9.0.0.87.a( 1375): [LOWI-Scan] is_qcom_ie, bss_age: 0
02-09 04:41:42.360 D/LOWI-9.0.0.87.a( 1375): [LOWI-Scan] BSS 18:6f:2d:81:16:f1 LOWI_PHY_MODE_11AC_VHT20(8), Beacon Interval: 100, LOWI_ENCRYPTION_TYPE_OPEN 11mcRanging: No, ANQP: No, LCI: No, Civic: No, capability(0x0101): ESS SpectrumMgmt
02-09 04:41:42.360 D/LOWI-9.0.0.87.a( 1375): [LOWI-Scan] BSS 18:6f:2d:81:16:f1 FREQ: 5260, cFreq1[40:80:160] = [5260:0:0] cFreq2 = 0 Country Code = CN
02-09 04:41:42.360 D/LOWI-9.0.0.87.a( 1375): [LOWI-Scan] BSS 18:6f:2d:81:16:f1 (wlan0) ASSO: NO AddInfo: 0x1, TSF 0, 00:19:57.084, RSSI: -134, CPL: 127, AGE: 644, SSID Guest, TSFDelta: 0x6577a952, TXRate: 0
02-09 04:41:42.360 D/LOWI-9.0.0.87.a( 1375): [LOWI-Scan]
02-09 04:41:42.360 D/LOWI-9.0.0.87.a( 1375): [LOWI-Scan] print_bss_handler: Report beacon TSF 1197084667 as it greater than probe TSF 1101792609
02-09 04:41:42.360 D/LOWI-9.0.0.87.a( 1375): [LOWI-Scan] decode_rsn_wpa_ie: LOWI_ENCRYPTION_TYPE_WPA_PSK
02-09 04:41:42.360 D/LOWI-9.0.0.87.a( 1375): [LOWI-Scan] is_qcom_ie, bss_age: 0
02-09 04:41:42.360 D/LOWI-9.0.0.87.a( 1375): [LOWI-Scan] BSS 18:6f:2d:81:16:f2 LOWI_PHY_MODE_11AC_VHT20(8), Beacon Interval: 100, LOWI_ENCRYPTION_TYPE_WPA_PSK 11mcRanging: No, ANQP: No, LCI: No, Civic: No, capability(0x0111): ESS Privacy SpectrumMgmt
02-09 04:41:42.360 D/LOWI-9.0.0.87.a( 1375): [LOWI-Scan] BSS 18:6f:2d:81:16:f2 FREQ: 5260, cFreq1[40:80:160] = [5260:0:0] cFreq2 = 0 Country Code = CN
02-09 04:41:42.360 D/LOWI-9.0.0.87.a( 1375): [LOWI-Scan] BSS 18:6f:2d:81:16:f2 (wlan0) ASSO: NO AddInfo: 0x1, TSF 0, 00:19:57.084, RSSI: -134, CPL: 127, AGE: 644, SSID ZXHY, TSFDelta: 0x65830511, TXRate: 0
02-09 04:41:42.360 D/LOWI-9.0.0.87.a( 1375): [LOWI-Scan]
02-09 04:41:42.360 D/LOWI-9.0.0.87.a( 1375): [LOWI-Scan] print_bss_handler: Report beacon TSF 1197084881 as it greater than probe TSF 1101793208
02-09 04:41:42.360 D/LOWI-9.0.0.87.a( 1375): [LOWI-Scan] decode_rsn_wpa_ie: LOWI_ENCRYPTION_TYPE_WPA_PSK
02-09 04:41:42.360 D/LOWI-9.0.0.87.a( 1375): [LOWI-Scan] is_qcom_ie, bss_age: 0
02-09 04:41:42.360 D/LOWI-9.0.0.87.a( 1375): [LOWI-Scan] BSS 18:6f:2d:81:16:f3 LOWI_PHY_MODE_11AC_VHT20(8), Beacon Interval: 100, LOWI_ENCRYPTION_TYPE_WPA_PSK 11mcRanging: No, ANQP: No, LCI: No, Civic: No, capability(0x0111): ESS Privacy SpectrumMgmt
02-09 04:41:42.360 D/LOWI-9.0.0.87.a( 1375): [LOWI-Scan] BSS 18:6f:2d:81:16:f3 FREQ: 5260, cFreq1[40:80:160] = [5260:0:0] cFreq2 = 0 Country Code = CN
02-09 04:41:42.360 D/LOWI-9.0.0.87.a( 1375): [LOWI-Scan] BSS 18:6f:2d:81:16:f3 (wlan0) ASSO: NO AddInfo: 0x1, TSF 0, 00:19:57.084, RSSI: -134, CPL: 127, AGE: 644, SSID Fanya, TSFDelta: 0x65866ffd, TXRate: 0
02-09 04:41:42.360 D/LOWI-9.0.0.87.a( 1375): [LOWI-Scan]
02-09 04:41:42.360 D/LOWI-9.0.0.87.a( 1375): [LOWI-Scan] print_bss_handler: Report beacon TSF 1197085161 as it greater than probe TSF 1101799082
02-09 04:41:42.360 D/LOWI-9.0.0.87.a( 1375): [LOWI-Scan] decode_rsn_wpa_ie: LOWI_ENCRYPTION_TYPE_WPA_PSK
02-09 04:41:42.360 D/LOWI-9.0.0.87.a( 1375): [LOWI-Scan] is_qcom_ie, bss_age: 0
02-09 04:41:42.360 D/LOWI-9.0.0.87.a( 1375): [LOWI-Scan] BSS 18:6f:2d:81:16:f4 LOWI_PHY_MODE_11AC_VHT20(8), Beacon Interval: 100, LOWI_ENCRYPTION_TYPE_WPA_PSK 11mcRanging: No, ANQP: No, LCI: No, Civic: No, capability(0x0111): ESS Privacy SpectrumMgmt
02-09 04:41:42.360 D/LOWI-9.0.0.87.a( 1375): [LOWI-Scan] BSS 18:6f:2d:81:16:f4 FREQ: 5260, cFreq1[40:80:160] = [5260:0:0] cFreq2 = 0 Country Code = CN
02-09 04:41:42.360 D/LOWI-9.0.0.87.a( 1375): [LOWI-Scan] BSS 18:6f:2d:81:16:f4 (wlan0) ASSO: NO AddInfo: 0x1, TSF 0, 00:19:57.085, RSSI: -134, CPL: 127, AGE: 644, SSID ThunderSoft, TSFDelta: 0x65b144e0, TXRate: 0
02-09 04:41:42.360 D/LOWI-9.0.0.87.a( 1375): [LOWI-Scan]
02-09 04:41:42.360 D/LOWI-9.0.0.87.a( 1375): [LOWI-Scan] print_bss_handler: Report beacon TSF 1197085448 as it greater than probe TSF 1101799834
02-09 04:41:42.360 D/LOWI-9.0.0.87.a( 1375): [LOWI-Scan] decode_rsn_wpa_ie: LOWI_ENCRYPTION_TYPE_WPA_PSK
02-09 04:41:42.360 D/LOWI-9.0.0.87.a( 1375): [LOWI-Scan] is_qcom_ie, bss_age: 0
02-09 04:41:42.360 D/LOWI-9.0.0.87.a( 1375): [LOWI-Scan] BSS 18:6f:2d:81:16:f5 LOWI_PHY_MODE_11AC_VHT20(8), Beacon Interval: 100, LOWI_ENCRYPTION_TYPE_WPA_PSK 11mcRanging: No, ANQP: No, LCI: No, Civic: No, capability(0x0111): ESS Privacy SpectrumMgmt
02-09 04:41:42.360 D/LOWI-9.0.0.87.a( 1375): [LOWI-Scan] BSS 18:6f:2d:81:16:f5 FREQ: 5260, cFreq1[40:80:160] = [5260:0:0] cFreq2 = 0 Country Code = CN
02-09 04:41:42.360 D/LOWI-9.0.0.87.a( 1375): [LOWI-Scan] BSS 18:6f:2d:81:16:f5 (wlan0) ASSO: NO AddInfo: 0x1, TSF 0, 00:19:57.085, RSSI: -136, CPL: 127, AGE: 644, SSID GM, TSFDelta: 0x65b40ecc, TXRate: 0
02-09 04:41:42.360 D/LOWI-9.0.0.87.a( 1375): [LOWI-Scan]
02-09 04:41:42.360 D/LOWI-9.0.0.87.a( 1375): [LOWI-Scan] print_bss_handler: Report beacon TSF 1197089270 as it greater than probe TSF 1101799904
02-09 04:41:42.360 D/LOWI-9.0.0.87.a( 1375): [LOWI-Scan] decode_rsn_wpa_ie: LOWI_ENCRYPTION_TYPE_WPA_PSK
02-09 04:41:42.360 D/LOWI-9.0.0.87.a( 1375): [LOWI-Scan] is_qcom_ie, bss_age: 0
02-09 04:41:42.360 D/LOWI-9.0.0.87.a( 1375): [LOWI-Scan] BSS 18:6f:2d:80:dd:70 LOWI_PHY_MODE_11AC_VHT20(8), Beacon Interval: 100, LOWI_ENCRYPTION_TYPE_WPA_PSK 11mcRanging: No, ANQP: No, LCI: No, Civic: No, capability(0x0111): ESS Privacy SpectrumMgmt
02-09 04:41:42.360 D/LOWI-9.0.0.87.a( 1375): [LOWI-Scan] BSS 18:6f:2d:80:dd:70 FREQ: 5260, cFreq1[40:80:160] = [5260:0:0] cFreq2 = 0 Country Code = CN
02-09 04:41:42.360 D/LOWI-9.0.0.87.a( 1375): [LOWI-Scan] BSS 18:6f:2d:80:dd:70 (wlan0) ASSO: NO AddInfo: 0x1, TSF 0, 00:19:57.089, RSSI: -130, CPL: 127, AGE: 640, SSID Testing , TSFDelta: 0x665fbec3, TXRate: 0
02-09 04:41:42.360 D/LOWI-9.0.0.87.a( 1375): [LOWI-Scan]
02-09 04:41:42.360 D/LOWI-9.0.0.87.a( 1375): [LOWI-Scan] print_bss_handler: Report beacon TSF 1197089314 as it greater than probe TSF 1101800966
02-09 04:41:42.360 D/LOWI-9.0.0.87.a( 1375): [LOWI-Scan] is_qcom_ie, bss_age: 0
02-09 04:41:42.360 D/LOWI-9.0.0.87.a( 1375): [LOWI-Scan] BSS 18:6f:2d:80:dd:71 LOWI_PHY_MODE_11AC_VHT20(8), Beacon Interval: 100, LOWI_ENCRYPTION_TYPE_OPEN 11mcRanging: No, ANQP: No, LCI: No, Civic: No, capability(0x0101): ESS SpectrumMgmt
02-09 04:41:42.360 D/LOWI-9.0.0.87.a( 1375): [LOWI-Scan] BSS 18:6f:2d:80:dd:71 FREQ: 5260, cFreq1[40:80:160] = [5260:0:0] cFreq2 = 0 Country Code = CN
02-09 04:41:42.360 D/LOWI-9.0.0.87.a( 1375): [LOWI-Scan] BSS 18:6f:2d:80:dd:71 (wlan0) ASSO: NO AddInfo: 0x1, TSF 0, 00:19:57.089, RSSI: -130, CPL: 127, AGE: 640, SSID Guest, TSFDelta: 0x66685a31, TXRate: 0
02-09 04:41:42.361 D/LOWI-9.0.0.87.a( 1375): [LOWI-Scan]
02-09 04:41:42.361 D/LOWI-9.0.0.87.a( 1375): [LOWI-Scan] print_bss_handler: Report beacon TSF 1197089351 as it greater than probe TSF 1101801498
02-09 04:41:42.361 D/LOWI-9.0.0.87.a( 1375): [LOWI-Scan] decode_rsn_wpa_ie: LOWI_ENCRYPTION_TYPE_WPA_PSK
02-09 04:41:42.361 D/LOWI-9.0.0.87.a( 1375): [LOWI-Scan] is_qcom_ie, bss_age: 0
02-09 04:41:42.361 D/LOWI-9.0.0.87.a( 1375): [LOWI-Scan] BSS 18:6f:2d:80:dd:72 LOWI_PHY_MODE_11AC_VHT20(8), Beacon Interval: 100, LOWI_ENCRYPTION_TYPE_WPA_PSK 11mcRanging: No, ANQP: No, LCI: No, Civic: No, capability(0x0111): ESS Privacy SpectrumMgmt
02-09 04:41:42.361 D/LOWI-9.0.0.87.a( 1375): [LOWI-Scan] BSS 18:6f:2d:80:dd:72 FREQ: 5260, cFreq1[40:80:160] = [5260:0:0] cFreq2 = 0 Country Code = CN
02-09 04:41:42.361 D/LOWI-9.0.0.87.a( 1375): [LOWI-Scan] BSS 18:6f:2d:80:dd:72 (wlan0) ASSO: NO AddInfo: 0x1, TSF 0, 00:19:57.089, RSSI: -130, CPL: 127, AGE: 640, SSID ZXHY, TSFDelta: 0x666af18f, TXRate: 0
02-09 04:41:42.361 D/LOWI-9.0.0.87.a( 1375): [LOWI-Scan]
02-09 04:41:42.361 D/LOWI-9.0.0.87.a( 1375): [LOWI-Scan] print_bss_handler: Report beacon TSF 1197089478 as it greater than probe TSF 1101801908
02-09 04:41:42.361 D/LOWI-9.0.0.87.a( 1375): [LOWI-Scan] decode_rsn_wpa_ie: LOWI_ENCRYPTION_TYPE_WPA_PSK
02-09 04:41:42.361 D/LOWI-9.0.0.87.a( 1375): [LOWI-Scan] is_qcom_ie, bss_age: 0
02-09 04:41:42.361 D/LOWI-9.0.0.87.a( 1375): [LOWI-Scan] BSS 18:6f:2d:80:dd:73 LOWI_PHY_MODE_11AC_VHT20(8), Beacon Interval: 100, LOWI_ENCRYPTION_TYPE_WPA_PSK 11mcRanging: No, ANQP: No, LCI: No, Civic: No, capability(0x0111): ESS Privacy SpectrumMgmt
02-09 04:41:42.361 D/LOWI-9.0.0.87.a( 1375): [LOWI-Scan] BSS 18:6f:2d:80:dd:73 FREQ: 5260, cFreq1[40:80:160] = [5260:0:0] cFreq2 = 0 Country Code = CN
02-09 04:41:42.361 D/LOWI-9.0.0.87.a( 1375): [LOWI-Scan] BSS 18:6f:2d:80:dd:73 (wlan0) ASSO: NO AddInfo: 0x1, TSF 0, 00:19:57.089, RSSI: -130, CPL: 127, AGE: 640, SSID Fanya, TSFDelta: 0x666de69a, TXRate: 0
02-09 04:41:42.361 D/LOWI-9.0.0.87.a( 1375): [LOWI-Scan]
02-09 04:41:42.361 D/LOWI-9.0.0.87.a( 1375): [LOWI-Scan] print_bss_handler: Report beacon TSF 1197089671 as it greater than probe TSF 1101802185
02-09 04:41:42.361 D/LOWI-9.0.0.87.a( 1375): [LOWI-Scan] decode_rsn_wpa_ie: LOWI_ENCRYPTION_TYPE_WPA_PSK
02-09 04:41:42.361 D/LOWI-9.0.0.87.a( 1375): [LOWI-Scan] is_qcom_ie, bss_age: 0
02-09 04:41:42.361 D/LOWI-9.0.0.87.a( 1375): [LOWI-Scan] BSS 18:6f:2d:80:dd:74 LOWI_PHY_MODE_11AC_VHT20(8), Beacon Interval: 100, LOWI_ENCRYPTION_TYPE_WPA_PSK 11mcRanging: No, ANQP: No, LCI: No, Civic: No, capability(0x0111): ESS Privacy SpectrumMgmt
02-09 04:41:42.361 D/LOWI-9.0.0.87.a( 1375): [LOWI-Scan] BSS 18:6f:2d:80:dd:74 FREQ: 5260, cFreq1[40:80:160] = [5260:0:0] cFreq2 = 0 Country Code = CN
02-09 04:41:42.361 D/LOWI-9.0.0.87.a( 1375): [LOWI-Scan] BSS 18:6f:2d:80:dd:74 (wlan0) ASSO: NO AddInfo: 0x1, TSF 0, 00:19:57.089, RSSI: -130, CPL: 127, AGE: 640, SSID ThunderSoft, TSFDelta: 0x6670dbbc, TXRate: 0
02-09 04:41:42.361 D/LOWI-9.0.0.87.a( 1375): [LOWI-Scan]
02-09 04:41:42.361 D/LOWI-9.0.0.87.a( 1375): [LOWI-Scan] print_bss_handler: Report beacon TSF 1197089767 as it greater than probe TSF 1101802631
02-09 04:41:42.361 D/LOWI-9.0.0.87.a( 1375): [LOWI-Scan] decode_rsn_wpa_ie: LOWI_ENCRYPTION_TYPE_WPA_PSK
02-09 04:41:42.361 D/LOWI-9.0.0.87.a( 1375): [LOWI-Scan] is_qcom_ie, bss_age: 0
02-09 04:41:42.361 D/LOWI-9.0.0.87.a( 1375): [LOWI-Scan] BSS 18:6f:2d:80:dd:75 LOWI_PHY_MODE_11AC_VHT20(8), Beacon Interval: 100, LOWI_ENCRYPTION_TYPE_WPA_PSK 11mcRanging: No, ANQP: No, LCI: No, Civic: No, capability(0x0111): ESS Privacy SpectrumMgmt
02-09 04:41:42.361 D/LOWI-9.0.0.87.a( 1375): [LOWI-Scan] BSS 18:6f:2d:80:dd:75 FREQ: 5260, cFreq1[40:80:160] = [5260:0:0] cFreq2 = 0 Country Code = CN
02-09 04:41:42.361 D/LOWI-9.0.0.87.a( 1375): [LOWI-Scan] BSS 18:6f:2d:80:dd:75 (wlan0) ASSO: NO AddInfo: 0x1, TSF 0, 00:19:57.089, RSSI: -130, CPL: 127, AGE: 640, SSID GM, TSFDelta: 0x6673a5d9, TXRate: 0
02-09 04:41:42.361 D/LOWI-9.0.0.87.a( 1375): [LOWI-Scan]
02-09 04:41:42.361 D/LOWI-9.0.0.87.a( 1375): [LOWI-Scan] print_bss_handler: Report Probe TSF 1197090024 as it greater than Beacon TSF 1197067868
02-09 04:41:42.361 D/LOWI-9.0.0.87.a( 1375): [LOWI-Scan] decode_rsn_wpa_ie: LOWI_ENCRYPTION_TYPE_WPA_PSK
02-09 04:41:42.361 D/LOWI-9.0.0.87.a( 1375): [LOWI-Scan] is_qcom_ie, bss_age: 0
02-09 04:41:42.361 D/LOWI-9.0.0.87.a( 1375): [LOWI-Scan] BSS 18:6f:2d:81:25:40 LOWI_PHY_MODE_11NG_HT20(5), Beacon Interval: 100, LOWI_ENCRYPTION_TYPE_WPA_PSK 11mcRanging: No, ANQP: No, LCI: No, Civic: No, capability(0x0531): ESS Privacy ShortPreamble SpectrumMgmt ShortSlotTime
02-09 04:41:42.361 D/LOWI-9.0.0.87.a( 1375): [LOWI-Scan] BSS 18:6f:2d:81:25:40 FREQ: 2437, cFreq1[40:80:160] = [2437:0:0] cFreq2 = 0 Country Code = CN
02-09 04:41:42.361 D/LOWI-9.0.0.87.a( 1375): [LOWI-Scan] BSS 18:6f:2d:81:25:40 (wlan0) ASSO: NO AddInfo: 0x0, TSF 0, 00:19:57.090, RSSI: -76, CPL: 127, AGE: 640, SSID Testing , TSFDelta: 0x4aae2b19, TXRate: 0
02-09 04:41:42.361 D/LOWI-9.0.0.87.a( 1375): [LOWI-Scan]
02-09 04:41:42.361 D/LOWI-9.0.0.87.a( 1375): [LOWI-Scan] print_bss_handler: Report Probe TSF 1197095326 as it greater than Beacon TSF 1197076213
02-09 04:41:42.361 D/LOWI-9.0.0.87.a( 1375): [LOWI-Scan] is_qcom_ie, bss_age: 0
02-09 04:41:42.361 D/LOWI-9.0.0.87.a( 1375): [LOWI-Scan] BSS 18:6f:2d:81:25:41 LOWI_PHY_MODE_11NG_HT20(5), Beacon Interval: 100, LOWI_ENCRYPTION_TYPE_OPEN 11mcRanging: No, ANQP: No, LCI: No, Civic: No, capability(0x0521): ESS ShortPreamble SpectrumMgmt ShortSlotTime
02-09 04:41:42.361 D/LOWI-9.0.0.87.a( 1375): [LOWI-Scan] BSS 18:6f:2d:81:25:41 FREQ: 2437, cFreq1[40:80:160] = [2437:0:0] cFreq2 = 0 Country Code = CN
02-09 04:41:42.361 D/LOWI-9.0.0.87.a( 1375): [LOWI-Scan] BSS 18:6f:2d:81:25:41 (wlan0) ASSO: NO AddInfo: 0x0, TSF 0, 00:19:57.095, RSSI: -70, CPL: 127, AGE: 636, SSID Guest, TSFDelta: 0x4ad5ec7f, TXRate: 0
02-09 04:41:42.361 D/LOWI-9.0.0.87.a( 1375): [LOWI-Scan]
02-09 04:41:42.361 D/LOWI-9.0.0.87.a( 1375): [LOWI-Scan] print_bss_handler: Report beacon TSF 1197081521 as it greater than probe TSF 1197052861
02-09 04:41:42.361 D/LOWI-9.0.0.87.a( 1375): [LOWI-Scan] decode_rsn_wpa_ie: LOWI_ENCRYPTION_TYPE_WPA_PSK
02-09 04:41:42.361 D/LOWI-9.0.0.87.a( 1375): [LOWI-Scan] is_qcom_ie, bss_age: 0
02-09 04:41:42.361 D/LOWI-9.0.0.87.a( 1375): [LOWI-Scan] BSS 18:6f:2d:81:25:42 LOWI_PHY_MODE_11NG_HT20(5), Beacon Interval: 100, LOWI_ENCRYPTION_TYPE_WPA_PSK 11mcRanging: No, ANQP: No, LCI: No, Civic: No, capability(0x0531): ESS Privacy ShortPreamble SpectrumMgmt ShortSlotTime
02-09 04:41:42.361 D/LOWI-9.0.0.87.a( 1375): [LOWI-Scan] BSS 18:6f:2d:81:25:42 FREQ: 2437, cFreq1[40:80:160] = [2437:0:0] cFreq2 = 0 Country Code = CN
02-09 04:41:42.361 D/LOWI-9.0.0.87.a( 1375): [LOWI-Scan] BSS 18:6f:2d:81:25:42 (wlan0) ASSO: NO AddInfo: 0x1, TSF 0, 00:19:57.081, RSSI: -80, CPL: 127, AGE: 648, SSID ThunderSoft_2.4G, TSFDelta: 0x499d4e0f, TXRate: 0
02-09 04:41:42.361 D/LOWI-9.0.0.87.a( 1375): [LOWI-Scan]
02-09 04:41:42.361 D/LOWI-9.0.0.87.a( 1375): [LOWI-Scan] print_bss_handler: Report beacon TSF 1197083142 as it greater than probe TSF 1197055714
02-09 04:41:42.361 D/LOWI-9.0.0.87.a( 1375): [LOWI-Scan] decode_rsn_wpa_ie: LOWI_ENCRYPTION_TYPE_WPA_PSK
02-09 04:41:42.361 D/LOWI-9.0.0.87.a( 1375): [LOWI-Scan] is_qcom_ie, bss_age: 0
02-09 04:41:42.361 D/LOWI-9.0.0.87.a( 1375): [LOWI-Scan] BSS 18:6f:2d:81:25:43 LOWI_PHY_MODE_11NG_HT20(5), Beacon Interval: 100, LOWI_ENCRYPTION_TYPE_WPA_PSK 11mcRanging: No, ANQP: No, LCI: No, Civic: No, capability(0x0531): ESS Privacy ShortPreamble SpectrumMgmt ShortSlotTime
02-09 04:41:42.361 D/LOWI-9.0.0.87.a( 1375): [LOWI-Scan] BSS 18:6f:2d:81:25:43 FREQ: 2437, cFreq1[40:80:160] = [2437:0:0] cFreq2 = 0 Country Code = CN
02-09 04:41:42.361 D/WifiNl80211Manager( 1240): Scan result ready event
02-09 04:41:42.361 D/LOWI-9.0.0.87.a( 1375): [LOWI-Scan] BSS 18:6f:2d:81:25:43 (wlan0) ASSO: NO AddInfo: 0x1, TSF 0, 00:19:57.083, RSSI: -80, CPL: 127, AGE: 648, SSID ZXHY, TSFDelta: 0x49b1581b, TXRate: 0
02-09 04:41:42.361 D/LOWI-9.0.0.87.a( 1375): [LOWI-Scan]
02-09 04:41:42.361 D/WifiNative( 1240): Scan result ready event
02-09 04:41:42.361 D/LOWI-9.0.0.87.a( 1375): [LOWI-Scan] print_bss_handler: Report Probe TSF 1197209335 as it greater than Beacon TSF 1197185299
02-09 04:41:42.361 D/LOWI-9.0.0.87.a( 1375): [LOWI-Scan] decode_rsn_wpa_ie: LOWI_ENCRYPTION_TYPE_WPA_PSK
02-09 04:41:42.361 D/LOWI-9.0.0.87.a( 1375): [LOWI-Scan] is_qcom_ie, bss_age: 0
02-09 04:41:42.361 D/LOWI-9.0.0.87.a( 1375): [LOWI-Scan] BSS 18:6f:2d:81:18:50 LOWI_PHY_MODE_11AC_VHT20(8), Beacon Interval: 100, LOWI_ENCRYPTION_TYPE_WPA_PSK 11mcRanging: No, ANQP: No, LCI: No, Civic: No, capability(0x0111): ESS Privacy SpectrumMgmt
02-09 04:41:42.361 D/LOWI-9.0.0.87.a( 1375): [LOWI-Scan] BSS 18:6f:2d:81:18:50 FREQ: 5280, cFreq1[40:80:160] = [5280:0:0] cFreq2 = 0 Country Code = CN
02-09 04:41:42.361 D/LOWI-9.0.0.87.a( 1375): [LOWI-Scan] BSS 18:6f:2d:81:18:50 (wlan0) ASSO: NO AddInfo: 0x0, TSF 0, 00:19:57.209, RSSI: -160, CPL: 127, AGE: 520, SSID Testing , TSFDelta: 0x62574d5a, TXRate: 0
02-09 04:41:42.361 D/LOWI-9.0.0.87.a( 1375): [LOWI-Scan]
02-09 04:41:42.361 D/LOWI-9.0.0.87.a( 1375): [LOWI-Scan] print_bss_handler: Report Probe TSF 1197210021 as it greater than Beacon TSF 1197185369
02-09 04:41:42.361 D/LOWI-9.0.0.87.a( 1375): [LOWI-Scan] is_qcom_ie, bss_age: 0
02-09 04:41:42.362 D/LOWI-9.0.0.87.a( 1375): [LOWI-Scan] BSS 18:6f:2d:81:18:51 LOWI_PHY_MODE_11AC_VHT20(8), Beacon Interval: 100, LOWI_ENCRYPTION_TYPE_OPEN 11mcRanging: No, ANQP: No, LCI: No, Civic: No, capability(0x0101): ESS SpectrumMgmt
02-09 04:41:42.362 D/LOWI-9.0.0.87.a( 1375): [LOWI-Scan] BSS 18:6f:2d:81:18:51 FREQ: 5280, cFreq1[40:80:160] = [5280:0:0] cFreq2 = 0 Country Code = CN
02-09 04:41:42.362 D/LOWI-9.0.0.87.a( 1375): [LOWI-Scan] BSS 18:6f:2d:81:18:51 (wlan0) ASSO: NO AddInfo: 0x0, TSF 0, 00:19:57.210, RSSI: -158, CPL: 127, AGE: 520, SSID Guest, TSFDelta: 0x625cee38, TXRate: 0
02-09 04:41:42.362 D/LOWI-9.0.0.87.a( 1375): [LOWI-Scan]
02-09 04:41:42.362 D/LOWI-9.0.0.87.a( 1375): [LOWI-Scan] print_bss_handler: Report Probe TSF 1197210838 as it greater than Beacon TSF 1197185414
02-09 04:41:42.362 D/LOWI-9.0.0.87.a( 1375): [LOWI-Scan] decode_rsn_wpa_ie: LOWI_ENCRYPTION_TYPE_WPA_PSK
02-09 04:41:42.362 D/LOWI-9.0.0.87.a( 1375): [LOWI-Scan] is_qcom_ie, bss_age: 0
02-09 04:41:42.362 D/LOWI-9.0.0.87.a( 1375): [LOWI-Scan] BSS 18:6f:2d:81:18:52 LOWI_PHY_MODE_11AC_VHT20(8), Beacon Interval: 100, LOWI_ENCRYPTION_TYPE_WPA_PSK 11mcRanging: No, ANQP: No, LCI: No, Civic: No, capability(0x0111): ESS Privacy SpectrumMgmt
02-09 04:41:42.362 D/LOWI-9.0.0.87.a( 1375): [LOWI-Scan] BSS 18:6f:2d:81:18:52 FREQ: 5280, cFreq1[40:80:160] = [5280:0:0] cFreq2 = 0 Country Code = CN
02-09 04:41:42.362 D/LOWI-9.0.0.87.a( 1375): [LOWI-Scan] BSS 18:6f:2d:81:18:52 (wlan0) ASSO: NO AddInfo: 0x0, TSF 0, 00:19:57.210, RSSI: -160, CPL: 127, AGE: 520, SSID ZXHY, TSFDelta: 0x626262df, TXRate: 0
02-09 04:41:42.362 D/LOWI-9.0.0.87.a( 1375): [LOWI-Scan]
02-09 04:41:42.362 D/LOWI-9.0.0.87.a( 1375): [LOWI-Scan] print_bss_handler: Report Probe TSF 1197211580 as it greater than Beacon TSF 1197185561
02-09 04:41:42.362 D/LOWI-9.0.0.87.a( 1375): [LOWI-Scan] decode_rsn_wpa_ie: LOWI_ENCRYPTION_TYPE_WPA_PSK
02-09 04:41:42.362 D/LOWI-9.0.0.87.a( 1375): [LOWI-Scan] is_qcom_ie, bss_age: 0
02-09 04:41:42.362 D/LOWI-9.0.0.87.a( 1375): [LOWI-Scan] BSS 18:6f:2d:81:18:53 LOWI_PHY_MODE_11AC_VHT20(8), Beacon Interval: 100, LOWI_ENCRYPTION_TYPE_WPA_PSK 11mcRanging: No, ANQP: No, LCI: No, Civic: No, capability(0x0111): ESS Privacy SpectrumMgmt
02-09 04:41:42.362 D/LOWI-9.0.0.87.a( 1375): [LOWI-Scan] BSS 18:6f:2d:81:18:53 FREQ: 5280, cFreq1[40:80:160] = [5280:0:0] cFreq2 = 0 Country Code = CN
02-09 04:41:42.362 D/LOWI-9.0.0.87.a( 1375): [LOWI-Scan] BSS 18:6f:2d:81:18:53 (wlan0) ASSO: NO AddInfo: 0x0, TSF 0, 00:19:57.211, RSSI: -158, CPL: 127, AGE: 520, SSID Fanya, TSFDelta: 0x62681205, TXRate: 0
02-09 04:41:42.362 D/LOWI-9.0.0.87.a( 1375): [LOWI-Scan]
02-09 04:41:42.362 D/LOWI-9.0.0.87.a( 1375): [LOWI-Scan] print_bss_handler: Report Probe TSF 1197212323 as it greater than Beacon TSF 1197185653
02-09 04:41:42.362 D/LOWI-9.0.0.87.a( 1375): [LOWI-Scan] decode_rsn_wpa_ie: LOWI_ENCRYPTION_TYPE_WPA_PSK
02-09 04:41:42.362 D/LOWI-9.0.0.87.a( 1375): [LOWI-Scan] is_qcom_ie, bss_age: 0
02-09 04:41:42.362 D/LOWI-9.0.0.87.a( 1375): [LOWI-Scan] BSS 18:6f:2d:81:18:54 LOWI_PHY_MODE_11AC_VHT20(8), Beacon Interval: 100, LOWI_ENCRYPTION_TYPE_WPA_PSK 11mcRanging: No, ANQP: No, LCI: No, Civic: No, capability(0x0111): ESS Privacy SpectrumMgmt
02-09 04:41:42.362 D/LOWI-9.0.0.87.a( 1375): [LOWI-Scan] BSS 18:6f:2d:81:18:54 FREQ: 5280, cFreq1[40:80:160] = [5280:0:0] cFreq2 = 0 Country Code = CN
02-09 04:41:42.362 D/LOWI-9.0.0.87.a( 1375): [LOWI-Scan] BSS 18:6f:2d:81:18:54 (wlan0) ASSO: NO AddInfo: 0x0, TSF 0, 00:19:57.212, RSSI: -160, CPL: 127, AGE: 516, SSID ThunderSoft, TSFDelta: 0x626d7dce, TXRate: 0
02-09 04:41:42.362 D/LOWI-9.0.0.87.a( 1375): [LOWI-Scan]
02-09 04:41:42.362 D/LOWI-9.0.0.87.a( 1375): [LOWI-Scan] print_bss_handler: Report Probe TSF 1197213103 as it greater than Beacon TSF 1197186098
02-09 04:41:42.362 D/LOWI-9.0.0.87.a( 1375): [LOWI-Scan] decode_rsn_wpa_ie: LOWI_ENCRYPTION_TYPE_WPA_PSK
02-09 04:41:42.362 D/LOWI-9.0.0.87.a( 1375): [LOWI-Scan] is_qcom_ie, bss_age: 0
02-09 04:41:42.362 D/LOWI-9.0.0.87.a( 1375): [LOWI-Scan] BSS 18:6f:2d:81:18:55 LOWI_PHY_MODE_11AC_VHT20(8), Beacon Interval: 100, LOWI_ENCRYPTION_TYPE_WPA_PSK 11mcRanging: No, ANQP: No, LCI: No, Civic: No, capability(0x0111): ESS Privacy SpectrumMgmt
02-09 04:41:42.362 D/LOWI-9.0.0.87.a( 1375): [LOWI-Scan] BSS 18:6f:2d:81:18:55 FREQ: 5280, cFreq1[40:80:160] = [5280:0:0] cFreq2 = 0 Country Code = CN
02-09 04:41:42.362 D/LOWI-9.0.0.87.a( 1375): [LOWI-Scan] BSS 18:6f:2d:81:18:55 (wlan0) ASSO: NO AddInfo: 0x0, TSF 0, 00:19:57.213, RSSI: -158, CPL: 127, AGE: 516, SSID GM, TSFDelta: 0x6272f12d, TXRate: 0
02-09 04:41:42.362 E/UserRestrictionsUtils( 1240): Unknown restriction queried by uid 1000 (com.android.provision et al): null
02-09 04:41:42.362 D/LOWI-9.0.0.87.a( 1375): [LOWI-Scan]
02-09 04:41:42.362 D/LOWI-9.0.0.87.a( 1375): [LOWI-Scan] print_bss_handler: Report Probe TSF 1197378411 as it greater than Beacon TSF 1197378307
02-09 04:41:42.362 D/LOWI-9.0.0.87.a( 1375): [LOWI-Scan] decode_rsn_wpa_ie: LOWI_ENCRYPTION_TYPE_WPA_PSK
02-09 04:41:42.362 D/LOWI-9.0.0.87.a( 1375): [LOWI-Scan] is_qcom_ie, bss_age: 0
02-09 04:41:42.362 D/LOWI-9.0.0.87.a( 1375): [LOWI-Scan] BSS 5c:02:14:f9:4f:d2 LOWI_PHY_MODE_11AC_VHT20_2G(11), Beacon Interval: 100, LOWI_ENCRYPTION_TYPE_WPA_PSK 11mcRanging: No, ANQP: Yes, LCI: No, Civic: No, capability(0x1431): ESS Privacy ShortPreamble ShortSlotTime
02-09 04:41:42.362 D/LOWI-9.0.0.87.a( 1375): [LOWI-Scan] BSS 5c:02:14:f9:4f:d2 FREQ: 2452, cFreq1[40:80:160] = [0:0:0] cFreq2 = 0 Country Code = CN
02-09 04:41:42.362 D/LOWI-9.0.0.87.a( 1375): [LOWI-Scan] BSS 5c:02:14:f9:4f:d2 (wlan0) ASSO: NO AddInfo: 0x0, TSF 0, 00:19:57.378, RSSI: -90, CPL: 127, AGE: 352, SSID ThunderSoft_XTS_2.4G, TSFDelta: 0x840e09b1, TXRate: 0
02-09 04:41:42.362 D/LOWI-9.0.0.87.a( 1375): [LOWI-Scan]
02-09 04:41:42.362 D/LOWI-9.0.0.87.a( 1375): [LOWI-Scan] print_bss_handler: Report Probe TSF 1197307237 as it greater than Beacon TSF 1197276354
02-09 04:41:42.362 D/LOWI-9.0.0.87.a( 1375): [LOWI-Scan] decode_rsn_wpa_ie: LOWI_ENCRYPTION_TYPE_WPA_PSK
02-09 04:41:42.362 D/LOWI-9.0.0.87.a( 1375): [LOWI-Scan] is_qcom_ie, bss_age: 0
02-09 04:41:42.362 D/LOWI-9.0.0.87.a( 1375): [LOWI-Scan] BSS 18:6f:2d:81:20:70 LOWI_PHY_MODE_11AC_VHT20(8), Beacon Interval: 100, LOWI_ENCRYPTION_TYPE_WPA_PSK 11mcRanging: No, ANQP: No, LCI: No, Civic: No, capability(0x0111): ESS Privacy SpectrumMgmt
02-09 04:41:42.362 D/LOWI-9.0.0.87.a( 1375): [LOWI-Scan] BSS 18:6f:2d:81:20:70 FREQ: 5300, cFreq1[40:80:160] = [5300:0:0] cFreq2 = 0 Country Code = CN
02-09 04:41:42.362 D/LOWI-9.0.0.87.a( 1375): [LOWI-Scan] BSS 18:6f:2d:81:20:70 (wlan0) ASSO: NO AddInfo: 0x0, TSF 0, 00:19:57.307, RSSI: -152, CPL: 127, AGE: 424, SSID Testing , TSFDelta: 0x62b40595, TXRate: 0
02-09 04:41:42.362 D/LOWI-9.0.0.87.a( 1375): [LOWI-Scan]
02-09 04:41:42.362 D/LOWI-9.0.0.87.a( 1375): [LOWI-Scan] print_bss_handler: Report Probe TSF 1197307896 as it greater than Beacon TSF 1197276669
02-09 04:41:42.362 D/LOWI-9.0.0.87.a( 1375): [LOWI-Scan] is_qcom_ie, bss_age: 0
02-09 04:41:42.362 D/LOWI-9.0.0.87.a( 1375): [LOWI-Scan] BSS 18:6f:2d:81:20:71 LOWI_PHY_MODE_11AC_VHT20(8), Beacon Interval: 100, LOWI_ENCRYPTION_TYPE_OPEN 11mcRanging: No, ANQP: No, LCI: No, Civic: No, capability(0x0101): ESS SpectrumMgmt
02-09 04:41:42.362 D/LOWI-9.0.0.87.a( 1375): [LOWI-Scan] BSS 18:6f:2d:81:20:71 FREQ: 5300, cFreq1[40:80:160] = [5300:0:0] cFreq2 = 0 Country Code = CN
02-09 04:41:42.362 D/LOWI-9.0.0.87.a( 1375): [LOWI-Scan] BSS 18:6f:2d:81:20:71 (wlan0) ASSO: NO AddInfo: 0x0, TSF 0, 00:19:57.307, RSSI: -152, CPL: 127, AGE: 424, SSID Guest, TSFDelta: 0x62b99763, TXRate: 0
02-09 04:41:42.362 D/LOWI-9.0.0.87.a( 1375): [LOWI-Scan]
02-09 04:41:42.362 D/LOWI-9.0.0.87.a( 1375): [LOWI-Scan] print_bss_handler: Report Probe TSF 1197308678 as it greater than Beacon TSF 1197276918
02-09 04:41:42.362 D/LOWI-9.0.0.87.a( 1375): [LOWI-Scan] decode_rsn_wpa_ie: LOWI_ENCRYPTION_TYPE_WPA_PSK
02-09 04:41:42.362 D/LOWI-9.0.0.87.a( 1375): [LOWI-Scan] is_qcom_ie, bss_age: 0
02-09 04:41:42.362 D/LOWI-9.0.0.87.a( 1375): [LOWI-Scan] BSS 18:6f:2d:81:20:72 LOWI_PHY_MODE_11AC_VHT20(8), Beacon Interval: 100, LOWI_ENCRYPTION_TYPE_WPA_PSK 11mcRanging: No, ANQP: No, LCI: No, Civic: No, capability(0x0111): ESS Privacy SpectrumMgmt
02-09 04:41:42.362 D/LOWI-9.0.0.87.a( 1375): [LOWI-Scan] BSS 18:6f:2d:81:20:72 FREQ: 5300, cFreq1[40:80:160] = [5300:0:0] cFreq2 = 0 Country Code = CN
02-09 04:41:42.362 D/LOWI-9.0.0.87.a( 1375): [LOWI-Scan] BSS 18:6f:2d:81:20:72 (wlan0) ASSO: NO AddInfo: 0x0, TSF 0, 00:19:57.308, RSSI: -154, CPL: 127, AGE: 420, SSID ZXHY, TSFDelta: 0x62bef63d, TXRate: 0
02-09 04:41:42.362 D/LOWI-9.0.0.87.a( 1375): [LOWI-Scan]
02-09 04:41:42.362 D/LOWI-9.0.0.87.a( 1375): [LOWI-Scan] print_bss_handler: Report Probe TSF 1197309423 as it greater than Beacon TSF 1197277302
02-09 04:41:42.363 D/LOWI-9.0.0.87.a( 1375): [LOWI-Scan] decode_rsn_wpa_ie: LOWI_ENCRYPTION_TYPE_WPA_PSK
02-09 04:41:42.363 D/LOWI-9.0.0.87.a( 1375): [LOWI-Scan] is_qcom_ie, bss_age: 0
02-09 04:41:42.363 D/LOWI-9.0.0.87.a( 1375): [LOWI-Scan] BSS 18:6f:2d:81:20:73 LOWI_PHY_MODE_11AC_VHT20(8), Beacon Interval: 100, LOWI_ENCRYPTION_TYPE_WPA_PSK 11mcRanging: No, ANQP: No, LCI: No, Civic: No, capability(0x0111): ESS Privacy SpectrumMgmt
02-09 04:41:42.363 D/LOWI-9.0.0.87.a( 1375): [LOWI-Scan] BSS 18:6f:2d:81:20:73 FREQ: 5300, cFreq1[40:80:160] = [5300:0:0] cFreq2 = 0 Country Code = CN
02-09 04:41:42.363 D/LOWI-9.0.0.87.a( 1375): [LOWI-Scan] BSS 18:6f:2d:81:20:73 (wlan0) ASSO: NO AddInfo: 0x0, TSF 0, 00:19:57.309, RSSI: -152, CPL: 127, AGE: 424, SSID Fanya, TSFDelta: 0x62c487bb, TXRate: 0
02-09 04:41:42.363 D/LOWI-9.0.0.87.a( 1375): [LOWI-Scan]
02-09 04:41:42.363 D/LOWI-9.0.0.87.a( 1375): [LOWI-Scan] print_bss_handler: Report Probe TSF 1197310322 as it greater than Beacon TSF 1197277414
02-09 04:41:42.363 D/LOWI-9.0.0.87.a( 1375): [LOWI-Scan] decode_rsn_wpa_ie: LOWI_ENCRYPTION_TYPE_WPA_PSK
02-09 04:41:42.363 D/LOWI-9.0.0.87.a( 1375): [LOWI-Scan] is_qcom_ie, bss_age: 0
02-09 04:41:42.363 D/LOWI-9.0.0.87.a( 1375): [LOWI-Scan] BSS 18:6f:2d:81:20:74 LOWI_PHY_MODE_11AC_VHT20(8), Beacon Interval: 100, LOWI_ENCRYPTION_TYPE_WPA_PSK 11mcRanging: No, ANQP: No, LCI: No, Civic: No, capability(0x0111): ESS Privacy SpectrumMgmt
02-09 04:41:42.363 D/LOWI-9.0.0.87.a( 1375): [LOWI-Scan] BSS 18:6f:2d:81:20:74 FREQ: 5300, cFreq1[40:80:160] = [5300:0:0] cFreq2 = 0 Country Code = CN
02-09 04:41:42.363 D/LOWI-9.0.0.87.a( 1375): [LOWI-Scan] BSS 18:6f:2d:81:20:74 (wlan0) ASSO: NO AddInfo: 0x0, TSF 0, 00:19:57.310, RSSI: -152, CPL: 127, AGE: 424, SSID ThunderSoft, TSFDelta: 0x62ca1938, TXRate: 0
02-09 04:41:42.363 D/LOWI-9.0.0.87.a( 1375): [LOWI-Scan]
02-09 04:41:42.363 D/LOWI-9.0.0.87.a( 1375): [LOWI-Scan] print_bss_handler: Report Probe TSF 1197310960 as it greater than Beacon TSF 1197277680
02-09 04:41:42.363 D/LOWI-9.0.0.87.a( 1375): [LOWI-Scan] decode_rsn_wpa_ie: LOWI_ENCRYPTION_TYPE_WPA_PSK
02-09 04:41:42.363 D/LOWI-9.0.0.87.a( 1375): [LOWI-Scan] is_qcom_ie, bss_age: 0
02-09 04:41:42.363 D/LOWI-9.0.0.87.a( 1375): [LOWI-Scan] BSS 18:6f:2d:81:20:75 LOWI_PHY_MODE_11AC_VHT20(8), Beacon Interval: 100, LOWI_ENCRYPTION_TYPE_WPA_PSK 11mcRanging: No, ANQP: No, LCI: No, Civic: No, capability(0x0111): ESS Privacy SpectrumMgmt
02-09 04:41:42.363 D/LOWI-9.0.0.87.a( 1375): [LOWI-Scan] BSS 18:6f:2d:81:20:75 FREQ: 5300, cFreq1[40:80:160] = [5300:0:0] cFreq2 = 0 Country Code = CN
02-09 04:41:42.363 D/LOWI-9.0.0.87.a( 1375): [LOWI-Scan] BSS 18:6f:2d:81:20:75 (wlan0) ASSO: NO AddInfo: 0x0, TSF 0, 00:19:57.310, RSSI: -152, CPL: 127, AGE: 424, SSID GM, TSFDelta: 0x62cfa848, TXRate: 0
02-09 04:41:42.363 E/UserRestrictionsUtils( 1240): Unknown restriction queried by uid 1000 (com.android.provision et al): null
02-09 04:41:42.363 D/LOWI-9.0.0.87.a( 1375): [LOWI-Scan]
02-09 04:41:42.363 D/LOWI-9.0.0.87.a( 1375): [LOWI-Scan] print_bss_handler: Report Probe TSF 1197532540 as it greater than Beacon TSF 822187693
02-09 04:41:42.363 D/LOWI-9.0.0.87.a( 1375): [LOWI-Scan] decode_rsn_wpa_ie: LOWI_ENCRYPTION_TYPE_WPA_PSK
02-09 04:41:42.363 D/LOWI-9.0.0.87.a( 1375): [LOWI-Scan] is_qcom_ie, bss_age: 0
02-09 04:41:42.363 D/LOWI-9.0.0.87.a( 1375): [LOWI-Scan] BSS dc:fe:18:77:4e:9a LOWI_PHY_MODE_11NG_HT40(7), Beacon Interval: 100, LOWI_ENCRYPTION_TYPE_WPA_PSK 11mcRanging: No, ANQP: No, LCI: No, Civic: No, capability(0x0431): ESS Privacy ShortPreamble ShortSlotTime
02-09 04:41:42.363 D/LOWI-9.0.0.87.a( 1375): [LOWI-Scan] BSS dc:fe:18:77:4e:9a FREQ: 2462, cFreq1[40:80:160] = [2452:0:0] cFreq2 = 0 Country Code =
02-09 04:41:42.363 D/LOWI-9.0.0.87.a( 1375): [LOWI-Scan] BSS dc:fe:18:77:4e:9a (wlan0) ASSO: NO AddInfo: 0x0, TSF 0, 00:19:57.532, RSSI: -122, CPL: 127, AGE: 200, SSID TP-LINK_4E9A, TSFDelta: 0xbcdf0215, TXRate: 0
02-09 04:41:42.363 D/LOWI-9.0.0.87.a( 1375): [LOWI-Scan]
02-09 04:41:42.363 D/LOWI-9.0.0.87.a( 1375): [LOWI-Scan] print_bss_handler: Report Probe TSF 1197717749 as it greater than Beacon TSF 822323702
02-09 04:41:42.363 D/LOWI-9.0.0.87.a( 1375): [LOWI-Scan] decode_rsn_wpa_ie: LOWI_ENCRYPTION_TYPE_WPA_PSK
02-09 04:41:42.363 D/LOWI-9.0.0.87.a( 1375): [LOWI-Scan] is_qcom_ie, bss_age: 0
