02-09 04:41:45.902 W/WindowManager( 1240): updateScale : 0.7844037
02-09 04:41:45.913 I/ActivityTaskManager( 1240): clear resize flag in freeform mode
02-09 04:41:45.914 W/WindowManager( 1240): updateScale : 0.78746176
02-09 04:41:45.920 W/WindowManager( 1240): updateScale : 0.78746176
02-09 04:41:45.931 I/ActivityTaskManager( 1240): clear resize flag in freeform mode
02-09 04:41:45.931 W/WindowManager( 1240): updateScale : 0.7905199
02-09 04:41:45.944 I/GLRootView( 3921): onSurfaceChanged: 654x1096, gl10: com.google.android.gles_jni.GLImpl@45e2ec7
02-09 04:41:45.944 I/GLRootView( 3921): layout content pane 654x1096 (compensation 0)
02-09 04:41:45.947 I/ActivityTaskManager( 1240): clear resize flag in freeform mode
02-09 04:41:45.948 W/WindowManager( 1240): updateScale : 0.79204893
02-09 04:41:45.964 I/ActivityTaskManager( 1240): clear resize flag in freeform mode
02-09 04:41:45.965 W/WindowManager( 1240): updateScale : 0.79357797
02-09 04:41:45.979 W/WindowManager( 1240): updateScale : 0.79357797
02-09 04:41:45.986 I/ActivityTaskManager( 1240): clear resize flag in freeform mode
02-09 04:41:45.987 I/GLRootView( 3921): onSurfaceChanged: 654x1095, gl10: com.google.android.gles_jni.GLImpl@45e2ec7
02-09 04:41:45.987 I/GLRootView( 3921): layout content pane 654x1095 (compensation 0)
02-09 04:41:45.991 W/WindowManager( 1240): updateScale : 0.79357797
02-09 04:41:46.012 W/WindowManager( 1240): updateScale : 0.79357797
02-09 04:41:46.017 I/GLRootView( 3921): onSurfaceChanged: 654x1097, gl10: com.google.android.gles_jni.GLImpl@45e2ec7
02-09 04:41:46.017 I/GLRootView( 3921): layout content pane 654x1097 (compensation 0)
02-09 04:41:46.031 I/OMX-VENC: venc_dev( 1301): stats: avg. fps 46.44, bitrate 3923895
02-09 04:41:46.238 I/am_uid_idle( 1240): 10044
02-09 04:41:46.254 I/mpu_uart( 645): [MSG-P:RECV]:No message received in 1000 ms
02-09 04:41:46.729 I/OpenGLRenderer( 2005): Davey! duration=9223370834774ms; Flags=0, FrameTimelineVsyncId=-1, IntendedVsync=1202080085060, Vsync=1202080086467, InputEventId=0, HandleInputStart=1202080093967, AnimationStart=1202080095425, PerformTraversalsStart=1202080096727, DrawStart=1202080635321, FrameDeadline=9223372036854775807, FrameInterval=1202080086467, FrameStartTime=16666666, SyncQueued=1202080905477, SyncStart=1202080970425, IssueDrawCommandsStart=1202081096467, SwapBuffers=1202082354956, FrameCompleted=9223372036854775807, DequeueBufferDuration=46250, QueueBufferDuration=967812, GpuCompleted=9223372036854775807, SwapBuffersCompleted=1202083800581, DisplayPresentTime=0,
02-09 04:41:46.854 W/hpplay-java( 2754): [main]:IPManager:getActiveNets invalid networkInfo:null
02-09 04:41:46.855 I/hpplay-java( 2754): [main]:IPManager:getActiveNets eth0:false wifi:false mobile:false ap:false
02-09 04:41:46.855 I/hpplay-java( 2754): [main]:ServerTaskManager:get local ip:null
02-09 04:41:47.254 I/mpu_uart( 645): [MSG-P:RECV]:No message received in 1000 ms
02-09 04:41:47.660 I/service_manager_stats( 1240): [100,58,54053]
02-09 04:41:47.737 I/view_enqueue_input_event( 3921): [Motion - Cancel,com.android.gallery3d/com.android.gallery3d.app.GalleryActivity]
02-09 04:41:47.746 I/input_interaction( 1240): Interaction with: WindowManager (server), edge-swipe (server), swipe-up (server), PointerEventDispatcher0 (server),
02-09 04:41:47.751 D/FreeFormWindowHelper( 1240): refreshTipWindow mTipWindowTitle : freeform_top_right_tip_window
02-09 04:41:47.752 I/ActivityTaskManager( 1240): clear resize flag in freeform mode
02-09 04:41:47.753 W/WindowManager( 1240): updateScale : 0.79357797
02-09 04:41:47.754 I/OMX-VENC: venc_dev( 1301): stats: avg. fps 5.81, bitrate 762422
02-09 04:41:47.767 D/FreeFormWindowHelper( 1240): refreshTipWindow mTipWindowTitle : freeform_top_right_tip_window
02-09 04:41:47.768 I/ActivityTaskManager( 1240): clear resize flag in freeform mode
02-09 04:41:47.769 W/WindowManager( 1240): updateScale : 0.79357797
02-09 04:41:47.784 D/FreeFormWindowHelper( 1240): refreshTipWindow mTipWindowTitle : freeform_top_right_tip_window
02-09 04:41:47.785 I/ActivityTaskManager( 1240): clear resize flag in freeform mode
02-09 04:41:47.785 W/WindowManager( 1240): updateScale : 0.79357797
02-09 04:41:47.788 W/WindowManager( 1240): updateScale : 0.79357797
02-09 04:41:47.801 D/FreeFormWindowHelper( 1240): refreshTipWindow mTipWindowTitle : freeform_top_right_tip_window
02-09 04:41:47.801 I/ActivityTaskManager( 1240): clear resize flag in freeform mode
02-09 04:41:47.802 W/WindowManager( 1240): updateScale : 0.79357797
02-09 04:41:47.818 D/FreeFormWindowHelper( 1240): refreshTipWindow mTipWindowTitle : freeform_top_right_tip_window
02-09 04:41:47.818 I/ActivityTaskManager( 1240): clear resize flag in freeform mode
02-09 04:41:47.819 W/WindowManager( 1240): updateScale : 0.79357797
02-09 04:41:47.834 D/FreeFormWindowHelper( 1240): refreshTipWindow mTipWindowTitle : freeform_top_right_tip_window
02-09 04:41:47.835 I/ActivityTaskManager( 1240): clear resize flag in freeform mode
02-09 04:41:47.835 W/WindowManager( 1240): updateScale : 0.79357797
02-09 04:41:47.851 D/FreeFormWindowHelper( 1240): refreshTipWindow mTipWindowTitle : freeform_top_right_tip_window
02-09 04:41:47.851 I/ActivityTaskManager( 1240): clear resize flag in freeform mode
02-09 04:41:47.852 W/WindowManager( 1240): updateScale : 0.79357797
02-09 04:41:47.856 W/hpplay-java( 2754): [main]:IPManager:getActiveNets invalid networkInfo:null
02-09 04:41:47.856 I/hpplay-java( 2754): [main]:IPManager:getActiveNets eth0:false wifi:false mobile:false ap:false
02-09 04:41:47.857 I/hpplay-java( 2754): [main]:ServerTaskManager:get local ip:null
02-09 04:41:47.868 D/FreeFormWindowHelper( 1240): refreshTipWindow mTipWindowTitle : freeform_top_right_tip_window
02-09 04:41:47.868 I/ActivityTaskManager( 1240): clear resize flag in freeform mode
02-09 04:41:47.869 W/WindowManager( 1240): updateScale : 0.79357797
02-09 04:41:47.884 D/FreeFormWindowHelper( 1240): refreshTipWindow mTipWindowTitle : null
02-09 04:41:47.885 I/ActivityTaskManager( 1240): clear resize flag in freeform mode
02-09 04:41:47.885 W/WindowManager( 1240): updateScale : 0.79357797
02-09 04:41:47.901 D/FreeFormWindowHelper( 1240): refreshTipWindow mTipWindowTitle : null
02-09 04:41:47.902 I/ActivityTaskManager( 1240): clear resize flag in freeform mode
02-09 04:41:47.902 W/WindowManager( 1240): updateScale : 0.79357797
02-09 04:41:47.915 W/WindowManager( 1240): updateScale : 0.79357797
02-09 04:41:47.919 D/FreeFormWindowHelper( 1240): refreshTipWindow mTipWindowTitle : null
02-09 04:41:47.920 I/ActivityTaskManager( 1240): clear resize flag in freeform mode
02-09 04:41:47.920 W/WindowManager( 1240): updateScale : 0.79357797
02-09 04:41:47.922 I/GLRootView( 3921): onSurfaceChanged: 654x1096, gl10: com.google.android.gles_jni.GLImpl@45e2ec7
02-09 04:41:47.922 I/GLRootView( 3921): layout content pane 654x1096 (compensation 0)
02-09 04:41:47.932 W/WindowManager( 1240): updateScale : 0.79357797
02-09 04:41:47.934 D/FreeFormWindowHelper( 1240): refreshTipWindow mTipWindowTitle : null
02-09 04:41:47.935 I/ActivityTaskManager( 1240): clear resize flag in freeform mode
02-09 04:41:47.935 W/WindowManager( 1240): updateScale : 0.79357797
02-09 04:41:47.951 D/FreeFormWindowHelper( 1240): refreshTipWindow mTipWindowTitle : null
02-09 04:41:47.952 I/ActivityTaskManager( 1240): clear resize flag in freeform mode
02-09 04:41:47.952 W/WindowManager( 1240): updateScale : 0.79357797
02-09 04:41:47.968 D/FreeFormWindowHelper( 1240): refreshTipWindow mTipWindowTitle : null
02-09 04:41:47.968 I/ActivityTaskManager( 1240): clear resize flag in freeform mode
02-09 04:41:47.969 W/WindowManager( 1240): updateScale : 0.79357797
02-09 04:41:47.984 D/FreeFormWindowHelper( 1240): refreshTipWindow mTipWindowTitle : null
02-09 04:41:47.985 I/ActivityTaskManager( 1240): clear resize flag in freeform mode
02-09 04:41:47.986 W/WindowManager( 1240): updateScale : 0.79357797
02-09 04:41:47.999 W/WindowManager( 1240): updateScale : 0.79357797
02-09 04:41:48.001 D/FreeFormWindowHelper( 1240): refreshTipWindow mTipWindowTitle : null
02-09 04:41:48.002 I/ActivityTaskManager( 1240): clear resize flag in freeform mode
02-09 04:41:48.002 W/WindowManager( 1240): updateScale : 0.79357797
02-09 04:41:48.004 I/GLRootView( 3921): onSurfaceChanged: 654x1097, gl10: com.google.android.gles_jni.GLImpl@45e2ec7
02-09 04:41:48.005 I/GLRootView( 3921): layout content pane 654x1097 (compensation 0)
02-09 04:41:48.018 D/FreeFormWindowHelper( 1240): refreshTipWindow mTipWindowTitle : null
02-09 04:41:48.018 I/ActivityTaskManager( 1240): clear resize flag in freeform mode
02-09 04:41:48.019 W/WindowManager( 1240): updateScale : 0.79357797
02-09 04:41:48.033 W/WindowManager( 1240): updateScale : 0.79357797
02-09 04:41:48.035 D/FreeFormWindowHelper( 1240): refreshTipWindow mTipWindowTitle : null
02-09 04:41:48.035 I/ActivityTaskManager( 1240): clear resize flag in freeform mode
02-09 04:41:48.036 W/WindowManager( 1240): updateScale : 0.79357797
02-09 04:41:48.047 I/mpu_uart( 645): [MSG-P:R]:recv sync frame timeout
02-09 04:41:48.052 D/FreeFormWindowHelper( 1240): refreshTipWindow mTipWindowTitle : null
02-09 04:41:48.052 I/ActivityTaskManager( 1240): clear resize flag in freeform mode
02-09 04:41:48.053 W/WindowManager( 1240): updateScale : 0.79357797
02-09 04:41:48.056 I/GLRootView( 3921): onSurfaceChanged: 654x1096, gl10: com.google.android.gles_jni.GLImpl@45e2ec7
02-09 04:41:48.056 I/GLRootView( 3921): layout content pane 654x1096 (compensation 0)
02-09 04:41:48.068 D/FreeFormWindowHelper( 1240): refreshTipWindow mTipWindowTitle : null
02-09 04:41:48.069 I/ActivityTaskManager( 1240): clear resize flag in freeform mode
02-09 04:41:48.069 W/WindowManager( 1240): updateScale : 0.79357797
02-09 04:41:48.085 D/FreeFormWindowHelper( 1240): refreshTipWindow mTipWindowTitle : null
02-09 04:41:48.086 I/ActivityTaskManager( 1240): clear resize flag in freeform mode
02-09 04:41:48.086 W/WindowManager( 1240): updateScale : 0.79357797
02-09 04:41:48.102 D/FreeFormWindowHelper( 1240): refreshTipWindow mTipWindowTitle : null
02-09 04:41:48.102 I/ActivityTaskManager( 1240): clear resize flag in freeform mode
02-09 04:41:48.103 W/WindowManager( 1240): updateScale : 0.79357797
02-09 04:41:48.118 D/FreeFormWindowHelper( 1240): refreshTipWindow mTipWindowTitle : null
02-09 04:41:48.119 I/ActivityTaskManager( 1240): clear resize flag in freeform mode
02-09 04:41:48.119 W/WindowManager( 1240): updateScale : 0.79357797
02-09 04:41:48.135 D/FreeFormWindowHelper( 1240): refreshTipWindow mTipWindowTitle : null
02-09 04:41:48.135 I/ActivityTaskManager( 1240): clear resize flag in freeform mode
02-09 04:41:48.136 W/WindowManager( 1240): updateScale : 0.79357797
02-09 04:41:48.151 D/FreeFormWindowHelper( 1240): refreshTipWindow mTipWindowTitle : null
02-09 04:41:48.152 I/ActivityTaskManager( 1240): clear resize flag in freeform mode
02-09 04:41:48.153 W/WindowManager( 1240): updateScale : 0.79357797
02-09 04:41:48.168 D/FreeFormWindowHelper( 1240): refreshTipWindow mTipWindowTitle : null
02-09 04:41:48.169 I/ActivityTaskManager( 1240): clear resize flag in freeform mode
02-09 04:41:48.169 W/WindowManager( 1240): updateScale : 0.79357797
02-09 04:41:48.183 W/WindowManager( 1240): updateScale : 0.79357797
02-09 04:41:48.187 D/FreeFormWindowHelper( 1240): refreshTipWindow mTipWindowTitle : null
02-09 04:41:48.188 I/ActivityTaskManager( 1240): clear resize flag in freeform mode
02-09 04:41:48.188 W/WindowManager( 1240): updateScale : 0.79357797
02-09 04:41:48.202 D/FreeFormWindowHelper( 1240): refreshTipWindow mTipWindowTitle : null
02-09 04:41:48.202 I/ActivityTaskManager( 1240): clear resize flag in freeform mode
02-09 04:41:48.203 W/WindowManager( 1240): updateScale : 0.79357797
02-09 04:41:48.218 D/FreeFormWindowHelper( 1240): refreshTipWindow mTipWindowTitle : null
02-09 04:41:48.219 I/ActivityTaskManager( 1240): clear resize flag in freeform mode
02-09 04:41:48.220 W/WindowManager( 1240): updateScale : 0.79357797
02-09 04:41:48.233 W/WindowManager( 1240): updateScale : 0.79357797
02-09 04:41:48.235 D/FreeFormWindowHelper( 1240): refreshTipWindow mTipWindowTitle : null
02-09 04:41:48.236 I/ActivityTaskManager( 1240): clear resize flag in freeform mode
02-09 04:41:48.236 W/WindowManager( 1240): updateScale : 0.79357797
02-09 04:41:48.242 I/GLRootView( 3921): onSurfaceChanged: 654x1097, gl10: com.google.android.gles_jni.GLImpl@45e2ec7
02-09 04:41:48.242 I/GLRootView( 3921): layout content pane 654x1097 (compensation 0)
02-09 04:41:48.248 W/WindowManager( 1240): updateScale : 0.79357797
02-09 04:41:48.252 D/FreeFormWindowHelper( 1240): refreshTipWindow mTipWindowTitle : null
02-09 04:41:48.252 I/ActivityTaskManager( 1240): clear resize flag in freeform mode
02-09 04:41:48.253 W/WindowManager( 1240): updateScale : 0.79357797
02-09 04:41:48.255 I/mpu_uart( 645): [MSG-P:RECV]:No message received in 1000 ms
02-09 04:41:48.255 I/GLRootView( 3921): onSurfaceChanged: 654x1096, gl10: com.google.android.gles_jni.GLImpl@45e2ec7
02-09 04:41:48.255 I/GLRootView( 3921): layout content pane 654x1096 (compensation 0)
02-09 04:41:48.265 W/WindowManager( 1240): updateScale : 0.79357797
02-09 04:41:48.268 D/FreeFormWindowHelper( 1240): refreshTipWindow mTipWindowTitle : null
02-09 04:41:48.269 I/ActivityTaskManager( 1240): clear resize flag in freeform mode
02-09 04:41:48.269 W/WindowManager( 1240): updateScale : 0.79357797
02-09 04:41:48.271 I/GLRootView( 3921): onSurfaceChanged: 654x1097, gl10: com.google.android.gles_jni.GLImpl@45e2ec7
02-09 04:41:48.272 I/GLRootView( 3921): layout content pane 654x1097 (compensation 0)
02-09 04:41:48.284 E/BLASTBufferQueue( 3921): [SurfaceView[com.android.gallery3d/com.android.gallery3d.app.GalleryActivity]#35](f:3,a:2) rejecting buffer:active_size=654x1097, requested_size=654x1097 buffer{size=654x1096 transform=0}
02-09 04:41:48.284 E/BLASTBufferQueue( 3921): [SurfaceView[com.android.gallery3d/com.android.gallery3d.app.GalleryActivity]#35](f:2,a:2) rejecting buffer:active_size=654x1097, requested_size=654x1097 buffer{size=654x1096 transform=0}
02-09 04:41:48.284 E/BLASTBufferQueue( 3921): [SurfaceView[com.android.gallery3d/com.android.gallery3d.app.GalleryActivity]#35](f:1,a:2) rejecting buffer:active_size=654x1097, requested_size=654x1097 buffer{size=654x1096 transform=0}
02-09 04:41:48.285 W/WindowManager( 1240): updateScale : 0.79357797
02-09 04:41:48.287 D/FreeFormWindowHelper( 1240): refreshTipWindow mTipWindowTitle : null
02-09 04:41:48.288 I/ActivityTaskManager( 1240): clear resize flag in freeform mode
02-09 04:41:48.288 W/WindowManager( 1240): updateScale : 0.79357797
02-09 04:41:48.289 I/GLRootView( 3921): onSurfaceChanged: 654x1096, gl10: com.google.android.gles_jni.GLImpl@45e2ec7
02-09 04:41:48.289 I/GLRootView( 3921): layout content pane 654x1096 (compensation 0)
02-09 04:41:48.302 D/FreeFormWindowHelper( 1240): refreshTipWindow mTipWindowTitle : null
02-09 04:41:48.303 I/ActivityTaskManager( 1240): clear resize flag in freeform mode
02-09 04:41:48.303 W/WindowManager( 1240): updateScale : 0.79357797
02-09 04:41:48.319 D/FreeFormWindowHelper( 1240): refreshTipWindow mTipWindowTitle : null
02-09 04:41:48.319 I/ActivityTaskManager( 1240): clear resize flag in freeform mode
02-09 04:41:48.320 W/WindowManager( 1240): updateScale : 0.79357797
02-09 04:41:48.335 D/FreeFormWindowHelper( 1240): refreshTipWindow mTipWindowTitle : null
02-09 04:41:48.336 I/ActivityTaskManager( 1240): clear resize flag in freeform mode
02-09 04:41:48.336 W/WindowManager( 1240): updateScale : 0.79357797
02-09 04:41:48.352 D/FreeFormWindowHelper( 1240): refreshTipWindow mTipWindowTitle : null
02-09 04:41:48.353 I/ActivityTaskManager( 1240): clear resize flag in freeform mode
02-09 04:41:48.353 W/WindowManager( 1240): updateScale : 0.79357797
02-09 04:41:48.366 W/WindowManager( 1240): updateScale : 0.79357797
02-09 04:41:48.369 D/FreeFormWindowHelper( 1240): refreshTipWindow mTipWindowTitle : null
02-09 04:41:48.369 I/ActivityTaskManager( 1240): clear resize flag in freeform mode
02-09 04:41:48.370 W/WindowManager( 1240): updateScale : 0.79357797
02-09 04:41:48.385 D/FreeFormWindowHelper( 1240): refreshTipWindow mTipWindowTitle : null
02-09 04:41:48.386 I/ActivityTaskManager( 1240): clear resize flag in freeform mode
02-09 04:41:48.386 W/WindowManager( 1240): updateScale : 0.79357797
02-09 04:41:48.387 I/GLRootView( 3921): onSurfaceChanged: 654x1097, gl10: com.google.android.gles_jni.GLImpl@45e2ec7
02-09 04:41:48.387 I/GLRootView( 3921): layout content pane 654x1097 (compensation 0)
02-09 04:41:48.402 D/FreeFormWindowHelper( 1240): refreshTipWindow mTipWindowTitle : null
02-09 04:41:48.403 I/ActivityTaskManager( 1240): clear resize flag in freeform mode
02-09 04:41:48.403 W/WindowManager( 1240): updateScale : 0.79357797
02-09 04:41:48.416 W/WindowManager( 1240): updateScale : 0.79357797
02-09 04:41:48.419 D/FreeFormWindowHelper( 1240): refreshTipWindow mTipWindowTitle : null
02-09 04:41:48.420 I/ActivityTaskManager( 1240): clear resize flag in freeform mode
02-09 04:41:48.420 W/WindowManager( 1240): updateScale : 0.79357797
02-09 04:41:48.421 I/GLRootView( 3921): onSurfaceChanged: 654x1096, gl10: com.google.android.gles_jni.GLImpl@45e2ec7
02-09 04:41:48.421 I/GLRootView( 3921): layout content pane 654x1096 (compensation 0)
02-09 04:41:48.433 W/WindowManager( 1240): updateScale : 0.79357797
02-09 04:41:48.436 D/FreeFormWindowHelper( 1240): refreshTipWindow mTipWindowTitle : null
02-09 04:41:48.436 I/ActivityTaskManager( 1240): clear resize flag in freeform mode
02-09 04:41:48.437 W/WindowManager( 1240): updateScale : 0.79357797
02-09 04:41:48.452 D/FreeFormWindowHelper( 1240): refreshTipWindow mTipWindowTitle : null
02-09 04:41:48.453 I/ActivityTaskManager( 1240): clear resize flag in freeform mode
02-09 04:41:48.453 W/WindowManager( 1240): updateScale : 0.79357797
02-09 04:41:48.463 D/RemoteControlService( 2357): startVlanDispatchThread
02-09 04:41:48.469 D/FreeFormWindowHelper( 1240): refreshTipWindow mTipWindowTitle : null
02-09 04:41:48.470 I/ActivityTaskManager( 1240): clear resize flag in freeform mode
02-09 04:41:48.470 W/WindowManager( 1240): updateScale : 0.79357797
02-09 04:41:48.483 W/WindowManager( 1240): updateScale : 0.79357797
02-09 04:41:48.486 D/FreeFormWindowHelper( 1240): refreshTipWindow mTipWindowTitle : null
02-09 04:41:48.486 I/ActivityTaskManager( 1240): clear resize flag in freeform mode
02-09 04:41:48.487 W/WindowManager( 1240): updateScale : 0.79357797
02-09 04:41:48.503 D/FreeFormWindowHelper( 1240): refreshTipWindow mTipWindowTitle : null
02-09 04:41:48.503 I/ActivityTaskManager( 1240): clear resize flag in freeform mode
02-09 04:41:48.504 W/WindowManager( 1240): updateScale : 0.79357797
02-09 04:41:48.506 I/GLRootView( 3921): onSurfaceChanged: 654x1097, gl10: com.google.android.gles_jni.GLImpl@45e2ec7
02-09 04:41:48.506 I/GLRootView( 3921): layout content pane 654x1097 (compensation 0)
02-09 04:41:48.515 W/WindowManager( 1240): updateScale : 0.79357797
02-09 04:41:48.519 D/FreeFormWindowHelper( 1240): refreshTipWindow mTipWindowTitle : null
02-09 04:41:48.520 I/ActivityTaskManager( 1240): clear resize flag in freeform mode
02-09 04:41:48.520 W/WindowManager( 1240): updateScale : 0.79357797
02-09 04:41:48.522 I/GLRootView( 3921): onSurfaceChanged: 654x1096, gl10: com.google.android.gles_jni.GLImpl@45e2ec7
02-09 04:41:48.522 I/GLRootView( 3921): layout content pane 654x1096 (compensation 0)
02-09 04:41:48.536 D/FreeFormWindowHelper( 1240): refreshTipWindow mTipWindowTitle : null
02-09 04:41:48.536 I/ActivityTaskManager( 1240): clear resize flag in freeform mode
02-09 04:41:48.537 W/WindowManager( 1240): updateScale : 0.79357797
02-09 04:41:48.552 D/FreeFormWindowHelper( 1240): refreshTipWindow mTipWindowTitle : null
02-09 04:41:48.553 I/ActivityTaskManager( 1240): clear resize flag in freeform mode
02-09 04:41:48.553 W/WindowManager( 1240): updateScale : 0.79357797
02-09 04:41:48.569 D/FreeFormWindowHelper( 1240): refreshTipWindow mTipWindowTitle : freeform_top_left_tip_window
02-09 04:41:48.570 I/ActivityTaskManager( 1240): clear resize flag in freeform mode
02-09 04:41:48.570 W/WindowManager( 1240): updateScale : 0.79357797
02-09 04:41:48.586 D/FreeFormWindowHelper( 1240): refreshTipWindow mTipWindowTitle : freeform_top_left_tip_window
02-09 04:41:48.586 I/ActivityTaskManager( 1240): clear resize flag in freeform mode
02-09 04:41:48.587 W/WindowManager( 1240): updateScale : 0.79357797
02-09 04:41:48.603 D/FreeFormWindowHelper( 1240): refreshTipWindow mTipWindowTitle : freeform_top_left_tip_window
02-09 04:41:48.603 I/ActivityTaskManager( 1240): clear resize flag in freeform mode
02-09 04:41:48.604 W/WindowManager( 1240): updateScale : 0.79357797
02-09 04:41:48.619 D/FreeFormWindowHelper( 1240): refreshTipWindow mTipWindowTitle : freeform_top_left_tip_window
02-09 04:41:48.620 I/ActivityTaskManager( 1240): clear resize flag in freeform mode
02-09 04:41:48.620 W/WindowManager( 1240): updateScale : 0.79357797
02-09 04:41:48.636 D/FreeFormWindowHelper( 1240): refreshTipWindow mTipWindowTitle : freeform_top_left_tip_window
02-09 04:41:48.637 I/ActivityTaskManager( 1240): clear resize flag in freeform mode
02-09 04:41:48.637 W/WindowManager( 1240): updateScale : 0.79357797
02-09 04:41:48.653 D/FreeFormWindowHelper( 1240): refreshTipWindow mTipWindowTitle : freeform_top_left_tip_window
02-09 04:41:48.653 I/ActivityTaskManager( 1240): clear resize flag in freeform mode
02-09 04:41:48.654 W/WindowManager( 1240): updateScale : 0.79357797
02-09 04:41:48.669 D/FreeFormWindowHelper( 1240): refreshTipWindow mTipWindowTitle : freeform_top_left_tip_window
02-09 04:41:48.670 I/ActivityTaskManager( 1240): clear resize flag in freeform mode
02-09 04:41:48.671 W/WindowManager( 1240): updateScale : 0.79357797
02-09 04:41:48.684 W/WindowManager( 1240): updateScale : 0.79357797
02-09 04:41:48.686 D/FreeFormWindowHelper( 1240): refreshTipWindow mTipWindowTitle : freeform_top_left_tip_window
02-09 04:41:48.687 I/ActivityTaskManager( 1240): clear resize flag in freeform mode
02-09 04:41:48.687 W/WindowManager( 1240): updateScale : 0.79357797
02-09 04:41:48.689 I/GLRootView( 3921): onSurfaceChanged: 654x1097, gl10: com.google.android.gles_jni.GLImpl@45e2ec7
02-09 04:41:48.689 I/GLRootView( 3921): layout content pane 654x1097 (compensation 0)
02-09 04:41:48.701 W/WindowManager( 1240): updateScale : 0.79357797
02-09 04:41:48.705 I/GLRootView( 3921): onSurfaceChanged: 653x1096, gl10: com.google.android.gles_jni.GLImpl@45e2ec7
02-09 04:41:48.705 I/GLRootView( 3921): layout content pane 653x1096 (compensation 0)
02-09 04:41:48.733 D/WindowManager( 1240): updateWindowDragBounds: mIsSwipeYfalse
02-09 04:41:48.733 D/WindowManager( 1240): updateWindowDragBounds: mIsTopfalse
02-09 04:41:48.739 W/InputManager-JNI( 1240): Input channel object 'WindowManager (client)' was disposed without first being removed with the input manager!
02-09 04:41:48.755 I/ActivityTaskManager( 1240): clear resize flag in freeform mode
02-09 04:41:48.756 W/WindowManager( 1240): updateScale : 0.7262997
02-09 04:41:48.756 I/OMX-VENC: venc_dev( 1301): stats: avg. fps 58.85, bitrate 5654188
02-09 04:41:48.767 W/WindowManager( 1240): updateScale : 0.7262997
02-09 04:41:48.771 I/ActivityTaskManager( 1240): clear resize flag in freeform mode
02-09 04:41:48.772 W/WindowManager( 1240): updateScale : 0.6727829
02-09 04:41:48.787 I/ActivityTaskManager( 1240): clear resize flag in freeform mode
02-09 04:41:48.787 W/WindowManager( 1240): updateScale : 0.62691134
02-09 04:41:48.796 I/GLRootView( 3921): onSurfaceChanged: 653x1100, gl10: com.google.android.gles_jni.GLImpl@45e2ec7
02-09 04:41:48.796 I/GLRootView( 3921): layout content pane 653x1100 (compensation 0)
02-09 04:41:48.807 I/ActivityTaskManager( 1240): clear resize flag in freeform mode
02-09 04:41:48.807 W/WindowManager( 1240): updateScale : 0.5917431
02-09 04:41:48.818 W/WindowManager( 1240): updateScale : 0.5917431
02-09 04:41:48.821 I/ActivityTaskManager( 1240): clear resize flag in freeform mode
02-09 04:41:48.821 W/WindowManager( 1240): updateScale : 0.559633
01-04 09:10:24.162 E/DTC_ETH,link_delay_work_func( 0): 3003, SQI=0, link=0
02-09 04:41:48.829 I/GLRootView( 3921): onSurfaceChanged: 654x1097, gl10: com.google.android.gles_jni.GLImpl@45e2ec7
02-09 04:41:48.830 I/GLRootView( 3921): layout content pane 654x1097 (compensation 0)
02-09 04:41:48.835 W/WindowManager( 1240): updateScale : 0.559633
02-09 04:41:48.838 I/ActivityTaskManager( 1240): clear resize flag in freeform mode
02-09 04:41:48.839 W/WindowManager( 1240): updateScale : 0.53363913
02-09 04:41:48.842 I/GLRootView( 3921): onSurfaceChanged: 654x1101, gl10: com.google.android.gles_jni.GLImpl@45e2ec7
02-09 04:41:48.842 I/GLRootView( 3921): layout content pane 654x1101 (compensation 0)
02-09 04:41:48.849 E/BLASTBufferQueue( 3921): [SurfaceView[com.android.gallery3d/com.android.gallery3d.app.GalleryActivity]#35](f:3,a:2) rejecting buffer:active_size=653x1100, requested_size=654x1101 buffer{size=654x1097 transform=0}
02-09 04:41:48.849 E/BLASTBufferQueue( 3921): [SurfaceView[com.android.gallery3d/com.android.gallery3d.app.GalleryActivity]#35](f:2,a:2) rejecting buffer:active_size=653x1100, requested_size=654x1101 buffer{size=654x1097 transform=0}
02-09 04:41:48.850 E/BLASTBufferQueue( 3921): [SurfaceView[com.android.gallery3d/com.android.gallery3d.app.GalleryActivity]#35](f:1,a:2) rejecting buffer:active_size=653x1100, requested_size=654x1101 buffer{size=654x1097 transform=0}
02-09 04:41:48.855 I/ActivityTaskManager( 1240): clear resize flag in freeform mode
02-09 04:41:48.856 W/WindowManager( 1240): updateScale : 0.5152905
02-09 04:41:48.858 W/hpplay-java( 2754): [main]:IPManager:getActiveNets invalid networkInfo:null
02-09 04:41:48.858 I/hpplay-java( 2754): [main]:IPManager:getActiveNets eth0:false wifi:false mobile:false ap:false
02-09 04:41:48.858 I/hpplay-java( 2754): [main]:ServerTaskManager:get local ip:null
02-09 04:41:48.862 E/tlogd ( 1349): [TzLogger](isPathReadable) file /sys/kernel/debug/tzdbg/qsee_log isn't exist or no permission, err: No such file or directory
02-09 04:41:48.862 E/tlogd ( 1349): [TzLogger](saveTzlogAsync) /sys/kernel/debug/tzdbg/qsee_log can not read.
02-09 04:41:48.862 E/tlogd ( 1349): [TzLogger](isPathReadable) file /sys/kernel/debug/tzdbg/log isn't exist or no permission, err: No such file or directory
02-09 04:41:48.862 E/tlogd ( 1349): [TzLogger](saveTzlogAsync) /sys/kernel/debug/tzdbg/log can not read.
02-09 04:41:48.864 W/WindowManager( 1240): updateScale : 0.5152905
02-09 04:41:48.871 I/ActivityTaskManager( 1240): clear resize flag in freeform mode
02-09 04:41:48.871 W/WindowManager( 1240): updateScale : 0.5
02-09 04:41:48.878 I/GLRootView( 3921): onSurfaceChanged: 654x1102, gl10: com.google.android.gles_jni.GLImpl@45e2ec7
02-09 04:41:48.878 I/GLRootView( 3921): layout content pane 654x1102 (compensation 0)
02-09 04:41:48.888 I/ActivityTaskManager( 1240): clear resize flag in freeform mode
02-09 04:41:48.888 W/WindowManager( 1240): updateScale : 0.48776758
02-09 04:41:48.902 W/WindowManager( 1240): updateScale : 0.48776758
02-09 04:41:48.905 I/ActivityTaskManager( 1240): clear resize flag in freeform mode
02-09 04:41:48.907 W/WindowManager( 1240): updateScale : 0.47859326
02-09 04:41:48.921 I/ActivityTaskManager( 1240): clear resize flag in freeform mode
02-09 04:41:48.922 W/WindowManager( 1240): updateScale : 0.470948
02-09 04:41:48.936 W/WindowManager( 1240): updateScale : 0.470948
02-09 04:41:48.939 I/ActivityTaskManager( 1240): clear resize flag in freeform mode
02-09 04:41:48.940 W/WindowManager( 1240): updateScale : 0.46636087
02-09 04:41:48.953 I/GLRootView( 3921): onSurfaceChanged: 654x1104, gl10: com.google.android.gles_jni.GLImpl@45e2ec7
02-09 04:41:48.953 I/GLRootView( 3921): layout content pane 654x1104 (compensation 0)
02-09 04:41:48.961 I/ActivityTaskManager( 1240): clear resize flag in freeform mode
02-09 04:41:48.961 W/WindowManager( 1240): updateScale : 0.4617737
02-09 04:41:48.971 I/ActivityTaskManager( 1240): clear resize flag in freeform mode
02-09 04:41:48.972 W/WindowManager( 1240): updateScale : 0.46024466
02-09 04:41:48.976 W/WindowManager( 1240): updateScale : 0.46024466
02-09 04:41:48.988 I/ActivityTaskManager( 1240): clear resize flag in freeform mode
02-09 04:41:48.989 W/WindowManager( 1240): updateScale : 0.4587156
02-09 04:41:49.004 I/ActivityTaskManager( 1240): clear resize flag in freeform mode
02-09 04:41:49.005 W/WindowManager( 1240): updateScale : 0.45718655
02-09 04:41:49.021 I/ActivityTaskManager( 1240): clear resize flag in freeform mode
02-09 04:41:49.023 W/WindowManager( 1240): updateScale : 0.45718655
02-09 04:41:49.028 I/GLRootView( 3921): onSurfaceChanged: 654x1103, gl10: com.google.android.gles_jni.GLImpl@45e2ec7
02-09 04:41:49.028 I/GLRootView( 3921): layout content pane 654x1103 (compensation 0)
02-09 04:41:49.035 W/WindowManager( 1240): updateScale : 0.45718655
02-09 04:41:49.049 I/GLRootView( 3921): onSurfaceChanged: 654x1102, gl10: com.google.android.gles_jni.GLImpl@45e2ec7
02-09 04:41:49.049 I/GLRootView( 3921): layout content pane 654x1102 (compensation 0)
02-09 04:41:49.123 I/ActivityTaskManager( 1240): clear resize flag in freeform mode
02-09 04:41:49.124 W/WindowManager( 1240): updateScale : 0.45718655
02-09 04:41:49.142 W/WindowManager( 1240): updateScale : 0.45718655
02-09 04:41:49.151 I/GLRootView( 3921): onSurfaceChanged: 654x1100, gl10: com.google.android.gles_jni.GLImpl@45e2ec7
02-09 04:41:49.151 I/GLRootView( 3921): layout content pane 654x1100 (compensation 0)
02-09 04:41:49.157 I/ActivityTaskManager( 1240): clear resize flag in freeform mode
02-09 04:41:49.158 W/WindowManager( 1240): updateScale : 0.45565748
02-09 04:41:49.187 W/WindowManager( 1240): updateScale : 0.45565748
02-09 04:41:49.194 I/GLRootView( 3921): onSurfaceChanged: 654x1172, gl10: com.google.android.gles_jni.GLImpl@45e2ec7
02-09 04:41:49.194 I/GLRootView( 3921): layout content pane 654x1172 (compensation 0)
02-09 04:41:49.255 I/mpu_uart( 645): [MSG-P:RECV]:No message received in 1000 ms
02-09 04:41:49.694 I/input_interaction( 1240): Interaction with: 179ba77 com.android.gallery3d/com.android.gallery3d.app.GalleryActivity (server), edge-swipe (server), swipe-up (server), PointerEventDispatcher0 (server),
02-09 04:41:49.698 D/DecorView( 3921): onTouchEvent: action0
02-09 04:41:49.698 D/DecorView( 3921): onTouchEvent: interval4413
02-09 04:41:49.718 D/DecorView( 3921): onTouchEvent: action2
02-09 04:41:49.751 D/DecorView( 3921): onTouchEvent: action2
02-09 04:41:49.801 D/DecorView( 3921): onTouchEvent: action1
02-09 04:41:49.801 D/DecorView( 3921): onTouchEvent: ACTION_UPfalse
02-09 04:41:49.860 W/hpplay-java( 2754): [main]:IPManager:getActiveNets invalid networkInfo:null
02-09 04:41:49.860 I/hpplay-java( 2754): [main]:IPManager:getActiveNets eth0:false wifi:false mobile:false ap:false
02-09 04:41:49.860 I/hpplay-java( 2754): [main]:ServerTaskManager:get local ip:null
02-09 04:41:50.052 D/DecorView( 3921): onTouchEvent mIsDoubleCLick:false
02-09 04:41:50.052 D/DecorView( 3921): onTouchEvent: onConfigurationMiniChanged
02-09 04:41:50.075 I/ActivityTaskManager( 1240): clear resize flag in freeform mode
02-09 04:41:50.076 W/WindowManager( 1240): updateScale : 0.5214067
02-09 04:41:50.086 I/OMX-VENC: venc_dev( 1301): stats: avg. fps 25.57, bitrate 2588256
02-09 04:41:50.091 I/GLRootView( 3921): onSurfaceChanged: 654x1104, gl10: com.google.android.gles_jni.GLImpl@45e2ec7
02-09 04:41:50.091 I/GLRootView( 3921): layout content pane 654x1104 (compensation 0)
02-09 04:41:50.093 I/ActivityTaskManager( 1240): clear resize flag in freeform mode
02-09 04:41:50.095 W/WindowManager( 1240): updateScale : 0.5764526
02-09 04:41:50.112 I/ActivityTaskManager( 1240): clear resize flag in freeform mode
02-09 04:41:50.113 W/WindowManager( 1240): updateScale : 0.61926603
02-09 04:41:50.120 W/WindowManager( 1240): updateScale : 0.61926603
02-09 04:41:50.126 I/ActivityTaskManager( 1240): clear resize flag in freeform mode
02-09 04:41:50.126 W/WindowManager( 1240): updateScale : 0.65749234
02-09 04:41:50.133 I/GLRootView( 3921): onSurfaceChanged: 654x1100, gl10: com.google.android.gles_jni.GLImpl@45e2ec7
02-09 04:41:50.133 I/GLRootView( 3921): layout content pane 654x1100 (compensation 0)
02-09 04:41:50.138 W/WindowManager( 1240): updateScale : 0.65749234
02-09 04:41:50.141 I/ActivityTaskManager( 1240): clear resize flag in freeform mode
02-09 04:41:50.141 W/WindowManager( 1240): updateScale : 0.6880734
02-09 04:41:50.158 I/ActivityTaskManager( 1240): clear resize flag in freeform mode
02-09 04:41:50.158 W/WindowManager( 1240): updateScale : 0.7140673
02-09 04:41:50.173 W/WindowManager( 1240): updateScale : 0.7324159
02-09 04:41:50.176 I/ActivityTaskManager( 1240): clear resize flag in freeform mode
02-09 04:41:50.177 W/WindowManager( 1240): updateScale : 0.7324159
02-09 04:41:50.191 I/ActivityTaskManager( 1240): clear resize flag in freeform mode
02-09 04:41:50.191 W/WindowManager( 1240): updateScale : 0.74923545
02-09 04:41:50.205 I/GLRootView( 3921): onSurfaceChanged: 638x1068, gl10: com.google.android.gles_jni.GLImpl@45e2ec7
02-09 04:41:50.205 I/GLRootView( 3921): layout content pane 638x1068 (compensation 0)
02-09 04:41:50.210 I/ActivityTaskManager( 1240): clear resize flag in freeform mode
02-09 04:41:50.212 W/WindowManager( 1240): updateScale : 0.7614679
02-09 04:41:50.224 I/ActivityTaskManager( 1240): clear resize flag in freeform mode
02-09 04:41:50.225 W/WindowManager( 1240): updateScale : 0.7706422
02-09 04:41:50.235 W/WindowManager( 1240): updateScale : 0.7706422
02-09 04:41:50.241 I/ActivityTaskManager( 1240): clear resize flag in freeform mode
02-09 04:41:50.242 W/WindowManager( 1240): updateScale : 0.77675843
02-09 04:41:50.255 I/mpu_uart( 645): [MSG-P:RECV]:No message received in 1000 ms
02-09 04:41:50.258 I/ActivityTaskManager( 1240): clear resize flag in freeform mode
02-09 04:41:50.259 W/WindowManager( 1240): updateScale : 0.78287464
02-09 04:41:50.273 I/GLRootView( 3921): onSurfaceChanged: 654x1096, gl10: com.google.android.gles_jni.GLImpl@45e2ec7
02-09 04:41:50.274 I/GLRootView( 3921): layout content pane 654x1096 (compensation 0)
02-09 04:41:50.275 I/ActivityTaskManager( 1240): clear resize flag in freeform mode
02-09 04:41:50.278 W/WindowManager( 1240): updateScale : 0.7859327
02-09 04:41:50.288 W/WindowManager( 1240): updateScale : 0.7859327
02-09 04:41:50.293 I/ActivityTaskManager( 1240): clear resize flag in freeform mode
02-09 04:41:50.293 W/WindowManager( 1240): updateScale : 0.78899086
02-09 04:41:50.301 I/GLRootView( 3921): onSurfaceChanged: 654x1098, gl10: com.google.android.gles_jni.GLImpl@45e2ec7
02-09 04:41:50.301 I/GLRootView( 3921): layout content pane 654x1098 (compensation 0)
02-09 04:41:50.309 I/ActivityTaskManager( 1240): clear resize flag in freeform mode
02-09 04:41:50.309 W/WindowManager( 1240): updateScale : 0.7905199
02-09 04:41:50.314 W/WindowManager( 1240): updateScale : 0.7905199
02-09 04:41:50.324 I/GLRootView( 3921): onSurfaceChanged: 654x1097, gl10: com.google.android.gles_jni.GLImpl@45e2ec7
02-09 04:41:50.324 I/ActivityTaskManager( 1240): clear resize flag in freeform mode
02-09 04:41:50.325 I/GLRootView( 3921): layout content pane 654x1097 (compensation 0)
02-09 04:41:50.325 W/WindowManager( 1240): updateScale : 0.79204893
02-09 04:41:50.338 E/BLASTBufferQueue( 3921): [SurfaceView[com.android.gallery3d/com.android.gallery3d.app.GalleryActivity]#35](f:3,a:2) rejecting buffer:active_size=654x1096, requested_size=654x1097 buffer{size=654x1098 transform=0}
02-09 04:41:50.338 E/BLASTBufferQueue( 3921): [SurfaceView[com.android.gallery3d/com.android.gallery3d.app.GalleryActivity]#35](f:2,a:2) rejecting buffer:active_size=654x1096, requested_size=654x1097 buffer{size=654x1098 transform=0}
02-09 04:41:50.338 E/BLASTBufferQueue( 3921): [SurfaceView[com.android.gallery3d/com.android.gallery3d.app.GalleryActivity]#35](f:1,a:2) rejecting buffer:active_size=654x1096, requested_size=654x1097 buffer{size=654x1098 transform=0}
02-09 04:41:50.342 I/ActivityTaskManager( 1240): clear resize flag in freeform mode
02-09 04:41:50.342 W/WindowManager( 1240): updateScale : 0.79204893
02-09 04:41:50.357 W/WindowManager( 1240): updateScale : 0.79204893
02-09 04:41:50.387 I/GLRootView( 3921): onSurfaceChanged: 654x1098, gl10: com.google.android.gles_jni.GLImpl@45e2ec7
02-09 04:41:50.388 I/GLRootView( 3921): layout content pane 654x1098 (compensation 0)
02-09 04:41:50.442 I/ActivityTaskManager( 1240): clear resize flag in freeform mode
02-09 04:41:50.443 W/WindowManager( 1240): updateScale : 0.79357797
02-09 04:41:50.461 W/WindowManager( 1240): updateScale : 0.79357797
02-09 04:41:50.468 I/GLRootView( 3921): onSurfaceChanged: 654x1097, gl10: com.google.android.gles_jni.GLImpl@45e2ec7
02-09 04:41:50.468 I/GLRootView( 3921): layout content pane 654x1097 (compensation 0)
02-09 04:41:50.863 W/hpplay-java( 2754): [main]:IPManager:getActiveNets invalid networkInfo:null
02-09 04:41:50.863 I/hpplay-java( 2754): [main]:IPManager:getActiveNets eth0:false wifi:false mobile:false ap:false
02-09 04:41:50.863 I/hpplay-java( 2754): [main]:ServerTaskManager:get local ip:null
02-09 04:41:51.051 I/mpu_uart( 645): [MSG-P:R]:recv sync frame timeout
02-09 04:41:51.255 I/mpu_uart( 645): [MSG-P:RECV]:No message received in 1000 ms
02-09 04:41:51.762 I/OMX-VENC: venc_dev( 1301): stats: avg. fps 16.11, bitrate 2489408
02-09 04:41:51.865 W/hpplay-java( 2754): [main]:IPManager:getActiveNets invalid networkInfo:null
02-09 04:41:51.865 I/hpplay-java( 2754): [main]:IPManager:getActiveNets eth0:false wifi:false mobile:false ap:false
02-09 04:41:51.865 I/hpplay-java( 2754): [main]:ServerTaskManager:get local ip:null
02-09 04:41:52.256 I/mpu_uart( 645): [MSG-P:RECV]:No message received in 1000 ms
02-09 04:41:52.321 I/input_interaction( 1240): Interaction with: 22a3637 com.android.settings/com.android.settings.Settings (server), edge-swipe (server), swipe-up (server), PointerEventDispatcher0 (server),
02-09 04:41:52.324 I/wm_task_moved( 1240): [80,1,7]
02-09 04:41:52.324 I/wm_task_to_front( 1240): [0,80]
02-09 04:41:52.328 W/WindowManager( 1240): updateScale : 0.79357797
02-09 04:41:52.331 I/wm_set_resumed_activity( 1240): [0,com.android.settings/.Settings,positionChildAt]
02-09 04:41:52.331 I/wm_focused_root_task( 1240): [0,0,80,79,setFocusedTask]
02-09 04:41:52.331 I/wm_set_resumed_activity( 1240): [0,com.android.settings/.Settings,setFocusedTask]
02-09 04:41:52.331 I/ActivityTaskManager( 1240): FOREGROUND_APPLICATION_CHANGED to com.android.settings.homepage.SettingsHomepageActivity
02-09 04:41:52.333 I/wm_on_top_resumed_lost_called( 3921): [47528597,com.android.gallery3d.app.GalleryActivity,topStateChangedWhenResumed]
02-09 04:41:52.333 I/input_focus( 1240): [Focus request 22a3637 com.android.settings/com.android.settings.Settings,reason=UpdateInputWindows]
02-09 04:41:52.333 I/wm_on_top_resumed_gained_called( 5623): [166350893,com.android.settings.Settings,topStateChangedWhenResumed]
02-09 04:41:52.362 I/input_focus( 1240): [Focus leaving 179ba77 com.android.gallery3d/com.android.gallery3d.app.GalleryActivity (server),reason=setFocusedWindow]
02-09 04:41:52.362 I/input_focus( 1240): [Focus entering 22a3637 com.android.settings/com.android.settings.Settings (server),reason=setFocusedWindow]
02-09 04:41:52.443 I/DashboardFragment( 5623): onPreferenceTreeClick: onPreferenceTreeClick::com.android.settings.display.ToggleFontSizePreferenceFragment
02-09 04:41:52.444 I/sysui_multi_action( 5623): [757,830,758,4,833,0,854,font_size,1089,0]
02-09 04:41:52.445 W/PreferenceFragment( 5623): onPreferenceStartFragment is not implemented in the parent activity - attempting to use a fallback implementation. You should implement this method so that you can configure the new fragment that will be displayed, and set a transition between the fragments.
02-09 04:41:52.451 I/sysui_multi_action( 5623): [757,46,758,2,1089,10069]
02-09 04:41:52.493 D/vendor.qti.vibrator( 873): Vibrator perform effect 21
02-09 04:41:52.493 D/vendor.qti.vibrator( 873): Vibrator perform effect 2
02-09 04:41:52.493 D/vendor.qti.vibrator( 873): QTI Vibrator off
02-09 04:41:52.494 I/sysui_multi_action( 5623): [757,340,758,1,833,0,1089,36]
02-09 04:41:52.559 W/WindowManager( 1240): updateScale : 0.79357797
02-09 04:41:52.766 I/OMX-VENC: venc_dev( 1301): stats: avg. fps 20.91, bitrate 2219410
02-09 04:41:52.868 W/hpplay-java( 2754): [main]:IPManager:getActiveNets invalid networkInfo:null
02-09 04:41:52.868 I/hpplay-java( 2754): [main]:IPManager:getActiveNets eth0:false wifi:false mobile:false ap:false
02-09 04:41:52.868 I/hpplay-java( 2754): [main]:ServerTaskManager:get local ip:null
02-09 04:41:53.256 I/mpu_uart( 645): [MSG-P:RECV]:No message received in 1000 ms
02-09 04:41:53.466 D/RemoteControlService( 2357): startVlanDispatchThread
02-09 04:41:53.770 I/OMX-VENC: venc_dev( 1301): stats: avg. fps 1.00, bitrate 21597
02-09 04:41:53.862 E/tlogd ( 1349): [TzLogger](isPathReadable) file /sys/kernel/debug/tzdbg/qsee_log isn't exist or no permission, err: No such file or directory
02-09 04:41:53.862 E/tlogd ( 1349): [TzLogger](saveTzlogAsync) /sys/kernel/debug/tzdbg/qsee_log can not read.
02-09 04:41:53.862 E/tlogd ( 1349): [TzLogger](isPathReadable) file /sys/kernel/debug/tzdbg/log isn't exist or no permission, err: No such file or directory
02-09 04:41:53.862 E/tlogd ( 1349): [TzLogger](saveTzlogAsync) /sys/kernel/debug/tzdbg/log can not read.
02-09 04:41:53.870 W/hpplay-java( 2754): [main]:IPManager:getActiveNets invalid networkInfo:null
02-09 04:41:53.870 I/hpplay-java( 2754): [main]:IPManager:getActiveNets eth0:false wifi:false mobile:false ap:false
02-09 04:41:53.870 I/hpplay-java( 2754): [main]:ServerTaskManager:get local ip:null
01-04 09:10:29.281 E/DTC_ETH,link_delay_work_func( 0): 3003, SQI=0, link=0
02-09 04:41:54.054 I/mpu_uart( 645): [MSG-P:R]:recv sync frame timeout
02-09 04:41:54.231 I/selfinstaller( 1289): create socket failed: Network is unreachable 101
02-09 04:41:54.259 I/mpu_uart( 645): [MSG-P:RECV]:No message received in 1000 ms
02-09 04:41:54.781 D/vendor.qti.vibrator( 873): Vibrator perform effect 21
02-09 04:41:54.782 D/vendor.qti.vibrator( 873): Vibrator perform effect 2
02-09 04:41:54.783 D/vendor.qti.vibrator( 873): QTI Vibrator off
02-09 04:41:54.872 W/hpplay-java( 2754): [main]:IPManager:getActiveNets invalid networkInfo:null
02-09 04:41:54.872 I/hpplay-java( 2754): [main]:IPManager:getActiveNets eth0:false wifi:false mobile:false ap:false
02-09 04:41:54.872 I/hpplay-java( 2754): [main]:ServerTaskManager:get local ip:null
02-09 04:41:54.899 I/configuration_changed( 1240): 1073741824
02-09 04:41:54.899 I/OpenGLRenderer( 5623): Davey! duration=9223370826702ms; Flags=0, FrameTimelineVsyncId=35354, IntendedVsync=1210152082213, Vsync=1210152082213, InputEventId=652199323, HandleInputStart=1210153664953, AnimationStart=1210153668391, PerformTraversalsStart=1210153695370, DrawStart=1210228348026, FrameDeadline=1210173415545, FrameInterval=1210153659120, FrameStartTime=16666666, SyncQueued=1210229053391, SyncStart=1210229103911, IssueDrawCommandsStart=1210229528807, SwapBuffers=1210246661516, FrameCompleted=9223372036854775807, DequeueBufferDuration=44688, QueueBufferDuration=1111302, GpuCompleted=9223372036854775807, SwapBuffersCompleted=1210248335526, DisplayPresentTime=8106684089410800848,
02-09 04:41:54.900 I/ActivityTaskManager( 1240): Config changes=40000000 {1.15 ?mcc?mnc [zh_CN] ldltr sw680dp w1586dp h588dp 240dpi lrg long hdr land finger -keyb/v/h -nav/h winConfig={ mBounds=Rect(0, 0 - 2380, 1020) mAppBounds=Rect(0, 0 - 2380, 954) mMaxBounds=Rect(0, 0 - 2380, 1020) mWindowingMode=fullscreen mDisplayWindowingMode=fullscreen mActivityType=undefined mAlwaysOnTop=undefined mRotation=ROTATION_0} s.1468 fontWeightAdjustment=0}
02-09 04:41:54.907 I/hpplay-java( 2754): [main]:DaemonService:onConfigurationChanged
02-09 04:41:54.907 I/WindowManager( 1240): Override config changes=40000000 {1.15 ?mcc?mnc [zh_CN] ldltr sw680dp w1586dp h588dp 240dpi lrg long hdr land finger -keyb/v/h -nav/h winConfig={ mBounds=Rect(0, 0 - 2380, 1020) mAppBounds=Rect(0, 0 - 2380, 954) mMaxBounds=Rect(0, 0 - 2380, 1020) mWindowingMode=fullscreen mDisplayWindowingMode=fullscreen mActivityType=undefined mAlwaysOnTop=undefined mRotation=ROTATION_0} s.1468 fontWeightAdjustment=0} for displayId=0
02-09 04:41:54.908 I/OMX-VENC: venc_dev( 1301): stats: avg. fps 16.70, bitrate 956279
02-09 04:41:54.914 I/hintView( 3922): forceClose=true,resetShowChs=true
02-09 04:41:54.914 I/hintView( 3922): dismissPop()
02-09 04:41:54.924 W/ImageReader_JNI( 1240): Unable to acquire a buffer item, very likely client tried to acquire more than maxImages buffers
02-09 04:41:54.926 I/wm_relaunch_resume_activity( 1240): [0,166350893,80,com.android.settings/.Settings]
02-09 04:41:54.926 I/ActivityTaskManager( 1240): clear resize flag in freeform mode
02-09 04:41:54.926 I/wm_relaunch_activity( 1240): [0,47528597,79,com.android.gallery3d/.app.GalleryActivity]
02-09 04:41:54.926 I/wm_on_top_resumed_lost_called( 5623): [166350893,com.android.settings.Settings,pausing]
02-09 04:41:54.926 W/OrientationEventListener( 3921): Cannot detect sensors. Invalid disable
02-09 04:41:54.927 I/sysui_multi_action( 5623): [757,35,758,2,1089,23985]
02-09 04:41:54.932 I/wm_on_paused_called( 3921): [47528597,com.android.gallery3d.app.GalleryActivity,performPause]
02-09 04:41:54.932 I/InputDispatcher( 1240): Erasing monitor edge-swipe (server) on display 0, pid=2005
02-09 04:41:54.933 D/GameMode_WindowController( 2082): onConfigurationChanged orientation2
02-09 04:41:54.933 D/GameMode_WindowController( 2082): onConfigurationChanged locate[zh_CN]
02-09 04:41:54.933 W/WindowManager( 1240): updateScale : 0.79357797
02-09 04:41:54.933 I/sysui_multi_action( 5623): [757,340,758,2,1089,2440]
02-09 04:41:54.934 I/wm_on_paused_called( 5623): [166350893,com.android.settings.Settings,performPause]
02-09 04:41:54.935 E/FrameEvents( 5563): updateAcquireFence: Did not find frame.
02-09 04:41:54.936 I/wm_on_stop_called( 3921): [47528597,com.android.gallery3d.app.GalleryActivity,handleRelaunchActivity]
02-09 04:41:54.936 V/StateManager( 3921): saveState
02-09 04:41:54.936 V/StateManager( 3921): saveState class com.android.gallery3d.app.AlbumSetPage
02-09 04:41:54.936 V/StateManager( 3921): destroy
02-09 04:41:54.937 I/BpBinder( 997): onLastStrongRef automatically unlinking death recipients:
02-09 04:41:54.938 W/WindowManager( 1240): updateScale : 0.79357797
02-09 04:41:54.938 E/FrameEvents( 5563): updateAcquireFence: Did not find frame.
02-09 04:41:54.939 I/wm_on_destroy_called( 3921): [47528597,com.android.gallery3d.app.GalleryActivity,performDestroy]
02-09 04:41:54.940 W/InputManager-JNI( 1240): Input channel object '193a964 NavigationBar0 (client)' was disposed without first being removed with the input manager!
02-09 04:41:54.941 W/WindowManager( 1240): updateScale : 0.79357797
02-09 04:41:54.941 I/wm_on_stop_called( 5623): [166350893,com.android.settings.Settings,handleRelaunchActivity]
02-09 04:41:54.942 W/WindowManager( 1240): updateScale : 0.79357797
02-09 04:41:54.943 W/InputManager-JNI( 1240): Input channel object '179ba77 com.android.gallery3d/com.android.gallery3d.app.GalleryActivity (client)' was disposed without first being removed with the input manager!
02-09 04:41:54.944 D/NavigationModeController( 2005): getCurrentInteractionMode: mode=2 contextUser=0
02-09 04:41:54.945 D/NavigationModeController( 2005): getCurrentInteractionMode: mode=2 contextUser=0
02-09 04:41:54.949 I/wm_on_destroy_called( 5623): [166350893,com.android.settings.Settings,performDestroy]
02-09 04:41:54.949 D/NavigationModeController( 2005): getCurrentUserContext: contextUser=0 currentUser=0
02-09 04:41:54.950 I/am_pss ( 1240): [5563,10073,com.android.launcher3,84904960,70973440,0,226301952,0,5,9]
02-09 04:41:54.951 D/NavigationModeController( 2005): getCurrentInteractionMode: mode=2 contextUser=0
02-09 04:41:54.952 E/FrameEvents( 5563): updateAcquireFence: Did not find frame.
02-09 04:41:54.952 D/OpenGLRenderer( 5623): endAllActiveAnimators on 0xb400007d2f7d7d30 (RippleDrawable) with handle 0xb400007c3f7c1570
02-09 04:41:54.953 D/CompatibilityInfo( 1240): mCompatibilityFlags - 4
02-09 04:41:54.953 D/CompatibilityInfo( 1240): applicationDensity - 240
02-09 04:41:54.953 D/CompatibilityInfo( 1240): applicationScale - 1.0
02-09 04:41:54.953 W/InputManager-JNI( 1240): Input channel object '22a3637 com.android.settings/com.android.settings.Settings (client)' was disposed without first being removed with the input manager!
02-09 04:41:54.954 E/FrameEvents( 5563): updateAcquireFence: Did not find frame.
02-09 04:41:54.963 D/PrefCtrlListHelper( 5623): Could not find Context-only controller for pref: com.android.settings.network.TopLevelNetworkEntryPreferenceController
02-09 04:41:54.964 D/Launcher.Model( 5563): startLoader
02-09 04:41:54.964 D/Launcher.Model( 5563): java.lang.Exception
02-09 04:41:54.964 D/Launcher.Model( 5563): at com.android.launcher3.LauncherModel.startLoader(LauncherModel.java:353)
02-09 04:41:54.964 D/Launcher.Model( 5563): at com.android.launcher3.LauncherModel.forceReload(LauncherModel.java:298)
02-09 04:41:54.964 D/Launcher.Model( 5563): at com.android.launcher3.LauncherAppState.refreshAndReloadLauncher(LauncherAppState.java:161)
02-09 04:41:54.964 D/Launcher.Model( 5563): at com.android.launcher3.LauncherAppState.lambda$new$0$LauncherAppState(LauncherAppState.java:89)
02-09 04:41:54.964 D/Launcher.Model( 5563): at com.android.launcher3.LauncherAppState$$ExternalSyntheticLambda0.onIdpChanged(Unknown Source:2)
02-09 04:41:54.964 D/Launcher.Model( 5563): at com.android.launcher3.InvariantDeviceProfile.onConfigChanged(InvariantDeviceProfile.java:379)
02-09 04:41:54.964 D/Launcher.Model( 5563): at com.android.launcher3.InvariantDeviceProfile.lambda$new$0$InvariantDeviceProfile(InvariantDeviceProfile.java:199)
