02-09 05:33:02.802 E/DisplayDeviceConfig( 1511): requesting nits when no mapping exists.
02-09 05:33:02.802 E/DisplayDeviceConfig( 1511): requesting nits when no mapping exists.
02-09 05:33:02.802 I/am_wtf ( 1511): [0,1511,system_server,-1,DisplayDeviceConfig,requesting nits when no mapping exists.]
02-09 05:33:02.802 I/am_wtf ( 1511): [0,1511,system_server,-1,DisplayDeviceConfig,requesting nits when no mapping exists.]
02-09 05:33:02.818 E/DisplayDeviceConfig( 1511): requesting nits when no mapping exists.
02-09 05:33:02.818 E/DisplayDeviceConfig( 1511): requesting nits when no mapping exists.
02-09 05:33:02.818 I/am_wtf ( 1511): [0,1511,system_server,-1,DisplayDeviceConfig,requesting nits when no mapping exists.]
02-09 05:33:02.819 I/am_wtf ( 1511): [0,1511,system_server,-1,DisplayDeviceConfig,requesting nits when no mapping exists.]
02-09 05:33:02.835 E/DisplayDeviceConfig( 1511): requesting nits when no mapping exists.
02-09 05:33:02.835 E/DisplayDeviceConfig( 1511): requesting nits when no mapping exists.
02-09 05:33:02.835 I/am_wtf ( 1511): [0,1511,system_server,-1,DisplayDeviceConfig,requesting nits when no mapping exists.]
02-09 05:33:02.836 I/am_wtf ( 1511): [0,1511,system_server,-1,DisplayDeviceConfig,requesting nits when no mapping exists.]
02-09 05:33:02.851 E/DisplayDeviceConfig( 1511): requesting nits when no mapping exists.
02-09 05:33:02.852 E/DisplayDeviceConfig( 1511): requesting nits when no mapping exists.
02-09 05:33:02.852 I/am_wtf ( 1511): [0,1511,system_server,-1,DisplayDeviceConfig,requesting nits when no mapping exists.]
02-09 05:33:02.852 I/am_wtf ( 1511): [0,1511,system_server,-1,DisplayDeviceConfig,requesting nits when no mapping exists.]
02-09 05:33:02.868 E/DisplayDeviceConfig( 1511): requesting nits when no mapping exists.
02-09 05:33:02.868 E/DisplayDeviceConfig( 1511): requesting nits when no mapping exists.
02-09 05:33:02.869 I/am_wtf ( 1511): [0,1511,system_server,-1,DisplayDeviceConfig,requesting nits when no mapping exists.]
02-09 05:33:02.869 I/am_wtf ( 1511): [0,1511,system_server,-1,DisplayDeviceConfig,requesting nits when no mapping exists.]
02-09 05:33:02.886 E/DisplayDeviceConfig( 1511): requesting nits when no mapping exists.
02-09 05:33:02.886 E/DisplayDeviceConfig( 1511): requesting nits when no mapping exists.
02-09 05:33:02.886 I/am_wtf ( 1511): [0,1511,system_server,-1,DisplayDeviceConfig,requesting nits when no mapping exists.]
02-09 05:33:02.886 I/am_wtf ( 1511): [0,1511,system_server,-1,DisplayDeviceConfig,requesting nits when no mapping exists.]
02-09 05:33:02.887 I/wm_stop_activity( 1511): [0,204923478,com.android.launcher3/.uioverrides.QuickstepLauncher]
02-09 05:33:02.892 I/input_interaction( 1511): Interaction with: a4a3baa com.thundercomm.screensaver/android.service.dreams.DreamActivity (server), edge-swipe (server), swipe-up (server), PointerEventDispatcher0 (server),
02-09 05:33:02.893 I/wm_finish_activity( 1511): [0,252665471,37,com.thundercomm.screensaver/android.service.dreams.DreamActivity,finish-activity]
02-09 05:33:02.893 I/wm_task_moved( 1511): [1,1,13]
02-09 05:33:02.893 I/wm_task_moved( 1511): [8,1,2147483647]
02-09 05:33:02.893 I/wm_task_to_front( 1511): [0,8]
02-09 05:33:02.893 I/wm_focused_root_task( 1511): [0,0,1,37,finish-top adjustFocusToNextFocusableTask]
02-09 05:33:02.893 I/wm_set_resumed_activity( 1511): [0,com.android.launcher3/.uioverrides.QuickstepLauncher,finish-top adjustFocusToNextFocusableTask]
02-09 05:33:02.893 I/wm_pause_activity( 1511): [0,252665471,com.thundercomm.screensaver/android.service.dreams.DreamActivity,userLeaving=false,finish]
02-09 05:33:02.895 I/DreamManagerService( 1511): Gently waking up from dream.
02-09 05:33:02.895 I/DreamManagerService( 1511): Performing gentle wake from dream.
02-09 05:33:02.895 I/wm_on_top_resumed_lost_called( 4907): [252665471,android.service.dreams.DreamActivity,topStateChangedWhenResumed]
02-09 05:33:02.895 I/sysui_multi_action( 1511): [757,803,799,window_time_0,802,1]
02-09 05:33:02.896 I/wm_on_paused_called( 4907): [252665471,android.service.dreams.DreamActivity,performPause]
02-09 05:33:02.896 I/wm_add_to_stopping( 1511): [0,252665471,com.thundercomm.screensaver/android.service.dreams.DreamActivity,completeFinishing]
02-09 05:33:02.896 I/ActivityTaskManager( 1511): FOREGROUND_APPLICATION_CHANGED to com.android.launcher3.uioverrides.QuickstepLauncher
02-09 05:33:02.897 I/wm_set_resumed_activity( 1511): [0,com.android.launcher3/.uioverrides.QuickstepLauncher,resumeTopActivityInnerLocked]
02-09 05:33:02.897 I/wm_resume_activity( 1511): [0,204923478,8,com.android.launcher3/.uioverrides.QuickstepLauncher]
02-09 05:33:02.899 I/sysui_multi_action( 1511): [757,803,799,window_time_0,802,0]
02-09 05:33:02.903 I/view_enqueue_input_event( 4907): [Motion - Cancel,com.thundercomm.screensaver/android.service.dreams.DreamActivity]
02-09 05:33:02.903 I/input_focus( 1511): [Focus leaving a4a3baa com.thundercomm.screensaver/android.service.dreams.DreamActivity (server),reason=NO_WINDOW]
02-09 05:33:02.906 E/DisplayDeviceConfig( 1511): requesting nits when no mapping exists.
02-09 05:33:02.906 I/wm_on_stop_called( 2559): [204923478,com.android.launcher3.uioverrides.QuickstepLauncher,STOP_ACTIVITY_ITEM]
02-09 05:33:02.906 E/DisplayDeviceConfig( 1511): requesting nits when no mapping exists.
02-09 05:33:02.906 I/am_wtf ( 1511): [0,1511,system_server,-1,DisplayDeviceConfig,requesting nits when no mapping exists.]
02-09 05:33:02.907 I/wm_on_restart_called( 2559): [204923478,com.android.launcher3.uioverrides.QuickstepLauncher,performRestartActivity]
02-09 05:33:02.907 I/am_wtf ( 1511): [0,1511,system_server,-1,DisplayDeviceConfig,requesting nits when no mapping exists.]
02-09 05:33:02.907 I/wm_on_start_called( 2559): [204923478,com.android.launcher3.uioverrides.QuickstepLauncher,handleStartActivity]
02-09 05:33:02.907 I/wm_on_resume_called( 2559): [204923478,com.android.launcher3.uioverrides.QuickstepLauncher,RESUME_ACTIVITY]
02-09 05:33:02.907 I/wm_on_top_resumed_gained_called( 2559): [204923478,com.android.launcher3.uioverrides.QuickstepLauncher,topWhenResuming]
02-09 05:33:02.916 I/input_interaction( 1511): Interaction with: edge-swipe (server), swipe-up (server), PointerEventDispatcher0 (server),
02-09 05:33:02.918 E/DisplayDeviceConfig( 1511): requesting nits when no mapping exists.
02-09 05:33:02.919 E/DisplayDeviceConfig( 1511): requesting nits when no mapping exists.
02-09 05:33:02.919 I/am_wtf ( 1511): [0,1511,system_server,-1,DisplayDeviceConfig,requesting nits when no mapping exists.]
02-09 05:33:02.919 I/am_wtf ( 1511): [0,1511,system_server,-1,DisplayDeviceConfig,requesting nits when no mapping exists.]
02-09 05:33:02.920 D/WindowManager( 1511): relayoutVisibleWindow: Window{584aa45 u0 com.android.launcher3/com.android.launcher3.uioverrides.QuickstepLauncher EXITING} mAnimatingExit=true, mRemoveOnExit=false, mDestroying=false
02-09 05:33:02.921 I/input_focus( 1511): [Focus request 584aa45 com.android.launcher3/com.android.launcher3.uioverrides.QuickstepLauncher,reason=UpdateInputWindows]
02-09 05:33:02.929 I/ActivityTaskManager( 1511): Activity reported stop, but no longer stopping: ActivityRecord{c36e256 u0 com.android.launcher3/.uioverrides.QuickstepLauncher t8} RESUMED
02-09 05:33:02.935 E/DisplayDeviceConfig( 1511): requesting nits when no mapping exists.
02-09 05:33:02.935 E/DisplayDeviceConfig( 1511): requesting nits when no mapping exists.
02-09 05:33:02.935 I/am_wtf ( 1511): [0,1511,system_server,-1,DisplayDeviceConfig,requesting nits when no mapping exists.]
02-09 05:33:02.935 I/am_wtf ( 1511): [0,1511,system_server,-1,DisplayDeviceConfig,requesting nits when no mapping exists.]
02-09 05:33:02.936 I/PowerManagerService( 1511): Powering on display group fromDreaming (groupId=0, uid=1000, reason=WAKE_REASON_UNKNOWN, details=android.server.power:DREAM_FINISHED)...
02-09 05:33:02.936 I/PowerManagerService( 1511): Waking up from Dreaming (uid=1000, reason=WAKE_REASON_UNKNOWN, details=android.server.power:DREAM_FINISHED)...
02-09 05:33:02.938 I/input_focus( 1511): [Focus entering 584aa45 com.android.launcher3/com.android.launcher3.uioverrides.QuickstepLauncher (server),reason=setFocusedWindow]
02-09 05:33:02.952 E/DisplayDeviceConfig( 1511): requesting nits when no mapping exists.
02-09 05:33:02.952 E/DisplayDeviceConfig( 1511): requesting nits when no mapping exists.
02-09 05:33:02.952 I/am_wtf ( 1511): [0,1511,system_server,-1,DisplayDeviceConfig,requesting nits when no mapping exists.]
02-09 05:33:02.952 I/am_wtf ( 1511): [0,1511,system_server,-1,DisplayDeviceConfig,requesting nits when no mapping exists.]
02-09 05:33:02.969 E/DisplayDeviceConfig( 1511): requesting nits when no mapping exists.
02-09 05:33:02.969 E/DisplayDeviceConfig( 1511): requesting nits when no mapping exists.
02-09 05:33:02.969 I/am_wtf ( 1511): [0,1511,system_server,-1,DisplayDeviceConfig,requesting nits when no mapping exists.]
02-09 05:33:02.969 I/am_wtf ( 1511): [0,1511,system_server,-1,DisplayDeviceConfig,requesting nits when no mapping exists.]
02-09 05:33:02.985 E/DisplayDeviceConfig( 1511): requesting nits when no mapping exists.
02-09 05:33:02.985 E/DisplayDeviceConfig( 1511): requesting nits when no mapping exists.
02-09 05:33:02.985 I/am_wtf ( 1511): [0,1511,system_server,-1,DisplayDeviceConfig,requesting nits when no mapping exists.]
02-09 05:33:02.986 I/am_wtf ( 1511): [0,1511,system_server,-1,DisplayDeviceConfig,requesting nits when no mapping exists.]
02-09 05:33:03.001 W/ContextImpl( 2089): Calling a method in the system process without a qualified user: android.app.ContextImpl.startService:1816 android.content.ContextWrapper.startService:774 com.thundercomm.gamemode.ingame.services.GameModeActionUtils.startGameModeService:111 com.thundercomm.gamemode.ingame.services.GameModeActionUtils.startGameModeEntry:22 com.thundercomm.gamemode.ingame.services.ActivityMonitoringService$1.onActivityLaunch:139
02-09 05:33:03.002 E/DisplayDeviceConfig( 1511): requesting nits when no mapping exists.
02-09 05:33:03.002 E/DisplayDeviceConfig( 1511): requesting nits when no mapping exists.
02-09 05:33:03.002 I/am_wtf ( 1511): [0,1511,system_server,-1,DisplayDeviceConfig,requesting nits when no mapping exists.]
02-09 05:33:03.002 I/am_wtf ( 1511): [0,1511,system_server,-1,DisplayDeviceConfig,requesting nits when no mapping exists.]
02-09 05:33:03.003 I/GameModeConfig( 1511): Current uri is uri = content://com.thundercomm.gamemode.api/gamemode_settings/gamemode_isgaming
02-09 05:33:03.004 I/GameModeConfig( 1511): isGameModeOn = true
02-09 05:33:03.004 I/GameModeConfig( 1511): isGaming = false
02-09 05:33:03.004 I/GameModeConfig( 1511): isGameModeOn = true
02-09 05:33:03.004 I/GameModeConfig( 1511): isGaming = false
02-09 05:33:03.004 I/GameModeConfig( 1511): isDisableVoice = true
02-09 05:33:03.019 E/DisplayDeviceConfig( 1511): requesting nits when no mapping exists.
02-09 05:33:03.019 E/DisplayDeviceConfig( 1511): requesting nits when no mapping exists.
02-09 05:33:03.019 I/am_wtf ( 1511): [0,1511,system_server,-1,DisplayDeviceConfig,requesting nits when no mapping exists.]
02-09 05:33:03.020 I/am_wtf ( 1511): [0,1511,system_server,-1,DisplayDeviceConfig,requesting nits when no mapping exists.]
02-09 05:33:03.035 E/DisplayDeviceConfig( 1511): requesting nits when no mapping exists.
02-09 05:33:03.035 E/DisplayDeviceConfig( 1511): requesting nits when no mapping exists.
02-09 05:33:03.035 I/am_wtf ( 1511): [0,1511,system_server,-1,DisplayDeviceConfig,requesting nits when no mapping exists.]
02-09 05:33:03.036 I/am_wtf ( 1511): [0,1511,system_server,-1,DisplayDeviceConfig,requesting nits when no mapping exists.]
02-09 05:33:03.052 E/DisplayDeviceConfig( 1511): requesting nits when no mapping exists.
02-09 05:33:03.052 E/DisplayDeviceConfig( 1511): requesting nits when no mapping exists.
02-09 05:33:03.052 I/am_wtf ( 1511): [0,1511,system_server,-1,DisplayDeviceConfig,requesting nits when no mapping exists.]
02-09 05:33:03.052 I/am_wtf ( 1511): [0,1511,system_server,-1,DisplayDeviceConfig,requesting nits when no mapping exists.]
02-09 05:33:03.069 E/DisplayDeviceConfig( 1511): requesting nits when no mapping exists.
02-09 05:33:03.069 E/DisplayDeviceConfig( 1511): requesting nits when no mapping exists.
02-09 05:33:03.069 I/am_wtf ( 1511): [0,1511,system_server,-1,DisplayDeviceConfig,requesting nits when no mapping exists.]
02-09 05:33:03.070 I/am_wtf ( 1511): [0,1511,system_server,-1,DisplayDeviceConfig,requesting nits when no mapping exists.]
02-09 05:33:03.085 E/DisplayDeviceConfig( 1511): requesting nits when no mapping exists.
02-09 05:33:03.085 E/DisplayDeviceConfig( 1511): requesting nits when no mapping exists.
02-09 05:33:03.085 I/am_wtf ( 1511): [0,1511,system_server,-1,DisplayDeviceConfig,requesting nits when no mapping exists.]
02-09 05:33:03.086 I/am_wtf ( 1511): [0,1511,system_server,-1,DisplayDeviceConfig,requesting nits when no mapping exists.]
02-09 05:33:03.102 E/DisplayDeviceConfig( 1511): requesting nits when no mapping exists.
02-09 05:33:03.102 E/DisplayDeviceConfig( 1511): requesting nits when no mapping exists.
02-09 05:33:03.102 I/am_wtf ( 1511): [0,1511,system_server,-1,DisplayDeviceConfig,requesting nits when no mapping exists.]
02-09 05:33:03.103 I/am_wtf ( 1511): [0,1511,system_server,-1,DisplayDeviceConfig,requesting nits when no mapping exists.]
02-09 05:33:03.119 E/DisplayDeviceConfig( 1511): requesting nits when no mapping exists.
02-09 05:33:03.119 E/DisplayDeviceConfig( 1511): requesting nits when no mapping exists.
02-09 05:33:03.119 I/am_wtf ( 1511): [0,1511,system_server,-1,DisplayDeviceConfig,requesting nits when no mapping exists.]
02-09 05:33:03.119 I/am_wtf ( 1511): [0,1511,system_server,-1,DisplayDeviceConfig,requesting nits when no mapping exists.]
02-09 05:33:03.136 E/DisplayDeviceConfig( 1511): requesting nits when no mapping exists.
02-09 05:33:03.136 E/DisplayDeviceConfig( 1511): requesting nits when no mapping exists.
02-09 05:33:03.136 I/am_wtf ( 1511): [0,1511,system_server,-1,DisplayDeviceConfig,requesting nits when no mapping exists.]
02-09 05:33:03.136 I/am_wtf ( 1511): [0,1511,system_server,-1,DisplayDeviceConfig,requesting nits when no mapping exists.]
02-09 05:33:03.152 E/DisplayDeviceConfig( 1511): requesting nits when no mapping exists.
02-09 05:33:03.152 E/DisplayDeviceConfig( 1511): requesting nits when no mapping exists.
02-09 05:33:03.152 I/am_wtf ( 1511): [0,1511,system_server,-1,DisplayDeviceConfig,requesting nits when no mapping exists.]
02-09 05:33:03.153 I/am_wtf ( 1511): [0,1511,system_server,-1,DisplayDeviceConfig,requesting nits when no mapping exists.]
02-09 05:33:03.169 I/wm_destroy_activity( 1511): [0,252665471,37,com.thundercomm.screensaver/android.service.dreams.DreamActivity,finish-imm:idle]
02-09 05:33:03.171 E/DisplayDeviceConfig( 1511): requesting nits when no mapping exists.
02-09 05:33:03.171 E/DisplayDeviceConfig( 1511): requesting nits when no mapping exists.
02-09 05:33:03.171 I/am_wtf ( 1511): [0,1511,system_server,-1,DisplayDeviceConfig,requesting nits when no mapping exists.]
02-09 05:33:03.171 I/wm_on_stop_called( 4907): [252665471,android.service.dreams.DreamActivity,LIFECYCLER_STOP_ACTIVITY]
02-09 05:33:03.171 I/wm_on_destroy_called( 4907): [252665471,android.service.dreams.DreamActivity,performDestroy]
02-09 05:33:03.171 I/am_wtf ( 1511): [0,1511,system_server,-1,DisplayDeviceConfig,requesting nits when no mapping exists.]
02-09 05:33:03.172 I/DreamManagerService( 1511): Leaving dreamland.
02-09 05:33:03.173 I/DreamManagerService( 1511): Performing gentle wake from dream.
02-09 05:33:03.173 I/DreamController( 1511): Stopping dream: name=ComponentInfo{com.thundercomm.screensaver/com.thundercomm.saverclock.service.ClockScreensaver}, isTest=false, canDoze=false, userId=0, reason='finished self'(from 'finished self')
02-09 05:33:03.173 I/sysui_multi_action( 1511): [757,222,758,2]
02-09 05:33:03.173 I/sysui_multi_action( 1511): [757,804,799,dreaming_minutes,801,0,802,1]
02-09 05:33:03.175 W/ContextImpl( 2089): Calling a method in the system process without a qualified user: android.app.ContextImpl.startService:1816 android.content.ContextWrapper.startService:774 com.thundercomm.gamemode.ingame.services.GameModeActionUtils.startGameModeService:111 com.thundercomm.gamemode.ingame.services.GameModeActionUtils.startGameModeEntry:22 com.thundercomm.gamemode.ingame.services.ActivityMonitoringService$1.onActivityLaunch:139
02-09 05:33:03.176 I/GameModeConfig( 1511): Current uri is uri = content://com.thundercomm.gamemode.api/gamemode_settings/gamemode_isgaming
02-09 05:33:03.177 I/wm_task_removed( 1511): [37,removeChild:removeChild last r=ActivityRecord{f0f5e7f u0 com.thundercomm.screensaver/android.service.dreams.DreamActivity t-1 f}} in t=Task{982698b #37 type=dream A=10044:android:com.thundercomm.screensaver/dream U=0 visible=false mode=fullscreen translucent=true sz=0}]
02-09 05:33:03.177 I/wm_task_removed( 1511): [37,removeChild]
02-09 05:33:03.177 I/GameModeConfig( 1511): isGameModeOn = true
02-09 05:33:03.177 I/GameModeConfig( 1511): isGaming = false
02-09 05:33:03.177 I/GameModeConfig( 1511): isGameModeOn = true
02-09 05:33:03.177 I/GameModeConfig( 1511): isGaming = false
02-09 05:33:03.177 I/GameModeConfig( 1511): isDisableVoice = true
02-09 05:33:03.179 W/ActivityTaskManager( 1511): Can't find TaskDisplayArea to determine support for multi window. Task id=37 attached=false
02-09 05:33:03.185 E/DisplayDeviceConfig( 1511): requesting nits when no mapping exists.
02-09 05:33:03.186 E/DisplayDeviceConfig( 1511): requesting nits when no mapping exists.
02-09 05:33:03.186 I/am_wtf ( 1511): [0,1511,system_server,-1,DisplayDeviceConfig,requesting nits when no mapping exists.]
02-09 05:33:03.186 I/am_wtf ( 1511): [0,1511,system_server,-1,DisplayDeviceConfig,requesting nits when no mapping exists.]
02-09 05:33:03.202 E/DisplayDeviceConfig( 1511): requesting nits when no mapping exists.
02-09 05:33:03.202 E/DisplayDeviceConfig( 1511): requesting nits when no mapping exists.
02-09 05:33:03.202 I/am_wtf ( 1511): [0,1511,system_server,-1,DisplayDeviceConfig,requesting nits when no mapping exists.]
02-09 05:33:03.203 I/am_wtf ( 1511): [0,1511,system_server,-1,DisplayDeviceConfig,requesting nits when no mapping exists.]
02-09 05:33:03.219 E/DisplayDeviceConfig( 1511): requesting nits when no mapping exists.
02-09 05:33:03.219 E/DisplayDeviceConfig( 1511): requesting nits when no mapping exists.
02-09 05:33:03.219 I/am_wtf ( 1511): [0,1511,system_server,-1,DisplayDeviceConfig,requesting nits when no mapping exists.]
02-09 05:33:03.219 I/am_wtf ( 1511): [0,1511,system_server,-1,DisplayDeviceConfig,requesting nits when no mapping exists.]
02-09 05:33:03.236 E/DisplayDeviceConfig( 1511): requesting nits when no mapping exists.
02-09 05:33:03.236 E/DisplayDeviceConfig( 1511): requesting nits when no mapping exists.
02-09 05:33:03.236 I/am_wtf ( 1511): [0,1511,system_server,-1,DisplayDeviceConfig,requesting nits when no mapping exists.]
02-09 05:33:03.236 I/am_wtf ( 1511): [0,1511,system_server,-1,DisplayDeviceConfig,requesting nits when no mapping exists.]
02-09 05:33:03.253 E/DisplayDeviceConfig( 1511): requesting nits when no mapping exists.
02-09 05:33:03.253 E/DisplayDeviceConfig( 1511): requesting nits when no mapping exists.
02-09 05:33:03.253 I/am_wtf ( 1511): [0,1511,system_server,-1,DisplayDeviceConfig,requesting nits when no mapping exists.]
02-09 05:33:03.253 I/am_wtf ( 1511): [0,1511,system_server,-1,DisplayDeviceConfig,requesting nits when no mapping exists.]
02-09 05:33:03.269 E/DisplayDeviceConfig( 1511): requesting nits when no mapping exists.
02-09 05:33:03.270 E/DisplayDeviceConfig( 1511): requesting nits when no mapping exists.
02-09 05:33:03.270 I/am_wtf ( 1511): [0,1511,system_server,-1,DisplayDeviceConfig,requesting nits when no mapping exists.]
02-09 05:33:03.270 I/am_wtf ( 1511): [0,1511,system_server,-1,DisplayDeviceConfig,requesting nits when no mapping exists.]
02-09 05:33:03.273 I/am_uid_idle( 1511): 10064
02-09 05:33:03.286 E/DisplayDeviceConfig( 1511): requesting nits when no mapping exists.
02-09 05:33:03.286 E/DisplayDeviceConfig( 1511): requesting nits when no mapping exists.
02-09 05:33:03.286 I/am_wtf ( 1511): [0,1511,system_server,-1,DisplayDeviceConfig,requesting nits when no mapping exists.]
02-09 05:33:03.287 I/am_wtf ( 1511): [0,1511,system_server,-1,DisplayDeviceConfig,requesting nits when no mapping exists.]
02-09 05:33:03.303 E/DisplayDeviceConfig( 1511): requesting nits when no mapping exists.
02-09 05:33:03.303 E/DisplayDeviceConfig( 1511): requesting nits when no mapping exists.
02-09 05:33:03.303 I/am_wtf ( 1511): [0,1511,system_server,-1,DisplayDeviceConfig,requesting nits when no mapping exists.]
02-09 05:33:03.303 I/am_wtf ( 1511): [0,1511,system_server,-1,DisplayDeviceConfig,requesting nits when no mapping exists.]
02-09 05:33:03.319 E/DisplayDeviceConfig( 1511): requesting nits when no mapping exists.
02-09 05:33:03.320 E/DisplayDeviceConfig( 1511): requesting nits when no mapping exists.
02-09 05:33:03.320 I/am_wtf ( 1511): [0,1511,system_server,-1,DisplayDeviceConfig,requesting nits when no mapping exists.]
02-09 05:33:03.320 I/am_wtf ( 1511): [0,1511,system_server,-1,DisplayDeviceConfig,requesting nits when no mapping exists.]
02-09 05:33:03.336 E/DisplayDeviceConfig( 1511): requesting nits when no mapping exists.
02-09 05:33:03.336 E/DisplayDeviceConfig( 1511): requesting nits when no mapping exists.
02-09 05:33:03.336 I/am_wtf ( 1511): [0,1511,system_server,-1,DisplayDeviceConfig,requesting nits when no mapping exists.]
02-09 05:33:03.337 I/am_wtf ( 1511): [0,1511,system_server,-1,DisplayDeviceConfig,requesting nits when no mapping exists.]
02-09 05:33:03.353 E/DisplayDeviceConfig( 1511): requesting nits when no mapping exists.
02-09 05:33:03.353 E/DisplayDeviceConfig( 1511): requesting nits when no mapping exists.
02-09 05:33:03.353 I/am_wtf ( 1511): [0,1511,system_server,-1,DisplayDeviceConfig,requesting nits when no mapping exists.]
02-09 05:33:03.353 I/am_wtf ( 1511): [0,1511,system_server,-1,DisplayDeviceConfig,requesting nits when no mapping exists.]
02-09 05:33:03.370 E/DisplayDeviceConfig( 1511): requesting nits when no mapping exists.
02-09 05:33:03.370 E/DisplayDeviceConfig( 1511): requesting nits when no mapping exists.
02-09 05:33:03.370 I/am_wtf ( 1511): [0,1511,system_server,-1,DisplayDeviceConfig,requesting nits when no mapping exists.]
02-09 05:33:03.370 I/am_wtf ( 1511): [0,1511,system_server,-1,DisplayDeviceConfig,requesting nits when no mapping exists.]
02-09 05:33:03.386 E/DisplayDeviceConfig( 1511): requesting nits when no mapping exists.
02-09 05:33:03.386 E/DisplayDeviceConfig( 1511): requesting nits when no mapping exists.
02-09 05:33:03.386 I/am_wtf ( 1511): [0,1511,system_server,-1,DisplayDeviceConfig,requesting nits when no mapping exists.]
02-09 05:33:03.387 I/am_wtf ( 1511): [0,1511,system_server,-1,DisplayDeviceConfig,requesting nits when no mapping exists.]
02-09 05:33:03.403 E/DisplayDeviceConfig( 1511): requesting nits when no mapping exists.
02-09 05:33:03.403 E/DisplayDeviceConfig( 1511): requesting nits when no mapping exists.
02-09 05:33:03.403 I/am_wtf ( 1511): [0,1511,system_server,-1,DisplayDeviceConfig,requesting nits when no mapping exists.]
02-09 05:33:03.403 I/am_wtf ( 1511): [0,1511,system_server,-1,DisplayDeviceConfig,requesting nits when no mapping exists.]
02-09 05:33:03.420 E/DisplayDeviceConfig( 1511): requesting nits when no mapping exists.
02-09 05:33:03.420 E/DisplayDeviceConfig( 1511): requesting nits when no mapping exists.
02-09 05:33:03.420 I/am_wtf ( 1511): [0,1511,system_server,-1,DisplayDeviceConfig,requesting nits when no mapping exists.]
02-09 05:33:03.420 I/am_wtf ( 1511): [0,1511,system_server,-1,DisplayDeviceConfig,requesting nits when no mapping exists.]
02-09 05:33:03.436 E/DisplayDeviceConfig( 1511): requesting nits when no mapping exists.
02-09 05:33:03.436 E/DisplayDeviceConfig( 1511): requesting nits when no mapping exists.
02-09 05:33:03.436 I/am_wtf ( 1511): [0,1511,system_server,-1,DisplayDeviceConfig,requesting nits when no mapping exists.]
02-09 05:33:03.437 I/am_wtf ( 1511): [0,1511,system_server,-1,DisplayDeviceConfig,requesting nits when no mapping exists.]
02-09 05:33:03.453 E/DisplayDeviceConfig( 1511): requesting nits when no mapping exists.
02-09 05:33:03.453 E/DisplayDeviceConfig( 1511): requesting nits when no mapping exists.
02-09 05:33:03.453 I/am_wtf ( 1511): [0,1511,system_server,-1,DisplayDeviceConfig,requesting nits when no mapping exists.]
02-09 05:33:03.453 I/am_wtf ( 1511): [0,1511,system_server,-1,DisplayDeviceConfig,requesting nits when no mapping exists.]
02-09 05:33:03.470 E/DisplayDeviceConfig( 1511): requesting nits when no mapping exists.
02-09 05:33:03.470 I/am_wtf ( 1511): [0,1511,system_server,-1,DisplayDeviceConfig,requesting nits when no mapping exists.]
02-09 05:33:03.470 E/DisplayDeviceConfig( 1511): requesting nits when no mapping exists.
02-09 05:33:03.470 I/am_wtf ( 1511): [0,1511,system_server,-1,DisplayDeviceConfig,requesting nits when no mapping exists.]
02-09 05:33:03.486 E/DisplayDeviceConfig( 1511): requesting nits when no mapping exists.
02-09 05:33:03.486 E/DisplayDeviceConfig( 1511): requesting nits when no mapping exists.
02-09 05:33:03.486 I/am_wtf ( 1511): [0,1511,system_server,-1,DisplayDeviceConfig,requesting nits when no mapping exists.]
02-09 05:33:03.487 I/am_wtf ( 1511): [0,1511,system_server,-1,DisplayDeviceConfig,requesting nits when no mapping exists.]
02-09 05:33:03.503 E/DisplayDeviceConfig( 1511): requesting nits when no mapping exists.
02-09 05:33:03.503 I/am_wtf ( 1511): [0,1511,system_server,-1,DisplayDeviceConfig,requesting nits when no mapping exists.]
02-09 05:33:03.503 E/DisplayDeviceConfig( 1511): requesting nits when no mapping exists.
02-09 05:33:03.503 I/am_wtf ( 1511): [0,1511,system_server,-1,DisplayDeviceConfig,requesting nits when no mapping exists.]
02-09 05:33:03.520 E/DisplayDeviceConfig( 1511): requesting nits when no mapping exists.
02-09 05:33:03.520 E/DisplayDeviceConfig( 1511): requesting nits when no mapping exists.
02-09 05:33:03.520 I/am_wtf ( 1511): [0,1511,system_server,-1,DisplayDeviceConfig,requesting nits when no mapping exists.]
02-09 05:33:03.520 I/am_wtf ( 1511): [0,1511,system_server,-1,DisplayDeviceConfig,requesting nits when no mapping exists.]
02-09 05:33:03.536 E/DisplayDeviceConfig( 1511): requesting nits when no mapping exists.
02-09 05:33:03.537 E/DisplayDeviceConfig( 1511): requesting nits when no mapping exists.
02-09 05:33:03.537 I/am_wtf ( 1511): [0,1511,system_server,-1,DisplayDeviceConfig,requesting nits when no mapping exists.]
02-09 05:33:03.537 I/am_wtf ( 1511): [0,1511,system_server,-1,DisplayDeviceConfig,requesting nits when no mapping exists.]
02-09 05:33:03.940 I/input_interaction( 1511): Interaction with: 584aa45 com.android.launcher3/com.android.launcher3.uioverrides.QuickstepLauncher (server), 4aad3d7 com.android.systemui.ImageWallpaper (server), edge-swipe (server), swipe-up (server), PointerEventDispatcher0 (server),
02-09 05:33:03.989 W/FreeFormWindowHelper( 1511): Current Display FreeFormTask is null
02-09 05:33:03.989 W/FreeFormWindowHelper( 1511): Current Display FreeFormTask is null
02-09 05:33:03.999 W/FreeFormWindowHelper( 1511): Current Display FreeFormTask is null
02-09 05:33:03.999 W/FreeFormWindowHelper( 1511): Current Display FreeFormTask is null
02-09 05:33:04.000 I/view_enqueue_input_event( 2559): [Motion - Cancel,com.android.launcher3/com.android.launcher3.uioverrides.QuickstepLauncher]
02-09 05:33:04.000 W/FreeFormWindowHelper( 1511): Current Display FreeFormTask is null
02-09 05:33:04.005 W/FreeFormWindowHelper( 1511): Current Display FreeFormTask is null
02-09 05:33:04.005 W/FreeFormWindowHelper( 1511): Current Display FreeFormTask is null
02-09 05:33:04.007 I/input_interaction( 1511): Interaction with: edge-swipe (server), swipe-up (server), PointerEventDispatcher0 (server),
02-09 05:33:04.022 W/FreeFormWindowHelper( 1511): Current Display FreeFormTask is null
02-09 05:33:04.022 W/FreeFormWindowHelper( 1511): Current Display FreeFormTask is null
02-09 05:33:04.191 I/commit_sys_config_file( 1511): [settings-1-0,1]
02-09 05:33:04.359 W/FreeFormWindowHelper( 1511): Current Display FreeFormTask is null
02-09 05:33:04.359 W/FreeFormWindowHelper( 1511): Current Display FreeFormTask is null
02-09 05:33:04.374 W/FreeFormWindowHelper( 1511): Current Display FreeFormTask is null
02-09 05:33:04.374 W/FreeFormWindowHelper( 1511): Current Display FreeFormTask is null
02-09 05:33:04.391 W/FreeFormWindowHelper( 1511): Current Display FreeFormTask is null
02-09 05:33:04.391 W/FreeFormWindowHelper( 1511): Current Display FreeFormTask is null
02-09 05:33:04.407 W/FreeFormWindowHelper( 1511): Current Display FreeFormTask is null
02-09 05:33:04.408 W/FreeFormWindowHelper( 1511): Current Display FreeFormTask is null
02-09 05:33:04.424 W/FreeFormWindowHelper( 1511): Current Display FreeFormTask is null
02-09 05:33:04.424 W/FreeFormWindowHelper( 1511): Current Display FreeFormTask is null
02-09 05:33:04.441 W/FreeFormWindowHelper( 1511): Current Display FreeFormTask is null
02-09 05:33:04.441 W/FreeFormWindowHelper( 1511): Current Display FreeFormTask is null
02-09 05:33:04.457 W/FreeFormWindowHelper( 1511): Current Display FreeFormTask is null
02-09 05:33:04.457 W/FreeFormWindowHelper( 1511): Current Display FreeFormTask is null
02-09 05:33:04.474 W/FreeFormWindowHelper( 1511): Current Display FreeFormTask is null
02-09 05:33:04.474 W/FreeFormWindowHelper( 1511): Current Display FreeFormTask is null
02-09 05:33:04.491 W/FreeFormWindowHelper( 1511): Current Display FreeFormTask is null
02-09 05:33:04.491 W/FreeFormWindowHelper( 1511): Current Display FreeFormTask is null
02-09 05:33:04.508 W/FreeFormWindowHelper( 1511): Current Display FreeFormTask is null
02-09 05:33:04.508 W/FreeFormWindowHelper( 1511): Current Display FreeFormTask is null
02-09 05:33:04.524 W/FreeFormWindowHelper( 1511): Current Display FreeFormTask is null
02-09 05:33:04.524 W/FreeFormWindowHelper( 1511): Current Display FreeFormTask is null
02-09 05:33:04.541 W/FreeFormWindowHelper( 1511): Current Display FreeFormTask is null
02-09 05:33:04.541 W/FreeFormWindowHelper( 1511): Current Display FreeFormTask is null
02-09 05:33:04.555 I/commit_sys_config_file( 1511): [settings-1-0,1]
02-09 05:33:04.557 W/FreeFormWindowHelper( 1511): Current Display FreeFormTask is null
02-09 05:33:04.557 W/FreeFormWindowHelper( 1511): Current Display FreeFormTask is null
02-09 05:33:04.579 W/FreeFormWindowHelper( 1511): Current Display FreeFormTask is null
02-09 05:33:04.579 W/FreeFormWindowHelper( 1511): Current Display FreeFormTask is null
02-09 05:33:04.594 W/FreeFormWindowHelper( 1511): Current Display FreeFormTask is null
02-09 05:33:04.595 W/FreeFormWindowHelper( 1511): Current Display FreeFormTask is null
02-09 05:33:04.612 W/FreeFormWindowHelper( 1511): Current Display FreeFormTask is null
02-09 05:33:04.612 W/FreeFormWindowHelper( 1511): Current Display FreeFormTask is null
02-09 05:33:04.628 W/FreeFormWindowHelper( 1511): Current Display FreeFormTask is null
02-09 05:33:04.629 W/FreeFormWindowHelper( 1511): Current Display FreeFormTask is null
02-09 05:33:04.645 W/FreeFormWindowHelper( 1511): Current Display FreeFormTask is null
02-09 05:33:04.646 W/FreeFormWindowHelper( 1511): Current Display FreeFormTask is null
02-09 05:33:04.664 W/FreeFormWindowHelper( 1511): Current Display FreeFormTask is null
02-09 05:33:04.664 W/FreeFormWindowHelper( 1511): Current Display FreeFormTask is null
02-09 05:33:04.665 W/FreeFormWindowHelper( 1511): Current Display FreeFormTask is null
02-09 05:33:04.686 W/FreeFormWindowHelper( 1511): Current Display FreeFormTask is null
02-09 05:33:04.686 W/FreeFormWindowHelper( 1511): Current Display FreeFormTask is null
02-09 05:33:05.274 I/input_interaction( 1511): Interaction with: 584aa45 com.android.launcher3/com.android.launcher3.uioverrides.QuickstepLauncher (server), 4aad3d7 com.android.systemui.ImageWallpaper (server), edge-swipe (server), swipe-up (server), PointerEventDispatcher0 (server),
02-09 05:33:05.400 I/wm_task_moved( 1511): [1,1,13]
02-09 05:33:05.401 I/wm_set_resumed_activity( 1511): [0,com.android.launcher3/.uioverrides.QuickstepLauncher,positionChildAt]
02-09 05:33:05.401 I/wm_task_moved( 1511): [36,1,13]
02-09 05:33:05.401 I/wm_task_to_front( 1511): [0,36]
02-09 05:33:05.402 I/wm_focused_root_task( 1511): [0,0,36,1,moveTaskToFront findTaskToMoveToFront]
02-09 05:33:05.403 I/wm_set_resumed_activity( 1511): [0,com.android.gallery3d/.app.GalleryActivity,moveTaskToFront findTaskToMoveToFront]
02-09 05:33:05.405 I/wm_pause_activity( 1511): [0,204923478,com.android.launcher3/.uioverrides.QuickstepLauncher,userLeaving=true,pauseBackTasks]
02-09 05:33:05.414 I/wm_on_top_resumed_lost_called( 2559): [204923478,com.android.launcher3.uioverrides.QuickstepLauncher,topStateChangedWhenResumed]
02-09 05:33:05.418 I/wm_on_paused_called( 2559): [204923478,com.android.launcher3.uioverrides.QuickstepLauncher,performPause]
02-09 05:33:05.422 I/ActivityTaskManager( 1511): FOREGROUND_APPLICATION_CHANGED to com.android.gallery3d.app.GalleryActivity
02-09 05:33:05.424 I/wm_set_resumed_activity( 1511): [0,com.android.gallery3d/.app.GalleryActivity,resumeTopActivityInnerLocked]
02-09 05:33:05.425 I/wm_add_to_stopping( 1511): [0,204923478,com.android.launcher3/.uioverrides.QuickstepLauncher,makeInvisible]
02-09 05:33:05.426 I/wm_resume_activity( 1511): [0,92136603,36,com.android.gallery3d/.app.GalleryActivity]
02-09 05:33:05.430 I/am_uid_active( 1511): 10064
02-09 05:33:05.435 I/sysui_multi_action( 1511): [757,803,799,window_time_0,802,2]
02-09 05:33:05.444 I/wm_on_restart_called( 6616): [92136603,com.android.gallery3d.app.GalleryActivity,performRestartActivity]
02-09 05:33:05.444 I/wm_on_start_called( 6616): [92136603,com.android.gallery3d.app.GalleryActivity,handleStartActivity]
02-09 05:33:05.447 I/wm_on_resume_called( 6616): [92136603,com.android.gallery3d.app.GalleryActivity,RESUME_ACTIVITY]
02-09 05:33:05.447 I/wm_on_top_resumed_gained_called( 6616): [92136603,com.android.gallery3d.app.GalleryActivity,topWhenResuming]
02-09 05:33:05.452 W/ContextImpl( 2089): Calling a method in the system process without a qualified user: android.app.ContextImpl.startService:1816 android.content.ContextWrapper.startService:774 com.thundercomm.gamemode.ingame.services.GameModeActionUtils.startGameModeService:111 com.thundercomm.gamemode.ingame.services.GameModeActionUtils.startGameModeEntry:22 com.thundercomm.gamemode.ingame.services.ActivityMonitoringService$1.onActivityLaunch:139
02-09 05:33:05.457 I/GameModeConfig( 1511): Current uri is uri = content://com.thundercomm.gamemode.api/gamemode_settings/gamemode_isgaming
02-09 05:33:05.460 I/GameModeConfig( 1511): isGameModeOn = true
02-09 05:33:05.460 I/GameModeConfig( 1511): isGaming = false
02-09 05:33:05.460 I/GameModeConfig( 1511): isGameModeOn = true
02-09 05:33:05.460 I/GameModeConfig( 1511): isGaming = false
02-09 05:33:05.460 I/GameModeConfig( 1511): isDisableVoice = true
02-09 05:33:05.462 I/input_focus( 1511): [Focus leaving 584aa45 com.android.launcher3/com.android.launcher3.uioverrides.QuickstepLauncher (server),reason=NO_WINDOW]
02-09 05:33:05.466 I/input_focus( 1511): [Focus request 82cf95f com.android.gallery3d/com.android.gallery3d.app.GalleryActivity,reason=UpdateInputWindows]
02-09 05:33:05.483 I/sysui_multi_action( 1511): [319,38,321,35,322,79,325,4280,757,761,758,9,759,4,806,com.android.gallery3d,871,com.android.gallery3d.app.GalleryActivity,904,com.android.launcher3,905,0,1320,4,1321,1]
02-09 05:33:05.494 I/input_focus( 1511): [Focus entering 82cf95f com.android.gallery3d/com.android.gallery3d.app.GalleryActivity (server),reason=setFocusedWindow]
02-09 05:33:05.536 W/ContextImpl( 2089): Calling a method in the system process without a qualified user: android.app.ContextImpl.startService:1816 android.content.ContextWrapper.startService:774 com.thundercomm.gamemode.ingame.services.GameModeActionUtils.startGameModeService:111 com.thundercomm.gamemode.ingame.services.GameModeActionUtils.startGameModeEntry:22 com.thundercomm.gamemode.ingame.services.ActivityMonitoringService$1.onActivityLaunch:139
02-09 05:33:05.540 I/GameModeConfig( 1511): Current uri is uri = content://com.thundercomm.gamemode.api/gamemode_settings/gamemode_isgaming
02-09 05:33:05.542 I/GameModeConfig( 1511): isGameModeOn = true
02-09 05:33:05.542 I/GameModeConfig( 1511): isGaming = false
02-09 05:33:05.542 I/GameModeConfig( 1511): isGameModeOn = true
02-09 05:33:05.542 I/GameModeConfig( 1511): isGaming = false
02-09 05:33:05.542 I/GameModeConfig( 1511): isDisableVoice = true
02-09 05:33:05.816 I/wm_stop_activity( 1511): [0,204923478,com.android.launcher3/.uioverrides.QuickstepLauncher]
02-09 05:33:05.826 W/FreeFormWindowHelper( 1511): Current Display FreeFormTask is null
02-09 05:33:05.826 W/FreeFormWindowHelper( 1511): Current Display FreeFormTask is null
02-09 05:33:05.830 W/FreeFormWindowHelper( 1511): exitRecentTasks type=0
02-09 05:33:05.845 I/wm_on_stop_called( 2559): [204923478,com.android.launcher3.uioverrides.QuickstepLauncher,STOP_ACTIVITY_ITEM]
02-09 05:33:05.861 W/ContextImpl( 2089): Calling a method in the system process without a qualified user: android.app.ContextImpl.startService:1816 android.content.ContextWrapper.startService:774 com.thundercomm.gamemode.ingame.services.GameModeActionUtils.startGameModeService:111 com.thundercomm.gamemode.ingame.services.GameModeActionUtils.startGameModeEntry:22 com.thundercomm.gamemode.ingame.services.ActivityMonitoringService$1.onActivityLaunch:139
02-09 05:33:05.865 I/GameModeConfig( 1511): Current uri is uri = content://com.thundercomm.gamemode.api/gamemode_settings/gamemode_isgaming
02-09 05:33:05.868 I/GameModeConfig( 1511): isGameModeOn = true
02-09 05:33:05.868 I/GameModeConfig( 1511): isGaming = false
02-09 05:33:05.868 I/GameModeConfig( 1511): isGameModeOn = true
02-09 05:33:05.868 I/GameModeConfig( 1511): isGaming = false
02-09 05:33:05.868 I/GameModeConfig( 1511): isDisableVoice = true
02-09 05:33:06.350 I/input_interaction( 1511): Interaction with: 82cf95f com.android.gallery3d/com.android.gallery3d.app.GalleryActivity (server), edge-swipe (server), swipe-up (server), PointerEventDispatcher0 (server),
02-09 05:33:06.367 W/FreeFormWindowHelper( 1511): Current Display FreeFormTask is null
02-09 05:33:06.368 I/wm_task_moved( 1511): [1,0,0]
02-09 05:33:06.369 I/wm_task_moved( 1511): [1,0,12]
02-09 05:33:06.374 I/view_enqueue_input_event( 6616): [Motion - Cancel,com.android.gallery3d/com.android.gallery3d.app.GalleryActivity]
02-09 05:33:06.388 I/wm_on_restart_called( 2559): [204923478,com.android.launcher3.uioverrides.QuickstepLauncher,performRestartActivity]
02-09 05:33:06.389 I/input_interaction( 1511): Interaction with: edge-swipe (server), swipe-up (server), PointerEventDispatcher0 (server),
02-09 05:33:06.389 W/FreeFormWindowHelper( 1511): Current Display FreeFormTask is null
02-09 05:33:06.390 W/FreeFormWindowHelper( 1511): Current Display FreeFormTask is null
02-09 05:33:06.390 W/FreeFormWindowHelper( 1511): Current Display FreeFormTask is null
02-09 05:33:06.396 W/ContextImpl( 2089): Calling a method in the system process without a qualified user: android.app.ContextImpl.startService:1816 android.content.ContextWrapper.startService:774 com.thundercomm.gamemode.ingame.services.GameModeActionUtils.startGameModeService:111 com.thundercomm.gamemode.ingame.services.GameModeActionUtils.startGameModeEntry:22 com.thundercomm.gamemode.ingame.services.ActivityMonitoringService$1.onActivityLaunch:139
02-09 05:33:06.401 I/GameModeConfig( 1511): Current uri is uri = content://com.thundercomm.gamemode.api/gamemode_settings/gamemode_isgaming
02-09 05:33:06.403 I/GameModeConfig( 1511): isGameModeOn = true
02-09 05:33:06.403 I/GameModeConfig( 1511): isGaming = false
02-09 05:33:06.403 I/GameModeConfig( 1511): isGameModeOn = true
02-09 05:33:06.403 I/GameModeConfig( 1511): isGaming = false
02-09 05:33:06.403 I/GameModeConfig( 1511): isDisableVoice = true
02-09 05:33:06.408 I/wm_on_start_called( 2559): [204923478,com.android.launcher3.uioverrides.QuickstepLauncher,handleStartActivity]
02-09 05:33:06.408 W/FreeFormWindowHelper( 1511): Current Display FreeFormTask is null
02-09 05:33:06.410 I/input_focus( 1511): [Focus request recents_animation_input_consumer,reason=UpdateInputWindows]
02-09 05:33:06.414 W/FreeFormWindowHelper( 1511): Current Display FreeFormTask is null
02-09 05:33:06.414 W/FreeFormWindowHelper( 1511): Current Display FreeFormTask is null
02-09 05:33:06.415 I/sysui_latency( 2559): [1,65]
02-09 05:33:06.429 W/FreeFormWindowHelper( 1511): Current Display FreeFormTask is null
02-09 05:33:06.429 W/FreeFormWindowHelper( 1511): Current Display FreeFormTask is null
02-09 05:33:06.429 I/sysui_multi_action( 1511): [319,11,322,54,325,4281,757,761,758,9,759,5,806,com.android.launcher3,871,com.android.launcher3.uioverrides.QuickstepLauncher,905,0,1320,4,1321,1]
02-09 05:33:06.430 I/input_focus( 1511): [Focus leaving 82cf95f com.android.gallery3d/com.android.gallery3d.app.GalleryActivity (server),reason=NOT_FOCUSABLE]
02-09 05:33:06.433 I/input_focus( 1511): [Focus entering recents_animation_input_consumer (server),reason=setFocusedWindow]
02-09 05:33:06.611 I/commit_sys_config_file( 1511): [settings-1-0,5]
02-09 05:33:06.724 I/sysui_latency( 1511): [8,66]
02-09 05:33:06.754 W/FreeFormWindowHelper( 1511): Current Display FreeFormTask is null
02-09 05:33:06.754 W/FreeFormWindowHelper( 1511): Current Display FreeFormTask is null
02-09 05:33:06.755 W/FreeFormWindowHelper( 1511): Current Display FreeFormTask is null
02-09 05:33:07.073 I/wm_task_moved( 1511): [1,1,13]
02-09 05:33:07.075 I/wm_focused_root_task( 1511): [0,0,1,36,RecentsAnimation.onAnimationFinished()]
02-09 05:33:07.075 I/wm_on_top_resumed_lost_called( 6616): [92136603,com.android.gallery3d.app.GalleryActivity,topStateChangedWhenResumed]
02-09 05:33:07.081 I/wm_pause_activity( 1511): [0,92136603,com.android.gallery3d/.app.GalleryActivity,userLeaving=false,pauseBackTasks]
02-09 05:33:07.083 I/ActivityTaskManager( 1511): FOREGROUND_APPLICATION_CHANGED to com.android.launcher3.uioverrides.QuickstepLauncher
02-09 05:33:07.084 I/wm_set_resumed_activity( 1511): [0,com.android.launcher3/.uioverrides.QuickstepLauncher,resumeTopActivityInnerLocked]
02-09 05:33:07.085 I/wm_resume_activity( 1511): [0,204923478,8,com.android.launcher3/.uioverrides.QuickstepLauncher]
02-09 05:33:07.086 I/wm_add_to_stopping( 1511): [0,92136603,com.android.gallery3d/.app.GalleryActivity,makeInvisible]
02-09 05:33:07.087 I/wm_on_resume_called( 2559): [204923478,com.android.launcher3.uioverrides.QuickstepLauncher,RESUME_ACTIVITY]
02-09 05:33:07.093 I/input_focus( 1511): [Focus request 584aa45 com.android.launcher3/com.android.launcher3.uioverrides.QuickstepLauncher,reason=UpdateInputWindows]
02-09 05:33:07.097 I/input_focus( 1511): [Focus leaving recents_animation_input_consumer (server),reason=NOT_VISIBLE]
02-09 05:33:07.097 I/input_focus( 1511): [Focus entering 584aa45 com.android.launcher3/com.android.launcher3.uioverrides.QuickstepLauncher (server),reason=setFocusedWindow]
02-09 05:33:07.099 I/wm_stop_activity( 1511): [0,92136603,com.android.gallery3d/.app.GalleryActivity]
02-09 05:33:07.099 I/sysui_multi_action( 1511): [757,803,799,window_time_0,802,2]
02-09 05:33:07.101 W/FreeFormWindowHelper( 1511): Current Display FreeFormTask is null
02-09 05:33:07.102 W/FreeFormWindowHelper( 1511): Current Display FreeFormTask is null
02-09 05:33:07.102 I/sysui_multi_action( 1511): [757,803,799,window_time_0,802,0]
02-09 05:33:07.103 W/FreeFormWindowHelper( 1511): Current Display FreeFormTask is null
02-09 05:33:07.111 I/wm_on_paused_called( 6616): [92136603,com.android.gallery3d.app.GalleryActivity,performPause]
02-09 05:33:07.119 I/wm_on_stop_called( 6616): [92136603,com.android.gallery3d.app.GalleryActivity,STOP_ACTIVITY_ITEM]
02-09 05:33:07.130 W/FreeFormWindowHelper( 1511): Current Display FreeFormTask is null
02-09 05:33:07.130 W/FreeFormWindowHelper( 1511): Current Display FreeFormTask is null
02-09 05:33:07.134 I/wm_on_top_resumed_gained_called( 2559): [204923478,com.android.launcher3.uioverrides.QuickstepLauncher,topStateChangedWhenResumed]
02-09 05:33:07.138 W/ContextImpl( 2089): Calling a method in the system process without a qualified user: android.app.ContextImpl.startService:1816 android.content.ContextWrapper.startService:774 com.thundercomm.gamemode.ingame.services.GameModeActionUtils.startGameModeService:111 com.thundercomm.gamemode.ingame.services.GameModeActionUtils.startGameModeEntry:22 com.thundercomm.gamemode.ingame.services.ActivityMonitoringService$1.onActivityLaunch:139
02-09 05:33:07.142 I/GameModeConfig( 1511): Current uri is uri = content://com.thundercomm.gamemode.api/gamemode_settings/gamemode_isgaming
02-09 05:33:07.144 I/GameModeConfig( 1511): isGameModeOn = true
02-09 05:33:07.144 I/GameModeConfig( 1511): isGaming = false
02-09 05:33:07.144 I/GameModeConfig( 1511): isGameModeOn = true
02-09 05:33:07.144 I/GameModeConfig( 1511): isGaming = false
02-09 05:33:07.144 I/GameModeConfig( 1511): isDisableVoice = true
02-09 05:33:07.206 W/ContextImpl( 2089): Calling a method in the system process without a qualified user: android.app.ContextImpl.startService:1816 android.content.ContextWrapper.startService:774 com.thundercomm.gamemode.ingame.services.GameModeActionUtils.startGameModeService:111 com.thundercomm.gamemode.ingame.services.GameModeActionUtils.startGameModeEntry:22 com.thundercomm.gamemode.ingame.services.ActivityMonitoringService$1.onActivityLaunch:139
02-09 05:33:07.210 I/GameModeConfig( 1511): Current uri is uri = content://com.thundercomm.gamemode.api/gamemode_settings/gamemode_isgaming
02-09 05:33:07.212 I/GameModeConfig( 1511): isGameModeOn = true
02-09 05:33:07.212 I/GameModeConfig( 1511): isGaming = false
02-09 05:33:07.212 I/GameModeConfig( 1511): isGameModeOn = true
02-09 05:33:07.212 I/GameModeConfig( 1511): isGaming = false
02-09 05:33:07.212 I/GameModeConfig( 1511): isDisableVoice = true
02-09 05:33:07.323 I/commit_sys_config_file( 1511): [settings-1-0,4]
02-09 05:33:08.432 E/TaskPersister( 1511): File error accessing recents directory (directory doesn't exist?).
02-09 05:33:08.868 I/input_interaction( 1511): Interaction with: 584aa45 com.android.launcher3/com.android.launcher3.uioverrides.QuickstepLauncher (server), 4aad3d7 com.android.systemui.ImageWallpaper (server), edge-swipe (server), swipe-up (server), PointerEventDispatcher0 (server),
02-09 05:33:08.870 I/service_manager_stats( 1511): [134,29,6339]
02-09 05:33:08.979 I/wm_task_moved( 1511): [1,1,13]
02-09 05:33:08.979 I/wm_set_resumed_activity( 1511): [0,com.android.launcher3/.uioverrides.QuickstepLauncher,positionChildAt]
02-09 05:33:08.980 I/wm_task_moved( 1511): [21,1,13]
02-09 05:33:08.980 I/wm_task_to_front( 1511): [0,21]
02-09 05:33:08.981 I/wm_focused_root_task( 1511): [0,0,21,1,moveTaskToFront findTaskToMoveToFront]
02-09 05:33:08.981 I/wm_set_resumed_activity( 1511): [0,com.tencent.tmgp.sgame/.SGameActivity,moveTaskToFront findTaskToMoveToFront]
02-09 05:33:08.983 I/wm_pause_activity( 1511): [0,204923478,com.android.launcher3/.uioverrides.QuickstepLauncher,userLeaving=true,pauseBackTasks]
02-09 05:33:08.994 I/wm_on_top_resumed_lost_called( 2559): [204923478,com.android.launcher3.uioverrides.QuickstepLauncher,topStateChangedWhenResumed]
02-09 05:33:08.997 I/wm_on_paused_called( 2559): [204923478,com.android.launcher3.uioverrides.QuickstepLauncher,performPause]
02-09 05:33:09.002 I/ActivityTaskManager( 1511): FOREGROUND_APPLICATION_CHANGED to com.tencent.tmgp.sgame.SGameActivity
02-09 05:33:09.004 I/wm_set_resumed_activity( 1511): [0,com.tencent.tmgp.sgame/.SGameActivity,resumeTopActivityInnerLocked]
02-09 05:33:09.005 I/wm_add_to_stopping( 1511): [0,204923478,com.android.launcher3/.uioverrides.QuickstepLauncher,makeInvisible]
02-09 05:33:09.008 I/wm_resume_activity( 1511): [0,27840304,21,com.tencent.tmgp.sgame/.SGameActivity]
02-09 05:33:09.014 I/am_uid_active( 1511): 10096
02-09 05:33:09.024 I/sysui_multi_action( 1511): [757,803,799,window_time_0,802,2]
02-09 05:33:09.026 I/wm_on_restart_called( 5884): [27840304,com.tencent.tmgp.sgame.SGameActivity,performRestartActivity]
02-09 05:33:09.026 I/wm_on_start_called( 5884): [27840304,com.tencent.tmgp.sgame.SGameActivity,handleStartActivity]
02-09 05:33:09.027 I/wm_on_resume_called( 5884): [27840304,com.tencent.tmgp.sgame.SGameActivity,RESUME_ACTIVITY]
02-09 05:33:09.027 I/wm_on_top_resumed_gained_called( 5884): [27840304,com.tencent.tmgp.sgame.SGameActivity,topWhenResuming]
02-09 05:33:09.033 W/ContextImpl( 2089): Calling a method in the system process without a qualified user: android.app.ContextImpl.startService:1816 android.content.ContextWrapper.startService:774 com.thundercomm.gamemode.ingame.services.GameModeActionUtils.startGameModeService:111 com.thundercomm.gamemode.ingame.services.GameModeActionUtils.startGameModeEntry:22 com.thundercomm.gamemode.ingame.services.ActivityMonitoringService$1.onActivityLaunch:139
02-09 05:33:09.039 I/input_focus( 1511): [Focus leaving 584aa45 com.android.launcher3/com.android.launcher3.uioverrides.QuickstepLauncher (server),reason=NO_WINDOW]
02-09 05:33:09.041 I/GameModeConfig( 1511): Current uri is uri = content://com.thundercomm.gamemode.api/gamemode_settings/gamemode_isgaming
02-09 05:33:09.043 I/input_focus( 1511): [Focus request 6e3bcfd com.tencent.tmgp.sgame/com.tencent.tmgp.sgame.SGameActivity,reason=UpdateInputWindows]
02-09 05:33:09.043 I/GameModeConfig( 1511): isGameModeOn = true
02-09 05:33:09.044 I/GameModeConfig( 1511): isGaming = true
02-09 05:33:09.044 I/GameModeConfig( 1511): isDisableNotification = true
02-09 05:33:09.044 I/GameModeConfig( 1511): isGameModeOn = true
02-09 05:33:09.044 I/GameModeConfig( 1511): isGaming = true
02-09 05:33:09.044 I/GameModeConfig( 1511): isDisableNotification = true
