02-09 05:31:56.852 I/thunderperf( 1511): CompatConfig.addOverrideUnsafe: aft-state=0
02-09 05:31:56.853 I/thunderperf( 1511): CompatConfig.addOverrideUnsafe: bef-state=1
02-09 05:31:56.853 I/thunderperf( 1511): CompatConfig.addOverrideUnsafe: aft-state=0
02-09 05:31:56.854 I/thunderperf( 1511): CompatConfig.addOverrideUnsafe: bef-state=1
02-09 05:31:56.854 I/thunderperf( 1511): CompatConfig.addOverrideUnsafe: aft-state=0
02-09 05:31:56.855 I/thunderperf( 1511): CompatConfig.addOverrideUnsafe: bef-state=1
02-09 05:31:56.856 I/thunderperf( 1511): CompatConfig.addOverrideUnsafe: aft-state=0
02-09 05:31:56.856 I/thunderperf( 1511): CompatConfig.addOverrideUnsafe: bef-state=1
02-09 05:31:56.857 I/thunderperf( 1511): CompatConfig.addOverrideUnsafe: aft-state=0
02-09 05:31:56.857 I/thunderperf( 1511): CompatConfig.addOverrideUnsafe: bef-state=1
02-09 05:31:56.857 I/thunderperf( 1511): CompatConfig.addOverrideUnsafe: aft-state=0
02-09 05:31:56.858 I/thunderperf( 1511): CompatConfig.addOverrideUnsafe: bef-state=1
02-09 05:31:56.858 I/thunderperf( 1511): CompatConfig.addOverrideUnsafe: aft-state=0
02-09 05:31:56.859 I/thunderperf( 1511): CompatConfig.addOverrideUnsafe: bef-state=1
02-09 05:31:56.859 I/thunderperf( 1511): CompatConfig.addOverrideUnsafe: aft-state=0
02-09 05:31:56.859 I/thunderperf( 1511): CompatConfig.addOverrideUnsafe: bef-state=1
02-09 05:31:56.860 I/thunderperf( 1511): CompatConfig.addOverrideUnsafe: aft-state=0
02-09 05:31:56.860 I/thunderperf( 1511): CompatConfig.addOverrideUnsafe: bef-state=1
02-09 05:31:56.860 I/thunderperf( 1511): CompatConfig.addOverrideUnsafe: aft-state=0
02-09 05:31:56.861 I/thunderperf( 1511): CompatConfig.addOverrideUnsafe: bef-state=1
02-09 05:31:56.861 I/thunderperf( 1511): CompatConfig.addOverrideUnsafe: aft-state=0
02-09 05:31:56.862 I/thunderperf( 1511): CompatConfig.addOverrideUnsafe: bef-state=1
02-09 05:31:56.862 I/thunderperf( 1511): CompatConfig.addOverrideUnsafe: aft-state=0
02-09 05:31:56.862 I/thunderperf( 1511): CompatConfig.addOverrideUnsafe: bef-state=1
02-09 05:31:56.863 I/thunderperf( 1511): CompatConfig.addOverrideUnsafe: aft-state=0
02-09 05:31:56.871 I/ActivityTaskManager( 1511): START u0 {act=android.intent.action.MAIN cat=[android.intent.category.LAUNCHER] flg=0x10200000 cmp=com.android.music/.VideoBrowserActivity bnds=[2128,510][2314,710]} from uid 10073
02-09 05:31:56.878 I/wm_task_created( 1511): [34,-1]
02-09 05:31:56.878 W/ActivityTaskManager( 1511): Can't find TaskDisplayArea to determine support for multi window. Task id=34 attached=false
02-09 05:31:56.879 D/CompatibilityChangeReporter( 1511): Compat change id reported: 174042980; UID 10088; state: DISABLED
02-09 05:31:56.879 D/CompatibilityChangeReporter( 1511): Compat change id reported: 184838306; UID 10088; state: DISABLED
02-09 05:31:56.879 D/CompatibilityChangeReporter( 1511): Compat change id reported: 185004937; UID 10088; state: DISABLED
02-09 05:31:56.880 D/CompatibilityChangeReporter( 1511): Compat change id reported: 181136395; UID 10088; state: DISABLED
02-09 05:31:56.880 D/CompatibilityChangeReporter( 1511): Compat change id reported: 174042936; UID 10088; state: DISABLED
02-09 05:31:56.880 I/wm_task_moved( 1511): [34,1,11]
02-09 05:31:56.880 I/wm_task_to_front( 1511): [0,34]
02-09 05:31:56.880 I/wm_create_task( 1511): [0,34]
02-09 05:31:56.880 I/wm_create_activity( 1511): [0,90456601,34,com.android.music/.VideoBrowserActivity,android.intent.action.MAIN,NULL,NULL,270532608]
02-09 05:31:56.881 I/wm_task_moved( 1511): [34,1,11]
02-09 05:31:56.881 D/CompatibilityChangeReporter( 1511): Compat change id reported: 168419799; UID 10088; state: DISABLED
02-09 05:31:56.882 I/wm_pause_activity( 1511): [0,204923478,com.android.launcher3/.uioverrides.QuickstepLauncher,userLeaving=true,pauseBackTasks]
02-09 05:31:56.884 I/wm_on_top_resumed_lost_called( 2559): [204923478,com.android.launcher3.uioverrides.QuickstepLauncher,topStateChangedWhenResumed]
02-09 05:31:56.884 I/wm_on_paused_called( 2559): [204923478,com.android.launcher3.uioverrides.QuickstepLauncher,performPause]
02-09 05:31:56.885 I/ActivityTaskManager( 1511): FOREGROUND_APPLICATION_CHANGED to com.android.music.VideoBrowserActivity
02-09 05:31:56.885 I/ActivityTaskManager( 1511): The Process com.android.music Already Exists in BG. So sending its PID: 6595
02-09 05:31:56.886 I/wm_add_to_stopping( 1511): [0,204923478,com.android.launcher3/.uioverrides.QuickstepLauncher,makeInvisible]
02-09 05:31:56.886 I/wm_restart_activity( 1511): [0,90456601,34,com.android.music/.VideoBrowserActivity]
02-09 05:31:56.887 I/wm_set_resumed_activity( 1511): [0,com.android.music/.VideoBrowserActivity,minimalResumeActivityLocked]
02-09 05:31:56.889 I/am_uid_active( 1511): 10088
02-09 05:31:56.890 I/sysui_multi_action( 1511): [757,803,799,window_time_0,802,2]
02-09 05:31:56.903 W/ContextImpl( 2089): Calling a method in the system process without a qualified user: android.app.ContextImpl.startService:1816 android.content.ContextWrapper.startService:774 com.thundercomm.gamemode.ingame.services.GameModeActionUtils.startGameModeService:111 com.thundercomm.gamemode.ingame.services.GameModeActionUtils.startGameModeEntry:22 com.thundercomm.gamemode.ingame.services.ActivityMonitoringService$1.onActivityLaunch:139
02-09 05:31:56.905 I/GameModeConfig( 1511): Current uri is uri = content://com.thundercomm.gamemode.api/gamemode_settings/gamemode_isgaming
02-09 05:31:56.906 I/GameModeConfig( 1511): isGameModeOn = true
02-09 05:31:56.906 I/GameModeConfig( 1511): isGaming = false
02-09 05:31:56.906 I/GameModeConfig( 1511): isGameModeOn = true
02-09 05:31:56.906 I/GameModeConfig( 1511): isGaming = false
02-09 05:31:56.906 I/GameModeConfig( 1511): isDisableVoice = true
02-09 05:31:56.911 I/input_focus( 1511): [Focus leaving 584aa45 com.android.launcher3/com.android.launcher3.uioverrides.QuickstepLauncher (server),reason=NO_WINDOW]
02-09 05:31:56.918 D/CompatibilityChangeReporter( 1511): Compat change id reported: 149924527; UID 10088; state: ENABLED
02-09 05:31:56.918 D/CompatibilityChangeReporter( 1511): Compat change id reported: 132649864; UID 10088; state: DISABLED
02-09 05:31:56.919 D/CompatibilityChangeReporter( 1511): Compat change id reported: 182734110; UID 10088; state: ENABLED
02-09 05:31:56.921 I/wm_on_create_called( 6595): [90456601,com.android.music.VideoBrowserActivity,performCreate]
02-09 05:31:56.921 I/wm_on_start_called( 6595): [90456601,com.android.music.VideoBrowserActivity,handleStartActivity]
02-09 05:31:56.922 I/wm_on_resume_called( 6595): [90456601,com.android.music.VideoBrowserActivity,RESUME_ACTIVITY]
02-09 05:31:56.925 I/wm_on_top_resumed_gained_called( 6595): [90456601,com.android.music.VideoBrowserActivity,topStateChangedWhenResumed]
02-09 05:31:56.931 I/input_focus( 1511): [Focus request cb72f45 com.android.music/com.android.music.VideoBrowserActivity,reason=UpdateInputWindows]
02-09 05:31:56.954 I/sysui_multi_action( 1511): [319,29,321,28,322,82,325,4211,757,761,758,8,759,1,806,com.android.music,871,com.android.music.VideoBrowserActivity,904,com.android.launcher3,905,0,1320,4,1321,1]
02-09 05:31:56.954 I/wm_activity_launch_time( 1511): [0,90456601,com.android.music/.VideoBrowserActivity,82]
02-09 05:31:56.961 I/input_focus( 1511): [Focus entering cb72f45 com.android.music/com.android.music.VideoBrowserActivity (server),reason=setFocusedWindow]
02-09 05:31:56.990 W/ContextImpl( 2089): Calling a method in the system process without a qualified user: android.app.ContextImpl.startService:1816 android.content.ContextWrapper.startService:774 com.thundercomm.gamemode.ingame.services.GameModeActionUtils.startGameModeService:111 com.thundercomm.gamemode.ingame.services.GameModeActionUtils.startGameModeEntry:22 com.thundercomm.gamemode.ingame.services.ActivityMonitoringService$1.onActivityLaunch:139
02-09 05:31:56.991 I/GameModeConfig( 1511): Current uri is uri = content://com.thundercomm.gamemode.api/gamemode_settings/gamemode_isgaming
02-09 05:31:56.992 I/GameModeConfig( 1511): isGameModeOn = true
02-09 05:31:56.992 I/GameModeConfig( 1511): isGaming = false
02-09 05:31:56.992 I/GameModeConfig( 1511): isGameModeOn = true
02-09 05:31:56.992 I/GameModeConfig( 1511): isGaming = false
02-09 05:31:56.992 I/GameModeConfig( 1511): isDisableVoice = true
02-09 05:31:57.430 I/wm_stop_activity( 1511): [0,204923478,com.android.launcher3/.uioverrides.QuickstepLauncher]
02-09 05:31:57.447 I/wm_on_stop_called( 2559): [204923478,com.android.launcher3.uioverrides.QuickstepLauncher,STOP_ACTIVITY_ITEM]
02-09 05:31:57.464 W/ContextImpl( 2089): Calling a method in the system process without a qualified user: android.app.ContextImpl.startService:1816 android.content.ContextWrapper.startService:774 com.thundercomm.gamemode.ingame.services.GameModeActionUtils.startGameModeService:111 com.thundercomm.gamemode.ingame.services.GameModeActionUtils.startGameModeEntry:22 com.thundercomm.gamemode.ingame.services.ActivityMonitoringService$1.onActivityLaunch:139
02-09 05:31:57.465 I/GameModeConfig( 1511): Current uri is uri = content://com.thundercomm.gamemode.api/gamemode_settings/gamemode_isgaming
02-09 05:31:57.466 I/GameModeConfig( 1511): isGameModeOn = true
02-09 05:31:57.466 I/GameModeConfig( 1511): isGaming = false
02-09 05:31:57.466 I/GameModeConfig( 1511): isGameModeOn = true
02-09 05:31:57.466 I/GameModeConfig( 1511): isGaming = false
02-09 05:31:57.466 I/GameModeConfig( 1511): isDisableVoice = true
02-09 05:31:57.982 I/input_interaction( 1511): Interaction with: cb72f45 com.android.music/com.android.music.VideoBrowserActivity (server), edge-swipe (server), swipe-up (server), PointerEventDispatcher0 (server),
02-09 05:31:57.986 W/FreeFormWindowHelper( 1511): Current Display FreeFormTask is null
02-09 05:31:57.986 W/FreeFormWindowHelper( 1511): Current Display FreeFormTask is null
02-09 05:31:57.987 W/FreeFormWindowHelper( 1511): Current Display FreeFormTask is null
02-09 05:31:57.987 I/wm_task_moved( 1511): [1,0,0]
02-09 05:31:57.987 I/wm_task_moved( 1511): [1,0,10]
02-09 05:31:57.993 W/ContextImpl( 2089): Calling a method in the system process without a qualified user: android.app.ContextImpl.startService:1816 android.content.ContextWrapper.startService:774 com.thundercomm.gamemode.ingame.services.GameModeActionUtils.startGameModeService:111 com.thundercomm.gamemode.ingame.services.GameModeActionUtils.startGameModeEntry:22 com.thundercomm.gamemode.ingame.services.ActivityMonitoringService$1.onActivityLaunch:139
02-09 05:31:57.994 I/GameModeConfig( 1511): Current uri is uri = content://com.thundercomm.gamemode.api/gamemode_settings/gamemode_isgaming
02-09 05:31:57.995 I/GameModeConfig( 1511): isGameModeOn = true
02-09 05:31:57.995 I/GameModeConfig( 1511): isGaming = false
02-09 05:31:57.995 I/GameModeConfig( 1511): isGameModeOn = true
02-09 05:31:57.995 I/GameModeConfig( 1511): isGaming = false
02-09 05:31:57.995 I/GameModeConfig( 1511): isDisableVoice = true
02-09 05:31:57.996 I/wm_on_restart_called( 2559): [204923478,com.android.launcher3.uioverrides.QuickstepLauncher,performRestartActivity]
02-09 05:31:57.997 W/FreeFormWindowHelper( 1511): Current Display FreeFormTask is null
02-09 05:31:57.997 W/FreeFormWindowHelper( 1511): Current Display FreeFormTask is null
02-09 05:31:58.009 I/wm_on_start_called( 2559): [204923478,com.android.launcher3.uioverrides.QuickstepLauncher,handleStartActivity]
02-09 05:31:58.009 I/view_enqueue_input_event( 6595): [Motion - Cancel,com.android.music/com.android.music.VideoBrowserActivity]
02-09 05:31:58.010 I/input_focus( 1511): [Focus request recents_animation_input_consumer,reason=UpdateInputWindows]
02-09 05:31:58.015 W/FreeFormWindowHelper( 1511): Current Display FreeFormTask is null
02-09 05:31:58.015 W/FreeFormWindowHelper( 1511): Current Display FreeFormTask is null
02-09 05:31:58.016 I/sysui_latency( 2559): [1,33]
02-09 05:31:58.018 W/FreeFormWindowHelper( 1511): Current Display FreeFormTask is null
02-09 05:31:58.020 I/sysui_multi_action( 1511): [319,2,322,31,325,4213,757,761,758,9,759,5,806,com.android.launcher3,871,com.android.launcher3.uioverrides.QuickstepLauncher,905,0,1320,4,1321,1]
02-09 05:31:58.023 I/input_interaction( 1511): Interaction with: edge-swipe (server), swipe-up (server), PointerEventDispatcher0 (server),
02-09 05:31:58.030 W/FreeFormWindowHelper( 1511): Current Display FreeFormTask is null
02-09 05:31:58.030 I/input_focus( 1511): [Focus leaving cb72f45 com.android.music/com.android.music.VideoBrowserActivity (server),reason=NOT_FOCUSABLE]
02-09 05:31:58.030 W/FreeFormWindowHelper( 1511): Current Display FreeFormTask is null
02-09 05:31:58.030 I/input_focus( 1511): [Focus entering recents_animation_input_consumer (server),reason=setFocusedWindow]
02-09 05:31:58.046 W/FreeFormWindowHelper( 1511): Current Display FreeFormTask is null
02-09 05:31:58.046 W/FreeFormWindowHelper( 1511): Current Display FreeFormTask is null
02-09 05:31:58.163 W/FreeFormWindowHelper( 1511): exitRecentTasks type=0
02-09 05:31:58.166 W/FreeFormWindowHelper( 1511): Current Display FreeFormTask is null
02-09 05:31:58.166 W/FreeFormWindowHelper( 1511): Current Display FreeFormTask is null
02-09 05:31:58.210 I/commit_sys_config_file( 1511): [settings-1-0,1]
02-09 05:31:58.320 I/sysui_latency( 1511): [8,35]
02-09 05:31:58.798 W/FreeFormWindowHelper( 1511): Current Display FreeFormTask is null
02-09 05:31:58.798 W/FreeFormWindowHelper( 1511): Current Display FreeFormTask is null
02-09 05:31:58.800 I/wm_task_moved( 1511): [1,1,11]
02-09 05:31:58.800 I/wm_task_moved( 1511): [8,1,2147483647]
02-09 05:31:58.800 I/wm_task_to_front( 1511): [0,8]
02-09 05:31:58.800 I/wm_focused_root_task( 1511): [0,0,1,34,RecentsAnimation.onAnimationFinished()]
02-09 05:31:58.800 I/wm_set_resumed_activity( 1511): [0,com.android.launcher3/.uioverrides.QuickstepLauncher,RecentsAnimation.onAnimationFinished()]
02-09 05:31:58.800 I/wm_on_top_resumed_lost_called( 6595): [90456601,com.android.music.VideoBrowserActivity,topStateChangedWhenResumed]
02-09 05:31:58.801 I/wm_pause_activity( 1511): [0,90456601,com.android.music/.VideoBrowserActivity,userLeaving=true,pauseBackTasks]
02-09 05:31:58.801 I/wm_add_to_stopping( 1511): [0,90456601,com.android.music/.VideoBrowserActivity,makeInvisible]
02-09 05:31:58.801 I/ActivityTaskManager( 1511): FOREGROUND_APPLICATION_CHANGED to com.android.launcher3.uioverrides.QuickstepLauncher
02-09 05:31:58.802 I/wm_set_resumed_activity( 1511): [0,com.android.launcher3/.uioverrides.QuickstepLauncher,resumeTopActivityInnerLocked]
02-09 05:31:58.803 I/wm_resume_activity( 1511): [0,204923478,8,com.android.launcher3/.uioverrides.QuickstepLauncher]
02-09 05:31:58.803 I/wm_on_resume_called( 2559): [204923478,com.android.launcher3.uioverrides.QuickstepLauncher,RESUME_ACTIVITY]
02-09 05:31:58.807 I/input_focus( 1511): [Focus request 584aa45 com.android.launcher3/com.android.launcher3.uioverrides.QuickstepLauncher,reason=UpdateInputWindows]
02-09 05:31:58.807 I/wm_on_top_resumed_gained_called( 2559): [204923478,com.android.launcher3.uioverrides.QuickstepLauncher,topStateChangedWhenResumed]
02-09 05:31:58.807 I/wm_on_paused_called( 6595): [90456601,com.android.music.VideoBrowserActivity,performPause]
02-09 05:31:58.808 I/wm_stop_activity( 1511): [0,90456601,com.android.music/.VideoBrowserActivity]
02-09 05:31:58.810 I/sysui_multi_action( 1511): [757,803,799,window_time_0,802,1]
02-09 05:31:58.810 I/sysui_multi_action( 1511): [757,803,799,window_time_0,802,0]
02-09 05:31:58.816 I/input_focus( 1511): [Focus leaving recents_animation_input_consumer (server),reason=NOT_VISIBLE]
02-09 05:31:58.818 I/wm_on_stop_called( 6595): [90456601,com.android.music.VideoBrowserActivity,STOP_ACTIVITY_ITEM]
02-09 05:31:58.832 I/input_focus( 1511): [Focus entering 584aa45 com.android.launcher3/com.android.launcher3.uioverrides.QuickstepLauncher (server),reason=setFocusedWindow]
02-09 05:31:58.838 W/ContextImpl( 2089): Calling a method in the system process without a qualified user: android.app.ContextImpl.startService:1816 android.content.ContextWrapper.startService:774 com.thundercomm.gamemode.ingame.services.GameModeActionUtils.startGameModeService:111 com.thundercomm.gamemode.ingame.services.GameModeActionUtils.startGameModeEntry:22 com.thundercomm.gamemode.ingame.services.ActivityMonitoringService$1.onActivityLaunch:139
02-09 05:31:58.840 I/GameModeConfig( 1511): Current uri is uri = content://com.thundercomm.gamemode.api/gamemode_settings/gamemode_isgaming
02-09 05:31:58.841 I/GameModeConfig( 1511): isGameModeOn = true
02-09 05:31:58.841 I/GameModeConfig( 1511): isGaming = false
02-09 05:31:58.841 I/GameModeConfig( 1511): isGameModeOn = true
02-09 05:31:58.841 I/GameModeConfig( 1511): isGaming = false
02-09 05:31:58.841 I/GameModeConfig( 1511): isDisableVoice = true
02-09 05:31:58.850 I/input_interaction( 1511): Interaction with: 584aa45 com.android.launcher3/com.android.launcher3.uioverrides.QuickstepLauncher (server), 4aad3d7 com.android.systemui.ImageWallpaper (server), edge-swipe (server), swipe-up (server), PointerEventDispatcher0 (server),
02-09 05:31:58.915 W/ContextImpl( 2089): Calling a method in the system process without a qualified user: android.app.ContextImpl.startService:1816 android.content.ContextWrapper.startService:774 com.thundercomm.gamemode.ingame.services.GameModeActionUtils.startGameModeService:111 com.thundercomm.gamemode.ingame.services.GameModeActionUtils.startGameModeEntry:22 com.thundercomm.gamemode.ingame.services.ActivityMonitoringService$1.onActivityLaunch:139
02-09 05:31:58.919 I/GameModeConfig( 1511): Current uri is uri = content://com.thundercomm.gamemode.api/gamemode_settings/gamemode_isgaming
02-09 05:31:58.921 I/GameModeConfig( 1511): isGameModeOn = true
02-09 05:31:58.921 I/GameModeConfig( 1511): isGaming = false
02-09 05:31:58.921 I/GameModeConfig( 1511): isGameModeOn = true
02-09 05:31:58.921 I/GameModeConfig( 1511): isGaming = false
02-09 05:31:58.921 I/GameModeConfig( 1511): isDisableVoice = true
02-09 05:31:58.963 I/thunderperf( 1511): PlatormCompat.setOverrides: Uid1=10073 Pid1=2559 Uid2=10073 Pid2=2559
02-09 05:31:58.963 I/thunderperf( 1511): PlatormCompat.setOverrides: needCheck:false
02-09 05:31:58.963 I/thunderperf( 1511): CompatConfig.addOverrideUnsafe: bef-state=1
02-09 05:31:58.963 I/thunderperf( 1511): CompatConfig.addOverrideUnsafe: aft-state=0
02-09 05:31:58.964 I/thunderperf( 1511): CompatConfig.addOverrideUnsafe: bef-state=1
02-09 05:31:58.965 I/thunderperf( 1511): CompatConfig.addOverrideUnsafe: aft-state=0
02-09 05:31:58.965 I/thunderperf( 1511): CompatConfig.addOverrideUnsafe: bef-state=1
02-09 05:31:58.966 I/thunderperf( 1511): CompatConfig.addOverrideUnsafe: aft-state=0
02-09 05:31:58.966 I/thunderperf( 1511): CompatConfig.addOverrideUnsafe: bef-state=1
02-09 05:31:58.966 I/thunderperf( 1511): CompatConfig.addOverrideUnsafe: aft-state=0
02-09 05:31:58.967 I/thunderperf( 1511): CompatConfig.addOverrideUnsafe: bef-state=1
02-09 05:31:58.967 I/thunderperf( 1511): CompatConfig.addOverrideUnsafe: aft-state=0
02-09 05:31:58.968 I/thunderperf( 1511): CompatConfig.addOverrideUnsafe: bef-state=1
02-09 05:31:58.968 I/thunderperf( 1511): CompatConfig.addOverrideUnsafe: aft-state=0
02-09 05:31:58.968 I/thunderperf( 1511): CompatConfig.addOverrideUnsafe: bef-state=1
02-09 05:31:58.969 I/thunderperf( 1511): CompatConfig.addOverrideUnsafe: aft-state=0
02-09 05:31:58.969 I/thunderperf( 1511): CompatConfig.addOverrideUnsafe: bef-state=1
02-09 05:31:58.969 I/thunderperf( 1511): CompatConfig.addOverrideUnsafe: aft-state=0
02-09 05:31:58.970 I/thunderperf( 1511): CompatConfig.addOverrideUnsafe: bef-state=1
02-09 05:31:58.970 I/thunderperf( 1511): CompatConfig.addOverrideUnsafe: aft-state=0
02-09 05:31:58.970 I/thunderperf( 1511): CompatConfig.addOverrideUnsafe: bef-state=1
02-09 05:31:58.970 I/thunderperf( 1511): CompatConfig.addOverrideUnsafe: aft-state=0
02-09 05:31:58.971 I/thunderperf( 1511): CompatConfig.addOverrideUnsafe: bef-state=1
02-09 05:31:58.971 I/thunderperf( 1511): CompatConfig.addOverrideUnsafe: aft-state=0
02-09 05:31:58.971 I/thunderperf( 1511): CompatConfig.addOverrideUnsafe: bef-state=1
02-09 05:31:58.971 I/thunderperf( 1511): CompatConfig.addOverrideUnsafe: aft-state=0
02-09 05:31:58.972 I/thunderperf( 1511): CompatConfig.addOverrideUnsafe: bef-state=1
02-09 05:31:58.972 I/thunderperf( 1511): CompatConfig.addOverrideUnsafe: aft-state=0
02-09 05:31:58.973 I/thunderperf( 1511): CompatConfig.addOverrideUnsafe: bef-state=1
02-09 05:31:58.973 I/thunderperf( 1511): CompatConfig.addOverrideUnsafe: aft-state=0
02-09 05:31:58.981 I/ActivityTaskManager( 1511): START u0 {act=android.intent.action.MAIN cat=[android.intent.category.LAUNCHER] flg=0x10200000 cmp=com.android.music/.MusicBrowserActivity bnds=[2128,310][2314,510]} from uid 10073
02-09 05:31:58.987 I/wm_task_created( 1511): [35,-1]
02-09 05:31:58.987 W/ActivityTaskManager( 1511): Can't find TaskDisplayArea to determine support for multi window. Task id=35 attached=false
02-09 05:31:58.990 I/wm_task_moved( 1511): [35,1,12]
02-09 05:31:58.990 I/wm_task_to_front( 1511): [0,35]
02-09 05:31:58.990 I/wm_create_task( 1511): [0,35]
02-09 05:31:58.990 I/wm_create_activity( 1511): [0,231155608,35,com.android.music/.MusicBrowserActivity,android.intent.action.MAIN,NULL,NULL,270532608]
02-09 05:31:58.990 I/wm_task_moved( 1511): [35,1,12]
02-09 05:31:58.991 I/wm_pause_activity( 1511): [0,204923478,com.android.launcher3/.uioverrides.QuickstepLauncher,userLeaving=true,pauseBackTasks]
02-09 05:31:58.994 I/wm_on_top_resumed_lost_called( 2559): [204923478,com.android.launcher3.uioverrides.QuickstepLauncher,topStateChangedWhenResumed]
02-09 05:31:58.994 I/wm_on_paused_called( 2559): [204923478,com.android.launcher3.uioverrides.QuickstepLauncher,performPause]
02-09 05:31:58.995 I/ActivityTaskManager( 1511): FOREGROUND_APPLICATION_CHANGED to com.android.music.MusicBrowserActivity
02-09 05:31:58.995 I/ActivityTaskManager( 1511): The Process com.android.music Already Exists in BG. So sending its PID: 6595
02-09 05:31:58.995 W/ActivityTaskManager( 1511): Tried to set launchTime (0) < mLastActivityLaunchTime (4212014)
02-09 05:31:58.996 I/wm_add_to_stopping( 1511): [0,204923478,com.android.launcher3/.uioverrides.QuickstepLauncher,makeInvisible]
02-09 05:31:58.996 I/wm_restart_activity( 1511): [0,231155608,35,com.android.music/.MusicBrowserActivity]
02-09 05:31:58.997 I/wm_set_resumed_activity( 1511): [0,com.android.music/.MusicBrowserActivity,minimalResumeActivityLocked]
02-09 05:31:59.000 I/sysui_multi_action( 1511): [757,803,799,window_time_0,802,1]
02-09 05:31:59.005 W/ContextImpl( 2089): Calling a method in the system process without a qualified user: android.app.ContextImpl.startService:1816 android.content.ContextWrapper.startService:774 com.thundercomm.gamemode.ingame.services.GameModeActionUtils.startGameModeService:111 com.thundercomm.gamemode.ingame.services.GameModeActionUtils.startGameModeEntry:22 com.thundercomm.gamemode.ingame.services.ActivityMonitoringService$1.onActivityLaunch:139
02-09 05:31:59.007 I/GameModeConfig( 1511): Current uri is uri = content://com.thundercomm.gamemode.api/gamemode_settings/gamemode_isgaming
02-09 05:31:59.008 I/GameModeConfig( 1511): isGameModeOn = true
02-09 05:31:59.008 I/GameModeConfig( 1511): isGaming = false
02-09 05:31:59.008 I/GameModeConfig( 1511): isGameModeOn = true
02-09 05:31:59.008 I/GameModeConfig( 1511): isGaming = false
02-09 05:31:59.008 I/GameModeConfig( 1511): isDisableVoice = true
02-09 05:31:59.017 I/input_focus( 1511): [Focus leaving 584aa45 com.android.launcher3/com.android.launcher3.uioverrides.QuickstepLauncher (server),reason=NO_WINDOW]
02-09 05:31:59.040 I/wm_on_create_called( 6595): [231155608,com.android.music.MusicBrowserActivity,performCreate]
02-09 05:31:59.046 I/wm_on_start_called( 6595): [231155608,com.android.music.MusicBrowserActivity,handleStartActivity]
02-09 05:31:59.046 I/wm_on_resume_called( 6595): [231155608,com.android.music.MusicBrowserActivity,RESUME_ACTIVITY]
02-09 05:31:59.048 I/wm_on_top_resumed_gained_called( 6595): [231155608,com.android.music.MusicBrowserActivity,topStateChangedWhenResumed]
02-09 05:31:59.077 I/am_uid_running( 1511): 10020
02-09 05:31:59.077 D/CompatibilityChangeReporter( 1511): Compat change id reported: 135634846; UID 10020; state: DISABLED
02-09 05:31:59.077 D/CompatibilityChangeReporter( 1511): Compat change id reported: 177438394; UID 10020; state: DISABLED
02-09 05:31:59.077 D/CompatibilityChangeReporter( 1511): Compat change id reported: 135772972; UID 10020; state: DISABLED
02-09 05:31:59.077 D/CompatibilityChangeReporter( 1511): Compat change id reported: 135754954; UID 10020; state: ENABLED
02-09 05:31:59.077 D/CompatibilityChangeReporter( 1511): Compat change id reported: 143937733; UID 10020; state: ENABLED
02-09 05:31:59.085 I/am_proc_start( 1511): [0,7453,10020,com.android.musicfx,broadcast,{com.android.musicfx/com.android.musicfx.ControlPanelReceiver}]
02-09 05:31:59.085 I/ActivityManager( 1511): Start proc 7453:com.android.musicfx/u0a20 for broadcast {com.android.musicfx/com.android.musicfx.ControlPanelReceiver}
02-09 05:31:59.094 I/am_proc_bound( 1511): [0,7453,com.android.musicfx]
02-09 05:31:59.095 I/sysui_multi_action( 1511): [757,856,758,1,806,com.android.music,857,Channel-music,858,2]
02-09 05:31:59.095 I/GameModeConfig( 1511): isGameModeOn = true
02-09 05:31:59.095 I/GameModeConfig( 1511): isGaming = false
02-09 05:31:59.095 I/GameModeConfig( 1511): isGameModeOn = true
02-09 05:31:59.095 I/GameModeConfig( 1511): isGaming = false
02-09 05:31:59.095 D/CompatibilityChangeReporter( 1511): Compat change id reported: 168419799; UID 10020; state: DISABLED
02-09 05:31:59.095 I/GameModeConfig( 1511): isGameModeOn = true
02-09 05:31:59.095 I/GameModeConfig( 1511): isGaming = false
02-09 05:31:59.095 I/GameModeConfig( 1511): isGameModeOn = true
02-09 05:31:59.095 I/GameModeConfig( 1511): isGaming = false
02-09 05:31:59.095 I/GameModeConfig( 1511): isGameModeOn = true
02-09 05:31:59.095 I/GameModeConfig( 1511): isGaming = false
02-09 05:31:59.097 I/GameModeConfig( 1511): isGameModeOn = true
02-09 05:31:59.097 I/GameModeConfig( 1511): isGaming = false
02-09 05:31:59.103 W/ContextImpl( 2089): Calling a method in the system process without a qualified user: android.app.ContextImpl.startService:1816 android.content.ContextWrapper.startService:774 com.thundercomm.gamemode.ingame.services.GameModeActionUtils.startGameModeService:111 com.thundercomm.gamemode.ingame.services.GameModeActionUtils.startGameModeEntry:22 com.thundercomm.gamemode.ingame.services.ActivityMonitoringService$1.onActivityLaunch:139
02-09 05:31:59.104 I/GameModeConfig( 1511): Current uri is uri = content://com.thundercomm.gamemode.api/gamemode_settings/gamemode_isgaming
02-09 05:31:59.105 I/GameModeConfig( 1511): isGameModeOn = true
02-09 05:31:59.105 I/GameModeConfig( 1511): isGaming = false
02-09 05:31:59.106 I/GameModeConfig( 1511): isGameModeOn = true
02-09 05:31:59.106 I/GameModeConfig( 1511): isGaming = false
02-09 05:31:59.106 I/GameModeConfig( 1511): isDisableVoice = true
02-09 05:31:59.110 I/notification_enqueue( 1511): [10088,6595,com.android.music,1,NULL,0,Notification(channel=Channel-music shortcut=null contentView=null vibrate=null sound=null defaults=0x0 flags=0x0 color=0x00000000 category=transport actions=4 vis=PRIVATE),0]
02-09 05:31:59.110 I/GameModeConfig( 1511): isGameModeOn = true
02-09 05:31:59.110 I/GameModeConfig( 1511): isGaming = false
02-09 05:31:59.110 I/GameModeConfig( 1511): isGameModeOn = true
02-09 05:31:59.110 I/GameModeConfig( 1511): isGaming = false
02-09 05:31:59.110 I/GameModeConfig( 1511): isGameModeOn = true
02-09 05:31:59.110 I/GameModeConfig( 1511): isGaming = false
02-09 05:31:59.111 I/GameModeConfig( 1511): isGameModeOn = true
02-09 05:31:59.111 I/GameModeConfig( 1511): isGaming = false
02-09 05:31:59.111 I/GameModeConfig( 1511): isGameModeOn = true
02-09 05:31:59.111 I/GameModeConfig( 1511): isGaming = false
02-09 05:31:59.111 I/GameModeConfig( 1511): isGameModeOn = true
02-09 05:31:59.111 I/GameModeConfig( 1511): isGaming = false
02-09 05:31:59.111 I/notification_enqueue( 1511): [10088,6595,com.android.music,1,NULL,0,Notification(channel=Channel-music shortcut=null contentView=null vibrate=null sound=null defaults=0x0 flags=0x40 color=0x00000000 category=transport actions=4 vis=PRIVATE),0]
02-09 05:31:59.122 I/notification_enqueue( 1511): [10088,6595,com.android.music,1,NULL,0,Notification(channel=Channel-music shortcut=null contentView=null vibrate=null sound=null defaults=0x0 flags=0x40 color=0x00000000 category=transport actions=4 vis=PRIVATE),0]
02-09 05:31:59.123 I/notification_enqueue( 1511): [10088,6595,com.android.music,1,NULL,0,Notification(channel=Channel-music shortcut=null contentView=null vibrate=null sound=null defaults=0x0 flags=0x40 color=0x00000000 category=transport actions=4 vis=PRIVATE),0]
02-09 05:31:59.124 I/GameModeConfig( 1511): isGameModeOn = true
02-09 05:31:59.124 I/GameModeConfig( 1511): isGaming = false
02-09 05:31:59.124 I/GameModeConfig( 1511): isGameModeOn = true
02-09 05:31:59.124 I/GameModeConfig( 1511): isGaming = false
02-09 05:31:59.124 I/GameModeConfig( 1511): isGameModeOn = true
02-09 05:31:59.124 I/GameModeConfig( 1511): isGaming = false
02-09 05:31:59.124 I/GameModeConfig( 1511): isGameModeOn = true
02-09 05:31:59.124 I/GameModeConfig( 1511): isGaming = false
02-09 05:31:59.124 I/GameModeConfig( 1511): isGameModeOn = true
02-09 05:31:59.124 I/GameModeConfig( 1511): isGaming = false
02-09 05:31:59.124 I/GameModeConfig( 1511): isGameModeOn = true
02-09 05:31:59.124 I/GameModeConfig( 1511): isGaming = false
02-09 05:31:59.136 I/notification_enqueue( 1511): [10088,6595,com.android.music,1,NULL,0,Notification(channel=Channel-music shortcut=null contentView=null vibrate=null sound=null defaults=0x0 flags=0x40 color=0x00000000 category=transport actions=4 vis=PRIVATE),0]
02-09 05:31:59.137 I/notification_enqueue( 1511): [10088,6595,com.android.music,1,NULL,0,Notification(channel=Channel-music shortcut=null contentView=null vibrate=null sound=null defaults=0x0 flags=0x40 color=0x00000000 category=transport actions=4 vis=PRIVATE),0]
02-09 05:31:59.145 I/input_focus( 1511): [Focus request 9110735 com.android.music/com.android.music.MusicBrowserActivity,reason=UpdateInputWindows]
02-09 05:31:59.165 I/sysui_multi_action( 1511): [319,27,321,25,322,182,325,4214,757,761,758,8,759,1,806,com.android.music,871,com.android.music.MusicBrowserActivity,904,com.android.launcher3,905,0,1320,4,1321,1]
02-09 05:31:59.166 I/wm_activity_launch_time( 1511): [0,231155608,com.android.music/.MusicBrowserActivity,182]
02-09 05:31:59.167 I/input_focus( 1511): [Focus entering 9110735 com.android.music/com.android.music.MusicBrowserActivity (server),reason=setFocusedWindow]
02-09 05:31:59.167 D/CompatibilityChangeReporter( 1511): Compat change id reported: 157233955; UID 10088; state: ENABLED
02-09 05:31:59.311 I/sysui_multi_action( 1511): [757,1501,758,1,793,202,794,0,795,202,796,1,806,com.android.music,857,Channel-music,858,2,947,0,1500,0,1641,transport,1688,1,1745,1043716538]
02-09 05:31:59.311 I/sysui_multi_action( 1511): [757,804,799,note_interruptive,801,0,802,1]
02-09 05:31:59.311 I/GameModeConfig( 1511): isGameModeOn = true
02-09 05:31:59.311 I/GameModeConfig( 1511): isGaming = false
02-09 05:31:59.312 W/NotificationHistory( 1511): Attempted to add notif for locked/gone/disabled user 0
02-09 05:31:59.312 I/GameModeConfig( 1511): isGameModeOn = true
02-09 05:31:59.312 I/GameModeConfig( 1511): isGaming = false
02-09 05:31:59.323 I/GameModeConfig( 1511): isGameModeOn = true
02-09 05:31:59.323 I/GameModeConfig( 1511): isGaming = false
02-09 05:31:59.323 I/GameModeConfig( 1511): isGameModeOn = true
02-09 05:31:59.323 I/GameModeConfig( 1511): isGaming = false
02-09 05:31:59.336 I/GameModeConfig( 1511): isGameModeOn = true
02-09 05:31:59.336 I/GameModeConfig( 1511): isGaming = false
02-09 05:31:59.336 I/GameModeConfig( 1511): isGameModeOn = true
02-09 05:31:59.336 I/GameModeConfig( 1511): isGaming = false
02-09 05:31:59.346 I/commit_sys_config_file( 1511): [notification-policy,4203796]
02-09 05:31:59.352 I/sysui_multi_action( 1511): [757,128,758,5,759,8,793,4202875,794,0,795,4202875,796,1,797,empty_media,806,com.android.systemui,857,empty_media_style_id,858,4,947,0,1500,4202666,1641,transport,1688,1,1745,1043716538]
02-09 05:31:59.352 I/notification_canceled( 1511): [0|com.android.systemui|1|empty_media|10080,8,4202875,4202875,0,-1,-1,NULL]
02-09 05:31:59.353 D/CompatibilityChangeReporter( 1511): Compat change id reported: 175319604; UID 1000; state: ENABLED
02-09 05:31:59.353 D/CompatibilityChangeReporter( 1511): Compat change id reported: 175319604; UID 1000; state: DISABLED
02-09 05:31:59.354 D/CompatibilityChangeReporter( 1511): Compat change id reported: 175319604; UID 10080; state: ENABLED
02-09 05:31:59.354 D/CompatibilityChangeReporter( 1511): Compat change id reported: 175319604; UID 10094; state: DISABLED
02-09 05:31:59.534 I/wm_stop_activity( 1511): [0,204923478,com.android.launcher3/.uioverrides.QuickstepLauncher]
02-09 05:31:59.556 I/wm_on_stop_called( 2559): [204923478,com.android.launcher3.uioverrides.QuickstepLauncher,STOP_ACTIVITY_ITEM]
02-09 05:31:59.569 W/ContextImpl( 2089): Calling a method in the system process without a qualified user: android.app.ContextImpl.startService:1816 android.content.ContextWrapper.startService:774 com.thundercomm.gamemode.ingame.services.GameModeActionUtils.startGameModeService:111 com.thundercomm.gamemode.ingame.services.GameModeActionUtils.startGameModeEntry:22 com.thundercomm.gamemode.ingame.services.ActivityMonitoringService$1.onActivityLaunch:139
02-09 05:31:59.570 I/GameModeConfig( 1511): Current uri is uri = content://com.thundercomm.gamemode.api/gamemode_settings/gamemode_isgaming
02-09 05:31:59.571 I/GameModeConfig( 1511): isGameModeOn = true
02-09 05:31:59.571 I/GameModeConfig( 1511): isGaming = false
02-09 05:31:59.571 I/GameModeConfig( 1511): isGameModeOn = true
02-09 05:31:59.571 I/GameModeConfig( 1511): isGaming = false
02-09 05:31:59.571 I/GameModeConfig( 1511): isDisableVoice = true
02-09 05:32:00.091 I/input_interaction( 1511): Interaction with: 9110735 com.android.music/com.android.music.MusicBrowserActivity (server), edge-swipe (server), swipe-up (server), PointerEventDispatcher0 (server),
02-09 05:32:00.094 W/FreeFormWindowHelper( 1511): Current Display FreeFormTask is null
02-09 05:32:00.094 W/FreeFormWindowHelper( 1511): Current Display FreeFormTask is null
02-09 05:32:00.095 W/FreeFormWindowHelper( 1511): Current Display FreeFormTask is null
02-09 05:32:00.095 I/wm_task_moved( 1511): [1,0,0]
02-09 05:32:00.095 I/wm_task_moved( 1511): [1,0,11]
02-09 05:32:00.101 W/ContextImpl( 2089): Calling a method in the system process without a qualified user: android.app.ContextImpl.startService:1816 android.content.ContextWrapper.startService:774 com.thundercomm.gamemode.ingame.services.GameModeActionUtils.startGameModeService:111 com.thundercomm.gamemode.ingame.services.GameModeActionUtils.startGameModeEntry:22 com.thundercomm.gamemode.ingame.services.ActivityMonitoringService$1.onActivityLaunch:139
02-09 05:32:00.101 I/wm_on_restart_called( 2559): [204923478,com.android.launcher3.uioverrides.QuickstepLauncher,performRestartActivity]
02-09 05:32:00.102 W/FreeFormWindowHelper( 1511): Current Display FreeFormTask is null
02-09 05:32:00.103 I/GameModeConfig( 1511): Current uri is uri = content://com.thundercomm.gamemode.api/gamemode_settings/gamemode_isgaming
02-09 05:32:00.104 I/GameModeConfig( 1511): isGameModeOn = true
02-09 05:32:00.104 I/GameModeConfig( 1511): isGaming = false
02-09 05:32:00.104 I/GameModeConfig( 1511): isGameModeOn = true
02-09 05:32:00.104 I/GameModeConfig( 1511): isGaming = false
02-09 05:32:00.104 I/GameModeConfig( 1511): isDisableVoice = true
02-09 05:32:00.105 W/FreeFormWindowHelper( 1511): Current Display FreeFormTask is null
02-09 05:32:00.116 I/wm_on_start_called( 2559): [204923478,com.android.launcher3.uioverrides.QuickstepLauncher,handleStartActivity]
02-09 05:32:00.117 I/view_enqueue_input_event( 6595): [Motion - Cancel,com.android.music/com.android.music.MusicBrowserActivity]
02-09 05:32:00.119 I/input_focus( 1511): [Focus request recents_animation_input_consumer,reason=UpdateInputWindows]
02-09 05:32:00.122 W/FreeFormWindowHelper( 1511): Current Display FreeFormTask is null
02-09 05:32:00.122 W/FreeFormWindowHelper( 1511): Current Display FreeFormTask is null
02-09 05:32:00.123 I/sysui_latency( 2559): [1,31]
02-09 05:32:00.125 W/FreeFormWindowHelper( 1511): Current Display FreeFormTask is null
02-09 05:32:00.128 I/sysui_multi_action( 1511): [319,3,322,30,325,4215,757,761,758,9,759,5,806,com.android.launcher3,871,com.android.launcher3.uioverrides.QuickstepLauncher,905,0,1320,4,1321,1]
02-09 05:32:00.130 I/input_interaction( 1511): Interaction with: edge-swipe (server), swipe-up (server), PointerEventDispatcher0 (server),
02-09 05:32:00.134 W/FreeFormWindowHelper( 1511): Current Display FreeFormTask is null
02-09 05:32:00.134 W/FreeFormWindowHelper( 1511): Current Display FreeFormTask is null
02-09 05:32:00.136 I/input_focus( 1511): [Focus leaving 9110735 com.android.music/com.android.music.MusicBrowserActivity (server),reason=NOT_FOCUSABLE]
02-09 05:32:00.136 I/input_focus( 1511): [Focus entering recents_animation_input_consumer (server),reason=setFocusedWindow]
02-09 05:32:00.151 W/FreeFormWindowHelper( 1511): Current Display FreeFormTask is null
02-09 05:32:00.151 W/FreeFormWindowHelper( 1511): Current Display FreeFormTask is null
02-09 05:32:00.299 W/FreeFormWindowHelper( 1511): exitRecentTasks type=0
02-09 05:32:00.301 W/FreeFormWindowHelper( 1511): Current Display FreeFormTask is null
02-09 05:32:00.302 W/FreeFormWindowHelper( 1511): Current Display FreeFormTask is null
02-09 05:32:00.316 I/commit_sys_config_file( 1511): [settings-1-0,1]
02-09 05:32:00.387 E/TaskPersister( 1511): File error accessing recents directory (directory doesn't exist?).
02-09 05:32:00.427 I/sysui_latency( 1511): [8,33]
02-09 05:32:00.931 I/am_pss ( 1511): [7156,10095,com.tencent.qqmusicpad,66701312,38559744,0,159682560,0,4,7]
02-09 05:32:00.936 W/FreeFormWindowHelper( 1511): Current Display FreeFormTask is null
02-09 05:32:00.936 W/FreeFormWindowHelper( 1511): Current Display FreeFormTask is null
02-09 05:32:00.938 I/wm_task_moved( 1511): [1,1,12]
02-09 05:32:00.938 I/wm_task_moved( 1511): [8,1,2147483647]
02-09 05:32:00.938 I/wm_task_to_front( 1511): [0,8]
02-09 05:32:00.938 I/wm_focused_root_task( 1511): [0,0,1,35,RecentsAnimation.onAnimationFinished()]
02-09 05:32:00.938 I/wm_set_resumed_activity( 1511): [0,com.android.launcher3/.uioverrides.QuickstepLauncher,RecentsAnimation.onAnimationFinished()]
02-09 05:32:00.939 I/wm_pause_activity( 1511): [0,231155608,com.android.music/.MusicBrowserActivity,userLeaving=true,pauseBackTasks]
02-09 05:32:00.939 I/wm_add_to_stopping( 1511): [0,231155608,com.android.music/.MusicBrowserActivity,makeInvisible]
02-09 05:32:00.939 I/ActivityTaskManager( 1511): FOREGROUND_APPLICATION_CHANGED to com.android.launcher3.uioverrides.QuickstepLauncher
02-09 05:32:00.940 I/wm_set_resumed_activity( 1511): [0,com.android.launcher3/.uioverrides.QuickstepLauncher,resumeTopActivityInnerLocked]
02-09 05:32:00.941 I/wm_resume_activity( 1511): [0,204923478,8,com.android.launcher3/.uioverrides.QuickstepLauncher]
02-09 05:32:00.941 I/wm_on_resume_called( 2559): [204923478,com.android.launcher3.uioverrides.QuickstepLauncher,RESUME_ACTIVITY]
02-09 05:32:00.944 I/input_focus( 1511): [Focus request 584aa45 com.android.launcher3/com.android.launcher3.uioverrides.QuickstepLauncher,reason=UpdateInputWindows]
02-09 05:32:00.945 I/wm_stop_activity( 1511): [0,231155608,com.android.music/.MusicBrowserActivity]
02-09 05:32:00.946 I/sysui_multi_action( 1511): [757,803,799,window_time_0,802,2]
02-09 05:32:00.947 I/sysui_multi_action( 1511): [757,803,799,window_time_0,802,0]
02-09 05:32:00.953 I/wm_on_top_resumed_lost_called( 6595): [231155608,com.android.music.MusicBrowserActivity,topStateChangedWhenResumed]
02-09 05:32:00.954 I/wm_on_paused_called( 6595): [231155608,com.android.music.MusicBrowserActivity,performPause]
02-09 05:32:00.954 I/wm_on_top_resumed_gained_called( 2559): [204923478,com.android.launcher3.uioverrides.QuickstepLauncher,topStateChangedWhenResumed]
02-09 05:32:00.954 I/input_focus( 1511): [Focus leaving recents_animation_input_consumer (server),reason=NOT_VISIBLE]
02-09 05:32:00.955 I/wm_on_stop_called( 6595): [231155608,com.android.music.MusicBrowserActivity,STOP_ACTIVITY_ITEM]
02-09 05:32:00.970 I/input_focus( 1511): [Focus entering 584aa45 com.android.launcher3/com.android.launcher3.uioverrides.QuickstepLauncher (server),reason=setFocusedWindow]
02-09 05:32:00.975 W/ContextImpl( 2089): Calling a method in the system process without a qualified user: android.app.ContextImpl.startService:1816 android.content.ContextWrapper.startService:774 com.thundercomm.gamemode.ingame.services.GameModeActionUtils.startGameModeService:111 com.thundercomm.gamemode.ingame.services.GameModeActionUtils.startGameModeEntry:22 com.thundercomm.gamemode.ingame.services.ActivityMonitoringService$1.onActivityLaunch:139
02-09 05:32:00.976 I/GameModeConfig( 1511): Current uri is uri = content://com.thundercomm.gamemode.api/gamemode_settings/gamemode_isgaming
02-09 05:32:00.977 I/GameModeConfig( 1511): isGameModeOn = true
02-09 05:32:00.977 I/GameModeConfig( 1511): isGaming = false
02-09 05:32:00.977 I/GameModeConfig( 1511): isGameModeOn = true
02-09 05:32:00.977 I/GameModeConfig( 1511): isGaming = false
02-09 05:32:00.977 I/GameModeConfig( 1511): isDisableVoice = true
02-09 05:32:01.051 W/ContextImpl( 2089): Calling a method in the system process without a qualified user: android.app.ContextImpl.startService:1816 android.content.ContextWrapper.startService:774 com.thundercomm.gamemode.ingame.services.GameModeActionUtils.startGameModeService:111 com.thundercomm.gamemode.ingame.services.GameModeActionUtils.startGameModeEntry:22 com.thundercomm.gamemode.ingame.services.ActivityMonitoringService$1.onActivityLaunch:139
02-09 05:32:01.053 I/GameModeConfig( 1511): Current uri is uri = content://com.thundercomm.gamemode.api/gamemode_settings/gamemode_isgaming
02-09 05:32:01.056 I/GameModeConfig( 1511): isGameModeOn = true
02-09 05:32:01.057 I/GameModeConfig( 1511): isGaming = false
02-09 05:32:01.057 I/GameModeConfig( 1511): isGameModeOn = true
02-09 05:32:01.057 I/GameModeConfig( 1511): isGaming = false
02-09 05:32:01.057 I/GameModeConfig( 1511): isDisableVoice = true
02-09 05:32:01.110 I/input_interaction( 1511): Interaction with: 584aa45 com.android.launcher3/com.android.launcher3.uioverrides.QuickstepLauncher (server), 4aad3d7 com.android.systemui.ImageWallpaper (server), edge-swipe (server), swipe-up (server), PointerEventDispatcher0 (server),
02-09 05:32:01.198 I/thunderperf( 1511): PlatormCompat.setOverrides: Uid1=10073 Pid1=2559 Uid2=10073 Pid2=2559
02-09 05:32:01.198 I/thunderperf( 1511): PlatormCompat.setOverrides: needCheck:false
02-09 05:32:01.198 I/thunderperf( 1511): CompatConfig.addOverrideUnsafe: bef-state=1
02-09 05:32:01.198 I/thunderperf( 1511): CompatConfig.addOverrideUnsafe: aft-state=0
02-09 05:32:01.199 I/thunderperf( 1511): CompatConfig.addOverrideUnsafe: bef-state=1
02-09 05:32:01.199 I/thunderperf( 1511): CompatConfig.addOverrideUnsafe: aft-state=0
02-09 05:32:01.200 I/thunderperf( 1511): CompatConfig.addOverrideUnsafe: bef-state=1
02-09 05:32:01.200 I/thunderperf( 1511): CompatConfig.addOverrideUnsafe: aft-state=0
02-09 05:32:01.201 I/thunderperf( 1511): CompatConfig.addOverrideUnsafe: bef-state=1
02-09 05:32:01.201 I/thunderperf( 1511): CompatConfig.addOverrideUnsafe: aft-state=0
02-09 05:32:01.202 I/thunderperf( 1511): CompatConfig.addOverrideUnsafe: bef-state=1
02-09 05:32:01.202 I/thunderperf( 1511): CompatConfig.addOverrideUnsafe: aft-state=0
02-09 05:32:01.203 I/thunderperf( 1511): CompatConfig.addOverrideUnsafe: bef-state=1
02-09 05:32:01.203 I/thunderperf( 1511): CompatConfig.addOverrideUnsafe: aft-state=0
02-09 05:32:01.203 I/thunderperf( 1511): CompatConfig.addOverrideUnsafe: bef-state=1
02-09 05:32:01.203 I/thunderperf( 1511): CompatConfig.addOverrideUnsafe: aft-state=0
02-09 05:32:01.204 I/thunderperf( 1511): CompatConfig.addOverrideUnsafe: bef-state=1
02-09 05:32:01.204 I/thunderperf( 1511): CompatConfig.addOverrideUnsafe: aft-state=0
02-09 05:32:01.205 I/thunderperf( 1511): CompatConfig.addOverrideUnsafe: bef-state=1
02-09 05:32:01.205 I/thunderperf( 1511): CompatConfig.addOverrideUnsafe: aft-state=0
02-09 05:32:01.206 I/thunderperf( 1511): CompatConfig.addOverrideUnsafe: bef-state=1
02-09 05:32:01.206 I/thunderperf( 1511): CompatConfig.addOverrideUnsafe: aft-state=0
02-09 05:32:01.206 I/thunderperf( 1511): CompatConfig.addOverrideUnsafe: bef-state=1
02-09 05:32:01.206 I/thunderperf( 1511): CompatConfig.addOverrideUnsafe: aft-state=0
02-09 05:32:01.207 I/thunderperf( 1511): CompatConfig.addOverrideUnsafe: bef-state=1
02-09 05:32:01.207 I/thunderperf( 1511): CompatConfig.addOverrideUnsafe: aft-state=0
02-09 05:32:01.208 I/thunderperf( 1511): CompatConfig.addOverrideUnsafe: bef-state=1
02-09 05:32:01.208 I/thunderperf( 1511): CompatConfig.addOverrideUnsafe: aft-state=0
02-09 05:32:01.208 I/thunderperf( 1511): CompatConfig.addOverrideUnsafe: bef-state=1
02-09 05:32:01.208 I/thunderperf( 1511): CompatConfig.addOverrideUnsafe: aft-state=0
02-09 05:32:01.215 I/ActivityTaskManager( 1511): START u0 {act=android.intent.action.MAIN cat=[android.intent.category.LAUNCHER] flg=0x10200000 cmp=com.android.gallery3d/.app.GalleryActivity bnds=[2128,110][2314,310]} from uid 10073
02-09 05:32:01.221 I/wm_task_created( 1511): [36,-1]
02-09 05:32:01.221 W/ActivityTaskManager( 1511): Can't find TaskDisplayArea to determine support for multi window. Task id=36 attached=false
02-09 05:32:01.223 D/CompatibilityChangeReporter( 1511): Compat change id reported: 174042980; UID 10064; state: DISABLED
02-09 05:32:01.223 D/CompatibilityChangeReporter( 1511): Compat change id reported: 184838306; UID 10064; state: DISABLED
02-09 05:32:01.223 D/CompatibilityChangeReporter( 1511): Compat change id reported: 185004937; UID 10064; state: DISABLED
02-09 05:32:01.223 D/CompatibilityChangeReporter( 1511): Compat change id reported: 181136395; UID 10064; state: DISABLED
02-09 05:32:01.224 D/CompatibilityChangeReporter( 1511): Compat change id reported: 174042936; UID 10064; state: DISABLED
02-09 05:32:01.224 I/wm_task_moved( 1511): [36,1,13]
02-09 05:32:01.224 I/wm_task_to_front( 1511): [0,36]
02-09 05:32:01.224 I/wm_create_task( 1511): [0,36]
02-09 05:32:01.224 I/wm_create_activity( 1511): [0,92136603,36,com.android.gallery3d/.app.GalleryActivity,android.intent.action.MAIN,NULL,NULL,270532608]
02-09 05:32:01.224 I/wm_task_moved( 1511): [36,1,13]
02-09 05:32:01.225 I/wm_pause_activity( 1511): [0,204923478,com.android.launcher3/.uioverrides.QuickstepLauncher,userLeaving=true,pauseBackTasks]
02-09 05:32:01.228 I/wm_on_top_resumed_lost_called( 2559): [204923478,com.android.launcher3.uioverrides.QuickstepLauncher,topStateChangedWhenResumed]
02-09 05:32:01.228 I/wm_on_paused_called( 2559): [204923478,com.android.launcher3.uioverrides.QuickstepLauncher,performPause]
02-09 05:32:01.228 I/ActivityTaskManager( 1511): FOREGROUND_APPLICATION_CHANGED to com.android.gallery3d.app.GalleryActivity
02-09 05:32:01.229 I/ActivityTaskManager( 1511): The Process com.android.gallery3d Already Exists in BG. So sending its PID: 6616
02-09 05:32:01.229 I/wm_add_to_stopping( 1511): [0,204923478,com.android.launcher3/.uioverrides.QuickstepLauncher,makeInvisible]
02-09 05:32:01.229 I/wm_restart_activity( 1511): [0,92136603,36,com.android.gallery3d/.app.GalleryActivity]
02-09 05:32:01.230 I/wm_set_resumed_activity( 1511): [0,com.android.gallery3d/.app.GalleryActivity,minimalResumeActivityLocked]
02-09 05:32:01.232 I/am_uid_active( 1511): 10064
02-09 05:32:01.234 I/sysui_multi_action( 1511): [757,803,799,window_time_0,802,0]
02-09 05:32:01.236 W/ContextImpl( 2089): Calling a method in the system process without a qualified user: android.app.ContextImpl.startService:1816 android.content.ContextWrapper.startService:774 com.thundercomm.gamemode.ingame.services.GameModeActionUtils.startGameModeService:111 com.thundercomm.gamemode.ingame.services.GameModeActionUtils.startGameModeEntry:22 com.thundercomm.gamemode.ingame.services.ActivityMonitoringService$1.onActivityLaunch:139
02-09 05:32:01.241 I/GameModeConfig( 1511): Current uri is uri = content://com.thundercomm.gamemode.api/gamemode_settings/gamemode_isgaming
02-09 05:32:01.242 I/GameModeConfig( 1511): isGameModeOn = true
02-09 05:32:01.242 I/GameModeConfig( 1511): isGaming = false
02-09 05:32:01.242 I/GameModeConfig( 1511): isGameModeOn = true
02-09 05:32:01.242 I/GameModeConfig( 1511): isGaming = false
02-09 05:32:01.242 I/GameModeConfig( 1511): isDisableVoice = true
02-09 05:32:01.255 I/input_focus( 1511): [Focus leaving 584aa45 com.android.launcher3/com.android.launcher3.uioverrides.QuickstepLauncher (server),reason=NO_WINDOW]
02-09 05:32:01.264 I/wm_on_create_called( 6616): [92136603,com.android.gallery3d.app.GalleryActivity,performCreate]
02-09 05:32:01.265 I/wm_on_start_called( 6616): [92136603,com.android.gallery3d.app.GalleryActivity,handleStartActivity]
02-09 05:32:01.267 I/wm_on_resume_called( 6616): [92136603,com.android.gallery3d.app.GalleryActivity,RESUME_ACTIVITY]
02-09 05:32:01.268 D/CompatibilityChangeReporter( 1511): Compat change id reported: 149924527; UID 10064; state: ENABLED
02-09 05:32:01.268 D/CompatibilityChangeReporter( 1511): Compat change id reported: 132649864; UID 10064; state: DISABLED
02-09 05:32:01.268 D/CompatibilityChangeReporter( 1511): Compat change id reported: 182734110; UID 10064; state: DISABLED
