--------- beginning of crash
01-04 09:39:26.186 F/libc ( 507): Fatal signal 6 (SIGABRT), code -1 (SI_QUEUE) in tid 507 (init), pid 507 (init)
01-04 09:39:26.196 F/libc ( 507): crash_dump helper failed to exec, or was killed --------- beginning of radio
02-09 04:21:55.255 D/TelephonyRegistry( 1511): listen oscl: mHasNotifySubscriptionInfoChangedOccurred==false no callback
02-09 04:21:55.909 D/TelephonyRegistry( 1511): listen oscl: mHasNotifySubscriptionInfoChangedOccurred==false no callback
02-09 04:21:55.913 D/TelephonyRegistry( 1511): listen oscl: mHasNotifySubscriptionInfoChangedOccurred==false no callback
02-09 04:21:55.934 D/TelephonyRegistry( 1511): listen oscl: mHasNotifySubscriptionInfoChangedOccurred==false no callback
02-09 04:21:55.959 D/TelephonyRegistry( 1511): listen oscl: mHasNotifySubscriptionInfoChangedOccurred==false no callback
02-09 04:21:55.974 W/CarrierConfigManager( 1511): Error getting config for subId -1 ICarrierConfigLoader is null
02-09 04:21:56.010 D/TelephonyRegistry( 1511): systemRunning register for intents
02-09 04:21:56.172 D/TelephonyRegistry( 1511): listen oscl: mHasNotifySubscriptionInfoChangedOccurred==false no callback
02-09 04:21:56.392 D/TelephonyRegistry( 1511): listen oscl: mHasNotifySubscriptionInfoChangedOccurred==false no callback
02-09 04:21:56.470 D/TelephonyRegistry( 1511): listen oscl: mHasNotifySubscriptionInfoChangedOccurred==false no callback
02-09 04:21:56.477 D/TelephonyRegistry( 1511): notifyCellLocationForSubscriber: subId=2147483647 cellIdentity=null
02-09 04:21:56.624 W/CarrierConfigManager( 1978): Error getting config for subId -1 ICarrierConfigLoader is null
02-09 04:21:56.633 D/TelephonyRegistry( 1511): listen oscl: mHasNotifySubscriptionInfoChangedOccurred==false no callback
02-09 04:21:57.230 F/libc ( 2657): Fatal signal 6 (SIGABRT), code -1 (SI_QUEUE) in tid 2657 (init), pid 2657 (init)
02-09 04:21:57.245 F/libc ( 2657): crash_dump helper failed to exec, or was killed
02-09 04:21:57.687 D/TelephonyRegistry( 1511): listen oscl: mHasNotifySubscriptionInfoChangedOccurred==false no callback
02-09 04:21:57.980 E/AndroidRuntime( 2357): FATAL EXCEPTION: main
02-09 04:21:57.980 E/AndroidRuntime( 2357): Process: com.qualcomm.qti.devicestatisticsservice, PID: 2357
02-09 04:21:57.980 E/AndroidRuntime( 2357): java.lang.NoClassDefFoundError: Failed resolution of: Landroid/hidl/manager/V1_0/IServiceNotification$Stub;
02-09 04:21:57.980 E/AndroidRuntime( 2357): at com.qualcomm.qti.devicestatisticsservice.DeviceStatisticsService.onStartCommand(DeviceStatisticsService.java:83)
02-09 04:21:57.980 E/AndroidRuntime( 2357): at android.app.ActivityThread.handleServiceArgs(ActivityThread.java:4640)
02-09 04:21:57.980 E/AndroidRuntime( 2357): at android.app.ActivityThread.access$2000(ActivityThread.java:248)
02-09 04:21:57.980 E/AndroidRuntime( 2357): at android.app.ActivityThread$H.handleMessage(ActivityThread.java:2092)
02-09 04:21:57.980 E/AndroidRuntime( 2357): at android.os.Handler.dispatchMessage(Handler.java:106)
02-09 04:21:57.980 E/AndroidRuntime( 2357): at android.os.Looper.loopOnce(Looper.java:201)
02-09 04:21:57.980 E/AndroidRuntime( 2357): at android.os.Looper.loop(Looper.java:288)
02-09 04:21:57.980 E/AndroidRuntime( 2357): at android.app.ActivityThread.main(ActivityThread.java:7880)
02-09 04:21:57.980 E/AndroidRuntime( 2357): at java.lang.reflect.Method.invoke(Native Method)
02-09 04:21:57.980 E/AndroidRuntime( 2357): at com.android.internal.os.RuntimeInit$MethodAndArgsCaller.run(RuntimeInit.java:548)
02-09 04:21:57.980 E/AndroidRuntime( 2357): at com.android.internal.os.ZygoteInit.main(ZygoteInit.java:1009)
02-09 04:21:57.980 E/AndroidRuntime( 2357): Caused by: java.lang.ClassNotFoundException: android.hidl.manager.V1_0.IServiceNotification$Stub
02-09 04:21:57.980 E/AndroidRuntime( 2357): ... 11 more
02-09 04:21:58.035 D/TelephonyRegistry( 1511): listen oscl: mHasNotifySubscriptionInfoChangedOccurred==false no callback
02-09 04:21:58.055 D/TelephonyRegistry( 1511): listen oscl: mHasNotifySubscriptionInfoChangedOccurred==false no callback
02-09 04:32:04.130 W/CarrierConfigManager( 5001): Error getting config for subId -1 ICarrierConfigLoader is null
02-09 04:32:04.155 D/TelephonyRegistry( 1511): listen oscl: mHasNotifySubscriptionInfoChangedOccurred==false no callback
02-09 04:32:04.159 D/TelephonyRegistry( 1511): listen oscl: mHasNotifySubscriptionInfoChangedOccurred==false no callback
02-09 04:35:40.343 W/FeatureConnector( 5001): [ImsConnector, 0] connect: not supported.
02-09 04:35:44.601 W/CarrierConfigManager( 5001): Error getting config for subId -1 ICarrierConfigLoader is null
02-09 04:35:44.656 D/TelephonyRegistry( 1511): listen oscl: mHasNotifySubscriptionInfoChangedOccurred==false no callback
02-09 04:35:44.660 D/TelephonyRegistry( 1511): listen oscl: mHasNotifySubscriptionInfoChangedOccurred==false no callback
02-09 04:36:06.621 W/FeatureConnector( 5001): [ImsConnector, 0] connect: not supported.
02-09 04:38:25.186 W/FeatureConnector( 5001): [ImsConnector, 0] connect: not supported.
02-09 04:38:30.370 W/CarrierConfigManager( 5001): Error getting config for subId -1 ICarrierConfigLoader is null
02-09 04:38:30.421 D/TelephonyRegistry( 1511): listen oscl: mHasNotifySubscriptionInfoChangedOccurred==false no callback
02-09 04:38:30.424 D/TelephonyRegistry( 1511): listen oscl: mHasNotifySubscriptionInfoChangedOccurred==false no callback
02-09 04:38:37.094 W/FeatureConnector( 5001): [ImsConnector, 0] connect: not supported.
02-09 04:43:29.151 W/FeatureConnector( 5001): [ImsConnector, 0] connect: not supported. --------- beginning of events
02-09 05:02:36.061 I/am_wtf ( 1511): [0,1511,system_server,-1,DisplayDeviceConfig,requesting nits when no mapping exists.]
02-09 05:02:36.077 I/am_wtf ( 1511): [0,1511,system_server,-1,DisplayDeviceConfig,requesting nits when no mapping exists.]
02-09 05:02:36.078 I/am_wtf ( 1511): [0,1511,system_server,-1,DisplayDeviceConfig,requesting nits when no mapping exists.]
02-09 05:02:36.095 I/am_wtf ( 1511): [0,1511,system_server,-1,DisplayDeviceConfig,requesting nits when no mapping exists.]
02-09 05:02:36.095 I/am_wtf ( 1511): [0,1511,system_server,-1,DisplayDeviceConfig,requesting nits when no mapping exists.]
02-09 05:02:36.111 I/am_wtf ( 1511): [0,1511,system_server,-1,DisplayDeviceConfig,requesting nits when no mapping exists.]
02-09 05:02:36.112 I/am_wtf ( 1511): [0,1511,system_server,-1,DisplayDeviceConfig,requesting nits when no mapping exists.]
02-09 05:02:36.128 I/am_wtf ( 1511): [0,1511,system_server,-1,DisplayDeviceConfig,requesting nits when no mapping exists.]
02-09 05:02:36.128 I/am_wtf ( 1511): [0,1511,system_server,-1,DisplayDeviceConfig,requesting nits when no mapping exists.]
02-09 05:02:36.144 I/am_wtf ( 1511): [0,1511,system_server,-1,DisplayDeviceConfig,requesting nits when no mapping exists.]
02-09 05:02:36.145 I/am_wtf ( 1511): [0,1511,system_server,-1,DisplayDeviceConfig,requesting nits when no mapping exists.]
02-09 05:02:36.161 I/am_wtf ( 1511): [0,1511,system_server,-1,DisplayDeviceConfig,requesting nits when no mapping exists.]
02-09 05:02:36.161 I/am_wtf ( 1511): [0,1511,system_server,-1,DisplayDeviceConfig,requesting nits when no mapping exists.]
02-09 05:02:36.178 I/am_wtf ( 1511): [0,1511,system_server,-1,DisplayDeviceConfig,requesting nits when no mapping exists.]
02-09 05:02:36.178 I/am_wtf ( 1511): [0,1511,system_server,-1,DisplayDeviceConfig,requesting nits when no mapping exists.]
02-09 05:02:36.194 I/am_wtf ( 1511): [0,1511,system_server,-1,DisplayDeviceConfig,requesting nits when no mapping exists.]
02-09 05:02:36.195 I/am_wtf ( 1511): [0,1511,system_server,-1,DisplayDeviceConfig,requesting nits when no mapping exists.]
02-09 05:02:36.211 I/am_wtf ( 1511): [0,1511,system_server,-1,DisplayDeviceConfig,requesting nits when no mapping exists.]
02-09 05:02:36.212 I/am_wtf ( 1511): [0,1511,system_server,-1,DisplayDeviceConfig,requesting nits when no mapping exists.]
02-09 05:02:36.228 I/am_wtf ( 1511): [0,1511,system_server,-1,DisplayDeviceConfig,requesting nits when no mapping exists.]
02-09 05:02:36.228 I/am_wtf ( 1511): [0,1511,system_server,-1,DisplayDeviceConfig,requesting nits when no mapping exists.]
02-09 05:02:36.244 I/am_wtf ( 1511): [0,1511,system_server,-1,DisplayDeviceConfig,requesting nits when no mapping exists.]
02-09 05:02:36.245 I/am_wtf ( 1511): [0,1511,system_server,-1,DisplayDeviceConfig,requesting nits when no mapping exists.]
02-09 05:02:36.262 I/am_wtf ( 1511): [0,1511,system_server,-1,DisplayDeviceConfig,requesting nits when no mapping exists.]
02-09 05:02:36.262 I/am_wtf ( 1511): [0,1511,system_server,-1,DisplayDeviceConfig,requesting nits when no mapping exists.]
02-09 05:02:36.278 I/am_wtf ( 1511): [0,1511,system_server,-1,DisplayDeviceConfig,requesting nits when no mapping exists.]
02-09 05:02:36.278 I/am_wtf ( 1511): [0,1511,system_server,-1,DisplayDeviceConfig,requesting nits when no mapping exists.]
02-09 05:02:36.295 I/am_wtf ( 1511): [0,1511,system_server,-1,DisplayDeviceConfig,requesting nits when no mapping exists.]
02-09 05:02:36.295 I/am_wtf ( 1511): [0,1511,system_server,-1,DisplayDeviceConfig,requesting nits when no mapping exists.]
02-09 05:02:36.311 I/am_wtf ( 1511): [0,1511,system_server,-1,DisplayDeviceConfig,requesting nits when no mapping exists.]
02-09 05:02:36.312 I/am_wtf ( 1511): [0,1511,system_server,-1,DisplayDeviceConfig,requesting nits when no mapping exists.]
02-09 05:02:36.328 I/am_wtf ( 1511): [0,1511,system_server,-1,DisplayDeviceConfig,requesting nits when no mapping exists.]
02-09 05:02:36.328 I/am_wtf ( 1511): [0,1511,system_server,-1,DisplayDeviceConfig,requesting nits when no mapping exists.]
02-09 05:02:36.345 I/am_wtf ( 1511): [0,1511,system_server,-1,DisplayDeviceConfig,requesting nits when no mapping exists.]
02-09 05:02:36.345 I/am_wtf ( 1511): [0,1511,system_server,-1,DisplayDeviceConfig,requesting nits when no mapping exists.]
02-09 05:02:36.361 I/am_wtf ( 1511): [0,1511,system_server,-1,DisplayDeviceConfig,requesting nits when no mapping exists.]
02-09 05:02:36.362 I/am_wtf ( 1511): [0,1511,system_server,-1,DisplayDeviceConfig,requesting nits when no mapping exists.]
02-09 05:02:36.378 I/am_wtf ( 1511): [0,1511,system_server,-1,DisplayDeviceConfig,requesting nits when no mapping exists.]
02-09 05:02:36.378 I/am_wtf ( 1511): [0,1511,system_server,-1,DisplayDeviceConfig,requesting nits when no mapping exists.]
02-09 05:02:36.395 I/am_wtf ( 1511): [0,1511,system_server,-1,DisplayDeviceConfig,requesting nits when no mapping exists.]
02-09 05:02:36.395 I/am_wtf ( 1511): [0,1511,system_server,-1,DisplayDeviceConfig,requesting nits when no mapping exists.]
02-09 05:02:36.411 I/am_wtf ( 1511): [0,1511,system_server,-1,DisplayDeviceConfig,requesting nits when no mapping exists.]
02-09 05:02:36.412 I/am_wtf ( 1511): [0,1511,system_server,-1,DisplayDeviceConfig,requesting nits when no mapping exists.]
02-09 05:02:36.428 I/am_wtf ( 1511): [0,1511,system_server,-1,DisplayDeviceConfig,requesting nits when no mapping exists.]
02-09 05:02:36.429 I/am_wtf ( 1511): [0,1511,system_server,-1,DisplayDeviceConfig,requesting nits when no mapping exists.]
02-09 05:02:36.445 I/am_wtf ( 1511): [0,1511,system_server,-1,DisplayDeviceConfig,requesting nits when no mapping exists.]
02-09 05:02:36.445 I/am_wtf ( 1511): [0,1511,system_server,-1,DisplayDeviceConfig,requesting nits when no mapping exists.]
02-09 05:02:36.462 I/am_wtf ( 1511): [0,1511,system_server,-1,DisplayDeviceConfig,requesting nits when no mapping exists.]
02-09 05:02:36.462 I/am_wtf ( 1511): [0,1511,system_server,-1,DisplayDeviceConfig,requesting nits when no mapping exists.]
02-09 05:02:36.478 I/am_wtf ( 1511): [0,1511,system_server,-1,DisplayDeviceConfig,requesting nits when no mapping exists.]
02-09 05:02:36.479 I/am_wtf ( 1511): [0,1511,system_server,-1,DisplayDeviceConfig,requesting nits when no mapping exists.]
02-09 05:02:57.572 I/storage_state( 1511): [41217664-9172-527a-b3d5-edabb50a7d69,0,0,112725520384,118610538496]
02-09 05:03:11.163 I/auditd ( 1511): type=1400 audit(0.0:952): avc: denied { getopt } for comm="Binder:1511_12" scontext=u:r:system_server:s0 tcontext=u:r:shell:s0 tclass=unix_stream_socket permissive=0
02-09 05:03:11.174 I/commit_sys_config_file( 1511): [package-session,2475469]
02-09 05:03:15.164 I/commit_sys_config_file( 1511): [package-user-0,1]
02-09 05:03:15.164 I/commit_sys_config_file( 1511): [package,21]
02-09 05:03:16.105 I/unknown_sources_enabled( 1511): 1
02-09 05:03:16.103 I/auditd ( 1511): type=1400 audit(0.0:953): avc: denied { getopt } for comm="Binder:1511_12" scontext=u:r:system_server:s0 tcontext=u:r:shell:s0 tclass=unix_stream_socket permissive=0
02-09 05:03:16.103 I/auditd ( 1511): type=1400 audit(0.0:954): avc: denied { getopt } for comm="Binder:1511_12" scontext=u:r:system_server:s0 tcontext=u:r:shell:s0 tclass=unix_stream_socket permissive=0
02-09 05:03:16.103 I/auditd ( 1511): type=1400 audit(0.0:955): avc: denied { getopt } for comm="Binder:1511_12" scontext=u:r:system_server:s0 tcontext=u:r:shell:s0 tclass=unix_stream_socket permissive=0
02-09 05:03:16.106 I/am_uid_running( 1511): 10092
02-09 05:03:16.112 I/commit_sys_config_file( 1511): [package-session,2480408]
02-09 05:03:16.126 I/commit_sys_config_file( 1511): [overlays,2481264]
02-09 05:03:16.134 I/am_proc_start( 1511): [0,5753,10092,com.android.permissioncontroller,service,{com.android.permissioncontroller/com.android.permissioncontroller.permission.service.PermissionControllerServiceImpl}]
02-09 05:03:16.147 I/notification_cancel_all( 1511): [1000,1511,com.tencent.tmgp.sgame,0,0,0,5,NULL]
02-09 05:03:16.159 I/am_proc_bound( 1511): [0,5753,com.android.permissioncontroller]
02-09 05:03:16.164 I/am_uid_active( 1511): 10092
02-09 05:03:41.887 I/am_uid_idle( 1511): 10063
02-09 05:03:57.672 I/storage_state( 1511): [41217664-9172-527a-b3d5-edabb50a7d69,0,0,112332492800,118610538496]
02-09 05:04:31.317 I/am_uid_idle( 1511): 10092
02-09 05:06:43.763 I/am_freeze( 1511): [3203,com.qti.diagservices]
02-09 05:06:43.765 I/am_freeze( 1511): [5566,com.android.music]
02-09 05:06:43.766 I/am_kill ( 1511): [0,3203,com.qti.diagservices,975,Unable to freeze binder interface]
02-09 05:06:43.769 I/am_kill ( 1511): [0,5566,com.android.music,935,Unable to freeze binder interface]
02-09 05:06:43.789 I/am_proc_died( 1511): [0,3203,com.qti.diagservices,975,10]
02-09 05:06:43.790 I/am_schedule_service_restart( 1511): [0,com.qti.diagservices/.QTIDiagServices,1000]
02-09 05:06:43.793 I/am_proc_died( 1511): [0,5566,com.android.music,935,19]
02-09 05:06:43.793 I/am_uid_stopped( 1511): 10088
02-09 05:06:43.796 I/am_uid_running( 1511): 10088
02-09 05:06:43.802 I/am_pss ( 1511): [4907,10044,com.thundercomm.screensaver,62458880,55492608,0,176148480,0,2,7]
02-09 05:06:43.808 I/am_pss ( 1511): [5753,10092,com.android.permissioncontroller,13952000,11276288,0,102899712,0,19,5]
02-09 05:06:43.809 I/am_proc_start( 1511): [0,5797,10088,com.android.music,NULL,]
02-09 05:06:43.814 I/am_pss ( 1511): [5636,10065,com.android.calendar,9817088,3244032,4806656,63496192,0,19,5]
02-09 05:06:43.820 I/am_pss ( 1511): [5622,10067,com.android.deskclock,12039168,5046272,4911104,67944448,0,19,6]
02-09 05:06:43.841 I/am_proc_bound( 1511): [0,5797,com.android.music]
02-09 05:06:44.822 I/am_proc_start( 1511): [0,5813,1000,com.qti.diagservices,service,{com.qti.diagservices/com.qti.diagservices.QTIDiagServices}]
02-09 05:06:44.865 I/am_proc_bound( 1511): [0,5813,com.qti.diagservices]
02-09 05:06:44.903 I/auditd ( 5813): type=1400 audit(0.0:956): avc: denied { read write } for comm="ti.diagservices" name="diag" dev="tmpfs" ino=11408 scontext=u:r:system_app:s0 tcontext=u:object_r:vendor_diag_device:s0 tclass=chr_file permissive=0
02-09 05:08:53.549 I/input_interaction( 1511): Interaction with: 9f75d9 com.thundercomm.screensaver/android.service.dreams.DreamActivity (server), edge-swipe (server), swipe-up (server), PointerEventDispatcher0 (server),
02-09 05:08:53.551 I/wm_finish_activity( 1511): [0,44493906,20,com.thundercomm.screensaver/android.service.dreams.DreamActivity,finish-activity]
02-09 05:08:53.552 I/wm_task_moved( 1511): [1,1,6]
02-09 05:08:53.553 I/wm_task_moved( 1511): [8,1,2147483647]
02-09 05:08:53.553 I/wm_task_to_front( 1511): [0,8]
02-09 05:08:53.553 I/wm_focused_root_task( 1511): [0,0,1,20,finish-top adjustFocusToNextFocusableTask]
02-09 05:08:53.554 I/wm_set_resumed_activity( 1511): [0,com.android.launcher3/.uioverrides.QuickstepLauncher,finish-top adjustFocusToNextFocusableTask]
02-09 05:08:53.555 I/wm_pause_activity( 1511): [0,44493906,com.thundercomm.screensaver/android.service.dreams.DreamActivity,userLeaving=false,finish]
02-09 05:08:53.561 I/wm_on_top_resumed_lost_called( 4907): [44493906,android.service.dreams.DreamActivity,topStateChangedWhenResumed]
02-09 05:08:53.562 I/wm_on_paused_called( 4907): [44493906,android.service.dreams.DreamActivity,performPause]
02-09 05:08:53.562 I/wm_add_to_stopping( 1511): [0,44493906,com.thundercomm.screensaver/android.service.dreams.DreamActivity,completeFinishing]
02-09 05:08:53.566 I/wm_set_resumed_activity( 1511): [0,com.android.launcher3/.uioverrides.QuickstepLauncher,resumeTopActivityInnerLocked]
02-09 05:08:53.569 I/wm_resume_activity( 1511): [0,204923478,8,com.android.launcher3/.uioverrides.QuickstepLauncher]
02-09 05:08:53.573 I/sysui_multi_action( 1511): [757,803,799,window_time_0,802,378]
02-09 05:08:53.577 I/sysui_multi_action( 1511): [757,803,799,window_time_0,802,0]
02-09 05:08:53.583 I/wm_on_restart_called( 2559): [204923478,com.android.launcher3.uioverrides.QuickstepLauncher,performRestartActivity]
02-09 05:08:53.584 I/wm_on_start_called( 2559): [204923478,com.android.launcher3.uioverrides.QuickstepLauncher,handleStartActivity]
02-09 05:08:53.584 I/wm_on_resume_called( 2559): [204923478,com.android.launcher3.uioverrides.QuickstepLauncher,RESUME_ACTIVITY]
02-09 05:08:53.584 I/wm_on_top_resumed_gained_called( 2559): [204923478,com.android.launcher3.uioverrides.QuickstepLauncher,topWhenResuming]
02-09 05:08:53.586 I/view_enqueue_input_event( 4907): [Motion - Cancel,com.thundercomm.screensaver/android.service.dreams.DreamActivity]
02-09 05:08:53.586 I/input_focus( 1511): [Focus leaving 9f75d9 com.thundercomm.screensaver/android.service.dreams.DreamActivity (server),reason=NO_WINDOW]
02-09 05:08:53.588 I/input_interaction( 1511): Interaction with: edge-swipe (server), swipe-up (server), PointerEventDispatcher0 (server),
02-09 05:08:53.590 I/input_focus( 1511): [Focus request 584aa45 com.android.launcher3/com.android.launcher3.uioverrides.QuickstepLauncher,reason=UpdateInputWindows]
02-09 05:08:53.593 I/am_uid_active( 1511): 10063
02-09 05:08:53.598 I/am_pss ( 1511): [5813,1000,com.qti.diagservices,6318080,3911680,0,93167616,0,10,5]
02-09 05:08:53.604 I/am_pss ( 1511): [5797,10088,com.android.music,7370752,4919296,0,90423296,0,19,5]
02-09 05:08:53.610 I/am_pss ( 1511): [5753,10092,com.android.permissioncontroller,13848576,11231232,0,102899712,0,19,5]
02-09 05:08:53.619 I/input_focus( 1511): [Focus entering 584aa45 com.android.launcher3/com.android.launcher3.uioverrides.QuickstepLauncher (server),reason=setFocusedWindow]
02-09 05:08:53.854 I/wm_destroy_activity( 1511): [0,44493906,20,com.thundercomm.screensaver/android.service.dreams.DreamActivity,finish-imm:idle]
02-09 05:08:53.875 I/wm_on_stop_called( 4907): [44493906,android.service.dreams.DreamActivity,LIFECYCLER_STOP_ACTIVITY]
02-09 05:08:53.876 I/wm_on_destroy_called( 4907): [44493906,android.service.dreams.DreamActivity,performDestroy]
02-09 05:08:53.879 I/sysui_multi_action( 1511): [757,222,758,2]
02-09 05:08:53.879 I/sysui_multi_action( 1511): [757,804,799,dreaming_minutes,801,6,802,1]
02-09 05:08:53.886 I/wm_task_removed( 1511): [20,removeChild:removeChild last r=ActivityRecord{2a6ec52 u0 com.thundercomm.screensaver/android.service.dreams.DreamActivity t-1 f}} in t=Task{cc37d6f #20 type=dream A=10044:android:com.thundercomm.screensaver/dream U=0 visible=false mode=fullscreen translucent=true sz=0}]
02-09 05:08:53.886 I/wm_task_removed( 1511): [20,removeChild]
02-09 05:08:54.481 I/input_interaction( 1511): Interaction with: 584aa45 com.android.launcher3/com.android.launcher3.uioverrides.QuickstepLauncher (server), 4aad3d7 com.android.systemui.ImageWallpaper (server), edge-swipe (server), swipe-up (server), PointerEventDispatcher0 (server),
02-09 05:08:54.664 I/sysui_multi_action( 1511): [757,127,758,1]
02-09 05:08:54.665 I/sysui_multi_action( 1511): [757,804,799,note_load,801,3,802,1]
02-09 05:08:54.665 I/notification_panel_revealed( 1511): 3
02-09 05:08:54.678 I/input_focus( 1511): [Focus request bd39bb2 NotificationShade,reason=UpdateInputWindows]
02-09 05:08:54.686 I/sysui_multi_action( 1511): [757,128,758,1,793,2817474,794,0,795,2817474,796,26,798,0,806,android,857,DEVELOPER_IMPORTANT,858,4,947,0,1395,3,1500,2817025,1688,1]
02-09 05:08:54.687 I/sysui_multi_action( 1511): [757,804,799,note_freshness,801,2817474,802,1]
02-09 05:08:54.687 I/notification_visibility( 1511): [-1|android|26|null|1000,1,2817474,2817474,0,0]
02-09 05:08:54.687 I/sysui_multi_action( 1511): [757,128,758,1,793,2813000,794,0,795,2813000,796,17303299,797,com.android.wifi,798,1,806,android,857,NETWORK_AVAILABLE,858,2,947,0,1395,3,1500,2812798,1688,1]
02-09 05:08:54.687 I/sysui_multi_action( 1511): [757,804,799,note_freshness,801,2813000,802,1]
02-09 05:08:54.687 I/notification_visibility( 1511): [0|android|17303299|com.android.wifi|1000,1,2813000,2813000,0,1]
02-09 05:08:54.687 I/sysui_multi_action( 1511): [757,128,758,1,793,2818248,794,0,795,2818248,796,32,798,2,806,android,857,USB,858,1,947,0,1395,3,1500,2818204,1688,1]
02-09 05:08:54.687 I/sysui_multi_action( 1511): [757,804,799,note_freshness,801,2818248,802,1]
02-09 05:08:54.687 I/notification_visibility( 1511): [-1|android|32|null|1000,1,2818248,2818248,0,2]
02-09 05:08:54.706 I/input_focus( 1511): [Focus leaving 584aa45 com.android.launcher3/com.android.launcher3.uioverrides.QuickstepLauncher (server),reason=setFocusedWindow]
02-09 05:08:54.706 I/input_focus( 1511): [Focus entering bd39bb2 NotificationShade (server),reason=setFocusedWindow]
02-09 05:08:54.712 I/input_interaction( 1511): Interaction with: 584aa45 com.android.launcher3/com.android.launcher3.uioverrides.QuickstepLauncher (server), 4aad3d7 com.android.systemui.ImageWallpaper (server), bd39bb2 NotificationShade (server), edge-swipe (server), swipe-up (server), PointerEventDispatcher0 (server),
02-09 05:08:54.713 I/view_enqueue_input_event( 2559): [Motion - Cancel,com.android.launcher3/com.android.launcher3.uioverrides.QuickstepLauncher]
02-09 05:08:54.714 I/sysui_multi_action( 1978): [757,803,799,panel_open,802,1]
02-09 05:08:54.715 I/sysui_multi_action( 1978): [757,1328,758,4,1326,54,1327,72,1329,0]
02-09 05:08:54.726 I/input_interaction( 1511): Interaction with: 4aad3d7 com.android.systemui.ImageWallpaper (server), bd39bb2 NotificationShade (server), edge-swipe (server), swipe-up (server), PointerEventDispatcher0 (server),
02-09 05:08:55.113 I/input_focus( 1511): [Focus request 584aa45 com.android.launcher3/com.android.launcher3.uioverrides.QuickstepLauncher,reason=UpdateInputWindows]
02-09 05:08:55.140 I/input_focus( 1511): [Focus leaving bd39bb2 NotificationShade (server),reason=NOT_FOCUSABLE]
02-09 05:08:55.140 I/input_focus( 1511): [Focus entering 584aa45 com.android.launcher3/com.android.launcher3.uioverrides.QuickstepLauncher (server),reason=setFocusedWindow]
02-09 05:08:55.209 I/sysui_multi_action( 1511): [757,128,758,2,793,2817997,794,523,795,2817997,796,26,798,0,806,android,857,DEVELOPER_IMPORTANT,858,4,947,0,1395,3,1500,2817548,1688,1]
02-09 05:08:55.210 I/notification_visibility( 1511): [-1|android|26|null|1000,0,2817997,2817997,0,0]
02-09 05:08:55.210 I/sysui_multi_action( 1511): [757,128,758,2,793,2813523,794,523,795,2813523,796,17303299,797,com.android.wifi,798,1,806,android,857,NETWORK_AVAILABLE,858,2,947,0,1395,3,1500,2813321,1688,1]
02-09 05:08:55.210 I/notification_visibility( 1511): [0|android|17303299|com.android.wifi|1000,0,2813523,2813523,0,1]
02-09 05:08:55.210 I/sysui_multi_action( 1511): [757,128,758,2,793,2818771,794,523,795,2818771,796,32,798,2,806,android,857,USB,858,1,947,0,1395,3,1500,2818727,1688,1]
02-09 05:08:55.211 I/notification_visibility( 1511): [-1|android|32|null|1000,0,2818771,2818771,0,2]
02-09 05:08:55.212 I/sysui_multi_action( 1511): [757,127,758,2]
02-09 05:08:55.212 I/notification_panel_hidden( 1511):
02-09 05:09:21.319 I/input_interaction( 1511): Interaction with: 584aa45 com.android.launcher3/com.android.launcher3.uioverrides.QuickstepLauncher (server), 4aad3d7 com.android.systemui.ImageWallpaper (server), edge-swipe (server), swipe-up (server), PointerEventDispatcher0 (server),
02-09 05:09:21.450 I/wm_task_moved( 1511): [14,1,6]
02-09 05:09:21.450 I/wm_task_to_front( 1511): [0,14]
02-09 05:09:21.451 I/wm_focused_root_task( 1511): [0,0,14,1,bringingFoundTaskToFront]
02-09 05:09:21.452 I/wm_set_resumed_activity( 1511): [0,com.android.settings/.Settings,bringingFoundTaskToFront]
02-09 05:09:21.452 I/wm_new_intent( 1511): [0,71928698,14,com.android.settings/.Settings,android.intent.action.MAIN,NULL,NULL,270532608]
02-09 05:09:21.454 I/wm_pause_activity( 1511): [0,204923478,com.android.launcher3/.uioverrides.QuickstepLauncher,userLeaving=true,pauseBackTasks]
02-09 05:09:21.463 I/wm_on_top_resumed_lost_called( 2559): [204923478,com.android.launcher3.uioverrides.QuickstepLauncher,topStateChangedWhenResumed]
02-09 05:09:21.466 I/wm_on_paused_called( 2559): [204923478,com.android.launcher3.uioverrides.QuickstepLauncher,performPause]
02-09 05:09:21.468 I/wm_set_resumed_activity( 1511): [0,com.android.settings/.Settings,resumeTopActivityInnerLocked]
02-09 05:09:21.468 I/wm_add_to_stopping( 1511): [0,204923478,com.android.launcher3/.uioverrides.QuickstepLauncher,makeInvisible]
02-09 05:09:21.470 I/wm_resume_activity( 1511): [0,71928698,14,com.android.settings/.Settings]
02-09 05:09:21.481 I/sysui_multi_action( 1511): [757,803,799,window_time_0,802,28]
02-09 05:09:21.492 I/wm_on_restart_called( 5001): [71928698,com.android.settings.Settings,performRestartActivity]
02-09 05:09:21.493 I/am_pss ( 1511): [4907,10044,com.thundercomm.screensaver,29289472,22425600,0,143081472,0,19,7]
02-09 05:09:21.494 I/wm_on_start_called( 5001): [71928698,com.android.settings.Settings,handleStartActivity]
02-09 05:09:21.495 I/snet_event_log( 5001): [120484087,-1,]
02-09 05:09:21.496 I/wm_on_resume_called( 5001): [71928698,com.android.settings.Settings,RESUME_ACTIVITY]
02-09 05:09:21.496 I/sysui_multi_action( 5001): [757,35,758,1,833,0,1089,0]
02-09 05:09:21.497 I/sysui_multi_action( 5001): [757,3000,758,1,833,0,1089,0]
02-09 05:09:21.498 I/wm_on_top_resumed_gained_called( 5001): [71928698,com.android.settings.Settings,topWhenResuming]
02-09 05:09:21.499 I/am_pss ( 1511): [5813,1000,com.qti.diagservices,6316032,3911680,0,93167616,0,10,5]
02-09 05:09:21.506 I/am_pss ( 1511): [5797,10088,com.android.music,7369728,4919296,0,90423296,0,19,5]
02-09 05:09:21.506 I/input_focus( 1511): [Focus request a0c4eda com.android.settings/com.android.settings.Settings,reason=UpdateInputWindows]
02-09 05:09:21.507 I/input_focus( 1511): [Focus leaving 584aa45 com.android.launcher3/com.android.launcher3.uioverrides.QuickstepLauncher (server),reason=NO_WINDOW]
02-09 05:09:21.524 I/sysui_multi_action( 1511): [319,26,321,23,322,71,325,2856,757,761,758,9,759,4,806,com.android.settings,871,com.android.settings.Settings,904,com.android.launcher3,905,0,1320,4,1321,1]
02-09 05:09:21.537 I/input_focus( 1511): [Focus entering a0c4eda com.android.settings/com.android.settings.Settings (server),reason=setFocusedWindow]
02-09 05:09:21.535 I/auditd ( 566): type=1400 audit(0.0:957): avc: denied { read } for comm="Binder:566_2" name="wakeup58" dev="sysfs" ino=71810 scontext=u:r:system_suspend:s0 tcontext=u:object_r:sysfs:s0 tclass=dir permissive=0
02-09 05:09:21.539 I/auditd ( 566): type=1400 audit(0.0:958): avc: denied { read } for comm="Binder:566_2" name="wakeup4" dev="sysfs" ino=47054 scontext=u:r:system_suspend:s0 tcontext=u:object_r:sysfs:s0 tclass=dir permissive=0
02-09 05:09:21.539 I/auditd ( 566): type=1400 audit(0.0:959): avc: denied { read } for comm="Binder:566_2" name="wakeup76" dev="sysfs" ino=76777 scontext=u:r:system_suspend:s0 tcontext=u:object_r:sysfs:s0 tclass=dir permissive=0
02-09 05:09:21.539 I/auditd ( 566): type=1400 audit(0.0:960): avc: denied { read } for comm="Binder:566_2" name="wakeup28" dev="sysfs" ino=53259 scontext=u:r:system_suspend:s0 tcontext=u:object_r:sysfs:s0 tclass=dir permissive=0
02-09 05:09:21.539 I/auditd ( 566): type=1400 audit(0.0:961): avc: denied { read } for comm="Binder:566_2" name="wakeup56" dev="sysfs" ino=71738 scontext=u:r:system_suspend:s0 tcontext=u:object_r:sysfs:s0 tclass=dir permissive=0
02-09 05:09:21.539 I/auditd ( 566): type=1400 audit(0.0:962): avc: denied { read } for comm="Binder:566_2" name="wakeup2" dev="sysfs" ino=46578 scontext=u:r:system_suspend:s0 tcontext=u:object_r:sysfs:s0 tclass=dir permissive=0
02-09 05:09:21.539 I/auditd ( 566): type=1400 audit(0.0:963): avc: denied { read } for comm="Binder:566_2" name="wakeup36" dev="sysfs" ino=62492 scontext=u:r:system_suspend:s0 tcontext=u:object_r:sysfs:s0 tclass=dir permissive=0
02-09 05:09:22.013 I/wm_stop_activity( 1511): [0,204923478,com.android.launcher3/.uioverrides.QuickstepLauncher]
02-09 05:09:22.032 I/wm_on_stop_called( 2559): [204923478,com.android.launcher3.uioverrides.QuickstepLauncher,STOP_ACTIVITY_ITEM]
02-09 05:09:22.521 I/input_interaction( 1511): Interaction with: a0c4eda com.android.settings/com.android.settings.Settings (server), edge-swipe (server), swipe-up (server), PointerEventDispatcher0 (server),
02-09 05:09:22.642 I/service_manager_stats( 1511): [100,37,406598]
02-09 05:09:22.661 I/sysui_multi_action( 5001): [757,830,758,4,833,0,854,top_level_game,1089,0]
02-09 05:09:22.766 I/sysui_multi_action( 5001): [757,3000,758,2,1089,1268]
02-09 05:09:22.801 I/sysui_multi_action( 5001): [757,3000,758,1,833,0,1089,24]
02-09 05:09:22.802 I/sysui_multi_action( 5001): [757,1729,758,4,854,isParalleledControllers:false,1089,25]
02-09 05:09:27.843 I/wm_task_moved( 1511): [1,0,0]
02-09 05:09:27.843 I/wm_task_moved( 1511): [1,0,5]
02-09 05:09:27.848 I/wm_on_restart_called( 2559): [204923478,com.android.launcher3.uioverrides.QuickstepLauncher,performRestartActivity]
02-09 05:09:27.878 I/wm_on_start_called( 2559): [204923478,com.android.launcher3.uioverrides.QuickstepLauncher,handleStartActivity]
02-09 05:09:27.878 I/view_enqueue_input_event( 5001): [Motion - Cancel,com.android.settings/com.android.settings.Settings]
02-09 05:09:27.880 I/input_focus( 1511): [Focus request recents_animation_input_consumer,reason=UpdateInputWindows]
02-09 05:09:27.884 I/input_focus( 1511): [Focus leaving a0c4eda com.android.settings/com.android.settings.Settings (server),reason=NOT_FOCUSABLE]
02-09 05:09:27.884 I/input_focus( 1511): [Focus entering recents_animation_input_consumer (server),reason=setFocusedWindow]
02-09 05:09:27.887 I/sysui_latency( 2559): [1,62]
02-09 05:09:27.894 I/input_interaction( 1511): Interaction with: edge-swipe (server), swipe-up (server), PointerEventDispatcher0 (server),
02-09 05:09:27.904 I/sysui_multi_action( 1511): [319,10,322,52,325,2862,757,761,758,9,759,5,806,com.android.launcher3,871,com.android.launcher3.uioverrides.QuickstepLauncher,905,0,1320,4,1321,1]
02-09 05:09:27.995 I/wm_task_moved( 1511): [1,0,5]
02-09 05:09:27.998 I/wm_add_to_stopping( 1511): [0,204923478,com.android.launcher3/.uioverrides.QuickstepLauncher,makeInvisible]
02-09 05:09:28.004 I/wm_stop_activity( 1511): [0,204923478,com.android.launcher3/.uioverrides.QuickstepLauncher]
02-09 05:09:28.006 I/input_focus( 1511): [Focus request a0c4eda com.android.settings/com.android.settings.Settings,reason=UpdateInputWindows]
02-09 05:09:28.019 I/input_focus( 1511): [Focus leaving recents_animation_input_consumer (server),reason=NOT_VISIBLE]
02-09 05:09:28.019 I/input_focus( 1511): [Focus entering a0c4eda com.android.settings/com.android.settings.Settings (server),reason=setFocusedWindow]
02-09 05:09:28.027 I/wm_on_stop_called( 2559): [204923478,com.android.launcher3.uioverrides.QuickstepLauncher,STOP_ACTIVITY_ITEM]
02-09 05:09:28.082 I/commit_sys_config_file( 1511): [settings-1-0,6]
02-09 05:09:31.343 I/input_interaction( 1511): Interaction with: a0c4eda com.android.settings/com.android.settings.Settings (server), edge-swipe (server), swipe-up (server), PointerEventDispatcher0 (server),
02-09 05:09:31.986 I/wm_task_moved( 1511): [1,0,0]
02-09 05:09:31.986 I/wm_task_moved( 1511): [1,0,5]
02-09 05:09:32.001 I/wm_on_restart_called( 2559): [204923478,com.android.launcher3.uioverrides.QuickstepLauncher,performRestartActivity]
02-09 05:09:32.015 I/wm_on_start_called( 2559): [204923478,com.android.launcher3.uioverrides.QuickstepLauncher,handleStartActivity]
02-09 05:09:32.016 I/view_enqueue_input_event( 5001): [Motion - Cancel,com.android.settings/com.android.settings.Settings]
02-09 05:09:32.017 I/input_focus( 1511): [Focus request recents_animation_input_consumer,reason=UpdateInputWindows]
02-09 05:09:32.023 I/sysui_latency( 2559): [1,49]
02-09 05:09:32.028 I/input_focus( 1511): [Focus leaving a0c4eda com.android.settings/com.android.settings.Settings (server),reason=NOT_FOCUSABLE]
02-09 05:09:32.028 I/input_focus( 1511): [Focus entering recents_animation_input_consumer (server),reason=setFocusedWindow]
02-09 05:09:32.029 I/input_interaction( 1511): Interaction with: edge-swipe (server), swipe-up (server), PointerEventDispatcher0 (server),
02-09 05:09:32.038 I/sysui_multi_action( 1511): [319,9,322,47,325,2867,757,761,758,9,759,5,806,com.android.launcher3,871,com.android.launcher3.uioverrides.QuickstepLauncher,905,0,1320,4,1321,1]
02-09 05:09:32.217 I/commit_sys_config_file( 1511): [settings-1-0,4]
02-09 05:09:32.335 I/sysui_latency( 1511): [8,58]
02-09 05:09:32.799 I/wm_task_moved( 1511): [1,1,6]
02-09 05:09:32.800 I/wm_task_moved( 1511): [8,1,2147483647]
02-09 05:09:32.800 I/wm_task_to_front( 1511): [0,8]
02-09 05:09:32.800 I/wm_focused_root_task( 1511): [0,0,1,14,RecentsAnimation.onAnimationFinished()]
02-09 05:09:32.800 I/wm_set_resumed_activity( 1511): [0,com.android.launcher3/.uioverrides.QuickstepLauncher,RecentsAnimation.onAnimationFinished()]
02-09 05:09:32.800 I/wm_on_top_resumed_lost_called( 5001): [71928698,com.android.settings.Settings,topStateChangedWhenResumed]
02-09 05:09:32.801 I/wm_pause_activity( 1511): [0,71928698,com.android.settings/.Settings,userLeaving=true,pauseBackTasks]
02-09 05:09:32.802 I/wm_add_to_stopping( 1511): [0,71928698,com.android.settings/.Settings,makeInvisible]
02-09 05:09:32.803 I/wm_set_resumed_activity( 1511): [0,com.android.launcher3/.uioverrides.QuickstepLauncher,resumeTopActivityInnerLocked]
02-09 05:09:32.805 I/wm_resume_activity( 1511): [0,204923478,8,com.android.launcher3/.uioverrides.QuickstepLauncher]
02-09 05:09:32.806 I/wm_on_resume_called( 2559): [204923478,com.android.launcher3.uioverrides.QuickstepLauncher,RESUME_ACTIVITY]
02-09 05:09:32.810 I/input_focus( 1511): [Focus request 584aa45 com.android.launcher3/com.android.launcher3.uioverrides.QuickstepLauncher,reason=UpdateInputWindows]
02-09 05:09:32.812 I/sysui_multi_action( 5001): [757,35,758,2,1089,11316]
02-09 05:09:32.813 I/sysui_multi_action( 5001): [757,3000,758,2,1089,10012]
02-09 05:09:32.813 I/wm_on_paused_called( 5001): [71928698,com.android.settings.Settings,performPause]
02-09 05:09:32.814 I/wm_on_top_resumed_gained_called( 2559): [204923478,com.android.launcher3.uioverrides.QuickstepLauncher,topStateChangedWhenResumed]
02-09 05:09:32.815 I/input_focus( 1511): [Focus leaving recents_animation_input_consumer (server),reason=NOT_VISIBLE]
02-09 05:09:32.819 I/wm_stop_activity( 1511): [0,71928698,com.android.settings/.Settings]
02-09 05:09:32.820 I/sysui_multi_action( 1511): [757,803,799,window_time_0,802,11]
02-09 05:09:32.822 I/sysui_multi_action( 1511): [757,803,799,window_time_0,802,0]
02-09 05:09:32.830 I/input_focus( 1511): [Focus entering 584aa45 com.android.launcher3/com.android.launcher3.uioverrides.QuickstepLauncher (server),reason=setFocusedWindow]
02-09 05:09:32.843 I/wm_on_stop_called( 5001): [71928698,com.android.settings.Settings,STOP_ACTIVITY_ITEM]
02-09 05:09:32.910 I/input_interaction( 1511): Interaction with: 584aa45 com.android.launcher3/com.android.launcher3.uioverrides.QuickstepLauncher (server), 4aad3d7 com.android.systemui.ImageWallpaper (server), edge-swipe (server), swipe-up (server), PointerEventDispatcher0 (server),
02-09 05:09:33.029 I/wm_task_created( 1511): [21,-1]
02-09 05:09:33.031 I/wm_task_moved( 1511): [21,1,7]
02-09 05:09:33.031 I/wm_task_to_front( 1511): [0,21]
02-09 05:09:33.031 I/wm_create_task( 1511): [0,21]
02-09 05:09:33.031 I/wm_create_activity( 1511): [0,27840304,21,com.tencent.tmgp.sgame/.SGameActivity,android.intent.action.MAIN,NULL,NULL,270532608]
02-09 05:09:33.031 I/wm_task_moved( 1511): [21,1,7]
02-09 05:09:33.032 I/wm_pause_activity( 1511): [0,204923478,com.android.launcher3/.uioverrides.QuickstepLauncher,userLeaving=true,pauseBackTasks]
02-09 05:09:33.034 I/wm_on_top_resumed_lost_called( 2559): [204923478,com.android.launcher3.uioverrides.QuickstepLauncher,topStateChangedWhenResumed]
02-09 05:09:33.035 I/am_uid_running( 1511): 10096
02-09 05:09:33.035 I/wm_on_paused_called( 2559): [204923478,com.android.launcher3.uioverrides.QuickstepLauncher,performPause]
02-09 05:09:33.038 I/wm_add_to_stopping( 1511): [0,204923478,com.android.launcher3/.uioverrides.QuickstepLauncher,makeInvisible]
02-09 05:09:33.039 I/sysui_multi_action( 1511): [757,803,799,window_time_0,802,1]
02-09 05:09:33.041 I/am_proc_start( 1511): [0,5884,10096,com.tencent.tmgp.sgame,pre-top-activity,{com.tencent.tmgp.sgame/com.tencent.tmgp.sgame.SGameActivity}]
02-09 05:09:33.061 I/am_proc_bound( 1511): [0,5884,com.tencent.tmgp.sgame]
02-09 05:09:33.064 I/wm_restart_activity( 1511): [0,27840304,21,com.tencent.tmgp.sgame/.SGameActivity]
02-09 05:09:33.065 I/wm_set_resumed_activity( 1511): [0,com.tencent.tmgp.sgame/.SGameActivity,minimalResumeActivityLocked]
02-09 05:09:33.066 I/input_focus( 1511): [Focus leaving 584aa45 com.android.launcher3/com.android.launcher3.uioverrides.QuickstepLauncher (server),reason=NO_WINDOW]
02-09 05:09:33.066 I/am_uid_active( 1511): 10096
02-09 05:09:33.273 I/commit_sys_config_file( 1511): [settings-1-0,1]
02-09 05:09:33.289 I/wm_on_create_called( 5884): [27840304,com.tencent.tmgp.sgame.SGameActivity,performCreate]
02-09 05:09:33.290 I/wm_on_start_called( 5884): [27840304,com.tencent.tmgp.sgame.SGameActivity,handleStartActivity]
02-09 05:09:33.290 I/wm_on_resume_called( 5884): [27840304,com.tencent.tmgp.sgame.SGameActivity,RESUME_ACTIVITY]
02-09 05:09:33.291 I/wm_on_top_resumed_gained_called( 5884): [27840304,com.tencent.tmgp.sgame.SGameActivity,topStateChangedWhenResumed]
02-09 05:09:33.317 I/input_focus( 1511): [Focus request 6e3bcfd com.tencent.tmgp.sgame/com.tencent.tmgp.sgame.SGameActivity,reason=UpdateInputWindows]
02-09 05:09:33.358 I/sysui_multi_action( 1511): [319,28,321,26,322,330,325,2868,757,761,758,7,759,1,806,com.tencent.tmgp.sgame,871,com.tencent.tmgp.sgame.SGameActivity,904,com.android.launcher3,905,0,945,34,1320,4,1321,4]
02-09 05:09:33.359 I/wm_activity_launch_time( 1511): [0,27840304,com.tencent.tmgp.sgame/.SGameActivity,330]
02-09 05:09:33.382 I/input_focus( 1511): [Focus entering 6e3bcfd com.tencent.tmgp.sgame/com.tencent.tmgp.sgame.SGameActivity (server),reason=setFocusedWindow]
02-09 05:09:33.582 I/wm_stop_activity( 1511): [0,204923478,com.android.launcher3/.uioverrides.QuickstepLauncher]
02-09 05:09:33.623 I/wm_on_stop_called( 2559): [204923478,com.android.launcher3.uioverrides.QuickstepLauncher,STOP_ACTIVITY_ITEM]
02-09 05:09:35.308 I/input_interaction( 1511): Interaction with: 1b2853 gamemode.floatview (server), edge-swipe (server), swipe-up (server), PointerEventDispatcher0 (server),
02-09 05:09:43.090 I/commit_sys_config_file( 1511): [package-user-0,3]
02-09 05:09:43.920 I/input_interaction( 1511): Interaction with: b181d52 gamemode.menuview (server), edge-swipe (server), swipe-up (server), PointerEventDispatcher0 (server),
02-09 05:09:45.741 I/input_interaction( 1511): Interaction with: 6e3bcfd com.tencent.tmgp.sgame/com.tencent.tmgp.sgame.SGameActivity (server), edge-swipe (server), swipe-up (server), PointerEventDispatcher0 (server),
02-09 05:09:45.745 I/wm_task_moved( 1511): [1,0,0]
02-09 05:09:45.745 I/wm_task_moved( 1511): [1,0,6]
02-09 05:09:45.767 I/view_enqueue_input_event( 5884): [Motion - Cancel,com.tencent.tmgp.sgame/com.tencent.tmgp.sgame.SGameActivity]
02-09 05:09:45.768 I/input_focus( 1511): [Focus request recents_animation_input_consumer,reason=UpdateInputWindows]
02-09 05:09:45.774 I/wm_on_restart_called( 2559): [204923478,com.android.launcher3.uioverrides.QuickstepLauncher,performRestartActivity]
02-09 05:09:45.780 I/input_interaction( 1511): Interaction with: edge-swipe (server), swipe-up (server), PointerEventDispatcher0 (server),
02-09 05:09:45.787 I/wm_on_start_called( 2559): [204923478,com.android.launcher3.uioverrides.QuickstepLauncher,handleStartActivity]
02-09 05:09:45.811 I/input_focus( 1511): [Focus leaving 6e3bcfd com.tencent.tmgp.sgame/com.tencent.tmgp.sgame.SGameActivity (server),reason=NOT_FOCUSABLE]
02-09 05:09:45.811 I/input_focus( 1511): [Focus entering recents_animation_input_consumer (server),reason=setFocusedWindow]
02-09 05:09:45.812 I/sysui_latency( 2559): [1,70]
02-09 05:09:45.817 I/sysui_multi_action( 1511): [319,3,322,70,325,2880,757,761,758,9,759,5,806,com.android.launcher3,871,com.android.launcher3.uioverrides.QuickstepLauncher,905,0,1320,4,1321,1]
02-09 05:09:45.987 I/commit_sys_config_file( 1511): [settings-1-0,1]
02-09 05:09:46.117 I/sysui_latency( 1511): [8,73]
02-09 05:09:46.512 I/wm_task_moved( 1511): [1,1,7]
02-09 05:09:46.513 I/wm_focused_root_task( 1511): [0,0,1,21,RecentsAnimation.onAnimationFinished()]
02-09 05:09:46.513 I/wm_on_top_resumed_lost_called( 5884): [27840304,com.tencent.tmgp.sgame.SGameActivity,topStateChangedWhenResumed]
02-09 05:09:46.513 I/wm_pause_activity( 1511): [0,27840304,com.tencent.tmgp.sgame/.SGameActivity,userLeaving=false,pauseBackTasks]
02-09 05:09:46.514 I/wm_set_resumed_activity( 1511): [0,com.android.launcher3/.uioverrides.QuickstepLauncher,resumeTopActivityInnerLocked]
02-09 05:09:46.516 I/wm_resume_activity( 1511): [0,204923478,8,com.android.launcher3/.uioverrides.QuickstepLauncher]
02-09 05:09:46.516 I/wm_add_to_stopping( 1511): [0,27840304,com.tencent.tmgp.sgame/.SGameActivity,makeInvisible]
02-09 05:09:46.516 I/wm_on_resume_called( 2559): [204923478,com.android.launcher3.uioverrides.QuickstepLauncher,RESUME_ACTIVITY]
02-09 05:09:46.518 I/input_focus( 1511): [Focus request 584aa45 com.android.launcher3/com.android.launcher3.uioverrides.QuickstepLauncher,reason=UpdateInputWindows]
02-09 05:09:46.519 I/wm_on_paused_called( 5884): [27840304,com.tencent.tmgp.sgame.SGameActivity,performPause]
02-09 05:09:46.519 I/sysui_multi_action( 1511): [757,803,799,window_time_0,802,13]
02-09 05:09:46.522 I/wm_stop_activity( 1511): [0,27840304,com.tencent.tmgp.sgame/.SGameActivity]
02-09 05:09:46.523 I/sysui_multi_action( 1511): [757,803,799,window_time_0,802,0]
02-09 05:09:46.529 I/am_pss ( 1511): [4907,10044,com.thundercomm.screensaver,28693504,21962752,506880,141864960,0,19,6]
02-09 05:09:46.547 I/input_focus( 1511): [Focus leaving recents_animation_input_consumer (server),reason=NOT_VISIBLE]
02-09 05:09:46.547 I/input_focus( 1511): [Focus entering 584aa45 com.android.launcher3/com.android.launcher3.uioverrides.QuickstepLauncher (server),reason=setFocusedWindow]
02-09 05:09:46.553 I/wm_on_top_resumed_gained_called( 2559): [204923478,com.android.launcher3.uioverrides.QuickstepLauncher,topStateChangedWhenResumed]
02-09 05:09:46.555 I/wm_on_stop_called( 5884): [27840304,com.tencent.tmgp.sgame.SGameActivity,STOP_ACTIVITY_ITEM]
02-09 05:09:46.727 I/commit_sys_config_file( 1511): [settings-1-0,2]
02-09 05:09:47.047 I/input_interaction( 1511): Interaction with: 584aa45 com.android.launcher3/com.android.launcher3.uioverrides.QuickstepLauncher (server), 4aad3d7 com.android.systemui.ImageWallpaper (server), edge-swipe (server), swipe-up (server), PointerEventDispatcher0 (server),
02-09 05:09:47.156 I/wm_task_moved( 1511): [1,1,7]
02-09 05:09:47.156 I/wm_set_resumed_activity( 1511): [0,com.android.launcher3/.uioverrides.QuickstepLauncher,positionChildAt]
02-09 05:09:47.156 I/wm_task_moved( 1511): [14,1,7]
02-09 05:09:47.156 I/wm_task_to_front( 1511): [0,14]
02-09 05:09:47.156 I/wm_focused_root_task( 1511): [0,0,14,1,moveTaskToFront findTaskToMoveToFront]
02-09 05:09:47.156 I/wm_set_resumed_activity( 1511): [0,com.android.settings/.Settings,moveTaskToFront findTaskToMoveToFront]
02-09 05:09:47.157 I/wm_pause_activity( 1511): [0,204923478,com.android.launcher3/.uioverrides.QuickstepLauncher,userLeaving=true,pauseBackTasks]
02-09 05:09:47.158 I/wm_on_top_resumed_lost_called( 2559): [204923478,com.android.launcher3.uioverrides.QuickstepLauncher,topStateChangedWhenResumed]
02-09 05:09:47.159 I/wm_on_paused_called( 2559): [204923478,com.android.launcher3.uioverrides.QuickstepLauncher,performPause]
02-09 05:09:47.161 I/wm_set_resumed_activity( 1511): [0,com.android.settings/.Settings,resumeTopActivityInnerLocked]
02-09 05:09:47.161 I/wm_add_to_stopping( 1511): [0,204923478,com.android.launcher3/.uioverrides.QuickstepLauncher,makeInvisible]
02-09 05:09:47.162 I/wm_resume_activity( 1511): [0,71928698,14,com.android.settings/.Settings]
02-09 05:09:47.165 I/wm_on_restart_called( 5001): [71928698,com.android.settings.Settings,performRestartActivity]
02-09 05:09:47.166 I/wm_on_start_called( 5001): [71928698,com.android.settings.Settings,handleStartActivity]
02-09 05:09:47.166 I/snet_event_log( 5001): [120484087,-1,]
02-09 05:09:47.167 I/wm_on_resume_called( 5001): [71928698,com.android.settings.Settings,RESUME_ACTIVITY]
02-09 05:09:47.168 I/sysui_multi_action( 5001): [757,35,758,1,833,0,1089,0]
02-09 05:09:47.168 I/sysui_multi_action( 5001): [757,3000,758,1,833,0,1089,0]
02-09 05:09:47.169 I/wm_on_top_resumed_gained_called( 5001): [71928698,com.android.settings.Settings,topWhenResuming]
02-09 05:09:47.174 I/sysui_multi_action( 1511): [757,803,799,window_time_0,802,1]
02-09 05:09:47.181 I/input_focus( 1511): [Focus leaving 584aa45 com.android.launcher3/com.android.launcher3.uioverrides.QuickstepLauncher (server),reason=NO_WINDOW]
02-09 05:09:47.182 I/input_focus( 1511): [Focus request a0c4eda com.android.settings/com.android.settings.Settings,reason=UpdateInputWindows]
02-09 05:09:47.193 I/sysui_multi_action( 1511): [319,13,321,11,322,35,325,2882,757,761,758,9,759,4,806,com.android.settings,871,com.android.settings.Settings,904,com.android.launcher3,905,0,1320,4,1321,1]
02-09 05:09:47.198 I/input_focus( 1511): [Focus entering a0c4eda com.android.settings/com.android.settings.Settings (server),reason=setFocusedWindow]
02-09 05:09:47.515 I/wm_stop_activity( 1511): [0,204923478,com.android.launcher3/.uioverrides.QuickstepLauncher]
02-09 05:09:47.536 I/wm_on_stop_called( 2559): [204923478,com.android.launcher3.uioverrides.QuickstepLauncher,STOP_ACTIVITY_ITEM]
02-09 05:09:48.168 I/input_interaction( 1511): Interaction with: a0c4eda com.android.settings/com.android.settings.Settings (server), edge-swipe (server), swipe-up (server), PointerEventDispatcher0 (server),
02-09 05:09:49.091 I/wm_task_moved( 1511): [1,0,0]
02-09 05:09:49.091 I/wm_task_moved( 1511): [1,0,6]
02-09 05:09:49.101 I/wm_on_restart_called( 2559): [204923478,com.android.launcher3.uioverrides.QuickstepLauncher,performRestartActivity]
02-09 05:09:49.114 I/wm_on_start_called( 2559): [204923478,com.android.launcher3.uioverrides.QuickstepLauncher,handleStartActivity]
02-09 05:09:49.128 I/sysui_multi_action( 1511): [319,3,322,36,325,2884,757,761,758,9,759,5,806,com.android.launcher3,871,com.android.launcher3.uioverrides.QuickstepLauncher,905,0,1320,4,1321,1]
02-09 05:09:49.140 I/view_enqueue_input_event( 5001): [Motion - Cancel,com.android.settings/com.android.settings.Settings]
02-09 05:09:49.142 I/sysui_latency( 2559): [1,37]
02-09 05:09:49.142 I/input_focus( 1511): [Focus request recents_animation_input_consumer,reason=UpdateInputWindows]
02-09 05:09:49.154 I/input_interaction( 1511): Interaction with: edge-swipe (server), swipe-up (server), PointerEventDispatcher0 (server),
02-09 05:09:49.169 I/input_focus( 1511): [Focus leaving a0c4eda com.android.settings/com.android.settings.Settings (server),reason=NOT_FOCUSABLE]
02-09 05:09:49.169 I/input_focus( 1511): [Focus entering recents_animation_input_consumer (server),reason=setFocusedWindow]
02-09 05:09:49.315 I/commit_sys_config_file( 1511): [settings-1-0,1]
02-09 05:09:49.429 I/sysui_latency( 1511): [8,39]
02-09 05:09:49.770 I/wm_task_moved( 1511): [1,1,7]
02-09 05:09:49.771 I/wm_focused_root_task( 1511): [0,0,1,14,RecentsAnimation.onAnimationFinished()]
02-09 05:09:49.771 I/wm_on_top_resumed_lost_called( 5001): [71928698,com.android.settings.Settings,topStateChangedWhenResumed]
02-09 05:09:49.772 I/wm_pause_activity( 1511): [0,71928698,com.android.settings/.Settings,userLeaving=false,pauseBackTasks]
02-09 05:09:49.772 I/wm_set_resumed_activity( 1511): [0,com.android.launcher3/.uioverrides.QuickstepLauncher,resumeTopActivityInnerLocked]
02-09 05:09:49.773 I/wm_resume_activity( 1511): [0,204923478,8,com.android.launcher3/.uioverrides.QuickstepLauncher]
02-09 05:09:49.773 I/wm_add_to_stopping( 1511): [0,71928698,com.android.settings/.Settings,makeInvisible]
02-09 05:09:49.773 I/wm_on_resume_called( 2559): [204923478,com.android.launcher3.uioverrides.QuickstepLauncher,RESUME_ACTIVITY]
02-09 05:09:49.775 I/input_focus( 1511): [Focus request 584aa45 com.android.launcher3/com.android.launcher3.uioverrides.QuickstepLauncher,reason=UpdateInputWindows]
02-09 05:09:49.776 I/sysui_multi_action( 5001): [757,35,758,2,1089,2608]
02-09 05:09:49.776 I/sysui_multi_action( 5001): [757,3000,758,2,1089,2608]
