02-09 05:38:41.860 I/wm_on_top_resumed_gained_called( 4907): [1937668,android.service.dreams.DreamActivity,topStateChangedWhenResumed]
02-09 05:38:41.861 W/ContextImpl( 2089): Calling a method in the system process without a qualified user: android.app.ContextImpl.startService:1816 android.content.ContextWrapper.startService:774 com.thundercomm.gamemode.ingame.services.GameModeActionUtils.startGameModeService:111 com.thundercomm.gamemode.ingame.services.GameModeActionUtils.startGameModeEntry:22 com.thundercomm.gamemode.ingame.services.ActivityMonitoringService$1.onActivityLaunch:139
02-09 05:38:41.863 I/GameModeConfig( 1511): Current uri is uri = content://com.thundercomm.gamemode.api/gamemode_settings/gamemode_isgaming
02-09 05:38:41.864 I/am_pss ( 1511): [8881,10065,com.android.calendar,6575104,4517888,0,90177536,0,19,5]
02-09 05:38:41.864 I/GameModeConfig( 1511): isGameModeOn = true
02-09 05:38:41.864 I/GameModeConfig( 1511): isGaming = false
02-09 05:38:41.864 I/GameModeConfig( 1511): isGameModeOn = true
02-09 05:38:41.864 I/GameModeConfig( 1511): isGaming = false
02-09 05:38:41.864 I/GameModeConfig( 1511): isDisableVoice = true
02-09 05:38:41.870 I/am_pss ( 1511): [8867,1000,com.android.settings,17114112,14872576,0,103931904,0,19,5]
02-09 05:38:41.876 I/input_focus( 1511): [Focus request 15e9fb3 com.thundercomm.screensaver/android.service.dreams.DreamActivity,reason=UpdateInputWindows]
02-09 05:38:41.876 I/am_pss ( 1511): [8872,10067,com.android.deskclock,7629824,4984832,0,93089792,0,19,5]
02-09 05:38:41.885 I/input_focus( 1511): [Focus leaving 584aa45 com.android.launcher3/com.android.launcher3.uioverrides.QuickstepLauncher (server),reason=NO_WINDOW]
02-09 05:38:41.885 V/DisplayPowerController[0]( 1511): Brightness [1.0] reason changing to: 'manual', previous reason: 'manual [ dim ]'.
02-09 05:38:41.885 I/sysui_multi_action( 1511): [757,1696,758,6,759,3]
02-09 05:38:41.886 I/sysui_multi_action( 1511): [319,43,322,43,325,4616,757,761,758,8,759,2,806,com.thundercomm.screensaver,871,android.service.dreams.DreamActivity,904,com.thundercomm.screensaver,905,0,1320,4,1321,2]
02-09 05:38:41.886 I/wm_activity_launch_time( 1511): [0,1937668,com.thundercomm.screensaver/android.service.dreams.DreamActivity,43]
02-09 05:38:41.900 E/DisplayDeviceConfig( 1511): requesting nits when no mapping exists.
02-09 05:38:41.900 E/DisplayDeviceConfig( 1511): requesting nits when no mapping exists.
02-09 05:38:41.900 I/am_wtf ( 1511): [0,1511,system_server,-1,DisplayDeviceConfig,requesting nits when no mapping exists.]
02-09 05:38:41.900 I/service_manager_stats( 1511): [115,59,7045]
02-09 05:38:41.900 I/am_wtf ( 1511): [0,1511,system_server,-1,DisplayDeviceConfig,requesting nits when no mapping exists.]
02-09 05:38:41.916 E/DisplayDeviceConfig( 1511): requesting nits when no mapping exists.
02-09 05:38:41.916 I/am_wtf ( 1511): [0,1511,system_server,-1,DisplayDeviceConfig,requesting nits when no mapping exists.]
02-09 05:38:41.916 E/DisplayDeviceConfig( 1511): requesting nits when no mapping exists.
02-09 05:38:41.917 I/am_wtf ( 1511): [0,1511,system_server,-1,DisplayDeviceConfig,requesting nits when no mapping exists.]
02-09 05:38:41.917 I/input_focus( 1511): [Focus entering 15e9fb3 com.thundercomm.screensaver/android.service.dreams.DreamActivity (server),reason=Window became focusable. Previous reason: NOT_VISIBLE]
02-09 05:38:41.933 E/DisplayDeviceConfig( 1511): requesting nits when no mapping exists.
02-09 05:38:41.933 E/DisplayDeviceConfig( 1511): requesting nits when no mapping exists.
02-09 05:38:41.933 I/am_wtf ( 1511): [0,1511,system_server,-1,DisplayDeviceConfig,requesting nits when no mapping exists.]
02-09 05:38:41.933 I/am_wtf ( 1511): [0,1511,system_server,-1,DisplayDeviceConfig,requesting nits when no mapping exists.]
02-09 05:38:41.950 E/DisplayDeviceConfig( 1511): requesting nits when no mapping exists.
02-09 05:38:41.950 E/DisplayDeviceConfig( 1511): requesting nits when no mapping exists.
02-09 05:38:41.950 I/am_wtf ( 1511): [0,1511,system_server,-1,DisplayDeviceConfig,requesting nits when no mapping exists.]
02-09 05:38:41.950 I/am_wtf ( 1511): [0,1511,system_server,-1,DisplayDeviceConfig,requesting nits when no mapping exists.]
02-09 05:38:41.957 W/ContextImpl( 2089): Calling a method in the system process without a qualified user: android.app.ContextImpl.startService:1816 android.content.ContextWrapper.startService:774 com.thundercomm.gamemode.ingame.services.GameModeActionUtils.startGameModeService:111 com.thundercomm.gamemode.ingame.services.GameModeActionUtils.startGameModeEntry:22 com.thundercomm.gamemode.ingame.services.ActivityMonitoringService$1.onActivityLaunch:139
02-09 05:38:41.958 I/GameModeConfig( 1511): Current uri is uri = content://com.thundercomm.gamemode.api/gamemode_settings/gamemode_isgaming
02-09 05:38:41.959 I/GameModeConfig( 1511): isGameModeOn = true
02-09 05:38:41.959 I/GameModeConfig( 1511): isGaming = false
02-09 05:38:41.959 I/GameModeConfig( 1511): isGameModeOn = true
02-09 05:38:41.959 I/GameModeConfig( 1511): isGaming = false
02-09 05:38:41.959 I/GameModeConfig( 1511): isDisableVoice = true
02-09 05:38:41.967 E/DisplayDeviceConfig( 1511): requesting nits when no mapping exists.
02-09 05:38:41.967 E/DisplayDeviceConfig( 1511): requesting nits when no mapping exists.
02-09 05:38:41.967 I/am_wtf ( 1511): [0,1511,system_server,-1,DisplayDeviceConfig,requesting nits when no mapping exists.]
02-09 05:38:41.968 I/am_wtf ( 1511): [0,1511,system_server,-1,DisplayDeviceConfig,requesting nits when no mapping exists.]
02-09 05:38:41.983 E/DisplayDeviceConfig( 1511): requesting nits when no mapping exists.
02-09 05:38:41.983 I/am_wtf ( 1511): [0,1511,system_server,-1,DisplayDeviceConfig,requesting nits when no mapping exists.]
02-09 05:38:41.983 E/DisplayDeviceConfig( 1511): requesting nits when no mapping exists.
02-09 05:38:41.984 I/am_wtf ( 1511): [0,1511,system_server,-1,DisplayDeviceConfig,requesting nits when no mapping exists.]
02-09 05:38:42.000 E/DisplayDeviceConfig( 1511): requesting nits when no mapping exists.
02-09 05:38:42.001 E/DisplayDeviceConfig( 1511): requesting nits when no mapping exists.
02-09 05:38:42.001 I/am_wtf ( 1511): [0,1511,system_server,-1,DisplayDeviceConfig,requesting nits when no mapping exists.]
02-09 05:38:42.001 I/am_wtf ( 1511): [0,1511,system_server,-1,DisplayDeviceConfig,requesting nits when no mapping exists.]
02-09 05:38:42.017 E/DisplayDeviceConfig( 1511): requesting nits when no mapping exists.
02-09 05:38:42.017 E/DisplayDeviceConfig( 1511): requesting nits when no mapping exists.
02-09 05:38:42.017 I/am_wtf ( 1511): [0,1511,system_server,-1,DisplayDeviceConfig,requesting nits when no mapping exists.]
02-09 05:38:42.017 I/am_wtf ( 1511): [0,1511,system_server,-1,DisplayDeviceConfig,requesting nits when no mapping exists.]
02-09 05:38:42.033 E/DisplayDeviceConfig( 1511): requesting nits when no mapping exists.
02-09 05:38:42.034 E/DisplayDeviceConfig( 1511): requesting nits when no mapping exists.
02-09 05:38:42.034 I/am_wtf ( 1511): [0,1511,system_server,-1,DisplayDeviceConfig,requesting nits when no mapping exists.]
02-09 05:38:42.034 I/am_wtf ( 1511): [0,1511,system_server,-1,DisplayDeviceConfig,requesting nits when no mapping exists.]
02-09 05:38:42.050 E/DisplayDeviceConfig( 1511): requesting nits when no mapping exists.
02-09 05:38:42.050 E/DisplayDeviceConfig( 1511): requesting nits when no mapping exists.
02-09 05:38:42.050 I/am_wtf ( 1511): [0,1511,system_server,-1,DisplayDeviceConfig,requesting nits when no mapping exists.]
02-09 05:38:42.051 I/am_wtf ( 1511): [0,1511,system_server,-1,DisplayDeviceConfig,requesting nits when no mapping exists.]
02-09 05:38:42.067 E/DisplayDeviceConfig( 1511): requesting nits when no mapping exists.
02-09 05:38:42.067 E/DisplayDeviceConfig( 1511): requesting nits when no mapping exists.
02-09 05:38:42.067 I/am_wtf ( 1511): [0,1511,system_server,-1,DisplayDeviceConfig,requesting nits when no mapping exists.]
02-09 05:38:42.067 I/am_wtf ( 1511): [0,1511,system_server,-1,DisplayDeviceConfig,requesting nits when no mapping exists.]
02-09 05:38:42.084 E/DisplayDeviceConfig( 1511): requesting nits when no mapping exists.
02-09 05:38:42.084 E/DisplayDeviceConfig( 1511): requesting nits when no mapping exists.
02-09 05:38:42.084 I/am_wtf ( 1511): [0,1511,system_server,-1,DisplayDeviceConfig,requesting nits when no mapping exists.]
02-09 05:38:42.084 I/am_wtf ( 1511): [0,1511,system_server,-1,DisplayDeviceConfig,requesting nits when no mapping exists.]
02-09 05:38:42.100 E/DisplayDeviceConfig( 1511): requesting nits when no mapping exists.
02-09 05:38:42.100 E/DisplayDeviceConfig( 1511): requesting nits when no mapping exists.
02-09 05:38:42.100 I/am_wtf ( 1511): [0,1511,system_server,-1,DisplayDeviceConfig,requesting nits when no mapping exists.]
02-09 05:38:42.101 I/am_wtf ( 1511): [0,1511,system_server,-1,DisplayDeviceConfig,requesting nits when no mapping exists.]
02-09 05:38:42.117 E/DisplayDeviceConfig( 1511): requesting nits when no mapping exists.
02-09 05:38:42.117 E/DisplayDeviceConfig( 1511): requesting nits when no mapping exists.
02-09 05:38:42.117 I/am_wtf ( 1511): [0,1511,system_server,-1,DisplayDeviceConfig,requesting nits when no mapping exists.]
02-09 05:38:42.117 I/am_wtf ( 1511): [0,1511,system_server,-1,DisplayDeviceConfig,requesting nits when no mapping exists.]
02-09 05:38:42.134 E/DisplayDeviceConfig( 1511): requesting nits when no mapping exists.
02-09 05:38:42.134 E/DisplayDeviceConfig( 1511): requesting nits when no mapping exists.
02-09 05:38:42.134 I/am_wtf ( 1511): [0,1511,system_server,-1,DisplayDeviceConfig,requesting nits when no mapping exists.]
02-09 05:38:42.134 I/am_wtf ( 1511): [0,1511,system_server,-1,DisplayDeviceConfig,requesting nits when no mapping exists.]
02-09 05:38:42.150 E/DisplayDeviceConfig( 1511): requesting nits when no mapping exists.
02-09 05:38:42.151 E/DisplayDeviceConfig( 1511): requesting nits when no mapping exists.
02-09 05:38:42.151 I/am_wtf ( 1511): [0,1511,system_server,-1,DisplayDeviceConfig,requesting nits when no mapping exists.]
02-09 05:38:42.151 I/am_wtf ( 1511): [0,1511,system_server,-1,DisplayDeviceConfig,requesting nits when no mapping exists.]
02-09 05:38:42.168 E/DisplayDeviceConfig( 1511): requesting nits when no mapping exists.
02-09 05:38:42.168 E/DisplayDeviceConfig( 1511): requesting nits when no mapping exists.
02-09 05:38:42.168 I/am_wtf ( 1511): [0,1511,system_server,-1,DisplayDeviceConfig,requesting nits when no mapping exists.]
02-09 05:38:42.168 I/am_wtf ( 1511): [0,1511,system_server,-1,DisplayDeviceConfig,requesting nits when no mapping exists.]
02-09 05:38:42.185 E/DisplayDeviceConfig( 1511): requesting nits when no mapping exists.
02-09 05:38:42.185 I/am_wtf ( 1511): [0,1511,system_server,-1,DisplayDeviceConfig,requesting nits when no mapping exists.]
02-09 05:38:42.185 E/DisplayDeviceConfig( 1511): requesting nits when no mapping exists.
02-09 05:38:42.186 I/am_wtf ( 1511): [0,1511,system_server,-1,DisplayDeviceConfig,requesting nits when no mapping exists.]
02-09 05:38:42.186 I/wm_stop_activity( 1511): [0,204923478,com.android.launcher3/.uioverrides.QuickstepLauncher]
02-09 05:38:42.201 E/DisplayDeviceConfig( 1511): requesting nits when no mapping exists.
02-09 05:38:42.201 E/DisplayDeviceConfig( 1511): requesting nits when no mapping exists.
02-09 05:38:42.201 I/am_wtf ( 1511): [0,1511,system_server,-1,DisplayDeviceConfig,requesting nits when no mapping exists.]
02-09 05:38:42.202 I/am_wtf ( 1511): [0,1511,system_server,-1,DisplayDeviceConfig,requesting nits when no mapping exists.]
02-09 05:38:42.205 I/wm_on_stop_called( 2559): [204923478,com.android.launcher3.uioverrides.QuickstepLauncher,STOP_ACTIVITY_ITEM]
02-09 05:38:42.217 E/DisplayDeviceConfig( 1511): requesting nits when no mapping exists.
02-09 05:38:42.218 E/DisplayDeviceConfig( 1511): requesting nits when no mapping exists.
02-09 05:38:42.218 I/am_wtf ( 1511): [0,1511,system_server,-1,DisplayDeviceConfig,requesting nits when no mapping exists.]
02-09 05:38:42.219 I/am_wtf ( 1511): [0,1511,system_server,-1,DisplayDeviceConfig,requesting nits when no mapping exists.]
02-09 05:38:42.221 W/ContextImpl( 2089): Calling a method in the system process without a qualified user: android.app.ContextImpl.startService:1816 android.content.ContextWrapper.startService:774 com.thundercomm.gamemode.ingame.services.GameModeActionUtils.startGameModeService:111 com.thundercomm.gamemode.ingame.services.GameModeActionUtils.startGameModeEntry:22 com.thundercomm.gamemode.ingame.services.ActivityMonitoringService$1.onActivityLaunch:139
02-09 05:38:42.223 I/GameModeConfig( 1511): Current uri is uri = content://com.thundercomm.gamemode.api/gamemode_settings/gamemode_isgaming
02-09 05:38:42.223 I/GameModeConfig( 1511): isGameModeOn = true
02-09 05:38:42.223 I/GameModeConfig( 1511): isGaming = false
02-09 05:38:42.223 I/GameModeConfig( 1511): isGameModeOn = true
02-09 05:38:42.223 I/GameModeConfig( 1511): isGaming = false
02-09 05:38:42.223 I/GameModeConfig( 1511): isDisableVoice = true
02-09 05:38:42.234 E/DisplayDeviceConfig( 1511): requesting nits when no mapping exists.
02-09 05:38:42.234 E/DisplayDeviceConfig( 1511): requesting nits when no mapping exists.
02-09 05:38:42.234 I/am_wtf ( 1511): [0,1511,system_server,-1,DisplayDeviceConfig,requesting nits when no mapping exists.]
02-09 05:38:42.234 I/am_wtf ( 1511): [0,1511,system_server,-1,DisplayDeviceConfig,requesting nits when no mapping exists.]
02-09 05:38:42.251 E/DisplayDeviceConfig( 1511): requesting nits when no mapping exists.
02-09 05:38:42.251 E/DisplayDeviceConfig( 1511): requesting nits when no mapping exists.
02-09 05:38:42.251 I/am_wtf ( 1511): [0,1511,system_server,-1,DisplayDeviceConfig,requesting nits when no mapping exists.]
02-09 05:38:42.251 I/am_wtf ( 1511): [0,1511,system_server,-1,DisplayDeviceConfig,requesting nits when no mapping exists.]
02-09 05:38:42.268 E/DisplayDeviceConfig( 1511): requesting nits when no mapping exists.
02-09 05:38:42.268 E/DisplayDeviceConfig( 1511): requesting nits when no mapping exists.
02-09 05:38:42.268 I/am_wtf ( 1511): [0,1511,system_server,-1,DisplayDeviceConfig,requesting nits when no mapping exists.]
02-09 05:38:42.268 I/am_wtf ( 1511): [0,1511,system_server,-1,DisplayDeviceConfig,requesting nits when no mapping exists.]
02-09 05:38:42.284 E/DisplayDeviceConfig( 1511): requesting nits when no mapping exists.
02-09 05:38:42.284 E/DisplayDeviceConfig( 1511): requesting nits when no mapping exists.
02-09 05:38:42.284 I/am_wtf ( 1511): [0,1511,system_server,-1,DisplayDeviceConfig,requesting nits when no mapping exists.]
02-09 05:38:42.285 I/am_wtf ( 1511): [0,1511,system_server,-1,DisplayDeviceConfig,requesting nits when no mapping exists.]
02-09 05:38:42.302 E/DisplayDeviceConfig( 1511): requesting nits when no mapping exists.
02-09 05:38:42.302 E/DisplayDeviceConfig( 1511): requesting nits when no mapping exists.
02-09 05:38:42.302 I/am_wtf ( 1511): [0,1511,system_server,-1,DisplayDeviceConfig,requesting nits when no mapping exists.]
02-09 05:38:42.302 I/am_wtf ( 1511): [0,1511,system_server,-1,DisplayDeviceConfig,requesting nits when no mapping exists.]
02-09 05:38:42.318 E/DisplayDeviceConfig( 1511): requesting nits when no mapping exists.
02-09 05:38:42.318 E/DisplayDeviceConfig( 1511): requesting nits when no mapping exists.
02-09 05:38:42.318 I/am_wtf ( 1511): [0,1511,system_server,-1,DisplayDeviceConfig,requesting nits when no mapping exists.]
02-09 05:38:42.319 I/am_wtf ( 1511): [0,1511,system_server,-1,DisplayDeviceConfig,requesting nits when no mapping exists.]
02-09 05:38:42.335 E/DisplayDeviceConfig( 1511): requesting nits when no mapping exists.
02-09 05:38:42.335 E/DisplayDeviceConfig( 1511): requesting nits when no mapping exists.
02-09 05:38:42.335 I/am_wtf ( 1511): [0,1511,system_server,-1,DisplayDeviceConfig,requesting nits when no mapping exists.]
02-09 05:38:42.335 I/am_wtf ( 1511): [0,1511,system_server,-1,DisplayDeviceConfig,requesting nits when no mapping exists.]
02-09 05:38:42.352 E/DisplayDeviceConfig( 1511): requesting nits when no mapping exists.
02-09 05:38:42.352 E/DisplayDeviceConfig( 1511): requesting nits when no mapping exists.
02-09 05:38:42.352 I/am_wtf ( 1511): [0,1511,system_server,-1,DisplayDeviceConfig,requesting nits when no mapping exists.]
02-09 05:38:42.352 I/am_wtf ( 1511): [0,1511,system_server,-1,DisplayDeviceConfig,requesting nits when no mapping exists.]
02-09 05:38:42.368 E/DisplayDeviceConfig( 1511): requesting nits when no mapping exists.
02-09 05:38:42.369 E/DisplayDeviceConfig( 1511): requesting nits when no mapping exists.
02-09 05:38:42.369 I/am_wtf ( 1511): [0,1511,system_server,-1,DisplayDeviceConfig,requesting nits when no mapping exists.]
02-09 05:38:42.369 I/am_wtf ( 1511): [0,1511,system_server,-1,DisplayDeviceConfig,requesting nits when no mapping exists.]
02-09 05:38:42.385 E/DisplayDeviceConfig( 1511): requesting nits when no mapping exists.
02-09 05:38:42.385 E/DisplayDeviceConfig( 1511): requesting nits when no mapping exists.
02-09 05:38:42.385 I/am_wtf ( 1511): [0,1511,system_server,-1,DisplayDeviceConfig,requesting nits when no mapping exists.]
02-09 05:38:42.385 I/am_wtf ( 1511): [0,1511,system_server,-1,DisplayDeviceConfig,requesting nits when no mapping exists.]
02-09 05:38:42.402 E/DisplayDeviceConfig( 1511): requesting nits when no mapping exists.
02-09 05:38:42.402 E/DisplayDeviceConfig( 1511): requesting nits when no mapping exists.
02-09 05:38:42.402 I/am_wtf ( 1511): [0,1511,system_server,-1,DisplayDeviceConfig,requesting nits when no mapping exists.]
02-09 05:38:42.402 I/am_wtf ( 1511): [0,1511,system_server,-1,DisplayDeviceConfig,requesting nits when no mapping exists.]
02-09 05:38:42.419 E/DisplayDeviceConfig( 1511): requesting nits when no mapping exists.
02-09 05:38:42.419 E/DisplayDeviceConfig( 1511): requesting nits when no mapping exists.
02-09 05:38:42.419 I/am_wtf ( 1511): [0,1511,system_server,-1,DisplayDeviceConfig,requesting nits when no mapping exists.]
02-09 05:38:42.419 I/am_wtf ( 1511): [0,1511,system_server,-1,DisplayDeviceConfig,requesting nits when no mapping exists.]
02-09 05:38:42.435 E/DisplayDeviceConfig( 1511): requesting nits when no mapping exists.
02-09 05:38:42.435 E/DisplayDeviceConfig( 1511): requesting nits when no mapping exists.
02-09 05:38:42.435 I/am_wtf ( 1511): [0,1511,system_server,-1,DisplayDeviceConfig,requesting nits when no mapping exists.]
02-09 05:38:42.436 I/am_wtf ( 1511): [0,1511,system_server,-1,DisplayDeviceConfig,requesting nits when no mapping exists.]
02-09 05:38:42.452 E/DisplayDeviceConfig( 1511): requesting nits when no mapping exists.
02-09 05:38:42.452 E/DisplayDeviceConfig( 1511): requesting nits when no mapping exists.
02-09 05:38:42.452 I/am_wtf ( 1511): [0,1511,system_server,-1,DisplayDeviceConfig,requesting nits when no mapping exists.]
02-09 05:38:42.452 I/am_wtf ( 1511): [0,1511,system_server,-1,DisplayDeviceConfig,requesting nits when no mapping exists.]
02-09 05:38:42.469 E/DisplayDeviceConfig( 1511): requesting nits when no mapping exists.
02-09 05:38:42.469 E/DisplayDeviceConfig( 1511): requesting nits when no mapping exists.
02-09 05:38:42.469 I/am_wtf ( 1511): [0,1511,system_server,-1,DisplayDeviceConfig,requesting nits when no mapping exists.]
02-09 05:38:42.469 I/am_wtf ( 1511): [0,1511,system_server,-1,DisplayDeviceConfig,requesting nits when no mapping exists.]
02-09 05:38:42.485 E/DisplayDeviceConfig( 1511): requesting nits when no mapping exists.
02-09 05:38:42.485 E/DisplayDeviceConfig( 1511): requesting nits when no mapping exists.
02-09 05:38:42.485 I/am_wtf ( 1511): [0,1511,system_server,-1,DisplayDeviceConfig,requesting nits when no mapping exists.]
02-09 05:38:42.486 I/am_wtf ( 1511): [0,1511,system_server,-1,DisplayDeviceConfig,requesting nits when no mapping exists.]
02-09 05:38:42.502 E/DisplayDeviceConfig( 1511): requesting nits when no mapping exists.
02-09 05:38:42.502 E/DisplayDeviceConfig( 1511): requesting nits when no mapping exists.
02-09 05:38:42.502 I/am_wtf ( 1511): [0,1511,system_server,-1,DisplayDeviceConfig,requesting nits when no mapping exists.]
02-09 05:38:42.502 I/am_wtf ( 1511): [0,1511,system_server,-1,DisplayDeviceConfig,requesting nits when no mapping exists.]
02-09 05:38:42.518 E/DisplayDeviceConfig( 1511): requesting nits when no mapping exists.
02-09 05:38:42.518 E/DisplayDeviceConfig( 1511): requesting nits when no mapping exists.
02-09 05:38:42.518 I/am_wtf ( 1511): [0,1511,system_server,-1,DisplayDeviceConfig,requesting nits when no mapping exists.]
02-09 05:38:42.519 I/am_wtf ( 1511): [0,1511,system_server,-1,DisplayDeviceConfig,requesting nits when no mapping exists.]
02-09 05:38:42.535 E/DisplayDeviceConfig( 1511): requesting nits when no mapping exists.
02-09 05:38:42.535 E/DisplayDeviceConfig( 1511): requesting nits when no mapping exists.
02-09 05:38:42.535 I/am_wtf ( 1511): [0,1511,system_server,-1,DisplayDeviceConfig,requesting nits when no mapping exists.]
02-09 05:38:42.536 I/am_wtf ( 1511): [0,1511,system_server,-1,DisplayDeviceConfig,requesting nits when no mapping exists.]
02-09 05:38:42.552 E/DisplayDeviceConfig( 1511): requesting nits when no mapping exists.
02-09 05:38:42.552 I/am_wtf ( 1511): [0,1511,system_server,-1,DisplayDeviceConfig,requesting nits when no mapping exists.]
02-09 05:38:42.552 E/DisplayDeviceConfig( 1511): requesting nits when no mapping exists.
02-09 05:38:42.553 I/am_wtf ( 1511): [0,1511,system_server,-1,DisplayDeviceConfig,requesting nits when no mapping exists.]
02-09 05:38:42.569 E/DisplayDeviceConfig( 1511): requesting nits when no mapping exists.
02-09 05:38:42.569 E/DisplayDeviceConfig( 1511): requesting nits when no mapping exists.
02-09 05:38:42.569 I/am_wtf ( 1511): [0,1511,system_server,-1,DisplayDeviceConfig,requesting nits when no mapping exists.]
02-09 05:38:42.569 I/am_wtf ( 1511): [0,1511,system_server,-1,DisplayDeviceConfig,requesting nits when no mapping exists.]
02-09 05:38:42.585 E/DisplayDeviceConfig( 1511): requesting nits when no mapping exists.
02-09 05:38:42.585 E/DisplayDeviceConfig( 1511): requesting nits when no mapping exists.
02-09 05:38:42.585 I/am_wtf ( 1511): [0,1511,system_server,-1,DisplayDeviceConfig,requesting nits when no mapping exists.]
02-09 05:38:42.586 I/am_wtf ( 1511): [0,1511,system_server,-1,DisplayDeviceConfig,requesting nits when no mapping exists.]
02-09 05:38:42.602 E/DisplayDeviceConfig( 1511): requesting nits when no mapping exists.
02-09 05:38:42.602 E/DisplayDeviceConfig( 1511): requesting nits when no mapping exists.
02-09 05:38:42.602 I/am_wtf ( 1511): [0,1511,system_server,-1,DisplayDeviceConfig,requesting nits when no mapping exists.]
02-09 05:38:42.603 I/am_wtf ( 1511): [0,1511,system_server,-1,DisplayDeviceConfig,requesting nits when no mapping exists.]
02-09 05:38:42.619 E/DisplayDeviceConfig( 1511): requesting nits when no mapping exists.
02-09 05:38:42.619 E/DisplayDeviceConfig( 1511): requesting nits when no mapping exists.
02-09 05:38:42.619 I/am_wtf ( 1511): [0,1511,system_server,-1,DisplayDeviceConfig,requesting nits when no mapping exists.]
02-09 05:38:42.619 I/am_wtf ( 1511): [0,1511,system_server,-1,DisplayDeviceConfig,requesting nits when no mapping exists.]
02-09 05:38:42.636 E/DisplayDeviceConfig( 1511): requesting nits when no mapping exists.
02-09 05:38:42.636 E/DisplayDeviceConfig( 1511): requesting nits when no mapping exists.
02-09 05:38:42.636 I/am_wtf ( 1511): [0,1511,system_server,-1,DisplayDeviceConfig,requesting nits when no mapping exists.]
02-09 05:38:42.636 I/am_wtf ( 1511): [0,1511,system_server,-1,DisplayDeviceConfig,requesting nits when no mapping exists.]
02-09 05:38:42.652 E/DisplayDeviceConfig( 1511): requesting nits when no mapping exists.
02-09 05:38:42.652 I/am_wtf ( 1511): [0,1511,system_server,-1,DisplayDeviceConfig,requesting nits when no mapping exists.]
02-09 05:38:42.652 E/DisplayDeviceConfig( 1511): requesting nits when no mapping exists.
02-09 05:38:42.652 I/am_wtf ( 1511): [0,1511,system_server,-1,DisplayDeviceConfig,requesting nits when no mapping exists.]
02-09 05:38:42.669 E/DisplayDeviceConfig( 1511): requesting nits when no mapping exists.
02-09 05:38:42.669 E/DisplayDeviceConfig( 1511): requesting nits when no mapping exists.
02-09 05:38:42.669 I/am_wtf ( 1511): [0,1511,system_server,-1,DisplayDeviceConfig,requesting nits when no mapping exists.]
02-09 05:38:42.669 I/am_wtf ( 1511): [0,1511,system_server,-1,DisplayDeviceConfig,requesting nits when no mapping exists.]
02-09 05:38:42.685 E/DisplayDeviceConfig( 1511): requesting nits when no mapping exists.
02-09 05:38:42.685 E/DisplayDeviceConfig( 1511): requesting nits when no mapping exists.
02-09 05:38:42.685 I/am_wtf ( 1511): [0,1511,system_server,-1,DisplayDeviceConfig,requesting nits when no mapping exists.]
02-09 05:38:42.686 I/am_wtf ( 1511): [0,1511,system_server,-1,DisplayDeviceConfig,requesting nits when no mapping exists.]
02-09 05:38:42.702 E/DisplayDeviceConfig( 1511): requesting nits when no mapping exists.
02-09 05:38:42.702 I/am_wtf ( 1511): [0,1511,system_server,-1,DisplayDeviceConfig,requesting nits when no mapping exists.]
02-09 05:38:42.702 E/DisplayDeviceConfig( 1511): requesting nits when no mapping exists.
02-09 05:38:42.702 I/am_wtf ( 1511): [0,1511,system_server,-1,DisplayDeviceConfig,requesting nits when no mapping exists.]
02-09 05:38:42.719 E/DisplayDeviceConfig( 1511): requesting nits when no mapping exists.
02-09 05:38:42.719 E/DisplayDeviceConfig( 1511): requesting nits when no mapping exists.
02-09 05:38:42.719 I/am_wtf ( 1511): [0,1511,system_server,-1,DisplayDeviceConfig,requesting nits when no mapping exists.]
02-09 05:38:42.719 I/am_wtf ( 1511): [0,1511,system_server,-1,DisplayDeviceConfig,requesting nits when no mapping exists.]
02-09 05:38:42.735 E/DisplayDeviceConfig( 1511): requesting nits when no mapping exists.
02-09 05:38:42.735 E/DisplayDeviceConfig( 1511): requesting nits when no mapping exists.
02-09 05:38:42.735 I/am_wtf ( 1511): [0,1511,system_server,-1,DisplayDeviceConfig,requesting nits when no mapping exists.]
02-09 05:38:42.736 I/am_wtf ( 1511): [0,1511,system_server,-1,DisplayDeviceConfig,requesting nits when no mapping exists.]
02-09 05:38:42.752 E/DisplayDeviceConfig( 1511): requesting nits when no mapping exists.
02-09 05:38:42.752 I/am_wtf ( 1511): [0,1511,system_server,-1,DisplayDeviceConfig,requesting nits when no mapping exists.]
02-09 05:38:42.752 E/DisplayDeviceConfig( 1511): requesting nits when no mapping exists.
02-09 05:38:42.752 I/am_wtf ( 1511): [0,1511,system_server,-1,DisplayDeviceConfig,requesting nits when no mapping exists.]
02-09 05:38:42.769 E/DisplayDeviceConfig( 1511): requesting nits when no mapping exists.
02-09 05:38:42.769 E/DisplayDeviceConfig( 1511): requesting nits when no mapping exists.
02-09 05:38:42.769 I/am_wtf ( 1511): [0,1511,system_server,-1,DisplayDeviceConfig,requesting nits when no mapping exists.]
02-09 05:38:42.769 I/am_wtf ( 1511): [0,1511,system_server,-1,DisplayDeviceConfig,requesting nits when no mapping exists.]
02-09 05:38:42.785 E/DisplayDeviceConfig( 1511): requesting nits when no mapping exists.
02-09 05:38:42.786 E/DisplayDeviceConfig( 1511): requesting nits when no mapping exists.
02-09 05:38:42.786 I/am_wtf ( 1511): [0,1511,system_server,-1,DisplayDeviceConfig,requesting nits when no mapping exists.]
02-09 05:38:42.786 I/am_wtf ( 1511): [0,1511,system_server,-1,DisplayDeviceConfig,requesting nits when no mapping exists.]
02-09 05:38:42.802 E/DisplayDeviceConfig( 1511): requesting nits when no mapping exists.
02-09 05:38:42.802 E/DisplayDeviceConfig( 1511): requesting nits when no mapping exists.
02-09 05:38:42.802 I/am_wtf ( 1511): [0,1511,system_server,-1,DisplayDeviceConfig,requesting nits when no mapping exists.]
02-09 05:38:42.802 I/am_wtf ( 1511): [0,1511,system_server,-1,DisplayDeviceConfig,requesting nits when no mapping exists.]
02-09 05:38:42.819 E/DisplayDeviceConfig( 1511): requesting nits when no mapping exists.
02-09 05:38:42.819 E/DisplayDeviceConfig( 1511): requesting nits when no mapping exists.
02-09 05:38:42.820 I/am_wtf ( 1511): [0,1511,system_server,-1,DisplayDeviceConfig,requesting nits when no mapping exists.]
02-09 05:38:42.820 I/am_wtf ( 1511): [0,1511,system_server,-1,DisplayDeviceConfig,requesting nits when no mapping exists.]
02-09 05:38:42.835 E/DisplayDeviceConfig( 1511): requesting nits when no mapping exists.
02-09 05:38:42.836 E/DisplayDeviceConfig( 1511): requesting nits when no mapping exists.
02-09 05:38:42.836 I/am_wtf ( 1511): [0,1511,system_server,-1,DisplayDeviceConfig,requesting nits when no mapping exists.]
02-09 05:38:42.836 I/am_wtf ( 1511): [0,1511,system_server,-1,DisplayDeviceConfig,requesting nits when no mapping exists.]
02-09 05:38:45.823 I/input_interaction( 1511): Interaction with: 15e9fb3 com.thundercomm.screensaver/android.service.dreams.DreamActivity (server), edge-swipe (server), swipe-up (server), PointerEventDispatcher0 (server),
02-09 05:38:45.827 I/wm_finish_activity( 1511): [0,1937668,40,com.thundercomm.screensaver/android.service.dreams.DreamActivity,finish-activity]
02-09 05:38:45.827 I/wm_task_moved( 1511): [1,1,13]
02-09 05:38:45.828 I/wm_task_moved( 1511): [8,1,2147483647]
02-09 05:38:45.828 I/wm_task_to_front( 1511): [0,8]
02-09 05:38:45.828 I/wm_focused_root_task( 1511): [0,0,1,40,finish-top adjustFocusToNextFocusableTask]
02-09 05:38:45.829 I/wm_set_resumed_activity( 1511): [0,com.android.launcher3/.uioverrides.QuickstepLauncher,finish-top adjustFocusToNextFocusableTask]
02-09 05:38:45.830 I/wm_pause_activity( 1511): [0,1937668,com.thundercomm.screensaver/android.service.dreams.DreamActivity,userLeaving=false,finish]
02-09 05:38:45.835 I/DreamManagerService( 1511): Gently waking up from dream.
02-09 05:38:45.836 I/DreamManagerService( 1511): Performing gentle wake from dream.
02-09 05:38:45.837 I/wm_on_top_resumed_lost_called( 4907): [1937668,android.service.dreams.DreamActivity,topStateChangedWhenResumed]
02-09 05:38:45.837 I/sysui_multi_action( 1511): [757,803,799,window_time_0,802,4]
02-09 05:38:45.838 I/wm_on_paused_called( 4907): [1937668,android.service.dreams.DreamActivity,performPause]
02-09 05:38:45.838 I/wm_add_to_stopping( 1511): [0,1937668,com.thundercomm.screensaver/android.service.dreams.DreamActivity,completeFinishing]
02-09 05:38:45.839 I/ActivityTaskManager( 1511): FOREGROUND_APPLICATION_CHANGED to com.android.launcher3.uioverrides.QuickstepLauncher
02-09 05:38:45.842 I/wm_set_resumed_activity( 1511): [0,com.android.launcher3/.uioverrides.QuickstepLauncher,resumeTopActivityInnerLocked]
02-09 05:38:45.844 I/wm_resume_activity( 1511): [0,204923478,8,com.android.launcher3/.uioverrides.QuickstepLauncher]
02-09 05:38:45.849 I/sysui_multi_action( 1511): [757,803,799,window_time_0,802,0]
02-09 05:38:45.853 W/ContextImpl( 2089): Calling a method in the system process without a qualified user: android.app.ContextImpl.startService:1816 android.content.ContextWrapper.startService:774 com.thundercomm.gamemode.ingame.services.GameModeActionUtils.startGameModeService:111 com.thundercomm.gamemode.ingame.services.GameModeActionUtils.startGameModeEntry:22 com.thundercomm.gamemode.ingame.services.ActivityMonitoringService$1.onActivityLaunch:139
02-09 05:38:45.858 I/GameModeConfig( 1511): Current uri is uri = content://com.thundercomm.gamemode.api/gamemode_settings/gamemode_isgaming
02-09 05:38:45.860 I/GameModeConfig( 1511): isGameModeOn = true
02-09 05:38:45.860 I/view_enqueue_input_event( 4907): [Motion - Cancel,com.thundercomm.screensaver/android.service.dreams.DreamActivity]
02-09 05:38:45.860 I/GameModeConfig( 1511): isGaming = false
02-09 05:38:45.861 I/GameModeConfig( 1511): isGameModeOn = true
02-09 05:38:45.861 I/GameModeConfig( 1511): isGaming = false
02-09 05:38:45.861 I/input_focus( 1511): [Focus leaving 15e9fb3 com.thundercomm.screensaver/android.service.dreams.DreamActivity (server),reason=NO_WINDOW]
02-09 05:38:45.861 I/GameModeConfig( 1511): isDisableVoice = true
02-09 05:38:45.862 I/wm_on_restart_called( 2559): [204923478,com.android.launcher3.uioverrides.QuickstepLauncher,performRestartActivity]
02-09 05:38:45.862 I/wm_on_start_called( 2559): [204923478,com.android.launcher3.uioverrides.QuickstepLauncher,handleStartActivity]
02-09 05:38:45.862 I/wm_on_resume_called( 2559): [204923478,com.android.launcher3.uioverrides.QuickstepLauncher,RESUME_ACTIVITY]
02-09 05:38:45.862 I/wm_on_top_resumed_gained_called( 2559): [204923478,com.android.launcher3.uioverrides.QuickstepLauncher,topWhenResuming]
02-09 05:38:45.873 I/input_interaction( 1511): Interaction with: edge-swipe (server), swipe-up (server), PointerEventDispatcher0 (server),
02-09 05:38:45.881 I/input_focus( 1511): [Focus request 584aa45 com.android.launcher3/com.android.launcher3.uioverrides.QuickstepLauncher,reason=UpdateInputWindows]
02-09 05:38:45.895 I/PowerManagerService( 1511): Powering on display group fromDreaming (groupId=0, uid=1000, reason=WAKE_REASON_UNKNOWN, details=android.server.power:DREAM_FINISHED)...
02-09 05:38:45.895 I/PowerManagerService( 1511): Waking up from Dreaming (uid=1000, reason=WAKE_REASON_UNKNOWN, details=android.server.power:DREAM_FINISHED)...
02-09 05:38:45.911 I/input_focus( 1511): [Focus entering 584aa45 com.android.launcher3/com.android.launcher3.uioverrides.QuickstepLauncher (server),reason=Window became focusable. Previous reason: NOT_VISIBLE]
02-09 05:38:45.953 W/ContextImpl( 2089): Calling a method in the system process without a qualified user: android.app.ContextImpl.startService:1816 android.content.ContextWrapper.startService:774 com.thundercomm.gamemode.ingame.services.GameModeActionUtils.startGameModeService:111 com.thundercomm.gamemode.ingame.services.GameModeActionUtils.startGameModeEntry:22 com.thundercomm.gamemode.ingame.services.ActivityMonitoringService$1.onActivityLaunch:139
02-09 05:38:45.957 I/GameModeConfig( 1511): Current uri is uri = content://com.thundercomm.gamemode.api/gamemode_settings/gamemode_isgaming
02-09 05:38:45.959 I/GameModeConfig( 1511): isGameModeOn = true
02-09 05:38:45.959 I/GameModeConfig( 1511): isGaming = false
02-09 05:38:45.959 I/GameModeConfig( 1511): isGameModeOn = true
02-09 05:38:45.959 I/GameModeConfig( 1511): isGaming = false
02-09 05:38:45.959 I/GameModeConfig( 1511): isDisableVoice = true
02-09 05:38:46.130 I/wm_destroy_activity( 1511): [0,1937668,40,com.thundercomm.screensaver/android.service.dreams.DreamActivity,finish-imm:idle]
02-09 05:38:46.138 W/ContextImpl( 2089): Calling a method in the system process without a qualified user: android.app.ContextImpl.startService:1816 android.content.ContextWrapper.startService:774 com.thundercomm.gamemode.ingame.services.GameModeActionUtils.startGameModeService:111 com.thundercomm.gamemode.ingame.services.GameModeActionUtils.startGameModeEntry:22 com.thundercomm.gamemode.ingame.services.ActivityMonitoringService$1.onActivityLaunch:139
02-09 05:38:46.141 I/GameModeConfig( 1511): Current uri is uri = content://com.thundercomm.gamemode.api/gamemode_settings/gamemode_isgaming
02-09 05:38:46.142 I/GameModeConfig( 1511): isGameModeOn = true
02-09 05:38:46.142 I/GameModeConfig( 1511): isGaming = false
02-09 05:38:46.142 I/GameModeConfig( 1511): isGameModeOn = true
02-09 05:38:46.142 I/GameModeConfig( 1511): isGaming = false
02-09 05:38:46.142 I/GameModeConfig( 1511): isDisableVoice = true
02-09 05:38:46.153 I/wm_on_stop_called( 4907): [1937668,android.service.dreams.DreamActivity,LIFECYCLER_STOP_ACTIVITY]
02-09 05:38:46.153 I/wm_on_destroy_called( 4907): [1937668,android.service.dreams.DreamActivity,performDestroy]
02-09 05:38:46.155 I/DreamManagerService( 1511): Leaving dreamland.
02-09 05:38:46.156 I/DreamManagerService( 1511): Performing gentle wake from dream.
02-09 05:38:46.156 I/DreamController( 1511): Stopping dream: name=ComponentInfo{com.thundercomm.screensaver/com.thundercomm.saverclock.service.ClockScreensaver}, isTest=false, canDoze=false, userId=0, reason='finished self'(from 'finished self')
02-09 05:38:46.156 I/sysui_multi_action( 1511): [757,222,758,2]
02-09 05:38:46.157 I/sysui_multi_action( 1511): [757,804,799,dreaming_minutes,801,0,802,1]
02-09 05:38:46.164 I/wm_task_removed( 1511): [40,removeChild:removeChild last r=ActivityRecord{1d9104 u0 com.thundercomm.screensaver/android.service.dreams.DreamActivity t-1 f}} in t=Task{47a3a59 #40 type=dream A=10044:android:com.thundercomm.screensaver/dream U=0 visible=false mode=fullscreen translucent=true sz=0}]
02-09 05:38:46.164 I/wm_task_removed( 1511): [40,removeChild]
02-09 05:38:46.166 W/ActivityTaskManager( 1511): Can't find TaskDisplayArea to determine support for multi window. Task id=40 attached=false
02-09 05:38:46.593 I/input_interaction( 1511): Interaction with: 584aa45 com.android.launcher3/com.android.launcher3.uioverrides.QuickstepLauncher (server), 4aad3d7 com.android.systemui.ImageWallpaper (server), edge-swipe (server), swipe-up (server), PointerEventDispatcher0 (server),
02-09 05:38:46.632 W/FreeFormWindowHelper( 1511): Current Display FreeFormTask is null
02-09 05:38:46.632 W/FreeFormWindowHelper( 1511): Current Display FreeFormTask is null
02-09 05:38:46.650 W/FreeFormWindowHelper( 1511): Current Display FreeFormTask is null
02-09 05:38:46.650 W/FreeFormWindowHelper( 1511): Current Display FreeFormTask is null
02-09 05:38:46.651 I/view_enqueue_input_event( 2559): [Motion - Cancel,com.android.launcher3/com.android.launcher3.uioverrides.QuickstepLauncher]
02-09 05:38:46.651 W/FreeFormWindowHelper( 1511): Current Display FreeFormTask is null
02-09 05:38:46.652 W/FreeFormWindowHelper( 1511): Current Display FreeFormTask is null
02-09 05:38:46.652 W/FreeFormWindowHelper( 1511): Current Display FreeFormTask is null
02-09 05:38:46.659 I/input_interaction( 1511): Interaction with: edge-swipe (server), swipe-up (server), PointerEventDispatcher0 (server),
02-09 05:38:46.662 W/FreeFormWindowHelper( 1511): Current Display FreeFormTask is null
02-09 05:38:46.663 W/FreeFormWindowHelper( 1511): Current Display FreeFormTask is null
02-09 05:38:46.679 W/FreeFormWindowHelper( 1511): Current Display FreeFormTask is null
02-09 05:38:46.679 W/FreeFormWindowHelper( 1511): Current Display FreeFormTask is null
02-09 05:38:46.838 I/commit_sys_config_file( 1511): [settings-1-0,6]
02-09 05:38:46.921 I/service_manager_stats( 1511): [121,29,5021]
02-09 05:38:47.050 W/FreeFormWindowHelper( 1511): Current Display FreeFormTask is null
02-09 05:38:47.050 W/FreeFormWindowHelper( 1511): Current Display FreeFormTask is null
02-09 05:38:47.066 W/FreeFormWindowHelper( 1511): Current Display FreeFormTask is null
02-09 05:38:47.066 W/FreeFormWindowHelper( 1511): Current Display FreeFormTask is null
02-09 05:38:47.082 W/FreeFormWindowHelper( 1511): Current Display FreeFormTask is null
02-09 05:38:47.082 W/FreeFormWindowHelper( 1511): Current Display FreeFormTask is null
02-09 05:38:47.099 W/FreeFormWindowHelper( 1511): Current Display FreeFormTask is null
02-09 05:38:47.099 W/FreeFormWindowHelper( 1511): Current Display FreeFormTask is null
02-09 05:38:47.116 W/FreeFormWindowHelper( 1511): Current Display FreeFormTask is null
02-09 05:38:47.116 W/FreeFormWindowHelper( 1511): Current Display FreeFormTask is null
02-09 05:38:47.133 W/FreeFormWindowHelper( 1511): Current Display FreeFormTask is null
02-09 05:38:47.133 W/FreeFormWindowHelper( 1511): Current Display FreeFormTask is null
02-09 05:38:47.149 W/FreeFormWindowHelper( 1511): Current Display FreeFormTask is null
02-09 05:38:47.149 W/FreeFormWindowHelper( 1511): Current Display FreeFormTask is null
02-09 05:38:47.165 W/FreeFormWindowHelper( 1511): Current Display FreeFormTask is null
02-09 05:38:47.166 W/FreeFormWindowHelper( 1511): Current Display FreeFormTask is null
02-09 05:38:47.182 W/FreeFormWindowHelper( 1511): Current Display FreeFormTask is null
02-09 05:38:47.182 W/FreeFormWindowHelper( 1511): Current Display FreeFormTask is null
02-09 05:38:47.199 W/FreeFormWindowHelper( 1511): Current Display FreeFormTask is null
02-09 05:38:47.200 W/FreeFormWindowHelper( 1511): Current Display FreeFormTask is null
02-09 05:38:47.216 W/FreeFormWindowHelper( 1511): Current Display FreeFormTask is null
02-09 05:38:47.216 W/FreeFormWindowHelper( 1511): Current Display FreeFormTask is null
02-09 05:38:47.232 W/FreeFormWindowHelper( 1511): Current Display FreeFormTask is null
02-09 05:38:47.233 W/FreeFormWindowHelper( 1511): Current Display FreeFormTask is null
02-09 05:38:47.238 I/commit_sys_config_file( 1511): [settings-1-0,4]
02-09 05:38:47.250 W/FreeFormWindowHelper( 1511): Current Display FreeFormTask is null
02-09 05:38:47.250 W/FreeFormWindowHelper( 1511): Current Display FreeFormTask is null
02-09 05:38:47.265 W/FreeFormWindowHelper( 1511): Current Display FreeFormTask is null
02-09 05:38:47.266 W/FreeFormWindowHelper( 1511): Current Display FreeFormTask is null
02-09 05:38:47.283 W/FreeFormWindowHelper( 1511): Current Display FreeFormTask is null
02-09 05:38:47.283 W/FreeFormWindowHelper( 1511): Current Display FreeFormTask is null
02-09 05:38:47.299 W/FreeFormWindowHelper( 1511): Current Display FreeFormTask is null
02-09 05:38:47.299 W/FreeFormWindowHelper( 1511): Current Display FreeFormTask is null
02-09 05:38:47.316 W/FreeFormWindowHelper( 1511): Current Display FreeFormTask is null
02-09 05:38:47.316 W/FreeFormWindowHelper( 1511): Current Display FreeFormTask is null
02-09 05:38:47.332 W/FreeFormWindowHelper( 1511): Current Display FreeFormTask is null
02-09 05:38:47.332 W/FreeFormWindowHelper( 1511): Current Display FreeFormTask is null
02-09 05:38:47.352 W/FreeFormWindowHelper( 1511): Current Display FreeFormTask is null
02-09 05:38:47.352 W/FreeFormWindowHelper( 1511): Current Display FreeFormTask is null
02-09 05:38:47.352 W/FreeFormWindowHelper( 1511): Current Display FreeFormTask is null
02-09 05:38:47.365 W/FreeFormWindowHelper( 1511): Current Display FreeFormTask is null
02-09 05:38:47.365 W/FreeFormWindowHelper( 1511): Current Display FreeFormTask is null
02-09 05:38:47.431 W/FreeFormWindowHelper( 1511): Current Display FreeFormTask is null
02-09 05:38:47.431 W/FreeFormWindowHelper( 1511): Current Display FreeFormTask is null
02-09 05:38:49.248 I/input_interaction( 1511): Interaction with: 584aa45 com.android.launcher3/com.android.launcher3.uioverrides.QuickstepLauncher (server), 4aad3d7 com.android.systemui.ImageWallpaper (server), edge-swipe (server), swipe-up (server), PointerEventDispatcher0 (server),
02-09 05:38:49.375 W/FreeFormWindowHelper( 1511): Current Display FreeFormTask is null
02-09 05:38:49.695 W/FreeFormWindowHelper( 1511): Current Display FreeFormTask is null
02-09 05:38:49.788 I/wm_finish_activity( 1511): [0,71928698,14,com.android.settings/.Settings,recent-task-trimmed]
02-09 05:38:49.791 I/wm_destroy_activity( 1511): [0,71928698,14,com.android.settings/.Settings,finish-imm:finishIfPossible]
02-09 05:38:49.792 W/UsageStatsService( 1511): Unexpected activity event reported! (com.android.settings/com.android.settings.homepage.SettingsHomepageActivity event : 23 instanceId : 247734543)
02-09 05:38:49.793 I/wm_task_removed( 1511): [14,removeChild:removeChild last r=ActivityRecord{4498b7a u0 com.android.settings/.Settings t-1 f}} in t=Task{6e63c34 #14 type=standard A=1000:com.android.settings.root U=0 visible=false mode=fullscreen translucent=true sz=0}]
02-09 05:38:49.793 I/wm_task_removed( 1511): [14,removeChild]
02-09 05:38:49.798 W/ActivityTaskManager( 1511): Can't find TaskDisplayArea to determine support for multi window. Task id=14 attached=false
02-09 05:38:49.798 W/ActivityTaskManager( 1511): Can't find TaskDisplayArea to determine support for multi window. Task id=14 attached=false
02-09 05:38:49.801 I/wm_finish_activity( 1511): [0,180513546,32,com.hht.lebocast/.GuidanceActivity,recent-task-trimmed]
02-09 05:38:49.803 I/wm_destroy_activity( 1511): [0,180513546,32,com.hht.lebocast/.GuidanceActivity,finish-imm:finishIfPossible]
02-09 05:38:49.805 I/wm_finish_activity( 1511): [0,90456601,34,com.android.music/.VideoBrowserActivity,recent-task-trimmed]
02-09 05:38:49.807 I/wm_destroy_activity( 1511): [0,90456601,34,com.android.music/.VideoBrowserActivity,finish-imm:finishIfPossible]
02-09 05:38:49.809 I/wm_finish_activity( 1511): [0,92136603,36,com.android.gallery3d/.app.GalleryActivity,recent-task-trimmed]
02-09 05:38:49.811 I/wm_destroy_activity( 1511): [0,92136603,36,com.android.gallery3d/.app.GalleryActivity,finish-imm:finishIfPossible]
02-09 05:38:49.813 I/wm_finish_activity( 1511): [0,27840304,21,com.tencent.tmgp.sgame/.SGameActivity,recent-task-trimmed]
02-09 05:38:49.814 I/wm_destroy_activity( 1511): [0,27840304,21,com.tencent.tmgp.sgame/.SGameActivity,finish-imm:finishIfPossible]
02-09 05:38:49.815 I/wm_finish_activity( 1511): [0,195377410,29,com.tencent.lolm/.lgame,recent-task-trimmed]
02-09 05:38:49.815 I/wm_on_destroy_called( 6595): [90456601,com.android.music.VideoBrowserActivity,performDestroy]
02-09 05:38:49.816 I/wm_destroy_activity( 1511): [0,195377410,29,com.tencent.lolm/.lgame,finish-imm:finishIfPossible]
02-09 05:38:49.817 I/wm_finish_activity( 1511): [0,231155608,35,com.android.music/.MusicBrowserActivity,recent-task-trimmed]
02-09 05:38:49.817 I/wm_destroy_activity( 1511): [0,231155608,35,com.android.music/.MusicBrowserActivity,finish-imm:finishIfPossible]
02-09 05:38:49.818 I/wm_finish_activity( 1511): [0,229301291,33,com.tencent.qqmusicpad/.activity.MainActivity,recent-task-trimmed]
02-09 05:38:49.819 I/wm_destroy_activity( 1511): [0,229301291,33,com.tencent.qqmusicpad/.activity.MainActivity,finish-imm:finishIfPossible]
02-09 05:38:49.819 I/wm_on_destroy_called( 5884): [27840304,com.tencent.tmgp.sgame.SGameActivity,performDestroy]
02-09 05:38:49.823 W/FreeFormWindowHelper( 1511): Current Display FreeFormTask is null
02-09 05:38:49.824 I/wm_on_destroy_called( 2738): [180513546,com.hht.lebocast.GuidanceActivity,performDestroy]
02-09 05:38:49.825 I/ActivityManager( 1511): Killing 8867:com.android.settings/1000 (adj 925): remove task
02-09 05:38:49.826 I/am_kill ( 1511): [0,8867,com.android.settings,925,remove task]
02-09 05:38:49.826 W/FreeFormWindowHelper( 1511): Current Display FreeFormTask is null
02-09 05:38:49.826 I/wm_on_destroy_called( 6616): [92136603,com.android.gallery3d.app.GalleryActivity,performDestroy]
02-09 05:38:49.832 I/sysui_multi_action( 1511): [757,803,799,window_time_0,802,4]
02-09 05:38:49.836 I/wm_task_removed( 1511): [34,removeChild:removeChild last r=ActivityRecord{5644219 u0 com.android.music/.VideoBrowserActivity t-1 f}} in t=Task{b331b51 #34 type=standard A=10088:android.task.video U=0 visible=false mode=fullscreen translucent=true sz=0}]
02-09 05:38:49.836 I/wm_task_removed( 1511): [34,removeChild]
02-09 05:38:49.842 I/wm_task_removed( 1511): [32,removeChild:removeChild last r=ActivityRecord{ac26b0a u0 com.hht.lebocast/.GuidanceActivity t-1 f}} in t=Task{d43b2f3 #32 type=standard A=10084:com.hht.lebocast U=0 visible=false mode=fullscreen translucent=true sz=0}]
02-09 05:38:49.842 I/wm_task_removed( 1511): [32,removeChild]
02-09 05:38:49.844 I/wm_task_removed( 1511): [36,removeChild:removeChild last r=ActivityRecord{57de49b u0 com.android.gallery3d/.app.GalleryActivity t-1 f}} in t=Task{7b0e54e #36 type=standard A=10064:com.android.gallery3d U=0 visible=false mode=fullscreen translucent=true sz=0}]
02-09 05:38:49.844 I/wm_task_removed( 1511): [36,removeChild]
02-09 05:38:49.848 W/ActivityTaskManager( 1511): Can't find TaskDisplayArea to determine support for multi window. Task id=34 attached=false
02-09 05:38:49.848 W/ActivityTaskManager( 1511): Can't find TaskDisplayArea to determine support for multi window. Task id=34 attached=false
02-09 05:38:49.848 W/ActivityTaskManager( 1511): Can't find TaskDisplayArea to determine support for multi window. Task id=32 attached=false
02-09 05:38:49.848 W/ActivityTaskManager( 1511): Can't find TaskDisplayArea to determine support for multi window. Task id=32 attached=false
02-09 05:38:49.848 W/ActivityTaskManager( 1511): Can't find TaskDisplayArea to determine support for multi window. Task id=36 attached=false
02-09 05:38:49.848 W/ActivityTaskManager( 1511): Can't find TaskDisplayArea to determine support for multi window. Task id=36 attached=false
02-09 05:38:49.850 I/wm_on_destroy_called( 6595): [231155608,com.android.music.MusicBrowserActivity,performDestroy]
02-09 05:38:49.850 I/sysui_multi_action( 1511): [757,803,799,window_time_0,802,0]
02-09 05:38:49.851 I/sysui_multi_action( 1511): [757,803,799,window_time_0,802,0]
02-09 05:38:49.851 I/ActivityManager( 1511): Killing 6616:com.android.gallery3d/u0a64 (adj 905): remove task
02-09 05:38:49.851 I/am_kill ( 1511): [0,6616,com.android.gallery3d,905,remove task]
02-09 05:38:49.856 I/wm_on_destroy_called( 7156): [229301291,com.tencent.qqmusicpad.activity.MainActivity,performDestroy]
02-09 05:38:49.861 I/sysui_multi_action( 1511): [757,803,799,window_time_0,802,0]
02-09 05:38:49.862 I/ActivityManager( 1511): Killing 5884:com.tencent.tmgp.sgame/u0a96 (adj 910): remove task
02-09 05:38:49.862 I/am_kill ( 1511): [0,5884,com.tencent.tmgp.sgame,910,remove task]
02-09 05:38:49.878 I/am_proc_died( 1511): [0,8867,com.android.settings,925,19]
02-09 05:38:49.880 I/wm_task_removed( 1511): [21,removeChild:removeChild last r=ActivityRecord{1a8cf30 u0 com.tencent.tmgp.sgame/.SGameActivity t-1 f}} in t=Task{8656cf4 #21 type=standard A=10096:com.tencent.tmgp.sgame U=0 visible=false mode=fullscreen translucent=true sz=0}]
02-09 05:38:49.880 I/wm_task_removed( 1511): [21,removeChild]
02-09 05:38:49.882 W/WindowManager( 1511): Failed looking up window session=Session{6a0f166 5884:u0a10096} callers=com.android.server.wm.WindowManagerService.windowForClientLocked:5628 com.android.server.wm.WindowManagerService.removeWindow:2033 com.android.server.wm.Session.remove:218
02-09 05:38:49.884 W/ActivityTaskManager( 1511): Can't find TaskDisplayArea to determine support for multi window. Task id=21 attached=false
