02-09 05:32:01.270 W/WindowManager( 1511): Failed looking up window session=Session{c1148b2 6616:u0a10064} callers=com.android.server.wm.WindowManagerService.windowForClientLocked:5628 com.android.server.wm.Session.insetsModified:629 android.view.IWindowSession$Stub.onTransact:1151
02-09 05:32:01.271 I/wm_on_top_resumed_gained_called( 6616): [92136603,com.android.gallery3d.app.GalleryActivity,topStateChangedWhenResumed]
02-09 05:32:01.278 I/input_focus( 1511): [Focus request 82cf95f com.android.gallery3d/com.android.gallery3d.app.GalleryActivity,reason=UpdateInputWindows]
02-09 05:32:01.316 I/sysui_multi_action( 1511): [319,31,321,30,322,99,325,4216,757,761,758,8,759,1,806,com.android.gallery3d,871,com.android.gallery3d.app.GalleryActivity,904,com.android.launcher3,905,0,1320,4,1321,1]
02-09 05:32:01.316 I/wm_activity_launch_time( 1511): [0,92136603,com.android.gallery3d/.app.GalleryActivity,99]
02-09 05:32:01.322 I/input_focus( 1511): [Focus entering 82cf95f com.android.gallery3d/com.android.gallery3d.app.GalleryActivity (server),reason=Window became focusable. Previous reason: NOT_VISIBLE]
02-09 05:32:01.334 W/ContextImpl( 2089): Calling a method in the system process without a qualified user: android.app.ContextImpl.startService:1816 android.content.ContextWrapper.startService:774 com.thundercomm.gamemode.ingame.services.GameModeActionUtils.startGameModeService:111 com.thundercomm.gamemode.ingame.services.GameModeActionUtils.startGameModeEntry:22 com.thundercomm.gamemode.ingame.services.ActivityMonitoringService$1.onActivityLaunch:139
02-09 05:32:01.336 I/GameModeConfig( 1511): Current uri is uri = content://com.thundercomm.gamemode.api/gamemode_settings/gamemode_isgaming
02-09 05:32:01.337 I/GameModeConfig( 1511): isGameModeOn = true
02-09 05:32:01.337 I/GameModeConfig( 1511): isGaming = false
02-09 05:32:01.337 I/GameModeConfig( 1511): isGameModeOn = true
02-09 05:32:01.337 I/GameModeConfig( 1511): isGaming = false
02-09 05:32:01.337 I/GameModeConfig( 1511): isDisableVoice = true
02-09 05:32:01.460 I/auditd ( 505): avc: denied { find } for interface=vendor.qti.qspmhal::IQspmhal sid=u:r:mediaserver:s0 pid=1196 scontext=u:r:mediaserver:s0 tcontext=u:object_r:vendor_hal_qspmhal_hwservice:s0 tclass=hwservice_manager permissive=0
02-09 05:32:01.773 I/wm_stop_activity( 1511): [0,204923478,com.android.launcher3/.uioverrides.QuickstepLauncher]
02-09 05:32:01.791 I/wm_on_stop_called( 2559): [204923478,com.android.launcher3.uioverrides.QuickstepLauncher,STOP_ACTIVITY_ITEM]
02-09 05:32:01.808 W/ContextImpl( 2089): Calling a method in the system process without a qualified user: android.app.ContextImpl.startService:1816 android.content.ContextWrapper.startService:774 com.thundercomm.gamemode.ingame.services.GameModeActionUtils.startGameModeService:111 com.thundercomm.gamemode.ingame.services.GameModeActionUtils.startGameModeEntry:22 com.thundercomm.gamemode.ingame.services.ActivityMonitoringService$1.onActivityLaunch:139
02-09 05:32:01.809 I/GameModeConfig( 1511): Current uri is uri = content://com.thundercomm.gamemode.api/gamemode_settings/gamemode_isgaming
02-09 05:32:01.810 I/GameModeConfig( 1511): isGameModeOn = true
02-09 05:32:01.810 I/GameModeConfig( 1511): isGaming = false
02-09 05:32:01.810 I/GameModeConfig( 1511): isGameModeOn = true
02-09 05:32:01.810 I/GameModeConfig( 1511): isGaming = false
02-09 05:32:01.810 I/GameModeConfig( 1511): isDisableVoice = true
02-09 05:32:02.404 I/input_interaction( 1511): Interaction with: 82cf95f com.android.gallery3d/com.android.gallery3d.app.GalleryActivity (server), edge-swipe (server), swipe-up (server), PointerEventDispatcher0 (server),
02-09 05:32:02.408 W/FreeFormWindowHelper( 1511): Current Display FreeFormTask is null
02-09 05:32:02.408 W/FreeFormWindowHelper( 1511): Current Display FreeFormTask is null
02-09 05:32:02.409 W/FreeFormWindowHelper( 1511): Current Display FreeFormTask is null
02-09 05:32:02.409 I/wm_task_moved( 1511): [1,0,0]
02-09 05:32:02.409 I/wm_task_moved( 1511): [1,0,12]
02-09 05:32:02.416 W/ContextImpl( 2089): Calling a method in the system process without a qualified user: android.app.ContextImpl.startService:1816 android.content.ContextWrapper.startService:774 com.thundercomm.gamemode.ingame.services.GameModeActionUtils.startGameModeService:111 com.thundercomm.gamemode.ingame.services.GameModeActionUtils.startGameModeEntry:22 com.thundercomm.gamemode.ingame.services.ActivityMonitoringService$1.onActivityLaunch:139
02-09 05:32:02.417 I/GameModeConfig( 1511): Current uri is uri = content://com.thundercomm.gamemode.api/gamemode_settings/gamemode_isgaming
02-09 05:32:02.418 I/GameModeConfig( 1511): isGameModeOn = true
02-09 05:32:02.418 I/GameModeConfig( 1511): isGaming = false
02-09 05:32:02.418 I/GameModeConfig( 1511): isGameModeOn = true
02-09 05:32:02.418 I/GameModeConfig( 1511): isGaming = false
02-09 05:32:02.418 I/GameModeConfig( 1511): isDisableVoice = true
02-09 05:32:02.423 I/wm_on_restart_called( 2559): [204923478,com.android.launcher3.uioverrides.QuickstepLauncher,performRestartActivity]
02-09 05:32:02.424 W/FreeFormWindowHelper( 1511): Current Display FreeFormTask is null
02-09 05:32:02.424 W/FreeFormWindowHelper( 1511): Current Display FreeFormTask is null
02-09 05:32:02.437 I/wm_on_start_called( 2559): [204923478,com.android.launcher3.uioverrides.QuickstepLauncher,handleStartActivity]
02-09 05:32:02.437 I/view_enqueue_input_event( 6616): [Motion - Cancel,com.android.gallery3d/com.android.gallery3d.app.GalleryActivity]
02-09 05:32:02.438 I/input_focus( 1511): [Focus request recents_animation_input_consumer,reason=UpdateInputWindows]
02-09 05:32:02.443 W/FreeFormWindowHelper( 1511): Current Display FreeFormTask is null
02-09 05:32:02.444 W/FreeFormWindowHelper( 1511): Current Display FreeFormTask is null
02-09 05:32:02.444 I/input_interaction( 1511): Interaction with: edge-swipe (server), swipe-up (server), PointerEventDispatcher0 (server),
02-09 05:32:02.444 I/sysui_latency( 2559): [1,40]
02-09 05:32:02.447 W/FreeFormWindowHelper( 1511): Current Display FreeFormTask is null
02-09 05:32:02.450 I/sysui_multi_action( 1511): [319,3,322,39,325,4217,757,761,758,9,759,5,806,com.android.launcher3,871,com.android.launcher3.uioverrides.QuickstepLauncher,905,0,1320,4,1321,1]
02-09 05:32:02.457 W/FreeFormWindowHelper( 1511): Current Display FreeFormTask is null
02-09 05:32:02.457 W/FreeFormWindowHelper( 1511): Current Display FreeFormTask is null
02-09 05:32:02.458 I/input_focus( 1511): [Focus leaving 82cf95f com.android.gallery3d/com.android.gallery3d.app.GalleryActivity (server),reason=NOT_FOCUSABLE]
02-09 05:32:02.458 I/input_focus( 1511): [Focus entering recents_animation_input_consumer (server),reason=setFocusedWindow]
02-09 05:32:02.473 W/FreeFormWindowHelper( 1511): Current Display FreeFormTask is null
02-09 05:32:02.473 W/FreeFormWindowHelper( 1511): Current Display FreeFormTask is null
02-09 05:32:02.598 W/FreeFormWindowHelper( 1511): exitRecentTasks type=0
02-09 05:32:02.607 W/FreeFormWindowHelper( 1511): Current Display FreeFormTask is null
02-09 05:32:02.607 W/FreeFormWindowHelper( 1511): Current Display FreeFormTask is null
02-09 05:32:02.637 I/commit_sys_config_file( 1511): [settings-1-0,1]
02-09 05:32:02.749 I/sysui_latency( 1511): [8,43]
02-09 05:32:03.242 W/FreeFormWindowHelper( 1511): Current Display FreeFormTask is null
02-09 05:32:03.242 W/FreeFormWindowHelper( 1511): Current Display FreeFormTask is null
02-09 05:32:03.246 I/wm_task_moved( 1511): [1,1,13]
02-09 05:32:03.246 I/wm_task_moved( 1511): [8,1,2147483647]
02-09 05:32:03.246 I/wm_task_to_front( 1511): [0,8]
02-09 05:32:03.246 I/wm_focused_root_task( 1511): [0,0,1,36,RecentsAnimation.onAnimationFinished()]
02-09 05:32:03.247 I/wm_on_top_resumed_lost_called( 6616): [92136603,com.android.gallery3d.app.GalleryActivity,topStateChangedWhenResumed]
02-09 05:32:03.247 I/wm_set_resumed_activity( 1511): [0,com.android.launcher3/.uioverrides.QuickstepLauncher,RecentsAnimation.onAnimationFinished()]
02-09 05:32:03.249 I/wm_pause_activity( 1511): [0,92136603,com.android.gallery3d/.app.GalleryActivity,userLeaving=true,pauseBackTasks]
02-09 05:32:03.251 I/wm_add_to_stopping( 1511): [0,92136603,com.android.gallery3d/.app.GalleryActivity,makeInvisible]
02-09 05:32:03.251 I/ActivityTaskManager( 1511): FOREGROUND_APPLICATION_CHANGED to com.android.launcher3.uioverrides.QuickstepLauncher
02-09 05:32:03.252 I/wm_set_resumed_activity( 1511): [0,com.android.launcher3/.uioverrides.QuickstepLauncher,resumeTopActivityInnerLocked]
02-09 05:32:03.256 I/wm_resume_activity( 1511): [0,204923478,8,com.android.launcher3/.uioverrides.QuickstepLauncher]
02-09 05:32:03.257 I/wm_on_resume_called( 2559): [204923478,com.android.launcher3.uioverrides.QuickstepLauncher,RESUME_ACTIVITY]
02-09 05:32:03.260 I/input_focus( 1511): [Focus request 584aa45 com.android.launcher3/com.android.launcher3.uioverrides.QuickstepLauncher,reason=UpdateInputWindows]
02-09 05:32:03.263 I/wm_stop_activity( 1511): [0,92136603,com.android.gallery3d/.app.GalleryActivity]
02-09 05:32:03.264 I/sysui_multi_action( 1511): [757,803,799,window_time_0,802,2]
02-09 05:32:03.265 I/wm_on_top_resumed_gained_called( 2559): [204923478,com.android.launcher3.uioverrides.QuickstepLauncher,topStateChangedWhenResumed]
02-09 05:32:03.273 I/wm_on_paused_called( 6616): [92136603,com.android.gallery3d.app.GalleryActivity,performPause]
02-09 05:32:03.273 I/sysui_multi_action( 1511): [757,803,799,window_time_0,802,0]
02-09 05:32:03.281 I/input_focus( 1511): [Focus leaving recents_animation_input_consumer (server),reason=NOT_VISIBLE]
02-09 05:32:03.281 I/input_focus( 1511): [Focus entering 584aa45 com.android.launcher3/com.android.launcher3.uioverrides.QuickstepLauncher (server),reason=setFocusedWindow]
02-09 05:32:03.283 I/wm_on_stop_called( 6616): [92136603,com.android.gallery3d.app.GalleryActivity,STOP_ACTIVITY_ITEM]
02-09 05:32:03.298 W/ContextImpl( 2089): Calling a method in the system process without a qualified user: android.app.ContextImpl.startService:1816 android.content.ContextWrapper.startService:774 com.thundercomm.gamemode.ingame.services.GameModeActionUtils.startGameModeService:111 com.thundercomm.gamemode.ingame.services.GameModeActionUtils.startGameModeEntry:22 com.thundercomm.gamemode.ingame.services.ActivityMonitoringService$1.onActivityLaunch:139
02-09 05:32:03.299 I/GameModeConfig( 1511): Current uri is uri = content://com.thundercomm.gamemode.api/gamemode_settings/gamemode_isgaming
02-09 05:32:03.300 I/GameModeConfig( 1511): isGameModeOn = true
02-09 05:32:03.300 I/GameModeConfig( 1511): isGaming = false
02-09 05:32:03.300 I/GameModeConfig( 1511): isGameModeOn = true
02-09 05:32:03.300 I/GameModeConfig( 1511): isGaming = false
02-09 05:32:03.300 I/GameModeConfig( 1511): isDisableVoice = true
02-09 05:32:03.366 W/ContextImpl( 2089): Calling a method in the system process without a qualified user: android.app.ContextImpl.startService:1816 android.content.ContextWrapper.startService:774 com.thundercomm.gamemode.ingame.services.GameModeActionUtils.startGameModeService:111 com.thundercomm.gamemode.ingame.services.GameModeActionUtils.startGameModeEntry:22 com.thundercomm.gamemode.ingame.services.ActivityMonitoringService$1.onActivityLaunch:139
02-09 05:32:03.369 I/GameModeConfig( 1511): Current uri is uri = content://com.thundercomm.gamemode.api/gamemode_settings/gamemode_isgaming
02-09 05:32:03.370 I/GameModeConfig( 1511): isGameModeOn = true
02-09 05:32:03.370 I/GameModeConfig( 1511): isGaming = false
02-09 05:32:03.371 I/GameModeConfig( 1511): isGameModeOn = true
02-09 05:32:03.371 I/GameModeConfig( 1511): isGaming = false
02-09 05:32:03.371 I/GameModeConfig( 1511): isDisableVoice = true
02-09 05:32:04.234 E/TaskPersister( 1511): File error accessing recents directory (directory doesn't exist?).
02-09 05:32:04.537 I/am_uid_idle( 1511): 10044
02-09 05:32:28.031 I/am_uid_idle( 1511): 10097
02-09 05:32:44.300 I/am_uid_idle( 1511): 10096
02-09 05:32:47.489 I/am_uid_idle( 1511): 90000
02-09 05:32:47.489 I/am_uid_idle( 1511): 10035
02-09 05:32:55.517 V/DisplayPowerController[0]( 1511): Brightness [0.05] reason changing to: 'manual [ dim ]', previous reason: 'manual'.
02-09 05:32:55.517 I/sysui_multi_action( 1511): [757,1696,758,6,759,2]
02-09 05:32:55.517 W/PowerManagerService( 1511): Screen on took 111261 ms
02-09 05:32:55.530 E/DisplayDeviceConfig( 1511): requesting nits when no mapping exists.
02-09 05:32:55.530 E/DisplayDeviceConfig( 1511): requesting nits when no mapping exists.
02-09 05:32:55.531 I/am_wtf ( 1511): [0,1511,system_server,-1,DisplayDeviceConfig,requesting nits when no mapping exists.]
02-09 05:32:55.533 I/DropBoxManagerService( 1511): add tag=system_server_wtf isTagEnabled=true flags=0x2
02-09 05:32:55.537 I/am_wtf ( 1511): [0,1511,system_server,-1,DisplayDeviceConfig,requesting nits when no mapping exists.]
02-09 05:32:55.538 I/DropBoxManagerService( 1511): add tag=system_server_wtf isTagEnabled=true flags=0x2
02-09 05:32:55.546 E/DisplayDeviceConfig( 1511): requesting nits when no mapping exists.
02-09 05:32:55.546 E/DisplayDeviceConfig( 1511): requesting nits when no mapping exists.
02-09 05:32:55.547 I/am_wtf ( 1511): [0,1511,system_server,-1,DisplayDeviceConfig,requesting nits when no mapping exists.]
02-09 05:32:55.548 I/DropBoxManagerService( 1511): add tag=system_server_wtf isTagEnabled=true flags=0x2
02-09 05:32:55.549 I/am_wtf ( 1511): [0,1511,system_server,-1,DisplayDeviceConfig,requesting nits when no mapping exists.]
02-09 05:32:55.549 I/DropBoxManagerService( 1511): add tag=system_server_wtf isTagEnabled=true flags=0x2
02-09 05:32:55.551 E/DisplayDeviceConfig( 1511): requesting nits when no mapping exists.
02-09 05:32:55.552 I/am_wtf ( 1511): [0,1511,system_server,-1,DisplayDeviceConfig,requesting nits when no mapping exists.]
02-09 05:32:55.552 E/DisplayDeviceConfig( 1511): requesting nits when no mapping exists.
02-09 05:32:55.552 I/DropBoxManagerService( 1511): add tag=system_server_wtf isTagEnabled=true flags=0x2
02-09 05:32:55.553 I/am_wtf ( 1511): [0,1511,system_server,-1,DisplayDeviceConfig,requesting nits when no mapping exists.]
02-09 05:32:55.568 E/DisplayDeviceConfig( 1511): requesting nits when no mapping exists.
02-09 05:32:55.568 I/am_wtf ( 1511): [0,1511,system_server,-1,DisplayDeviceConfig,requesting nits when no mapping exists.]
02-09 05:32:55.568 E/DisplayDeviceConfig( 1511): requesting nits when no mapping exists.
02-09 05:32:55.568 I/am_wtf ( 1511): [0,1511,system_server,-1,DisplayDeviceConfig,requesting nits when no mapping exists.]
02-09 05:32:55.585 E/DisplayDeviceConfig( 1511): requesting nits when no mapping exists.
02-09 05:32:55.585 I/am_wtf ( 1511): [0,1511,system_server,-1,DisplayDeviceConfig,requesting nits when no mapping exists.]
02-09 05:32:55.585 E/DisplayDeviceConfig( 1511): requesting nits when no mapping exists.
02-09 05:32:55.586 I/am_wtf ( 1511): [0,1511,system_server,-1,DisplayDeviceConfig,requesting nits when no mapping exists.]
02-09 05:32:55.601 E/DisplayDeviceConfig( 1511): requesting nits when no mapping exists.
02-09 05:32:55.602 E/DisplayDeviceConfig( 1511): requesting nits when no mapping exists.
02-09 05:32:55.602 I/am_wtf ( 1511): [0,1511,system_server,-1,DisplayDeviceConfig,requesting nits when no mapping exists.]
02-09 05:32:55.602 I/am_wtf ( 1511): [0,1511,system_server,-1,DisplayDeviceConfig,requesting nits when no mapping exists.]
02-09 05:32:55.618 E/DisplayDeviceConfig( 1511): requesting nits when no mapping exists.
02-09 05:32:55.619 E/DisplayDeviceConfig( 1511): requesting nits when no mapping exists.
02-09 05:32:55.619 I/am_wtf ( 1511): [0,1511,system_server,-1,DisplayDeviceConfig,requesting nits when no mapping exists.]
02-09 05:32:55.619 I/am_wtf ( 1511): [0,1511,system_server,-1,DisplayDeviceConfig,requesting nits when no mapping exists.]
02-09 05:32:55.635 E/DisplayDeviceConfig( 1511): requesting nits when no mapping exists.
02-09 05:32:55.635 E/DisplayDeviceConfig( 1511): requesting nits when no mapping exists.
02-09 05:32:55.635 I/am_wtf ( 1511): [0,1511,system_server,-1,DisplayDeviceConfig,requesting nits when no mapping exists.]
02-09 05:32:55.636 I/service_manager_stats( 1511): [100,28,67827]
02-09 05:32:55.636 I/am_wtf ( 1511): [0,1511,system_server,-1,DisplayDeviceConfig,requesting nits when no mapping exists.]
02-09 05:32:55.652 E/DisplayDeviceConfig( 1511): requesting nits when no mapping exists.
02-09 05:32:55.652 E/DisplayDeviceConfig( 1511): requesting nits when no mapping exists.
02-09 05:32:55.652 I/am_wtf ( 1511): [0,1511,system_server,-1,DisplayDeviceConfig,requesting nits when no mapping exists.]
02-09 05:32:55.653 I/am_wtf ( 1511): [0,1511,system_server,-1,DisplayDeviceConfig,requesting nits when no mapping exists.]
02-09 05:32:55.669 E/DisplayDeviceConfig( 1511): requesting nits when no mapping exists.
02-09 05:32:55.669 I/am_wtf ( 1511): [0,1511,system_server,-1,DisplayDeviceConfig,requesting nits when no mapping exists.]
02-09 05:32:55.669 E/DisplayDeviceConfig( 1511): requesting nits when no mapping exists.
02-09 05:32:55.670 I/am_wtf ( 1511): [0,1511,system_server,-1,DisplayDeviceConfig,requesting nits when no mapping exists.]
02-09 05:32:55.686 E/DisplayDeviceConfig( 1511): requesting nits when no mapping exists.
02-09 05:32:55.686 E/DisplayDeviceConfig( 1511): requesting nits when no mapping exists.
02-09 05:32:55.686 I/am_wtf ( 1511): [0,1511,system_server,-1,DisplayDeviceConfig,requesting nits when no mapping exists.]
02-09 05:32:55.687 I/am_wtf ( 1511): [0,1511,system_server,-1,DisplayDeviceConfig,requesting nits when no mapping exists.]
02-09 05:32:55.702 E/DisplayDeviceConfig( 1511): requesting nits when no mapping exists.
02-09 05:32:55.703 E/DisplayDeviceConfig( 1511): requesting nits when no mapping exists.
02-09 05:32:55.703 I/am_wtf ( 1511): [0,1511,system_server,-1,DisplayDeviceConfig,requesting nits when no mapping exists.]
02-09 05:32:55.703 I/am_wtf ( 1511): [0,1511,system_server,-1,DisplayDeviceConfig,requesting nits when no mapping exists.]
02-09 05:32:55.719 E/DisplayDeviceConfig( 1511): requesting nits when no mapping exists.
02-09 05:32:55.719 I/am_wtf ( 1511): [0,1511,system_server,-1,DisplayDeviceConfig,requesting nits when no mapping exists.]
02-09 05:32:55.719 E/DisplayDeviceConfig( 1511): requesting nits when no mapping exists.
02-09 05:32:55.720 I/am_wtf ( 1511): [0,1511,system_server,-1,DisplayDeviceConfig,requesting nits when no mapping exists.]
02-09 05:32:55.735 E/DisplayDeviceConfig( 1511): requesting nits when no mapping exists.
02-09 05:32:55.736 E/DisplayDeviceConfig( 1511): requesting nits when no mapping exists.
02-09 05:32:55.736 I/am_wtf ( 1511): [0,1511,system_server,-1,DisplayDeviceConfig,requesting nits when no mapping exists.]
02-09 05:32:55.737 I/am_wtf ( 1511): [0,1511,system_server,-1,DisplayDeviceConfig,requesting nits when no mapping exists.]
02-09 05:32:55.752 E/DisplayDeviceConfig( 1511): requesting nits when no mapping exists.
02-09 05:32:55.753 I/am_wtf ( 1511): [0,1511,system_server,-1,DisplayDeviceConfig,requesting nits when no mapping exists.]
02-09 05:32:55.753 E/DisplayDeviceConfig( 1511): requesting nits when no mapping exists.
02-09 05:32:55.753 I/am_wtf ( 1511): [0,1511,system_server,-1,DisplayDeviceConfig,requesting nits when no mapping exists.]
02-09 05:32:55.769 E/DisplayDeviceConfig( 1511): requesting nits when no mapping exists.
02-09 05:32:55.769 E/DisplayDeviceConfig( 1511): requesting nits when no mapping exists.
02-09 05:32:55.769 I/am_wtf ( 1511): [0,1511,system_server,-1,DisplayDeviceConfig,requesting nits when no mapping exists.]
02-09 05:32:55.770 I/am_wtf ( 1511): [0,1511,system_server,-1,DisplayDeviceConfig,requesting nits when no mapping exists.]
02-09 05:32:55.785 E/DisplayDeviceConfig( 1511): requesting nits when no mapping exists.
02-09 05:32:55.786 E/DisplayDeviceConfig( 1511): requesting nits when no mapping exists.
02-09 05:32:55.786 I/am_wtf ( 1511): [0,1511,system_server,-1,DisplayDeviceConfig,requesting nits when no mapping exists.]
02-09 05:32:55.787 I/am_wtf ( 1511): [0,1511,system_server,-1,DisplayDeviceConfig,requesting nits when no mapping exists.]
02-09 05:32:55.802 E/DisplayDeviceConfig( 1511): requesting nits when no mapping exists.
02-09 05:32:55.803 E/DisplayDeviceConfig( 1511): requesting nits when no mapping exists.
02-09 05:32:55.803 I/am_wtf ( 1511): [0,1511,system_server,-1,DisplayDeviceConfig,requesting nits when no mapping exists.]
02-09 05:32:55.804 I/am_wtf ( 1511): [0,1511,system_server,-1,DisplayDeviceConfig,requesting nits when no mapping exists.]
02-09 05:32:55.819 E/DisplayDeviceConfig( 1511): requesting nits when no mapping exists.
02-09 05:32:55.819 E/DisplayDeviceConfig( 1511): requesting nits when no mapping exists.
02-09 05:32:55.819 I/am_wtf ( 1511): [0,1511,system_server,-1,DisplayDeviceConfig,requesting nits when no mapping exists.]
02-09 05:32:55.820 I/am_wtf ( 1511): [0,1511,system_server,-1,DisplayDeviceConfig,requesting nits when no mapping exists.]
02-09 05:32:55.835 E/DisplayDeviceConfig( 1511): requesting nits when no mapping exists.
02-09 05:32:55.836 I/am_wtf ( 1511): [0,1511,system_server,-1,DisplayDeviceConfig,requesting nits when no mapping exists.]
02-09 05:32:55.836 E/DisplayDeviceConfig( 1511): requesting nits when no mapping exists.
02-09 05:32:55.837 I/am_wtf ( 1511): [0,1511,system_server,-1,DisplayDeviceConfig,requesting nits when no mapping exists.]
02-09 05:32:55.853 E/DisplayDeviceConfig( 1511): requesting nits when no mapping exists.
02-09 05:32:55.853 E/DisplayDeviceConfig( 1511): requesting nits when no mapping exists.
02-09 05:32:55.853 I/am_wtf ( 1511): [0,1511,system_server,-1,DisplayDeviceConfig,requesting nits when no mapping exists.]
02-09 05:32:55.854 I/am_wtf ( 1511): [0,1511,system_server,-1,DisplayDeviceConfig,requesting nits when no mapping exists.]
02-09 05:32:55.869 E/DisplayDeviceConfig( 1511): requesting nits when no mapping exists.
02-09 05:32:55.869 E/DisplayDeviceConfig( 1511): requesting nits when no mapping exists.
02-09 05:32:55.869 I/am_wtf ( 1511): [0,1511,system_server,-1,DisplayDeviceConfig,requesting nits when no mapping exists.]
02-09 05:32:55.870 I/am_wtf ( 1511): [0,1511,system_server,-1,DisplayDeviceConfig,requesting nits when no mapping exists.]
02-09 05:32:55.885 E/DisplayDeviceConfig( 1511): requesting nits when no mapping exists.
02-09 05:32:55.886 E/DisplayDeviceConfig( 1511): requesting nits when no mapping exists.
02-09 05:32:55.886 I/am_wtf ( 1511): [0,1511,system_server,-1,DisplayDeviceConfig,requesting nits when no mapping exists.]
02-09 05:32:55.887 I/am_wtf ( 1511): [0,1511,system_server,-1,DisplayDeviceConfig,requesting nits when no mapping exists.]
02-09 05:32:55.902 E/DisplayDeviceConfig( 1511): requesting nits when no mapping exists.
02-09 05:32:55.903 E/DisplayDeviceConfig( 1511): requesting nits when no mapping exists.
02-09 05:32:55.903 I/am_wtf ( 1511): [0,1511,system_server,-1,DisplayDeviceConfig,requesting nits when no mapping exists.]
02-09 05:32:55.904 I/am_wtf ( 1511): [0,1511,system_server,-1,DisplayDeviceConfig,requesting nits when no mapping exists.]
02-09 05:32:55.919 E/DisplayDeviceConfig( 1511): requesting nits when no mapping exists.
02-09 05:32:55.919 E/DisplayDeviceConfig( 1511): requesting nits when no mapping exists.
02-09 05:32:55.919 I/am_wtf ( 1511): [0,1511,system_server,-1,DisplayDeviceConfig,requesting nits when no mapping exists.]
02-09 05:32:55.920 I/am_wtf ( 1511): [0,1511,system_server,-1,DisplayDeviceConfig,requesting nits when no mapping exists.]
02-09 05:32:55.936 E/DisplayDeviceConfig( 1511): requesting nits when no mapping exists.
02-09 05:32:55.937 E/DisplayDeviceConfig( 1511): requesting nits when no mapping exists.
02-09 05:32:55.937 I/am_wtf ( 1511): [0,1511,system_server,-1,DisplayDeviceConfig,requesting nits when no mapping exists.]
02-09 05:32:55.938 I/am_wtf ( 1511): [0,1511,system_server,-1,DisplayDeviceConfig,requesting nits when no mapping exists.]
02-09 05:32:55.953 E/DisplayDeviceConfig( 1511): requesting nits when no mapping exists.
02-09 05:32:55.953 E/DisplayDeviceConfig( 1511): requesting nits when no mapping exists.
02-09 05:32:55.953 I/am_wtf ( 1511): [0,1511,system_server,-1,DisplayDeviceConfig,requesting nits when no mapping exists.]
02-09 05:32:55.954 I/am_wtf ( 1511): [0,1511,system_server,-1,DisplayDeviceConfig,requesting nits when no mapping exists.]
02-09 05:32:55.969 E/DisplayDeviceConfig( 1511): requesting nits when no mapping exists.
02-09 05:32:55.970 E/DisplayDeviceConfig( 1511): requesting nits when no mapping exists.
02-09 05:32:55.970 I/am_wtf ( 1511): [0,1511,system_server,-1,DisplayDeviceConfig,requesting nits when no mapping exists.]
02-09 05:32:55.970 I/am_wtf ( 1511): [0,1511,system_server,-1,DisplayDeviceConfig,requesting nits when no mapping exists.]
02-09 05:32:55.986 E/DisplayDeviceConfig( 1511): requesting nits when no mapping exists.
02-09 05:32:55.986 E/DisplayDeviceConfig( 1511): requesting nits when no mapping exists.
02-09 05:32:55.986 I/am_wtf ( 1511): [0,1511,system_server,-1,DisplayDeviceConfig,requesting nits when no mapping exists.]
02-09 05:32:55.987 I/am_wtf ( 1511): [0,1511,system_server,-1,DisplayDeviceConfig,requesting nits when no mapping exists.]
02-09 05:32:56.003 E/DisplayDeviceConfig( 1511): requesting nits when no mapping exists.
02-09 05:32:56.003 E/DisplayDeviceConfig( 1511): requesting nits when no mapping exists.
02-09 05:32:56.003 I/am_wtf ( 1511): [0,1511,system_server,-1,DisplayDeviceConfig,requesting nits when no mapping exists.]
02-09 05:32:56.004 I/am_wtf ( 1511): [0,1511,system_server,-1,DisplayDeviceConfig,requesting nits when no mapping exists.]
02-09 05:32:56.019 E/DisplayDeviceConfig( 1511): requesting nits when no mapping exists.
02-09 05:32:56.019 E/DisplayDeviceConfig( 1511): requesting nits when no mapping exists.
02-09 05:32:56.019 I/am_wtf ( 1511): [0,1511,system_server,-1,DisplayDeviceConfig,requesting nits when no mapping exists.]
02-09 05:32:56.020 I/am_wtf ( 1511): [0,1511,system_server,-1,DisplayDeviceConfig,requesting nits when no mapping exists.]
02-09 05:32:56.036 E/DisplayDeviceConfig( 1511): requesting nits when no mapping exists.
02-09 05:32:56.037 I/am_wtf ( 1511): [0,1511,system_server,-1,DisplayDeviceConfig,requesting nits when no mapping exists.]
02-09 05:32:56.037 E/DisplayDeviceConfig( 1511): requesting nits when no mapping exists.
02-09 05:32:56.038 I/am_wtf ( 1511): [0,1511,system_server,-1,DisplayDeviceConfig,requesting nits when no mapping exists.]
02-09 05:32:56.053 E/DisplayDeviceConfig( 1511): requesting nits when no mapping exists.
02-09 05:32:56.053 E/DisplayDeviceConfig( 1511): requesting nits when no mapping exists.
02-09 05:32:56.054 I/am_wtf ( 1511): [0,1511,system_server,-1,DisplayDeviceConfig,requesting nits when no mapping exists.]
02-09 05:32:56.055 I/am_wtf ( 1511): [0,1511,system_server,-1,DisplayDeviceConfig,requesting nits when no mapping exists.]
02-09 05:32:56.069 E/DisplayDeviceConfig( 1511): requesting nits when no mapping exists.
02-09 05:32:56.070 E/DisplayDeviceConfig( 1511): requesting nits when no mapping exists.
02-09 05:32:56.070 I/am_wtf ( 1511): [0,1511,system_server,-1,DisplayDeviceConfig,requesting nits when no mapping exists.]
02-09 05:32:56.071 I/am_wtf ( 1511): [0,1511,system_server,-1,DisplayDeviceConfig,requesting nits when no mapping exists.]
02-09 05:32:56.086 E/DisplayDeviceConfig( 1511): requesting nits when no mapping exists.
02-09 05:32:56.087 E/DisplayDeviceConfig( 1511): requesting nits when no mapping exists.
02-09 05:32:56.087 I/am_wtf ( 1511): [0,1511,system_server,-1,DisplayDeviceConfig,requesting nits when no mapping exists.]
02-09 05:32:56.087 I/am_wtf ( 1511): [0,1511,system_server,-1,DisplayDeviceConfig,requesting nits when no mapping exists.]
02-09 05:32:56.103 E/DisplayDeviceConfig( 1511): requesting nits when no mapping exists.
02-09 05:32:56.103 E/DisplayDeviceConfig( 1511): requesting nits when no mapping exists.
02-09 05:32:56.103 I/am_wtf ( 1511): [0,1511,system_server,-1,DisplayDeviceConfig,requesting nits when no mapping exists.]
02-09 05:32:56.104 I/am_wtf ( 1511): [0,1511,system_server,-1,DisplayDeviceConfig,requesting nits when no mapping exists.]
02-09 05:32:56.107 I/am_uid_idle( 1511): 10092
02-09 05:32:56.120 E/DisplayDeviceConfig( 1511): requesting nits when no mapping exists.
02-09 05:32:56.120 E/DisplayDeviceConfig( 1511): requesting nits when no mapping exists.
02-09 05:32:56.120 I/am_wtf ( 1511): [0,1511,system_server,-1,DisplayDeviceConfig,requesting nits when no mapping exists.]
02-09 05:32:56.121 I/am_wtf ( 1511): [0,1511,system_server,-1,DisplayDeviceConfig,requesting nits when no mapping exists.]
02-09 05:32:56.136 E/DisplayDeviceConfig( 1511): requesting nits when no mapping exists.
02-09 05:32:56.137 I/am_wtf ( 1511): [0,1511,system_server,-1,DisplayDeviceConfig,requesting nits when no mapping exists.]
02-09 05:32:56.137 E/DisplayDeviceConfig( 1511): requesting nits when no mapping exists.
02-09 05:32:56.137 I/am_wtf ( 1511): [0,1511,system_server,-1,DisplayDeviceConfig,requesting nits when no mapping exists.]
02-09 05:32:56.153 E/DisplayDeviceConfig( 1511): requesting nits when no mapping exists.
02-09 05:32:56.153 I/am_wtf ( 1511): [0,1511,system_server,-1,DisplayDeviceConfig,requesting nits when no mapping exists.]
02-09 05:32:56.153 E/DisplayDeviceConfig( 1511): requesting nits when no mapping exists.
02-09 05:32:56.154 I/am_wtf ( 1511): [0,1511,system_server,-1,DisplayDeviceConfig,requesting nits when no mapping exists.]
02-09 05:32:56.169 E/DisplayDeviceConfig( 1511): requesting nits when no mapping exists.
02-09 05:32:56.170 E/DisplayDeviceConfig( 1511): requesting nits when no mapping exists.
02-09 05:32:56.170 I/am_wtf ( 1511): [0,1511,system_server,-1,DisplayDeviceConfig,requesting nits when no mapping exists.]
02-09 05:32:56.171 I/am_wtf ( 1511): [0,1511,system_server,-1,DisplayDeviceConfig,requesting nits when no mapping exists.]
02-09 05:32:56.186 E/DisplayDeviceConfig( 1511): requesting nits when no mapping exists.
02-09 05:32:56.187 I/am_wtf ( 1511): [0,1511,system_server,-1,DisplayDeviceConfig,requesting nits when no mapping exists.]
02-09 05:32:56.187 E/DisplayDeviceConfig( 1511): requesting nits when no mapping exists.
02-09 05:32:56.187 I/am_wtf ( 1511): [0,1511,system_server,-1,DisplayDeviceConfig,requesting nits when no mapping exists.]
02-09 05:32:56.203 E/DisplayDeviceConfig( 1511): requesting nits when no mapping exists.
02-09 05:32:56.203 I/am_wtf ( 1511): [0,1511,system_server,-1,DisplayDeviceConfig,requesting nits when no mapping exists.]
02-09 05:32:56.203 E/DisplayDeviceConfig( 1511): requesting nits when no mapping exists.
02-09 05:32:56.204 I/am_wtf ( 1511): [0,1511,system_server,-1,DisplayDeviceConfig,requesting nits when no mapping exists.]
02-09 05:32:56.219 E/DisplayDeviceConfig( 1511): requesting nits when no mapping exists.
02-09 05:32:56.220 I/am_wtf ( 1511): [0,1511,system_server,-1,DisplayDeviceConfig,requesting nits when no mapping exists.]
02-09 05:32:56.220 E/DisplayDeviceConfig( 1511): requesting nits when no mapping exists.
02-09 05:32:56.221 I/am_wtf ( 1511): [0,1511,system_server,-1,DisplayDeviceConfig,requesting nits when no mapping exists.]
02-09 05:32:56.237 E/DisplayDeviceConfig( 1511): requesting nits when no mapping exists.
02-09 05:32:56.238 E/DisplayDeviceConfig( 1511): requesting nits when no mapping exists.
02-09 05:32:56.238 I/am_wtf ( 1511): [0,1511,system_server,-1,DisplayDeviceConfig,requesting nits when no mapping exists.]
02-09 05:32:56.239 I/am_wtf ( 1511): [0,1511,system_server,-1,DisplayDeviceConfig,requesting nits when no mapping exists.]
02-09 05:32:56.253 E/DisplayDeviceConfig( 1511): requesting nits when no mapping exists.
02-09 05:32:56.253 E/DisplayDeviceConfig( 1511): requesting nits when no mapping exists.
02-09 05:32:56.254 I/am_wtf ( 1511): [0,1511,system_server,-1,DisplayDeviceConfig,requesting nits when no mapping exists.]
02-09 05:32:56.254 I/am_wtf ( 1511): [0,1511,system_server,-1,DisplayDeviceConfig,requesting nits when no mapping exists.]
02-09 05:32:56.270 E/DisplayDeviceConfig( 1511): requesting nits when no mapping exists.
02-09 05:32:56.271 E/DisplayDeviceConfig( 1511): requesting nits when no mapping exists.
02-09 05:32:56.271 I/am_wtf ( 1511): [0,1511,system_server,-1,DisplayDeviceConfig,requesting nits when no mapping exists.]
02-09 05:32:56.272 I/am_wtf ( 1511): [0,1511,system_server,-1,DisplayDeviceConfig,requesting nits when no mapping exists.]
02-09 05:32:56.286 E/DisplayDeviceConfig( 1511): requesting nits when no mapping exists.
02-09 05:32:56.287 E/DisplayDeviceConfig( 1511): requesting nits when no mapping exists.
02-09 05:32:56.287 I/am_wtf ( 1511): [0,1511,system_server,-1,DisplayDeviceConfig,requesting nits when no mapping exists.]
02-09 05:32:56.288 I/am_wtf ( 1511): [0,1511,system_server,-1,DisplayDeviceConfig,requesting nits when no mapping exists.]
02-09 05:32:56.304 E/DisplayDeviceConfig( 1511): requesting nits when no mapping exists.
02-09 05:32:56.304 E/DisplayDeviceConfig( 1511): requesting nits when no mapping exists.
02-09 05:32:56.304 I/am_wtf ( 1511): [0,1511,system_server,-1,DisplayDeviceConfig,requesting nits when no mapping exists.]
02-09 05:32:56.305 I/am_wtf ( 1511): [0,1511,system_server,-1,DisplayDeviceConfig,requesting nits when no mapping exists.]
02-09 05:32:56.320 E/DisplayDeviceConfig( 1511): requesting nits when no mapping exists.
02-09 05:32:56.320 E/DisplayDeviceConfig( 1511): requesting nits when no mapping exists.
02-09 05:32:56.321 I/am_wtf ( 1511): [0,1511,system_server,-1,DisplayDeviceConfig,requesting nits when no mapping exists.]
02-09 05:32:56.321 I/am_wtf ( 1511): [0,1511,system_server,-1,DisplayDeviceConfig,requesting nits when no mapping exists.]
02-09 05:32:56.337 E/DisplayDeviceConfig( 1511): requesting nits when no mapping exists.
02-09 05:32:56.337 E/DisplayDeviceConfig( 1511): requesting nits when no mapping exists.
02-09 05:32:56.337 I/am_wtf ( 1511): [0,1511,system_server,-1,DisplayDeviceConfig,requesting nits when no mapping exists.]
02-09 05:32:56.338 I/am_wtf ( 1511): [0,1511,system_server,-1,DisplayDeviceConfig,requesting nits when no mapping exists.]
02-09 05:32:56.353 E/DisplayDeviceConfig( 1511): requesting nits when no mapping exists.
02-09 05:32:56.354 E/DisplayDeviceConfig( 1511): requesting nits when no mapping exists.
02-09 05:32:56.354 I/am_wtf ( 1511): [0,1511,system_server,-1,DisplayDeviceConfig,requesting nits when no mapping exists.]
02-09 05:32:56.354 I/am_wtf ( 1511): [0,1511,system_server,-1,DisplayDeviceConfig,requesting nits when no mapping exists.]
02-09 05:32:56.370 E/DisplayDeviceConfig( 1511): requesting nits when no mapping exists.
02-09 05:32:56.370 E/DisplayDeviceConfig( 1511): requesting nits when no mapping exists.
02-09 05:32:56.370 I/am_wtf ( 1511): [0,1511,system_server,-1,DisplayDeviceConfig,requesting nits when no mapping exists.]
02-09 05:32:56.371 I/am_wtf ( 1511): [0,1511,system_server,-1,DisplayDeviceConfig,requesting nits when no mapping exists.]
02-09 05:32:56.387 E/DisplayDeviceConfig( 1511): requesting nits when no mapping exists.
02-09 05:32:56.387 E/DisplayDeviceConfig( 1511): requesting nits when no mapping exists.
02-09 05:32:56.387 I/am_wtf ( 1511): [0,1511,system_server,-1,DisplayDeviceConfig,requesting nits when no mapping exists.]
02-09 05:32:56.388 I/am_wtf ( 1511): [0,1511,system_server,-1,DisplayDeviceConfig,requesting nits when no mapping exists.]
02-09 05:32:56.404 E/DisplayDeviceConfig( 1511): requesting nits when no mapping exists.
02-09 05:32:56.404 E/DisplayDeviceConfig( 1511): requesting nits when no mapping exists.
02-09 05:32:56.404 I/am_wtf ( 1511): [0,1511,system_server,-1,DisplayDeviceConfig,requesting nits when no mapping exists.]
02-09 05:32:56.405 I/am_wtf ( 1511): [0,1511,system_server,-1,DisplayDeviceConfig,requesting nits when no mapping exists.]
02-09 05:32:56.420 E/DisplayDeviceConfig( 1511): requesting nits when no mapping exists.
02-09 05:32:56.421 I/am_wtf ( 1511): [0,1511,system_server,-1,DisplayDeviceConfig,requesting nits when no mapping exists.]
02-09 05:32:56.422 E/DisplayDeviceConfig( 1511): requesting nits when no mapping exists.
02-09 05:32:56.422 I/am_wtf ( 1511): [0,1511,system_server,-1,DisplayDeviceConfig,requesting nits when no mapping exists.]
02-09 05:32:56.437 E/DisplayDeviceConfig( 1511): requesting nits when no mapping exists.
02-09 05:32:56.437 I/am_wtf ( 1511): [0,1511,system_server,-1,DisplayDeviceConfig,requesting nits when no mapping exists.]
02-09 05:32:56.438 E/DisplayDeviceConfig( 1511): requesting nits when no mapping exists.
02-09 05:32:56.439 I/am_wtf ( 1511): [0,1511,system_server,-1,DisplayDeviceConfig,requesting nits when no mapping exists.]
02-09 05:32:56.454 E/DisplayDeviceConfig( 1511): requesting nits when no mapping exists.
02-09 05:32:56.454 I/am_wtf ( 1511): [0,1511,system_server,-1,DisplayDeviceConfig,requesting nits when no mapping exists.]
02-09 05:32:56.455 E/DisplayDeviceConfig( 1511): requesting nits when no mapping exists.
02-09 05:32:56.455 I/am_wtf ( 1511): [0,1511,system_server,-1,DisplayDeviceConfig,requesting nits when no mapping exists.]
02-09 05:32:56.470 E/DisplayDeviceConfig( 1511): requesting nits when no mapping exists.
02-09 05:32:56.471 E/DisplayDeviceConfig( 1511): requesting nits when no mapping exists.
02-09 05:32:56.471 I/am_wtf ( 1511): [0,1511,system_server,-1,DisplayDeviceConfig,requesting nits when no mapping exists.]
02-09 05:32:56.472 I/am_wtf ( 1511): [0,1511,system_server,-1,DisplayDeviceConfig,requesting nits when no mapping exists.]
02-09 05:32:59.253 I/storage_state( 1511): [41217664-9172-527a-b3d5-edabb50a7d69,0,0,110150815744,118610538496]
02-09 05:33:02.516 I/PowerManagerService( 1511): Napping display group (groupId=0, uid=1000)...
02-09 05:33:02.516 I/PowerManagerService( 1511): Nap time (uid 1000)...
02-09 05:33:02.518 I/DreamManagerService( 1511): Entering dreamland.
02-09 05:33:02.522 I/PowerManagerService( 1511): Dreaming...
02-09 05:33:02.524 I/DreamController( 1511): Starting dream: name=ComponentInfo{com.thundercomm.screensaver/com.thundercomm.saverclock.service.ClockScreensaver}, isTest=false, canDoze=false, userId=0
02-09 05:33:02.524 I/sysui_multi_action( 1511): [757,222,758,1]
02-09 05:33:02.528 I/am_uid_active( 1511): 10044
02-09 05:33:02.531 I/service_manager_stats( 1511): [102,55,6895]
02-09 05:33:02.538 I/ActivityTaskManager( 1511): START u0 {flg=0x10000000 pkg=com.thundercomm.screensaver cmp=com.thundercomm.screensaver/android.service.dreams.DreamActivity (has extras)} from uid 10044
02-09 05:33:02.544 I/am_pss ( 1511): [6595,10088,com.android.music,33541120,26275840,2407424,123850752,0,4,12]
02-09 05:33:02.545 I/wm_task_created( 1511): [37,-1]
02-09 05:33:02.545 W/ActivityTaskManager( 1511): Can't find TaskDisplayArea to determine support for multi window. Task id=37 attached=false
02-09 05:33:02.550 I/wm_task_moved( 1511): [37,1,14]
02-09 05:33:02.550 I/wm_task_to_front( 1511): [0,37]
02-09 05:33:02.550 I/wm_create_task( 1511): [0,37]
02-09 05:33:02.550 I/wm_create_activity( 1511): [0,252665471,37,com.thundercomm.screensaver/android.service.dreams.DreamActivity,NULL,NULL,NULL,276824064]
02-09 05:33:02.550 I/wm_task_moved( 1511): [37,1,14]
02-09 05:33:02.550 I/wm_on_top_resumed_lost_called( 2559): [204923478,com.android.launcher3.uioverrides.QuickstepLauncher,topStateChangedWhenResumed]
02-09 05:33:02.551 I/wm_pause_activity( 1511): [0,204923478,com.android.launcher3/.uioverrides.QuickstepLauncher,userLeaving=true,pauseBackTasks]
02-09 05:33:02.552 I/wm_on_paused_called( 2559): [204923478,com.android.launcher3.uioverrides.QuickstepLauncher,performPause]
02-09 05:33:02.553 I/ActivityTaskManager( 1511): FOREGROUND_APPLICATION_CHANGED to android.service.dreams.DreamActivity
02-09 05:33:02.553 I/ActivityTaskManager( 1511): The Process com.thundercomm.screensaver Already Exists in BG. So sending its PID: 4907
02-09 05:33:02.554 W/ActivityTaskManager( 1511): Tried to set launchTime (0) < mLastActivityLaunchTime (4109312)
02-09 05:33:02.554 I/wm_add_to_stopping( 1511): [0,204923478,com.android.launcher3/.uioverrides.QuickstepLauncher,makeInvisible]
02-09 05:33:02.554 I/wm_restart_activity( 1511): [0,252665471,37,com.thundercomm.screensaver/android.service.dreams.DreamActivity]
02-09 05:33:02.554 I/am_pss ( 1511): [7156,10095,com.tencent.qqmusicpad,64607232,34639872,0,159789056,0,4,9]
02-09 05:33:02.555 I/wm_set_resumed_activity( 1511): [0,com.thundercomm.screensaver/android.service.dreams.DreamActivity,minimalResumeActivityLocked]
02-09 05:33:02.560 I/sysui_multi_action( 1511): [757,803,799,window_time_0,802,59]
02-09 05:33:02.561 I/am_pss ( 1511): [7238,10095,com.tencent.qqmusicpad:QQPlayerService,40025088,16748544,0,120377344,0,4,6]
02-09 05:33:02.562 I/wm_on_create_called( 4907): [252665471,android.service.dreams.DreamActivity,performCreate]
02-09 05:33:02.562 I/wm_on_start_called( 4907): [252665471,android.service.dreams.DreamActivity,handleStartActivity]
02-09 05:33:02.562 I/wm_on_resume_called( 4907): [252665471,android.service.dreams.DreamActivity,RESUME_ACTIVITY]
02-09 05:33:02.563 W/ContextImpl( 2089): Calling a method in the system process without a qualified user: android.app.ContextImpl.startService:1816 android.content.ContextWrapper.startService:774 com.thundercomm.gamemode.ingame.services.GameModeActionUtils.startGameModeService:111 com.thundercomm.gamemode.ingame.services.GameModeActionUtils.startGameModeEntry:22 com.thundercomm.gamemode.ingame.services.ActivityMonitoringService$1.onActivityLaunch:139
02-09 05:33:02.563 W/WindowManager( 1511): Failed looking up window session=Session{b333c54 4907:u0a10044} callers=com.android.server.wm.WindowManagerService.windowForClientLocked:5628 com.android.server.wm.Session.insetsModified:629 android.view.IWindowSession$Stub.onTransact:1151
02-09 05:33:02.564 I/wm_on_top_resumed_gained_called( 4907): [252665471,android.service.dreams.DreamActivity,topStateChangedWhenResumed]
02-09 05:33:02.566 I/GameModeConfig( 1511): Current uri is uri = content://com.thundercomm.gamemode.api/gamemode_settings/gamemode_isgaming
02-09 05:33:02.567 I/GameModeConfig( 1511): isGameModeOn = true
02-09 05:33:02.567 I/GameModeConfig( 1511): isGaming = false
02-09 05:33:02.567 I/GameModeConfig( 1511): isGameModeOn = true
02-09 05:33:02.567 I/GameModeConfig( 1511): isGaming = false
02-09 05:33:02.567 I/GameModeConfig( 1511): isDisableVoice = true
02-09 05:33:02.567 I/am_pss ( 1511): [7067,90000,com.microsoft.emmx:sandboxed_process0:org.chromium.content.app.SandboxedProcessService0:0,15750144,4685824,0,108367872,0,19,5]
02-09 05:33:02.577 I/input_focus( 1511): [Focus request a4a3baa com.thundercomm.screensaver/android.service.dreams.DreamActivity,reason=UpdateInputWindows]
02-09 05:33:02.587 I/input_focus( 1511): [Focus leaving 584aa45 com.android.launcher3/com.android.launcher3.uioverrides.QuickstepLauncher (server),reason=NO_WINDOW]
02-09 05:33:02.587 V/DisplayPowerController[0]( 1511): Brightness [1.0] reason changing to: 'manual', previous reason: 'manual [ dim ]'.
02-09 05:33:02.587 I/sysui_multi_action( 1511): [757,1696,758,6,759,3]
02-09 05:33:02.589 I/am_pss ( 1511): [6754,10097,com.tencent.lolm,500570112,493137920,0,624627712,0,16,18]
02-09 05:33:02.595 I/am_pss ( 1511): [7453,10020,com.android.musicfx,6001664,3895296,0,88317952,0,19,4]
02-09 05:33:02.595 I/sysui_multi_action( 1511): [319,45,322,45,325,4277,757,761,758,8,759,2,806,com.thundercomm.screensaver,871,android.service.dreams.DreamActivity,904,com.thundercomm.screensaver,905,0,1320,4,1321,2]
02-09 05:33:02.596 I/wm_activity_launch_time( 1511): [0,252665471,com.thundercomm.screensaver/android.service.dreams.DreamActivity,45]
02-09 05:33:02.602 I/input_focus( 1511): [Focus entering a4a3baa com.thundercomm.screensaver/android.service.dreams.DreamActivity (server),reason=Window became focusable. Previous reason: NOT_VISIBLE]
02-09 05:33:02.602 E/DisplayDeviceConfig( 1511): requesting nits when no mapping exists.
02-09 05:33:02.603 E/DisplayDeviceConfig( 1511): requesting nits when no mapping exists.
02-09 05:33:02.603 I/am_wtf ( 1511): [0,1511,system_server,-1,DisplayDeviceConfig,requesting nits when no mapping exists.]
02-09 05:33:02.604 I/am_wtf ( 1511): [0,1511,system_server,-1,DisplayDeviceConfig,requesting nits when no mapping exists.]
02-09 05:33:02.607 I/am_pss ( 1511): [6959,10035,com.microsoft.emmx,113600512,91623424,0,253169664,0,19,10]
02-09 05:33:02.617 E/DisplayDeviceConfig( 1511): requesting nits when no mapping exists.
02-09 05:33:02.617 E/DisplayDeviceConfig( 1511): requesting nits when no mapping exists.
02-09 05:33:02.617 I/am_wtf ( 1511): [0,1511,system_server,-1,DisplayDeviceConfig,requesting nits when no mapping exists.]
02-09 05:33:02.618 I/am_wtf ( 1511): [0,1511,system_server,-1,DisplayDeviceConfig,requesting nits when no mapping exists.]
02-09 05:33:02.635 E/DisplayDeviceConfig( 1511): requesting nits when no mapping exists.
02-09 05:33:02.635 E/DisplayDeviceConfig( 1511): requesting nits when no mapping exists.
02-09 05:33:02.635 I/am_wtf ( 1511): [0,1511,system_server,-1,DisplayDeviceConfig,requesting nits when no mapping exists.]
02-09 05:33:02.635 I/am_wtf ( 1511): [0,1511,system_server,-1,DisplayDeviceConfig,requesting nits when no mapping exists.]
02-09 05:33:02.651 E/DisplayDeviceConfig( 1511): requesting nits when no mapping exists.
02-09 05:33:02.651 E/DisplayDeviceConfig( 1511): requesting nits when no mapping exists.
02-09 05:33:02.651 I/am_wtf ( 1511): [0,1511,system_server,-1,DisplayDeviceConfig,requesting nits when no mapping exists.]
02-09 05:33:02.651 I/am_wtf ( 1511): [0,1511,system_server,-1,DisplayDeviceConfig,requesting nits when no mapping exists.]
02-09 05:33:02.658 W/ContextImpl( 2089): Calling a method in the system process without a qualified user: android.app.ContextImpl.startService:1816 android.content.ContextWrapper.startService:774 com.thundercomm.gamemode.ingame.services.GameModeActionUtils.startGameModeService:111 com.thundercomm.gamemode.ingame.services.GameModeActionUtils.startGameModeEntry:22 com.thundercomm.gamemode.ingame.services.ActivityMonitoringService$1.onActivityLaunch:139
02-09 05:33:02.659 I/GameModeConfig( 1511): Current uri is uri = content://com.thundercomm.gamemode.api/gamemode_settings/gamemode_isgaming
02-09 05:33:02.660 I/GameModeConfig( 1511): isGameModeOn = true
02-09 05:33:02.660 I/GameModeConfig( 1511): isGaming = false
02-09 05:33:02.660 I/GameModeConfig( 1511): isGameModeOn = true
02-09 05:33:02.660 I/GameModeConfig( 1511): isGaming = false
02-09 05:33:02.660 I/GameModeConfig( 1511): isDisableVoice = true
02-09 05:33:02.668 E/DisplayDeviceConfig( 1511): requesting nits when no mapping exists.
02-09 05:33:02.668 E/DisplayDeviceConfig( 1511): requesting nits when no mapping exists.
02-09 05:33:02.668 I/am_wtf ( 1511): [0,1511,system_server,-1,DisplayDeviceConfig,requesting nits when no mapping exists.]
02-09 05:33:02.668 I/am_wtf ( 1511): [0,1511,system_server,-1,DisplayDeviceConfig,requesting nits when no mapping exists.]
02-09 05:33:02.684 E/DisplayDeviceConfig( 1511): requesting nits when no mapping exists.
02-09 05:33:02.685 E/DisplayDeviceConfig( 1511): requesting nits when no mapping exists.
02-09 05:33:02.685 I/am_wtf ( 1511): [0,1511,system_server,-1,DisplayDeviceConfig,requesting nits when no mapping exists.]
02-09 05:33:02.685 I/am_wtf ( 1511): [0,1511,system_server,-1,DisplayDeviceConfig,requesting nits when no mapping exists.]
02-09 05:33:02.701 E/DisplayDeviceConfig( 1511): requesting nits when no mapping exists.
02-09 05:33:02.701 E/DisplayDeviceConfig( 1511): requesting nits when no mapping exists.
02-09 05:33:02.701 I/am_wtf ( 1511): [0,1511,system_server,-1,DisplayDeviceConfig,requesting nits when no mapping exists.]
02-09 05:33:02.702 I/am_wtf ( 1511): [0,1511,system_server,-1,DisplayDeviceConfig,requesting nits when no mapping exists.]
02-09 05:33:02.718 E/DisplayDeviceConfig( 1511): requesting nits when no mapping exists.
02-09 05:33:02.718 E/DisplayDeviceConfig( 1511): requesting nits when no mapping exists.
02-09 05:33:02.718 I/am_wtf ( 1511): [0,1511,system_server,-1,DisplayDeviceConfig,requesting nits when no mapping exists.]
02-09 05:33:02.718 I/am_wtf ( 1511): [0,1511,system_server,-1,DisplayDeviceConfig,requesting nits when no mapping exists.]
02-09 05:33:02.735 E/DisplayDeviceConfig( 1511): requesting nits when no mapping exists.
02-09 05:33:02.735 I/am_wtf ( 1511): [0,1511,system_server,-1,DisplayDeviceConfig,requesting nits when no mapping exists.]
02-09 05:33:02.735 E/DisplayDeviceConfig( 1511): requesting nits when no mapping exists.
02-09 05:33:02.735 I/am_wtf ( 1511): [0,1511,system_server,-1,DisplayDeviceConfig,requesting nits when no mapping exists.]
02-09 05:33:02.752 E/DisplayDeviceConfig( 1511): requesting nits when no mapping exists.
02-09 05:33:02.752 E/DisplayDeviceConfig( 1511): requesting nits when no mapping exists.
02-09 05:33:02.752 I/am_wtf ( 1511): [0,1511,system_server,-1,DisplayDeviceConfig,requesting nits when no mapping exists.]
02-09 05:33:02.752 I/am_wtf ( 1511): [0,1511,system_server,-1,DisplayDeviceConfig,requesting nits when no mapping exists.]
02-09 05:33:02.768 E/DisplayDeviceConfig( 1511): requesting nits when no mapping exists.
02-09 05:33:02.768 E/DisplayDeviceConfig( 1511): requesting nits when no mapping exists.
02-09 05:33:02.768 I/am_wtf ( 1511): [0,1511,system_server,-1,DisplayDeviceConfig,requesting nits when no mapping exists.]
02-09 05:33:02.769 I/am_wtf ( 1511): [0,1511,system_server,-1,DisplayDeviceConfig,requesting nits when no mapping exists.]
02-09 05:33:02.785 E/DisplayDeviceConfig( 1511): requesting nits when no mapping exists.
02-09 05:33:02.785 I/am_wtf ( 1511): [0,1511,system_server,-1,DisplayDeviceConfig,requesting nits when no mapping exists.]
02-09 05:33:02.785 E/DisplayDeviceConfig( 1511): requesting nits when no mapping exists.
02-09 05:33:02.785 I/am_wtf ( 1511): [0,1511,system_server,-1,DisplayDeviceConfig,requesting nits when no mapping exists.]
