02-09 05:38:49.884 W/ActivityTaskManager( 1511): Can't find TaskDisplayArea to determine support for multi window. Task id=21 attached=false
02-09 05:38:49.886 I/sysui_multi_action( 1511): [757,803,799,window_time_0,802,1]
02-09 05:38:49.889 I/wm_task_removed( 1511): [35,removeChild:removeChild last r=ActivityRecord{dc72798 u0 com.android.music/.MusicBrowserActivity t-1 f}} in t=Task{5e94762 #35 type=standard A=10088:android.task.music U=0 visible=false mode=fullscreen translucent=true sz=0}]
02-09 05:38:49.889 I/wm_task_removed( 1511): [35,removeChild]
02-09 05:38:49.891 W/ActivityTaskManager( 1511): Can't find TaskDisplayArea to determine support for multi window. Task id=35 attached=false
02-09 05:38:49.891 W/ActivityTaskManager( 1511): Can't find TaskDisplayArea to determine support for multi window. Task id=35 attached=false
02-09 05:38:49.892 I/ActivityManager( 1511): Killing 6754:com.tencent.lolm/u0a97 (adj 905): remove task
02-09 05:38:49.892 I/am_kill ( 1511): [0,6754,com.tencent.lolm,905,remove task]
02-09 05:38:49.893 I/wm_task_removed( 1511): [33,removeChild:removeChild last r=ActivityRecord{daadc2b u0 com.tencent.qqmusicpad/.activity.MainActivity t-1 f}} in t=Task{32872cf #33 type=standard A=10095:com.tencent.qqmusicpad U=0 visible=false mode=fullscreen translucent=true sz=0}]
02-09 05:38:49.893 I/wm_task_removed( 1511): [33,removeChild]
02-09 05:38:49.897 I/sysui_multi_action( 1511): [757,803,799,window_time_0,802,0]
02-09 05:38:49.898 I/ActivityManager( 1511): Killing 6595:com.android.music/u0a88 (adj 200): remove task
02-09 05:38:49.898 I/am_kill ( 1511): [0,6595,com.android.music,200,remove task]
02-09 05:38:49.900 W/ActivityTaskManager( 1511): Can't find TaskDisplayArea to determine support for multi window. Task id=33 attached=false
02-09 05:38:49.900 W/ActivityTaskManager( 1511): Can't find TaskDisplayArea to determine support for multi window. Task id=33 attached=false
02-09 05:38:49.901 I/sysui_multi_action( 1511): [757,803,799,window_time_0,802,0]
02-09 05:38:49.906 I/sysui_multi_action( 1511): [757,803,799,window_time_0,802,0]
02-09 05:38:49.909 I/notification_cancel_all( 1511): [1000,1511,com.tencent.qqmusicpad,0,0,0,20,NULL]
02-09 05:38:49.910 I/notification_cancel_all( 1511): [10095,7156,com.tencent.qqmusicpad,0,0,64,9,NULL]
02-09 05:38:49.910 W/FreeFormWindowHelper( 1511): Current Display FreeFormTask is null
02-09 05:38:49.911 W/FreeFormWindowHelper( 1511): Current Display FreeFormTask is null
02-09 05:38:49.911 W/FreeFormWindowHelper( 1511): Current Display FreeFormTask is null
02-09 05:38:49.912 W/FreeFormWindowHelper( 1511): Current Display FreeFormTask is null
02-09 05:38:49.914 I/sysui_multi_action( 1511): [757,128,758,5,759,8,793,418619,794,0,795,418619,796,1,806,com.tencent.qqmusicpad,857,10000,858,2,947,0,1500,418619,1688,1]
02-09 05:38:49.914 W/FreeFormWindowHelper( 1511): Current Display FreeFormTask is null
02-09 05:38:49.914 I/notification_canceled( 1511): [0|com.tencent.qqmusicpad|1|null|10095,8,418619,418619,0,-1,-1,NULL]
02-09 05:38:49.914 W/FreeFormWindowHelper( 1511): Current Display FreeFormTask is null
02-09 05:38:49.914 E/TaskPersister( 1511): File error accessing recents directory (directory doesn't exist?).
02-09 05:38:49.915 W/FreeFormWindowHelper( 1511): Current Display FreeFormTask is null
02-09 05:38:49.915 W/FreeFormWindowHelper( 1511): Current Display FreeFormTask is null
02-09 05:38:49.915 W/FreeFormWindowHelper( 1511): Current Display FreeFormTask is null
02-09 05:38:49.916 W/FreeFormWindowHelper( 1511): Current Display FreeFormTask is null
02-09 05:38:49.916 D/CompatibilityChangeReporter( 1511): Compat change id reported: 175319604; UID 1000; state: ENABLED
02-09 05:38:49.916 D/CompatibilityChangeReporter( 1511): Compat change id reported: 175319604; UID 1000; state: DISABLED
02-09 05:38:49.917 D/CompatibilityChangeReporter( 1511): Compat change id reported: 135634846; UID 1000; state: DISABLED
02-09 05:38:49.917 D/CompatibilityChangeReporter( 1511): Compat change id reported: 177438394; UID 1000; state: DISABLED
02-09 05:38:49.917 D/CompatibilityChangeReporter( 1511): Compat change id reported: 135772972; UID 1000; state: DISABLED
02-09 05:38:49.917 D/CompatibilityChangeReporter( 1511): Compat change id reported: 135754954; UID 1000; state: ENABLED
02-09 05:38:49.917 W/ActivityManager( 1511): ProcessRecord{e4f8a05 6616:com.android.gallery3d/u0a64} is attached to a previous process
02-09 05:38:49.918 I/am_uid_stopped( 1511): 10064
02-09 05:38:49.918 W/ActivityManager( 1511): Existing proc ProcessRecord{e4f8a05 6616:com.android.gallery3d/u0a64} was killed 66ms ago when adding ProcessRecord{c02ecc2 0:com.android.gallery3d/u0a64}
02-09 05:38:49.918 I/am_uid_running( 1511): 10064
02-09 05:38:49.918 D/CompatibilityChangeReporter( 1511): Compat change id reported: 135634846; UID 10064; state: DISABLED
02-09 05:38:49.918 D/CompatibilityChangeReporter( 1511): Compat change id reported: 177438394; UID 10064; state: DISABLED
02-09 05:38:49.918 D/CompatibilityChangeReporter( 1511): Compat change id reported: 135772972; UID 10064; state: DISABLED
02-09 05:38:49.918 D/CompatibilityChangeReporter( 1511): Compat change id reported: 135754954; UID 10064; state: DISABLED
02-09 05:38:49.919 W/FreeFormWindowHelper( 1511): Current Display FreeFormTask is null
02-09 05:38:49.919 W/FreeFormWindowHelper( 1511): Current Display FreeFormTask is null
02-09 05:38:49.924 I/am_proc_start( 1511): [0,9552,1000,com.android.settings,NULL,]
02-09 05:38:49.924 I/ActivityManager( 1511): Start proc 9552:com.android.settings/1000 for null
02-09 05:38:49.930 W/ContextImpl( 2089): Calling a method in the system process without a qualified user: android.app.ContextImpl.startService:1816 android.content.ContextWrapper.startService:774 com.thundercomm.gamemode.ingame.services.GameModeActionUtils.startGameModeService:111 com.thundercomm.gamemode.ingame.services.GameModeActionUtils.startGameModeEntry:22 com.thundercomm.gamemode.ingame.services.ActivityMonitoringService$1.onActivityLaunch:139
02-09 05:38:49.930 I/am_proc_died( 1511): [0,6595,com.android.music,200,4]
02-09 05:38:49.930 W/ActivityManager( 1511): Scheduling restart of crashed service com.android.music/.MediaPlaybackService in 1000ms for start-requested
02-09 05:38:49.930 I/am_schedule_service_restart( 1511): [0,com.android.music/.MediaPlaybackService,1000]
02-09 05:38:49.930 I/am_uid_stopped( 1511): 10088
02-09 05:38:49.931 W/UsageStatsService( 1511): Unexpected activity event reported! (com.android.music/com.android.music.VideoBrowserActivity event : 23 instanceId : 158887826)
02-09 05:38:49.931 W/UsageStatsService( 1511): Unexpected activity event reported! (com.hht.lebocast/com.hht.lebocast.GuidanceActivity event : 23 instanceId : 162008949)
02-09 05:38:49.931 W/UsageStatsService( 1511): Unexpected activity event reported! (com.android.gallery3d/com.android.gallery3d.app.GalleryActivity event : 23 instanceId : 84425548)
02-09 05:38:49.931 W/UsageStatsService( 1511): Unexpected activity event reported! (com.tencent.tmgp.sgame/com.tencent.tmgp.sgame.SGameActivity event : 23 instanceId : 244885712)
02-09 05:38:49.931 W/UsageStatsService( 1511): Unexpected activity event reported! (com.android.music/com.android.music.MusicBrowserActivity event : 23 instanceId : 92691829)
02-09 05:38:49.931 W/UsageStatsService( 1511): Unexpected activity event reported! (com.tencent.qqmusicpad/com.tencent.qqmusicpad.activity.MainActivity event : 23 instanceId : 235863162)
02-09 05:38:49.934 I/sysui_multi_action( 1511): [757,128,758,5,759,8,793,410798,794,0,795,331222,796,1,806,com.android.music,857,Channel-music,858,2,947,0,1500,331222,1641,transport,1688,1,1745,1043716538]
02-09 05:38:49.934 I/notification_canceled( 1511): [0|com.android.music|1|null|10088,8,410798,331222,0,-1,-1,NULL]
02-09 05:38:49.935 W/ActivityManager( 1511): setHasOverlayUi called on unknown pid: 6595
02-09 05:38:49.936 E/ActivityThread( 7238): Service com.tencent.qqmusicplayerprocess.service.QQPlayerServiceNew has leaked IntentReceiver com.tencent.qqmusicsdk.player.listener.g$1@5c7d8a5 that was originally registered here. Are you missing a call to unregisterReceiver()?
02-09 05:38:49.936 E/ActivityThread( 7238): android.app.IntentReceiverLeaked: Service com.tencent.qqmusicplayerprocess.service.QQPlayerServiceNew has leaked IntentReceiver com.tencent.qqmusicsdk.player.listener.g$1@5c7d8a5 that was originally registered here. Are you missing a call to unregisterReceiver()?
02-09 05:38:49.936 E/ActivityThread( 7238): at android.app.LoadedApk$ReceiverDispatcher.(LoadedApk.java:1717)
02-09 05:38:49.936 E/ActivityThread( 7238): at android.app.LoadedApk.getReceiverDispatcher(LoadedApk.java:1494)
02-09 05:38:49.936 E/ActivityThread( 7238): at android.app.ContextImpl.registerReceiverInternal(ContextImpl.java:1757)
02-09 05:38:49.936 E/ActivityThread( 7238): at android.app.ContextImpl.registerReceiver(ContextImpl.java:1723)
02-09 05:38:49.936 E/ActivityThread( 7238): at android.app.ContextImpl.registerReceiver(ContextImpl.java:1711)
02-09 05:38:49.936 E/ActivityThread( 7238): at android.content.ContextWrapper.registerReceiver(ContextWrapper.java:724)
02-09 05:38:49.936 E/ActivityThread( 7238): at com.tencent.qqmusicsdk.player.listener.g.j(MediaButtonListener.java:152)
02-09 05:38:49.936 E/ActivityThread( 7238): at com.tencent.qqmusicsdk.player.listener.g.c(MediaButtonListener.java:157)
02-09 05:38:49.936 E/ActivityThread( 7238): at com.tencent.qqmusicsdk.player.listener.b.a(AudioFocusListener.java:76)
02-09 05:38:49.936 E/ActivityThread( 7238): at com.tencent.qqmusicplayerprocess.service.QQPlayerServiceNew$7.J(QQPlayerServiceNew.java:1424)
02-09 05:38:49.936 E/ActivityThread( 7238): at com.tencent.qqmusicplayerprocess.service.b$a.onTransact(IQQPlayerServiceNew.java:914)
02-09 05:38:49.936 E/ActivityThread( 7238): at android.os.Binder.execTransactInternal(Binder.java:1184)
02-09 05:38:49.936 E/ActivityThread( 7238): at android.os.Binder.execTransact(Binder.java:1143)
02-09 05:38:49.941 I/notification_cancel_all( 1511): [1000,1511,com.tencent.qqmusicpad,0,0,0,20,NULL]
02-09 05:38:49.941 I/notification_cancel_all( 1511): [10095,7156,com.tencent.qqmusicpad,0,0,64,9,NULL]
02-09 05:38:49.942 I/am_uid_running( 1511): 10088
02-09 05:38:49.942 D/CompatibilityChangeReporter( 1511): Compat change id reported: 135634846; UID 10088; state: DISABLED
02-09 05:38:49.942 D/CompatibilityChangeReporter( 1511): Compat change id reported: 177438394; UID 10088; state: DISABLED
02-09 05:38:49.943 D/CompatibilityChangeReporter( 1511): Compat change id reported: 135772972; UID 10088; state: DISABLED
02-09 05:38:49.943 D/CompatibilityChangeReporter( 1511): Compat change id reported: 135754954; UID 10088; state: ENABLED
02-09 05:38:49.945 I/am_proc_died( 1511): [0,6616,com.android.gallery3d,1001,19]
02-09 05:38:49.948 I/GameModeConfig( 1511): Current uri is uri = content://com.thundercomm.gamemode.api/gamemode_settings/gamemode_isgaming
02-09 05:38:49.948 W/ActivityManager( 1511): setHasOverlayUi called on unknown pid: 6616
02-09 05:38:49.949 I/am_proc_died( 1511): [0,5884,com.tencent.tmgp.sgame,1001,19]
02-09 05:38:49.949 E/ActivityThread( 7238): Service com.tencent.qqmusicplayerprocess.service.QQPlayerServiceNew has leaked IntentReceiver com.tencent.qqmusicsdk.player.listener.MediaButtonReceiver@d6c969c that was originally registered here. Are you missing a call to unregisterReceiver()?
02-09 05:38:49.949 E/ActivityThread( 7238): android.app.IntentReceiverLeaked: Service com.tencent.qqmusicplayerprocess.service.QQPlayerServiceNew has leaked IntentReceiver com.tencent.qqmusicsdk.player.listener.MediaButtonReceiver@d6c969c that was originally registered here. Are you missing a call to unregisterReceiver()?
02-09 05:38:49.949 E/ActivityThread( 7238): at android.app.LoadedApk$ReceiverDispatcher.(LoadedApk.java:1717)
02-09 05:38:49.949 E/ActivityThread( 7238): at android.app.LoadedApk.getReceiverDispatcher(LoadedApk.java:1494)
02-09 05:38:49.949 E/ActivityThread( 7238): at android.app.ContextImpl.registerReceiverInternal(ContextImpl.java:1757)
02-09 05:38:49.949 E/ActivityThread( 7238): at android.app.ContextImpl.registerReceiver(ContextImpl.java:1723)
02-09 05:38:49.949 E/ActivityThread( 7238): at android.app.ContextImpl.registerReceiver(ContextImpl.java:1711)
02-09 05:38:49.949 E/ActivityThread( 7238): at android.content.ContextWrapper.registerReceiver(ContextWrapper.java:724)
02-09 05:38:49.949 E/ActivityThread( 7238): at com.tencent.qqmusicsdk.player.listener.g.j(MediaButtonListener.java:151)
02-09 05:38:49.949 E/ActivityThread( 7238): at com.tencent.qqmusicsdk.player.listener.g.c(MediaButtonListener.java:157)
02-09 05:38:49.949 E/ActivityThread( 7238): at com.tencent.qqmusicsdk.player.listener.b.a(AudioFocusListener.java:76)
02-09 05:38:49.949 E/ActivityThread( 7238): at com.tencent.qqmusicplayerprocess.service.QQPlayerServiceNew$7.J(QQPlayerServiceNew.java:1424)
02-09 05:38:49.949 E/ActivityThread( 7238): at com.tencent.qqmusicplayerprocess.service.b$a.onTransact(IQQPlayerServiceNew.java:914)
02-09 05:38:49.949 E/ActivityThread( 7238): at android.os.Binder.execTransactInternal(Binder.java:1184)
02-09 05:38:49.949 E/ActivityThread( 7238): at android.os.Binder.execTransact(Binder.java:1143)
02-09 05:38:49.949 I/am_uid_stopped( 1511): 10096
02-09 05:38:49.950 D/CompatibilityChangeReporter( 1511): Compat change id reported: 143937733; UID 10064; state: DISABLED
02-09 05:38:49.951 I/am_proc_bound( 1511): [0,9552,com.android.settings]
02-09 05:38:49.952 I/GameModeConfig( 1511): isGameModeOn = true
02-09 05:38:49.952 I/GameModeConfig( 1511): isGaming = false
02-09 05:38:49.953 I/GameModeConfig( 1511): isGameModeOn = true
02-09 05:38:49.953 I/GameModeConfig( 1511): isGaming = false
02-09 05:38:49.953 I/GameModeConfig( 1511): isDisableVoice = true
02-09 05:38:49.953 W/ActivityManager( 1511): setHasOverlayUi called on unknown pid: 5884
02-09 05:38:49.956 I/am_proc_start( 1511): [0,9571,10064,com.android.gallery3d,NULL,]
02-09 05:38:49.956 I/ActivityManager( 1511): Start proc 9571:com.android.gallery3d/u0a64 for null
02-09 05:38:49.956 D/CompatibilityChangeReporter( 1511): Compat change id reported: 143937733; UID 10088; state: ENABLED
02-09 05:38:49.957 I/GameModeConfig( 1511): isGameModeOn = true
02-09 05:38:49.957 I/GameModeConfig( 1511): isGaming = false
02-09 05:38:49.957 I/GameModeConfig( 1511): isGameModeOn = true
02-09 05:38:49.957 I/GameModeConfig( 1511): isGaming = false
02-09 05:38:49.957 I/GameModeConfig( 1511): isGameModeOn = true
02-09 05:38:49.957 I/GameModeConfig( 1511): isGaming = false
02-09 05:38:49.957 I/GameModeConfig( 1511): isGameModeOn = true
02-09 05:38:49.957 I/GameModeConfig( 1511): isGaming = false
02-09 05:38:49.958 I/notification_enqueue( 1511): [10080,1978,com.android.systemui,1,empty_media,0,Notification(channel=empty_media_style_id shortcut=null contentView=null vibrate=null sound=null defaults=0x0 flags=0x20 color=0x00000000 category=transport actions=4 vis=PRIVATE),0]
02-09 05:38:49.963 I/am_proc_start( 1511): [0,9574,10088,com.android.music,NULL,]
02-09 05:38:49.963 I/ActivityManager( 1511): Start proc 9574:com.android.music/u0a88 for null
02-09 05:38:49.975 I/am_proc_bound( 1511): [0,9574,com.android.music]
02-09 05:38:49.979 I/am_uid_active( 1511): 10088
02-09 05:38:49.980 I/am_proc_bound( 1511): [0,9571,com.android.gallery3d]
02-09 05:38:49.984 I/notification_enqueue( 1511): [10088,9574,com.android.music,1,NULL,0,Notification(channel=Channel-music shortcut=null contentView=null vibrate=null sound=null defaults=0x0 flags=0x62 color=0x00000000 category=transport actions=4 vis=PRIVATE),0]
02-09 05:38:49.996 I/sysui_multi_action( 1511): [757,128,758,5,759,8,793,13,794,0,795,13,796,1,806,com.android.music,857,Channel-music,858,2,947,0,1500,13,1641,transport,1688,1,1745,1043716538]
02-09 05:38:49.997 I/notification_canceled( 1511): [0|com.android.music|1|null|10088,8,13,13,0,-1,-1,NULL]
02-09 05:38:50.019 D/CompatibilityChangeReporter( 1511): Compat change id reported: 149924527; UID 10088; state: ENABLED
02-09 05:38:50.019 I/am_wtf ( 1511): [0,9552,com.android.settings,952647173,RoleParser,com.android.permissioncontroller.role.model.AssistantRoleBehavior]
02-09 05:38:50.019 D/CompatibilityChangeReporter( 1511): Compat change id reported: 132649864; UID 10088; state: DISABLED
02-09 05:38:50.020 D/CompatibilityChangeReporter( 1511): Compat change id reported: 182734110; UID 10088; state: ENABLED
02-09 05:38:50.021 I/DropBoxManagerService( 1511): add tag=system_app_wtf isTagEnabled=true flags=0x2
02-09 05:38:50.023 I/am_wtf ( 1511): [0,9552,com.android.settings,952647173,RoleParser,com.android.permissioncontroller.role.model.BrowserRoleBehavior]
02-09 05:38:50.024 I/DropBoxManagerService( 1511): add tag=system_app_wtf isTagEnabled=true flags=0x2
02-09 05:38:50.025 I/am_wtf ( 1511): [0,9552,com.android.settings,952647173,RoleParser,com.android.permissioncontroller.role.model.DialerRoleBehavior]
02-09 05:38:50.026 I/DropBoxManagerService( 1511): add tag=system_app_wtf isTagEnabled=true flags=0x2
02-09 05:38:50.027 I/am_wtf ( 1511): [0,9552,com.android.settings,952647173,RoleParser,com.android.permissioncontroller.role.model.SmsRoleBehavior]
02-09 05:38:50.027 I/DropBoxManagerService( 1511): add tag=system_app_wtf isTagEnabled=true flags=0x2
02-09 05:38:50.029 I/am_wtf ( 1511): [0,9552,com.android.settings,952647173,RoleParser,com.android.permissioncontroller.role.model.EmergencyRoleBehavior]
02-09 05:38:50.029 I/DropBoxManagerService( 1511): add tag=system_app_wtf isTagEnabled=true flags=0x2
02-09 05:38:50.030 I/am_wtf ( 1511): [0,9552,com.android.settings,952647173,RoleParser,com.android.permissioncontroller.role.model.HomeRoleBehavior]
02-09 05:38:50.034 I/am_wtf ( 1511): [0,9552,com.android.settings,952647173,RoleParser,com.android.permissioncontroller.role.model.SystemAutomotiveClusterRoleBehavior]
02-09 05:38:50.035 I/am_wtf ( 1511): [0,9552,com.android.settings,952647173,RoleParser,com.android.permissioncontroller.role.model.CompanionDeviceWatchRoleBehavior]
02-09 05:38:50.038 I/am_wtf ( 1511): [0,9552,com.android.settings,952647173,RoleParser,com.android.permissioncontroller.role.model.SystemShellRoleBehavior]
02-09 05:38:50.040 I/am_wtf ( 1511): [0,9552,com.android.settings,952647173,RoleParser,com.android.permissioncontroller.role.model.TelevisionRoleBehavior]
02-09 05:38:50.045 I/am_wtf ( 1511): [0,9552,com.android.settings,952647173,RoleParser,com.android.permissioncontroller.role.model.TelevisionRoleBehavior]
02-09 05:38:50.070 D/CompatibilityChangeReporter( 1511): Compat change id reported: 168419799; UID 10020; state: DISABLED
02-09 05:38:50.105 I/WindowManager( 1511): WIN DEATH: Window{d9699ba u0 com.tencent.lolm/com.tencent.lolm.lgame}
02-09 05:38:50.107 I/am_proc_died( 1511): [0,6754,com.tencent.lolm,905,19]
02-09 05:38:50.111 I/am_uid_stopped( 1511): 10097
02-09 05:38:50.112 I/wm_task_removed( 1511): [29,removeChild:removeChild last r=ActivityRecord{ba53902 u0 com.tencent.lolm/.lgame t-1 f}} in t=Task{ff1d81 #29 type=standard A=10097:com.tencent.lolm U=0 visible=false mode=fullscreen translucent=true sz=0}]
02-09 05:38:50.112 I/wm_task_removed( 1511): [29,removeChild]
02-09 05:38:50.114 W/ActivityTaskManager( 1511): Can't find TaskDisplayArea to determine support for multi window. Task id=29 attached=false
02-09 05:38:50.114 W/ActivityTaskManager( 1511): Can't find TaskDisplayArea to determine support for multi window. Task id=29 attached=false
02-09 05:38:50.115 W/ActivityManager( 1511): setHasOverlayUi called on unknown pid: 6754
02-09 05:38:50.115 W/UsageStatsService( 1511): Unexpected activity event reported! (com.tencent.lolm/com.tencent.lolm.lgame event : 23 instanceId : 52183458)
02-09 05:38:50.117 W/FreeFormWindowHelper( 1511): Current Display FreeFormTask is null
02-09 05:38:50.117 W/FreeFormWindowHelper( 1511): Current Display FreeFormTask is null
02-09 05:38:50.128 I/GameModeConfig( 1511): isGameModeOn = true
02-09 05:38:50.128 I/GameModeConfig( 1511): isGaming = false
02-09 05:38:50.128 I/GameModeConfig( 1511): isGameModeOn = true
02-09 05:38:50.128 I/GameModeConfig( 1511): isGaming = false
02-09 05:38:50.128 I/GameModeConfig( 1511): isGameModeOn = true
02-09 05:38:50.128 I/GameModeConfig( 1511): isGaming = false
02-09 05:38:50.128 I/GameModeConfig( 1511): isGameModeOn = true
02-09 05:38:50.128 I/GameModeConfig( 1511): isGaming = false
02-09 05:38:50.160 I/sysui_multi_action( 1511): [757,1501,758,1,793,203,794,0,795,203,796,1,797,empty_media,806,com.android.systemui,857,empty_media_style_id,858,4,947,0,1500,0,1641,transport,1688,1,1745,1043716538]
02-09 05:38:50.160 I/sysui_multi_action( 1511): [757,804,799,note_interruptive,801,0,802,1]
02-09 05:38:50.161 I/GameModeConfig( 1511): isGameModeOn = true
02-09 05:38:50.161 I/GameModeConfig( 1511): isGaming = false
02-09 05:38:50.166 W/NotificationHistory( 1511): Attempted to add notif for locked/gone/disabled user 0
02-09 05:38:50.176 I/notification_enqueue( 1511): [10088,9574,com.android.music,1,NULL,0,Notification(channel=Channel-music shortcut=null contentView=null vibrate=null sound=null defaults=0x0 flags=0x0 color=0x00000000 category=transport actions=4 vis=PRIVATE),0]
02-09 05:38:50.177 W/ActivityManager( 1511): Foreground service started from background can not have location/camera/microphone access: service com.android.music/.MediaPlaybackService
02-09 05:38:50.177 I/ActivityManager( 1511): Background started FGS: Allowed [callingPackage: com.android.music; callingUid: 10088; uidState: SVC ; intent: Intent { cmp=com.android.music/.MediaPlaybackService }; code:SYSTEM_ALERT_WINDOW_PERMISSION; tempAllowListReason:<,reasonCode:SYSTEM_ALLOW_LISTED,duration:9223372036854775807,callingUid:-1>; targetSdkVersion:31; callerTargetSdkVersion:31; startForegroundCount:1; bindFromPackage:null]
02-09 05:38:50.182 I/sysui_multi_action( 1511): [757,128,758,5,759,8,793,7,794,0,795,7,796,1,806,com.android.music,857,Channel-music,858,2,947,0,1500,7,1641,transport,1688,1,1745,1043716538]
02-09 05:38:50.183 I/notification_canceled( 1511): [0|com.android.music|1|null|10088,8,7,7,0,-1,-1,NULL]
02-09 05:38:50.183 I/notification_enqueue( 1511): [10088,9574,com.android.music,1,NULL,0,Notification(channel=Channel-music shortcut=null contentView=null vibrate=null sound=null defaults=0x0 flags=0x40 color=0x00000000 category=transport actions=4 vis=PRIVATE),0]
02-09 05:38:50.185 I/sysui_multi_action( 1511): [757,1501,758,1,793,4,794,0,795,4,796,1,806,com.android.music,857,Channel-music,858,2,947,0,1500,0,1641,transport,1745,1043716538]
02-09 05:38:50.185 I/sysui_multi_action( 1511): [757,804,799,note_interruptive,801,0,802,1]
02-09 05:38:50.185 I/GameModeConfig( 1511): isGameModeOn = true
02-09 05:38:50.185 I/GameModeConfig( 1511): isGaming = false
02-09 05:38:50.187 W/NotificationHistory( 1511): Attempted to add notif for locked/gone/disabled user 0
02-09 05:38:50.187 I/GameModeConfig( 1511): isGameModeOn = true
02-09 05:38:50.187 I/GameModeConfig( 1511): isGaming = false
02-09 05:38:50.188 I/GameModeConfig( 1511): isGameModeOn = true
02-09 05:38:50.188 I/GameModeConfig( 1511): isGaming = false
02-09 05:38:50.188 I/GameModeConfig( 1511): isGameModeOn = true
02-09 05:38:50.188 I/GameModeConfig( 1511): isGaming = false
02-09 05:38:50.188 I/GameModeConfig( 1511): isGameModeOn = true
02-09 05:38:50.188 I/GameModeConfig( 1511): isGaming = false
02-09 05:38:50.188 I/GameModeConfig( 1511): isGameModeOn = true
02-09 05:38:50.188 I/GameModeConfig( 1511): isGaming = false
02-09 05:38:50.188 I/GameModeConfig( 1511): isGameModeOn = true
02-09 05:38:50.188 I/GameModeConfig( 1511): isGaming = false
02-09 05:38:50.257 I/sysui_multi_action( 1511): [757,128,758,5,759,8,793,300,794,0,795,300,796,1,797,empty_media,806,com.android.systemui,857,empty_media_style_id,858,4,947,0,1500,97,1641,transport,1688,1,1745,1043716538]
02-09 05:38:50.257 I/notification_canceled( 1511): [0|com.android.systemui|1|empty_media|10080,8,300,300,0,-1,-1,NULL]
02-09 05:38:50.377 I/NotificationService( 1511): Cannot find enqueued record for key: 0|com.android.music|1|null|10088
02-09 05:38:50.383 I/NotificationService( 1511): Cannot find enqueued record for key: 0|com.android.music|1|null|10088
02-09 05:38:50.518 I/ActivityManager( 1511): Process com.tencent.qqmusicpad:QQPlayerService (pid 7238) has died: cch+25 CEM
02-09 05:38:50.519 I/am_proc_died( 1511): [0,7238,com.tencent.qqmusicpad:QQPlayerService,925,19]
02-09 05:38:53.116 E/TaskPersister( 1511): File error accessing recents directory (directory doesn't exist?).
02-09 05:39:09.799 I/netstats_mobile_sample( 1511): [0,0,0,0,0,0,0,0,0,0,0,0,1675892349799]
02-09 05:39:09.799 I/netstats_wifi_sample( 1511): [0,0,0,0,0,0,0,0,0,0,0,0,1675892349799]
02-09 05:39:30.601 W/FreeFormWindowHelper( 1511): Current Display FreeFormTask is null
02-09 05:39:30.603 W/FreeFormWindowHelper( 1511): Current Display FreeFormTask is null
02-09 05:39:30.606 W/FreeFormWindowHelper( 1511): exitRecentTasks type=0
02-09 05:39:35.414 I/thunderperf( 1511): PlatormCompat.setOverrides: Uid1=10073 Pid1=2559 Uid2=10073 Pid2=2559
02-09 05:39:35.414 I/thunderperf( 1511): PlatormCompat.setOverrides: needCheck:false
02-09 05:39:35.414 I/thunderperf( 1511): CompatConfig.addOverrideUnsafe: bef-state=1
02-09 05:39:35.414 I/thunderperf( 1511): CompatConfig.addOverrideUnsafe: aft-state=0
02-09 05:39:35.415 I/thunderperf( 1511): CompatConfig.addOverrideUnsafe: bef-state=1
02-09 05:39:35.415 I/thunderperf( 1511): CompatConfig.addOverrideUnsafe: aft-state=0
02-09 05:39:35.415 I/thunderperf( 1511): CompatConfig.addOverrideUnsafe: bef-state=1
02-09 05:39:35.415 I/thunderperf( 1511): CompatConfig.addOverrideUnsafe: aft-state=0
02-09 05:39:35.415 I/thunderperf( 1511): CompatConfig.addOverrideUnsafe: bef-state=1
02-09 05:39:35.415 I/thunderperf( 1511): CompatConfig.addOverrideUnsafe: aft-state=0
02-09 05:39:35.416 I/thunderperf( 1511): CompatConfig.addOverrideUnsafe: bef-state=1
02-09 05:39:35.416 I/thunderperf( 1511): CompatConfig.addOverrideUnsafe: aft-state=0
02-09 05:39:35.416 I/thunderperf( 1511): CompatConfig.addOverrideUnsafe: bef-state=1
02-09 05:39:35.416 I/thunderperf( 1511): CompatConfig.addOverrideUnsafe: aft-state=0
02-09 05:39:35.416 I/thunderperf( 1511): CompatConfig.addOverrideUnsafe: bef-state=1
02-09 05:39:35.416 I/thunderperf( 1511): CompatConfig.addOverrideUnsafe: aft-state=0
02-09 05:39:35.417 I/thunderperf( 1511): CompatConfig.addOverrideUnsafe: bef-state=1
02-09 05:39:35.417 I/thunderperf( 1511): CompatConfig.addOverrideUnsafe: aft-state=0
02-09 05:39:35.417 I/thunderperf( 1511): CompatConfig.addOverrideUnsafe: bef-state=1
02-09 05:39:35.417 I/thunderperf( 1511): CompatConfig.addOverrideUnsafe: aft-state=0
02-09 05:39:35.417 I/thunderperf( 1511): CompatConfig.addOverrideUnsafe: bef-state=1
02-09 05:39:35.417 I/thunderperf( 1511): CompatConfig.addOverrideUnsafe: aft-state=0
02-09 05:39:35.417 I/thunderperf( 1511): CompatConfig.addOverrideUnsafe: bef-state=1
02-09 05:39:35.418 I/thunderperf( 1511): CompatConfig.addOverrideUnsafe: aft-state=0
02-09 05:39:35.418 I/thunderperf( 1511): CompatConfig.addOverrideUnsafe: bef-state=1
02-09 05:39:35.418 I/thunderperf( 1511): CompatConfig.addOverrideUnsafe: aft-state=0
02-09 05:39:35.418 I/thunderperf( 1511): CompatConfig.addOverrideUnsafe: bef-state=1
02-09 05:39:35.418 I/thunderperf( 1511): CompatConfig.addOverrideUnsafe: aft-state=0
02-09 05:39:35.418 I/thunderperf( 1511): CompatConfig.addOverrideUnsafe: bef-state=1
02-09 05:39:35.418 I/thunderperf( 1511): CompatConfig.addOverrideUnsafe: aft-state=0
02-09 05:39:35.420 I/ActivityTaskManager( 1511): START u0 {act=android.intent.action.MAIN cat=[android.intent.category.LAUNCHER] flg=0x10200000 cmp=com.tencent.tmgp.sgame/.SGameActivity bnds=[1768,120][2044,382]} from uid 10073
02-09 05:39:35.422 I/wm_task_created( 1511): [41,-1]
02-09 05:39:35.422 W/ActivityTaskManager( 1511): Can't find TaskDisplayArea to determine support for multi window. Task id=41 attached=false
02-09 05:39:35.424 I/wm_task_moved( 1511): [41,1,6]
02-09 05:39:35.424 I/wm_task_to_front( 1511): [0,41]
02-09 05:39:35.424 I/wm_create_task( 1511): [0,41]
02-09 05:39:35.424 I/wm_create_activity( 1511): [0,223246482,41,com.tencent.tmgp.sgame/.SGameActivity,android.intent.action.MAIN,NULL,NULL,270532608]
02-09 05:39:35.424 I/wm_task_moved( 1511): [41,1,6]
02-09 05:39:35.425 I/wm_pause_activity( 1511): [0,204923478,com.android.launcher3/.uioverrides.QuickstepLauncher,userLeaving=true,pauseBackTasks]
02-09 05:39:35.427 I/am_uid_running( 1511): 10096
02-09 05:39:35.427 I/wm_on_top_resumed_lost_called( 2559): [204923478,com.android.launcher3.uioverrides.QuickstepLauncher,topStateChangedWhenResumed]
02-09 05:39:35.428 I/wm_on_paused_called( 2559): [204923478,com.android.launcher3.uioverrides.QuickstepLauncher,performPause]
02-09 05:39:35.428 I/ActivityTaskManager( 1511): FOREGROUND_APPLICATION_CHANGED to com.tencent.tmgp.sgame.SGameActivity
02-09 05:39:35.429 I/wm_add_to_stopping( 1511): [0,204923478,com.android.launcher3/.uioverrides.QuickstepLauncher,makeInvisible]
02-09 05:39:35.431 D/CompatibilityChangeReporter( 1511): Compat change id reported: 135634846; UID 10096; state: DISABLED
02-09 05:39:35.431 D/CompatibilityChangeReporter( 1511): Compat change id reported: 177438394; UID 10096; state: DISABLED
02-09 05:39:35.431 D/CompatibilityChangeReporter( 1511): Compat change id reported: 135772972; UID 10096; state: DISABLED
02-09 05:39:35.431 D/CompatibilityChangeReporter( 1511): Compat change id reported: 135754954; UID 10096; state: DISABLED
02-09 05:39:35.431 D/CompatibilityChangeReporter( 1511): Compat change id reported: 143937733; UID 10096; state: DISABLED
02-09 05:39:35.432 I/sysui_multi_action( 1511): [757,803,799,window_time_0,802,45]
02-09 05:39:35.437 I/am_proc_start( 1511): [0,10052,10096,com.tencent.tmgp.sgame,pre-top-activity,{com.tencent.tmgp.sgame/com.tencent.tmgp.sgame.SGameActivity}]
02-09 05:39:35.437 I/ActivityManager( 1511): Start proc 10052:com.tencent.tmgp.sgame/u0a96 for pre-top-activity {com.tencent.tmgp.sgame/com.tencent.tmgp.sgame.SGameActivity}
02-09 05:39:35.437 W/ContextImpl( 1511): Calling a method in the system process without a qualified user: android.app.ContextImpl.sendBroadcast:1173 com.qualcomm.qti.Performance$SendGameLaunchBroadcast.run:217 java.lang.Thread.run:920
02-09 05:39:35.439 I/am_pss ( 1511): [9574,10088,com.android.music,12592128,9236480,0,105816064,0,4,5]
02-09 05:39:35.444 I/am_pss ( 1511): [9571,10064,com.android.gallery3d,8184832,6107136,0,92528640,0,19,5]
02-09 05:39:35.446 I/input_focus( 1511): [Focus leaving 584aa45 com.android.launcher3/com.android.launcher3.uioverrides.QuickstepLauncher (server),reason=NO_WINDOW]
02-09 05:39:35.447 I/am_proc_bound( 1511): [0,10052,com.tencent.tmgp.sgame]
02-09 05:39:35.450 I/wm_restart_activity( 1511): [0,223246482,41,com.tencent.tmgp.sgame/.SGameActivity]
02-09 05:39:35.450 I/am_pss ( 1511): [9552,1000,com.android.settings,17216512,15007744,0,104079360,0,19,6]
02-09 05:39:35.450 I/wm_set_resumed_activity( 1511): [0,com.tencent.tmgp.sgame/.SGameActivity,minimalResumeActivityLocked]
02-09 05:39:35.451 I/am_uid_active( 1511): 10096
02-09 05:39:35.463 W/ContextImpl( 2089): Calling a method in the system process without a qualified user: android.app.ContextImpl.startService:1816 android.content.ContextWrapper.startService:774 com.thundercomm.gamemode.ingame.services.GameModeActionUtils.startGameModeService:111 com.thundercomm.gamemode.ingame.services.GameModeActionUtils.startGameModeEntry:22 com.thundercomm.gamemode.ingame.services.ActivityMonitoringService$1.onActivityLaunch:139
02-09 05:39:35.465 I/am_pss ( 1511): [7156,10095,com.tencent.qqmusicpad,73559040,53047296,0,157093888,0,10,10]
02-09 05:39:35.467 I/GameModeConfig( 1511): Current uri is uri = content://com.thundercomm.gamemode.api/gamemode_settings/gamemode_isgaming
02-09 05:39:35.468 I/GameModeConfig( 1511): isGameModeOn = true
02-09 05:39:35.468 I/GameModeConfig( 1511): isGaming = true
02-09 05:39:35.468 I/GameModeConfig( 1511): isDisableNotification = true
02-09 05:39:35.468 I/GameModeConfig( 1511): isGameModeOn = true
02-09 05:39:35.468 I/GameModeConfig( 1511): isGaming = true
02-09 05:39:35.468 I/GameModeConfig( 1511): isDisableNotification = true
02-09 05:39:35.468 D/CompatibilityChangeReporter( 1511): Compat change id reported: 168419799; UID 1000; state: DISABLED
02-09 05:39:35.470 I/am_pss ( 1511): [8881,10065,com.android.calendar,6489088,4517888,0,90177536,0,19,5]
02-09 05:39:35.475 I/am_pss ( 1511): [8872,10067,com.android.deskclock,7543808,4984832,0,93089792,0,19,4]
02-09 05:39:35.476 D/ActivityThread(10052): Loading provider com.tencent.tmgp.sgame.XG_SETTINGS_PROVIDER: com.tencent.tpns.baseapi.base.SettingsContentProvider
02-09 05:39:35.495 I/DisplayDeviceRepository( 1511): Display device changed: DisplayDeviceInfo{"内置屏幕": uniqueId="local:4630946370410392961", 2380 x 1020, modeId 3, defaultModeId 1, supportedModes [{id=1, width=2380, height=1020, fps=60.000004, alternativeRefreshRates=[30.000002, 45.0]}, {id=2, width=2380, height=1020, fps=45.0, alternativeRefreshRates=[30.000002, 60.000004]}, {id=3, width=2380, height=1020, fps=30.000002, alternativeRefreshRates=[45.0, 60.000004]}], colorMode 0, supportedColorModes [0], hdrCapabilities HdrCapabilities{mSupportedHdrTypes=[2, 3, 4], mMaxLuminance=500.0, mMaxAverageLuminance=500.0, mMinLuminance=0.0}, allmSupported false, gameContentTypeSupported false, density 240, 319.851 x 319.851 dpi, appVsyncOff 1000000, presDeadline 33333333, touch INTERNAL, rotation 0, type INTERNAL, address {port=129, model=0x40446d3026322d}, deviceProductInfo DeviceProductInfo{name=, manufacturerPnpId=QCM, productId=1, modelYear=null, manufactureDate=ManufactureDate{week=27, year=2006}, connectionToSinkType=0}, state ON, frameRateOverride , brightnessMinimum 0.0, brightnessMaximum 1.0, brightnessDefault 1.0, FLAG_DEFAULT_DISPLAY, FLAG_ROTATES_WITH_CONTENT, FLAG_SECURE, FLAG_SUPPORTS_PROTECTED_BUFFERS}
02-09 05:39:35.532 W/ContextImpl( 2089): Calling a method in the system process without a qualified user: android.app.ContextImpl.startService:1816 android.content.ContextWrapper.startService:774 com.thundercomm.gamemode.ingame.services.GameModeActionUtils.startGameModeService:111 com.thundercomm.gamemode.ingame.services.GameModeActionUtils.startGameModeEntry:22 com.thundercomm.gamemode.ingame.services.ActivityMonitoringService$1.onActivityLaunch:139
02-09 05:39:35.534 I/GameModeConfig( 1511): Current uri is uri = content://com.thundercomm.gamemode.api/gamemode_settings/gamemode_isgaming
02-09 05:39:35.534 I/GameModeConfig( 1511): isGameModeOn = true
02-09 05:39:35.534 I/GameModeConfig( 1511): isGaming = true
02-09 05:39:35.534 I/GameModeConfig( 1511): isDisableNotification = true
02-09 05:39:35.535 I/GameModeConfig( 1511): isGameModeOn = true
02-09 05:39:35.535 I/GameModeConfig( 1511): isGaming = true
02-09 05:39:35.535 I/GameModeConfig( 1511): isDisableNotification = true
02-09 05:39:35.663 I/commit_sys_config_file( 1511): [settings-1-0,2]
02-09 05:39:35.681 W/WindowManager( 1511): Failed looking up window session=Session{e893b66 10052:u0a10096} callers=com.android.server.wm.WindowManagerService.windowForClientLocked:5628 com.android.server.wm.Session.insetsModified:629 android.view.IWindowSession$Stub.onTransact:1151
02-09 05:39:35.683 I/wm_on_create_called(10052): [223246482,com.tencent.tmgp.sgame.SGameActivity,performCreate]
02-09 05:39:35.683 I/wm_on_start_called(10052): [223246482,com.tencent.tmgp.sgame.SGameActivity,handleStartActivity]
02-09 05:39:35.683 I/wm_on_resume_called(10052): [223246482,com.tencent.tmgp.sgame.SGameActivity,RESUME_ACTIVITY]
02-09 05:39:35.684 I/wm_on_top_resumed_gained_called(10052): [223246482,com.tencent.tmgp.sgame.SGameActivity,topStateChangedWhenResumed]
02-09 05:39:35.716 I/input_focus( 1511): [Focus request 6780efd com.tencent.tmgp.sgame/com.tencent.tmgp.sgame.SGameActivity,reason=UpdateInputWindows]
02-09 05:39:35.748 I/sysui_multi_action( 1511): [319,36,321,34,322,326,325,4670,757,761,758,7,759,1,806,com.tencent.tmgp.sgame,871,com.tencent.tmgp.sgame.SGameActivity,904,com.android.launcher3,905,0,945,28,1320,4,1321,4]
02-09 05:39:35.748 I/wm_activity_launch_time( 1511): [0,223246482,com.tencent.tmgp.sgame/.SGameActivity,326]
02-09 05:39:35.781 I/input_focus( 1511): [Focus entering 6780efd com.tencent.tmgp.sgame/com.tencent.tmgp.sgame.SGameActivity (server),reason=Window became focusable. Previous reason: NOT_VISIBLE]
02-09 05:39:35.829 D/ActivityManager( 1511): freezer override set to true
02-09 05:39:35.831 D/ActivityManager( 1511): freezer override set to false
02-09 05:39:35.983 I/wm_stop_activity( 1511): [0,204923478,com.android.launcher3/.uioverrides.QuickstepLauncher]
02-09 05:39:36.022 I/wm_on_stop_called( 2559): [204923478,com.android.launcher3.uioverrides.QuickstepLauncher,STOP_ACTIVITY_ITEM]
02-09 05:39:36.051 W/ContextImpl( 2089): Calling a method in the system process without a qualified user: android.app.ContextImpl.startService:1816 android.content.ContextWrapper.startService:774 com.thundercomm.gamemode.ingame.services.GameModeActionUtils.startGameModeService:111 com.thundercomm.gamemode.ingame.services.GameModeActionUtils.startGameModeEntry:22 com.thundercomm.gamemode.ingame.services.ActivityMonitoringService$1.onActivityLaunch:139
02-09 05:39:36.052 I/GameModeConfig( 1511): Current uri is uri = content://com.thundercomm.gamemode.api/gamemode_settings/gamemode_isgaming
02-09 05:39:36.053 I/GameModeConfig( 1511): isGameModeOn = true
02-09 05:39:36.053 I/GameModeConfig( 1511): isGaming = true
02-09 05:39:36.053 I/GameModeConfig( 1511): isDisableNotification = true
02-09 05:39:36.053 I/GameModeConfig( 1511): isGameModeOn = true
02-09 05:39:36.053 I/GameModeConfig( 1511): isGaming = true
02-09 05:39:36.053 I/GameModeConfig( 1511): isDisableNotification = true
02-09 05:39:36.857 I/netstats_mobile_sample( 1511): [0,0,0,0,0,0,0,0,0,0,0,0,1675892376857]
02-09 05:39:36.857 I/netstats_wifi_sample( 1511): [0,0,0,0,0,0,0,0,0,0,0,0,1675892376857]
02-09 05:39:38.428 E/TaskPersister( 1511): File error accessing recents directory (directory doesn't exist?).
02-09 05:39:40.446 I/iorapd ( 1155): Perfetto TraceBuffer saved to file: /data/misc/iorapd/com.tencent.tmgp.sgame/381010801/com.tencent.tmgp.sgame.SGameActivity/raw_traces/1675892380444757751.perfetto_trace.pb
02-09 05:39:46.161 I/am_uid_idle( 1511): 10044
02-09 05:39:49.917 I/am_uid_idle( 1511): 10095
02-09 05:39:49.917 I/am_stop_idle_service( 1511): [10095,com.tencent.qqmusicpad/.business.lockscreen.LockScreenService]
02-09 05:39:49.917 W/ActivityManager( 1511): Stopping service due to app idle: u0a95 -7m56s898ms com.tencent.qqmusicpad/.business.lockscreen.LockScreenService
02-09 05:39:49.917 I/am_stop_idle_service( 1511): [10095,com.tencent.qqmusicpad/.service.MainService]
02-09 05:39:49.917 W/ActivityManager( 1511): Stopping service due to app idle: u0a95 -7m58s615ms com.tencent.qqmusicpad/.service.MainService
02-09 05:39:49.917 I/am_stop_idle_service( 1511): [10095,com.tencent.qqmusicpad/com.tencent.wns.service.WnsMain]
02-09 05:39:49.917 W/ActivityManager( 1511): Stopping service due to app idle: u0a95 -7m59s61ms com.tencent.qqmusicpad/com.tencent.wns.service.WnsMain
02-09 05:39:49.917 I/am_stop_idle_service( 1511): [10095,com.tencent.qqmusicpad/com.tencent.qqmusic.innovation.network.service.NetworkService]
02-09 05:39:49.917 W/ActivityManager( 1511): Stopping service due to app idle: u0a95 -7m59s39ms com.tencent.qqmusicpad/com.tencent.qqmusic.innovation.network.service.NetworkService
02-09 05:39:49.920 E/ActivityThread( 7156): Service com.tencent.qqmusicpad.service.MainService has leaked IntentReceiver com.tencent.qqmusicpad.service.a.e$1@f9608f5 that was originally registered here. Are you missing a call to unregisterReceiver()?
02-09 05:39:49.920 E/ActivityThread( 7156): android.app.IntentReceiverLeaked: Service com.tencent.qqmusicpad.service.MainService has leaked IntentReceiver com.tencent.qqmusicpad.service.a.e$1@f9608f5 that was originally registered here. Are you missing a call to unregisterReceiver()?
02-09 05:39:49.920 E/ActivityThread( 7156): at android.app.LoadedApk$ReceiverDispatcher.(LoadedApk.java:1717)
02-09 05:39:49.920 E/ActivityThread( 7156): at android.app.LoadedApk.getReceiverDispatcher(LoadedApk.java:1494)
02-09 05:39:49.920 E/ActivityThread( 7156): at android.app.ContextImpl.registerReceiverInternal(ContextImpl.java:1757)
02-09 05:39:49.920 E/ActivityThread( 7156): at android.app.ContextImpl.registerReceiver(ContextImpl.java:1723)
02-09 05:39:49.920 E/ActivityThread( 7156): at android.app.ContextImpl.registerReceiver(ContextImpl.java:1711)
02-09 05:39:49.920 E/ActivityThread( 7156): at android.content.ContextWrapper.registerReceiver(ContextWrapper.java:724)
02-09 05:39:49.920 E/ActivityThread( 7156): at com.tencent.qqmusicpad.service.a.e.c(WidgetListener.java:67)
02-09 05:39:49.920 E/ActivityThread( 7156): at com.tencent.qqmusicpad.service.MainService$3.a(MainService.java:245)
02-09 05:39:49.920 E/ActivityThread( 7156): at com.tencent.qqmusicpad.MusicApplication$10.onServiceConnected(MusicApplication.java:576)
02-09 05:39:49.920 E/ActivityThread( 7156): at com.tencent.qqmusicpad.service.b$a.onServiceConnected(MainServiceHelper.java:61)
02-09 05:39:49.920 E/ActivityThread( 7156): at android.app.LoadedApk$ServiceDispatcher.doConnected(LoadedApk.java:2077)
02-09 05:39:49.920 E/ActivityThread( 7156): at android.app.LoadedApk$ServiceDispatcher$RunConnection.run(LoadedApk.java:2110)
02-09 05:39:49.920 E/ActivityThread( 7156): at android.os.Handler.handleCallback(Handler.java:938)
02-09 05:39:49.920 E/ActivityThread( 7156): at android.os.Handler.dispatchMessage(Handler.java:99)
02-09 05:39:49.920 E/ActivityThread( 7156): at android.os.Looper.loopOnce(Looper.java:201)
02-09 05:39:49.920 E/ActivityThread( 7156): at android.os.Looper.loop(Looper.java:288)
02-09 05:39:49.920 E/ActivityThread( 7156): at android.app.ActivityThread.main(ActivityThread.java:7880)
02-09 05:39:49.920 E/ActivityThread( 7156): at java.lang.reflect.Method.invoke(Native Method)
02-09 05:39:49.920 E/ActivityThread( 7156): at com.android.internal.os.RuntimeInit$MethodAndArgsCaller.run(RuntimeInit.java:548)
02-09 05:39:49.920 E/ActivityThread( 7156): at com.android.internal.os.ZygoteInit.main(ZygoteInit.java:1009)
02-09 05:39:50.153 I/sysui_multi_action( 1511): [757,128,758,5,759,8,793,59972,794,0,795,59972,796,1,806,com.android.music,857,Channel-music,858,2,947,0,1500,59968,1641,transport,1688,1,1745,1043716538]
02-09 05:39:50.153 I/notification_canceled( 1511): [0|com.android.music|1|null|10088,8,59972,59972,0,-1,-1,NULL]
02-09 05:39:50.153 D/CompatibilityChangeReporter( 1511): Compat change id reported: 175319604; UID 1000; state: ENABLED
02-09 05:39:50.154 D/CompatibilityChangeReporter( 1511): Compat change id reported: 175319604; UID 1000; state: DISABLED
02-09 05:39:50.159 W/BroadcastQueue( 1511): Background execution not allowed: receiving Intent { act=com.android.music.updatewidget flg=0x10 } to com.android.music/.MediaAppWidgetProvider
02-09 05:39:50.159 W/BroadcastQueue( 1511): Background execution not allowed: receiving Intent { act=com.android.music.updatewidget flg=0x10 } to com.android.music/.MediaAppWidgetProviderLarge
02-09 05:39:50.160 I/notification_cancel_all( 1511): [1000,1511,com.android.music,0,0,0,20,NULL]
02-09 05:39:50.160 I/sysui_multi_action( 1511): [757,856,758,2,806,com.android.music,857,Channel-music,858,2]
02-09 05:39:50.160 W/NotificationHistory( 1511): Attempted to remove channel for locked/gone/disabled user 0
02-09 05:39:50.187 I/GameModeConfig( 1511): isGameModeOn = true
02-09 05:39:50.187 I/GameModeConfig( 1511): isGaming = true
02-09 05:39:50.187 I/GameModeConfig( 1511): isDisableNotification = true
02-09 05:39:50.187 I/GameModeConfig( 1511): isGameModeOn = true
02-09 05:39:50.187 I/GameModeConfig( 1511): isGaming = true
02-09 05:39:50.187 I/GameModeConfig( 1511): isDisableNotification = true
02-09 05:39:50.187 I/GameModeConfig( 1511): isGameModeOn = true
02-09 05:39:50.187 I/GameModeConfig( 1511): isGaming = true
02-09 05:39:50.187 I/GameModeConfig( 1511): isDisableNotification = true
02-09 05:39:50.187 I/GameModeConfig( 1511): isGameModeOn = true
02-09 05:39:50.187 I/GameModeConfig( 1511): isGaming = true
02-09 05:39:50.187 I/GameModeConfig( 1511): isDisableNotification = true
02-09 05:39:50.187 I/GameModeConfig( 1511): isGameModeOn = true
02-09 05:39:50.187 I/GameModeConfig( 1511): isGaming = true
02-09 05:39:50.187 I/GameModeConfig( 1511): isDisableNotification = true
02-09 05:39:50.187 I/GameModeConfig( 1511): isGameModeOn = true
02-09 05:39:50.187 I/GameModeConfig( 1511): isGaming = true
02-09 05:39:50.187 I/GameModeConfig( 1511): isDisableNotification = true
02-09 05:39:50.187 I/GameModeConfig( 1511): isGameModeOn = true
02-09 05:39:50.187 I/GameModeConfig( 1511): isGaming = true
02-09 05:39:50.187 I/GameModeConfig( 1511): isDisableNotification = true
02-09 05:39:50.187 I/GameModeConfig( 1511): isGameModeOn = true
02-09 05:39:50.187 I/GameModeConfig( 1511): isGaming = true
02-09 05:39:50.187 I/GameModeConfig( 1511): isDisableNotification = true
02-09 05:39:50.187 I/notification_enqueue( 1511): [10080,1978,com.android.systemui,1,empty_media,0,Notification(channel=empty_media_style_id shortcut=null contentView=null vibrate=null sound=null defaults=0x0 flags=0x20 color=0x00000000 category=transport actions=4 vis=PRIVATE),0]
02-09 05:39:50.388 I/sysui_multi_action( 1511): [757,1501,758,1,793,201,794,0,795,201,796,1,797,empty_media,806,com.android.systemui,857,empty_media_style_id,858,4,947,0,1500,0,1641,transport,1688,1,1745,1043716538]
02-09 05:39:50.388 I/sysui_multi_action( 1511): [757,804,799,note_interruptive,801,0,802,1]
02-09 05:39:50.388 I/GameModeConfig( 1511): isGameModeOn = true
02-09 05:39:50.388 I/GameModeConfig( 1511): isGaming = true
02-09 05:39:50.388 I/GameModeConfig( 1511): isDisableNotification = true
02-09 05:39:50.388 I/GameModeConfig( 1511): isGameModeOn = true
02-09 05:39:50.388 I/GameModeConfig( 1511): isGaming = true
02-09 05:39:50.388 I/GameModeConfig( 1511): isDisableNotification = true
02-09 05:39:50.389 W/NotificationHistory( 1511): Attempted to add notif for locked/gone/disabled user 0
02-09 05:39:50.414 I/commit_sys_config_file( 1511): [notification-policy,4674863]
02-09 05:40:00.439 I/GameModeConfig( 1511): isGameModeOn = true
02-09 05:40:00.439 I/GameModeConfig( 1511): isGaming = true
02-09 05:40:00.439 I/GameModeConfig( 1511): isDisableNotification = true
02-09 05:40:00.439 I/GameModeConfig( 1511): isGameModeOn = true
02-09 05:40:00.440 I/GameModeConfig( 1511): isGaming = true
02-09 05:40:00.440 I/GameModeConfig( 1511): isDisableNotification = true
02-09 05:40:11.994 I/input_interaction( 1511): Interaction with: 6780efd com.tencent.tmgp.sgame/com.tencent.tmgp.sgame.SGameActivity (server), edge-swipe (server), swipe-up (server), PointerEventDispatcher0 (server),
02-09 05:40:12.008 W/FreeFormWindowHelper( 1511): Current Display FreeFormTask is null
02-09 05:40:12.010 W/FreeFormWindowHelper( 1511): Current Display FreeFormTask is null
02-09 05:40:12.010 W/FreeFormWindowHelper( 1511): Current Display FreeFormTask is null
02-09 05:40:12.013 W/FreeFormWindowHelper( 1511): Current Display FreeFormTask is null
02-09 05:40:12.013 I/wm_task_moved( 1511): [1,0,0]
02-09 05:40:12.014 I/wm_task_moved( 1511): [1,0,5]
02-09 05:40:12.028 W/ContextImpl( 2089): Calling a method in the system process without a qualified user: android.app.ContextImpl.startService:1816 android.content.ContextWrapper.startService:774 com.thundercomm.gamemode.ingame.services.GameModeActionUtils.startGameModeService:111 com.thundercomm.gamemode.ingame.services.GameModeActionUtils.startGameModeEntry:22 com.thundercomm.gamemode.ingame.services.ActivityMonitoringService$1.onActivityLaunch:139
02-09 05:40:12.032 I/GameModeConfig( 1511): Current uri is uri = content://com.thundercomm.gamemode.api/gamemode_settings/gamemode_isgaming
02-09 05:40:12.036 I/view_enqueue_input_event(10052): [Motion - Cancel,com.tencent.tmgp.sgame/com.tencent.tmgp.sgame.SGameActivity]
02-09 05:40:12.037 I/GameModeConfig( 1511): isGameModeOn = true
02-09 05:40:12.037 I/GameModeConfig( 1511): isGaming = true
02-09 05:40:12.037 I/GameModeConfig( 1511): isDisableNotification = true
02-09 05:40:12.037 I/GameModeConfig( 1511): isGameModeOn = true
02-09 05:40:12.037 I/GameModeConfig( 1511): isGaming = true
02-09 05:40:12.037 I/GameModeConfig( 1511): isDisableNotification = true
02-09 05:40:12.038 I/input_focus( 1511): [Focus request recents_animation_input_consumer,reason=UpdateInputWindows]
02-09 05:40:12.044 I/wm_on_restart_called( 2559): [204923478,com.android.launcher3.uioverrides.QuickstepLauncher,performRestartActivity]
02-09 05:40:12.044 W/FreeFormWindowHelper( 1511): Current Display FreeFormTask is null
02-09 05:40:12.045 W/FreeFormWindowHelper( 1511): Current Display FreeFormTask is null
02-09 05:40:12.045 W/FreeFormWindowHelper( 1511): Current Display FreeFormTask is null
02-09 05:40:12.049 I/input_interaction( 1511): Interaction with: edge-swipe (server), swipe-up (server), PointerEventDispatcher0 (server),
02-09 05:40:12.054 I/wm_on_start_called( 2559): [204923478,com.android.launcher3.uioverrides.QuickstepLauncher,handleStartActivity]
02-09 05:40:12.055 W/ActivityTaskManager( 1511): getTaskSnapshot: taskId=1041 not found
02-09 05:40:12.055 W/FreeFormWindowHelper( 1511): Current Display FreeFormTask is null
02-09 05:40:12.056 W/ActivityTaskManager( 1511): getTaskSnapshot: taskId=1041 not found
02-09 05:40:12.056 W/ActivityTaskManager( 1511): getTaskSnapshot: taskId=2041 not found
02-09 05:40:12.057 W/ActivityTaskManager( 1511): getTaskSnapshot: taskId=3041 not found
02-09 05:40:12.057 W/ActivityTaskManager( 1511): getTaskSnapshot: taskId=4041 not found
02-09 05:40:12.058 W/ActivityTaskManager( 1511): getTaskSnapshot: taskId=5041 not found
