02-09 05:36:49.631 I/am_wtf ( 1511): [0,1511,system_server,-1,DisplayDeviceConfig,requesting nits when no mapping exists.]
02-09 05:36:49.632 I/am_wtf ( 1511): [0,1511,system_server,-1,DisplayDeviceConfig,requesting nits when no mapping exists.]
02-09 05:36:49.647 E/DisplayDeviceConfig( 1511): requesting nits when no mapping exists.
02-09 05:36:49.648 E/DisplayDeviceConfig( 1511): requesting nits when no mapping exists.
02-09 05:36:49.648 I/am_wtf ( 1511): [0,1511,system_server,-1,DisplayDeviceConfig,requesting nits when no mapping exists.]
02-09 05:36:49.649 I/am_wtf ( 1511): [0,1511,system_server,-1,DisplayDeviceConfig,requesting nits when no mapping exists.]
02-09 05:36:49.664 E/DisplayDeviceConfig( 1511): requesting nits when no mapping exists.
02-09 05:36:49.665 E/DisplayDeviceConfig( 1511): requesting nits when no mapping exists.
02-09 05:36:49.665 I/am_wtf ( 1511): [0,1511,system_server,-1,DisplayDeviceConfig,requesting nits when no mapping exists.]
02-09 05:36:49.666 I/am_wtf ( 1511): [0,1511,system_server,-1,DisplayDeviceConfig,requesting nits when no mapping exists.]
02-09 05:36:49.681 E/DisplayDeviceConfig( 1511): requesting nits when no mapping exists.
02-09 05:36:49.681 E/DisplayDeviceConfig( 1511): requesting nits when no mapping exists.
02-09 05:36:49.681 I/am_wtf ( 1511): [0,1511,system_server,-1,DisplayDeviceConfig,requesting nits when no mapping exists.]
02-09 05:36:49.682 I/am_wtf ( 1511): [0,1511,system_server,-1,DisplayDeviceConfig,requesting nits when no mapping exists.]
02-09 05:36:49.698 E/DisplayDeviceConfig( 1511): requesting nits when no mapping exists.
02-09 05:36:49.698 E/DisplayDeviceConfig( 1511): requesting nits when no mapping exists.
02-09 05:36:49.698 I/am_wtf ( 1511): [0,1511,system_server,-1,DisplayDeviceConfig,requesting nits when no mapping exists.]
02-09 05:36:49.699 I/am_wtf ( 1511): [0,1511,system_server,-1,DisplayDeviceConfig,requesting nits when no mapping exists.]
02-09 05:36:49.714 E/DisplayDeviceConfig( 1511): requesting nits when no mapping exists.
02-09 05:36:49.715 E/DisplayDeviceConfig( 1511): requesting nits when no mapping exists.
02-09 05:36:49.715 I/am_wtf ( 1511): [0,1511,system_server,-1,DisplayDeviceConfig,requesting nits when no mapping exists.]
02-09 05:36:49.716 I/am_wtf ( 1511): [0,1511,system_server,-1,DisplayDeviceConfig,requesting nits when no mapping exists.]
02-09 05:36:49.731 E/DisplayDeviceConfig( 1511): requesting nits when no mapping exists.
02-09 05:36:49.731 E/DisplayDeviceConfig( 1511): requesting nits when no mapping exists.
02-09 05:36:49.731 I/am_wtf ( 1511): [0,1511,system_server,-1,DisplayDeviceConfig,requesting nits when no mapping exists.]
02-09 05:36:49.732 I/am_wtf ( 1511): [0,1511,system_server,-1,DisplayDeviceConfig,requesting nits when no mapping exists.]
02-09 05:36:49.748 E/DisplayDeviceConfig( 1511): requesting nits when no mapping exists.
02-09 05:36:49.749 I/am_wtf ( 1511): [0,1511,system_server,-1,DisplayDeviceConfig,requesting nits when no mapping exists.]
02-09 05:36:49.749 E/DisplayDeviceConfig( 1511): requesting nits when no mapping exists.
02-09 05:36:49.750 I/am_wtf ( 1511): [0,1511,system_server,-1,DisplayDeviceConfig,requesting nits when no mapping exists.]
02-09 05:36:49.765 E/DisplayDeviceConfig( 1511): requesting nits when no mapping exists.
02-09 05:36:49.765 E/DisplayDeviceConfig( 1511): requesting nits when no mapping exists.
02-09 05:36:49.765 I/am_wtf ( 1511): [0,1511,system_server,-1,DisplayDeviceConfig,requesting nits when no mapping exists.]
02-09 05:36:49.766 I/am_wtf ( 1511): [0,1511,system_server,-1,DisplayDeviceConfig,requesting nits when no mapping exists.]
02-09 05:36:49.781 E/DisplayDeviceConfig( 1511): requesting nits when no mapping exists.
02-09 05:36:49.782 E/DisplayDeviceConfig( 1511): requesting nits when no mapping exists.
02-09 05:36:49.782 I/am_wtf ( 1511): [0,1511,system_server,-1,DisplayDeviceConfig,requesting nits when no mapping exists.]
02-09 05:36:49.783 I/am_wtf ( 1511): [0,1511,system_server,-1,DisplayDeviceConfig,requesting nits when no mapping exists.]
02-09 05:36:49.798 E/DisplayDeviceConfig( 1511): requesting nits when no mapping exists.
02-09 05:36:49.799 E/DisplayDeviceConfig( 1511): requesting nits when no mapping exists.
02-09 05:36:49.799 I/am_wtf ( 1511): [0,1511,system_server,-1,DisplayDeviceConfig,requesting nits when no mapping exists.]
02-09 05:36:49.800 I/am_wtf ( 1511): [0,1511,system_server,-1,DisplayDeviceConfig,requesting nits when no mapping exists.]
02-09 05:36:49.814 E/DisplayDeviceConfig( 1511): requesting nits when no mapping exists.
02-09 05:36:49.815 E/DisplayDeviceConfig( 1511): requesting nits when no mapping exists.
02-09 05:36:49.815 I/am_wtf ( 1511): [0,1511,system_server,-1,DisplayDeviceConfig,requesting nits when no mapping exists.]
02-09 05:36:49.816 I/am_wtf ( 1511): [0,1511,system_server,-1,DisplayDeviceConfig,requesting nits when no mapping exists.]
02-09 05:36:49.832 E/DisplayDeviceConfig( 1511): requesting nits when no mapping exists.
02-09 05:36:49.833 E/DisplayDeviceConfig( 1511): requesting nits when no mapping exists.
02-09 05:36:49.833 I/am_wtf ( 1511): [0,1511,system_server,-1,DisplayDeviceConfig,requesting nits when no mapping exists.]
02-09 05:36:49.834 I/am_wtf ( 1511): [0,1511,system_server,-1,DisplayDeviceConfig,requesting nits when no mapping exists.]
02-09 05:36:49.848 E/DisplayDeviceConfig( 1511): requesting nits when no mapping exists.
02-09 05:36:49.849 E/DisplayDeviceConfig( 1511): requesting nits when no mapping exists.
02-09 05:36:49.849 I/am_wtf ( 1511): [0,1511,system_server,-1,DisplayDeviceConfig,requesting nits when no mapping exists.]
02-09 05:36:49.850 I/am_wtf ( 1511): [0,1511,system_server,-1,DisplayDeviceConfig,requesting nits when no mapping exists.]
02-09 05:36:49.865 E/DisplayDeviceConfig( 1511): requesting nits when no mapping exists.
02-09 05:36:49.865 E/DisplayDeviceConfig( 1511): requesting nits when no mapping exists.
02-09 05:36:49.865 I/am_wtf ( 1511): [0,1511,system_server,-1,DisplayDeviceConfig,requesting nits when no mapping exists.]
02-09 05:36:49.866 I/am_wtf ( 1511): [0,1511,system_server,-1,DisplayDeviceConfig,requesting nits when no mapping exists.]
02-09 05:36:49.881 E/DisplayDeviceConfig( 1511): requesting nits when no mapping exists.
02-09 05:36:49.882 E/DisplayDeviceConfig( 1511): requesting nits when no mapping exists.
02-09 05:36:49.882 I/am_wtf ( 1511): [0,1511,system_server,-1,DisplayDeviceConfig,requesting nits when no mapping exists.]
02-09 05:36:49.883 I/am_wtf ( 1511): [0,1511,system_server,-1,DisplayDeviceConfig,requesting nits when no mapping exists.]
02-09 05:36:49.883 I/service_manager_stats( 1511): [100,58,36496]
02-09 05:36:49.898 E/DisplayDeviceConfig( 1511): requesting nits when no mapping exists.
02-09 05:36:49.898 E/DisplayDeviceConfig( 1511): requesting nits when no mapping exists.
02-09 05:36:49.898 I/am_wtf ( 1511): [0,1511,system_server,-1,DisplayDeviceConfig,requesting nits when no mapping exists.]
02-09 05:36:49.899 I/am_wtf ( 1511): [0,1511,system_server,-1,DisplayDeviceConfig,requesting nits when no mapping exists.]
02-09 05:36:49.914 E/DisplayDeviceConfig( 1511): requesting nits when no mapping exists.
02-09 05:36:49.915 I/am_wtf ( 1511): [0,1511,system_server,-1,DisplayDeviceConfig,requesting nits when no mapping exists.]
02-09 05:36:49.916 E/DisplayDeviceConfig( 1511): requesting nits when no mapping exists.
02-09 05:36:49.916 I/am_wtf ( 1511): [0,1511,system_server,-1,DisplayDeviceConfig,requesting nits when no mapping exists.]
02-09 05:36:49.931 E/DisplayDeviceConfig( 1511): requesting nits when no mapping exists.
02-09 05:36:49.931 I/am_wtf ( 1511): [0,1511,system_server,-1,DisplayDeviceConfig,requesting nits when no mapping exists.]
02-09 05:36:49.932 E/DisplayDeviceConfig( 1511): requesting nits when no mapping exists.
02-09 05:36:49.933 I/am_wtf ( 1511): [0,1511,system_server,-1,DisplayDeviceConfig,requesting nits when no mapping exists.]
02-09 05:36:49.948 E/DisplayDeviceConfig( 1511): requesting nits when no mapping exists.
02-09 05:36:49.948 E/DisplayDeviceConfig( 1511): requesting nits when no mapping exists.
02-09 05:36:49.948 I/am_wtf ( 1511): [0,1511,system_server,-1,DisplayDeviceConfig,requesting nits when no mapping exists.]
02-09 05:36:49.949 I/am_wtf ( 1511): [0,1511,system_server,-1,DisplayDeviceConfig,requesting nits when no mapping exists.]
02-09 05:36:49.965 E/DisplayDeviceConfig( 1511): requesting nits when no mapping exists.
02-09 05:36:49.966 I/am_wtf ( 1511): [0,1511,system_server,-1,DisplayDeviceConfig,requesting nits when no mapping exists.]
02-09 05:36:49.966 E/DisplayDeviceConfig( 1511): requesting nits when no mapping exists.
02-09 05:36:49.967 I/am_wtf ( 1511): [0,1511,system_server,-1,DisplayDeviceConfig,requesting nits when no mapping exists.]
02-09 05:36:49.982 E/DisplayDeviceConfig( 1511): requesting nits when no mapping exists.
02-09 05:36:49.982 I/am_wtf ( 1511): [0,1511,system_server,-1,DisplayDeviceConfig,requesting nits when no mapping exists.]
02-09 05:36:49.982 E/DisplayDeviceConfig( 1511): requesting nits when no mapping exists.
02-09 05:36:49.984 I/am_wtf ( 1511): [0,1511,system_server,-1,DisplayDeviceConfig,requesting nits when no mapping exists.]
02-09 05:36:49.998 E/DisplayDeviceConfig( 1511): requesting nits when no mapping exists.
02-09 05:36:49.999 I/am_wtf ( 1511): [0,1511,system_server,-1,DisplayDeviceConfig,requesting nits when no mapping exists.]
02-09 05:36:49.999 E/DisplayDeviceConfig( 1511): requesting nits when no mapping exists.
02-09 05:36:50.000 I/am_wtf ( 1511): [0,1511,system_server,-1,DisplayDeviceConfig,requesting nits when no mapping exists.]
02-09 05:36:50.015 E/DisplayDeviceConfig( 1511): requesting nits when no mapping exists.
02-09 05:36:50.015 E/DisplayDeviceConfig( 1511): requesting nits when no mapping exists.
02-09 05:36:50.016 I/am_wtf ( 1511): [0,1511,system_server,-1,DisplayDeviceConfig,requesting nits when no mapping exists.]
02-09 05:36:50.016 I/am_wtf ( 1511): [0,1511,system_server,-1,DisplayDeviceConfig,requesting nits when no mapping exists.]
02-09 05:36:50.032 E/DisplayDeviceConfig( 1511): requesting nits when no mapping exists.
02-09 05:36:50.032 E/DisplayDeviceConfig( 1511): requesting nits when no mapping exists.
02-09 05:36:50.032 I/am_wtf ( 1511): [0,1511,system_server,-1,DisplayDeviceConfig,requesting nits when no mapping exists.]
02-09 05:36:50.033 I/am_wtf ( 1511): [0,1511,system_server,-1,DisplayDeviceConfig,requesting nits when no mapping exists.]
02-09 05:36:50.048 E/DisplayDeviceConfig( 1511): requesting nits when no mapping exists.
02-09 05:36:50.049 E/DisplayDeviceConfig( 1511): requesting nits when no mapping exists.
02-09 05:36:50.049 I/am_wtf ( 1511): [0,1511,system_server,-1,DisplayDeviceConfig,requesting nits when no mapping exists.]
02-09 05:36:50.050 I/am_wtf ( 1511): [0,1511,system_server,-1,DisplayDeviceConfig,requesting nits when no mapping exists.]
02-09 05:36:50.065 E/DisplayDeviceConfig( 1511): requesting nits when no mapping exists.
02-09 05:36:50.066 E/DisplayDeviceConfig( 1511): requesting nits when no mapping exists.
02-09 05:36:50.066 I/am_wtf ( 1511): [0,1511,system_server,-1,DisplayDeviceConfig,requesting nits when no mapping exists.]
02-09 05:36:50.066 I/am_wtf ( 1511): [0,1511,system_server,-1,DisplayDeviceConfig,requesting nits when no mapping exists.]
02-09 05:36:50.082 E/DisplayDeviceConfig( 1511): requesting nits when no mapping exists.
02-09 05:36:50.082 I/am_wtf ( 1511): [0,1511,system_server,-1,DisplayDeviceConfig,requesting nits when no mapping exists.]
02-09 05:36:50.082 E/DisplayDeviceConfig( 1511): requesting nits when no mapping exists.
02-09 05:36:50.083 I/am_wtf ( 1511): [0,1511,system_server,-1,DisplayDeviceConfig,requesting nits when no mapping exists.]
02-09 05:36:50.099 E/DisplayDeviceConfig( 1511): requesting nits when no mapping exists.
02-09 05:36:50.099 E/DisplayDeviceConfig( 1511): requesting nits when no mapping exists.
02-09 05:36:50.099 I/am_wtf ( 1511): [0,1511,system_server,-1,DisplayDeviceConfig,requesting nits when no mapping exists.]
02-09 05:36:50.100 I/am_wtf ( 1511): [0,1511,system_server,-1,DisplayDeviceConfig,requesting nits when no mapping exists.]
02-09 05:36:50.115 E/DisplayDeviceConfig( 1511): requesting nits when no mapping exists.
02-09 05:36:50.116 I/am_wtf ( 1511): [0,1511,system_server,-1,DisplayDeviceConfig,requesting nits when no mapping exists.]
02-09 05:36:50.116 E/DisplayDeviceConfig( 1511): requesting nits when no mapping exists.
02-09 05:36:50.117 I/am_wtf ( 1511): [0,1511,system_server,-1,DisplayDeviceConfig,requesting nits when no mapping exists.]
02-09 05:36:50.132 E/DisplayDeviceConfig( 1511): requesting nits when no mapping exists.
02-09 05:36:50.133 E/DisplayDeviceConfig( 1511): requesting nits when no mapping exists.
02-09 05:36:50.133 I/am_wtf ( 1511): [0,1511,system_server,-1,DisplayDeviceConfig,requesting nits when no mapping exists.]
02-09 05:36:50.134 I/am_wtf ( 1511): [0,1511,system_server,-1,DisplayDeviceConfig,requesting nits when no mapping exists.]
02-09 05:36:50.149 E/DisplayDeviceConfig( 1511): requesting nits when no mapping exists.
02-09 05:36:50.149 E/DisplayDeviceConfig( 1511): requesting nits when no mapping exists.
02-09 05:36:50.149 I/am_wtf ( 1511): [0,1511,system_server,-1,DisplayDeviceConfig,requesting nits when no mapping exists.]
02-09 05:36:50.150 I/am_wtf ( 1511): [0,1511,system_server,-1,DisplayDeviceConfig,requesting nits when no mapping exists.]
02-09 05:36:50.166 E/DisplayDeviceConfig( 1511): requesting nits when no mapping exists.
02-09 05:36:50.166 E/DisplayDeviceConfig( 1511): requesting nits when no mapping exists.
02-09 05:36:50.166 I/am_wtf ( 1511): [0,1511,system_server,-1,DisplayDeviceConfig,requesting nits when no mapping exists.]
02-09 05:36:50.167 I/am_wtf ( 1511): [0,1511,system_server,-1,DisplayDeviceConfig,requesting nits when no mapping exists.]
02-09 05:36:50.182 E/DisplayDeviceConfig( 1511): requesting nits when no mapping exists.
02-09 05:36:50.183 E/DisplayDeviceConfig( 1511): requesting nits when no mapping exists.
02-09 05:36:50.183 I/am_wtf ( 1511): [0,1511,system_server,-1,DisplayDeviceConfig,requesting nits when no mapping exists.]
02-09 05:36:50.184 I/am_wtf ( 1511): [0,1511,system_server,-1,DisplayDeviceConfig,requesting nits when no mapping exists.]
02-09 05:36:50.199 E/DisplayDeviceConfig( 1511): requesting nits when no mapping exists.
02-09 05:36:50.200 E/DisplayDeviceConfig( 1511): requesting nits when no mapping exists.
02-09 05:36:50.200 I/am_wtf ( 1511): [0,1511,system_server,-1,DisplayDeviceConfig,requesting nits when no mapping exists.]
02-09 05:36:50.201 I/am_wtf ( 1511): [0,1511,system_server,-1,DisplayDeviceConfig,requesting nits when no mapping exists.]
02-09 05:36:50.216 E/DisplayDeviceConfig( 1511): requesting nits when no mapping exists.
02-09 05:36:50.216 E/DisplayDeviceConfig( 1511): requesting nits when no mapping exists.
02-09 05:36:50.216 I/am_wtf ( 1511): [0,1511,system_server,-1,DisplayDeviceConfig,requesting nits when no mapping exists.]
02-09 05:36:50.217 I/am_wtf ( 1511): [0,1511,system_server,-1,DisplayDeviceConfig,requesting nits when no mapping exists.]
02-09 05:36:50.232 E/DisplayDeviceConfig( 1511): requesting nits when no mapping exists.
02-09 05:36:50.233 E/DisplayDeviceConfig( 1511): requesting nits when no mapping exists.
02-09 05:36:50.233 I/am_wtf ( 1511): [0,1511,system_server,-1,DisplayDeviceConfig,requesting nits when no mapping exists.]
02-09 05:36:50.233 I/am_wtf ( 1511): [0,1511,system_server,-1,DisplayDeviceConfig,requesting nits when no mapping exists.]
02-09 05:36:50.249 E/DisplayDeviceConfig( 1511): requesting nits when no mapping exists.
02-09 05:36:50.249 I/am_wtf ( 1511): [0,1511,system_server,-1,DisplayDeviceConfig,requesting nits when no mapping exists.]
02-09 05:36:50.249 E/DisplayDeviceConfig( 1511): requesting nits when no mapping exists.
02-09 05:36:50.250 I/am_wtf ( 1511): [0,1511,system_server,-1,DisplayDeviceConfig,requesting nits when no mapping exists.]
02-09 05:36:50.266 E/DisplayDeviceConfig( 1511): requesting nits when no mapping exists.
02-09 05:36:50.266 I/am_wtf ( 1511): [0,1511,system_server,-1,DisplayDeviceConfig,requesting nits when no mapping exists.]
02-09 05:36:50.266 E/DisplayDeviceConfig( 1511): requesting nits when no mapping exists.
02-09 05:36:50.267 I/am_wtf ( 1511): [0,1511,system_server,-1,DisplayDeviceConfig,requesting nits when no mapping exists.]
02-09 05:36:56.743 I/PowerManagerService( 1511): Napping display group (groupId=0, uid=1000)...
02-09 05:36:56.743 I/PowerManagerService( 1511): Nap time (uid 1000)...
02-09 05:36:56.746 I/DreamManagerService( 1511): Entering dreamland.
02-09 05:36:56.761 I/PowerManagerService( 1511): Dreaming...
02-09 05:36:56.762 I/DreamController( 1511): Starting dream: name=ComponentInfo{com.thundercomm.screensaver/com.thundercomm.saverclock.service.ClockScreensaver}, isTest=false, canDoze=false, userId=0
02-09 05:36:56.762 I/sysui_multi_action( 1511): [757,222,758,1]
02-09 05:36:56.764 I/am_pss ( 1511): [5813,1000,com.qti.diagservices,9801728,229376,8402944,50536448,0,10,9]
02-09 05:36:56.771 I/ActivityTaskManager( 1511): START u0 {flg=0x10000000 pkg=com.thundercomm.screensaver cmp=com.thundercomm.screensaver/android.service.dreams.DreamActivity (has extras)} from uid 10044
02-09 05:36:56.774 I/wm_task_created( 1511): [39,-1]
02-09 05:36:56.774 W/ActivityTaskManager( 1511): Can't find TaskDisplayArea to determine support for multi window. Task id=39 attached=false
02-09 05:36:56.778 I/wm_task_moved( 1511): [39,1,14]
02-09 05:36:56.778 I/wm_task_to_front( 1511): [0,39]
02-09 05:36:56.779 I/wm_create_task( 1511): [0,39]
02-09 05:36:56.779 I/wm_create_activity( 1511): [0,198788448,39,com.thundercomm.screensaver/android.service.dreams.DreamActivity,NULL,NULL,NULL,276824064]
02-09 05:36:56.779 I/wm_task_moved( 1511): [39,1,14]
02-09 05:36:56.779 I/wm_on_top_resumed_lost_called( 7156): [229301291,com.tencent.qqmusicpad.activity.MainActivity,topStateChangedWhenResumed]
02-09 05:36:56.779 I/wm_pause_activity( 1511): [0,229301291,com.tencent.qqmusicpad/.activity.MainActivity,userLeaving=true,pauseBackTasks]
02-09 05:36:56.782 I/wm_on_paused_called( 7156): [229301291,com.tencent.qqmusicpad.activity.MainActivity,performPause]
02-09 05:36:56.785 I/ActivityTaskManager( 1511): FOREGROUND_APPLICATION_CHANGED to android.service.dreams.DreamActivity
02-09 05:36:56.785 I/ActivityTaskManager( 1511): The Process com.thundercomm.screensaver Already Exists in BG. So sending its PID: 4907
02-09 05:36:56.785 W/ActivityTaskManager( 1511): Tried to set launchTime (0) < mLastActivityLaunchTime (4356431)
02-09 05:36:56.785 I/wm_add_to_stopping( 1511): [0,229301291,com.tencent.qqmusicpad/.activity.MainActivity,makeInvisible]
02-09 05:36:56.786 I/wm_restart_activity( 1511): [0,198788448,39,com.thundercomm.screensaver/android.service.dreams.DreamActivity]
02-09 05:36:56.787 I/wm_set_resumed_activity( 1511): [0,com.thundercomm.screensaver/android.service.dreams.DreamActivity,minimalResumeActivityLocked]
02-09 05:36:56.790 I/wm_on_create_called( 4907): [198788448,android.service.dreams.DreamActivity,performCreate]
02-09 05:36:56.791 I/wm_on_start_called( 4907): [198788448,android.service.dreams.DreamActivity,handleStartActivity]
02-09 05:36:56.791 I/wm_on_resume_called( 4907): [198788448,android.service.dreams.DreamActivity,RESUME_ACTIVITY]
02-09 05:36:56.791 I/sysui_multi_action( 1511): [757,803,799,window_time_0,802,60]
02-09 05:36:56.793 W/ContextImpl( 2089): Calling a method in the system process without a qualified user: android.app.ContextImpl.startService:1816 android.content.ContextWrapper.startService:774 com.thundercomm.gamemode.ingame.services.GameModeActionUtils.startGameModeService:111 com.thundercomm.gamemode.ingame.services.GameModeActionUtils.startGameModeEntry:22 com.thundercomm.gamemode.ingame.services.ActivityMonitoringService$1.onActivityLaunch:139
02-09 05:36:56.794 I/wm_on_top_resumed_gained_called( 4907): [198788448,android.service.dreams.DreamActivity,topStateChangedWhenResumed]
02-09 05:36:56.796 I/GameModeConfig( 1511): Current uri is uri = content://com.thundercomm.gamemode.api/gamemode_settings/gamemode_isgaming
02-09 05:36:56.798 I/GameModeConfig( 1511): isGameModeOn = true
02-09 05:36:56.798 I/GameModeConfig( 1511): isGaming = false
02-09 05:36:56.798 I/GameModeConfig( 1511): isGameModeOn = true
02-09 05:36:56.798 I/GameModeConfig( 1511): isGaming = false
02-09 05:36:56.798 I/GameModeConfig( 1511): isDisableVoice = true
02-09 05:36:56.814 I/input_focus( 1511): [Focus leaving 7c6e6cc com.tencent.qqmusicpad/com.tencent.qqmusicpad.activity.MainActivity (server),reason=NO_WINDOW]
02-09 05:36:56.825 I/input_focus( 1511): [Focus request 97d578c com.thundercomm.screensaver/android.service.dreams.DreamActivity,reason=UpdateInputWindows]
02-09 05:36:56.839 I/sysui_multi_action( 1511): [319,67,322,62,325,4511,757,761,758,8,759,2,806,com.thundercomm.screensaver,871,android.service.dreams.DreamActivity,904,com.thundercomm.screensaver,905,0,1320,4,1321,2]
02-09 05:36:56.840 I/wm_activity_launch_time( 1511): [0,198788448,com.thundercomm.screensaver/android.service.dreams.DreamActivity,62]
02-09 05:36:56.841 V/DisplayPowerController[0]( 1511): Brightness [1.0] reason changing to: 'manual', previous reason: 'manual [ dim ]'.
02-09 05:36:56.841 I/sysui_multi_action( 1511): [757,1696,758,6,759,3]
02-09 05:36:56.847 E/DisplayDeviceConfig( 1511): requesting nits when no mapping exists.
02-09 05:36:56.848 E/DisplayDeviceConfig( 1511): requesting nits when no mapping exists.
02-09 05:36:56.848 I/am_wtf ( 1511): [0,1511,system_server,-1,DisplayDeviceConfig,requesting nits when no mapping exists.]
02-09 05:36:56.849 I/am_wtf ( 1511): [0,1511,system_server,-1,DisplayDeviceConfig,requesting nits when no mapping exists.]
02-09 05:36:56.864 E/DisplayDeviceConfig( 1511): requesting nits when no mapping exists.
02-09 05:36:56.864 E/DisplayDeviceConfig( 1511): requesting nits when no mapping exists.
02-09 05:36:56.864 I/am_wtf ( 1511): [0,1511,system_server,-1,DisplayDeviceConfig,requesting nits when no mapping exists.]
02-09 05:36:56.864 I/am_wtf ( 1511): [0,1511,system_server,-1,DisplayDeviceConfig,requesting nits when no mapping exists.]
02-09 05:36:56.865 I/input_focus( 1511): [Focus entering 97d578c com.thundercomm.screensaver/android.service.dreams.DreamActivity (server),reason=Window became focusable. Previous reason: NOT_VISIBLE]
02-09 05:36:56.881 E/DisplayDeviceConfig( 1511): requesting nits when no mapping exists.
02-09 05:36:56.881 E/DisplayDeviceConfig( 1511): requesting nits when no mapping exists.
02-09 05:36:56.881 I/am_wtf ( 1511): [0,1511,system_server,-1,DisplayDeviceConfig,requesting nits when no mapping exists.]
02-09 05:36:56.881 I/am_wtf ( 1511): [0,1511,system_server,-1,DisplayDeviceConfig,requesting nits when no mapping exists.]
02-09 05:36:56.890 W/ContextImpl( 2089): Calling a method in the system process without a qualified user: android.app.ContextImpl.startService:1816 android.content.ContextWrapper.startService:774 com.thundercomm.gamemode.ingame.services.GameModeActionUtils.startGameModeService:111 com.thundercomm.gamemode.ingame.services.GameModeActionUtils.startGameModeEntry:22 com.thundercomm.gamemode.ingame.services.ActivityMonitoringService$1.onActivityLaunch:139
02-09 05:36:56.891 I/GameModeConfig( 1511): Current uri is uri = content://com.thundercomm.gamemode.api/gamemode_settings/gamemode_isgaming
02-09 05:36:56.891 I/GameModeConfig( 1511): isGameModeOn = true
02-09 05:36:56.891 I/GameModeConfig( 1511): isGaming = false
02-09 05:36:56.891 I/GameModeConfig( 1511): isGameModeOn = true
02-09 05:36:56.891 I/GameModeConfig( 1511): isGaming = false
02-09 05:36:56.891 I/GameModeConfig( 1511): isDisableVoice = true
02-09 05:36:56.898 E/DisplayDeviceConfig( 1511): requesting nits when no mapping exists.
02-09 05:36:56.898 E/DisplayDeviceConfig( 1511): requesting nits when no mapping exists.
02-09 05:36:56.898 I/am_wtf ( 1511): [0,1511,system_server,-1,DisplayDeviceConfig,requesting nits when no mapping exists.]
02-09 05:36:56.899 I/am_wtf ( 1511): [0,1511,system_server,-1,DisplayDeviceConfig,requesting nits when no mapping exists.]
02-09 05:36:56.915 E/DisplayDeviceConfig( 1511): requesting nits when no mapping exists.
02-09 05:36:56.915 E/DisplayDeviceConfig( 1511): requesting nits when no mapping exists.
02-09 05:36:56.915 I/am_wtf ( 1511): [0,1511,system_server,-1,DisplayDeviceConfig,requesting nits when no mapping exists.]
02-09 05:36:56.915 I/am_wtf ( 1511): [0,1511,system_server,-1,DisplayDeviceConfig,requesting nits when no mapping exists.]
02-09 05:36:56.931 E/DisplayDeviceConfig( 1511): requesting nits when no mapping exists.
02-09 05:36:56.931 E/DisplayDeviceConfig( 1511): requesting nits when no mapping exists.
02-09 05:36:56.931 I/am_wtf ( 1511): [0,1511,system_server,-1,DisplayDeviceConfig,requesting nits when no mapping exists.]
02-09 05:36:56.932 I/am_wtf ( 1511): [0,1511,system_server,-1,DisplayDeviceConfig,requesting nits when no mapping exists.]
02-09 05:36:56.947 E/DisplayDeviceConfig( 1511): requesting nits when no mapping exists.
02-09 05:36:56.948 E/DisplayDeviceConfig( 1511): requesting nits when no mapping exists.
02-09 05:36:56.948 I/am_wtf ( 1511): [0,1511,system_server,-1,DisplayDeviceConfig,requesting nits when no mapping exists.]
02-09 05:36:56.948 I/am_wtf ( 1511): [0,1511,system_server,-1,DisplayDeviceConfig,requesting nits when no mapping exists.]
02-09 05:36:56.965 E/DisplayDeviceConfig( 1511): requesting nits when no mapping exists.
02-09 05:36:56.965 I/am_wtf ( 1511): [0,1511,system_server,-1,DisplayDeviceConfig,requesting nits when no mapping exists.]
02-09 05:36:56.965 E/DisplayDeviceConfig( 1511): requesting nits when no mapping exists.
02-09 05:36:56.965 I/am_wtf ( 1511): [0,1511,system_server,-1,DisplayDeviceConfig,requesting nits when no mapping exists.]
02-09 05:36:56.981 E/DisplayDeviceConfig( 1511): requesting nits when no mapping exists.
02-09 05:36:56.982 E/DisplayDeviceConfig( 1511): requesting nits when no mapping exists.
02-09 05:36:56.982 I/am_wtf ( 1511): [0,1511,system_server,-1,DisplayDeviceConfig,requesting nits when no mapping exists.]
02-09 05:36:56.982 I/am_wtf ( 1511): [0,1511,system_server,-1,DisplayDeviceConfig,requesting nits when no mapping exists.]
02-09 05:36:56.998 E/DisplayDeviceConfig( 1511): requesting nits when no mapping exists.
02-09 05:36:56.998 E/DisplayDeviceConfig( 1511): requesting nits when no mapping exists.
02-09 05:36:56.998 I/am_wtf ( 1511): [0,1511,system_server,-1,DisplayDeviceConfig,requesting nits when no mapping exists.]
02-09 05:36:56.998 I/am_wtf ( 1511): [0,1511,system_server,-1,DisplayDeviceConfig,requesting nits when no mapping exists.]
02-09 05:36:57.015 E/DisplayDeviceConfig( 1511): requesting nits when no mapping exists.
02-09 05:36:57.015 E/DisplayDeviceConfig( 1511): requesting nits when no mapping exists.
02-09 05:36:57.015 I/am_wtf ( 1511): [0,1511,system_server,-1,DisplayDeviceConfig,requesting nits when no mapping exists.]
02-09 05:36:57.015 I/am_wtf ( 1511): [0,1511,system_server,-1,DisplayDeviceConfig,requesting nits when no mapping exists.]
02-09 05:36:57.032 E/DisplayDeviceConfig( 1511): requesting nits when no mapping exists.
02-09 05:36:57.032 E/DisplayDeviceConfig( 1511): requesting nits when no mapping exists.
02-09 05:36:57.032 I/am_wtf ( 1511): [0,1511,system_server,-1,DisplayDeviceConfig,requesting nits when no mapping exists.]
02-09 05:36:57.032 I/am_wtf ( 1511): [0,1511,system_server,-1,DisplayDeviceConfig,requesting nits when no mapping exists.]
02-09 05:36:57.048 E/DisplayDeviceConfig( 1511): requesting nits when no mapping exists.
02-09 05:36:57.048 E/DisplayDeviceConfig( 1511): requesting nits when no mapping exists.
02-09 05:36:57.048 I/am_wtf ( 1511): [0,1511,system_server,-1,DisplayDeviceConfig,requesting nits when no mapping exists.]
02-09 05:36:57.049 I/am_wtf ( 1511): [0,1511,system_server,-1,DisplayDeviceConfig,requesting nits when no mapping exists.]
02-09 05:36:57.065 E/DisplayDeviceConfig( 1511): requesting nits when no mapping exists.
02-09 05:36:57.065 E/DisplayDeviceConfig( 1511): requesting nits when no mapping exists.
02-09 05:36:57.065 I/am_wtf ( 1511): [0,1511,system_server,-1,DisplayDeviceConfig,requesting nits when no mapping exists.]
02-09 05:36:57.066 I/am_wtf ( 1511): [0,1511,system_server,-1,DisplayDeviceConfig,requesting nits when no mapping exists.]
02-09 05:36:57.082 E/DisplayDeviceConfig( 1511): requesting nits when no mapping exists.
02-09 05:36:57.082 E/DisplayDeviceConfig( 1511): requesting nits when no mapping exists.
02-09 05:36:57.082 I/am_wtf ( 1511): [0,1511,system_server,-1,DisplayDeviceConfig,requesting nits when no mapping exists.]
02-09 05:36:57.082 I/am_wtf ( 1511): [0,1511,system_server,-1,DisplayDeviceConfig,requesting nits when no mapping exists.]
02-09 05:36:57.098 E/DisplayDeviceConfig( 1511): requesting nits when no mapping exists.
02-09 05:36:57.099 E/DisplayDeviceConfig( 1511): requesting nits when no mapping exists.
02-09 05:36:57.099 I/am_wtf ( 1511): [0,1511,system_server,-1,DisplayDeviceConfig,requesting nits when no mapping exists.]
02-09 05:36:57.099 I/am_wtf ( 1511): [0,1511,system_server,-1,DisplayDeviceConfig,requesting nits when no mapping exists.]
02-09 05:36:57.115 E/DisplayDeviceConfig( 1511): requesting nits when no mapping exists.
02-09 05:36:57.115 E/DisplayDeviceConfig( 1511): requesting nits when no mapping exists.
02-09 05:36:57.115 I/am_wtf ( 1511): [0,1511,system_server,-1,DisplayDeviceConfig,requesting nits when no mapping exists.]
02-09 05:36:57.115 I/am_wtf ( 1511): [0,1511,system_server,-1,DisplayDeviceConfig,requesting nits when no mapping exists.]
02-09 05:36:57.131 E/DisplayDeviceConfig( 1511): requesting nits when no mapping exists.
02-09 05:36:57.131 I/am_wtf ( 1511): [0,1511,system_server,-1,DisplayDeviceConfig,requesting nits when no mapping exists.]
02-09 05:36:57.132 E/DisplayDeviceConfig( 1511): requesting nits when no mapping exists.
02-09 05:36:57.132 I/am_wtf ( 1511): [0,1511,system_server,-1,DisplayDeviceConfig,requesting nits when no mapping exists.]
02-09 05:36:57.148 E/DisplayDeviceConfig( 1511): requesting nits when no mapping exists.
02-09 05:36:57.148 I/am_wtf ( 1511): [0,1511,system_server,-1,DisplayDeviceConfig,requesting nits when no mapping exists.]
02-09 05:36:57.148 E/DisplayDeviceConfig( 1511): requesting nits when no mapping exists.
02-09 05:36:57.149 I/am_wtf ( 1511): [0,1511,system_server,-1,DisplayDeviceConfig,requesting nits when no mapping exists.]
02-09 05:36:57.165 E/DisplayDeviceConfig( 1511): requesting nits when no mapping exists.
02-09 05:36:57.165 I/am_wtf ( 1511): [0,1511,system_server,-1,DisplayDeviceConfig,requesting nits when no mapping exists.]
02-09 05:36:57.165 E/DisplayDeviceConfig( 1511): requesting nits when no mapping exists.
02-09 05:36:57.165 I/am_wtf ( 1511): [0,1511,system_server,-1,DisplayDeviceConfig,requesting nits when no mapping exists.]
02-09 05:36:57.181 E/DisplayDeviceConfig( 1511): requesting nits when no mapping exists.
02-09 05:36:57.182 I/am_wtf ( 1511): [0,1511,system_server,-1,DisplayDeviceConfig,requesting nits when no mapping exists.]
02-09 05:36:57.182 E/DisplayDeviceConfig( 1511): requesting nits when no mapping exists.
02-09 05:36:57.182 I/am_wtf ( 1511): [0,1511,system_server,-1,DisplayDeviceConfig,requesting nits when no mapping exists.]
02-09 05:36:57.199 E/DisplayDeviceConfig( 1511): requesting nits when no mapping exists.
02-09 05:36:57.199 E/DisplayDeviceConfig( 1511): requesting nits when no mapping exists.
02-09 05:36:57.199 I/am_wtf ( 1511): [0,1511,system_server,-1,DisplayDeviceConfig,requesting nits when no mapping exists.]
02-09 05:36:57.199 I/am_wtf ( 1511): [0,1511,system_server,-1,DisplayDeviceConfig,requesting nits when no mapping exists.]
02-09 05:36:57.215 E/DisplayDeviceConfig( 1511): requesting nits when no mapping exists.
02-09 05:36:57.215 E/DisplayDeviceConfig( 1511): requesting nits when no mapping exists.
02-09 05:36:57.215 I/am_wtf ( 1511): [0,1511,system_server,-1,DisplayDeviceConfig,requesting nits when no mapping exists.]
02-09 05:36:57.215 I/am_wtf ( 1511): [0,1511,system_server,-1,DisplayDeviceConfig,requesting nits when no mapping exists.]
02-09 05:36:57.231 E/DisplayDeviceConfig( 1511): requesting nits when no mapping exists.
02-09 05:36:57.231 E/DisplayDeviceConfig( 1511): requesting nits when no mapping exists.
02-09 05:36:57.231 I/am_wtf ( 1511): [0,1511,system_server,-1,DisplayDeviceConfig,requesting nits when no mapping exists.]
02-09 05:36:57.232 I/am_wtf ( 1511): [0,1511,system_server,-1,DisplayDeviceConfig,requesting nits when no mapping exists.]
02-09 05:36:57.232 I/service_manager_stats( 1511): [100,35,7349]
02-09 05:36:57.248 E/DisplayDeviceConfig( 1511): requesting nits when no mapping exists.
02-09 05:36:57.248 I/am_wtf ( 1511): [0,1511,system_server,-1,DisplayDeviceConfig,requesting nits when no mapping exists.]
02-09 05:36:57.248 E/DisplayDeviceConfig( 1511): requesting nits when no mapping exists.
02-09 05:36:57.249 I/am_wtf ( 1511): [0,1511,system_server,-1,DisplayDeviceConfig,requesting nits when no mapping exists.]
02-09 05:36:57.265 E/DisplayDeviceConfig( 1511): requesting nits when no mapping exists.
02-09 05:36:57.266 E/DisplayDeviceConfig( 1511): requesting nits when no mapping exists.
02-09 05:36:57.266 I/am_wtf ( 1511): [0,1511,system_server,-1,DisplayDeviceConfig,requesting nits when no mapping exists.]
02-09 05:36:57.266 I/am_wtf ( 1511): [0,1511,system_server,-1,DisplayDeviceConfig,requesting nits when no mapping exists.]
02-09 05:36:57.281 E/DisplayDeviceConfig( 1511): requesting nits when no mapping exists.
02-09 05:36:57.282 E/DisplayDeviceConfig( 1511): requesting nits when no mapping exists.
02-09 05:36:57.282 I/am_wtf ( 1511): [0,1511,system_server,-1,DisplayDeviceConfig,requesting nits when no mapping exists.]
02-09 05:36:57.282 I/am_wtf ( 1511): [0,1511,system_server,-1,DisplayDeviceConfig,requesting nits when no mapping exists.]
02-09 05:36:57.299 E/DisplayDeviceConfig( 1511): requesting nits when no mapping exists.
02-09 05:36:57.299 E/DisplayDeviceConfig( 1511): requesting nits when no mapping exists.
02-09 05:36:57.299 I/am_wtf ( 1511): [0,1511,system_server,-1,DisplayDeviceConfig,requesting nits when no mapping exists.]
02-09 05:36:57.299 I/am_wtf ( 1511): [0,1511,system_server,-1,DisplayDeviceConfig,requesting nits when no mapping exists.]
02-09 05:36:57.315 E/DisplayDeviceConfig( 1511): requesting nits when no mapping exists.
02-09 05:36:57.315 E/DisplayDeviceConfig( 1511): requesting nits when no mapping exists.
02-09 05:36:57.316 I/am_wtf ( 1511): [0,1511,system_server,-1,DisplayDeviceConfig,requesting nits when no mapping exists.]
02-09 05:36:57.317 I/am_wtf ( 1511): [0,1511,system_server,-1,DisplayDeviceConfig,requesting nits when no mapping exists.]
02-09 05:36:57.332 E/DisplayDeviceConfig( 1511): requesting nits when no mapping exists.
02-09 05:36:57.332 E/DisplayDeviceConfig( 1511): requesting nits when no mapping exists.
02-09 05:36:57.332 I/am_wtf ( 1511): [0,1511,system_server,-1,DisplayDeviceConfig,requesting nits when no mapping exists.]
02-09 05:36:57.333 I/am_wtf ( 1511): [0,1511,system_server,-1,DisplayDeviceConfig,requesting nits when no mapping exists.]
02-09 05:36:57.349 E/DisplayDeviceConfig( 1511): requesting nits when no mapping exists.
02-09 05:36:57.350 E/DisplayDeviceConfig( 1511): requesting nits when no mapping exists.
02-09 05:36:57.350 I/am_wtf ( 1511): [0,1511,system_server,-1,DisplayDeviceConfig,requesting nits when no mapping exists.]
02-09 05:36:57.350 I/am_wtf ( 1511): [0,1511,system_server,-1,DisplayDeviceConfig,requesting nits when no mapping exists.]
02-09 05:36:57.351 I/wm_stop_activity( 1511): [0,229301291,com.tencent.qqmusicpad/.activity.MainActivity]
02-09 05:36:57.366 E/DisplayDeviceConfig( 1511): requesting nits when no mapping exists.
02-09 05:36:57.367 I/am_wtf ( 1511): [0,1511,system_server,-1,DisplayDeviceConfig,requesting nits when no mapping exists.]
02-09 05:36:57.367 E/DisplayDeviceConfig( 1511): requesting nits when no mapping exists.
02-09 05:36:57.367 I/am_wtf ( 1511): [0,1511,system_server,-1,DisplayDeviceConfig,requesting nits when no mapping exists.]
02-09 05:36:57.371 I/wm_on_stop_called( 7156): [229301291,com.tencent.qqmusicpad.activity.MainActivity,STOP_ACTIVITY_ITEM]
02-09 05:36:57.382 E/DisplayDeviceConfig( 1511): requesting nits when no mapping exists.
02-09 05:36:57.384 E/DisplayDeviceConfig( 1511): requesting nits when no mapping exists.
02-09 05:36:57.384 I/am_wtf ( 1511): [0,1511,system_server,-1,DisplayDeviceConfig,requesting nits when no mapping exists.]
02-09 05:36:57.384 I/am_wtf ( 1511): [0,1511,system_server,-1,DisplayDeviceConfig,requesting nits when no mapping exists.]
02-09 05:36:57.389 W/ContextImpl( 2089): Calling a method in the system process without a qualified user: android.app.ContextImpl.startService:1816 android.content.ContextWrapper.startService:774 com.thundercomm.gamemode.ingame.services.GameModeActionUtils.startGameModeService:111 com.thundercomm.gamemode.ingame.services.GameModeActionUtils.startGameModeEntry:22 com.thundercomm.gamemode.ingame.services.ActivityMonitoringService$1.onActivityLaunch:139
02-09 05:36:57.390 I/GameModeConfig( 1511): Current uri is uri = content://com.thundercomm.gamemode.api/gamemode_settings/gamemode_isgaming
02-09 05:36:57.391 I/GameModeConfig( 1511): isGameModeOn = true
02-09 05:36:57.391 I/GameModeConfig( 1511): isGaming = false
02-09 05:36:57.391 I/GameModeConfig( 1511): isGameModeOn = true
02-09 05:36:57.391 I/GameModeConfig( 1511): isGaming = false
02-09 05:36:57.391 I/GameModeConfig( 1511): isDisableVoice = true
02-09 05:36:57.401 E/DisplayDeviceConfig( 1511): requesting nits when no mapping exists.
02-09 05:36:57.401 E/DisplayDeviceConfig( 1511): requesting nits when no mapping exists.
02-09 05:36:57.401 I/am_wtf ( 1511): [0,1511,system_server,-1,DisplayDeviceConfig,requesting nits when no mapping exists.]
02-09 05:36:57.402 I/am_wtf ( 1511): [0,1511,system_server,-1,DisplayDeviceConfig,requesting nits when no mapping exists.]
02-09 05:36:57.417 E/DisplayDeviceConfig( 1511): requesting nits when no mapping exists.
02-09 05:36:57.417 E/DisplayDeviceConfig( 1511): requesting nits when no mapping exists.
02-09 05:36:57.417 I/am_wtf ( 1511): [0,1511,system_server,-1,DisplayDeviceConfig,requesting nits when no mapping exists.]
02-09 05:36:57.417 I/am_wtf ( 1511): [0,1511,system_server,-1,DisplayDeviceConfig,requesting nits when no mapping exists.]
02-09 05:36:57.432 E/DisplayDeviceConfig( 1511): requesting nits when no mapping exists.
02-09 05:36:57.433 E/DisplayDeviceConfig( 1511): requesting nits when no mapping exists.
02-09 05:36:57.433 I/am_wtf ( 1511): [0,1511,system_server,-1,DisplayDeviceConfig,requesting nits when no mapping exists.]
02-09 05:36:57.433 I/am_wtf ( 1511): [0,1511,system_server,-1,DisplayDeviceConfig,requesting nits when no mapping exists.]
02-09 05:36:57.449 E/DisplayDeviceConfig( 1511): requesting nits when no mapping exists.
02-09 05:36:57.450 E/DisplayDeviceConfig( 1511): requesting nits when no mapping exists.
02-09 05:36:57.450 I/am_wtf ( 1511): [0,1511,system_server,-1,DisplayDeviceConfig,requesting nits when no mapping exists.]
02-09 05:36:57.450 I/am_wtf ( 1511): [0,1511,system_server,-1,DisplayDeviceConfig,requesting nits when no mapping exists.]
02-09 05:36:57.466 E/DisplayDeviceConfig( 1511): requesting nits when no mapping exists.
02-09 05:36:57.466 E/DisplayDeviceConfig( 1511): requesting nits when no mapping exists.
02-09 05:36:57.466 I/am_wtf ( 1511): [0,1511,system_server,-1,DisplayDeviceConfig,requesting nits when no mapping exists.]
02-09 05:36:57.467 I/am_wtf ( 1511): [0,1511,system_server,-1,DisplayDeviceConfig,requesting nits when no mapping exists.]
02-09 05:36:57.482 E/DisplayDeviceConfig( 1511): requesting nits when no mapping exists.
02-09 05:36:57.483 E/DisplayDeviceConfig( 1511): requesting nits when no mapping exists.
02-09 05:36:57.483 I/am_wtf ( 1511): [0,1511,system_server,-1,DisplayDeviceConfig,requesting nits when no mapping exists.]
02-09 05:36:57.483 I/am_wtf ( 1511): [0,1511,system_server,-1,DisplayDeviceConfig,requesting nits when no mapping exists.]
02-09 05:36:57.499 E/DisplayDeviceConfig( 1511): requesting nits when no mapping exists.
02-09 05:36:57.499 E/DisplayDeviceConfig( 1511): requesting nits when no mapping exists.
02-09 05:36:57.499 I/am_wtf ( 1511): [0,1511,system_server,-1,DisplayDeviceConfig,requesting nits when no mapping exists.]
02-09 05:36:57.500 I/am_wtf ( 1511): [0,1511,system_server,-1,DisplayDeviceConfig,requesting nits when no mapping exists.]
02-09 05:36:57.516 E/DisplayDeviceConfig( 1511): requesting nits when no mapping exists.
02-09 05:36:57.517 E/DisplayDeviceConfig( 1511): requesting nits when no mapping exists.
02-09 05:36:57.517 I/am_wtf ( 1511): [0,1511,system_server,-1,DisplayDeviceConfig,requesting nits when no mapping exists.]
02-09 05:36:57.517 I/am_wtf ( 1511): [0,1511,system_server,-1,DisplayDeviceConfig,requesting nits when no mapping exists.]
02-09 05:36:57.533 E/DisplayDeviceConfig( 1511): requesting nits when no mapping exists.
02-09 05:36:57.533 I/am_wtf ( 1511): [0,1511,system_server,-1,DisplayDeviceConfig,requesting nits when no mapping exists.]
02-09 05:36:57.533 E/DisplayDeviceConfig( 1511): requesting nits when no mapping exists.
02-09 05:36:57.533 I/am_wtf ( 1511): [0,1511,system_server,-1,DisplayDeviceConfig,requesting nits when no mapping exists.]
02-09 05:36:57.549 E/DisplayDeviceConfig( 1511): requesting nits when no mapping exists.
02-09 05:36:57.550 E/DisplayDeviceConfig( 1511): requesting nits when no mapping exists.
02-09 05:36:57.550 I/am_wtf ( 1511): [0,1511,system_server,-1,DisplayDeviceConfig,requesting nits when no mapping exists.]
02-09 05:36:57.550 I/am_wtf ( 1511): [0,1511,system_server,-1,DisplayDeviceConfig,requesting nits when no mapping exists.]
02-09 05:36:57.566 E/DisplayDeviceConfig( 1511): requesting nits when no mapping exists.
02-09 05:36:57.566 E/DisplayDeviceConfig( 1511): requesting nits when no mapping exists.
02-09 05:36:57.566 I/am_wtf ( 1511): [0,1511,system_server,-1,DisplayDeviceConfig,requesting nits when no mapping exists.]
02-09 05:36:57.567 I/am_wtf ( 1511): [0,1511,system_server,-1,DisplayDeviceConfig,requesting nits when no mapping exists.]
02-09 05:36:57.583 E/DisplayDeviceConfig( 1511): requesting nits when no mapping exists.
02-09 05:36:57.583 E/DisplayDeviceConfig( 1511): requesting nits when no mapping exists.
02-09 05:36:57.583 I/am_wtf ( 1511): [0,1511,system_server,-1,DisplayDeviceConfig,requesting nits when no mapping exists.]
02-09 05:36:57.583 I/am_wtf ( 1511): [0,1511,system_server,-1,DisplayDeviceConfig,requesting nits when no mapping exists.]
02-09 05:36:57.599 E/DisplayDeviceConfig( 1511): requesting nits when no mapping exists.
02-09 05:36:57.599 E/DisplayDeviceConfig( 1511): requesting nits when no mapping exists.
02-09 05:36:57.600 I/am_wtf ( 1511): [0,1511,system_server,-1,DisplayDeviceConfig,requesting nits when no mapping exists.]
02-09 05:36:57.600 I/am_wtf ( 1511): [0,1511,system_server,-1,DisplayDeviceConfig,requesting nits when no mapping exists.]
02-09 05:36:57.617 E/DisplayDeviceConfig( 1511): requesting nits when no mapping exists.
02-09 05:36:57.617 E/DisplayDeviceConfig( 1511): requesting nits when no mapping exists.
02-09 05:36:57.617 I/am_wtf ( 1511): [0,1511,system_server,-1,DisplayDeviceConfig,requesting nits when no mapping exists.]
02-09 05:36:57.617 I/am_wtf ( 1511): [0,1511,system_server,-1,DisplayDeviceConfig,requesting nits when no mapping exists.]
02-09 05:36:57.633 E/DisplayDeviceConfig( 1511): requesting nits when no mapping exists.
02-09 05:36:57.633 E/DisplayDeviceConfig( 1511): requesting nits when no mapping exists.
02-09 05:36:57.633 I/am_wtf ( 1511): [0,1511,system_server,-1,DisplayDeviceConfig,requesting nits when no mapping exists.]
02-09 05:36:57.633 I/am_wtf ( 1511): [0,1511,system_server,-1,DisplayDeviceConfig,requesting nits when no mapping exists.]
02-09 05:36:57.650 E/DisplayDeviceConfig( 1511): requesting nits when no mapping exists.
02-09 05:36:57.651 E/DisplayDeviceConfig( 1511): requesting nits when no mapping exists.
02-09 05:36:57.651 I/am_wtf ( 1511): [0,1511,system_server,-1,DisplayDeviceConfig,requesting nits when no mapping exists.]
02-09 05:36:57.651 I/am_wtf ( 1511): [0,1511,system_server,-1,DisplayDeviceConfig,requesting nits when no mapping exists.]
02-09 05:36:57.667 E/DisplayDeviceConfig( 1511): requesting nits when no mapping exists.
02-09 05:36:57.667 E/DisplayDeviceConfig( 1511): requesting nits when no mapping exists.
02-09 05:36:57.667 I/am_wtf ( 1511): [0,1511,system_server,-1,DisplayDeviceConfig,requesting nits when no mapping exists.]
02-09 05:36:57.667 I/am_wtf ( 1511): [0,1511,system_server,-1,DisplayDeviceConfig,requesting nits when no mapping exists.]
02-09 05:36:57.683 E/DisplayDeviceConfig( 1511): requesting nits when no mapping exists.
02-09 05:36:57.684 E/DisplayDeviceConfig( 1511): requesting nits when no mapping exists.
02-09 05:36:57.684 I/am_wtf ( 1511): [0,1511,system_server,-1,DisplayDeviceConfig,requesting nits when no mapping exists.]
02-09 05:36:57.684 I/am_wtf ( 1511): [0,1511,system_server,-1,DisplayDeviceConfig,requesting nits when no mapping exists.]
02-09 05:36:57.700 E/DisplayDeviceConfig( 1511): requesting nits when no mapping exists.
02-09 05:36:57.700 E/DisplayDeviceConfig( 1511): requesting nits when no mapping exists.
02-09 05:36:57.700 I/am_wtf ( 1511): [0,1511,system_server,-1,DisplayDeviceConfig,requesting nits when no mapping exists.]
02-09 05:36:57.700 I/am_wtf ( 1511): [0,1511,system_server,-1,DisplayDeviceConfig,requesting nits when no mapping exists.]
02-09 05:36:57.716 E/DisplayDeviceConfig( 1511): requesting nits when no mapping exists.
02-09 05:36:57.717 E/DisplayDeviceConfig( 1511): requesting nits when no mapping exists.
02-09 05:36:57.717 I/am_wtf ( 1511): [0,1511,system_server,-1,DisplayDeviceConfig,requesting nits when no mapping exists.]
02-09 05:36:57.717 I/am_wtf ( 1511): [0,1511,system_server,-1,DisplayDeviceConfig,requesting nits when no mapping exists.]
02-09 05:36:57.733 E/DisplayDeviceConfig( 1511): requesting nits when no mapping exists.
02-09 05:36:57.733 E/DisplayDeviceConfig( 1511): requesting nits when no mapping exists.
02-09 05:36:57.733 I/am_wtf ( 1511): [0,1511,system_server,-1,DisplayDeviceConfig,requesting nits when no mapping exists.]
02-09 05:36:57.734 I/am_wtf ( 1511): [0,1511,system_server,-1,DisplayDeviceConfig,requesting nits when no mapping exists.]
02-09 05:36:57.750 E/DisplayDeviceConfig( 1511): requesting nits when no mapping exists.
02-09 05:36:57.750 E/DisplayDeviceConfig( 1511): requesting nits when no mapping exists.
02-09 05:36:57.750 I/am_wtf ( 1511): [0,1511,system_server,-1,DisplayDeviceConfig,requesting nits when no mapping exists.]
02-09 05:36:57.750 I/am_wtf ( 1511): [0,1511,system_server,-1,DisplayDeviceConfig,requesting nits when no mapping exists.]
02-09 05:36:57.767 E/DisplayDeviceConfig( 1511): requesting nits when no mapping exists.
02-09 05:36:57.767 I/am_wtf ( 1511): [0,1511,system_server,-1,DisplayDeviceConfig,requesting nits when no mapping exists.]
02-09 05:36:57.767 E/DisplayDeviceConfig( 1511): requesting nits when no mapping exists.
02-09 05:36:57.767 I/am_wtf ( 1511): [0,1511,system_server,-1,DisplayDeviceConfig,requesting nits when no mapping exists.]
02-09 05:36:57.783 E/DisplayDeviceConfig( 1511): requesting nits when no mapping exists.
02-09 05:36:57.783 E/DisplayDeviceConfig( 1511): requesting nits when no mapping exists.
02-09 05:36:57.783 I/am_wtf ( 1511): [0,1511,system_server,-1,DisplayDeviceConfig,requesting nits when no mapping exists.]
02-09 05:36:57.783 I/am_wtf ( 1511): [0,1511,system_server,-1,DisplayDeviceConfig,requesting nits when no mapping exists.]
02-09 05:36:57.800 E/DisplayDeviceConfig( 1511): requesting nits when no mapping exists.
02-09 05:36:57.800 E/DisplayDeviceConfig( 1511): requesting nits when no mapping exists.
02-09 05:36:57.800 I/am_wtf ( 1511): [0,1511,system_server,-1,DisplayDeviceConfig,requesting nits when no mapping exists.]
02-09 05:36:57.800 I/am_wtf ( 1511): [0,1511,system_server,-1,DisplayDeviceConfig,requesting nits when no mapping exists.]
02-09 05:36:59.573 I/storage_state( 1511): [41217664-9172-527a-b3d5-edabb50a7d69,0,0,110063869952,118610538496]
02-09 05:37:00.303 D/ActivityManager( 1511): freezing 6427 com.android.settings
02-09 05:37:00.303 E/ActivityManager( 1511): Unable to freeze binder for 6427 com.android.settings
02-09 05:37:00.306 D/ActivityManager( 1511): froze 6427 com.android.settings
02-09 05:37:00.306 I/am_freeze( 1511): [6427,com.android.settings]
02-09 05:37:00.306 E/ActivityManager( 1511): Unable to freeze binder for 6427 com.android.settings
02-09 05:37:00.307 I/ActivityManager( 1511): Killing 6427:com.android.settings/1000 (adj 930): Unable to freeze binder interface
02-09 05:37:00.307 I/am_kill ( 1511): [0,6427,com.android.settings,930,Unable to freeze binder interface]
02-09 05:37:00.383 I/WindowManager( 1511): WIN DEATH: Window{27d7408 u0 com.android.settings/com.android.settings.Settings}
02-09 05:37:00.385 I/am_proc_died( 1511): [0,6427,com.android.settings,930,16]
02-09 05:37:00.391 W/ActivityManager( 1511): setHasOverlayUi called on unknown pid: 6427
02-09 05:37:00.391 W/UsageStatsService( 1511): Unexpected activity event reported! (com.android.settings/com.android.settings.homepage.SettingsHomepageActivity event : 23 instanceId : 247734543)
02-09 05:37:30.008 I/am_uid_idle( 1511): 10092
02-09 05:37:40.441 I/input_interaction( 1511): Interaction with: 97d578c com.thundercomm.screensaver/android.service.dreams.DreamActivity (server), edge-swipe (server), swipe-up (server), PointerEventDispatcher0 (server),
02-09 05:37:40.445 I/wm_finish_activity( 1511): [0,198788448,39,com.thundercomm.screensaver/android.service.dreams.DreamActivity,finish-activity]
