02-09 05:20:11.998 I/wm_on_top_resumed_gained_called( 5884): [27840304,com.tencent.tmgp.sgame.SGameActivity,topWhenResuming]
02-09 05:20:12.002 I/am_pss ( 1511): [6209,10064,com.android.gallery3d,7810048,5189632,0,92622848,0,19,5]
02-09 05:20:12.007 I/am_uid_active( 1511): 10063
02-09 05:20:12.008 I/am_pss ( 1511): [6208,10088,com.android.music,7658496,5771264,0,89903104,0,19,4]
02-09 05:20:12.013 I/am_pss ( 1511): [3642,10025,com.android.packageinstaller,12654592,4608000,6891520,60407808,0,19,5]
02-09 05:20:12.017 I/input_focus( 1511): [Focus entering 6e3bcfd com.tencent.tmgp.sgame/com.tencent.tmgp.sgame.SGameActivity (server),reason=Window became focusable. Previous reason: NOT_VISIBLE]
02-09 05:20:12.020 I/am_pss ( 1511): [3696,2000,com.android.shell,11692032,3100672,7354368,60383232,0,19,4]
02-09 05:20:12.026 I/am_pss ( 1511): [3594,10029,com.android.managedprovisioning,14452736,5935104,7308288,62812160,0,19,6]
02-09 05:20:12.031 I/am_pss ( 1511): [2838,10082,com.qualcomm.qti.workloadclassifier,12026880,9461760,0,102080512,0,0,5]
02-09 05:20:12.037 I/am_pss ( 1511): [2820,10085,com.qualcomm.qti.qccnetstat,6285312,4325376,0,90341376,0,0,5]
02-09 05:20:12.042 I/am_pss ( 1511): [2800,10072,com.qualcomm.qti.services.systemhelper:systemhelper_service,6439936,4403200,0,92139520,0,0,4]
02-09 05:20:12.046 I/am_pss ( 1511): [2791,10057,.pasr,5478400,3600384,0,87785472,0,0,4]
02-09 05:20:12.053 I/am_pss ( 1511): [2740,10054,ts.car.uart,6307840,4431872,0,88936448,0,0,5]
02-09 05:20:12.060 I/am_pss ( 1511): [2741,1000,com.hryt.hiphishowfsecontrol,14322688,11976704,0,104742912,0,0,5]
02-09 05:20:12.067 I/am_pss ( 1511): [2738,10084,com.hht.lebocast,49248256,27099136,0,118116352,0,0,6]
02-09 05:20:12.073 I/am_pss ( 1511): [3165,10061,com.qualcomm.qti.devicestatisticsservice,5420032,3547136,0,87609344,0,0,6]
02-09 05:20:12.199 I/commit_sys_config_file( 1511): [settings-1-0,3]
02-09 05:20:12.520 I/wm_destroy_activity( 1511): [0,112404037,23,com.thundercomm.screensaver/android.service.dreams.DreamActivity,finish-imm:idle]
02-09 05:20:12.557 I/wm_on_stop_called( 4907): [112404037,android.service.dreams.DreamActivity,LIFECYCLER_STOP_ACTIVITY]
02-09 05:20:12.558 I/wm_on_destroy_called( 4907): [112404037,android.service.dreams.DreamActivity,performDestroy]
02-09 05:20:12.563 I/sysui_multi_action( 1511): [757,222,758,2]
02-09 05:20:12.563 I/sysui_multi_action( 1511): [757,804,799,dreaming_minutes,801,6,802,1]
02-09 05:20:12.570 I/wm_task_removed( 1511): [23,removeChild:removeChild last r=ActivityRecord{6b32645 u0 com.thundercomm.screensaver/android.service.dreams.DreamActivity t-1 f}} in t=Task{1fc27ee #23 type=dream A=10044:android:com.thundercomm.screensaver/dream U=0 visible=false mode=fullscreen translucent=true sz=0}]
02-09 05:20:12.570 I/wm_task_removed( 1511): [23,removeChild]
02-09 05:21:05.071 I/sysui_multi_action( 1511): [757,1696,758,6,759,2]
02-09 05:21:05.101 I/am_wtf ( 1511): [0,1511,system_server,-1,DisplayDeviceConfig,requesting nits when no mapping exists.]
02-09 05:21:05.104 I/am_wtf ( 1511): [0,1511,system_server,-1,DisplayDeviceConfig,requesting nits when no mapping exists.]
02-09 05:21:05.133 I/am_wtf ( 1511): [0,1511,system_server,-1,DisplayDeviceConfig,requesting nits when no mapping exists.]
02-09 05:21:05.135 I/am_wtf ( 1511): [0,1511,system_server,-1,DisplayDeviceConfig,requesting nits when no mapping exists.]
02-09 05:21:05.143 I/am_wtf ( 1511): [0,1511,system_server,-1,DisplayDeviceConfig,requesting nits when no mapping exists.]
02-09 05:21:05.145 I/am_wtf ( 1511): [0,1511,system_server,-1,DisplayDeviceConfig,requesting nits when no mapping exists.]
02-09 05:21:05.178 I/am_wtf ( 1511): [0,1511,system_server,-1,DisplayDeviceConfig,requesting nits when no mapping exists.]
02-09 05:21:05.179 I/am_wtf ( 1511): [0,1511,system_server,-1,DisplayDeviceConfig,requesting nits when no mapping exists.]
02-09 05:21:05.211 I/am_wtf ( 1511): [0,1511,system_server,-1,DisplayDeviceConfig,requesting nits when no mapping exists.]
02-09 05:21:05.212 I/am_wtf ( 1511): [0,1511,system_server,-1,DisplayDeviceConfig,requesting nits when no mapping exists.]
02-09 05:21:05.244 I/am_wtf ( 1511): [0,1511,system_server,-1,DisplayDeviceConfig,requesting nits when no mapping exists.]
02-09 05:21:05.245 I/am_wtf ( 1511): [0,1511,system_server,-1,DisplayDeviceConfig,requesting nits when no mapping exists.]
02-09 05:21:05.278 I/am_wtf ( 1511): [0,1511,system_server,-1,DisplayDeviceConfig,requesting nits when no mapping exists.]
02-09 05:21:05.279 I/am_wtf ( 1511): [0,1511,system_server,-1,DisplayDeviceConfig,requesting nits when no mapping exists.]
02-09 05:21:05.280 I/service_manager_stats( 1511): [100,28,436469]
02-09 05:21:05.312 I/am_wtf ( 1511): [0,1511,system_server,-1,DisplayDeviceConfig,requesting nits when no mapping exists.]
02-09 05:21:05.313 I/am_wtf ( 1511): [0,1511,system_server,-1,DisplayDeviceConfig,requesting nits when no mapping exists.]
02-09 05:21:05.345 I/am_wtf ( 1511): [0,1511,system_server,-1,DisplayDeviceConfig,requesting nits when no mapping exists.]
02-09 05:21:05.346 I/am_wtf ( 1511): [0,1511,system_server,-1,DisplayDeviceConfig,requesting nits when no mapping exists.]
02-09 05:21:05.378 I/am_wtf ( 1511): [0,1511,system_server,-1,DisplayDeviceConfig,requesting nits when no mapping exists.]
02-09 05:21:05.379 I/am_wtf ( 1511): [0,1511,system_server,-1,DisplayDeviceConfig,requesting nits when no mapping exists.]
02-09 05:21:05.412 I/am_wtf ( 1511): [0,1511,system_server,-1,DisplayDeviceConfig,requesting nits when no mapping exists.]
02-09 05:21:05.413 I/am_wtf ( 1511): [0,1511,system_server,-1,DisplayDeviceConfig,requesting nits when no mapping exists.]
02-09 05:21:05.445 I/am_wtf ( 1511): [0,1511,system_server,-1,DisplayDeviceConfig,requesting nits when no mapping exists.]
02-09 05:21:05.446 I/am_wtf ( 1511): [0,1511,system_server,-1,DisplayDeviceConfig,requesting nits when no mapping exists.]
02-09 05:21:05.479 I/am_wtf ( 1511): [0,1511,system_server,-1,DisplayDeviceConfig,requesting nits when no mapping exists.]
02-09 05:21:05.479 I/am_wtf ( 1511): [0,1511,system_server,-1,DisplayDeviceConfig,requesting nits when no mapping exists.]
02-09 05:21:05.512 I/am_wtf ( 1511): [0,1511,system_server,-1,DisplayDeviceConfig,requesting nits when no mapping exists.]
02-09 05:21:05.513 I/am_wtf ( 1511): [0,1511,system_server,-1,DisplayDeviceConfig,requesting nits when no mapping exists.]
02-09 05:21:05.546 I/am_wtf ( 1511): [0,1511,system_server,-1,DisplayDeviceConfig,requesting nits when no mapping exists.]
02-09 05:21:05.547 I/am_wtf ( 1511): [0,1511,system_server,-1,DisplayDeviceConfig,requesting nits when no mapping exists.]
02-09 05:21:05.579 I/am_wtf ( 1511): [0,1511,system_server,-1,DisplayDeviceConfig,requesting nits when no mapping exists.]
02-09 05:21:05.580 I/am_wtf ( 1511): [0,1511,system_server,-1,DisplayDeviceConfig,requesting nits when no mapping exists.]
02-09 05:21:05.612 I/am_wtf ( 1511): [0,1511,system_server,-1,DisplayDeviceConfig,requesting nits when no mapping exists.]
02-09 05:21:05.613 I/am_wtf ( 1511): [0,1511,system_server,-1,DisplayDeviceConfig,requesting nits when no mapping exists.]
02-09 05:21:05.646 I/am_wtf ( 1511): [0,1511,system_server,-1,DisplayDeviceConfig,requesting nits when no mapping exists.]
02-09 05:21:05.647 I/am_wtf ( 1511): [0,1511,system_server,-1,DisplayDeviceConfig,requesting nits when no mapping exists.]
02-09 05:21:05.679 I/am_wtf ( 1511): [0,1511,system_server,-1,DisplayDeviceConfig,requesting nits when no mapping exists.]
02-09 05:21:05.680 I/am_wtf ( 1511): [0,1511,system_server,-1,DisplayDeviceConfig,requesting nits when no mapping exists.]
02-09 05:21:05.713 I/am_wtf ( 1511): [0,1511,system_server,-1,DisplayDeviceConfig,requesting nits when no mapping exists.]
02-09 05:21:05.713 I/am_wtf ( 1511): [0,1511,system_server,-1,DisplayDeviceConfig,requesting nits when no mapping exists.]
02-09 05:21:05.746 I/am_wtf ( 1511): [0,1511,system_server,-1,DisplayDeviceConfig,requesting nits when no mapping exists.]
02-09 05:21:05.747 I/am_wtf ( 1511): [0,1511,system_server,-1,DisplayDeviceConfig,requesting nits when no mapping exists.]
02-09 05:21:05.779 I/am_wtf ( 1511): [0,1511,system_server,-1,DisplayDeviceConfig,requesting nits when no mapping exists.]
02-09 05:21:05.780 I/am_wtf ( 1511): [0,1511,system_server,-1,DisplayDeviceConfig,requesting nits when no mapping exists.]
02-09 05:21:05.813 I/am_wtf ( 1511): [0,1511,system_server,-1,DisplayDeviceConfig,requesting nits when no mapping exists.]
02-09 05:21:05.814 I/am_wtf ( 1511): [0,1511,system_server,-1,DisplayDeviceConfig,requesting nits when no mapping exists.]
02-09 05:21:05.846 I/am_wtf ( 1511): [0,1511,system_server,-1,DisplayDeviceConfig,requesting nits when no mapping exists.]
02-09 05:21:05.847 I/am_wtf ( 1511): [0,1511,system_server,-1,DisplayDeviceConfig,requesting nits when no mapping exists.]
02-09 05:21:05.880 I/am_wtf ( 1511): [0,1511,system_server,-1,DisplayDeviceConfig,requesting nits when no mapping exists.]
02-09 05:21:05.881 I/am_wtf ( 1511): [0,1511,system_server,-1,DisplayDeviceConfig,requesting nits when no mapping exists.]
02-09 05:21:05.913 I/am_wtf ( 1511): [0,1511,system_server,-1,DisplayDeviceConfig,requesting nits when no mapping exists.]
02-09 05:21:05.914 I/am_wtf ( 1511): [0,1511,system_server,-1,DisplayDeviceConfig,requesting nits when no mapping exists.]
02-09 05:21:05.946 I/am_wtf ( 1511): [0,1511,system_server,-1,DisplayDeviceConfig,requesting nits when no mapping exists.]
02-09 05:21:05.947 I/am_wtf ( 1511): [0,1511,system_server,-1,DisplayDeviceConfig,requesting nits when no mapping exists.]
02-09 05:21:05.980 I/am_wtf ( 1511): [0,1511,system_server,-1,DisplayDeviceConfig,requesting nits when no mapping exists.]
02-09 05:21:05.981 I/am_wtf ( 1511): [0,1511,system_server,-1,DisplayDeviceConfig,requesting nits when no mapping exists.]
02-09 05:21:06.013 I/am_wtf ( 1511): [0,1511,system_server,-1,DisplayDeviceConfig,requesting nits when no mapping exists.]
02-09 05:21:06.014 I/am_wtf ( 1511): [0,1511,system_server,-1,DisplayDeviceConfig,requesting nits when no mapping exists.]
02-09 05:21:06.047 I/am_wtf ( 1511): [0,1511,system_server,-1,DisplayDeviceConfig,requesting nits when no mapping exists.]
02-09 05:21:06.048 I/am_wtf ( 1511): [0,1511,system_server,-1,DisplayDeviceConfig,requesting nits when no mapping exists.]
02-09 05:21:12.531 I/sysui_multi_action( 1511): [757,222,758,1]
02-09 05:21:12.546 I/wm_task_created( 1511): [24,-1]
02-09 05:21:12.546 I/am_pss ( 1511): [6209,10064,com.android.gallery3d,8358912,6287360,0,92622848,0,19,7]
02-09 05:21:12.549 I/wm_task_moved( 1511): [24,1,8]
02-09 05:21:12.549 I/wm_task_to_front( 1511): [0,24]
02-09 05:21:12.549 I/wm_create_task( 1511): [0,24]
02-09 05:21:12.549 I/wm_create_activity( 1511): [0,58439798,24,com.thundercomm.screensaver/android.service.dreams.DreamActivity,NULL,NULL,NULL,276824064]
02-09 05:21:12.549 I/wm_task_moved( 1511): [24,1,8]
02-09 05:21:12.549 I/wm_on_top_resumed_lost_called( 5884): [27840304,com.tencent.tmgp.sgame.SGameActivity,topStateChangedWhenResumed]
02-09 05:21:12.550 I/wm_pause_activity( 1511): [0,27840304,com.tencent.tmgp.sgame/.SGameActivity,userLeaving=true,pauseBackTasks]
02-09 05:21:12.551 I/wm_on_paused_called( 5884): [27840304,com.tencent.tmgp.sgame.SGameActivity,performPause]
02-09 05:21:12.552 I/am_pss ( 1511): [6208,10088,com.android.music,7658496,5771264,0,89903104,0,19,6]
02-09 05:21:12.552 I/wm_add_to_stopping( 1511): [0,27840304,com.tencent.tmgp.sgame/.SGameActivity,makeInvisible]
02-09 05:21:12.553 I/wm_restart_activity( 1511): [0,58439798,24,com.thundercomm.screensaver/android.service.dreams.DreamActivity]
02-09 05:21:12.554 I/wm_set_resumed_activity( 1511): [0,com.thundercomm.screensaver/android.service.dreams.DreamActivity,minimalResumeActivityLocked]
02-09 05:21:12.558 I/wm_on_create_called( 4907): [58439798,android.service.dreams.DreamActivity,performCreate]
02-09 05:21:12.558 I/wm_on_start_called( 4907): [58439798,android.service.dreams.DreamActivity,handleStartActivity]
02-09 05:21:12.559 I/sysui_multi_action( 1511): [757,803,799,window_time_0,802,60]
02-09 05:21:12.559 I/wm_on_resume_called( 4907): [58439798,android.service.dreams.DreamActivity,RESUME_ACTIVITY] --------- beginning of system
02-09 05:21:12.560 W/ContextImpl( 2089): Calling a method in the system process without a qualified user: android.app.ContextImpl.startService:1816 android.content.ContextWrapper.startService:774 com.thundercomm.gamemode.ingame.services.GameModeActionUtils.startGameModeService:111 com.thundercomm.gamemode.ingame.services.GameModeActionUtils.startGameModeEntry:22 com.thundercomm.gamemode.ingame.services.ActivityMonitoringService$1.onActivityLaunch:139
02-09 05:21:12.561 W/WindowManager( 1511): Failed looking up window session=Session{b333c54 4907:u0a10044} callers=com.android.server.wm.WindowManagerService.windowForClientLocked:5628 com.android.server.wm.Session.insetsModified:629 android.view.IWindowSession$Stub.onTransact:1151
02-09 05:21:12.562 I/wm_on_top_resumed_gained_called( 4907): [58439798,android.service.dreams.DreamActivity,topStateChangedWhenResumed]
02-09 05:21:12.566 I/GameModeConfig( 1511): Current uri is uri = content://com.thundercomm.gamemode.api/gamemode_settings/gamemode_isgaming
02-09 05:21:12.567 I/GameModeConfig( 1511): isGameModeOn = true
02-09 05:21:12.567 I/GameModeConfig( 1511): isGaming = false
02-09 05:21:12.568 I/GameModeConfig( 1511): isGameModeOn = true
02-09 05:21:12.568 I/GameModeConfig( 1511): isGaming = false
02-09 05:21:12.568 I/GameModeConfig( 1511): isDisableVoice = true
02-09 05:21:12.595 I/input_focus( 1511): [Focus leaving 6e3bcfd com.tencent.tmgp.sgame/com.tencent.tmgp.sgame.SGameActivity (server),reason=NO_WINDOW]
02-09 05:21:12.617 I/input_focus( 1511): [Focus request 8e2e602 com.thundercomm.screensaver/android.service.dreams.DreamActivity,reason=UpdateInputWindows]
02-09 05:21:12.627 I/sysui_multi_action( 1511): [319,82,322,78,325,3567,757,761,758,8,759,2,806,com.thundercomm.screensaver,871,android.service.dreams.DreamActivity,904,com.thundercomm.screensaver,905,0,1320,4,1321,2]
02-09 05:21:12.627 I/wm_activity_launch_time( 1511): [0,58439798,com.thundercomm.screensaver/android.service.dreams.DreamActivity,78]
02-09 05:21:12.628 V/DisplayPowerController[0]( 1511): Brightness [1.0] reason changing to: 'manual', previous reason: 'manual [ dim ]'.
02-09 05:21:12.628 I/sysui_multi_action( 1511): [757,1696,758,6,759,3]
02-09 05:21:12.630 I/DisplayDeviceRepository( 1511): Display device changed: DisplayDeviceInfo{"内置屏幕": uniqueId="local:4630946370410392961", 2380 x 1020, modeId 1, defaultModeId 1, supportedModes [{id=1, width=2380, height=1020, fps=60.000004, alternativeRefreshRates=[30.000002, 45.0]}, {id=2, width=2380, height=1020, fps=45.0, alternativeRefreshRates=[30.000002, 60.000004]}, {id=3, width=2380, height=1020, fps=30.000002, alternativeRefreshRates=[45.0, 60.000004]}], colorMode 0, supportedColorModes [0], hdrCapabilities HdrCapabilities{mSupportedHdrTypes=[2, 3, 4], mMaxLuminance=500.0, mMaxAverageLuminance=500.0, mMinLuminance=0.0}, allmSupported false, gameContentTypeSupported false, density 240, 319.851 x 319.851 dpi, appVsyncOff 1000000, presDeadline 16666666, touch INTERNAL, rotation 0, type INTERNAL, address {port=129, model=0x40446d3026322d}, deviceProductInfo DeviceProductInfo{name=, manufacturerPnpId=QCM, productId=1, modelYear=null, manufactureDate=ManufactureDate{week=27, year=2006}, connectionToSinkType=0}, state ON, frameRateOverride , brightnessMinimum 0.0, brightnessMaximum 1.0, brightnessDefault 1.0, FLAG_DEFAULT_DISPLAY, FLAG_ROTATES_WITH_CONTENT, FLAG_SECURE, FLAG_SUPPORTS_PROTECTED_BUFFERS}
02-09 05:21:12.643 E/DisplayDeviceConfig( 1511): requesting nits when no mapping exists.
02-09 05:21:12.643 E/DisplayDeviceConfig( 1511): requesting nits when no mapping exists.
02-09 05:21:12.643 I/am_wtf ( 1511): [0,1511,system_server,-1,DisplayDeviceConfig,requesting nits when no mapping exists.]
02-09 05:21:12.643 I/am_wtf ( 1511): [0,1511,system_server,-1,DisplayDeviceConfig,requesting nits when no mapping exists.]
02-09 05:21:12.656 W/ContextImpl( 2089): Calling a method in the system process without a qualified user: android.app.ContextImpl.startService:1816 android.content.ContextWrapper.startService:774 com.thundercomm.gamemode.ingame.services.GameModeActionUtils.startGameModeService:111 com.thundercomm.gamemode.ingame.services.GameModeActionUtils.startGameModeEntry:22 com.thundercomm.gamemode.ingame.services.ActivityMonitoringService$1.onActivityLaunch:139
02-09 05:21:12.657 I/GameModeConfig( 1511): Current uri is uri = content://com.thundercomm.gamemode.api/gamemode_settings/gamemode_isgaming
02-09 05:21:12.658 I/GameModeConfig( 1511): isGameModeOn = true
02-09 05:21:12.658 I/GameModeConfig( 1511): isGaming = false
02-09 05:21:12.658 I/GameModeConfig( 1511): isGameModeOn = true
02-09 05:21:12.658 I/GameModeConfig( 1511): isGaming = false
02-09 05:21:12.658 I/GameModeConfig( 1511): isDisableVoice = true
02-09 05:21:12.661 I/input_focus( 1511): [Focus entering 8e2e602 com.thundercomm.screensaver/android.service.dreams.DreamActivity (server),reason=Window became focusable. Previous reason: NOT_VISIBLE]
02-09 05:21:12.676 E/DisplayDeviceConfig( 1511): requesting nits when no mapping exists.
02-09 05:21:12.676 E/DisplayDeviceConfig( 1511): requesting nits when no mapping exists.
02-09 05:21:12.677 I/am_wtf ( 1511): [0,1511,system_server,-1,DisplayDeviceConfig,requesting nits when no mapping exists.]
02-09 05:21:12.677 I/am_wtf ( 1511): [0,1511,system_server,-1,DisplayDeviceConfig,requesting nits when no mapping exists.]
02-09 05:21:12.678 E/DisplayDeviceConfig( 1511): requesting nits when no mapping exists.
02-09 05:21:12.678 E/DisplayDeviceConfig( 1511): requesting nits when no mapping exists.
02-09 05:21:12.678 I/am_wtf ( 1511): [0,1511,system_server,-1,DisplayDeviceConfig,requesting nits when no mapping exists.]
02-09 05:21:12.678 I/am_wtf ( 1511): [0,1511,system_server,-1,DisplayDeviceConfig,requesting nits when no mapping exists.]
02-09 05:21:12.694 E/DisplayDeviceConfig( 1511): requesting nits when no mapping exists.
02-09 05:21:12.694 E/DisplayDeviceConfig( 1511): requesting nits when no mapping exists.
02-09 05:21:12.694 I/am_wtf ( 1511): [0,1511,system_server,-1,DisplayDeviceConfig,requesting nits when no mapping exists.]
02-09 05:21:12.695 I/am_wtf ( 1511): [0,1511,system_server,-1,DisplayDeviceConfig,requesting nits when no mapping exists.]
02-09 05:21:12.711 E/DisplayDeviceConfig( 1511): requesting nits when no mapping exists.
02-09 05:21:12.711 E/DisplayDeviceConfig( 1511): requesting nits when no mapping exists.
02-09 05:21:12.711 I/am_wtf ( 1511): [0,1511,system_server,-1,DisplayDeviceConfig,requesting nits when no mapping exists.]
02-09 05:21:12.712 I/am_wtf ( 1511): [0,1511,system_server,-1,DisplayDeviceConfig,requesting nits when no mapping exists.]
02-09 05:21:12.728 E/DisplayDeviceConfig( 1511): requesting nits when no mapping exists.
02-09 05:21:12.728 E/DisplayDeviceConfig( 1511): requesting nits when no mapping exists.
02-09 05:21:12.728 I/am_wtf ( 1511): [0,1511,system_server,-1,DisplayDeviceConfig,requesting nits when no mapping exists.]
02-09 05:21:12.728 I/am_wtf ( 1511): [0,1511,system_server,-1,DisplayDeviceConfig,requesting nits when no mapping exists.]
02-09 05:21:12.744 E/DisplayDeviceConfig( 1511): requesting nits when no mapping exists.
02-09 05:21:12.744 E/DisplayDeviceConfig( 1511): requesting nits when no mapping exists.
02-09 05:21:12.745 I/am_wtf ( 1511): [0,1511,system_server,-1,DisplayDeviceConfig,requesting nits when no mapping exists.]
02-09 05:21:12.745 I/am_wtf ( 1511): [0,1511,system_server,-1,DisplayDeviceConfig,requesting nits when no mapping exists.]
02-09 05:21:12.761 I/commit_sys_config_file( 1511): [settings-1-0,2]
02-09 05:21:12.762 E/DisplayDeviceConfig( 1511): requesting nits when no mapping exists.
02-09 05:21:12.762 E/DisplayDeviceConfig( 1511): requesting nits when no mapping exists.
02-09 05:21:12.762 I/am_wtf ( 1511): [0,1511,system_server,-1,DisplayDeviceConfig,requesting nits when no mapping exists.]
02-09 05:21:12.762 I/am_wtf ( 1511): [0,1511,system_server,-1,DisplayDeviceConfig,requesting nits when no mapping exists.]
02-09 05:21:12.778 E/DisplayDeviceConfig( 1511): requesting nits when no mapping exists.
02-09 05:21:12.778 E/DisplayDeviceConfig( 1511): requesting nits when no mapping exists.
02-09 05:21:12.778 I/am_wtf ( 1511): [0,1511,system_server,-1,DisplayDeviceConfig,requesting nits when no mapping exists.]
02-09 05:21:12.778 I/am_wtf ( 1511): [0,1511,system_server,-1,DisplayDeviceConfig,requesting nits when no mapping exists.]
02-09 05:21:12.795 E/DisplayDeviceConfig( 1511): requesting nits when no mapping exists.
02-09 05:21:12.795 I/am_wtf ( 1511): [0,1511,system_server,-1,DisplayDeviceConfig,requesting nits when no mapping exists.]
02-09 05:21:12.795 E/DisplayDeviceConfig( 1511): requesting nits when no mapping exists.
02-09 05:21:12.795 I/am_wtf ( 1511): [0,1511,system_server,-1,DisplayDeviceConfig,requesting nits when no mapping exists.]
02-09 05:21:12.812 E/DisplayDeviceConfig( 1511): requesting nits when no mapping exists.
02-09 05:21:12.812 E/DisplayDeviceConfig( 1511): requesting nits when no mapping exists.
02-09 05:21:12.812 I/am_wtf ( 1511): [0,1511,system_server,-1,DisplayDeviceConfig,requesting nits when no mapping exists.]
02-09 05:21:12.812 I/am_wtf ( 1511): [0,1511,system_server,-1,DisplayDeviceConfig,requesting nits when no mapping exists.]
02-09 05:21:12.828 E/DisplayDeviceConfig( 1511): requesting nits when no mapping exists.
02-09 05:21:12.829 E/DisplayDeviceConfig( 1511): requesting nits when no mapping exists.
02-09 05:21:12.829 I/am_wtf ( 1511): [0,1511,system_server,-1,DisplayDeviceConfig,requesting nits when no mapping exists.]
02-09 05:21:12.829 I/am_wtf ( 1511): [0,1511,system_server,-1,DisplayDeviceConfig,requesting nits when no mapping exists.]
02-09 05:21:12.845 E/DisplayDeviceConfig( 1511): requesting nits when no mapping exists.
02-09 05:21:12.845 E/DisplayDeviceConfig( 1511): requesting nits when no mapping exists.
02-09 05:21:12.845 I/am_wtf ( 1511): [0,1511,system_server,-1,DisplayDeviceConfig,requesting nits when no mapping exists.]
02-09 05:21:12.845 I/am_wtf ( 1511): [0,1511,system_server,-1,DisplayDeviceConfig,requesting nits when no mapping exists.]
02-09 05:21:12.862 E/DisplayDeviceConfig( 1511): requesting nits when no mapping exists.
02-09 05:21:12.862 E/DisplayDeviceConfig( 1511): requesting nits when no mapping exists.
02-09 05:21:12.862 I/am_wtf ( 1511): [0,1511,system_server,-1,DisplayDeviceConfig,requesting nits when no mapping exists.]
02-09 05:21:12.862 I/am_wtf ( 1511): [0,1511,system_server,-1,DisplayDeviceConfig,requesting nits when no mapping exists.]
02-09 05:21:12.881 E/DisplayDeviceConfig( 1511): requesting nits when no mapping exists.
02-09 05:21:12.881 E/DisplayDeviceConfig( 1511): requesting nits when no mapping exists.
02-09 05:21:12.881 I/am_wtf ( 1511): [0,1511,system_server,-1,DisplayDeviceConfig,requesting nits when no mapping exists.]
02-09 05:21:12.881 I/am_wtf ( 1511): [0,1511,system_server,-1,DisplayDeviceConfig,requesting nits when no mapping exists.]
02-09 05:21:12.895 E/DisplayDeviceConfig( 1511): requesting nits when no mapping exists.
02-09 05:21:12.895 E/DisplayDeviceConfig( 1511): requesting nits when no mapping exists.
02-09 05:21:12.895 I/am_wtf ( 1511): [0,1511,system_server,-1,DisplayDeviceConfig,requesting nits when no mapping exists.]
02-09 05:21:12.895 I/am_wtf ( 1511): [0,1511,system_server,-1,DisplayDeviceConfig,requesting nits when no mapping exists.]
02-09 05:21:12.912 E/DisplayDeviceConfig( 1511): requesting nits when no mapping exists.
02-09 05:21:12.912 E/DisplayDeviceConfig( 1511): requesting nits when no mapping exists.
02-09 05:21:12.912 I/am_wtf ( 1511): [0,1511,system_server,-1,DisplayDeviceConfig,requesting nits when no mapping exists.]
02-09 05:21:12.912 I/am_wtf ( 1511): [0,1511,system_server,-1,DisplayDeviceConfig,requesting nits when no mapping exists.]
02-09 05:21:12.928 E/DisplayDeviceConfig( 1511): requesting nits when no mapping exists.
02-09 05:21:12.929 I/am_wtf ( 1511): [0,1511,system_server,-1,DisplayDeviceConfig,requesting nits when no mapping exists.]
02-09 05:21:12.929 E/DisplayDeviceConfig( 1511): requesting nits when no mapping exists.
02-09 05:21:12.929 I/am_wtf ( 1511): [0,1511,system_server,-1,DisplayDeviceConfig,requesting nits when no mapping exists.]
02-09 05:21:12.945 E/DisplayDeviceConfig( 1511): requesting nits when no mapping exists.
02-09 05:21:12.945 I/am_wtf ( 1511): [0,1511,system_server,-1,DisplayDeviceConfig,requesting nits when no mapping exists.]
02-09 05:21:12.945 E/DisplayDeviceConfig( 1511): requesting nits when no mapping exists.
02-09 05:21:12.945 I/am_wtf ( 1511): [0,1511,system_server,-1,DisplayDeviceConfig,requesting nits when no mapping exists.]
02-09 05:21:12.962 E/DisplayDeviceConfig( 1511): requesting nits when no mapping exists.
02-09 05:21:12.962 E/DisplayDeviceConfig( 1511): requesting nits when no mapping exists.
02-09 05:21:12.962 I/am_wtf ( 1511): [0,1511,system_server,-1,DisplayDeviceConfig,requesting nits when no mapping exists.]
02-09 05:21:12.963 I/am_wtf ( 1511): [0,1511,system_server,-1,DisplayDeviceConfig,requesting nits when no mapping exists.]
02-09 05:21:12.979 E/DisplayDeviceConfig( 1511): requesting nits when no mapping exists.
02-09 05:21:12.979 E/DisplayDeviceConfig( 1511): requesting nits when no mapping exists.
02-09 05:21:12.979 I/am_wtf ( 1511): [0,1511,system_server,-1,DisplayDeviceConfig,requesting nits when no mapping exists.]
02-09 05:21:12.979 I/am_wtf ( 1511): [0,1511,system_server,-1,DisplayDeviceConfig,requesting nits when no mapping exists.]
02-09 05:21:12.995 E/DisplayDeviceConfig( 1511): requesting nits when no mapping exists.
02-09 05:21:12.995 E/DisplayDeviceConfig( 1511): requesting nits when no mapping exists.
02-09 05:21:12.995 I/am_wtf ( 1511): [0,1511,system_server,-1,DisplayDeviceConfig,requesting nits when no mapping exists.]
02-09 05:21:12.996 I/am_wtf ( 1511): [0,1511,system_server,-1,DisplayDeviceConfig,requesting nits when no mapping exists.]
02-09 05:21:13.012 E/DisplayDeviceConfig( 1511): requesting nits when no mapping exists.
02-09 05:21:13.012 I/am_wtf ( 1511): [0,1511,system_server,-1,DisplayDeviceConfig,requesting nits when no mapping exists.]
02-09 05:21:13.013 E/DisplayDeviceConfig( 1511): requesting nits when no mapping exists.
02-09 05:21:13.013 I/am_wtf ( 1511): [0,1511,system_server,-1,DisplayDeviceConfig,requesting nits when no mapping exists.]
02-09 05:21:13.029 E/DisplayDeviceConfig( 1511): requesting nits when no mapping exists.
02-09 05:21:13.029 I/am_wtf ( 1511): [0,1511,system_server,-1,DisplayDeviceConfig,requesting nits when no mapping exists.]
02-09 05:21:13.029 E/DisplayDeviceConfig( 1511): requesting nits when no mapping exists.
02-09 05:21:13.029 I/am_wtf ( 1511): [0,1511,system_server,-1,DisplayDeviceConfig,requesting nits when no mapping exists.]
02-09 05:21:13.046 E/DisplayDeviceConfig( 1511): requesting nits when no mapping exists.
02-09 05:21:13.046 I/am_wtf ( 1511): [0,1511,system_server,-1,DisplayDeviceConfig,requesting nits when no mapping exists.]
02-09 05:21:13.046 E/DisplayDeviceConfig( 1511): requesting nits when no mapping exists.
02-09 05:21:13.046 I/am_wtf ( 1511): [0,1511,system_server,-1,DisplayDeviceConfig,requesting nits when no mapping exists.]
02-09 05:21:13.062 E/DisplayDeviceConfig( 1511): requesting nits when no mapping exists.
02-09 05:21:13.062 I/am_wtf ( 1511): [0,1511,system_server,-1,DisplayDeviceConfig,requesting nits when no mapping exists.]
02-09 05:21:13.063 E/DisplayDeviceConfig( 1511): requesting nits when no mapping exists.
02-09 05:21:13.063 I/am_wtf ( 1511): [0,1511,system_server,-1,DisplayDeviceConfig,requesting nits when no mapping exists.]
02-09 05:21:13.079 E/DisplayDeviceConfig( 1511): requesting nits when no mapping exists.
02-09 05:21:13.079 I/am_wtf ( 1511): [0,1511,system_server,-1,DisplayDeviceConfig,requesting nits when no mapping exists.]
02-09 05:21:13.079 E/DisplayDeviceConfig( 1511): requesting nits when no mapping exists.
02-09 05:21:13.079 I/am_wtf ( 1511): [0,1511,system_server,-1,DisplayDeviceConfig,requesting nits when no mapping exists.]
02-09 05:21:13.079 I/service_manager_stats( 1511): [100,34,7799]
02-09 05:21:13.096 E/DisplayDeviceConfig( 1511): requesting nits when no mapping exists.
02-09 05:21:13.096 E/DisplayDeviceConfig( 1511): requesting nits when no mapping exists.
02-09 05:21:13.096 I/am_wtf ( 1511): [0,1511,system_server,-1,DisplayDeviceConfig,requesting nits when no mapping exists.]
02-09 05:21:13.096 I/am_wtf ( 1511): [0,1511,system_server,-1,DisplayDeviceConfig,requesting nits when no mapping exists.]
02-09 05:21:13.112 E/DisplayDeviceConfig( 1511): requesting nits when no mapping exists.
02-09 05:21:13.113 I/am_wtf ( 1511): [0,1511,system_server,-1,DisplayDeviceConfig,requesting nits when no mapping exists.]
02-09 05:21:13.113 E/DisplayDeviceConfig( 1511): requesting nits when no mapping exists.
02-09 05:21:13.113 I/am_wtf ( 1511): [0,1511,system_server,-1,DisplayDeviceConfig,requesting nits when no mapping exists.]
02-09 05:21:13.130 E/DisplayDeviceConfig( 1511): requesting nits when no mapping exists.
02-09 05:21:13.131 E/DisplayDeviceConfig( 1511): requesting nits when no mapping exists.
02-09 05:21:13.131 I/am_wtf ( 1511): [0,1511,system_server,-1,DisplayDeviceConfig,requesting nits when no mapping exists.]
02-09 05:21:13.131 I/am_wtf ( 1511): [0,1511,system_server,-1,DisplayDeviceConfig,requesting nits when no mapping exists.]
02-09 05:21:13.131 I/wm_stop_activity( 1511): [0,27840304,com.tencent.tmgp.sgame/.SGameActivity]
02-09 05:21:13.145 E/DisplayDeviceConfig( 1511): requesting nits when no mapping exists.
02-09 05:21:13.145 E/DisplayDeviceConfig( 1511): requesting nits when no mapping exists.
02-09 05:21:13.146 I/am_wtf ( 1511): [0,1511,system_server,-1,DisplayDeviceConfig,requesting nits when no mapping exists.]
02-09 05:21:13.146 I/am_wtf ( 1511): [0,1511,system_server,-1,DisplayDeviceConfig,requesting nits when no mapping exists.]
02-09 05:21:13.152 I/wm_on_stop_called( 5884): [27840304,com.tencent.tmgp.sgame.SGameActivity,STOP_ACTIVITY_ITEM]
02-09 05:21:13.162 E/DisplayDeviceConfig( 1511): requesting nits when no mapping exists.
02-09 05:21:13.163 I/am_wtf ( 1511): [0,1511,system_server,-1,DisplayDeviceConfig,requesting nits when no mapping exists.]
02-09 05:21:13.163 E/DisplayDeviceConfig( 1511): requesting nits when no mapping exists.
02-09 05:21:13.163 I/am_wtf ( 1511): [0,1511,system_server,-1,DisplayDeviceConfig,requesting nits when no mapping exists.]
02-09 05:21:13.166 W/ContextImpl( 2089): Calling a method in the system process without a qualified user: android.app.ContextImpl.startService:1816 android.content.ContextWrapper.startService:774 com.thundercomm.gamemode.ingame.services.GameModeActionUtils.startGameModeService:111 com.thundercomm.gamemode.ingame.services.GameModeActionUtils.startGameModeEntry:22 com.thundercomm.gamemode.ingame.services.ActivityMonitoringService$1.onActivityLaunch:139
02-09 05:21:13.168 I/GameModeConfig( 1511): Current uri is uri = content://com.thundercomm.gamemode.api/gamemode_settings/gamemode_isgaming
02-09 05:21:13.168 I/GameModeConfig( 1511): isGameModeOn = true
02-09 05:21:13.168 I/GameModeConfig( 1511): isGaming = false
02-09 05:21:13.169 I/GameModeConfig( 1511): isGameModeOn = true
02-09 05:21:13.169 I/GameModeConfig( 1511): isGaming = false
02-09 05:21:13.169 I/GameModeConfig( 1511): isDisableVoice = true
02-09 05:21:13.179 E/DisplayDeviceConfig( 1511): requesting nits when no mapping exists.
02-09 05:21:13.179 I/am_wtf ( 1511): [0,1511,system_server,-1,DisplayDeviceConfig,requesting nits when no mapping exists.]
02-09 05:21:13.179 E/DisplayDeviceConfig( 1511): requesting nits when no mapping exists.
02-09 05:21:13.180 I/am_wtf ( 1511): [0,1511,system_server,-1,DisplayDeviceConfig,requesting nits when no mapping exists.]
02-09 05:21:13.197 E/DisplayDeviceConfig( 1511): requesting nits when no mapping exists.
02-09 05:21:13.197 E/DisplayDeviceConfig( 1511): requesting nits when no mapping exists.
02-09 05:21:13.197 I/am_wtf ( 1511): [0,1511,system_server,-1,DisplayDeviceConfig,requesting nits when no mapping exists.]
02-09 05:21:13.197 I/am_wtf ( 1511): [0,1511,system_server,-1,DisplayDeviceConfig,requesting nits when no mapping exists.]
02-09 05:21:13.213 E/DisplayDeviceConfig( 1511): requesting nits when no mapping exists.
02-09 05:21:13.213 E/DisplayDeviceConfig( 1511): requesting nits when no mapping exists.
02-09 05:21:13.213 I/am_wtf ( 1511): [0,1511,system_server,-1,DisplayDeviceConfig,requesting nits when no mapping exists.]
02-09 05:21:13.213 I/am_wtf ( 1511): [0,1511,system_server,-1,DisplayDeviceConfig,requesting nits when no mapping exists.]
02-09 05:21:13.229 E/DisplayDeviceConfig( 1511): requesting nits when no mapping exists.
02-09 05:21:13.229 E/DisplayDeviceConfig( 1511): requesting nits when no mapping exists.
02-09 05:21:13.229 I/am_wtf ( 1511): [0,1511,system_server,-1,DisplayDeviceConfig,requesting nits when no mapping exists.]
02-09 05:21:13.230 I/am_wtf ( 1511): [0,1511,system_server,-1,DisplayDeviceConfig,requesting nits when no mapping exists.]
02-09 05:21:13.246 E/DisplayDeviceConfig( 1511): requesting nits when no mapping exists.
02-09 05:21:13.246 E/DisplayDeviceConfig( 1511): requesting nits when no mapping exists.
02-09 05:21:13.247 I/am_wtf ( 1511): [0,1511,system_server,-1,DisplayDeviceConfig,requesting nits when no mapping exists.]
02-09 05:21:13.247 I/am_wtf ( 1511): [0,1511,system_server,-1,DisplayDeviceConfig,requesting nits when no mapping exists.]
02-09 05:21:13.263 E/DisplayDeviceConfig( 1511): requesting nits when no mapping exists.
02-09 05:21:13.263 E/DisplayDeviceConfig( 1511): requesting nits when no mapping exists.
02-09 05:21:13.263 I/am_wtf ( 1511): [0,1511,system_server,-1,DisplayDeviceConfig,requesting nits when no mapping exists.]
02-09 05:21:13.264 I/am_wtf ( 1511): [0,1511,system_server,-1,DisplayDeviceConfig,requesting nits when no mapping exists.]
02-09 05:21:13.279 E/DisplayDeviceConfig( 1511): requesting nits when no mapping exists.
02-09 05:21:13.280 I/am_wtf ( 1511): [0,1511,system_server,-1,DisplayDeviceConfig,requesting nits when no mapping exists.]
02-09 05:21:13.280 E/DisplayDeviceConfig( 1511): requesting nits when no mapping exists.
02-09 05:21:13.280 I/am_wtf ( 1511): [0,1511,system_server,-1,DisplayDeviceConfig,requesting nits when no mapping exists.]
02-09 05:21:13.297 E/DisplayDeviceConfig( 1511): requesting nits when no mapping exists.
02-09 05:21:13.297 E/DisplayDeviceConfig( 1511): requesting nits when no mapping exists.
02-09 05:21:13.297 I/am_wtf ( 1511): [0,1511,system_server,-1,DisplayDeviceConfig,requesting nits when no mapping exists.]
02-09 05:21:13.297 I/am_wtf ( 1511): [0,1511,system_server,-1,DisplayDeviceConfig,requesting nits when no mapping exists.]
02-09 05:21:13.313 E/DisplayDeviceConfig( 1511): requesting nits when no mapping exists.
02-09 05:21:13.313 E/DisplayDeviceConfig( 1511): requesting nits when no mapping exists.
02-09 05:21:13.313 I/am_wtf ( 1511): [0,1511,system_server,-1,DisplayDeviceConfig,requesting nits when no mapping exists.]
02-09 05:21:13.314 I/am_wtf ( 1511): [0,1511,system_server,-1,DisplayDeviceConfig,requesting nits when no mapping exists.]
02-09 05:21:13.330 E/DisplayDeviceConfig( 1511): requesting nits when no mapping exists.
02-09 05:21:13.330 E/DisplayDeviceConfig( 1511): requesting nits when no mapping exists.
02-09 05:21:13.330 I/am_wtf ( 1511): [0,1511,system_server,-1,DisplayDeviceConfig,requesting nits when no mapping exists.]
02-09 05:21:13.330 I/am_wtf ( 1511): [0,1511,system_server,-1,DisplayDeviceConfig,requesting nits when no mapping exists.]
02-09 05:21:13.346 E/DisplayDeviceConfig( 1511): requesting nits when no mapping exists.
02-09 05:21:13.346 E/DisplayDeviceConfig( 1511): requesting nits when no mapping exists.
02-09 05:21:13.346 I/am_wtf ( 1511): [0,1511,system_server,-1,DisplayDeviceConfig,requesting nits when no mapping exists.]
02-09 05:21:13.347 I/am_wtf ( 1511): [0,1511,system_server,-1,DisplayDeviceConfig,requesting nits when no mapping exists.]
02-09 05:21:13.363 E/DisplayDeviceConfig( 1511): requesting nits when no mapping exists.
02-09 05:21:13.363 E/DisplayDeviceConfig( 1511): requesting nits when no mapping exists.
02-09 05:21:13.363 I/am_wtf ( 1511): [0,1511,system_server,-1,DisplayDeviceConfig,requesting nits when no mapping exists.]
02-09 05:21:13.363 I/am_wtf ( 1511): [0,1511,system_server,-1,DisplayDeviceConfig,requesting nits when no mapping exists.]
02-09 05:21:13.380 E/DisplayDeviceConfig( 1511): requesting nits when no mapping exists.
02-09 05:21:13.380 E/DisplayDeviceConfig( 1511): requesting nits when no mapping exists.
02-09 05:21:13.380 I/am_wtf ( 1511): [0,1511,system_server,-1,DisplayDeviceConfig,requesting nits when no mapping exists.]
02-09 05:21:13.380 I/am_wtf ( 1511): [0,1511,system_server,-1,DisplayDeviceConfig,requesting nits when no mapping exists.]
02-09 05:21:13.397 E/DisplayDeviceConfig( 1511): requesting nits when no mapping exists.
02-09 05:21:13.397 E/DisplayDeviceConfig( 1511): requesting nits when no mapping exists.
02-09 05:21:13.397 I/am_wtf ( 1511): [0,1511,system_server,-1,DisplayDeviceConfig,requesting nits when no mapping exists.]
02-09 05:21:13.397 I/am_wtf ( 1511): [0,1511,system_server,-1,DisplayDeviceConfig,requesting nits when no mapping exists.]
02-09 05:21:13.414 E/DisplayDeviceConfig( 1511): requesting nits when no mapping exists.
02-09 05:21:13.414 E/DisplayDeviceConfig( 1511): requesting nits when no mapping exists.
02-09 05:21:13.414 I/am_wtf ( 1511): [0,1511,system_server,-1,DisplayDeviceConfig,requesting nits when no mapping exists.]
02-09 05:21:13.414 I/am_wtf ( 1511): [0,1511,system_server,-1,DisplayDeviceConfig,requesting nits when no mapping exists.]
02-09 05:21:13.430 E/DisplayDeviceConfig( 1511): requesting nits when no mapping exists.
02-09 05:21:13.430 E/DisplayDeviceConfig( 1511): requesting nits when no mapping exists.
02-09 05:21:13.430 I/am_wtf ( 1511): [0,1511,system_server,-1,DisplayDeviceConfig,requesting nits when no mapping exists.]
02-09 05:21:13.431 I/am_wtf ( 1511): [0,1511,system_server,-1,DisplayDeviceConfig,requesting nits when no mapping exists.]
02-09 05:21:13.446 E/DisplayDeviceConfig( 1511): requesting nits when no mapping exists.
02-09 05:21:13.447 I/am_wtf ( 1511): [0,1511,system_server,-1,DisplayDeviceConfig,requesting nits when no mapping exists.]
02-09 05:21:13.447 E/DisplayDeviceConfig( 1511): requesting nits when no mapping exists.
02-09 05:21:13.447 I/am_wtf ( 1511): [0,1511,system_server,-1,DisplayDeviceConfig,requesting nits when no mapping exists.]
02-09 05:21:13.463 E/DisplayDeviceConfig( 1511): requesting nits when no mapping exists.
02-09 05:21:13.463 E/DisplayDeviceConfig( 1511): requesting nits when no mapping exists.
02-09 05:21:13.463 I/am_wtf ( 1511): [0,1511,system_server,-1,DisplayDeviceConfig,requesting nits when no mapping exists.]
02-09 05:21:13.463 I/am_wtf ( 1511): [0,1511,system_server,-1,DisplayDeviceConfig,requesting nits when no mapping exists.]
02-09 05:21:13.480 E/DisplayDeviceConfig( 1511): requesting nits when no mapping exists.
02-09 05:21:13.480 I/am_wtf ( 1511): [0,1511,system_server,-1,DisplayDeviceConfig,requesting nits when no mapping exists.]
02-09 05:21:13.480 E/DisplayDeviceConfig( 1511): requesting nits when no mapping exists.
02-09 05:21:13.480 I/am_wtf ( 1511): [0,1511,system_server,-1,DisplayDeviceConfig,requesting nits when no mapping exists.]
02-09 05:21:13.496 E/DisplayDeviceConfig( 1511): requesting nits when no mapping exists.
02-09 05:21:13.497 I/am_wtf ( 1511): [0,1511,system_server,-1,DisplayDeviceConfig,requesting nits when no mapping exists.]
02-09 05:21:13.497 E/DisplayDeviceConfig( 1511): requesting nits when no mapping exists.
02-09 05:21:13.497 I/am_wtf ( 1511): [0,1511,system_server,-1,DisplayDeviceConfig,requesting nits when no mapping exists.]
02-09 05:21:13.513 E/DisplayDeviceConfig( 1511): requesting nits when no mapping exists.
02-09 05:21:13.513 I/am_wtf ( 1511): [0,1511,system_server,-1,DisplayDeviceConfig,requesting nits when no mapping exists.]
02-09 05:21:13.513 E/DisplayDeviceConfig( 1511): requesting nits when no mapping exists.
02-09 05:21:13.513 I/am_wtf ( 1511): [0,1511,system_server,-1,DisplayDeviceConfig,requesting nits when no mapping exists.]
02-09 05:21:13.530 E/DisplayDeviceConfig( 1511): requesting nits when no mapping exists.
02-09 05:21:13.530 E/DisplayDeviceConfig( 1511): requesting nits when no mapping exists.
02-09 05:21:13.531 I/am_wtf ( 1511): [0,1511,system_server,-1,DisplayDeviceConfig,requesting nits when no mapping exists.]
02-09 05:21:13.531 I/am_wtf ( 1511): [0,1511,system_server,-1,DisplayDeviceConfig,requesting nits when no mapping exists.]
02-09 05:21:13.547 E/DisplayDeviceConfig( 1511): requesting nits when no mapping exists.
02-09 05:21:13.547 I/am_wtf ( 1511): [0,1511,system_server,-1,DisplayDeviceConfig,requesting nits when no mapping exists.]
02-09 05:21:13.547 E/DisplayDeviceConfig( 1511): requesting nits when no mapping exists.
02-09 05:21:13.547 I/am_wtf ( 1511): [0,1511,system_server,-1,DisplayDeviceConfig,requesting nits when no mapping exists.]
02-09 05:21:13.563 E/DisplayDeviceConfig( 1511): requesting nits when no mapping exists.
02-09 05:21:13.563 E/DisplayDeviceConfig( 1511): requesting nits when no mapping exists.
02-09 05:21:13.563 I/am_wtf ( 1511): [0,1511,system_server,-1,DisplayDeviceConfig,requesting nits when no mapping exists.]
02-09 05:21:13.564 I/am_wtf ( 1511): [0,1511,system_server,-1,DisplayDeviceConfig,requesting nits when no mapping exists.]
02-09 05:21:13.580 E/DisplayDeviceConfig( 1511): requesting nits when no mapping exists.
02-09 05:21:13.580 E/DisplayDeviceConfig( 1511): requesting nits when no mapping exists.
02-09 05:21:13.580 I/am_wtf ( 1511): [0,1511,system_server,-1,DisplayDeviceConfig,requesting nits when no mapping exists.]
02-09 05:21:13.580 I/am_wtf ( 1511): [0,1511,system_server,-1,DisplayDeviceConfig,requesting nits when no mapping exists.]
02-09 05:21:14.297 I/input_interaction( 1511): Interaction with: 8e2e602 com.thundercomm.screensaver/android.service.dreams.DreamActivity (server), edge-swipe (server), swipe-up (server), PointerEventDispatcher0 (server),
02-09 05:21:14.298 I/wm_finish_activity( 1511): [0,58439798,24,com.thundercomm.screensaver/android.service.dreams.DreamActivity,finish-activity]
02-09 05:21:14.298 I/wm_task_moved( 1511): [21,1,7]
02-09 05:21:14.298 I/wm_task_to_front( 1511): [0,21]
02-09 05:21:14.298 I/wm_focused_root_task( 1511): [0,0,21,24,finish-top adjustFocusToNextFocusableTask]
02-09 05:21:14.298 I/wm_pause_activity( 1511): [0,58439798,com.thundercomm.screensaver/android.service.dreams.DreamActivity,userLeaving=false,finish]
02-09 05:21:14.300 I/DreamManagerService( 1511): Gently waking up from dream.
02-09 05:21:14.300 I/sysui_multi_action( 1511): [757,803,799,window_time_0,802,2]
02-09 05:21:14.300 I/DreamManagerService( 1511): Performing gentle wake from dream.
02-09 05:21:14.301 I/wm_on_top_resumed_lost_called( 4907): [58439798,android.service.dreams.DreamActivity,topStateChangedWhenResumed]
02-09 05:21:14.301 I/wm_on_paused_called( 4907): [58439798,android.service.dreams.DreamActivity,performPause]
02-09 05:21:14.301 I/wm_add_to_stopping( 1511): [0,58439798,com.thundercomm.screensaver/android.service.dreams.DreamActivity,completeFinishing]
02-09 05:21:14.301 I/ActivityTaskManager( 1511): FOREGROUND_APPLICATION_CHANGED to com.tencent.tmgp.sgame.SGameActivity
02-09 05:21:14.302 I/wm_set_resumed_activity( 1511): [0,com.tencent.tmgp.sgame/.SGameActivity,resumeTopActivityInnerLocked]
02-09 05:21:14.303 I/wm_resume_activity( 1511): [0,27840304,21,com.tencent.tmgp.sgame/.SGameActivity]
02-09 05:21:14.307 I/sysui_multi_action( 1511): [757,803,799,window_time_0,802,0]
02-09 05:21:14.309 W/ContextImpl( 2089): Calling a method in the system process without a qualified user: android.app.ContextImpl.startService:1816 android.content.ContextWrapper.startService:774 com.thundercomm.gamemode.ingame.services.GameModeActionUtils.startGameModeService:111 com.thundercomm.gamemode.ingame.services.GameModeActionUtils.startGameModeEntry:22 com.thundercomm.gamemode.ingame.services.ActivityMonitoringService$1.onActivityLaunch:139
02-09 05:21:14.311 I/GameModeConfig( 1511): Current uri is uri = content://com.thundercomm.gamemode.api/gamemode_settings/gamemode_isgaming
02-09 05:21:14.312 I/GameModeConfig( 1511): isGameModeOn = true
02-09 05:21:14.312 I/GameModeConfig( 1511): isGaming = true
02-09 05:21:14.312 I/GameModeConfig( 1511): isDisableNotification = true
02-09 05:21:14.312 I/GameModeConfig( 1511): isGameModeOn = true
02-09 05:21:14.312 I/GameModeConfig( 1511): isGaming = true
02-09 05:21:14.312 I/GameModeConfig( 1511): isDisableNotification = true
02-09 05:21:14.316 I/view_enqueue_input_event( 4907): [Motion - Cancel,com.thundercomm.screensaver/android.service.dreams.DreamActivity]
02-09 05:21:14.316 I/input_focus( 1511): [Focus leaving 8e2e602 com.thundercomm.screensaver/android.service.dreams.DreamActivity (server),reason=NO_WINDOW]
02-09 05:21:14.318 I/input_focus( 1511): [Focus request 6e3bcfd com.tencent.tmgp.sgame/com.tencent.tmgp.sgame.SGameActivity,reason=UpdateInputWindows]
02-09 05:21:14.322 I/wm_on_restart_called( 5884): [27840304,com.tencent.tmgp.sgame.SGameActivity,performRestartActivity]
02-09 05:21:14.322 I/wm_on_start_called( 5884): [27840304,com.tencent.tmgp.sgame.SGameActivity,handleStartActivity]
02-09 05:21:14.322 I/input_interaction( 1511): Interaction with: edge-swipe (server), swipe-up (server), PointerEventDispatcher0 (server),
02-09 05:21:14.323 I/wm_on_resume_called( 5884): [27840304,com.tencent.tmgp.sgame.SGameActivity,RESUME_ACTIVITY]
02-09 05:21:14.323 I/wm_on_top_resumed_gained_called( 5884): [27840304,com.tencent.tmgp.sgame.SGameActivity,topWhenResuming]
02-09 05:21:14.332 I/DisplayDeviceRepository( 1511): Display device changed: DisplayDeviceInfo{"内置屏幕": uniqueId="local:4630946370410392961", 2380 x 1020, modeId 3, defaultModeId 1, supportedModes [{id=1, width=2380, height=1020, fps=60.000004, alternativeRefreshRates=[30.000002, 45.0]}, {id=2, width=2380, height=1020, fps=45.0, alternativeRefreshRates=[30.000002, 60.000004]}, {id=3, width=2380, height=1020, fps=30.000002, alternativeRefreshRates=[45.0, 60.000004]}], colorMode 0, supportedColorModes [0], hdrCapabilities HdrCapabilities{mSupportedHdrTypes=[2, 3, 4], mMaxLuminance=500.0, mMaxAverageLuminance=500.0, mMinLuminance=0.0}, allmSupported false, gameContentTypeSupported false, density 240, 319.851 x 319.851 dpi, appVsyncOff 1000000, presDeadline 33333333, touch INTERNAL, rotation 0, type INTERNAL, address {port=129, model=0x40446d3026322d}, deviceProductInfo DeviceProductInfo{name=, manufacturerPnpId=QCM, productId=1, modelYear=null, manufactureDate=ManufactureDate{week=27, year=2006}, connectionToSinkType=0}, state ON, frameRateOverride , brightnessMinimum 0.0, brightnessMaximum 1.0, brightnessDefault 1.0, FLAG_DEFAULT_DISPLAY, FLAG_ROTATES_WITH_CONTENT, FLAG_SECURE, FLAG_SUPPORTS_PROTECTED_BUFFERS}
02-09 05:21:14.343 I/PowerManagerService( 1511): Powering on display group fromDreaming (groupId=0, uid=1000, reason=WAKE_REASON_UNKNOWN, details=android.server.power:DREAM_FINISHED)...
02-09 05:21:14.343 I/PowerManagerService( 1511): Waking up from Dreaming (uid=1000, reason=WAKE_REASON_UNKNOWN, details=android.server.power:DREAM_FINISHED)...
02-09 05:21:14.350 I/input_focus( 1511): [Focus entering 6e3bcfd com.tencent.tmgp.sgame/com.tencent.tmgp.sgame.SGameActivity (server),reason=Window became focusable. Previous reason: NOT_VISIBLE]
02-09 05:21:14.405 W/ContextImpl( 2089): Calling a method in the system process without a qualified user: android.app.ContextImpl.startService:1816 android.content.ContextWrapper.startService:774 com.thundercomm.gamemode.ingame.services.GameModeActionUtils.startGameModeService:111 com.thundercomm.gamemode.ingame.services.GameModeActionUtils.startGameModeEntry:22 com.thundercomm.gamemode.ingame.services.ActivityMonitoringService$1.onActivityLaunch:139
02-09 05:21:14.406 I/GameModeConfig( 1511): Current uri is uri = content://com.thundercomm.gamemode.api/gamemode_settings/gamemode_isgaming
02-09 05:21:14.407 I/GameModeConfig( 1511): isGameModeOn = true
02-09 05:21:14.407 I/GameModeConfig( 1511): isGaming = true
02-09 05:21:14.407 I/GameModeConfig( 1511): isDisableNotification = true
02-09 05:21:14.407 I/GameModeConfig( 1511): isGameModeOn = true
02-09 05:21:14.407 I/GameModeConfig( 1511): isGaming = true
02-09 05:21:14.407 I/GameModeConfig( 1511): isDisableNotification = true
02-09 05:21:14.510 I/commit_sys_config_file( 1511): [settings-1-0,1]
02-09 05:21:14.857 I/wm_destroy_activity( 1511): [0,58439798,24,com.thundercomm.screensaver/android.service.dreams.DreamActivity,finish-imm:idle]
02-09 05:21:14.866 W/ContextImpl( 2089): Calling a method in the system process without a qualified user: android.app.ContextImpl.startService:1816 android.content.ContextWrapper.startService:774 com.thundercomm.gamemode.ingame.services.GameModeActionUtils.startGameModeService:111 com.thundercomm.gamemode.ingame.services.GameModeActionUtils.startGameModeEntry:22 com.thundercomm.gamemode.ingame.services.ActivityMonitoringService$1.onActivityLaunch:139
02-09 05:21:14.871 I/GameModeConfig( 1511): Current uri is uri = content://com.thundercomm.gamemode.api/gamemode_settings/gamemode_isgaming
02-09 05:21:14.873 I/GameModeConfig( 1511): isGameModeOn = true
02-09 05:21:14.873 I/GameModeConfig( 1511): isGaming = true
02-09 05:21:14.873 I/GameModeConfig( 1511): isDisableNotification = true
02-09 05:21:14.873 I/GameModeConfig( 1511): isGameModeOn = true
02-09 05:21:14.873 I/GameModeConfig( 1511): isGaming = true
02-09 05:21:14.873 I/GameModeConfig( 1511): isDisableNotification = true
