02-09 05:33:09.064 I/sysui_multi_action( 1511): [319,42,321,34,322,79,325,4284,757,761,758,9,759,4,806,com.tencent.tmgp.sgame,871,com.tencent.tmgp.sgame.SGameActivity,904,com.android.launcher3,905,0,1320,4,1321,4]
02-09 05:33:09.083 I/DisplayDeviceRepository( 1511): Display device changed: DisplayDeviceInfo{"内置屏幕": uniqueId="local:4630946370410392961", 2380 x 1020, modeId 3, defaultModeId 1, supportedModes [{id=1, width=2380, height=1020, fps=60.000004, alternativeRefreshRates=[30.000002, 45.0]}, {id=2, width=2380, height=1020, fps=45.0, alternativeRefreshRates=[30.000002, 60.000004]}, {id=3, width=2380, height=1020, fps=30.000002, alternativeRefreshRates=[45.0, 60.000004]}], colorMode 0, supportedColorModes [0], hdrCapabilities HdrCapabilities{mSupportedHdrTypes=[2, 3, 4], mMaxLuminance=500.0, mMaxAverageLuminance=500.0, mMinLuminance=0.0}, allmSupported false, gameContentTypeSupported false, density 240, 319.851 x 319.851 dpi, appVsyncOff 1000000, presDeadline 33333333, touch INTERNAL, rotation 0, type INTERNAL, address {port=129, model=0x40446d3026322d}, deviceProductInfo DeviceProductInfo{name=, manufacturerPnpId=QCM, productId=1, modelYear=null, manufactureDate=ManufactureDate{week=27, year=2006}, connectionToSinkType=0}, state ON, frameRateOverride , brightnessMinimum 0.0, brightnessMaximum 1.0, brightnessDefault 1.0, FLAG_DEFAULT_DISPLAY, FLAG_ROTATES_WITH_CONTENT, FLAG_SECURE, FLAG_SUPPORTS_PROTECTED_BUFFERS}
02-09 05:33:09.087 I/input_focus( 1511): [Focus entering 6e3bcfd com.tencent.tmgp.sgame/com.tencent.tmgp.sgame.SGameActivity (server),reason=Window became focusable. Previous reason: NOT_VISIBLE]
02-09 05:33:09.117 W/ContextImpl( 2089): Calling a method in the system process without a qualified user: android.app.ContextImpl.startService:1816 android.content.ContextWrapper.startService:774 com.thundercomm.gamemode.ingame.services.GameModeActionUtils.startGameModeService:111 com.thundercomm.gamemode.ingame.services.GameModeActionUtils.startGameModeEntry:22 com.thundercomm.gamemode.ingame.services.ActivityMonitoringService$1.onActivityLaunch:139
02-09 05:33:09.120 I/GameModeConfig( 1511): Current uri is uri = content://com.thundercomm.gamemode.api/gamemode_settings/gamemode_isgaming
02-09 05:33:09.121 I/GameModeConfig( 1511): isGameModeOn = true
02-09 05:33:09.121 I/GameModeConfig( 1511): isGaming = true
02-09 05:33:09.121 I/GameModeConfig( 1511): isDisableNotification = true
02-09 05:33:09.121 I/GameModeConfig( 1511): isGameModeOn = true
02-09 05:33:09.121 I/GameModeConfig( 1511): isGaming = true
02-09 05:33:09.121 I/GameModeConfig( 1511): isDisableNotification = true
02-09 05:33:09.237 I/commit_sys_config_file( 1511): [settings-1-0,4]
02-09 05:33:09.384 I/wm_stop_activity( 1511): [0,204923478,com.android.launcher3/.uioverrides.QuickstepLauncher]
02-09 05:33:09.453 W/FreeFormWindowHelper( 1511): exitRecentTasks type=0
02-09 05:33:09.468 I/wm_on_stop_called( 2559): [204923478,com.android.launcher3.uioverrides.QuickstepLauncher,STOP_ACTIVITY_ITEM]
02-09 05:33:09.486 W/ContextImpl( 2089): Calling a method in the system process without a qualified user: android.app.ContextImpl.startService:1816 android.content.ContextWrapper.startService:774 com.thundercomm.gamemode.ingame.services.GameModeActionUtils.startGameModeService:111 com.thundercomm.gamemode.ingame.services.GameModeActionUtils.startGameModeEntry:22 com.thundercomm.gamemode.ingame.services.ActivityMonitoringService$1.onActivityLaunch:139
02-09 05:33:09.489 I/GameModeConfig( 1511): Current uri is uri = content://com.thundercomm.gamemode.api/gamemode_settings/gamemode_isgaming
02-09 05:33:09.492 I/GameModeConfig( 1511): isGameModeOn = true
02-09 05:33:09.492 I/GameModeConfig( 1511): isGaming = true
02-09 05:33:09.492 I/GameModeConfig( 1511): isDisableNotification = true
02-09 05:33:09.492 I/GameModeConfig( 1511): isGameModeOn = true
02-09 05:33:09.492 I/GameModeConfig( 1511): isGaming = true
02-09 05:33:09.492 I/GameModeConfig( 1511): isDisableNotification = true
02-09 05:33:10.603 I/input_interaction( 1511): Interaction with: 6e3bcfd com.tencent.tmgp.sgame/com.tencent.tmgp.sgame.SGameActivity (server), edge-swipe (server), swipe-up (server), PointerEventDispatcher0 (server),
02-09 05:33:10.618 W/FreeFormWindowHelper( 1511): Current Display FreeFormTask is null
02-09 05:33:10.618 I/wm_task_moved( 1511): [1,0,0]
02-09 05:33:10.619 I/wm_task_moved( 1511): [1,0,12]
02-09 05:33:10.635 I/wm_on_restart_called( 2559): [204923478,com.android.launcher3.uioverrides.QuickstepLauncher,performRestartActivity]
02-09 05:33:10.636 W/FreeFormWindowHelper( 1511): Current Display FreeFormTask is null
02-09 05:33:10.636 W/FreeFormWindowHelper( 1511): Current Display FreeFormTask is null
02-09 05:33:10.636 W/FreeFormWindowHelper( 1511): Current Display FreeFormTask is null
02-09 05:33:10.638 W/ContextImpl( 2089): Calling a method in the system process without a qualified user: android.app.ContextImpl.startService:1816 android.content.ContextWrapper.startService:774 com.thundercomm.gamemode.ingame.services.GameModeActionUtils.startGameModeService:111 com.thundercomm.gamemode.ingame.services.GameModeActionUtils.startGameModeEntry:22 com.thundercomm.gamemode.ingame.services.ActivityMonitoringService$1.onActivityLaunch:139
02-09 05:33:10.643 I/GameModeConfig( 1511): Current uri is uri = content://com.thundercomm.gamemode.api/gamemode_settings/gamemode_isgaming
02-09 05:33:10.646 I/GameModeConfig( 1511): isGameModeOn = true
02-09 05:33:10.646 I/GameModeConfig( 1511): isGaming = true
02-09 05:33:10.646 I/GameModeConfig( 1511): isDisableNotification = true
02-09 05:33:10.647 I/GameModeConfig( 1511): isGameModeOn = true
02-09 05:33:10.647 I/GameModeConfig( 1511): isGaming = true
02-09 05:33:10.647 I/GameModeConfig( 1511): isDisableNotification = true
02-09 05:33:10.652 I/wm_on_start_called( 2559): [204923478,com.android.launcher3.uioverrides.QuickstepLauncher,handleStartActivity]
02-09 05:33:10.679 W/FreeFormWindowHelper( 1511): Current Display FreeFormTask is null
02-09 05:33:10.679 W/FreeFormWindowHelper( 1511): Current Display FreeFormTask is null
02-09 05:33:10.694 I/sysui_multi_action( 1511): [319,9,322,70,325,4285,757,761,758,9,759,5,806,com.android.launcher3,871,com.android.launcher3.uioverrides.QuickstepLauncher,905,0,1320,4,1321,1]
02-09 05:33:10.725 I/view_enqueue_input_event( 5884): [Motion - Cancel,com.tencent.tmgp.sgame/com.tencent.tmgp.sgame.SGameActivity]
02-09 05:33:10.731 I/sysui_latency( 2559): [1,78]
02-09 05:33:10.733 I/input_focus( 1511): [Focus request recents_animation_input_consumer,reason=UpdateInputWindows]
02-09 05:33:10.737 W/FreeFormWindowHelper( 1511): Current Display FreeFormTask is null
02-09 05:33:10.738 I/input_interaction( 1511): Interaction with: edge-swipe (server), swipe-up (server), PointerEventDispatcher0 (server),
02-09 05:33:10.740 W/FreeFormWindowHelper( 1511): Current Display FreeFormTask is null
02-09 05:33:10.740 W/FreeFormWindowHelper( 1511): Current Display FreeFormTask is null
02-09 05:33:10.741 W/FreeFormWindowHelper( 1511): Current Display FreeFormTask is null
02-09 05:33:10.741 W/FreeFormWindowHelper( 1511): Current Display FreeFormTask is null
02-09 05:33:10.772 W/FreeFormWindowHelper( 1511): Current Display FreeFormTask is null
02-09 05:33:10.772 W/FreeFormWindowHelper( 1511): Current Display FreeFormTask is null
02-09 05:33:10.773 I/input_focus( 1511): [Focus leaving 6e3bcfd com.tencent.tmgp.sgame/com.tencent.tmgp.sgame.SGameActivity (server),reason=NOT_FOCUSABLE]
02-09 05:33:10.774 I/input_focus( 1511): [Focus entering recents_animation_input_consumer (server),reason=setFocusedWindow]
02-09 05:33:10.805 W/FreeFormWindowHelper( 1511): Current Display FreeFormTask is null
02-09 05:33:10.806 W/FreeFormWindowHelper( 1511): Current Display FreeFormTask is null
02-09 05:33:10.855 I/commit_sys_config_file( 1511): [settings-1-0,5]
02-09 05:33:10.990 I/sysui_latency( 1511): [8,81]
02-09 05:33:11.167 W/FreeFormWindowHelper( 1511): Current Display FreeFormTask is null
02-09 05:33:11.167 W/FreeFormWindowHelper( 1511): Current Display FreeFormTask is null
02-09 05:33:11.168 W/FreeFormWindowHelper( 1511): Current Display FreeFormTask is null
02-09 05:33:11.509 I/wm_task_moved( 1511): [1,1,13]
02-09 05:33:11.513 I/wm_focused_root_task( 1511): [0,0,1,21,RecentsAnimation.onAnimationFinished()]
02-09 05:33:11.513 I/wm_on_top_resumed_lost_called( 5884): [27840304,com.tencent.tmgp.sgame.SGameActivity,topStateChangedWhenResumed]
02-09 05:33:11.514 I/wm_pause_activity( 1511): [0,27840304,com.tencent.tmgp.sgame/.SGameActivity,userLeaving=false,pauseBackTasks]
02-09 05:33:11.514 I/ActivityTaskManager( 1511): FOREGROUND_APPLICATION_CHANGED to com.android.launcher3.uioverrides.QuickstepLauncher
02-09 05:33:11.515 I/wm_set_resumed_activity( 1511): [0,com.android.launcher3/.uioverrides.QuickstepLauncher,resumeTopActivityInnerLocked]
02-09 05:33:11.521 I/wm_resume_activity( 1511): [0,204923478,8,com.android.launcher3/.uioverrides.QuickstepLauncher]
02-09 05:33:11.521 I/wm_add_to_stopping( 1511): [0,27840304,com.tencent.tmgp.sgame/.SGameActivity,makeInvisible]
02-09 05:33:11.522 I/wm_on_resume_called( 2559): [204923478,com.android.launcher3.uioverrides.QuickstepLauncher,RESUME_ACTIVITY]
02-09 05:33:11.525 I/input_focus( 1511): [Focus request 584aa45 com.android.launcher3/com.android.launcher3.uioverrides.QuickstepLauncher,reason=UpdateInputWindows]
02-09 05:33:11.526 I/wm_on_paused_called( 5884): [27840304,com.tencent.tmgp.sgame.SGameActivity,performPause]
02-09 05:33:11.527 I/sysui_multi_action( 1511): [757,803,799,window_time_0,802,2]
02-09 05:33:11.529 I/wm_stop_activity( 1511): [0,27840304,com.tencent.tmgp.sgame/.SGameActivity]
02-09 05:33:11.534 I/sysui_multi_action( 1511): [757,803,799,window_time_0,802,0]
02-09 05:33:11.541 W/FreeFormWindowHelper( 1511): Current Display FreeFormTask is null
02-09 05:33:11.542 W/FreeFormWindowHelper( 1511): Current Display FreeFormTask is null
02-09 05:33:11.542 I/input_focus( 1511): [Focus leaving recents_animation_input_consumer (server),reason=NOT_VISIBLE]
02-09 05:33:11.543 W/FreeFormWindowHelper( 1511): Current Display FreeFormTask is null
02-09 05:33:11.543 I/input_focus( 1511): [Focus entering 584aa45 com.android.launcher3/com.android.launcher3.uioverrides.QuickstepLauncher (server),reason=setFocusedWindow]
02-09 05:33:11.554 I/wm_on_stop_called( 5884): [27840304,com.tencent.tmgp.sgame.SGameActivity,STOP_ACTIVITY_ITEM]
02-09 05:33:11.558 I/wm_on_top_resumed_gained_called( 2559): [204923478,com.android.launcher3.uioverrides.QuickstepLauncher,topStateChangedWhenResumed]
02-09 05:33:11.574 W/FreeFormWindowHelper( 1511): Current Display FreeFormTask is null
02-09 05:33:11.575 W/FreeFormWindowHelper( 1511): Current Display FreeFormTask is null
02-09 05:33:11.588 W/ContextImpl( 2089): Calling a method in the system process without a qualified user: android.app.ContextImpl.startService:1816 android.content.ContextWrapper.startService:774 com.thundercomm.gamemode.ingame.services.GameModeActionUtils.startGameModeService:111 com.thundercomm.gamemode.ingame.services.GameModeActionUtils.startGameModeEntry:22 com.thundercomm.gamemode.ingame.services.ActivityMonitoringService$1.onActivityLaunch:139
02-09 05:33:11.594 I/GameModeConfig( 1511): Current uri is uri = content://com.thundercomm.gamemode.api/gamemode_settings/gamemode_isgaming
02-09 05:33:11.595 I/GameModeConfig( 1511): isGameModeOn = true
02-09 05:33:11.596 I/GameModeConfig( 1511): isGaming = false
02-09 05:33:11.596 I/GameModeConfig( 1511): isGameModeOn = true
02-09 05:33:11.596 I/GameModeConfig( 1511): isGaming = false
02-09 05:33:11.596 I/GameModeConfig( 1511): isDisableVoice = true
02-09 05:33:11.639 W/ContextImpl( 2089): Calling a method in the system process without a qualified user: android.app.ContextImpl.startService:1816 android.content.ContextWrapper.startService:774 com.thundercomm.gamemode.ingame.services.GameModeActionUtils.startGameModeService:111 com.thundercomm.gamemode.ingame.services.GameModeActionUtils.startGameModeEntry:22 com.thundercomm.gamemode.ingame.services.ActivityMonitoringService$1.onActivityLaunch:139
02-09 05:33:11.644 I/GameModeConfig( 1511): Current uri is uri = content://com.thundercomm.gamemode.api/gamemode_settings/gamemode_isgaming
02-09 05:33:11.646 I/GameModeConfig( 1511): isGameModeOn = true
02-09 05:33:11.646 I/GameModeConfig( 1511): isGaming = false
02-09 05:33:11.646 I/GameModeConfig( 1511): isGameModeOn = true
02-09 05:33:11.646 I/GameModeConfig( 1511): isGaming = false
02-09 05:33:11.646 I/GameModeConfig( 1511): isDisableVoice = true
02-09 05:33:11.656 I/DisplayDeviceRepository( 1511): Display device changed: DisplayDeviceInfo{"内置屏幕": uniqueId="local:4630946370410392961", 2380 x 1020, modeId 1, defaultModeId 1, supportedModes [{id=1, width=2380, height=1020, fps=60.000004, alternativeRefreshRates=[30.000002, 45.0]}, {id=2, width=2380, height=1020, fps=45.0, alternativeRefreshRates=[30.000002, 60.000004]}, {id=3, width=2380, height=1020, fps=30.000002, alternativeRefreshRates=[45.0, 60.000004]}], colorMode 0, supportedColorModes [0], hdrCapabilities HdrCapabilities{mSupportedHdrTypes=[2, 3, 4], mMaxLuminance=500.0, mMaxAverageLuminance=500.0, mMinLuminance=0.0}, allmSupported false, gameContentTypeSupported false, density 240, 319.851 x 319.851 dpi, appVsyncOff 1000000, presDeadline 16666666, touch INTERNAL, rotation 0, type INTERNAL, address {port=129, model=0x40446d3026322d}, deviceProductInfo DeviceProductInfo{name=, manufacturerPnpId=QCM, productId=1, modelYear=null, manufactureDate=ManufactureDate{week=27, year=2006}, connectionToSinkType=0}, state ON, frameRateOverride , brightnessMinimum 0.0, brightnessMaximum 1.0, brightnessDefault 1.0, FLAG_DEFAULT_DISPLAY, FLAG_ROTATES_WITH_CONTENT, FLAG_SECURE, FLAG_SUPPORTS_PROTECTED_BUFFERS}
02-09 05:33:11.755 I/commit_sys_config_file( 1511): [settings-1-0,4]
02-09 05:33:12.010 E/TaskPersister( 1511): File error accessing recents directory (directory doesn't exist?).
02-09 05:33:13.597 I/input_interaction( 1511): Interaction with: 584aa45 com.android.launcher3/com.android.launcher3.uioverrides.QuickstepLauncher (server), 4aad3d7 com.android.systemui.ImageWallpaper (server), edge-swipe (server), swipe-up (server), PointerEventDispatcher0 (server),
02-09 05:33:13.696 W/FreeFormWindowHelper( 1511): Current Display FreeFormTask is null
02-09 05:33:13.696 W/FreeFormWindowHelper( 1511): Current Display FreeFormTask is null
02-09 05:33:13.712 W/FreeFormWindowHelper( 1511): Current Display FreeFormTask is null
02-09 05:33:13.712 W/FreeFormWindowHelper( 1511): Current Display FreeFormTask is null
02-09 05:33:13.729 W/FreeFormWindowHelper( 1511): Current Display FreeFormTask is null
02-09 05:33:13.729 W/FreeFormWindowHelper( 1511): Current Display FreeFormTask is null
02-09 05:33:13.745 W/FreeFormWindowHelper( 1511): Current Display FreeFormTask is null
02-09 05:33:13.746 W/FreeFormWindowHelper( 1511): Current Display FreeFormTask is null
02-09 05:33:13.762 W/FreeFormWindowHelper( 1511): Current Display FreeFormTask is null
02-09 05:33:13.762 W/FreeFormWindowHelper( 1511): Current Display FreeFormTask is null
02-09 05:33:13.779 W/FreeFormWindowHelper( 1511): Current Display FreeFormTask is null
02-09 05:33:13.779 W/FreeFormWindowHelper( 1511): Current Display FreeFormTask is null
02-09 05:33:13.796 W/FreeFormWindowHelper( 1511): Current Display FreeFormTask is null
02-09 05:33:13.796 W/FreeFormWindowHelper( 1511): Current Display FreeFormTask is null
02-09 05:33:13.812 W/FreeFormWindowHelper( 1511): Current Display FreeFormTask is null
02-09 05:33:13.813 W/FreeFormWindowHelper( 1511): Current Display FreeFormTask is null
02-09 05:33:13.829 W/FreeFormWindowHelper( 1511): Current Display FreeFormTask is null
02-09 05:33:13.829 W/FreeFormWindowHelper( 1511): Current Display FreeFormTask is null
02-09 05:33:13.846 W/FreeFormWindowHelper( 1511): Current Display FreeFormTask is null
02-09 05:33:13.846 W/FreeFormWindowHelper( 1511): Current Display FreeFormTask is null
02-09 05:33:13.862 W/FreeFormWindowHelper( 1511): Current Display FreeFormTask is null
02-09 05:33:13.862 W/FreeFormWindowHelper( 1511): Current Display FreeFormTask is null
02-09 05:33:13.879 W/FreeFormWindowHelper( 1511): Current Display FreeFormTask is null
02-09 05:33:13.879 W/FreeFormWindowHelper( 1511): Current Display FreeFormTask is null
02-09 05:33:13.896 W/FreeFormWindowHelper( 1511): Current Display FreeFormTask is null
02-09 05:33:13.896 W/FreeFormWindowHelper( 1511): Current Display FreeFormTask is null
02-09 05:33:13.912 W/FreeFormWindowHelper( 1511): Current Display FreeFormTask is null
02-09 05:33:13.912 W/FreeFormWindowHelper( 1511): Current Display FreeFormTask is null
02-09 05:33:13.929 W/FreeFormWindowHelper( 1511): Current Display FreeFormTask is null
02-09 05:33:13.929 W/FreeFormWindowHelper( 1511): Current Display FreeFormTask is null
02-09 05:33:13.946 W/FreeFormWindowHelper( 1511): Current Display FreeFormTask is null
02-09 05:33:13.946 W/FreeFormWindowHelper( 1511): Current Display FreeFormTask is null
02-09 05:33:13.962 W/FreeFormWindowHelper( 1511): Current Display FreeFormTask is null
02-09 05:33:13.962 W/FreeFormWindowHelper( 1511): Current Display FreeFormTask is null
02-09 05:33:13.980 W/FreeFormWindowHelper( 1511): Current Display FreeFormTask is null
02-09 05:33:13.980 W/FreeFormWindowHelper( 1511): Current Display FreeFormTask is null
02-09 05:33:13.996 W/FreeFormWindowHelper( 1511): Current Display FreeFormTask is null
02-09 05:33:13.996 W/FreeFormWindowHelper( 1511): Current Display FreeFormTask is null
02-09 05:33:14.013 W/FreeFormWindowHelper( 1511): Current Display FreeFormTask is null
02-09 05:33:14.014 W/FreeFormWindowHelper( 1511): Current Display FreeFormTask is null
02-09 05:33:14.030 W/FreeFormWindowHelper( 1511): Current Display FreeFormTask is null
02-09 05:33:14.030 W/FreeFormWindowHelper( 1511): Current Display FreeFormTask is null
02-09 05:33:14.046 W/FreeFormWindowHelper( 1511): Current Display FreeFormTask is null
02-09 05:33:14.047 W/FreeFormWindowHelper( 1511): Current Display FreeFormTask is null
02-09 05:33:14.063 W/FreeFormWindowHelper( 1511): Current Display FreeFormTask is null
02-09 05:33:14.063 W/FreeFormWindowHelper( 1511): Current Display FreeFormTask is null
02-09 05:33:14.080 W/FreeFormWindowHelper( 1511): Current Display FreeFormTask is null
02-09 05:33:14.080 W/FreeFormWindowHelper( 1511): Current Display FreeFormTask is null
02-09 05:33:14.096 W/FreeFormWindowHelper( 1511): Current Display FreeFormTask is null
02-09 05:33:14.096 W/FreeFormWindowHelper( 1511): Current Display FreeFormTask is null
02-09 05:33:14.113 W/FreeFormWindowHelper( 1511): Current Display FreeFormTask is null
02-09 05:33:14.114 W/FreeFormWindowHelper( 1511): Current Display FreeFormTask is null
02-09 05:33:14.131 W/FreeFormWindowHelper( 1511): Current Display FreeFormTask is null
02-09 05:33:14.131 W/FreeFormWindowHelper( 1511): Current Display FreeFormTask is null
02-09 05:33:14.147 W/FreeFormWindowHelper( 1511): Current Display FreeFormTask is null
02-09 05:33:14.147 W/FreeFormWindowHelper( 1511): Current Display FreeFormTask is null
02-09 05:33:14.164 W/FreeFormWindowHelper( 1511): Current Display FreeFormTask is null
02-09 05:33:14.164 W/FreeFormWindowHelper( 1511): Current Display FreeFormTask is null
02-09 05:33:14.181 W/FreeFormWindowHelper( 1511): Current Display FreeFormTask is null
02-09 05:33:14.181 W/FreeFormWindowHelper( 1511): Current Display FreeFormTask is null
02-09 05:33:15.248 I/wm_task_moved( 1511): [1,1,13]
02-09 05:33:15.250 I/wm_set_resumed_activity( 1511): [0,com.android.launcher3/.uioverrides.QuickstepLauncher,positionChildAt]
02-09 05:33:15.251 I/wm_task_moved( 1511): [29,1,13]
02-09 05:33:15.251 I/wm_task_to_front( 1511): [0,29]
02-09 05:33:15.253 I/wm_focused_root_task( 1511): [0,0,29,1,moveTaskToFront findTaskToMoveToFront]
02-09 05:33:15.253 I/wm_set_resumed_activity( 1511): [0,com.tencent.lolm/.lgame,moveTaskToFront findTaskToMoveToFront]
02-09 05:33:15.256 I/wm_pause_activity( 1511): [0,204923478,com.android.launcher3/.uioverrides.QuickstepLauncher,userLeaving=true,pauseBackTasks]
02-09 05:33:15.259 D/CompatibilityChangeReporter( 1511): Compat change id reported: 168419799; UID 10097; state: DISABLED
02-09 05:33:15.274 I/wm_on_top_resumed_lost_called( 2559): [204923478,com.android.launcher3.uioverrides.QuickstepLauncher,topStateChangedWhenResumed]
02-09 05:33:15.277 I/wm_on_paused_called( 2559): [204923478,com.android.launcher3.uioverrides.QuickstepLauncher,performPause]
02-09 05:33:15.282 I/ActivityTaskManager( 1511): FOREGROUND_APPLICATION_CHANGED to com.tencent.lolm.lgame
02-09 05:33:15.284 I/wm_set_resumed_activity( 1511): [0,com.tencent.lolm/.lgame,resumeTopActivityInnerLocked]
02-09 05:33:15.285 I/am_uid_active( 1511): 10097
02-09 05:33:15.285 I/wm_add_to_stopping( 1511): [0,204923478,com.android.launcher3/.uioverrides.QuickstepLauncher,makeInvisible]
02-09 05:33:15.289 D/CompatibilityChangeReporter( 1511): Compat change id reported: 174042980; UID 10097; state: DISABLED
02-09 05:33:15.292 D/CompatibilityChangeReporter( 1511): Compat change id reported: 184838306; UID 10097; state: DISABLED
02-09 05:33:15.292 D/CompatibilityChangeReporter( 1511): Compat change id reported: 185004937; UID 10097; state: DISABLED
02-09 05:33:15.293 I/wm_resume_activity( 1511): [0,195377410,29,com.tencent.lolm/.lgame]
02-09 05:33:15.310 I/sysui_multi_action( 1511): [757,803,799,window_time_0,802,4]
02-09 05:33:15.310 I/wm_on_restart_called( 6754): [195377410,com.tencent.lolm.lgame,performRestartActivity]
02-09 05:33:15.311 I/wm_on_start_called( 6754): [195377410,com.tencent.lolm.lgame,handleStartActivity]
02-09 05:33:15.311 I/wm_on_resume_called( 6754): [195377410,com.tencent.lolm.lgame,RESUME_ACTIVITY]
02-09 05:33:15.311 I/wm_on_top_resumed_gained_called( 6754): [195377410,com.tencent.lolm.lgame,topWhenResuming]
02-09 05:33:15.315 W/ContextImpl( 2089): Calling a method in the system process without a qualified user: android.app.ContextImpl.startService:1816 android.content.ContextWrapper.startService:774 com.thundercomm.gamemode.ingame.services.GameModeActionUtils.startGameModeService:111 com.thundercomm.gamemode.ingame.services.GameModeActionUtils.startGameModeEntry:22 com.thundercomm.gamemode.ingame.services.ActivityMonitoringService$1.onActivityLaunch:139
02-09 05:33:15.322 I/input_focus( 1511): [Focus request d9699ba com.tencent.lolm/com.tencent.lolm.lgame,reason=UpdateInputWindows]
02-09 05:33:15.325 I/input_focus( 1511): [Focus leaving 584aa45 com.android.launcher3/com.android.launcher3.uioverrides.QuickstepLauncher (server),reason=NO_WINDOW]
02-09 05:33:15.331 I/DisplayDeviceRepository( 1511): Display device changed: DisplayDeviceInfo{"内置屏幕": uniqueId="local:4630946370410392961", 2380 x 1020, modeId 3, defaultModeId 1, supportedModes [{id=1, width=2380, height=1020, fps=60.000004, alternativeRefreshRates=[30.000002, 45.0]}, {id=2, width=2380, height=1020, fps=45.0, alternativeRefreshRates=[30.000002, 60.000004]}, {id=3, width=2380, height=1020, fps=30.000002, alternativeRefreshRates=[45.0, 60.000004]}], colorMode 0, supportedColorModes [0], hdrCapabilities HdrCapabilities{mSupportedHdrTypes=[2, 3, 4], mMaxLuminance=500.0, mMaxAverageLuminance=500.0, mMinLuminance=0.0}, allmSupported false, gameContentTypeSupported false, density 240, 319.851 x 319.851 dpi, appVsyncOff 1000000, presDeadline 33333333, touch INTERNAL, rotation 0, type INTERNAL, address {port=129, model=0x40446d3026322d}, deviceProductInfo DeviceProductInfo{name=, manufacturerPnpId=QCM, productId=1, modelYear=null, manufactureDate=ManufactureDate{week=27, year=2006}, connectionToSinkType=0}, state ON, frameRateOverride , brightnessMinimum 0.0, brightnessMaximum 1.0, brightnessDefault 1.0, FLAG_DEFAULT_DISPLAY, FLAG_ROTATES_WITH_CONTENT, FLAG_SECURE, FLAG_SUPPORTS_PROTECTED_BUFFERS}
02-09 05:33:15.332 I/GameModeConfig( 1511): Current uri is uri = content://com.thundercomm.gamemode.api/gamemode_settings/gamemode_isgaming
02-09 05:33:15.343 I/sysui_multi_action( 1511): [319,54,321,50,322,84,325,4290,757,761,758,9,759,4,806,com.tencent.lolm,871,com.tencent.lolm.lgame,904,com.android.launcher3,905,0,1320,4,1321,4]
02-09 05:33:15.346 I/GameModeConfig( 1511): isGameModeOn = true
02-09 05:33:15.346 I/GameModeConfig( 1511): isGaming = true
02-09 05:33:15.346 I/GameModeConfig( 1511): isDisableNotification = true
02-09 05:33:15.346 I/GameModeConfig( 1511): isGameModeOn = true
02-09 05:33:15.346 I/GameModeConfig( 1511): isGaming = true
02-09 05:33:15.346 I/GameModeConfig( 1511): isDisableNotification = true
02-09 05:33:15.346 I/am_pss ( 1511): [6595,10088,com.android.music,33589248,26288128,2407424,123867136,0,4,8]
02-09 05:33:15.351 I/input_focus( 1511): [Focus entering d9699ba com.tencent.lolm/com.tencent.lolm.lgame (server),reason=setFocusedWindow]
02-09 05:33:15.358 I/am_pss ( 1511): [7238,10095,com.tencent.qqmusicpad:QQPlayerService,40069120,16752640,0,120381440,0,4,7]
02-09 05:33:15.397 W/ContextImpl( 2089): Calling a method in the system process without a qualified user: android.app.ContextImpl.startService:1816 android.content.ContextWrapper.startService:774 com.thundercomm.gamemode.ingame.services.GameModeActionUtils.startGameModeService:111 com.thundercomm.gamemode.ingame.services.GameModeActionUtils.startGameModeEntry:22 com.thundercomm.gamemode.ingame.services.ActivityMonitoringService$1.onActivityLaunch:139
02-09 05:33:15.398 I/GameModeConfig( 1511): Current uri is uri = content://com.thundercomm.gamemode.api/gamemode_settings/gamemode_isgaming
02-09 05:33:15.399 I/GameModeConfig( 1511): isGameModeOn = true
02-09 05:33:15.399 I/GameModeConfig( 1511): isGaming = true
02-09 05:33:15.399 I/GameModeConfig( 1511): isDisableNotification = true
02-09 05:33:15.400 I/GameModeConfig( 1511): isGameModeOn = true
02-09 05:33:15.400 I/GameModeConfig( 1511): isGaming = true
02-09 05:33:15.400 I/GameModeConfig( 1511): isDisableNotification = true
02-09 05:33:15.524 I/commit_sys_config_file( 1511): [settings-1-0,11]
02-09 05:33:15.656 I/wm_stop_activity( 1511): [0,204923478,com.android.launcher3/.uioverrides.QuickstepLauncher]
02-09 05:33:15.703 W/FreeFormWindowHelper( 1511): exitRecentTasks type=0
02-09 05:33:15.721 I/wm_on_stop_called( 2559): [204923478,com.android.launcher3.uioverrides.QuickstepLauncher,STOP_ACTIVITY_ITEM]
02-09 05:33:15.737 W/ContextImpl( 2089): Calling a method in the system process without a qualified user: android.app.ContextImpl.startService:1816 android.content.ContextWrapper.startService:774 com.thundercomm.gamemode.ingame.services.GameModeActionUtils.startGameModeService:111 com.thundercomm.gamemode.ingame.services.GameModeActionUtils.startGameModeEntry:22 com.thundercomm.gamemode.ingame.services.ActivityMonitoringService$1.onActivityLaunch:139
02-09 05:33:15.739 I/GameModeConfig( 1511): Current uri is uri = content://com.thundercomm.gamemode.api/gamemode_settings/gamemode_isgaming
02-09 05:33:15.741 I/GameModeConfig( 1511): isGameModeOn = true
02-09 05:33:15.741 I/GameModeConfig( 1511): isGaming = true
02-09 05:33:15.741 I/GameModeConfig( 1511): isDisableNotification = true
02-09 05:33:15.741 I/GameModeConfig( 1511): isGameModeOn = true
02-09 05:33:15.741 I/GameModeConfig( 1511): isGaming = true
02-09 05:33:15.741 I/GameModeConfig( 1511): isDisableNotification = true
02-09 05:33:15.752 D/CompatibilityChangeReporter( 1511): Compat change id reported: 157929241; UID 10080; state: LOGGED
02-09 05:33:16.154 I/input_interaction( 1511): Interaction with: d9699ba com.tencent.lolm/com.tencent.lolm.lgame (server), edge-swipe (server), swipe-up (server), PointerEventDispatcher0 (server),
02-09 05:33:16.994 W/FreeFormWindowHelper( 1511): Current Display FreeFormTask is null
02-09 05:33:16.994 I/wm_task_moved( 1511): [1,0,0]
02-09 05:33:16.995 I/wm_task_moved( 1511): [1,0,12]
02-09 05:33:17.012 W/ContextImpl( 2089): Calling a method in the system process without a qualified user: android.app.ContextImpl.startService:1816 android.content.ContextWrapper.startService:774 com.thundercomm.gamemode.ingame.services.GameModeActionUtils.startGameModeService:111 com.thundercomm.gamemode.ingame.services.GameModeActionUtils.startGameModeEntry:22 com.thundercomm.gamemode.ingame.services.ActivityMonitoringService$1.onActivityLaunch:139
02-09 05:33:17.016 I/GameModeConfig( 1511): Current uri is uri = content://com.thundercomm.gamemode.api/gamemode_settings/gamemode_isgaming
02-09 05:33:17.018 I/view_enqueue_input_event( 6754): [Motion - Cancel,com.tencent.lolm/com.tencent.lolm.lgame]
02-09 05:33:17.023 I/GameModeConfig( 1511): isGameModeOn = true
02-09 05:33:17.023 I/input_focus( 1511): [Focus request recents_animation_input_consumer,reason=UpdateInputWindows]
02-09 05:33:17.023 I/GameModeConfig( 1511): isGaming = true
02-09 05:33:17.023 I/GameModeConfig( 1511): isDisableNotification = true
02-09 05:33:17.024 I/GameModeConfig( 1511): isGameModeOn = true
02-09 05:33:17.024 I/GameModeConfig( 1511): isGaming = true
02-09 05:33:17.024 I/GameModeConfig( 1511): isDisableNotification = true
02-09 05:33:17.025 I/wm_on_restart_called( 2559): [204923478,com.android.launcher3.uioverrides.QuickstepLauncher,performRestartActivity]
02-09 05:33:17.026 W/FreeFormWindowHelper( 1511): Current Display FreeFormTask is null
02-09 05:33:17.027 W/FreeFormWindowHelper( 1511): Current Display FreeFormTask is null
02-09 05:33:17.027 W/FreeFormWindowHelper( 1511): Current Display FreeFormTask is null
02-09 05:33:17.031 I/input_interaction( 1511): Interaction with: edge-swipe (server), swipe-up (server), PointerEventDispatcher0 (server),
02-09 05:33:17.044 I/wm_on_start_called( 2559): [204923478,com.android.launcher3.uioverrides.QuickstepLauncher,handleStartActivity]
02-09 05:33:17.045 W/FreeFormWindowHelper( 1511): Current Display FreeFormTask is null
02-09 05:33:17.060 W/FreeFormWindowHelper( 1511): Current Display FreeFormTask is null
02-09 05:33:17.060 W/FreeFormWindowHelper( 1511): Current Display FreeFormTask is null
02-09 05:33:17.061 I/sysui_latency( 2559): [1,83]
02-09 05:33:17.071 I/sysui_multi_action( 1511): [319,9,322,72,325,4292,757,761,758,9,759,5,806,com.android.launcher3,871,com.android.launcher3.uioverrides.QuickstepLauncher,905,0,1320,4,1321,1]
02-09 05:33:17.089 I/input_focus( 1511): [Focus leaving d9699ba com.tencent.lolm/com.tencent.lolm.lgame (server),reason=NOT_FOCUSABLE]
02-09 05:33:17.090 I/input_focus( 1511): [Focus entering recents_animation_input_consumer (server),reason=setFocusedWindow]
02-09 05:33:17.122 W/FreeFormWindowHelper( 1511): Current Display FreeFormTask is null
02-09 05:33:17.123 W/FreeFormWindowHelper( 1511): Current Display FreeFormTask is null
02-09 05:33:17.246 I/commit_sys_config_file( 1511): [settings-1-0,4]
02-09 05:33:17.368 I/sysui_latency( 1511): [8,84]
02-09 05:33:17.461 W/FreeFormWindowHelper( 1511): Current Display FreeFormTask is null
02-09 05:33:17.461 W/FreeFormWindowHelper( 1511): Current Display FreeFormTask is null
02-09 05:33:17.462 W/FreeFormWindowHelper( 1511): Current Display FreeFormTask is null
02-09 05:33:17.824 I/wm_task_moved( 1511): [1,1,13]
02-09 05:33:17.826 I/wm_focused_root_task( 1511): [0,0,1,29,RecentsAnimation.onAnimationFinished()]
02-09 05:33:17.826 I/wm_on_top_resumed_lost_called( 6754): [195377410,com.tencent.lolm.lgame,topStateChangedWhenResumed]
02-09 05:33:17.827 I/wm_pause_activity( 1511): [0,195377410,com.tencent.lolm/.lgame,userLeaving=false,pauseBackTasks]
02-09 05:33:17.828 I/ActivityTaskManager( 1511): FOREGROUND_APPLICATION_CHANGED to com.android.launcher3.uioverrides.QuickstepLauncher
02-09 05:33:17.829 I/wm_set_resumed_activity( 1511): [0,com.android.launcher3/.uioverrides.QuickstepLauncher,resumeTopActivityInnerLocked]
02-09 05:33:17.830 I/wm_resume_activity( 1511): [0,204923478,8,com.android.launcher3/.uioverrides.QuickstepLauncher]
02-09 05:33:17.831 I/wm_add_to_stopping( 1511): [0,195377410,com.tencent.lolm/.lgame,makeInvisible]
02-09 05:33:17.831 I/wm_on_resume_called( 2559): [204923478,com.android.launcher3.uioverrides.QuickstepLauncher,RESUME_ACTIVITY]
02-09 05:33:17.834 I/input_focus( 1511): [Focus request 584aa45 com.android.launcher3/com.android.launcher3.uioverrides.QuickstepLauncher,reason=UpdateInputWindows]
02-09 05:33:17.835 I/sysui_multi_action( 1511): [757,803,799,window_time_0,802,2]
02-09 05:33:17.835 W/FreeFormWindowHelper( 1511): Current Display FreeFormTask is null
02-09 05:33:17.836 W/FreeFormWindowHelper( 1511): Current Display FreeFormTask is null
02-09 05:33:17.836 W/FreeFormWindowHelper( 1511): Current Display FreeFormTask is null
02-09 05:33:17.839 I/wm_stop_activity( 1511): [0,195377410,com.tencent.lolm/.lgame]
02-09 05:33:17.841 I/sysui_multi_action( 1511): [757,803,799,window_time_0,802,0]
02-09 05:33:17.855 W/FreeFormWindowHelper( 1511): Current Display FreeFormTask is null
02-09 05:33:17.855 W/FreeFormWindowHelper( 1511): Current Display FreeFormTask is null
02-09 05:33:17.857 I/input_focus( 1511): [Focus leaving recents_animation_input_consumer (server),reason=NOT_VISIBLE]
02-09 05:33:17.858 I/input_focus( 1511): [Focus entering 584aa45 com.android.launcher3/com.android.launcher3.uioverrides.QuickstepLauncher (server),reason=setFocusedWindow]
02-09 05:33:17.858 I/wm_on_top_resumed_gained_called( 2559): [204923478,com.android.launcher3.uioverrides.QuickstepLauncher,topStateChangedWhenResumed]
02-09 05:33:17.897 I/wm_on_paused_called( 6754): [195377410,com.tencent.lolm.lgame,performPause]
02-09 05:33:17.899 I/wm_on_stop_called( 6754): [195377410,com.tencent.lolm.lgame,STOP_ACTIVITY_ITEM]
02-09 05:33:17.934 W/ContextImpl( 2089): Calling a method in the system process without a qualified user: android.app.ContextImpl.startService:1816 android.content.ContextWrapper.startService:774 com.thundercomm.gamemode.ingame.services.GameModeActionUtils.startGameModeService:111 com.thundercomm.gamemode.ingame.services.GameModeActionUtils.startGameModeEntry:22 com.thundercomm.gamemode.ingame.services.ActivityMonitoringService$1.onActivityLaunch:139
02-09 05:33:17.939 I/GameModeConfig( 1511): Current uri is uri = content://com.thundercomm.gamemode.api/gamemode_settings/gamemode_isgaming
02-09 05:33:17.941 I/GameModeConfig( 1511): isGameModeOn = true
02-09 05:33:17.941 I/GameModeConfig( 1511): isGaming = false
02-09 05:33:17.941 I/GameModeConfig( 1511): isGameModeOn = true
02-09 05:33:17.941 I/GameModeConfig( 1511): isGaming = false
02-09 05:33:17.941 I/GameModeConfig( 1511): isDisableVoice = true
02-09 05:33:17.951 W/ContextImpl( 2089): Calling a method in the system process without a qualified user: android.app.ContextImpl.startService:1816 android.content.ContextWrapper.startService:774 com.thundercomm.gamemode.ingame.services.GameModeActionUtils.startGameModeService:111 com.thundercomm.gamemode.ingame.services.GameModeActionUtils.startGameModeEntry:22 com.thundercomm.gamemode.ingame.services.ActivityMonitoringService$1.onActivityLaunch:139
02-09 05:33:17.954 I/GameModeConfig( 1511): Current uri is uri = content://com.thundercomm.gamemode.api/gamemode_settings/gamemode_isgaming
02-09 05:33:17.956 I/GameModeConfig( 1511): isGameModeOn = true
02-09 05:33:17.956 I/GameModeConfig( 1511): isGaming = false
02-09 05:33:17.956 I/GameModeConfig( 1511): isGameModeOn = true
02-09 05:33:17.956 I/GameModeConfig( 1511): isGaming = false
02-09 05:33:17.956 I/GameModeConfig( 1511): isDisableVoice = true
02-09 05:33:18.005 I/DisplayDeviceRepository( 1511): Display device changed: DisplayDeviceInfo{"内置屏幕": uniqueId="local:4630946370410392961", 2380 x 1020, modeId 1, defaultModeId 1, supportedModes [{id=1, width=2380, height=1020, fps=60.000004, alternativeRefreshRates=[30.000002, 45.0]}, {id=2, width=2380, height=1020, fps=45.0, alternativeRefreshRates=[30.000002, 60.000004]}, {id=3, width=2380, height=1020, fps=30.000002, alternativeRefreshRates=[45.0, 60.000004]}], colorMode 0, supportedColorModes [0], hdrCapabilities HdrCapabilities{mSupportedHdrTypes=[2, 3, 4], mMaxLuminance=500.0, mMaxAverageLuminance=500.0, mMinLuminance=0.0}, allmSupported false, gameContentTypeSupported false, density 240, 319.851 x 319.851 dpi, appVsyncOff 1000000, presDeadline 16666666, touch INTERNAL, rotation 0, type INTERNAL, address {port=129, model=0x40446d3026322d}, deviceProductInfo DeviceProductInfo{name=, manufacturerPnpId=QCM, productId=1, modelYear=null, manufactureDate=ManufactureDate{week=27, year=2006}, connectionToSinkType=0}, state ON, frameRateOverride , brightnessMinimum 0.0, brightnessMaximum 1.0, brightnessDefault 1.0, FLAG_DEFAULT_DISPLAY, FLAG_ROTATES_WITH_CONTENT, FLAG_SECURE, FLAG_SUPPORTS_PROTECTED_BUFFERS}
02-09 05:33:18.048 I/commit_sys_config_file( 1511): [settings-1-0,5]
02-09 05:33:18.290 E/TaskPersister( 1511): File error accessing recents directory (directory doesn't exist?).
02-09 05:33:18.490 I/input_interaction( 1511): Interaction with: 584aa45 com.android.launcher3/com.android.launcher3.uioverrides.QuickstepLauncher (server), 4aad3d7 com.android.systemui.ImageWallpaper (server), edge-swipe (server), swipe-up (server), PointerEventDispatcher0 (server),
02-09 05:33:18.631 I/wm_task_moved( 1511): [1,1,13]
02-09 05:33:18.636 I/wm_set_resumed_activity( 1511): [0,com.android.launcher3/.uioverrides.QuickstepLauncher,positionChildAt]
02-09 05:33:18.636 I/wm_task_moved( 1511): [35,1,13]
02-09 05:33:18.636 I/wm_task_to_front( 1511): [0,35]
02-09 05:33:18.637 I/wm_focused_root_task( 1511): [0,0,35,1,moveTaskToFront findTaskToMoveToFront]
02-09 05:33:18.637 I/wm_set_resumed_activity( 1511): [0,com.android.music/.MusicBrowserActivity,moveTaskToFront findTaskToMoveToFront]
02-09 05:33:18.639 I/wm_pause_activity( 1511): [0,204923478,com.android.launcher3/.uioverrides.QuickstepLauncher,userLeaving=true,pauseBackTasks]
02-09 05:33:18.648 I/wm_on_top_resumed_lost_called( 2559): [204923478,com.android.launcher3.uioverrides.QuickstepLauncher,topStateChangedWhenResumed]
02-09 05:33:18.651 I/wm_on_paused_called( 2559): [204923478,com.android.launcher3.uioverrides.QuickstepLauncher,performPause]
02-09 05:33:18.652 I/ActivityTaskManager( 1511): FOREGROUND_APPLICATION_CHANGED to com.android.music.MusicBrowserActivity
02-09 05:33:18.654 I/wm_set_resumed_activity( 1511): [0,com.android.music/.MusicBrowserActivity,resumeTopActivityInnerLocked]
02-09 05:33:18.654 I/wm_add_to_stopping( 1511): [0,204923478,com.android.launcher3/.uioverrides.QuickstepLauncher,makeInvisible]
02-09 05:33:18.662 I/wm_resume_activity( 1511): [0,231155608,35,com.android.music/.MusicBrowserActivity]
02-09 05:33:18.670 I/wm_on_restart_called( 6595): [231155608,com.android.music.MusicBrowserActivity,performRestartActivity]
02-09 05:33:18.671 I/sysui_multi_action( 1511): [757,803,799,window_time_0,802,1]
02-09 05:33:18.674 I/input_focus( 1511): [Focus leaving 584aa45 com.android.launcher3/com.android.launcher3.uioverrides.QuickstepLauncher (server),reason=NO_WINDOW]
02-09 05:33:18.682 I/wm_on_start_called( 6595): [231155608,com.android.music.MusicBrowserActivity,handleStartActivity]
02-09 05:33:18.682 I/wm_on_resume_called( 6595): [231155608,com.android.music.MusicBrowserActivity,RESUME_ACTIVITY]
02-09 05:33:18.683 I/wm_on_top_resumed_gained_called( 6595): [231155608,com.android.music.MusicBrowserActivity,topWhenResuming]
02-09 05:33:18.683 W/ContextImpl( 2089): Calling a method in the system process without a qualified user: android.app.ContextImpl.startService:1816 android.content.ContextWrapper.startService:774 com.thundercomm.gamemode.ingame.services.GameModeActionUtils.startGameModeService:111 com.thundercomm.gamemode.ingame.services.GameModeActionUtils.startGameModeEntry:22 com.thundercomm.gamemode.ingame.services.ActivityMonitoringService$1.onActivityLaunch:139
02-09 05:33:18.687 I/GameModeConfig( 1511): Current uri is uri = content://com.thundercomm.gamemode.api/gamemode_settings/gamemode_isgaming
02-09 05:33:18.689 I/input_focus( 1511): [Focus request 9110735 com.android.music/com.android.music.MusicBrowserActivity,reason=UpdateInputWindows]
02-09 05:33:18.690 I/GameModeConfig( 1511): isGameModeOn = true
02-09 05:33:18.690 I/GameModeConfig( 1511): isGaming = false
02-09 05:33:18.690 I/GameModeConfig( 1511): isGameModeOn = true
02-09 05:33:18.690 I/GameModeConfig( 1511): isGaming = false
02-09 05:33:18.690 I/GameModeConfig( 1511): isDisableVoice = true
02-09 05:33:18.696 I/GameModeConfig( 1511): isGameModeOn = true
02-09 05:33:18.696 I/GameModeConfig( 1511): isGaming = false
02-09 05:33:18.696 I/GameModeConfig( 1511): isGameModeOn = true
02-09 05:33:18.696 I/GameModeConfig( 1511): isGaming = false
02-09 05:33:18.697 I/GameModeConfig( 1511): isGameModeOn = true
02-09 05:33:18.697 I/GameModeConfig( 1511): isGaming = false
02-09 05:33:18.697 I/GameModeConfig( 1511): isGameModeOn = true
02-09 05:33:18.697 I/GameModeConfig( 1511): isGaming = false
02-09 05:33:18.697 I/GameModeConfig( 1511): isGameModeOn = true
02-09 05:33:18.697 I/GameModeConfig( 1511): isGaming = false
02-09 05:33:18.697 I/GameModeConfig( 1511): isGameModeOn = true
02-09 05:33:18.697 I/GameModeConfig( 1511): isGaming = false
02-09 05:33:18.700 I/sysui_multi_action( 1511): [319,41,321,35,322,61,325,4293,757,761,758,9,759,4,806,com.android.music,871,com.android.music.MusicBrowserActivity,904,com.android.launcher3,905,0,1320,4,1321,1]
02-09 05:33:18.709 I/input_focus( 1511): [Focus entering 9110735 com.android.music/com.android.music.MusicBrowserActivity (server),reason=setFocusedWindow]
02-09 05:33:18.712 I/notification_enqueue( 1511): [10088,6595,com.android.music,1,NULL,0,Notification(channel=Channel-music shortcut=null contentView=null vibrate=null sound=null defaults=0x0 flags=0x40 color=0x00000000 category=transport actions=4 vis=PRIVATE),1]
02-09 05:33:18.715 I/notification_enqueue( 1511): [10088,6595,com.android.music,1,NULL,0,Notification(channel=Channel-music shortcut=null contentView=null vibrate=null sound=null defaults=0x0 flags=0x40 color=0x00000000 category=transport actions=4 vis=PRIVATE),1]
02-09 05:33:18.771 W/ContextImpl( 2089): Calling a method in the system process without a qualified user: android.app.ContextImpl.startService:1816 android.content.ContextWrapper.startService:774 com.thundercomm.gamemode.ingame.services.GameModeActionUtils.startGameModeService:111 com.thundercomm.gamemode.ingame.services.GameModeActionUtils.startGameModeEntry:22 com.thundercomm.gamemode.ingame.services.ActivityMonitoringService$1.onActivityLaunch:139
02-09 05:33:18.775 I/GameModeConfig( 1511): Current uri is uri = content://com.thundercomm.gamemode.api/gamemode_settings/gamemode_isgaming
02-09 05:33:18.780 I/GameModeConfig( 1511): isGameModeOn = true
02-09 05:33:18.780 I/GameModeConfig( 1511): isGaming = false
02-09 05:33:18.780 I/GameModeConfig( 1511): isGameModeOn = true
02-09 05:33:18.780 I/GameModeConfig( 1511): isGaming = false
02-09 05:33:18.780 I/GameModeConfig( 1511): isDisableVoice = true
02-09 05:33:18.914 I/GameModeConfig( 1511): isGameModeOn = true
02-09 05:33:18.914 I/GameModeConfig( 1511): isGaming = false
02-09 05:33:18.916 I/GameModeConfig( 1511): isGameModeOn = true
02-09 05:33:18.916 I/GameModeConfig( 1511): isGaming = false
02-09 05:33:19.028 I/wm_stop_activity( 1511): [0,204923478,com.android.launcher3/.uioverrides.QuickstepLauncher]
02-09 05:33:19.047 W/FreeFormWindowHelper( 1511): Current Display FreeFormTask is null
02-09 05:33:19.047 W/FreeFormWindowHelper( 1511): Current Display FreeFormTask is null
02-09 05:33:19.050 W/FreeFormWindowHelper( 1511): exitRecentTasks type=0
02-09 05:33:19.062 I/wm_on_stop_called( 2559): [204923478,com.android.launcher3.uioverrides.QuickstepLauncher,STOP_ACTIVITY_ITEM]
02-09 05:33:19.073 W/ContextImpl( 2089): Calling a method in the system process without a qualified user: android.app.ContextImpl.startService:1816 android.content.ContextWrapper.startService:774 com.thundercomm.gamemode.ingame.services.GameModeActionUtils.startGameModeService:111 com.thundercomm.gamemode.ingame.services.GameModeActionUtils.startGameModeEntry:22 com.thundercomm.gamemode.ingame.services.ActivityMonitoringService$1.onActivityLaunch:139
02-09 05:33:19.076 I/GameModeConfig( 1511): Current uri is uri = content://com.thundercomm.gamemode.api/gamemode_settings/gamemode_isgaming
02-09 05:33:19.077 I/GameModeConfig( 1511): isGameModeOn = true
02-09 05:33:19.077 I/GameModeConfig( 1511): isGaming = false
02-09 05:33:19.077 I/GameModeConfig( 1511): isGameModeOn = true
02-09 05:33:19.077 I/GameModeConfig( 1511): isGaming = false
02-09 05:33:19.077 I/GameModeConfig( 1511): isDisableVoice = true
02-09 05:33:19.534 I/input_interaction( 1511): Interaction with: 9110735 com.android.music/com.android.music.MusicBrowserActivity (server), edge-swipe (server), swipe-up (server), PointerEventDispatcher0 (server),
02-09 05:33:19.548 W/FreeFormWindowHelper( 1511): Current Display FreeFormTask is null
02-09 05:33:19.549 I/wm_task_moved( 1511): [1,0,0]
02-09 05:33:19.549 I/wm_task_moved( 1511): [1,0,12]
02-09 05:33:19.573 I/view_enqueue_input_event( 6595): [Motion - Cancel,com.android.music/com.android.music.MusicBrowserActivity]
02-09 05:33:19.578 I/input_focus( 1511): [Focus request recents_animation_input_consumer,reason=UpdateInputWindows]
02-09 05:33:19.580 I/wm_on_restart_called( 2559): [204923478,com.android.launcher3.uioverrides.QuickstepLauncher,performRestartActivity]
02-09 05:33:19.581 W/FreeFormWindowHelper( 1511): Current Display FreeFormTask is null
02-09 05:33:19.581 W/FreeFormWindowHelper( 1511): Current Display FreeFormTask is null
02-09 05:33:19.582 W/FreeFormWindowHelper( 1511): Current Display FreeFormTask is null
02-09 05:33:19.584 W/ContextImpl( 2089): Calling a method in the system process without a qualified user: android.app.ContextImpl.startService:1816 android.content.ContextWrapper.startService:774 com.thundercomm.gamemode.ingame.services.GameModeActionUtils.startGameModeService:111 com.thundercomm.gamemode.ingame.services.GameModeActionUtils.startGameModeEntry:22 com.thundercomm.gamemode.ingame.services.ActivityMonitoringService$1.onActivityLaunch:139
02-09 05:33:19.586 I/input_interaction( 1511): Interaction with: edge-swipe (server), swipe-up (server), PointerEventDispatcher0 (server),
02-09 05:33:19.586 I/GameModeConfig( 1511): Current uri is uri = content://com.thundercomm.gamemode.api/gamemode_settings/gamemode_isgaming
02-09 05:33:19.588 I/GameModeConfig( 1511): isGameModeOn = true
02-09 05:33:19.588 I/GameModeConfig( 1511): isGaming = false
02-09 05:33:19.589 I/GameModeConfig( 1511): isGameModeOn = true
02-09 05:33:19.589 I/GameModeConfig( 1511): isGaming = false
02-09 05:33:19.589 I/GameModeConfig( 1511): isDisableVoice = true
02-09 05:33:19.593 I/input_focus( 1511): [Focus leaving 9110735 com.android.music/com.android.music.MusicBrowserActivity (server),reason=NOT_FOCUSABLE]
02-09 05:33:19.593 I/input_focus( 1511): [Focus entering recents_animation_input_consumer (server),reason=setFocusedWindow]
02-09 05:33:19.601 I/wm_on_start_called( 2559): [204923478,com.android.launcher3.uioverrides.QuickstepLauncher,handleStartActivity]
02-09 05:33:19.606 W/FreeFormWindowHelper( 1511): Current Display FreeFormTask is null
02-09 05:33:19.606 W/FreeFormWindowHelper( 1511): Current Display FreeFormTask is null
02-09 05:33:19.607 I/sysui_latency( 2559): [1,74]
02-09 05:33:19.615 W/FreeFormWindowHelper( 1511): Current Display FreeFormTask is null
02-09 05:33:19.617 W/FreeFormWindowHelper( 1511): Current Display FreeFormTask is null
02-09 05:33:19.617 W/FreeFormWindowHelper( 1511): Current Display FreeFormTask is null
02-09 05:33:19.623 I/sysui_multi_action( 1511): [319,14,322,69,325,4294,757,761,758,9,759,5,806,com.android.launcher3,871,com.android.launcher3.uioverrides.QuickstepLauncher,905,0,1320,4,1321,1]
02-09 05:33:19.626 W/FreeFormWindowHelper( 1511): Current Display FreeFormTask is null
02-09 05:33:19.626 W/FreeFormWindowHelper( 1511): Current Display FreeFormTask is null
02-09 05:33:19.642 W/FreeFormWindowHelper( 1511): Current Display FreeFormTask is null
02-09 05:33:19.642 W/FreeFormWindowHelper( 1511): Current Display FreeFormTask is null
02-09 05:33:19.803 I/commit_sys_config_file( 1511): [settings-1-0,3]
02-09 05:33:19.918 I/sysui_latency( 1511): [8,79]
02-09 05:33:19.989 W/FreeFormWindowHelper( 1511): Current Display FreeFormTask is null
02-09 05:33:19.989 W/FreeFormWindowHelper( 1511): Current Display FreeFormTask is null
02-09 05:33:19.990 W/FreeFormWindowHelper( 1511): Current Display FreeFormTask is null
02-09 05:33:20.290 I/wm_task_moved( 1511): [1,1,13]
02-09 05:33:20.291 I/wm_focused_root_task( 1511): [0,0,1,35,RecentsAnimation.onAnimationFinished()]
02-09 05:33:20.292 I/wm_pause_activity( 1511): [0,231155608,com.android.music/.MusicBrowserActivity,userLeaving=false,pauseBackTasks]
02-09 05:33:20.294 I/ActivityTaskManager( 1511): FOREGROUND_APPLICATION_CHANGED to com.android.launcher3.uioverrides.QuickstepLauncher
02-09 05:33:20.295 I/wm_set_resumed_activity( 1511): [0,com.android.launcher3/.uioverrides.QuickstepLauncher,resumeTopActivityInnerLocked]
02-09 05:33:20.296 I/wm_resume_activity( 1511): [0,204923478,8,com.android.launcher3/.uioverrides.QuickstepLauncher]
02-09 05:33:20.298 I/wm_add_to_stopping( 1511): [0,231155608,com.android.music/.MusicBrowserActivity,makeInvisible]
02-09 05:33:20.298 I/wm_on_resume_called( 2559): [204923478,com.android.launcher3.uioverrides.QuickstepLauncher,RESUME_ACTIVITY]
02-09 05:33:20.299 I/wm_on_top_resumed_lost_called( 6595): [231155608,com.android.music.MusicBrowserActivity,topStateChangedWhenResumed]
02-09 05:33:20.306 I/input_focus( 1511): [Focus request 584aa45 com.android.launcher3/com.android.launcher3.uioverrides.QuickstepLauncher,reason=UpdateInputWindows]
02-09 05:33:20.307 I/sysui_multi_action( 1511): [757,803,799,window_time_0,802,2]
02-09 05:33:20.312 W/FreeFormWindowHelper( 1511): Current Display FreeFormTask is null
02-09 05:33:20.312 I/input_focus( 1511): [Focus leaving recents_animation_input_consumer (server),reason=NOT_VISIBLE]
02-09 05:33:20.312 W/FreeFormWindowHelper( 1511): Current Display FreeFormTask is null
