02-09 05:30:07.867 I/am_wtf ( 1511): [0,1511,system_server,-1,DisplayDeviceConfig,requesting nits when no mapping exists.]
02-09 05:30:07.882 E/DisplayDeviceConfig( 1511): requesting nits when no mapping exists.
02-09 05:30:07.882 E/DisplayDeviceConfig( 1511): requesting nits when no mapping exists.
02-09 05:30:07.882 I/am_wtf ( 1511): [0,1511,system_server,-1,DisplayDeviceConfig,requesting nits when no mapping exists.]
02-09 05:30:07.884 I/am_wtf ( 1511): [0,1511,system_server,-1,DisplayDeviceConfig,requesting nits when no mapping exists.]
02-09 05:30:07.898 E/DisplayDeviceConfig( 1511): requesting nits when no mapping exists.
02-09 05:30:07.899 E/DisplayDeviceConfig( 1511): requesting nits when no mapping exists.
02-09 05:30:07.899 I/am_wtf ( 1511): [0,1511,system_server,-1,DisplayDeviceConfig,requesting nits when no mapping exists.]
02-09 05:30:07.900 I/am_wtf ( 1511): [0,1511,system_server,-1,DisplayDeviceConfig,requesting nits when no mapping exists.]
02-09 05:30:07.915 E/DisplayDeviceConfig( 1511): requesting nits when no mapping exists.
02-09 05:30:07.915 E/DisplayDeviceConfig( 1511): requesting nits when no mapping exists.
02-09 05:30:07.916 I/am_wtf ( 1511): [0,1511,system_server,-1,DisplayDeviceConfig,requesting nits when no mapping exists.]
02-09 05:30:07.918 I/am_wtf ( 1511): [0,1511,system_server,-1,DisplayDeviceConfig,requesting nits when no mapping exists.]
02-09 05:30:07.932 E/DisplayDeviceConfig( 1511): requesting nits when no mapping exists.
02-09 05:30:07.932 E/DisplayDeviceConfig( 1511): requesting nits when no mapping exists.
02-09 05:30:07.933 I/am_wtf ( 1511): [0,1511,system_server,-1,DisplayDeviceConfig,requesting nits when no mapping exists.]
02-09 05:30:07.934 I/am_wtf ( 1511): [0,1511,system_server,-1,DisplayDeviceConfig,requesting nits when no mapping exists.]
02-09 05:30:07.948 E/DisplayDeviceConfig( 1511): requesting nits when no mapping exists.
02-09 05:30:07.949 E/DisplayDeviceConfig( 1511): requesting nits when no mapping exists.
02-09 05:30:07.949 I/am_wtf ( 1511): [0,1511,system_server,-1,DisplayDeviceConfig,requesting nits when no mapping exists.]
02-09 05:30:07.950 I/am_wtf ( 1511): [0,1511,system_server,-1,DisplayDeviceConfig,requesting nits when no mapping exists.]
02-09 05:30:14.141 I/PowerManagerService( 1511): Napping display group (groupId=0, uid=1000)...
02-09 05:30:14.141 I/PowerManagerService( 1511): Nap time (uid 1000)...
02-09 05:30:14.143 I/DreamManagerService( 1511): Entering dreamland.
02-09 05:30:14.146 I/PowerManagerService( 1511): Dreaming...
02-09 05:30:14.154 I/DreamController( 1511): Starting dream: name=ComponentInfo{com.thundercomm.screensaver/com.thundercomm.saverclock.service.ClockScreensaver}, isTest=false, canDoze=false, userId=0
02-09 05:30:14.154 I/sysui_multi_action( 1511): [757,222,758,1]
02-09 05:30:14.174 I/ActivityTaskManager( 1511): START u0 {flg=0x10000000 pkg=com.thundercomm.screensaver cmp=com.thundercomm.screensaver/android.service.dreams.DreamActivity (has extras)} from uid 10044
02-09 05:30:14.176 I/wm_task_created( 1511): [28,-1]
02-09 05:30:14.176 W/ActivityTaskManager( 1511): Can't find TaskDisplayArea to determine support for multi window. Task id=28 attached=false
02-09 05:30:14.180 I/wm_task_moved( 1511): [28,1,8]
02-09 05:30:14.180 I/wm_task_to_front( 1511): [0,28]
02-09 05:30:14.181 I/wm_create_task( 1511): [0,28]
02-09 05:30:14.181 I/wm_create_activity( 1511): [0,58151955,28,com.thundercomm.screensaver/android.service.dreams.DreamActivity,NULL,NULL,NULL,276824064]
02-09 05:30:14.181 I/wm_task_moved( 1511): [28,1,8]
02-09 05:30:14.181 I/wm_on_top_resumed_lost_called( 2559): [204923478,com.android.launcher3.uioverrides.QuickstepLauncher,topStateChangedWhenResumed]
02-09 05:30:14.182 I/wm_pause_activity( 1511): [0,204923478,com.android.launcher3/.uioverrides.QuickstepLauncher,userLeaving=true,pauseBackTasks]
02-09 05:30:14.183 I/wm_on_paused_called( 2559): [204923478,com.android.launcher3.uioverrides.QuickstepLauncher,performPause]
02-09 05:30:14.184 I/ActivityTaskManager( 1511): FOREGROUND_APPLICATION_CHANGED to android.service.dreams.DreamActivity
02-09 05:30:14.184 I/ActivityTaskManager( 1511): The Process com.thundercomm.screensaver Already Exists in BG. So sending its PID: 4907
02-09 05:30:14.184 W/ActivityTaskManager( 1511): Tried to set launchTime (0) < mLastActivityLaunchTime (4021369)
02-09 05:30:14.184 I/wm_add_to_stopping( 1511): [0,204923478,com.android.launcher3/.uioverrides.QuickstepLauncher,makeInvisible]
02-09 05:30:14.185 I/wm_restart_activity( 1511): [0,58151955,28,com.thundercomm.screensaver/android.service.dreams.DreamActivity]
02-09 05:30:14.185 I/wm_set_resumed_activity( 1511): [0,com.thundercomm.screensaver/android.service.dreams.DreamActivity,minimalResumeActivityLocked]
02-09 05:30:14.189 I/sysui_multi_action( 1511): [757,803,799,window_time_0,802,61]
02-09 05:30:14.192 I/wm_on_create_called( 4907): [58151955,android.service.dreams.DreamActivity,performCreate]
02-09 05:30:14.193 I/wm_on_start_called( 4907): [58151955,android.service.dreams.DreamActivity,handleStartActivity]
02-09 05:30:14.193 I/wm_on_resume_called( 4907): [58151955,android.service.dreams.DreamActivity,RESUME_ACTIVITY]
02-09 05:30:14.194 W/ContextImpl( 2089): Calling a method in the system process without a qualified user: android.app.ContextImpl.startService:1816 android.content.ContextWrapper.startService:774 com.thundercomm.gamemode.ingame.services.GameModeActionUtils.startGameModeService:111 com.thundercomm.gamemode.ingame.services.GameModeActionUtils.startGameModeEntry:22 com.thundercomm.gamemode.ingame.services.ActivityMonitoringService$1.onActivityLaunch:139
02-09 05:30:14.195 I/wm_on_top_resumed_gained_called( 4907): [58151955,android.service.dreams.DreamActivity,topStateChangedWhenResumed]
02-09 05:30:14.198 I/GameModeConfig( 1511): Current uri is uri = content://com.thundercomm.gamemode.api/gamemode_settings/gamemode_isgaming
02-09 05:30:14.200 I/GameModeConfig( 1511): isGameModeOn = false
02-09 05:30:14.200 I/GameModeConfig( 1511): isGameModeOn = false
02-09 05:30:14.200 I/GameModeConfig( 1511): isDisableVoice = true
02-09 05:30:14.209 I/input_focus( 1511): [Focus request 6791e6f com.thundercomm.screensaver/android.service.dreams.DreamActivity,reason=UpdateInputWindows]
02-09 05:30:14.215 I/input_focus( 1511): [Focus leaving 584aa45 com.android.launcher3/com.android.launcher3.uioverrides.QuickstepLauncher (server),reason=NO_WINDOW]
02-09 05:30:14.231 I/sysui_multi_action( 1511): [319,55,322,55,325,4109,757,761,758,8,759,2,806,com.thundercomm.screensaver,871,android.service.dreams.DreamActivity,904,com.thundercomm.screensaver,905,0,1320,4,1321,2]
02-09 05:30:14.232 I/wm_activity_launch_time( 1511): [0,58151955,com.thundercomm.screensaver/android.service.dreams.DreamActivity,55]
02-09 05:30:14.233 V/DisplayPowerController[0]( 1511): Brightness [1.0] reason changing to: 'manual', previous reason: 'manual [ dim ]'.
02-09 05:30:14.233 I/sysui_multi_action( 1511): [757,1696,758,6,759,3]
02-09 05:30:14.247 E/DisplayDeviceConfig( 1511): requesting nits when no mapping exists.
02-09 05:30:14.247 E/DisplayDeviceConfig( 1511): requesting nits when no mapping exists.
02-09 05:30:14.247 I/am_wtf ( 1511): [0,1511,system_server,-1,DisplayDeviceConfig,requesting nits when no mapping exists.]
02-09 05:30:14.247 I/am_wtf ( 1511): [0,1511,system_server,-1,DisplayDeviceConfig,requesting nits when no mapping exists.]
02-09 05:30:14.248 I/input_focus( 1511): [Focus entering 6791e6f com.thundercomm.screensaver/android.service.dreams.DreamActivity (server),reason=Window became focusable. Previous reason: NOT_VISIBLE]
02-09 05:30:14.263 E/DisplayDeviceConfig( 1511): requesting nits when no mapping exists.
02-09 05:30:14.263 E/DisplayDeviceConfig( 1511): requesting nits when no mapping exists.
02-09 05:30:14.263 I/am_wtf ( 1511): [0,1511,system_server,-1,DisplayDeviceConfig,requesting nits when no mapping exists.]
02-09 05:30:14.264 I/am_wtf ( 1511): [0,1511,system_server,-1,DisplayDeviceConfig,requesting nits when no mapping exists.]
02-09 05:30:14.280 E/DisplayDeviceConfig( 1511): requesting nits when no mapping exists.
02-09 05:30:14.280 E/DisplayDeviceConfig( 1511): requesting nits when no mapping exists.
02-09 05:30:14.280 I/am_wtf ( 1511): [0,1511,system_server,-1,DisplayDeviceConfig,requesting nits when no mapping exists.]
02-09 05:30:14.281 I/am_wtf ( 1511): [0,1511,system_server,-1,DisplayDeviceConfig,requesting nits when no mapping exists.]
02-09 05:30:14.288 W/ContextImpl( 2089): Calling a method in the system process without a qualified user: android.app.ContextImpl.startService:1816 android.content.ContextWrapper.startService:774 com.thundercomm.gamemode.ingame.services.GameModeActionUtils.startGameModeService:111 com.thundercomm.gamemode.ingame.services.GameModeActionUtils.startGameModeEntry:22 com.thundercomm.gamemode.ingame.services.ActivityMonitoringService$1.onActivityLaunch:139
02-09 05:30:14.289 I/GameModeConfig( 1511): Current uri is uri = content://com.thundercomm.gamemode.api/gamemode_settings/gamemode_isgaming
02-09 05:30:14.290 I/GameModeConfig( 1511): isGameModeOn = false
02-09 05:30:14.290 I/GameModeConfig( 1511): isGameModeOn = false
02-09 05:30:14.290 I/GameModeConfig( 1511): isDisableVoice = true
02-09 05:30:14.296 E/DisplayDeviceConfig( 1511): requesting nits when no mapping exists.
02-09 05:30:14.296 E/DisplayDeviceConfig( 1511): requesting nits when no mapping exists.
02-09 05:30:14.296 I/am_wtf ( 1511): [0,1511,system_server,-1,DisplayDeviceConfig,requesting nits when no mapping exists.]
02-09 05:30:14.297 I/am_wtf ( 1511): [0,1511,system_server,-1,DisplayDeviceConfig,requesting nits when no mapping exists.]
02-09 05:30:14.313 E/DisplayDeviceConfig( 1511): requesting nits when no mapping exists.
02-09 05:30:14.313 E/DisplayDeviceConfig( 1511): requesting nits when no mapping exists.
02-09 05:30:14.313 I/am_wtf ( 1511): [0,1511,system_server,-1,DisplayDeviceConfig,requesting nits when no mapping exists.]
02-09 05:30:14.314 I/am_wtf ( 1511): [0,1511,system_server,-1,DisplayDeviceConfig,requesting nits when no mapping exists.]
02-09 05:30:14.330 E/DisplayDeviceConfig( 1511): requesting nits when no mapping exists.
02-09 05:30:14.330 E/DisplayDeviceConfig( 1511): requesting nits when no mapping exists.
02-09 05:30:14.330 I/am_wtf ( 1511): [0,1511,system_server,-1,DisplayDeviceConfig,requesting nits when no mapping exists.]
02-09 05:30:14.330 I/am_wtf ( 1511): [0,1511,system_server,-1,DisplayDeviceConfig,requesting nits when no mapping exists.]
02-09 05:30:14.346 E/DisplayDeviceConfig( 1511): requesting nits when no mapping exists.
02-09 05:30:14.347 E/DisplayDeviceConfig( 1511): requesting nits when no mapping exists.
02-09 05:30:14.347 I/am_wtf ( 1511): [0,1511,system_server,-1,DisplayDeviceConfig,requesting nits when no mapping exists.]
02-09 05:30:14.347 I/am_wtf ( 1511): [0,1511,system_server,-1,DisplayDeviceConfig,requesting nits when no mapping exists.]
02-09 05:30:14.363 E/DisplayDeviceConfig( 1511): requesting nits when no mapping exists.
02-09 05:30:14.364 E/DisplayDeviceConfig( 1511): requesting nits when no mapping exists.
02-09 05:30:14.364 I/am_wtf ( 1511): [0,1511,system_server,-1,DisplayDeviceConfig,requesting nits when no mapping exists.]
02-09 05:30:14.364 I/am_wtf ( 1511): [0,1511,system_server,-1,DisplayDeviceConfig,requesting nits when no mapping exists.]
02-09 05:30:14.380 E/DisplayDeviceConfig( 1511): requesting nits when no mapping exists.
02-09 05:30:14.380 E/DisplayDeviceConfig( 1511): requesting nits when no mapping exists.
02-09 05:30:14.380 I/am_wtf ( 1511): [0,1511,system_server,-1,DisplayDeviceConfig,requesting nits when no mapping exists.]
02-09 05:30:14.380 I/am_wtf ( 1511): [0,1511,system_server,-1,DisplayDeviceConfig,requesting nits when no mapping exists.]
02-09 05:30:14.396 E/DisplayDeviceConfig( 1511): requesting nits when no mapping exists.
02-09 05:30:14.397 E/DisplayDeviceConfig( 1511): requesting nits when no mapping exists.
02-09 05:30:14.397 I/am_wtf ( 1511): [0,1511,system_server,-1,DisplayDeviceConfig,requesting nits when no mapping exists.]
02-09 05:30:14.397 I/am_wtf ( 1511): [0,1511,system_server,-1,DisplayDeviceConfig,requesting nits when no mapping exists.]
02-09 05:30:14.413 E/DisplayDeviceConfig( 1511): requesting nits when no mapping exists.
02-09 05:30:14.413 E/DisplayDeviceConfig( 1511): requesting nits when no mapping exists.
02-09 05:30:14.414 I/am_wtf ( 1511): [0,1511,system_server,-1,DisplayDeviceConfig,requesting nits when no mapping exists.]
02-09 05:30:14.414 I/am_wtf ( 1511): [0,1511,system_server,-1,DisplayDeviceConfig,requesting nits when no mapping exists.]
02-09 05:30:14.430 E/DisplayDeviceConfig( 1511): requesting nits when no mapping exists.
02-09 05:30:14.430 E/DisplayDeviceConfig( 1511): requesting nits when no mapping exists.
02-09 05:30:14.430 I/am_wtf ( 1511): [0,1511,system_server,-1,DisplayDeviceConfig,requesting nits when no mapping exists.]
02-09 05:30:14.430 I/am_wtf ( 1511): [0,1511,system_server,-1,DisplayDeviceConfig,requesting nits when no mapping exists.]
02-09 05:30:14.447 E/DisplayDeviceConfig( 1511): requesting nits when no mapping exists.
02-09 05:30:14.447 E/DisplayDeviceConfig( 1511): requesting nits when no mapping exists.
02-09 05:30:14.447 I/am_wtf ( 1511): [0,1511,system_server,-1,DisplayDeviceConfig,requesting nits when no mapping exists.]
02-09 05:30:14.447 I/am_wtf ( 1511): [0,1511,system_server,-1,DisplayDeviceConfig,requesting nits when no mapping exists.]
02-09 05:30:14.464 E/DisplayDeviceConfig( 1511): requesting nits when no mapping exists.
02-09 05:30:14.464 E/DisplayDeviceConfig( 1511): requesting nits when no mapping exists.
02-09 05:30:14.464 I/am_wtf ( 1511): [0,1511,system_server,-1,DisplayDeviceConfig,requesting nits when no mapping exists.]
02-09 05:30:14.464 I/am_wtf ( 1511): [0,1511,system_server,-1,DisplayDeviceConfig,requesting nits when no mapping exists.]
02-09 05:30:14.480 E/DisplayDeviceConfig( 1511): requesting nits when no mapping exists.
02-09 05:30:14.480 E/DisplayDeviceConfig( 1511): requesting nits when no mapping exists.
02-09 05:30:14.480 I/am_wtf ( 1511): [0,1511,system_server,-1,DisplayDeviceConfig,requesting nits when no mapping exists.]
02-09 05:30:14.481 I/am_wtf ( 1511): [0,1511,system_server,-1,DisplayDeviceConfig,requesting nits when no mapping exists.]
02-09 05:30:14.497 E/DisplayDeviceConfig( 1511): requesting nits when no mapping exists.
02-09 05:30:14.497 E/DisplayDeviceConfig( 1511): requesting nits when no mapping exists.
02-09 05:30:14.497 I/am_wtf ( 1511): [0,1511,system_server,-1,DisplayDeviceConfig,requesting nits when no mapping exists.]
02-09 05:30:14.498 I/am_wtf ( 1511): [0,1511,system_server,-1,DisplayDeviceConfig,requesting nits when no mapping exists.]
02-09 05:30:14.513 E/DisplayDeviceConfig( 1511): requesting nits when no mapping exists.
02-09 05:30:14.514 I/am_wtf ( 1511): [0,1511,system_server,-1,DisplayDeviceConfig,requesting nits when no mapping exists.]
02-09 05:30:14.514 E/DisplayDeviceConfig( 1511): requesting nits when no mapping exists.
02-09 05:30:14.514 I/am_wtf ( 1511): [0,1511,system_server,-1,DisplayDeviceConfig,requesting nits when no mapping exists.]
02-09 05:30:14.514 I/service_manager_stats( 1511): [100,46,7115]
02-09 05:30:14.531 E/DisplayDeviceConfig( 1511): requesting nits when no mapping exists.
02-09 05:30:14.532 I/am_wtf ( 1511): [0,1511,system_server,-1,DisplayDeviceConfig,requesting nits when no mapping exists.]
02-09 05:30:14.532 E/DisplayDeviceConfig( 1511): requesting nits when no mapping exists.
02-09 05:30:14.532 I/am_wtf ( 1511): [0,1511,system_server,-1,DisplayDeviceConfig,requesting nits when no mapping exists.]
02-09 05:30:14.533 I/wm_stop_activity( 1511): [0,204923478,com.android.launcher3/.uioverrides.QuickstepLauncher]
02-09 05:30:14.547 E/DisplayDeviceConfig( 1511): requesting nits when no mapping exists.
02-09 05:30:14.547 E/DisplayDeviceConfig( 1511): requesting nits when no mapping exists.
02-09 05:30:14.547 I/am_wtf ( 1511): [0,1511,system_server,-1,DisplayDeviceConfig,requesting nits when no mapping exists.]
02-09 05:30:14.548 I/am_wtf ( 1511): [0,1511,system_server,-1,DisplayDeviceConfig,requesting nits when no mapping exists.]
02-09 05:30:14.550 I/wm_on_stop_called( 2559): [204923478,com.android.launcher3.uioverrides.QuickstepLauncher,STOP_ACTIVITY_ITEM]
02-09 05:30:14.565 E/DisplayDeviceConfig( 1511): requesting nits when no mapping exists.
02-09 05:30:14.565 E/DisplayDeviceConfig( 1511): requesting nits when no mapping exists.
02-09 05:30:14.565 I/am_wtf ( 1511): [0,1511,system_server,-1,DisplayDeviceConfig,requesting nits when no mapping exists.]
02-09 05:30:14.566 I/am_wtf ( 1511): [0,1511,system_server,-1,DisplayDeviceConfig,requesting nits when no mapping exists.]
02-09 05:30:14.567 W/ContextImpl( 2089): Calling a method in the system process without a qualified user: android.app.ContextImpl.startService:1816 android.content.ContextWrapper.startService:774 com.thundercomm.gamemode.ingame.services.GameModeActionUtils.startGameModeService:111 com.thundercomm.gamemode.ingame.services.GameModeActionUtils.startGameModeEntry:22 com.thundercomm.gamemode.ingame.services.ActivityMonitoringService$1.onActivityLaunch:139
02-09 05:30:14.568 I/GameModeConfig( 1511): Current uri is uri = content://com.thundercomm.gamemode.api/gamemode_settings/gamemode_isgaming
02-09 05:30:14.569 I/GameModeConfig( 1511): isGameModeOn = false
02-09 05:30:14.569 I/GameModeConfig( 1511): isGameModeOn = false
02-09 05:30:14.569 I/GameModeConfig( 1511): isDisableVoice = true
02-09 05:30:14.580 E/DisplayDeviceConfig( 1511): requesting nits when no mapping exists.
02-09 05:30:14.580 E/DisplayDeviceConfig( 1511): requesting nits when no mapping exists.
02-09 05:30:14.580 I/am_wtf ( 1511): [0,1511,system_server,-1,DisplayDeviceConfig,requesting nits when no mapping exists.]
02-09 05:30:14.581 I/am_wtf ( 1511): [0,1511,system_server,-1,DisplayDeviceConfig,requesting nits when no mapping exists.]
02-09 05:30:14.597 E/DisplayDeviceConfig( 1511): requesting nits when no mapping exists.
02-09 05:30:14.597 E/DisplayDeviceConfig( 1511): requesting nits when no mapping exists.
02-09 05:30:14.597 I/am_wtf ( 1511): [0,1511,system_server,-1,DisplayDeviceConfig,requesting nits when no mapping exists.]
02-09 05:30:14.597 I/am_wtf ( 1511): [0,1511,system_server,-1,DisplayDeviceConfig,requesting nits when no mapping exists.]
02-09 05:30:14.614 E/DisplayDeviceConfig( 1511): requesting nits when no mapping exists.
02-09 05:30:14.614 I/am_wtf ( 1511): [0,1511,system_server,-1,DisplayDeviceConfig,requesting nits when no mapping exists.]
02-09 05:30:14.614 E/DisplayDeviceConfig( 1511): requesting nits when no mapping exists.
02-09 05:30:14.615 I/am_wtf ( 1511): [0,1511,system_server,-1,DisplayDeviceConfig,requesting nits when no mapping exists.]
02-09 05:30:14.631 E/DisplayDeviceConfig( 1511): requesting nits when no mapping exists.
02-09 05:30:14.632 E/DisplayDeviceConfig( 1511): requesting nits when no mapping exists.
02-09 05:30:14.632 I/am_wtf ( 1511): [0,1511,system_server,-1,DisplayDeviceConfig,requesting nits when no mapping exists.]
02-09 05:30:14.632 I/am_wtf ( 1511): [0,1511,system_server,-1,DisplayDeviceConfig,requesting nits when no mapping exists.]
02-09 05:30:14.647 E/DisplayDeviceConfig( 1511): requesting nits when no mapping exists.
02-09 05:30:14.648 I/am_wtf ( 1511): [0,1511,system_server,-1,DisplayDeviceConfig,requesting nits when no mapping exists.]
02-09 05:30:14.648 E/DisplayDeviceConfig( 1511): requesting nits when no mapping exists.
02-09 05:30:14.648 I/am_wtf ( 1511): [0,1511,system_server,-1,DisplayDeviceConfig,requesting nits when no mapping exists.]
02-09 05:30:14.664 E/DisplayDeviceConfig( 1511): requesting nits when no mapping exists.
02-09 05:30:14.664 E/DisplayDeviceConfig( 1511): requesting nits when no mapping exists.
02-09 05:30:14.664 I/am_wtf ( 1511): [0,1511,system_server,-1,DisplayDeviceConfig,requesting nits when no mapping exists.]
02-09 05:30:14.664 I/am_wtf ( 1511): [0,1511,system_server,-1,DisplayDeviceConfig,requesting nits when no mapping exists.]
02-09 05:30:14.681 E/DisplayDeviceConfig( 1511): requesting nits when no mapping exists.
02-09 05:30:14.682 E/DisplayDeviceConfig( 1511): requesting nits when no mapping exists.
02-09 05:30:14.682 I/am_wtf ( 1511): [0,1511,system_server,-1,DisplayDeviceConfig,requesting nits when no mapping exists.]
02-09 05:30:14.682 I/am_wtf ( 1511): [0,1511,system_server,-1,DisplayDeviceConfig,requesting nits when no mapping exists.]
02-09 05:30:14.698 E/DisplayDeviceConfig( 1511): requesting nits when no mapping exists.
02-09 05:30:14.698 E/DisplayDeviceConfig( 1511): requesting nits when no mapping exists.
02-09 05:30:14.698 I/am_wtf ( 1511): [0,1511,system_server,-1,DisplayDeviceConfig,requesting nits when no mapping exists.]
02-09 05:30:14.698 I/am_wtf ( 1511): [0,1511,system_server,-1,DisplayDeviceConfig,requesting nits when no mapping exists.]
02-09 05:30:14.715 E/DisplayDeviceConfig( 1511): requesting nits when no mapping exists.
02-09 05:30:14.715 E/DisplayDeviceConfig( 1511): requesting nits when no mapping exists.
02-09 05:30:14.715 I/am_wtf ( 1511): [0,1511,system_server,-1,DisplayDeviceConfig,requesting nits when no mapping exists.]
02-09 05:30:14.715 I/am_wtf ( 1511): [0,1511,system_server,-1,DisplayDeviceConfig,requesting nits when no mapping exists.]
02-09 05:30:14.732 E/DisplayDeviceConfig( 1511): requesting nits when no mapping exists.
02-09 05:30:14.732 E/DisplayDeviceConfig( 1511): requesting nits when no mapping exists.
02-09 05:30:14.732 I/am_wtf ( 1511): [0,1511,system_server,-1,DisplayDeviceConfig,requesting nits when no mapping exists.]
02-09 05:30:14.732 I/am_wtf ( 1511): [0,1511,system_server,-1,DisplayDeviceConfig,requesting nits when no mapping exists.]
02-09 05:30:14.748 E/DisplayDeviceConfig( 1511): requesting nits when no mapping exists.
02-09 05:30:14.748 E/DisplayDeviceConfig( 1511): requesting nits when no mapping exists.
02-09 05:30:14.748 I/am_wtf ( 1511): [0,1511,system_server,-1,DisplayDeviceConfig,requesting nits when no mapping exists.]
02-09 05:30:14.749 I/am_wtf ( 1511): [0,1511,system_server,-1,DisplayDeviceConfig,requesting nits when no mapping exists.]
02-09 05:30:14.765 E/DisplayDeviceConfig( 1511): requesting nits when no mapping exists.
02-09 05:30:14.765 E/DisplayDeviceConfig( 1511): requesting nits when no mapping exists.
02-09 05:30:14.765 I/am_wtf ( 1511): [0,1511,system_server,-1,DisplayDeviceConfig,requesting nits when no mapping exists.]
02-09 05:30:14.765 I/am_wtf ( 1511): [0,1511,system_server,-1,DisplayDeviceConfig,requesting nits when no mapping exists.]
02-09 05:30:14.781 E/DisplayDeviceConfig( 1511): requesting nits when no mapping exists.
02-09 05:30:14.781 E/DisplayDeviceConfig( 1511): requesting nits when no mapping exists.
02-09 05:30:14.781 I/am_wtf ( 1511): [0,1511,system_server,-1,DisplayDeviceConfig,requesting nits when no mapping exists.]
02-09 05:30:14.782 I/am_wtf ( 1511): [0,1511,system_server,-1,DisplayDeviceConfig,requesting nits when no mapping exists.]
02-09 05:30:14.798 E/DisplayDeviceConfig( 1511): requesting nits when no mapping exists.
02-09 05:30:14.798 E/DisplayDeviceConfig( 1511): requesting nits when no mapping exists.
02-09 05:30:14.798 I/am_wtf ( 1511): [0,1511,system_server,-1,DisplayDeviceConfig,requesting nits when no mapping exists.]
02-09 05:30:14.799 I/am_wtf ( 1511): [0,1511,system_server,-1,DisplayDeviceConfig,requesting nits when no mapping exists.]
02-09 05:30:14.815 E/DisplayDeviceConfig( 1511): requesting nits when no mapping exists.
02-09 05:30:14.815 E/DisplayDeviceConfig( 1511): requesting nits when no mapping exists.
02-09 05:30:14.815 I/am_wtf ( 1511): [0,1511,system_server,-1,DisplayDeviceConfig,requesting nits when no mapping exists.]
02-09 05:30:14.815 I/am_wtf ( 1511): [0,1511,system_server,-1,DisplayDeviceConfig,requesting nits when no mapping exists.]
02-09 05:30:14.832 E/DisplayDeviceConfig( 1511): requesting nits when no mapping exists.
02-09 05:30:14.832 E/DisplayDeviceConfig( 1511): requesting nits when no mapping exists.
02-09 05:30:14.832 I/am_wtf ( 1511): [0,1511,system_server,-1,DisplayDeviceConfig,requesting nits when no mapping exists.]
02-09 05:30:14.832 I/am_wtf ( 1511): [0,1511,system_server,-1,DisplayDeviceConfig,requesting nits when no mapping exists.]
02-09 05:30:14.848 E/DisplayDeviceConfig( 1511): requesting nits when no mapping exists.
02-09 05:30:14.849 E/DisplayDeviceConfig( 1511): requesting nits when no mapping exists.
02-09 05:30:14.849 I/am_wtf ( 1511): [0,1511,system_server,-1,DisplayDeviceConfig,requesting nits when no mapping exists.]
02-09 05:30:14.849 I/am_wtf ( 1511): [0,1511,system_server,-1,DisplayDeviceConfig,requesting nits when no mapping exists.]
02-09 05:30:14.865 E/DisplayDeviceConfig( 1511): requesting nits when no mapping exists.
02-09 05:30:14.865 I/am_wtf ( 1511): [0,1511,system_server,-1,DisplayDeviceConfig,requesting nits when no mapping exists.]
02-09 05:30:14.865 E/DisplayDeviceConfig( 1511): requesting nits when no mapping exists.
02-09 05:30:14.865 I/am_wtf ( 1511): [0,1511,system_server,-1,DisplayDeviceConfig,requesting nits when no mapping exists.]
02-09 05:30:14.881 E/DisplayDeviceConfig( 1511): requesting nits when no mapping exists.
02-09 05:30:14.882 E/DisplayDeviceConfig( 1511): requesting nits when no mapping exists.
02-09 05:30:14.882 I/am_wtf ( 1511): [0,1511,system_server,-1,DisplayDeviceConfig,requesting nits when no mapping exists.]
02-09 05:30:14.882 I/am_wtf ( 1511): [0,1511,system_server,-1,DisplayDeviceConfig,requesting nits when no mapping exists.]
02-09 05:30:14.899 E/DisplayDeviceConfig( 1511): requesting nits when no mapping exists.
02-09 05:30:14.899 E/DisplayDeviceConfig( 1511): requesting nits when no mapping exists.
02-09 05:30:14.899 I/am_wtf ( 1511): [0,1511,system_server,-1,DisplayDeviceConfig,requesting nits when no mapping exists.]
02-09 05:30:14.899 I/am_wtf ( 1511): [0,1511,system_server,-1,DisplayDeviceConfig,requesting nits when no mapping exists.]
02-09 05:30:14.915 E/DisplayDeviceConfig( 1511): requesting nits when no mapping exists.
02-09 05:30:14.915 E/DisplayDeviceConfig( 1511): requesting nits when no mapping exists.
02-09 05:30:14.915 I/am_wtf ( 1511): [0,1511,system_server,-1,DisplayDeviceConfig,requesting nits when no mapping exists.]
02-09 05:30:14.916 I/am_wtf ( 1511): [0,1511,system_server,-1,DisplayDeviceConfig,requesting nits when no mapping exists.]
02-09 05:30:14.932 E/DisplayDeviceConfig( 1511): requesting nits when no mapping exists.
02-09 05:30:14.932 E/DisplayDeviceConfig( 1511): requesting nits when no mapping exists.
02-09 05:30:14.932 I/am_wtf ( 1511): [0,1511,system_server,-1,DisplayDeviceConfig,requesting nits when no mapping exists.]
02-09 05:30:14.932 I/am_wtf ( 1511): [0,1511,system_server,-1,DisplayDeviceConfig,requesting nits when no mapping exists.]
02-09 05:30:14.948 E/DisplayDeviceConfig( 1511): requesting nits when no mapping exists.
02-09 05:30:14.948 I/am_wtf ( 1511): [0,1511,system_server,-1,DisplayDeviceConfig,requesting nits when no mapping exists.]
02-09 05:30:14.949 E/DisplayDeviceConfig( 1511): requesting nits when no mapping exists.
02-09 05:30:14.949 I/am_wtf ( 1511): [0,1511,system_server,-1,DisplayDeviceConfig,requesting nits when no mapping exists.]
02-09 05:30:14.965 E/DisplayDeviceConfig( 1511): requesting nits when no mapping exists.
02-09 05:30:14.965 E/DisplayDeviceConfig( 1511): requesting nits when no mapping exists.
02-09 05:30:14.965 I/am_wtf ( 1511): [0,1511,system_server,-1,DisplayDeviceConfig,requesting nits when no mapping exists.]
02-09 05:30:14.966 I/am_wtf ( 1511): [0,1511,system_server,-1,DisplayDeviceConfig,requesting nits when no mapping exists.]
02-09 05:30:14.982 E/DisplayDeviceConfig( 1511): requesting nits when no mapping exists.
02-09 05:30:14.982 E/DisplayDeviceConfig( 1511): requesting nits when no mapping exists.
02-09 05:30:14.982 I/am_wtf ( 1511): [0,1511,system_server,-1,DisplayDeviceConfig,requesting nits when no mapping exists.]
02-09 05:30:14.983 I/am_wtf ( 1511): [0,1511,system_server,-1,DisplayDeviceConfig,requesting nits when no mapping exists.]
02-09 05:30:14.998 E/DisplayDeviceConfig( 1511): requesting nits when no mapping exists.
02-09 05:30:14.998 E/DisplayDeviceConfig( 1511): requesting nits when no mapping exists.
02-09 05:30:14.999 I/am_wtf ( 1511): [0,1511,system_server,-1,DisplayDeviceConfig,requesting nits when no mapping exists.]
02-09 05:30:14.999 I/am_wtf ( 1511): [0,1511,system_server,-1,DisplayDeviceConfig,requesting nits when no mapping exists.]
02-09 05:30:15.015 E/DisplayDeviceConfig( 1511): requesting nits when no mapping exists.
02-09 05:30:15.015 I/am_wtf ( 1511): [0,1511,system_server,-1,DisplayDeviceConfig,requesting nits when no mapping exists.]
02-09 05:30:15.015 E/DisplayDeviceConfig( 1511): requesting nits when no mapping exists.
02-09 05:30:15.015 I/am_wtf ( 1511): [0,1511,system_server,-1,DisplayDeviceConfig,requesting nits when no mapping exists.]
02-09 05:30:15.032 E/DisplayDeviceConfig( 1511): requesting nits when no mapping exists.
02-09 05:30:15.032 E/DisplayDeviceConfig( 1511): requesting nits when no mapping exists.
02-09 05:30:15.032 I/am_wtf ( 1511): [0,1511,system_server,-1,DisplayDeviceConfig,requesting nits when no mapping exists.]
02-09 05:30:15.032 I/am_wtf ( 1511): [0,1511,system_server,-1,DisplayDeviceConfig,requesting nits when no mapping exists.]
02-09 05:30:15.048 E/DisplayDeviceConfig( 1511): requesting nits when no mapping exists.
02-09 05:30:15.048 E/DisplayDeviceConfig( 1511): requesting nits when no mapping exists.
02-09 05:30:15.048 I/am_wtf ( 1511): [0,1511,system_server,-1,DisplayDeviceConfig,requesting nits when no mapping exists.]
02-09 05:30:15.049 I/am_wtf ( 1511): [0,1511,system_server,-1,DisplayDeviceConfig,requesting nits when no mapping exists.]
02-09 05:30:15.065 E/DisplayDeviceConfig( 1511): requesting nits when no mapping exists.
02-09 05:30:15.065 E/DisplayDeviceConfig( 1511): requesting nits when no mapping exists.
02-09 05:30:15.065 I/am_wtf ( 1511): [0,1511,system_server,-1,DisplayDeviceConfig,requesting nits when no mapping exists.]
02-09 05:30:15.065 I/am_wtf ( 1511): [0,1511,system_server,-1,DisplayDeviceConfig,requesting nits when no mapping exists.]
02-09 05:30:15.082 E/DisplayDeviceConfig( 1511): requesting nits when no mapping exists.
02-09 05:30:15.082 E/DisplayDeviceConfig( 1511): requesting nits when no mapping exists.
02-09 05:30:15.082 I/am_wtf ( 1511): [0,1511,system_server,-1,DisplayDeviceConfig,requesting nits when no mapping exists.]
02-09 05:30:15.082 I/am_wtf ( 1511): [0,1511,system_server,-1,DisplayDeviceConfig,requesting nits when no mapping exists.]
02-09 05:30:15.098 E/DisplayDeviceConfig( 1511): requesting nits when no mapping exists.
02-09 05:30:15.098 I/am_wtf ( 1511): [0,1511,system_server,-1,DisplayDeviceConfig,requesting nits when no mapping exists.]
02-09 05:30:15.098 E/DisplayDeviceConfig( 1511): requesting nits when no mapping exists.
02-09 05:30:15.099 I/am_wtf ( 1511): [0,1511,system_server,-1,DisplayDeviceConfig,requesting nits when no mapping exists.]
02-09 05:30:15.115 E/DisplayDeviceConfig( 1511): requesting nits when no mapping exists.
02-09 05:30:15.115 E/DisplayDeviceConfig( 1511): requesting nits when no mapping exists.
02-09 05:30:15.115 I/am_wtf ( 1511): [0,1511,system_server,-1,DisplayDeviceConfig,requesting nits when no mapping exists.]
02-09 05:30:15.115 I/am_wtf ( 1511): [0,1511,system_server,-1,DisplayDeviceConfig,requesting nits when no mapping exists.]
02-09 05:30:15.132 E/DisplayDeviceConfig( 1511): requesting nits when no mapping exists.
02-09 05:30:15.132 E/DisplayDeviceConfig( 1511): requesting nits when no mapping exists.
02-09 05:30:15.132 I/am_wtf ( 1511): [0,1511,system_server,-1,DisplayDeviceConfig,requesting nits when no mapping exists.]
02-09 05:30:15.132 I/am_wtf ( 1511): [0,1511,system_server,-1,DisplayDeviceConfig,requesting nits when no mapping exists.]
02-09 05:30:15.149 E/DisplayDeviceConfig( 1511): requesting nits when no mapping exists.
02-09 05:30:15.149 I/am_wtf ( 1511): [0,1511,system_server,-1,DisplayDeviceConfig,requesting nits when no mapping exists.]
02-09 05:30:15.149 E/DisplayDeviceConfig( 1511): requesting nits when no mapping exists.
02-09 05:30:15.149 I/am_wtf ( 1511): [0,1511,system_server,-1,DisplayDeviceConfig,requesting nits when no mapping exists.]
02-09 05:30:15.165 E/DisplayDeviceConfig( 1511): requesting nits when no mapping exists.
02-09 05:30:15.165 E/DisplayDeviceConfig( 1511): requesting nits when no mapping exists.
02-09 05:30:15.165 I/am_wtf ( 1511): [0,1511,system_server,-1,DisplayDeviceConfig,requesting nits when no mapping exists.]
02-09 05:30:15.165 I/am_wtf ( 1511): [0,1511,system_server,-1,DisplayDeviceConfig,requesting nits when no mapping exists.]
02-09 05:30:15.182 E/DisplayDeviceConfig( 1511): requesting nits when no mapping exists.
02-09 05:30:15.182 E/DisplayDeviceConfig( 1511): requesting nits when no mapping exists.
02-09 05:30:15.182 I/am_wtf ( 1511): [0,1511,system_server,-1,DisplayDeviceConfig,requesting nits when no mapping exists.]
02-09 05:30:15.182 I/am_wtf ( 1511): [0,1511,system_server,-1,DisplayDeviceConfig,requesting nits when no mapping exists.]
02-09 05:30:51.455 I/auditd ( 1511): type=1400 audit(0.0:1113): avc: denied { getopt } for comm="Binder:1511_A" scontext=u:r:system_server:s0 tcontext=u:r:shell:s0 tclass=unix_stream_socket permissive=0
02-09 05:30:51.469 I/commit_sys_config_file( 1511): [package-session,4135764]
02-09 05:30:51.483 D/ApkSignatureVerifier( 1511): Perflock acquired for PackageInstall
02-09 05:30:54.169 D/ApkSignatureVerifier( 1511): Perflock released for PackageInstall
02-09 05:30:55.314 W/PackageParsing( 1511): Ignoring duplicate uses-permissions/uses-permissions-sdk-m: android.permission.INTERNET in package: com.tencent.lolm at: Binary XML file line #11
02-09 05:30:55.426 W/RuleEvaluation( 1511): Integrity rule files are not available.
02-09 05:30:55.427 I/PackageManager( 1511): Integrity check passed for file:///data/app/vmdl1543495538.tmp
02-09 05:30:55.461 W/PackageParsing( 1511): Ignoring duplicate uses-permissions/uses-permissions-sdk-m: android.permission.INTERNET in package: com.tencent.lolm at: Binary XML file line #11
02-09 05:30:55.591 I/PackageManager( 1511): Permission ownership changed. Updating all permissions.
02-09 05:30:55.623 I/commit_sys_config_file( 1511): [package-user-0,1]
02-09 05:30:55.624 I/commit_sys_config_file( 1511): [package,19]
02-09 05:30:55.699 V/StorageManagerService( 1511): Package null has legacy storage
02-09 05:30:56.474 V/BackupManagerService( 1511): [UserID:0] restoreAtInstall pkg=com.tencent.lolm token=2 restoreSet=0
02-09 05:30:56.474 V/BackupManagerService( 1511): [UserID:0] Finishing install immediately
02-09 05:30:56.475 I/unknown_sources_enabled( 1511): 1
02-09 05:30:56.475 I/auditd ( 1511): type=1400 audit(0.0:1114): avc: denied { getopt } for comm="Binder:1511_A" scontext=u:r:system_server:s0 tcontext=u:r:shell:s0 tclass=unix_stream_socket permissive=0
02-09 05:30:56.475 I/auditd ( 1511): type=1400 audit(0.0:1115): avc: denied { getopt } for comm="Binder:1511_A" scontext=u:r:system_server:s0 tcontext=u:r:shell:s0 tclass=unix_stream_socket permissive=0
02-09 05:30:56.475 I/auditd ( 1511): type=1400 audit(0.0:1116): avc: denied { getopt } for comm="Binder:1511_A" scontext=u:r:system_server:s0 tcontext=u:r:shell:s0 tclass=unix_stream_socket permissive=0
02-09 05:30:56.479 D/CompatibilityChangeReporter( 1511): Compat change id reported: 168419799; UID 10097; state: DISABLED
02-09 05:30:56.479 I/commit_sys_config_file( 1511): [package-session,4140775]
02-09 05:30:56.483 I/commit_sys_config_file( 1511): [overlays,4141621]
02-09 05:30:56.495 I/Telecom ( 1511): DefaultDialerCache: Refreshing default dialer for user 0: now null: DDC.oR@ABo
02-09 05:30:56.498 W/BroadcastQueue( 1511): Background execution not allowed: receiving Intent { act=android.intent.action.PACKAGE_ADDED dat=package:com.tencent.lolm flg=0x4000010 (has extras) } to com.android.packageinstaller/.PackageInstalledReceiver
02-09 05:30:56.499 W/BroadcastQueue( 1511): Background execution not allowed: receiving Intent { act=android.intent.action.PACKAGE_ADDED dat=package:com.tencent.lolm flg=0x4000010 (has extras) } to com.android.gallery3d/.app.PackagesMonitor
02-09 05:30:56.499 V/BackupManagerConstants( 1511): getFullBackupIntervalMilliseconds(...) returns 86400000
02-09 05:30:56.499 V/BackupManagerConstants( 1511): getFullBackupRequiredNetworkType(...) returns 2
02-09 05:30:56.499 V/BackupManagerConstants( 1511): getFullBackupRequireCharging(...) returns true
02-09 05:30:56.500 I/am_uid_running( 1511): 10092
02-09 05:30:56.500 D/CompatibilityChangeReporter( 1511): Compat change id reported: 135634846; UID 10092; state: DISABLED
02-09 05:30:56.500 D/CompatibilityChangeReporter( 1511): Compat change id reported: 177438394; UID 10092; state: DISABLED
02-09 05:30:56.500 I/notification_cancel_all( 1511): [1000,1511,com.tencent.lolm,0,0,0,5,NULL]
02-09 05:30:56.500 D/CompatibilityChangeReporter( 1511): Compat change id reported: 135772972; UID 10092; state: DISABLED
02-09 05:30:56.501 D/CompatibilityChangeReporter( 1511): Compat change id reported: 135754954; UID 10092; state: DISABLED
02-09 05:30:56.501 D/CompatibilityChangeReporter( 1511): Compat change id reported: 143937733; UID 10092; state: DISABLED
02-09 05:30:56.505 D/CompanionDeviceManagerService( 1511): onPackageModified(packageName = com.tencent.lolm)
02-09 05:30:56.509 D/CompatibilityChangeReporter( 1511): Compat change id reported: 168419799; UID 10064; state: DISABLED
02-09 05:30:56.510 I/am_proc_start( 1511): [0,6701,10092,com.android.permissioncontroller,service,{com.android.permissioncontroller/com.android.permissioncontroller.permission.service.PermissionControllerServiceImpl}]
02-09 05:30:56.510 I/ActivityManager( 1511): Start proc 6701:com.android.permissioncontroller/u0a92 for service {com.android.permissioncontroller/com.android.permissioncontroller.permission.service.PermissionControllerServiceImpl}
02-09 05:30:56.516 I/Telecom ( 1511): DefaultDialerCache: Refreshing default dialer for user 0: now null: DDC.oR@ABs
02-09 05:30:56.529 W/VoiceInteractionManager( 1511): no available voice recognition services found for user 0
02-09 05:30:56.529 W/PackageManager( 1511): Failed registering loading progress callback. Package is fully loaded.
02-09 05:30:56.529 I/am_proc_bound( 1511): [0,6701,com.android.permissioncontroller]
02-09 05:30:56.531 D/CompatibilityChangeReporter( 1511): Compat change id reported: 168419799; UID 10092; state: DISABLED
02-09 05:30:56.533 I/am_uid_active( 1511): 10092
02-09 05:30:56.541 W/VoiceInteractionManager( 1511): no available voice recognition services found for user 0
02-09 05:30:59.083 I/storage_state( 1511): [41217664-9172-527a-b3d5-edabb50a7d69,0,0,110218838016,118610538496]
02-09 05:31:04.193 I/input_interaction( 1511): Interaction with: 6791e6f com.thundercomm.screensaver/android.service.dreams.DreamActivity (server), edge-swipe (server), swipe-up (server), PointerEventDispatcher0 (server),
02-09 05:31:04.197 I/wm_finish_activity( 1511): [0,58151955,28,com.thundercomm.screensaver/android.service.dreams.DreamActivity,finish-activity]
02-09 05:31:04.197 I/wm_task_moved( 1511): [1,1,7]
02-09 05:31:04.197 I/wm_task_moved( 1511): [8,1,2147483647]
02-09 05:31:04.198 I/wm_task_to_front( 1511): [0,8]
02-09 05:31:04.198 I/wm_focused_root_task( 1511): [0,0,1,28,finish-top adjustFocusToNextFocusableTask]
02-09 05:31:04.198 I/wm_set_resumed_activity( 1511): [0,com.android.launcher3/.uioverrides.QuickstepLauncher,finish-top adjustFocusToNextFocusableTask]
02-09 05:31:04.199 I/wm_pause_activity( 1511): [0,58151955,com.thundercomm.screensaver/android.service.dreams.DreamActivity,userLeaving=false,finish]
02-09 05:31:04.206 I/DreamManagerService( 1511): Gently waking up from dream.
02-09 05:31:04.207 I/DreamManagerService( 1511): Performing gentle wake from dream.
02-09 05:31:04.207 I/sysui_multi_action( 1511): [757,803,799,window_time_0,802,50]
02-09 05:31:04.207 I/wm_on_top_resumed_lost_called( 4907): [58151955,android.service.dreams.DreamActivity,topStateChangedWhenResumed]
02-09 05:31:04.207 I/wm_on_paused_called( 4907): [58151955,android.service.dreams.DreamActivity,performPause]
02-09 05:31:04.208 I/wm_add_to_stopping( 1511): [0,58151955,com.thundercomm.screensaver/android.service.dreams.DreamActivity,completeFinishing]
02-09 05:31:04.209 I/ActivityTaskManager( 1511): FOREGROUND_APPLICATION_CHANGED to com.android.launcher3.uioverrides.QuickstepLauncher
02-09 05:31:04.211 I/wm_set_resumed_activity( 1511): [0,com.android.launcher3/.uioverrides.QuickstepLauncher,resumeTopActivityInnerLocked]
02-09 05:31:04.212 I/service_manager_stats( 1511): [100,28,49698]
02-09 05:31:04.214 I/wm_resume_activity( 1511): [0,204923478,8,com.android.launcher3/.uioverrides.QuickstepLauncher]
02-09 05:31:04.221 I/sysui_multi_action( 1511): [757,803,799,window_time_0,802,0]
02-09 05:31:04.230 W/ContextImpl( 2089): Calling a method in the system process without a qualified user: android.app.ContextImpl.startService:1816 android.content.ContextWrapper.startService:774 com.thundercomm.gamemode.ingame.services.GameModeActionUtils.startGameModeService:111 com.thundercomm.gamemode.ingame.services.GameModeActionUtils.startGameModeEntry:22 com.thundercomm.gamemode.ingame.services.ActivityMonitoringService$1.onActivityLaunch:139
02-09 05:31:04.230 I/wm_on_restart_called( 2559): [204923478,com.android.launcher3.uioverrides.QuickstepLauncher,performRestartActivity]
02-09 05:31:04.230 I/wm_on_start_called( 2559): [204923478,com.android.launcher3.uioverrides.QuickstepLauncher,handleStartActivity]
02-09 05:31:04.231 I/wm_on_resume_called( 2559): [204923478,com.android.launcher3.uioverrides.QuickstepLauncher,RESUME_ACTIVITY]
02-09 05:31:04.231 I/wm_on_top_resumed_gained_called( 2559): [204923478,com.android.launcher3.uioverrides.QuickstepLauncher,topWhenResuming]
02-09 05:31:04.238 I/GameModeConfig( 1511): Current uri is uri = content://com.thundercomm.gamemode.api/gamemode_settings/gamemode_isgaming
02-09 05:31:04.238 I/input_focus( 1511): [Focus request 584aa45 com.android.launcher3/com.android.launcher3.uioverrides.QuickstepLauncher,reason=UpdateInputWindows]
02-09 05:31:04.238 I/view_enqueue_input_event( 4907): [Motion - Cancel,com.thundercomm.screensaver/android.service.dreams.DreamActivity]
02-09 05:31:04.239 I/input_focus( 1511): [Focus leaving 6791e6f com.thundercomm.screensaver/android.service.dreams.DreamActivity (server),reason=NO_WINDOW]
02-09 05:31:04.244 I/input_interaction( 1511): Interaction with: edge-swipe (server), swipe-up (server), PointerEventDispatcher0 (server),
02-09 05:31:04.245 I/GameModeConfig( 1511): isGameModeOn = false
02-09 05:31:04.245 I/GameModeConfig( 1511): isGameModeOn = false
02-09 05:31:04.245 I/GameModeConfig( 1511): isDisableVoice = true
02-09 05:31:04.256 I/PowerManagerService( 1511): Powering on display group fromDreaming (groupId=0, uid=1000, reason=WAKE_REASON_UNKNOWN, details=android.server.power:DREAM_FINISHED)...
02-09 05:31:04.257 I/PowerManagerService( 1511): Waking up from Dreaming (uid=1000, reason=WAKE_REASON_UNKNOWN, details=android.server.power:DREAM_FINISHED)...
02-09 05:31:04.269 I/input_focus( 1511): [Focus entering 584aa45 com.android.launcher3/com.android.launcher3.uioverrides.QuickstepLauncher (server),reason=setFocusedWindow]
02-09 05:31:04.318 W/ContextImpl( 2089): Calling a method in the system process without a qualified user: android.app.ContextImpl.startService:1816 android.content.ContextWrapper.startService:774 com.thundercomm.gamemode.ingame.services.GameModeActionUtils.startGameModeService:111 com.thundercomm.gamemode.ingame.services.GameModeActionUtils.startGameModeEntry:22 com.thundercomm.gamemode.ingame.services.ActivityMonitoringService$1.onActivityLaunch:139
02-09 05:31:04.320 I/GameModeConfig( 1511): Current uri is uri = content://com.thundercomm.gamemode.api/gamemode_settings/gamemode_isgaming
02-09 05:31:04.321 I/GameModeConfig( 1511): isGameModeOn = false
02-09 05:31:04.321 I/GameModeConfig( 1511): isGameModeOn = false
02-09 05:31:04.321 I/GameModeConfig( 1511): isDisableVoice = true
02-09 05:31:04.509 I/wm_destroy_activity( 1511): [0,58151955,28,com.thundercomm.screensaver/android.service.dreams.DreamActivity,finish-imm:idle]
02-09 05:31:04.515 W/ContextImpl( 2089): Calling a method in the system process without a qualified user: android.app.ContextImpl.startService:1816 android.content.ContextWrapper.startService:774 com.thundercomm.gamemode.ingame.services.GameModeActionUtils.startGameModeService:111 com.thundercomm.gamemode.ingame.services.GameModeActionUtils.startGameModeEntry:22 com.thundercomm.gamemode.ingame.services.ActivityMonitoringService$1.onActivityLaunch:139
02-09 05:31:04.518 I/GameModeConfig( 1511): Current uri is uri = content://com.thundercomm.gamemode.api/gamemode_settings/gamemode_isgaming
02-09 05:31:04.519 I/GameModeConfig( 1511): isGameModeOn = false
02-09 05:31:04.520 I/GameModeConfig( 1511): isGameModeOn = false
02-09 05:31:04.520 I/GameModeConfig( 1511): isDisableVoice = true
02-09 05:31:04.529 I/wm_on_stop_called( 4907): [58151955,android.service.dreams.DreamActivity,LIFECYCLER_STOP_ACTIVITY]
02-09 05:31:04.529 I/wm_on_destroy_called( 4907): [58151955,android.service.dreams.DreamActivity,performDestroy]
02-09 05:31:04.531 I/DreamManagerService( 1511): Leaving dreamland.
02-09 05:31:04.532 I/DreamManagerService( 1511): Performing gentle wake from dream.
02-09 05:31:04.532 I/DreamController( 1511): Stopping dream: name=ComponentInfo{com.thundercomm.screensaver/com.thundercomm.saverclock.service.ClockScreensaver}, isTest=false, canDoze=false, userId=0, reason='finished self'(from 'finished self')
02-09 05:31:04.532 I/sysui_multi_action( 1511): [757,222,758,2]
02-09 05:31:04.532 I/sysui_multi_action( 1511): [757,804,799,dreaming_minutes,801,0,802,1]
02-09 05:31:04.541 I/wm_task_removed( 1511): [28,removeChild:removeChild last r=ActivityRecord{3775413 u0 com.thundercomm.screensaver/android.service.dreams.DreamActivity t-1 f}} in t=Task{b2037ac #28 type=dream A=10044:android:com.thundercomm.screensaver/dream U=0 visible=false mode=fullscreen translucent=true sz=0}]
02-09 05:31:04.541 I/wm_task_removed( 1511): [28,removeChild]
02-09 05:31:04.543 W/ActivityTaskManager( 1511): Can't find TaskDisplayArea to determine support for multi window. Task id=28 attached=false
02-09 05:31:06.352 I/input_interaction( 1511): Interaction with: 584aa45 com.android.launcher3/com.android.launcher3.uioverrides.QuickstepLauncher (server), 4aad3d7 com.android.systemui.ImageWallpaper (server), edge-swipe (server), swipe-up (server), PointerEventDispatcher0 (server),
02-09 05:31:06.495 I/thunderperf( 1511): PlatormCompat.setOverrides: Uid1=10073 Pid1=2559 Uid2=10073 Pid2=2559
02-09 05:31:06.495 I/thunderperf( 1511): PlatormCompat.setOverrides: needCheck:false
02-09 05:31:06.496 I/thunderperf( 1511): CompatConfig.addOverrideUnsafe: bef-state=1
02-09 05:31:06.496 E/thunderperf( 1511): CompatConfig.addOverrideUnsafe: exception:java.lang.SecurityException: Cannot override a change on a non-debuggable app and user build.
02-09 05:31:06.497 I/thunderperf( 1511): CompatConfig.addOverrideUnsafe: aft-state=1
02-09 05:31:06.498 I/thunderperf( 1511): CompatConfig.addOverrideUnsafe: bef-state=1
02-09 05:31:06.498 E/thunderperf( 1511): CompatConfig.addOverrideUnsafe: exception:java.lang.SecurityException: Cannot override a change on a non-debuggable app and user build.
02-09 05:31:06.498 I/thunderperf( 1511): CompatConfig.addOverrideUnsafe: aft-state=1
02-09 05:31:06.499 I/thunderperf( 1511): CompatConfig.addOverrideUnsafe: bef-state=1
02-09 05:31:06.500 E/thunderperf( 1511): CompatConfig.addOverrideUnsafe: exception:java.lang.SecurityException: Cannot override a change on a non-debuggable app and user build.
02-09 05:31:06.500 I/thunderperf( 1511): CompatConfig.addOverrideUnsafe: aft-state=1
02-09 05:31:06.501 I/thunderperf( 1511): CompatConfig.addOverrideUnsafe: bef-state=1
02-09 05:31:06.501 E/thunderperf( 1511): CompatConfig.addOverrideUnsafe: exception:java.lang.SecurityException: Cannot override a change on a non-debuggable app and user build.
02-09 05:31:06.501 I/thunderperf( 1511): CompatConfig.addOverrideUnsafe: aft-state=1
02-09 05:31:06.502 I/thunderperf( 1511): CompatConfig.addOverrideUnsafe: bef-state=1
02-09 05:31:06.503 E/thunderperf( 1511): CompatConfig.addOverrideUnsafe: exception:java.lang.SecurityException: Cannot override a change on a non-debuggable app and user build.
02-09 05:31:06.503 I/thunderperf( 1511): CompatConfig.addOverrideUnsafe: aft-state=1
02-09 05:31:06.503 I/thunderperf( 1511): CompatConfig.addOverrideUnsafe: bef-state=1
02-09 05:31:06.504 E/thunderperf( 1511): CompatConfig.addOverrideUnsafe: exception:java.lang.SecurityException: Cannot override a change on a non-debuggable app and user build.
02-09 05:31:06.504 I/thunderperf( 1511): CompatConfig.addOverrideUnsafe: aft-state=1
02-09 05:31:06.505 I/thunderperf( 1511): CompatConfig.addOverrideUnsafe: bef-state=1
02-09 05:31:06.505 E/thunderperf( 1511): CompatConfig.addOverrideUnsafe: exception:java.lang.SecurityException: Cannot override a change on a non-debuggable app and user build.
02-09 05:31:06.505 I/thunderperf( 1511): CompatConfig.addOverrideUnsafe: aft-state=1
02-09 05:31:06.506 I/thunderperf( 1511): CompatConfig.addOverrideUnsafe: bef-state=1
02-09 05:31:06.507 E/thunderperf( 1511): CompatConfig.addOverrideUnsafe: exception:java.lang.SecurityException: Cannot override a change on a non-debuggable app and user build.
02-09 05:31:06.507 I/thunderperf( 1511): CompatConfig.addOverrideUnsafe: aft-state=1
02-09 05:31:06.507 I/thunderperf( 1511): CompatConfig.addOverrideUnsafe: bef-state=1
