02-09 05:44:03.802 W/ContextImpl( 2089): Calling a method in the system process without a qualified user: android.app.ContextImpl.startService:1816 android.content.ContextWrapper.startService:774 com.thundercomm.gamemode.ingame.services.GameModeActionUtils.startGameModeService:111 com.thundercomm.gamemode.ingame.services.GameModeActionUtils.startGameModeEntry:22 com.thundercomm.gamemode.ingame.services.ActivityMonitoringService$1.onActivityLaunch:139
02-09 05:44:03.804 I/am_pss ( 1511): [2245,1000,com.tc.logclient,7202816,4997120,0,95473664,0,0,5]
02-09 05:44:03.807 I/GameModeConfig( 1511): Current uri is uri = content://com.thundercomm.gamemode.api/gamemode_settings/gamemode_isgaming
02-09 05:44:03.809 I/GameModeConfig( 1511): isGameModeOn = true
02-09 05:44:03.809 I/GameModeConfig( 1511): isGaming = false
02-09 05:44:03.810 I/GameModeConfig( 1511): isGameModeOn = true
02-09 05:44:03.810 I/GameModeConfig( 1511): isGaming = false
02-09 05:44:03.810 I/GameModeConfig( 1511): isDisableVoice = true
02-09 05:44:03.810 I/am_pss ( 1511): [2221,1000,com.thundercomm.tchttpserver,19949568,18071552,0,102707200,0,0,5]
02-09 05:44:03.816 I/am_pss ( 1511): [2207,10056,.qtidataservices,5865472,3993600,0,88715264,0,0,5]
02-09 05:44:03.822 I/am_pss ( 1511): [2178,1000,com.thundercomm.microsettings,23267328,14544896,0,120205312,0,0,6]
02-09 05:44:03.828 I/am_pss ( 1511): [2166,1000,com.thundercomm.microservice,7024640,5058560,0,90943488,0,0,5]
02-09 05:44:03.852 W/ContextImpl( 2089): Calling a method in the system process without a qualified user: android.app.ContextImpl.startService:1816 android.content.ContextWrapper.startService:774 com.thundercomm.gamemode.ingame.services.GameModeActionUtils.startGameModeService:111 com.thundercomm.gamemode.ingame.services.GameModeActionUtils.startGameModeEntry:22 com.thundercomm.gamemode.ingame.services.ActivityMonitoringService$1.onActivityLaunch:139
02-09 05:44:03.857 I/GameModeConfig( 1511): Current uri is uri = content://com.thundercomm.gamemode.api/gamemode_settings/gamemode_isgaming
02-09 05:44:03.859 I/GameModeConfig( 1511): isGameModeOn = true
02-09 05:44:03.859 I/GameModeConfig( 1511): isGaming = false
02-09 05:44:03.859 I/GameModeConfig( 1511): isGameModeOn = true
02-09 05:44:03.859 I/GameModeConfig( 1511): isGaming = false
02-09 05:44:03.859 I/GameModeConfig( 1511): isDisableVoice = true
02-09 05:44:03.874 I/DisplayDeviceRepository( 1511): Display device changed: DisplayDeviceInfo{"内置屏幕": uniqueId="local:4630946370410392961", 2380 x 1020, modeId 1, defaultModeId 1, supportedModes [{id=1, width=2380, height=1020, fps=60.000004, alternativeRefreshRates=[30.000002, 45.0]}, {id=2, width=2380, height=1020, fps=45.0, alternativeRefreshRates=[30.000002, 60.000004]}, {id=3, width=2380, height=1020, fps=30.000002, alternativeRefreshRates=[45.0, 60.000004]}], colorMode 0, supportedColorModes [0], hdrCapabilities HdrCapabilities{mSupportedHdrTypes=[2, 3, 4], mMaxLuminance=500.0, mMaxAverageLuminance=500.0, mMinLuminance=0.0}, allmSupported false, gameContentTypeSupported false, density 240, 319.851 x 319.851 dpi, appVsyncOff 1000000, presDeadline 16666666, touch INTERNAL, rotation 0, type INTERNAL, address {port=129, model=0x40446d3026322d}, deviceProductInfo DeviceProductInfo{name=, manufacturerPnpId=QCM, productId=1, modelYear=null, manufactureDate=ManufactureDate{week=27, year=2006}, connectionToSinkType=0}, state ON, frameRateOverride , brightnessMinimum 0.0, brightnessMaximum 1.0, brightnessDefault 1.0, FLAG_DEFAULT_DISPLAY, FLAG_ROTATES_WITH_CONTENT, FLAG_SECURE, FLAG_SUPPORTS_PROTECTED_BUFFERS}
02-09 05:44:03.965 I/commit_sys_config_file( 1511): [settings-1-0,4]
02-09 05:44:05.192 I/input_interaction( 1511): Interaction with: 584aa45 com.android.launcher3/com.android.launcher3.uioverrides.QuickstepLauncher (server), 4aad3d7 com.android.systemui.ImageWallpaper (server), edge-swipe (server), swipe-up (server), PointerEventDispatcher0 (server),
02-09 05:44:05.362 W/FreeFormWindowHelper( 1511): Current Display FreeFormTask is null
02-09 05:44:05.362 W/FreeFormWindowHelper( 1511): Current Display FreeFormTask is null
02-09 05:44:05.371 W/FreeFormWindowHelper( 1511): exitRecentTasks type=0
02-09 05:44:05.378 W/FreeFormWindowHelper( 1511): Current Display FreeFormTask is null
02-09 05:44:05.378 W/FreeFormWindowHelper( 1511): Current Display FreeFormTask is null
02-09 05:44:07.123 I/thunderperf( 1511): PlatormCompat.setOverrides: Uid1=10073 Pid1=2559 Uid2=10073 Pid2=2559
02-09 05:44:07.124 I/thunderperf( 1511): PlatormCompat.setOverrides: needCheck:false
02-09 05:44:07.124 I/thunderperf( 1511): CompatConfig.addOverrideUnsafe: bef-state=1
02-09 05:44:07.124 I/thunderperf( 1511): CompatConfig.addOverrideUnsafe: aft-state=0
02-09 05:44:07.124 I/thunderperf( 1511): CompatConfig.addOverrideUnsafe: bef-state=1
02-09 05:44:07.124 I/thunderperf( 1511): CompatConfig.addOverrideUnsafe: aft-state=0
02-09 05:44:07.125 I/thunderperf( 1511): CompatConfig.addOverrideUnsafe: bef-state=1
02-09 05:44:07.125 I/thunderperf( 1511): CompatConfig.addOverrideUnsafe: aft-state=0
02-09 05:44:07.125 I/thunderperf( 1511): CompatConfig.addOverrideUnsafe: bef-state=1
02-09 05:44:07.125 I/thunderperf( 1511): CompatConfig.addOverrideUnsafe: aft-state=0
02-09 05:44:07.125 I/thunderperf( 1511): CompatConfig.addOverrideUnsafe: bef-state=1
02-09 05:44:07.126 I/thunderperf( 1511): CompatConfig.addOverrideUnsafe: aft-state=0
02-09 05:44:07.126 I/thunderperf( 1511): CompatConfig.addOverrideUnsafe: bef-state=1
02-09 05:44:07.126 I/thunderperf( 1511): CompatConfig.addOverrideUnsafe: aft-state=0
02-09 05:44:07.126 I/thunderperf( 1511): CompatConfig.addOverrideUnsafe: bef-state=1
02-09 05:44:07.126 I/thunderperf( 1511): CompatConfig.addOverrideUnsafe: aft-state=0
02-09 05:44:07.127 I/thunderperf( 1511): CompatConfig.addOverrideUnsafe: bef-state=1
02-09 05:44:07.127 I/thunderperf( 1511): CompatConfig.addOverrideUnsafe: aft-state=0
02-09 05:44:07.127 I/thunderperf( 1511): CompatConfig.addOverrideUnsafe: bef-state=1
02-09 05:44:07.127 I/thunderperf( 1511): CompatConfig.addOverrideUnsafe: aft-state=0
02-09 05:44:07.127 I/thunderperf( 1511): CompatConfig.addOverrideUnsafe: bef-state=1
02-09 05:44:07.127 I/thunderperf( 1511): CompatConfig.addOverrideUnsafe: aft-state=0
02-09 05:44:07.128 I/thunderperf( 1511): CompatConfig.addOverrideUnsafe: bef-state=1
02-09 05:44:07.128 I/thunderperf( 1511): CompatConfig.addOverrideUnsafe: aft-state=0
02-09 05:44:07.128 I/thunderperf( 1511): CompatConfig.addOverrideUnsafe: bef-state=1
02-09 05:44:07.128 I/thunderperf( 1511): CompatConfig.addOverrideUnsafe: aft-state=0
02-09 05:44:07.128 I/thunderperf( 1511): CompatConfig.addOverrideUnsafe: bef-state=1
02-09 05:44:07.128 I/thunderperf( 1511): CompatConfig.addOverrideUnsafe: aft-state=0
02-09 05:44:07.128 I/thunderperf( 1511): CompatConfig.addOverrideUnsafe: bef-state=1
02-09 05:44:07.129 I/thunderperf( 1511): CompatConfig.addOverrideUnsafe: aft-state=0
02-09 05:44:07.130 I/ActivityTaskManager( 1511): START u0 {act=android.intent.action.MAIN cat=[android.intent.category.LAUNCHER] flg=0x10200000 cmp=com.tencent.lolm/.lgame bnds=[664,382][940,644]} from uid 10073
02-09 05:44:07.133 I/wm_task_created( 1511): [46,-1]
02-09 05:44:07.133 W/ActivityTaskManager( 1511): Can't find TaskDisplayArea to determine support for multi window. Task id=46 attached=false
02-09 05:44:07.135 I/wm_task_moved( 1511): [46,1,7]
02-09 05:44:07.135 I/wm_task_to_front( 1511): [0,46]
02-09 05:44:07.135 I/wm_create_task( 1511): [0,46]
02-09 05:44:07.135 I/wm_create_activity( 1511): [0,72737033,46,com.tencent.lolm/.lgame,android.intent.action.MAIN,NULL,NULL,270532608]
02-09 05:44:07.135 I/wm_task_moved( 1511): [46,1,7]
02-09 05:44:07.136 I/wm_pause_activity( 1511): [0,204923478,com.android.launcher3/.uioverrides.QuickstepLauncher,userLeaving=true,pauseBackTasks]
02-09 05:44:07.138 I/am_uid_running( 1511): 10097
02-09 05:44:07.139 I/wm_on_top_resumed_lost_called( 2559): [204923478,com.android.launcher3.uioverrides.QuickstepLauncher,topStateChangedWhenResumed]
02-09 05:44:07.139 D/CompatibilityChangeReporter( 1511): Compat change id reported: 135634846; UID 10097; state: DISABLED
02-09 05:44:07.139 D/CompatibilityChangeReporter( 1511): Compat change id reported: 177438394; UID 10097; state: DISABLED
02-09 05:44:07.139 D/CompatibilityChangeReporter( 1511): Compat change id reported: 135772972; UID 10097; state: DISABLED
02-09 05:44:07.139 D/CompatibilityChangeReporter( 1511): Compat change id reported: 135754954; UID 10097; state: DISABLED
02-09 05:44:07.139 I/wm_on_paused_called( 2559): [204923478,com.android.launcher3.uioverrides.QuickstepLauncher,performPause]
02-09 05:44:07.139 D/CompatibilityChangeReporter( 1511): Compat change id reported: 143937733; UID 10097; state: DISABLED
02-09 05:44:07.139 I/ActivityTaskManager( 1511): FOREGROUND_APPLICATION_CHANGED to com.tencent.lolm.lgame
02-09 05:44:07.145 I/wm_add_to_stopping( 1511): [0,204923478,com.android.launcher3/.uioverrides.QuickstepLauncher,makeInvisible]
02-09 05:44:07.146 I/am_proc_start( 1511): [0,12899,10097,com.tencent.lolm,pre-top-activity,{com.tencent.lolm/com.tencent.lolm.lgame}]
02-09 05:44:07.146 I/ActivityManager( 1511): Start proc 12899:com.tencent.lolm/u0a97 for pre-top-activity {com.tencent.lolm/com.tencent.lolm.lgame}
02-09 05:44:07.146 W/ContextImpl( 1511): Calling a method in the system process without a qualified user: android.app.ContextImpl.sendBroadcast:1173 com.qualcomm.qti.Performance$SendGameLaunchBroadcast.run:217 java.lang.Thread.run:920
02-09 05:44:07.147 I/sysui_multi_action( 1511): [757,803,799,window_time_0,802,4]
02-09 05:44:07.158 I/am_proc_bound( 1511): [0,12899,com.tencent.lolm]
02-09 05:44:07.161 I/wm_restart_activity( 1511): [0,72737033,46,com.tencent.lolm/.lgame]
02-09 05:44:07.161 I/wm_set_resumed_activity( 1511): [0,com.tencent.lolm/.lgame,minimalResumeActivityLocked]
02-09 05:44:07.162 I/am_uid_active( 1511): 10097
02-09 05:44:07.167 W/ContextImpl( 2089): Calling a method in the system process without a qualified user: android.app.ContextImpl.startService:1816 android.content.ContextWrapper.startService:774 com.thundercomm.gamemode.ingame.services.GameModeActionUtils.startGameModeService:111 com.thundercomm.gamemode.ingame.services.GameModeActionUtils.startGameModeEntry:22 com.thundercomm.gamemode.ingame.services.ActivityMonitoringService$1.onActivityLaunch:139
02-09 05:44:07.169 I/input_focus( 1511): [Focus leaving 584aa45 com.android.launcher3/com.android.launcher3.uioverrides.QuickstepLauncher (server),reason=NO_WINDOW]
02-09 05:44:07.170 I/GameModeConfig( 1511): Current uri is uri = content://com.thundercomm.gamemode.api/gamemode_settings/gamemode_isgaming
02-09 05:44:07.171 I/GameModeConfig( 1511): isGameModeOn = true
02-09 05:44:07.171 I/GameModeConfig( 1511): isGaming = true
02-09 05:44:07.171 I/GameModeConfig( 1511): isDisableNotification = true
02-09 05:44:07.171 I/GameModeConfig( 1511): isGameModeOn = true
02-09 05:44:07.171 I/GameModeConfig( 1511): isGaming = true
02-09 05:44:07.171 I/GameModeConfig( 1511): isDisableNotification = true
02-09 05:44:07.171 I/auditd (12899): type=1400 audit(0.0:1396): avc: denied { read } for comm="om.tencent.lolm" name="tcp" dev="proc" ino=4026532265 scontext=u:r:untrusted_app_29:s0:c97,c256,c512,c768 tcontext=u:object_r:proc_net_tcp_udp:s0 tclass=file permissive=0 app=com.tencent.lolm
02-09 05:44:07.171 I/auditd (12899): type=1400 audit(0.0:1397): avc: denied { read } for comm="om.tencent.lolm" name="tcp6" dev="proc" ino=4026533096 scontext=u:r:untrusted_app_29:s0:c97,c256,c512,c768 tcontext=u:object_r:proc_net_tcp_udp:s0 tclass=file permissive=0 app=com.tencent.lolm
02-09 05:44:07.171 I/auditd (12899): type=1400 audit(0.0:1398): avc: denied { read } for comm="om.tencent.lolm" name="tcp" dev="proc" ino=4026532265 scontext=u:r:untrusted_app_29:s0:c97,c256,c512,c768 tcontext=u:object_r:proc_net_tcp_udp:s0 tclass=file permissive=0 app=com.tencent.lolm
02-09 05:44:07.171 I/auditd (12899): type=1400 audit(0.0:1399): avc: denied { read } for comm="om.tencent.lolm" name="tcp6" dev="proc" ino=4026533096 scontext=u:r:untrusted_app_29:s0:c97,c256,c512,c768 tcontext=u:object_r:proc_net_tcp_udp:s0 tclass=file permissive=0 app=com.tencent.lolm
02-09 05:44:07.191 D/ActivityThread(12899): Loading provider com.tencent.lolm.XG_SETTINGS_PROVIDER: com.tencent.tpns.baseapi.base.SettingsContentProvider
02-09 05:44:07.198 I/DisplayDeviceRepository( 1511): Display device changed: DisplayDeviceInfo{"内置屏幕": uniqueId="local:4630946370410392961", 2380 x 1020, modeId 3, defaultModeId 1, supportedModes [{id=1, width=2380, height=1020, fps=60.000004, alternativeRefreshRates=[30.000002, 45.0]}, {id=2, width=2380, height=1020, fps=45.0, alternativeRefreshRates=[30.000002, 60.000004]}, {id=3, width=2380, height=1020, fps=30.000002, alternativeRefreshRates=[45.0, 60.000004]}], colorMode 0, supportedColorModes [0], hdrCapabilities HdrCapabilities{mSupportedHdrTypes=[2, 3, 4], mMaxLuminance=500.0, mMaxAverageLuminance=500.0, mMinLuminance=0.0}, allmSupported false, gameContentTypeSupported false, density 240, 319.851 x 319.851 dpi, appVsyncOff 1000000, presDeadline 33333333, touch INTERNAL, rotation 0, type INTERNAL, address {port=129, model=0x40446d3026322d}, deviceProductInfo DeviceProductInfo{name=, manufacturerPnpId=QCM, productId=1, modelYear=null, manufactureDate=ManufactureDate{week=27, year=2006}, connectionToSinkType=0}, state ON, frameRateOverride , brightnessMinimum 0.0, brightnessMaximum 1.0, brightnessDefault 1.0, FLAG_DEFAULT_DISPLAY, FLAG_ROTATES_WITH_CONTENT, FLAG_SECURE, FLAG_SUPPORTS_PROTECTED_BUFFERS}
02-09 05:44:07.225 D/TelephonyRegistry( 1511): listen oscl: mHasNotifySubscriptionInfoChangedOccurred==false no callback
02-09 05:44:07.226 W/ActivityManager( 1511): Receiver with filter android.content.IntentFilter@1328f0f already registered for pid 12899, callerPackage is com.tencent.lolm
02-09 05:44:07.226 I/wm_on_create_called(12899): [72737033,com.tencent.lolm.lgame,performCreate]
02-09 05:44:07.227 I/wm_on_start_called(12899): [72737033,com.tencent.lolm.lgame,handleStartActivity]
02-09 05:44:07.228 I/wm_on_resume_called(12899): [72737033,com.tencent.lolm.lgame,RESUME_ACTIVITY]
02-09 05:44:07.229 W/WindowManager( 1511): Failed looking up window session=Session{125c9a5 12899:u0a10097} callers=com.android.server.wm.WindowManagerService.windowForClientLocked:5628 com.android.server.wm.Session.insetsModified:629 android.view.IWindowSession$Stub.onTransact:1151
02-09 05:44:07.230 I/wm_on_top_resumed_gained_called(12899): [72737033,com.tencent.lolm.lgame,topStateChangedWhenResumed]
02-09 05:44:07.234 I/input_focus( 1511): [Focus request c130d2b com.tencent.lolm/com.tencent.lolm.lgame,reason=UpdateInputWindows]
02-09 05:44:07.250 I/sysui_multi_action( 1511): [319,25,321,23,322,117,325,4942,757,761,758,7,759,1,806,com.tencent.lolm,871,com.tencent.lolm.lgame,904,com.android.launcher3,905,0,945,28,1320,4,1321,4]
02-09 05:44:07.253 I/wm_activity_launch_time( 1511): [0,72737033,com.tencent.lolm/.lgame,117]
02-09 05:44:07.255 W/ContextImpl( 2089): Calling a method in the system process without a qualified user: android.app.ContextImpl.startService:1816 android.content.ContextWrapper.startService:774 com.thundercomm.gamemode.ingame.services.GameModeActionUtils.startGameModeService:111 com.thundercomm.gamemode.ingame.services.GameModeActionUtils.startGameModeEntry:22 com.thundercomm.gamemode.ingame.services.ActivityMonitoringService$1.onActivityLaunch:139
02-09 05:44:07.256 I/GameModeConfig( 1511): Current uri is uri = content://com.thundercomm.gamemode.api/gamemode_settings/gamemode_isgaming
02-09 05:44:07.257 I/GameModeConfig( 1511): isGameModeOn = true
02-09 05:44:07.257 I/GameModeConfig( 1511): isGaming = true
02-09 05:44:07.257 I/GameModeConfig( 1511): isDisableNotification = true
02-09 05:44:07.257 I/GameModeConfig( 1511): isGameModeOn = true
02-09 05:44:07.257 I/GameModeConfig( 1511): isGaming = true
02-09 05:44:07.257 I/GameModeConfig( 1511): isDisableNotification = true
02-09 05:44:07.284 I/input_focus( 1511): [Focus entering c130d2b com.tencent.lolm/com.tencent.lolm.lgame (server),reason=Window became focusable. Previous reason: NOT_VISIBLE]
02-09 05:44:07.367 I/commit_sys_config_file( 1511): [settings-1-0,2]
02-09 05:44:07.685 I/wm_stop_activity( 1511): [0,204923478,com.android.launcher3/.uioverrides.QuickstepLauncher]
02-09 05:44:07.726 I/wm_on_stop_called( 2559): [204923478,com.android.launcher3.uioverrides.QuickstepLauncher,STOP_ACTIVITY_ITEM]
02-09 05:44:07.754 W/ContextImpl( 2089): Calling a method in the system process without a qualified user: android.app.ContextImpl.startService:1816 android.content.ContextWrapper.startService:774 com.thundercomm.gamemode.ingame.services.GameModeActionUtils.startGameModeService:111 com.thundercomm.gamemode.ingame.services.GameModeActionUtils.startGameModeEntry:22 com.thundercomm.gamemode.ingame.services.ActivityMonitoringService$1.onActivityLaunch:139
02-09 05:44:07.755 I/GameModeConfig( 1511): Current uri is uri = content://com.thundercomm.gamemode.api/gamemode_settings/gamemode_isgaming
02-09 05:44:07.756 I/GameModeConfig( 1511): isGameModeOn = true
02-09 05:44:07.757 I/GameModeConfig( 1511): isGaming = true
02-09 05:44:07.757 I/GameModeConfig( 1511): isDisableNotification = true
02-09 05:44:07.757 I/GameModeConfig( 1511): isGameModeOn = true
02-09 05:44:07.757 I/GameModeConfig( 1511): isGaming = true
02-09 05:44:07.757 I/GameModeConfig( 1511): isDisableNotification = true
02-09 05:44:08.437 D/ActivityManager( 1511): freezer override set to true
02-09 05:44:08.439 D/ActivityManager( 1511): freezer override set to false
02-09 05:44:08.512 I/input_interaction( 1511): Interaction with: 77807be gamemode.floatview (server), edge-swipe (server), swipe-up (server), PointerEventDispatcher0 (server),
02-09 05:44:08.928 D/CompatibilityChangeReporter( 1511): Compat change id reported: 157233955; UID 10097; state: DISABLED
02-09 05:44:10.139 E/TaskPersister( 1511): File error accessing recents directory (directory doesn't exist?).
02-09 05:44:10.310 I/input_interaction( 1511): Interaction with: 1c5c653 gamemode.menuview (server), edge-swipe (server), swipe-up (server), PointerEventDispatcher0 (server),
02-09 05:44:11.024 I/input_interaction( 1511): Interaction with: a0686a1 gamemode.floatview (server), edge-swipe (server), swipe-up (server), PointerEventDispatcher0 (server),
02-09 05:44:12.018 I/input_interaction( 1511): Interaction with: f3868d9 gamemode.menuview (server), edge-swipe (server), swipe-up (server), PointerEventDispatcher0 (server),
02-09 05:44:12.189 I/iorapd ( 1155): Perfetto TraceBuffer saved to file: /data/misc/iorapd/com.tencent.lolm/609364/com.tencent.lolm.lgame/raw_traces/1675892652187495824.perfetto_trace.pb
02-09 05:44:12.909 I/netstats_mobile_sample( 1511): [0,0,0,0,0,0,0,0,0,0,0,0,1675892652909]
02-09 05:44:12.909 I/netstats_wifi_sample( 1511): [0,0,0,0,0,0,0,0,0,0,0,0,1675892652909]
02-09 05:44:15.329 I/input_interaction( 1511): Interaction with: c130d2b com.tencent.lolm/com.tencent.lolm.lgame (server), edge-swipe (server), swipe-up (server), PointerEventDispatcher0 (server),
02-09 05:44:16.542 I/input_interaction( 1511): Interaction with: 3d2c05f StatusBar (server), edge-swipe (server), swipe-up (server), PointerEventDispatcher0 (server),
02-09 05:44:16.543 I/sysui_multi_action( 1978): [757,803,799,panel_open,802,1]
02-09 05:44:16.544 I/sysui_multi_action( 1978): [757,1328,758,4,1326,51,1327,2,1329,0]
02-09 05:44:16.607 I/sysui_multi_action( 1511): [757,127,758,1]
02-09 05:44:16.607 I/sysui_multi_action( 1511): [757,804,799,note_load,801,3,802,1]
02-09 05:44:16.607 I/notification_panel_revealed( 1511): 3
02-09 05:44:16.613 I/input_focus( 1511): [Focus request bd39bb2 NotificationShade,reason=UpdateInputWindows]
02-09 05:44:16.618 I/sysui_multi_action( 1511): [757,128,758,1,793,4939406,794,0,795,4939406,796,26,798,0,806,android,857,DEVELOPER_IMPORTANT,858,4,947,0,1395,3,1500,4938957,1688,1]
02-09 05:44:16.618 I/sysui_multi_action( 1511): [757,804,799,note_freshness,801,4939406,802,1]
02-09 05:44:16.618 I/notification_visibility( 1511): [-1|android|26|null|1000,1,4939406,4939406,0,0]
02-09 05:44:16.618 I/sysui_multi_action( 1511): [757,128,758,1,793,4934931,794,0,795,4934931,796,17303299,797,com.android.wifi,798,1,806,android,857,NETWORK_AVAILABLE,858,2,947,0,1395,3,1500,4934729,1688,1]
02-09 05:44:16.618 I/sysui_multi_action( 1511): [757,804,799,note_freshness,801,4934931,802,1]
02-09 05:44:16.618 I/notification_visibility( 1511): [0|android|17303299|com.android.wifi|1000,1,4934931,4934931,0,1]
02-09 05:44:16.618 I/sysui_multi_action( 1511): [757,128,758,1,793,4940179,794,0,795,4940179,796,32,798,2,806,android,857,USB,858,1,947,0,1395,3,1500,4940135,1688,1]
02-09 05:44:16.619 I/sysui_multi_action( 1511): [757,804,799,note_freshness,801,4940179,802,1]
02-09 05:44:16.619 I/notification_visibility( 1511): [-1|android|32|null|1000,1,4940179,4940179,0,2]
02-09 05:44:16.641 I/input_focus( 1511): [Focus leaving c130d2b com.tencent.lolm/com.tencent.lolm.lgame (server),reason=setFocusedWindow]
02-09 05:44:16.641 I/input_focus( 1511): [Focus entering bd39bb2 NotificationShade (server),reason=setFocusedWindow]
02-09 05:44:16.672 I/sysui_multi_action( 1978): [757,111,758,1]
02-09 05:44:16.672 I/sysui_multi_action( 1978): [757,126,758,1,759,126,927,0,928,1,1593,0]
02-09 05:44:16.672 I/sysui_multi_action( 1978): [757,113,758,1,759,113,927,1,928,1,1593,0]
02-09 05:44:16.672 I/sysui_multi_action( 1978): [757,0,758,1,759,0,927,2,928,0,1593,0]
02-09 05:44:16.672 I/sysui_multi_action( 1978): [757,0,758,1,759,0,927,3,928,0,1593,0]
02-09 05:44:16.672 I/sysui_multi_action( 1978): [757,491,758,1,759,491,927,4,928,0,1311,-1,1593,0]
02-09 05:44:16.672 I/sysui_multi_action( 1978): [757,0,758,1,759,0,927,5,928,0,1593,0]
02-09 05:44:16.673 I/sysui_multi_action( 1978): [757,111,758,1]
02-09 05:44:16.673 I/sysui_multi_action( 1978): [757,126,758,1,759,126,927,0,928,1,1593,0]
02-09 05:44:16.673 I/sysui_multi_action( 1978): [757,113,758,1,759,113,927,1,928,1,1593,0]
02-09 05:44:16.673 I/sysui_multi_action( 1978): [757,0,758,1,759,0,927,2,928,0,1593,0]
02-09 05:44:16.673 I/sysui_multi_action( 1978): [757,0,758,1,759,0,927,3,928,0,1593,0]
02-09 05:44:17.943 I/input_interaction( 1511): Interaction with: bd39bb2 NotificationShade (server), edge-swipe (server), swipe-up (server), PointerEventDispatcher0 (server), --------- beginning of kernel
01-04 11:02:35.873 E/msm-dai-cdc-dma-dev soc( 0): qcom,msm-dai-cdc-dma:qcom,msm-dai-wsa-cdc-dma-0-rx: ASoC: cpu DAI prepare error: -22
01-04 11:02:35.873 E/soc_pcm_prepare( 0): Issue stop stream for codec_dai due to op failure -22 = ret
01-04 11:02:35.874 E/WSA_CDC_DMA_RX_0( 0): ASoC: backend prepare failed -22
01-04 11:02:35.941 I/ ( 0): snd_pcm_hw_constraint_integer failed
01-04 11:02:35.941 I/msm_pcm_open( 0): P buffer bytes minmax constraint ret 1
01-04 11:02:35.941 E/set_cps_config( 0): get_wsa_dev_num is NULL
01-04 11:02:35.948 I/__afe_port_start( 0): port id: 0xb000
01-04 11:02:35.948 I/afe_find_cal_topo_id_by_port( 0): port id: 0xb000, dev_acdb_id: 0
01-04 11:02:35.948 I/afe_find_cal_topo_id_by_port( 0): top_id:112fc acdb_id:15 afe_port:0xb000
01-04 11:02:35.948 I/afe_get_cal_topology_id( 0): port_id = 0xb000 acdb_id = 15 topology_id = 0x112fc cal_type_index=8 ret=0
01-04 11:02:35.948 E/afe_callback( 0): cmd = 0x100fa returned error = 0x2
01-04 11:02:35.948 E/afe_apr_send_pkt( 0): DSP returned error[ADSP_EBADPARAM]
01-04 11:02:35.948 E/afe_send_port_topology_id( 0): AFE set topology id enable for port 0xb000 failed -22
01-04 11:02:35.948 I/afe_send_port_topology_id( 0): AFE set topology id 0x112fc enable for port 0xb000 ret -22
01-04 11:02:35.948 I/send_afe_cal_type( 0): cal_index is 0
01-04 11:02:35.948 I/send_afe_cal_type( 0): dev_acdb_id[162] is 0
01-04 11:02:35.948 I/send_afe_cal_type( 0): Sending cal_index cal 0
01-04 11:02:35.948 E/send_afe_cal_type( 0): No cal sent for cal_index 0, port_id = 0xb000! ret -22
01-04 11:02:35.949 I/afe_send_hw_delay( 0): port_id 0xb000 rate 48000 delay_usec 474 status 0
01-04 11:02:35.949 E/afe_callback( 0): cmd = 0x100fa returned error = 0x2
01-04 11:02:35.949 E/afe_apr_send_pkt( 0): DSP returned error[ADSP_EBADPARAM]
01-04 11:02:35.949 E/__afe_port_start( 0): AFE enable for port 0xb000 failed -22
01-04 11:02:35.949 E/msm-dai-cdc-dma-dev soc( 0): qcom,msm-dai-cdc-dma:qcom,msm-dai-wsa-cdc-dma-0-rx: fail to open AFE port 0xb000
01-04 11:02:35.949 E/msm-dai-cdc-dma-dev soc( 0): qcom,msm-dai-cdc-dma:qcom,msm-dai-wsa-cdc-dma-0-rx: ASoC: cpu DAI prepare error: -22
01-04 11:02:35.949 E/soc_pcm_prepare( 0): Issue stop stream for codec_dai due to op failure -22 = ret
01-04 11:02:35.949 E/WSA_CDC_DMA_RX_0( 0): ASoC: backend prepare failed -22
01-04 11:02:36.015 I/ ( 0): snd_pcm_hw_constraint_integer failed
01-04 11:02:36.015 I/msm_pcm_open( 0): P buffer bytes minmax constraint ret 1
01-04 11:02:36.015 E/set_cps_config( 0): get_wsa_dev_num is NULL
01-04 11:02:36.022 I/__afe_port_start( 0): port id: 0xb000
01-04 11:02:36.022 I/afe_find_cal_topo_id_by_port( 0): port id: 0xb000, dev_acdb_id: 0
01-04 11:02:36.022 I/afe_find_cal_topo_id_by_port( 0): top_id:112fc acdb_id:15 afe_port:0xb000
01-04 11:02:36.022 I/afe_get_cal_topology_id( 0): port_id = 0xb000 acdb_id = 15 topology_id = 0x112fc cal_type_index=8 ret=0
01-04 11:02:36.023 E/afe_callback( 0): cmd = 0x100fa returned error = 0x2
01-04 11:02:36.023 E/afe_apr_send_pkt( 0): DSP returned error[ADSP_EBADPARAM]
01-04 11:02:36.023 E/afe_send_port_topology_id( 0): AFE set topology id enable for port 0xb000 failed -22
01-04 11:02:36.023 I/afe_send_port_topology_id( 0): AFE set topology id 0x112fc enable for port 0xb000 ret -22
01-04 11:02:36.023 I/send_afe_cal_type( 0): cal_index is 0
01-04 11:02:36.023 I/send_afe_cal_type( 0): dev_acdb_id[162] is 0
01-04 11:02:36.023 I/send_afe_cal_type( 0): Sending cal_index cal 0
01-04 11:02:36.023 E/send_afe_cal_type( 0): No cal sent for cal_index 0, port_id = 0xb000! ret -22
01-04 11:02:36.023 I/afe_send_hw_delay( 0): port_id 0xb000 rate 48000 delay_usec 474 status 0
01-04 11:02:36.023 E/afe_callback( 0): cmd = 0x100fa returned error = 0x2
01-04 11:02:36.023 E/afe_apr_send_pkt( 0): DSP returned error[ADSP_EBADPARAM]
01-04 11:02:36.023 E/__afe_port_start( 0): AFE enable for port 0xb000 failed -22
01-04 11:02:36.023 E/msm-dai-cdc-dma-dev soc( 0): qcom,msm-dai-cdc-dma:qcom,msm-dai-wsa-cdc-dma-0-rx: fail to open AFE port 0xb000
01-04 11:02:36.023 E/msm-dai-cdc-dma-dev soc( 0): qcom,msm-dai-cdc-dma:qcom,msm-dai-wsa-cdc-dma-0-rx: ASoC: cpu DAI prepare error: -22
01-04 11:02:36.023 E/soc_pcm_prepare( 0): Issue stop stream for codec_dai due to op failure -22 = ret
01-04 11:02:36.023 E/WSA_CDC_DMA_RX_0( 0): ASoC: backend prepare failed -22
01-04 11:02:36.089 I/ ( 0): snd_pcm_hw_constraint_integer failed
01-04 11:02:36.089 I/msm_pcm_open( 0): P buffer bytes minmax constraint ret 1
01-04 11:02:36.089 E/set_cps_config( 0): get_wsa_dev_num is NULL
01-04 11:02:36.096 I/__afe_port_start( 0): port id: 0xb000
01-04 11:02:36.096 I/afe_find_cal_topo_id_by_port( 0): port id: 0xb000, dev_acdb_id: 0
01-04 11:02:36.096 I/afe_find_cal_topo_id_by_port( 0): top_id:112fc acdb_id:15 afe_port:0xb000
01-04 11:02:36.096 I/afe_get_cal_topology_id( 0): port_id = 0xb000 acdb_id = 15 topology_id = 0x112fc cal_type_index=8 ret=0
01-04 11:02:36.096 E/afe_callback( 0): cmd = 0x100fa returned error = 0x2
01-04 11:02:36.096 E/afe_apr_send_pkt( 0): DSP returned error[ADSP_EBADPARAM]
01-04 11:02:36.096 E/afe_send_port_topology_id( 0): AFE set topology id enable for port 0xb000 failed -22
01-04 11:02:36.096 I/afe_send_port_topology_id( 0): AFE set topology id 0x112fc enable for port 0xb000 ret -22
01-04 11:02:36.096 I/send_afe_cal_type( 0): cal_index is 0
01-04 11:02:36.096 I/send_afe_cal_type( 0): dev_acdb_id[162] is 0
01-04 11:02:36.096 I/send_afe_cal_type( 0): Sending cal_index cal 0
01-04 11:02:36.096 E/send_afe_cal_type( 0): No cal sent for cal_index 0, port_id = 0xb000! ret -22
01-04 11:02:36.096 I/afe_send_hw_delay( 0): port_id 0xb000 rate 48000 delay_usec 474 status 0
01-04 11:02:36.097 E/afe_callback( 0): cmd = 0x100fa returned error = 0x2
01-04 11:02:36.097 E/afe_apr_send_pkt( 0): DSP returned error[ADSP_EBADPARAM]
01-04 11:02:36.097 E/__afe_port_start( 0): AFE enable for port 0xb000 failed -22
01-04 11:02:36.097 E/msm-dai-cdc-dma-dev soc( 0): qcom,msm-dai-cdc-dma:qcom,msm-dai-wsa-cdc-dma-0-rx: fail to open AFE port 0xb000
01-04 11:02:36.097 E/msm-dai-cdc-dma-dev soc( 0): qcom,msm-dai-cdc-dma:qcom,msm-dai-wsa-cdc-dma-0-rx: ASoC: cpu DAI prepare error: -22
01-04 11:02:36.097 E/soc_pcm_prepare( 0): Issue stop stream for codec_dai due to op failure -22 = ret
01-04 11:02:36.097 E/WSA_CDC_DMA_RX_0( 0): ASoC: backend prepare failed -22
01-04 11:02:36.162 I/ ( 0): snd_pcm_hw_constraint_integer failed
01-04 11:02:36.162 I/msm_pcm_open( 0): P buffer bytes minmax constraint ret 1
01-04 11:02:36.163 E/set_cps_config( 0): get_wsa_dev_num is NULL
01-04 11:02:36.170 I/__afe_port_start( 0): port id: 0xb000
01-04 11:02:36.170 I/afe_find_cal_topo_id_by_port( 0): port id: 0xb000, dev_acdb_id: 0
01-04 11:02:36.170 I/afe_find_cal_topo_id_by_port( 0): top_id:112fc acdb_id:15 afe_port:0xb000
01-04 11:02:36.170 I/afe_get_cal_topology_id( 0): port_id = 0xb000 acdb_id = 15 topology_id = 0x112fc cal_type_index=8 ret=0
01-04 11:02:36.170 E/afe_callback( 0): cmd = 0x100fa returned error = 0x2
01-04 11:02:36.170 E/afe_apr_send_pkt( 0): DSP returned error[ADSP_EBADPARAM]
01-04 11:02:36.170 E/afe_send_port_topology_id( 0): AFE set topology id enable for port 0xb000 failed -22
01-04 11:02:36.170 I/afe_send_port_topology_id( 0): AFE set topology id 0x112fc enable for port 0xb000 ret -22
01-04 11:02:36.170 I/send_afe_cal_type( 0): cal_index is 0
01-04 11:02:36.170 I/send_afe_cal_type( 0): dev_acdb_id[162] is 0
01-04 11:02:36.170 I/send_afe_cal_type( 0): Sending cal_index cal 0
01-04 11:02:36.170 E/send_afe_cal_type( 0): No cal sent for cal_index 0, port_id = 0xb000! ret -22
01-04 11:02:36.170 I/afe_send_hw_delay( 0): port_id 0xb000 rate 48000 delay_usec 474 status 0
01-04 11:02:36.170 E/afe_callback( 0): cmd = 0x100fa returned error = 0x2
01-04 11:02:36.170 E/afe_apr_send_pkt( 0): DSP returned error[ADSP_EBADPARAM]
01-04 11:02:36.170 E/__afe_port_start( 0): AFE enable for port 0xb000 failed -22
01-04 11:02:36.170 E/msm-dai-cdc-dma-dev soc( 0): qcom,msm-dai-cdc-dma:qcom,msm-dai-wsa-cdc-dma-0-rx: fail to open AFE port 0xb000
01-04 11:02:36.170 E/msm-dai-cdc-dma-dev soc( 0): qcom,msm-dai-cdc-dma:qcom,msm-dai-wsa-cdc-dma-0-rx: ASoC: cpu DAI prepare error: -22
01-04 11:02:36.170 E/soc_pcm_prepare( 0): Issue stop stream for codec_dai due to op failure -22 = ret
01-04 11:02:36.171 E/WSA_CDC_DMA_RX_0( 0): ASoC: backend prepare failed -22
01-04 11:02:36.237 I/ ( 0): snd_pcm_hw_constraint_integer failed
01-04 11:02:36.237 I/msm_pcm_open( 0): P buffer bytes minmax constraint ret 1
01-04 11:02:36.237 E/set_cps_config( 0): get_wsa_dev_num is NULL
01-04 11:02:36.244 I/__afe_port_start( 0): port id: 0xb000
01-04 11:02:36.244 I/afe_find_cal_topo_id_by_port( 0): port id: 0xb000, dev_acdb_id: 0
01-04 11:02:36.244 I/afe_find_cal_topo_id_by_port( 0): top_id:112fc acdb_id:15 afe_port:0xb000
01-04 11:02:36.244 I/afe_get_cal_topology_id( 0): port_id = 0xb000 acdb_id = 15 topology_id = 0x112fc cal_type_index=8 ret=0
01-04 11:02:36.245 E/afe_callback( 0): cmd = 0x100fa returned error = 0x2
01-04 11:02:36.245 E/afe_apr_send_pkt( 0): DSP returned error[ADSP_EBADPARAM]
01-04 11:02:36.245 E/afe_send_port_topology_id( 0): AFE set topology id enable for port 0xb000 failed -22
01-04 11:02:36.245 I/afe_send_port_topology_id( 0): AFE set topology id 0x112fc enable for port 0xb000 ret -22
01-04 11:02:36.245 I/send_afe_cal_type( 0): cal_index is 0
01-04 11:02:36.245 I/send_afe_cal_type( 0): dev_acdb_id[162] is 0
01-04 11:02:36.245 I/send_afe_cal_type( 0): Sending cal_index cal 0
01-04 11:02:36.245 E/send_afe_cal_type( 0): No cal sent for cal_index 0, port_id = 0xb000! ret -22
01-04 11:02:36.245 I/afe_send_hw_delay( 0): port_id 0xb000 rate 48000 delay_usec 474 status 0
01-04 11:02:36.245 E/afe_callback( 0): cmd = 0x100fa returned error = 0x2
01-04 11:02:36.245 E/afe_apr_send_pkt( 0): DSP returned error[ADSP_EBADPARAM]
01-04 11:02:36.245 E/__afe_port_start( 0): AFE enable for port 0xb000 failed -22
01-04 11:02:36.245 E/msm-dai-cdc-dma-dev soc( 0): qcom,msm-dai-cdc-dma:qcom,msm-dai-wsa-cdc-dma-0-rx: fail to open AFE port 0xb000
01-04 11:02:36.245 E/msm-dai-cdc-dma-dev soc( 0): qcom,msm-dai-cdc-dma:qcom,msm-dai-wsa-cdc-dma-0-rx: ASoC: cpu DAI prepare error: -22
01-04 11:02:36.245 E/soc_pcm_prepare( 0): Issue stop stream for codec_dai due to op failure -22 = ret
01-04 11:02:36.245 E/WSA_CDC_DMA_RX_0( 0): ASoC: backend prepare failed -22
01-04 11:02:36.312 I/ ( 0): snd_pcm_hw_constraint_integer failed
01-04 11:02:36.312 I/msm_pcm_open( 0): P buffer bytes minmax constraint ret 1
01-04 11:02:36.312 E/set_cps_config( 0): get_wsa_dev_num is NULL
01-04 11:02:36.319 I/__afe_port_start( 0): port id: 0xb000
01-04 11:02:36.319 I/afe_find_cal_topo_id_by_port( 0): port id: 0xb000, dev_acdb_id: 0
01-04 11:02:36.319 I/afe_find_cal_topo_id_by_port( 0): top_id:112fc acdb_id:15 afe_port:0xb000
01-04 11:02:36.319 I/afe_get_cal_topology_id( 0): port_id = 0xb000 acdb_id = 15 topology_id = 0x112fc cal_type_index=8 ret=0
01-04 11:02:36.319 E/afe_callback( 0): cmd = 0x100fa returned error = 0x2
01-04 11:02:36.319 E/afe_apr_send_pkt( 0): DSP returned error[ADSP_EBADPARAM]
01-04 11:02:36.319 E/afe_send_port_topology_id( 0): AFE set topology id enable for port 0xb000 failed -22
01-04 11:02:36.319 I/afe_send_port_topology_id( 0): AFE set topology id 0x112fc enable for port 0xb000 ret -22
01-04 11:02:36.319 I/send_afe_cal_type( 0): cal_index is 0
01-04 11:02:36.319 I/send_afe_cal_type( 0): dev_acdb_id[162] is 0
01-04 11:02:36.319 I/send_afe_cal_type( 0): Sending cal_index cal 0
01-04 11:02:36.319 E/send_afe_cal_type( 0): No cal sent for cal_index 0, port_id = 0xb000! ret -22
01-04 11:02:36.320 I/afe_send_hw_delay( 0): port_id 0xb000 rate 48000 delay_usec 474 status 0
01-04 11:02:36.320 E/afe_callback( 0): cmd = 0x100fa returned error = 0x2
01-04 11:02:36.320 E/afe_apr_send_pkt( 0): DSP returned error[ADSP_EBADPARAM]
01-04 11:02:36.320 E/__afe_port_start( 0): AFE enable for port 0xb000 failed -22
01-04 11:02:36.320 E/msm-dai-cdc-dma-dev soc( 0): qcom,msm-dai-cdc-dma:qcom,msm-dai-wsa-cdc-dma-0-rx: fail to open AFE port 0xb000
01-04 11:02:36.320 E/msm-dai-cdc-dma-dev soc( 0): qcom,msm-dai-cdc-dma:qcom,msm-dai-wsa-cdc-dma-0-rx: ASoC: cpu DAI prepare error: -22
01-04 11:02:36.320 E/soc_pcm_prepare( 0): Issue stop stream for codec_dai due to op failure -22 = ret
01-04 11:02:36.320 E/WSA_CDC_DMA_RX_0( 0): ASoC: backend prepare failed -22
01-04 11:02:36.384 I/ ( 0): snd_pcm_hw_constraint_integer failed
01-04 11:02:36.384 I/msm_pcm_open( 0): P buffer bytes minmax constraint ret 1
01-04 11:02:36.384 E/set_cps_config( 0): get_wsa_dev_num is NULL
02-09 05:45:01.289 I/netstats_mobile_sample( 1511): [0,0,0,0,0,0,0,0,0,0,0,0,1675892701289]
02-09 05:45:01.289 I/netstats_wifi_sample( 1511): [0,0,0,0,0,0,0,0,0,0,0,0,1675892701289]
01-04 11:02:36.391 I/__afe_port_start( 0): port id: 0xb000
01-04 11:02:36.391 I/afe_find_cal_topo_id_by_port( 0): port id: 0xb000, dev_acdb_id: 0
01-04 11:02:36.391 I/afe_find_cal_topo_id_by_port( 0): top_id:112fc acdb_id:15 afe_port:0xb000
01-04 11:02:36.391 I/afe_get_cal_topology_id( 0): port_id = 0xb000 acdb_id = 15 topology_id = 0x112fc cal_type_index=8 ret=0
01-04 11:02:36.391 E/afe_callback( 0): cmd = 0x100fa returned error = 0x2
01-04 11:02:36.391 E/afe_apr_send_pkt( 0): DSP returned error[ADSP_EBADPARAM]
01-04 11:02:36.391 E/afe_send_port_topology_id( 0): AFE set topology id enable for port 0xb000 failed -22
01-04 11:02:36.391 I/afe_send_port_topology_id( 0): AFE set topology id 0x112fc enable for port 0xb000 ret -22
01-04 11:02:36.391 I/send_afe_cal_type( 0): cal_index is 0
01-04 11:02:36.391 I/send_afe_cal_type( 0): dev_acdb_id[162] is 0
01-04 11:02:36.391 I/send_afe_cal_type( 0): Sending cal_index cal 0
01-04 11:02:36.391 E/send_afe_cal_type( 0): No cal sent for cal_index 0, port_id = 0xb000! ret -22
01-04 11:02:36.391 I/afe_send_hw_delay( 0): port_id 0xb000 rate 48000 delay_usec 474 status 0
01-04 11:02:36.392 E/afe_callback( 0): cmd = 0x100fa returned error = 0x2
01-04 11:02:36.392 E/afe_apr_send_pkt( 0): DSP returned error[ADSP_EBADPARAM]
01-04 11:02:36.392 E/__afe_port_start( 0): AFE enable for port 0xb000 failed -22
01-04 11:02:36.392 E/msm-dai-cdc-dma-dev soc( 0): qcom,msm-dai-cdc-dma:qcom,msm-dai-wsa-cdc-dma-0-rx: fail to open AFE port 0xb000
01-04 11:02:36.392 E/msm-dai-cdc-dma-dev soc( 0): qcom,msm-dai-cdc-dma:qcom,msm-dai-wsa-cdc-dma-0-rx: ASoC: cpu DAI prepare error: -22
01-04 11:02:36.392 E/soc_pcm_prepare( 0): Issue stop stream for codec_dai due to op failure -22 = ret
01-04 11:02:36.392 E/WSA_CDC_DMA_RX_0( 0): ASoC: backend prepare failed -22
01-04 11:02:36.457 I/ ( 0): snd_pcm_hw_constraint_integer failed
01-04 11:02:36.457 I/msm_pcm_open( 0): P buffer bytes minmax constraint ret 1
01-04 11:02:36.457 E/set_cps_config( 0): get_wsa_dev_num is NULL
01-04 11:02:36.464 I/__afe_port_start( 0): port id: 0xb000
01-04 11:02:36.464 I/afe_find_cal_topo_id_by_port( 0): port id: 0xb000, dev_acdb_id: 0
01-04 11:02:36.464 I/afe_find_cal_topo_id_by_port( 0): top_id:112fc acdb_id:15 afe_port:0xb000
01-04 11:02:36.464 I/afe_get_cal_topology_id( 0): port_id = 0xb000 acdb_id = 15 topology_id = 0x112fc cal_type_index=8 ret=0
01-04 11:02:36.464 E/afe_callback( 0): cmd = 0x100fa returned error = 0x2
01-04 11:02:36.464 E/afe_apr_send_pkt( 0): DSP returned error[ADSP_EBADPARAM]
01-04 11:02:36.464 E/afe_send_port_topology_id( 0): AFE set topology id enable for port 0xb000 failed -22
01-04 11:02:36.464 I/afe_send_port_topology_id( 0): AFE set topology id 0x112fc enable for port 0xb000 ret -22
01-04 11:02:36.464 I/send_afe_cal_type( 0): cal_index is 0
01-04 11:02:36.464 I/send_afe_cal_type( 0): dev_acdb_id[162] is 0
01-04 11:02:36.464 I/send_afe_cal_type( 0): Sending cal_index cal 0
01-04 11:02:36.464 E/send_afe_cal_type( 0): No cal sent for cal_index 0, port_id = 0xb000! ret -22
01-04 11:02:36.464 I/afe_send_hw_delay( 0): port_id 0xb000 rate 48000 delay_usec 474 status 0
01-04 11:02:36.464 E/afe_callback( 0): cmd = 0x100fa returned error = 0x2
01-04 11:02:36.464 E/afe_apr_send_pkt( 0): DSP returned error[ADSP_EBADPARAM]
01-04 11:02:36.464 E/__afe_port_start( 0): AFE enable for port 0xb000 failed -22
01-04 11:02:36.464 E/msm-dai-cdc-dma-dev soc( 0): qcom,msm-dai-cdc-dma:qcom,msm-dai-wsa-cdc-dma-0-rx: fail to open AFE port 0xb000
01-04 11:02:36.464 E/msm-dai-cdc-dma-dev soc( 0): qcom,msm-dai-cdc-dma:qcom,msm-dai-wsa-cdc-dma-0-rx: ASoC: cpu DAI prepare error: -22
01-04 11:02:36.464 E/soc_pcm_prepare( 0): Issue stop stream for codec_dai due to op failure -22 = ret
01-04 11:02:36.465 E/WSA_CDC_DMA_RX_0( 0): ASoC: backend prepare failed -22
01-04 11:02:36.530 I/ ( 0): snd_pcm_hw_constraint_integer failed
01-04 11:02:36.530 I/msm_pcm_open( 0): P buffer bytes minmax constraint ret 1
01-04 11:02:36.530 E/set_cps_config( 0): get_wsa_dev_num is NULL
01-04 11:02:36.537 I/__afe_port_start( 0): port id: 0xb000
01-04 11:02:36.537 I/afe_find_cal_topo_id_by_port( 0): port id: 0xb000, dev_acdb_id: 0
01-04 11:02:36.537 I/afe_find_cal_topo_id_by_port( 0): top_id:112fc acdb_id:15 afe_port:0xb000
01-04 11:02:36.537 I/afe_get_cal_topology_id( 0): port_id = 0xb000 acdb_id = 15 topology_id = 0x112fc cal_type_index=8 ret=0
01-04 11:02:36.538 E/afe_callback( 0): cmd = 0x100fa returned error = 0x2
01-04 11:02:36.538 E/afe_apr_send_pkt( 0): DSP returned error[ADSP_EBADPARAM]
01-04 11:02:36.538 E/afe_send_port_topology_id( 0): AFE set topology id enable for port 0xb000 failed -22
01-04 11:02:36.538 I/afe_send_port_topology_id( 0): AFE set topology id 0x112fc enable for port 0xb000 ret -22
01-04 11:02:36.538 I/send_afe_cal_type( 0): cal_index is 0
01-04 11:02:36.538 I/send_afe_cal_type( 0): dev_acdb_id[162] is 0
01-04 11:02:36.538 I/send_afe_cal_type( 0): Sending cal_index cal 0
01-04 11:02:36.538 E/send_afe_cal_type( 0): No cal sent for cal_index 0, port_id = 0xb000! ret -22
01-04 11:02:36.538 I/afe_send_hw_delay( 0): port_id 0xb000 rate 48000 delay_usec 474 status 0
01-04 11:02:36.538 E/afe_callback( 0): cmd = 0x100fa returned error = 0x2
01-04 11:02:36.538 E/afe_apr_send_pkt( 0): DSP returned error[ADSP_EBADPARAM]
01-04 11:02:36.538 E/__afe_port_start( 0): AFE enable for port 0xb000 failed -22
01-04 11:02:36.538 E/msm-dai-cdc-dma-dev soc( 0): qcom,msm-dai-cdc-dma:qcom,msm-dai-wsa-cdc-dma-0-rx: fail to open AFE port 0xb000
01-04 11:02:36.538 E/msm-dai-cdc-dma-dev soc( 0): qcom,msm-dai-cdc-dma:qcom,msm-dai-wsa-cdc-dma-0-rx: ASoC: cpu DAI prepare error: -22
01-04 11:02:36.538 E/soc_pcm_prepare( 0): Issue stop stream for codec_dai due to op failure -22 = ret
01-04 11:02:36.538 E/WSA_CDC_DMA_RX_0( 0): ASoC: backend prepare failed -22
01-04 11:02:36.604 I/ ( 0): snd_pcm_hw_constraint_integer failed
01-04 11:02:36.604 I/msm_pcm_open( 0): P buffer bytes minmax constraint ret 1
01-04 11:02:36.604 E/set_cps_config( 0): get_wsa_dev_num is NULL
01-04 11:02:36.611 I/__afe_port_start( 0): port id: 0xb000
01-04 11:02:36.611 I/afe_find_cal_topo_id_by_port( 0): port id: 0xb000, dev_acdb_id: 0
01-04 11:02:36.611 I/afe_find_cal_topo_id_by_port( 0): top_id:112fc acdb_id:15 afe_port:0xb000
01-04 11:02:36.611 I/afe_get_cal_topology_id( 0): port_id = 0xb000 acdb_id = 15 topology_id = 0x112fc cal_type_index=8 ret=0
01-04 11:02:36.611 E/afe_callback( 0): cmd = 0x100fa returned error = 0x2
01-04 11:02:36.612 E/afe_apr_send_pkt( 0): DSP returned error[ADSP_EBADPARAM]
01-04 11:02:36.612 E/afe_send_port_topology_id( 0): AFE set topology id enable for port 0xb000 failed -22
01-04 11:02:36.612 I/afe_send_port_topology_id( 0): AFE set topology id 0x112fc enable for port 0xb000 ret -22
01-04 11:02:36.612 I/send_afe_cal_type( 0): cal_index is 0
01-04 11:02:36.612 I/send_afe_cal_type( 0): dev_acdb_id[162] is 0
01-04 11:02:36.612 I/send_afe_cal_type( 0): Sending cal_index cal 0
01-04 11:02:36.612 E/send_afe_cal_type( 0): No cal sent for cal_index 0, port_id = 0xb000! ret -22
01-04 11:02:36.612 I/afe_send_hw_delay( 0): port_id 0xb000 rate 48000 delay_usec 474 status 0
01-04 11:02:36.612 E/afe_callback( 0): cmd = 0x100fa returned error = 0x2
01-04 11:02:36.612 E/afe_apr_send_pkt( 0): DSP returned error[ADSP_EBADPARAM]
01-04 11:02:36.612 E/__afe_port_start( 0): AFE enable for port 0xb000 failed -22
01-04 11:02:36.612 E/msm-dai-cdc-dma-dev soc( 0): qcom,msm-dai-cdc-dma:qcom,msm-dai-wsa-cdc-dma-0-rx: fail to open AFE port 0xb000
01-04 11:02:36.612 E/msm-dai-cdc-dma-dev soc( 0): qcom,msm-dai-cdc-dma:qcom,msm-dai-wsa-cdc-dma-0-rx: ASoC: cpu DAI prepare error: -22
01-04 11:02:36.612 E/soc_pcm_prepare( 0): Issue stop stream for codec_dai due to op failure -22 = ret
01-04 11:02:36.612 E/WSA_CDC_DMA_RX_0( 0): ASoC: backend prepare failed -22
01-04 11:02:36.679 I/ ( 0): snd_pcm_hw_constraint_integer failed
01-04 11:02:36.679 I/msm_pcm_open( 0): P buffer bytes minmax constraint ret 1
01-04 11:02:36.679 E/set_cps_config( 0): get_wsa_dev_num is NULL
01-04 11:02:36.687 I/__afe_port_start( 0): port id: 0xb000
01-04 11:02:36.687 I/afe_find_cal_topo_id_by_port( 0): port id: 0xb000, dev_acdb_id: 0
01-04 11:02:36.687 I/afe_find_cal_topo_id_by_port( 0): top_id:112fc acdb_id:15 afe_port:0xb000
01-04 11:02:36.687 I/afe_get_cal_topology_id( 0): port_id = 0xb000 acdb_id = 15 topology_id = 0x112fc cal_type_index=8 ret=0
01-04 11:02:36.687 E/afe_callback( 0): cmd = 0x100fa returned error = 0x2
01-04 11:02:36.687 E/afe_apr_send_pkt( 0): DSP returned error[ADSP_EBADPARAM]
01-04 11:02:36.687 E/afe_send_port_topology_id( 0): AFE set topology id enable for port 0xb000 failed -22
01-04 11:02:36.687 I/afe_send_port_topology_id( 0): AFE set topology id 0x112fc enable for port 0xb000 ret -22
01-04 11:02:36.687 I/send_afe_cal_type( 0): cal_index is 0
01-04 11:02:36.687 I/send_afe_cal_type( 0): dev_acdb_id[162] is 0
01-04 11:02:36.687 I/send_afe_cal_type( 0): Sending cal_index cal 0
01-04 11:02:36.687 E/send_afe_cal_type( 0): No cal sent for cal_index 0, port_id = 0xb000! ret -22
01-04 11:02:36.687 I/afe_send_hw_delay( 0): port_id 0xb000 rate 48000 delay_usec 474 status 0
01-04 11:02:36.687 E/afe_callback( 0): cmd = 0x100fa returned error = 0x2
01-04 11:02:36.687 E/afe_apr_send_pkt( 0): DSP returned error[ADSP_EBADPARAM]
01-04 11:02:36.687 E/__afe_port_start( 0): AFE enable for port 0xb000 failed -22
01-04 11:02:36.687 E/msm-dai-cdc-dma-dev soc( 0): qcom,msm-dai-cdc-dma:qcom,msm-dai-wsa-cdc-dma-0-rx: fail to open AFE port 0xb000
01-04 11:02:36.687 E/msm-dai-cdc-dma-dev soc( 0): qcom,msm-dai-cdc-dma:qcom,msm-dai-wsa-cdc-dma-0-rx: ASoC: cpu DAI prepare error: -22
01-04 11:02:36.687 E/soc_pcm_prepare( 0): Issue stop stream for codec_dai due to op failure -22 = ret
01-04 11:02:36.688 E/WSA_CDC_DMA_RX_0( 0): ASoC: backend prepare failed -22
01-04 11:02:36.752 I/ ( 0): snd_pcm_hw_constraint_integer failed
01-04 11:02:36.752 I/msm_pcm_open( 0): P buffer bytes minmax constraint ret 1
01-04 11:02:36.752 E/set_cps_config( 0): get_wsa_dev_num is NULL
01-04 11:02:36.759 I/__afe_port_start( 0): port id: 0xb000
01-04 11:02:36.759 I/afe_find_cal_topo_id_by_port( 0): port id: 0xb000, dev_acdb_id: 0
01-04 11:02:36.759 I/afe_find_cal_topo_id_by_port( 0): top_id:112fc acdb_id:15 afe_port:0xb000
01-04 11:02:36.759 I/afe_get_cal_topology_id( 0): port_id = 0xb000 acdb_id = 15 topology_id = 0x112fc cal_type_index=8 ret=0
01-04 11:02:36.760 E/afe_callback( 0): cmd = 0x100fa returned error = 0x2
01-04 11:02:36.760 E/afe_apr_send_pkt( 0): DSP returned error[ADSP_EBADPARAM]
01-04 11:02:36.760 E/afe_send_port_topology_id( 0): AFE set topology id enable for port 0xb000 failed -22
01-04 11:02:36.760 I/afe_send_port_topology_id( 0): AFE set topology id 0x112fc enable for port 0xb000 ret -22
01-04 11:02:36.760 I/send_afe_cal_type( 0): cal_index is 0
01-04 11:02:36.760 I/send_afe_cal_type( 0): dev_acdb_id[162] is 0
01-04 11:02:36.760 I/send_afe_cal_type( 0): Sending cal_index cal 0
01-04 11:02:36.760 E/send_afe_cal_type( 0): No cal sent for cal_index 0, port_id = 0xb000! ret -22
01-04 11:02:36.760 I/afe_send_hw_delay( 0): port_id 0xb000 rate 48000 delay_usec 474 status 0
01-04 11:02:36.760 E/afe_callback( 0): cmd = 0x100fa returned error = 0x2
01-04 11:02:36.760 E/afe_apr_send_pkt( 0): DSP returned error[ADSP_EBADPARAM]
01-04 11:02:36.760 E/__afe_port_start( 0): AFE enable for port 0xb000 failed -22
01-04 11:02:36.760 E/msm-dai-cdc-dma-dev soc( 0): qcom,msm-dai-cdc-dma:qcom,msm-dai-wsa-cdc-dma-0-rx: fail to open AFE port 0xb000
01-04 11:02:36.760 E/msm-dai-cdc-dma-dev soc( 0): qcom,msm-dai-cdc-dma:qcom,msm-dai-wsa-cdc-dma-0-rx: ASoC: cpu DAI prepare error: -22
01-04 11:02:36.760 E/soc_pcm_prepare( 0): Issue stop stream for codec_dai due to op failure -22 = ret
01-04 11:02:36.761 E/WSA_CDC_DMA_RX_0( 0): ASoC: backend prepare failed -22
01-04 11:02:36.825 I/ ( 0): snd_pcm_hw_constraint_integer failed
01-04 11:02:36.825 I/msm_pcm_open( 0): P buffer bytes minmax constraint ret 1
01-04 11:02:36.825 E/set_cps_config( 0): get_wsa_dev_num is NULL
01-04 11:02:36.832 I/__afe_port_start( 0): port id: 0xb000
01-04 11:02:36.832 I/afe_find_cal_topo_id_by_port( 0): port id: 0xb000, dev_acdb_id: 0
01-04 11:02:36.832 I/afe_find_cal_topo_id_by_port( 0): top_id:112fc acdb_id:15 afe_port:0xb000
01-04 11:02:36.832 I/afe_get_cal_topology_id( 0): port_id = 0xb000 acdb_id = 15 topology_id = 0x112fc cal_type_index=8 ret=0
01-04 11:02:36.833 E/afe_callback( 0): cmd = 0x100fa returned error = 0x2
01-04 11:02:36.833 E/afe_apr_send_pkt( 0): DSP returned error[ADSP_EBADPARAM]
01-04 11:02:36.833 E/afe_send_port_topology_id( 0): AFE set topology id enable for port 0xb000 failed -22
01-04 11:02:36.833 I/afe_send_port_topology_id( 0): AFE set topology id 0x112fc enable for port 0xb000 ret -22
01-04 11:02:36.833 I/send_afe_cal_type( 0): cal_index is 0
01-04 11:02:36.833 I/send_afe_cal_type( 0): dev_acdb_id[162] is 0
01-04 11:02:36.833 I/send_afe_cal_type( 0): Sending cal_index cal 0
01-04 11:02:36.833 E/send_afe_cal_type( 0): No cal sent for cal_index 0, port_id = 0xb000! ret -22
01-04 11:02:36.833 I/afe_send_hw_delay( 0): port_id 0xb000 rate 48000 delay_usec 474 status 0
01-04 11:02:36.833 E/afe_callback( 0): cmd = 0x100fa returned error = 0x2
01-04 11:02:36.833 E/afe_apr_send_pkt( 0): DSP returned error[ADSP_EBADPARAM]
01-04 11:02:36.833 E/__afe_port_start( 0): AFE enable for port 0xb000 failed -22
01-04 11:02:36.833 E/msm-dai-cdc-dma-dev soc( 0): qcom,msm-dai-cdc-dma:qcom,msm-dai-wsa-cdc-dma-0-rx: fail to open AFE port 0xb000
01-04 11:02:36.833 E/msm-dai-cdc-dma-dev soc( 0): qcom,msm-dai-cdc-dma:qcom,msm-dai-wsa-cdc-dma-0-rx: ASoC: cpu DAI prepare error: -22
01-04 11:02:36.833 E/soc_pcm_prepare( 0): Issue stop stream for codec_dai due to op failure -22 = ret
01-04 11:02:36.833 E/WSA_CDC_DMA_RX_0( 0): ASoC: backend prepare failed -22
01-04 11:02:36.900 I/ ( 0): snd_pcm_hw_constraint_integer failed
01-04 11:02:36.900 I/msm_pcm_open( 0): P buffer bytes minmax constraint ret 1
01-04 11:02:36.900 E/set_cps_config( 0): get_wsa_dev_num is NULL
01-04 11:02:36.907 I/__afe_port_start( 0): port id: 0xb000
01-04 11:02:36.907 I/afe_find_cal_topo_id_by_port( 0): port id: 0xb000, dev_acdb_id: 0
01-04 11:02:36.907 I/afe_find_cal_topo_id_by_port( 0): top_id:112fc acdb_id:15 afe_port:0xb000
01-04 11:02:36.907 I/afe_get_cal_topology_id( 0): port_id = 0xb000 acdb_id = 15 topology_id = 0x112fc cal_type_index=8 ret=0
01-04 11:02:36.907 E/afe_callback( 0): cmd = 0x100fa returned error = 0x2
01-04 11:02:36.907 E/afe_apr_send_pkt( 0): DSP returned error[ADSP_EBADPARAM]
01-04 11:02:36.907 E/afe_send_port_topology_id( 0): AFE set topology id enable for port 0xb000 failed -22
01-04 11:02:36.907 I/afe_send_port_topology_id( 0): AFE set topology id 0x112fc enable for port 0xb000 ret -22
