02-09 05:31:47.824 I/ActivityTaskManager( 1511): The Process com.hht.lebocast Already Exists in BG. So sending its PID: 2738
02-09 05:31:47.824 I/wm_add_to_stopping( 1511): [0,204923478,com.android.launcher3/.uioverrides.QuickstepLauncher,makeInvisible]
02-09 05:31:47.824 I/wm_restart_activity( 1511): [0,180513546,32,com.hht.lebocast/.GuidanceActivity]
02-09 05:31:47.825 I/wm_set_resumed_activity( 1511): [0,com.hht.lebocast/.GuidanceActivity,minimalResumeActivityLocked]
02-09 05:31:47.830 I/sysui_multi_action( 1511): [757,803,799,window_time_0,802,0]
02-09 05:31:47.843 I/input_focus( 1511): [Focus leaving 584aa45 com.android.launcher3/com.android.launcher3.uioverrides.QuickstepLauncher (server),reason=NO_WINDOW]
02-09 05:31:47.928 W/ContextImpl( 2089): Calling a method in the system process without a qualified user: android.app.ContextImpl.startService:1816 android.content.ContextWrapper.startService:774 com.thundercomm.gamemode.ingame.services.GameModeActionUtils.startGameModeService:111 com.thundercomm.gamemode.ingame.services.GameModeActionUtils.startGameModeEntry:22 com.thundercomm.gamemode.ingame.services.ActivityMonitoringService$1.onActivityLaunch:139
02-09 05:31:47.929 I/GameModeConfig( 1511): Current uri is uri = content://com.thundercomm.gamemode.api/gamemode_settings/gamemode_isgaming
02-09 05:31:47.930 I/GameModeConfig( 1511): isGameModeOn = true
02-09 05:31:47.930 I/GameModeConfig( 1511): isGaming = false
02-09 05:31:47.930 I/GameModeConfig( 1511): isGameModeOn = true
02-09 05:31:47.930 I/GameModeConfig( 1511): isGaming = false
02-09 05:31:47.930 I/GameModeConfig( 1511): isDisableVoice = true
02-09 05:31:47.942 I/wm_on_create_called( 2738): [180513546,com.hht.lebocast.GuidanceActivity,performCreate]
02-09 05:31:47.942 I/wm_on_start_called( 2738): [180513546,com.hht.lebocast.GuidanceActivity,handleStartActivity]
02-09 05:31:47.943 I/wm_on_resume_called( 2738): [180513546,com.hht.lebocast.GuidanceActivity,RESUME_ACTIVITY]
02-09 05:31:47.949 I/wm_on_top_resumed_gained_called( 2738): [180513546,com.hht.lebocast.GuidanceActivity,topStateChangedWhenResumed]
02-09 05:31:47.967 I/input_focus( 1511): [Focus request a476f99 com.hht.lebocast/com.hht.lebocast.GuidanceActivity,reason=UpdateInputWindows]
02-09 05:31:48.056 I/sysui_multi_action( 1511): [319,38,321,36,322,257,325,4202,757,761,758,8,759,1,806,com.hht.lebocast,871,com.hht.lebocast.GuidanceActivity,904,com.android.launcher3,905,0,1320,4,1321,2]
02-09 05:31:48.056 I/input_focus( 1511): [Focus entering a476f99 com.hht.lebocast/com.hht.lebocast.GuidanceActivity (server),reason=Window became focusable. Previous reason: NOT_VISIBLE]
02-09 05:31:48.056 I/wm_activity_launch_time( 1511): [0,180513546,com.hht.lebocast/.GuidanceActivity,257]
02-09 05:31:48.056 I/wm_finish_activity( 1511): [0,143632405,31,com.microsoft.emmx/com.microsoft.edge.fre.MicrosoftFirstRunActivity,recent-task-trimmed]
02-09 05:31:48.057 I/wm_destroy_activity( 1511): [0,143632405,31,com.microsoft.emmx/com.microsoft.edge.fre.MicrosoftFirstRunActivity,finish-imm:finishIfPossible]
02-09 05:31:48.059 I/sysui_multi_action( 1511): [757,803,799,window_time_0,802,1]
02-09 05:31:48.062 I/wm_on_destroy_called( 6959): [143632405,com.microsoft.edge.fre.MicrosoftFirstRunActivity,performDestroy]
02-09 05:31:48.066 I/wm_task_removed( 1511): [31,removeChild:removeChild last r=ActivityRecord{88fa815 u0 com.microsoft.emmx/com.microsoft.edge.fre.MicrosoftFirstRunActivity t-1 f}} in t=Task{f9f272a #31 type=standard A=10035:com.microsoft.emmx U=0 visible=false mode=fullscreen translucent=true sz=0}]
02-09 05:31:48.066 I/wm_task_removed( 1511): [31,removeChild]
02-09 05:31:48.068 W/ActivityTaskManager( 1511): Can't find TaskDisplayArea to determine support for multi window. Task id=31 attached=false
02-09 05:31:48.068 W/ActivityTaskManager( 1511): Can't find TaskDisplayArea to determine support for multi window. Task id=31 attached=false
02-09 05:31:48.079 I/am_pss ( 1511): [6754,10097,com.tencent.lolm,500895744,493326336,0,624558080,0,16,17]
02-09 05:31:48.079 W/UsageStatsService( 1511): Unexpected activity event reported! (com.microsoft.emmx/com.microsoft.edge.fre.MicrosoftFirstRunActivity event : 23 instanceId : 161299916)
02-09 05:31:48.160 W/ContextImpl( 2089): Calling a method in the system process without a qualified user: android.app.ContextImpl.startService:1816 android.content.ContextWrapper.startService:774 com.thundercomm.gamemode.ingame.services.GameModeActionUtils.startGameModeService:111 com.thundercomm.gamemode.ingame.services.GameModeActionUtils.startGameModeEntry:22 com.thundercomm.gamemode.ingame.services.ActivityMonitoringService$1.onActivityLaunch:139
02-09 05:31:48.161 I/GameModeConfig( 1511): Current uri is uri = content://com.thundercomm.gamemode.api/gamemode_settings/gamemode_isgaming
02-09 05:31:48.161 I/GameModeConfig( 1511): isGameModeOn = true
02-09 05:31:48.161 I/GameModeConfig( 1511): isGaming = false
02-09 05:31:48.162 I/GameModeConfig( 1511): isGameModeOn = true
02-09 05:31:48.162 I/GameModeConfig( 1511): isGaming = false
02-09 05:31:48.162 I/GameModeConfig( 1511): isDisableVoice = true
02-09 05:31:48.358 I/wm_stop_activity( 1511): [0,204923478,com.android.launcher3/.uioverrides.QuickstepLauncher]
02-09 05:31:48.375 I/wm_on_stop_called( 2559): [204923478,com.android.launcher3.uioverrides.QuickstepLauncher,STOP_ACTIVITY_ITEM]
02-09 05:31:48.392 W/ContextImpl( 2089): Calling a method in the system process without a qualified user: android.app.ContextImpl.startService:1816 android.content.ContextWrapper.startService:774 com.thundercomm.gamemode.ingame.services.GameModeActionUtils.startGameModeService:111 com.thundercomm.gamemode.ingame.services.GameModeActionUtils.startGameModeEntry:22 com.thundercomm.gamemode.ingame.services.ActivityMonitoringService$1.onActivityLaunch:139
02-09 05:31:48.393 I/GameModeConfig( 1511): Current uri is uri = content://com.thundercomm.gamemode.api/gamemode_settings/gamemode_isgaming
02-09 05:31:48.394 I/GameModeConfig( 1511): isGameModeOn = true
02-09 05:31:48.394 I/GameModeConfig( 1511): isGaming = false
02-09 05:31:48.394 I/GameModeConfig( 1511): isGameModeOn = true
02-09 05:31:48.394 I/GameModeConfig( 1511): isGaming = false
02-09 05:31:48.394 I/GameModeConfig( 1511): isDisableVoice = true
02-09 05:31:48.896 I/input_interaction( 1511): Interaction with: a476f99 com.hht.lebocast/com.hht.lebocast.GuidanceActivity (server), edge-swipe (server), swipe-up (server), PointerEventDispatcher0 (server),
02-09 05:31:48.899 W/FreeFormWindowHelper( 1511): Current Display FreeFormTask is null
02-09 05:31:48.899 W/FreeFormWindowHelper( 1511): Current Display FreeFormTask is null
02-09 05:31:48.900 W/FreeFormWindowHelper( 1511): Current Display FreeFormTask is null
02-09 05:31:48.900 I/wm_task_moved( 1511): [1,0,0]
02-09 05:31:48.901 I/wm_task_moved( 1511): [1,0,8]
02-09 05:31:48.906 W/ContextImpl( 2089): Calling a method in the system process without a qualified user: android.app.ContextImpl.startService:1816 android.content.ContextWrapper.startService:774 com.thundercomm.gamemode.ingame.services.GameModeActionUtils.startGameModeService:111 com.thundercomm.gamemode.ingame.services.GameModeActionUtils.startGameModeEntry:22 com.thundercomm.gamemode.ingame.services.ActivityMonitoringService$1.onActivityLaunch:139
02-09 05:31:48.907 I/wm_on_restart_called( 2559): [204923478,com.android.launcher3.uioverrides.QuickstepLauncher,performRestartActivity]
02-09 05:31:48.907 I/GameModeConfig( 1511): Current uri is uri = content://com.thundercomm.gamemode.api/gamemode_settings/gamemode_isgaming
02-09 05:31:48.908 W/FreeFormWindowHelper( 1511): Current Display FreeFormTask is null
02-09 05:31:48.908 W/FreeFormWindowHelper( 1511): Current Display FreeFormTask is null
02-09 05:31:48.909 I/GameModeConfig( 1511): isGameModeOn = true
02-09 05:31:48.909 I/GameModeConfig( 1511): isGaming = false
02-09 05:31:48.909 I/GameModeConfig( 1511): isGameModeOn = true
02-09 05:31:48.909 I/GameModeConfig( 1511): isGaming = false
02-09 05:31:48.909 I/GameModeConfig( 1511): isDisableVoice = true
02-09 05:31:48.921 I/wm_on_start_called( 2559): [204923478,com.android.launcher3.uioverrides.QuickstepLauncher,handleStartActivity]
02-09 05:31:48.921 W/ActivityTaskManager( 1511): getTaskSnapshot: taskId=1032 not found
02-09 05:31:48.922 I/view_enqueue_input_event( 2738): [Motion - Cancel,com.hht.lebocast/com.hht.lebocast.GuidanceActivity]
02-09 05:31:48.923 I/input_focus( 1511): [Focus request recents_animation_input_consumer,reason=UpdateInputWindows]
02-09 05:31:48.925 W/ActivityTaskManager( 1511): getTaskSnapshot: taskId=1032 not found
02-09 05:31:48.926 W/ActivityTaskManager( 1511): getTaskSnapshot: taskId=2032 not found
02-09 05:31:48.927 W/FreeFormWindowHelper( 1511): Current Display FreeFormTask is null
02-09 05:31:48.928 W/FreeFormWindowHelper( 1511): Current Display FreeFormTask is null
02-09 05:31:48.928 W/ActivityTaskManager( 1511): getTaskSnapshot: taskId=1032 not found
02-09 05:31:48.928 W/ActivityTaskManager( 1511): getTaskSnapshot: taskId=2032 not found
02-09 05:31:48.928 I/sysui_latency( 2559): [1,33]
02-09 05:31:48.929 W/ActivityTaskManager( 1511): getTaskSnapshot: taskId=1032 not found
02-09 05:31:48.929 W/ActivityTaskManager( 1511): getTaskSnapshot: taskId=2032 not found
02-09 05:31:48.930 W/FreeFormWindowHelper( 1511): Current Display FreeFormTask is null
02-09 05:31:48.933 W/ActivityTaskManager( 1511): getTaskSnapshot: taskId=1032 not found
02-09 05:31:48.933 I/sysui_multi_action( 1511): [319,3,322,31,325,4204,757,761,758,9,759,5,806,com.android.launcher3,871,com.android.launcher3.uioverrides.QuickstepLauncher,905,0,1320,4,1321,1]
02-09 05:31:48.933 W/ActivityTaskManager( 1511): getTaskSnapshot: taskId=2032 not found
02-09 05:31:48.935 E/TaskPersister( 1511): File error accessing recents directory (directory doesn't exist?).
02-09 05:31:48.935 I/input_interaction( 1511): Interaction with: edge-swipe (server), swipe-up (server), PointerEventDispatcher0 (server),
02-09 05:31:48.940 W/FreeFormWindowHelper( 1511): Current Display FreeFormTask is null
02-09 05:31:48.941 W/FreeFormWindowHelper( 1511): Current Display FreeFormTask is null
02-09 05:31:48.942 I/input_focus( 1511): [Focus leaving a476f99 com.hht.lebocast/com.hht.lebocast.GuidanceActivity (server),reason=NOT_FOCUSABLE]
02-09 05:31:48.942 I/input_focus( 1511): [Focus entering recents_animation_input_consumer (server),reason=setFocusedWindow]
02-09 05:31:48.958 W/FreeFormWindowHelper( 1511): Current Display FreeFormTask is null
02-09 05:31:48.958 W/FreeFormWindowHelper( 1511): Current Display FreeFormTask is null
02-09 05:31:49.062 W/FreeFormWindowHelper( 1511): exitRecentTasks type=0
02-09 05:31:49.074 W/FreeFormWindowHelper( 1511): Current Display FreeFormTask is null
02-09 05:31:49.074 W/FreeFormWindowHelper( 1511): Current Display FreeFormTask is null
02-09 05:31:49.104 I/sysui_multi_action( 1511): [757,1717,758,1,759,0]
02-09 05:31:49.104 I/sysui_multi_action( 1511): [757,1717,758,2,759,0]
02-09 05:31:49.104 I/sysui_multi_action( 1511): [757,1717,758,3,759,0]
02-09 05:31:49.120 I/commit_sys_config_file( 1511): [settings-1-0,1]
02-09 05:31:49.232 I/sysui_latency( 1511): [8,35]
02-09 05:31:49.459 W/FreeFormWindowHelper( 1511): Current Display FreeFormTask is null
02-09 05:31:49.459 W/FreeFormWindowHelper( 1511): Current Display FreeFormTask is null
02-09 05:31:49.460 I/wm_task_moved( 1511): [1,1,9]
02-09 05:31:49.460 I/wm_task_moved( 1511): [8,1,2147483647]
02-09 05:31:49.460 I/wm_task_to_front( 1511): [0,8]
02-09 05:31:49.461 I/wm_focused_root_task( 1511): [0,0,1,32,RecentsAnimation.onAnimationFinished()]
02-09 05:31:49.461 I/wm_on_top_resumed_lost_called( 2738): [180513546,com.hht.lebocast.GuidanceActivity,topStateChangedWhenResumed]
02-09 05:31:49.461 I/wm_set_resumed_activity( 1511): [0,com.android.launcher3/.uioverrides.QuickstepLauncher,RecentsAnimation.onAnimationFinished()]
02-09 05:31:49.461 I/wm_pause_activity( 1511): [0,180513546,com.hht.lebocast/.GuidanceActivity,userLeaving=true,pauseBackTasks]
02-09 05:31:49.462 I/wm_add_to_stopping( 1511): [0,180513546,com.hht.lebocast/.GuidanceActivity,makeInvisible]
02-09 05:31:49.462 I/ActivityTaskManager( 1511): FOREGROUND_APPLICATION_CHANGED to com.android.launcher3.uioverrides.QuickstepLauncher
02-09 05:31:49.462 I/wm_set_resumed_activity( 1511): [0,com.android.launcher3/.uioverrides.QuickstepLauncher,resumeTopActivityInnerLocked]
02-09 05:31:49.463 I/wm_resume_activity( 1511): [0,204923478,8,com.android.launcher3/.uioverrides.QuickstepLauncher]
02-09 05:31:49.466 I/wm_on_resume_called( 2559): [204923478,com.android.launcher3.uioverrides.QuickstepLauncher,RESUME_ACTIVITY]
02-09 05:31:49.466 I/input_focus( 1511): [Focus request 584aa45 com.android.launcher3/com.android.launcher3.uioverrides.QuickstepLauncher,reason=UpdateInputWindows]
02-09 05:31:49.467 I/wm_on_top_resumed_gained_called( 2559): [204923478,com.android.launcher3.uioverrides.QuickstepLauncher,topStateChangedWhenResumed]
02-09 05:31:49.467 I/wm_on_paused_called( 2738): [180513546,com.hht.lebocast.GuidanceActivity,performPause]
02-09 05:31:49.468 I/wm_stop_activity( 1511): [0,180513546,com.hht.lebocast/.GuidanceActivity]
02-09 05:31:49.469 I/sysui_multi_action( 1511): [757,803,799,window_time_0,802,1]
02-09 05:31:49.470 I/sysui_multi_action( 1511): [757,803,799,window_time_0,802,0]
02-09 05:31:49.477 I/input_focus( 1511): [Focus leaving recents_animation_input_consumer (server),reason=NOT_VISIBLE]
02-09 05:31:49.478 I/wm_on_stop_called( 2738): [180513546,com.hht.lebocast.GuidanceActivity,STOP_ACTIVITY_ITEM]
02-09 05:31:49.493 I/input_focus( 1511): [Focus entering 584aa45 com.android.launcher3/com.android.launcher3.uioverrides.QuickstepLauncher (server),reason=setFocusedWindow]
02-09 05:31:49.569 W/ContextImpl( 2089): Calling a method in the system process without a qualified user: android.app.ContextImpl.startService:1816 android.content.ContextWrapper.startService:774 com.thundercomm.gamemode.ingame.services.GameModeActionUtils.startGameModeService:111 com.thundercomm.gamemode.ingame.services.GameModeActionUtils.startGameModeEntry:22 com.thundercomm.gamemode.ingame.services.ActivityMonitoringService$1.onActivityLaunch:139
02-09 05:31:49.570 I/GameModeConfig( 1511): Current uri is uri = content://com.thundercomm.gamemode.api/gamemode_settings/gamemode_isgaming
02-09 05:31:49.571 I/GameModeConfig( 1511): isGameModeOn = true
02-09 05:31:49.571 I/GameModeConfig( 1511): isGaming = false
02-09 05:31:49.571 I/GameModeConfig( 1511): isGameModeOn = true
02-09 05:31:49.571 I/GameModeConfig( 1511): isGaming = false
02-09 05:31:49.571 I/GameModeConfig( 1511): isDisableVoice = true
02-09 05:31:50.055 I/iorapd ( 1155): Perfetto TraceBuffer saved to file: /data/misc/iorapd/com.microsoft.emmx/134305015/com.microsoft.ruby.Main/raw_traces/1675891910051474285.perfetto_trace.pb
02-09 05:31:50.372 I/input_interaction( 1511): Interaction with: 584aa45 com.android.launcher3/com.android.launcher3.uioverrides.QuickstepLauncher (server), 4aad3d7 com.android.systemui.ImageWallpaper (server), edge-swipe (server), swipe-up (server), PointerEventDispatcher0 (server),
02-09 05:31:50.487 I/thunderperf( 1511): PlatormCompat.setOverrides: Uid1=10073 Pid1=2559 Uid2=10073 Pid2=2559
02-09 05:31:50.487 I/thunderperf( 1511): PlatormCompat.setOverrides: needCheck:false
02-09 05:31:50.487 I/thunderperf( 1511): CompatConfig.addOverrideUnsafe: bef-state=1
02-09 05:31:50.487 I/thunderperf( 1511): CompatConfig.addOverrideUnsafe: aft-state=0
02-09 05:31:50.488 I/thunderperf( 1511): CompatConfig.addOverrideUnsafe: bef-state=1
02-09 05:31:50.488 I/thunderperf( 1511): CompatConfig.addOverrideUnsafe: aft-state=0
02-09 05:31:50.489 I/thunderperf( 1511): CompatConfig.addOverrideUnsafe: bef-state=1
02-09 05:31:50.489 I/thunderperf( 1511): CompatConfig.addOverrideUnsafe: aft-state=0
02-09 05:31:50.490 I/thunderperf( 1511): CompatConfig.addOverrideUnsafe: bef-state=1
02-09 05:31:50.490 I/thunderperf( 1511): CompatConfig.addOverrideUnsafe: aft-state=0
02-09 05:31:50.490 I/thunderperf( 1511): CompatConfig.addOverrideUnsafe: bef-state=1
02-09 05:31:50.490 I/thunderperf( 1511): CompatConfig.addOverrideUnsafe: aft-state=0
02-09 05:31:50.491 I/thunderperf( 1511): CompatConfig.addOverrideUnsafe: bef-state=1
02-09 05:31:50.491 I/thunderperf( 1511): CompatConfig.addOverrideUnsafe: aft-state=0
02-09 05:31:50.492 I/thunderperf( 1511): CompatConfig.addOverrideUnsafe: bef-state=1
02-09 05:31:50.492 I/thunderperf( 1511): CompatConfig.addOverrideUnsafe: aft-state=0
02-09 05:31:50.492 I/thunderperf( 1511): CompatConfig.addOverrideUnsafe: bef-state=1
02-09 05:31:50.493 I/thunderperf( 1511): CompatConfig.addOverrideUnsafe: aft-state=0
02-09 05:31:50.493 I/thunderperf( 1511): CompatConfig.addOverrideUnsafe: bef-state=1
02-09 05:31:50.493 I/thunderperf( 1511): CompatConfig.addOverrideUnsafe: aft-state=0
02-09 05:31:50.494 I/thunderperf( 1511): CompatConfig.addOverrideUnsafe: bef-state=1
02-09 05:31:50.494 I/thunderperf( 1511): CompatConfig.addOverrideUnsafe: aft-state=0
02-09 05:31:50.496 I/thunderperf( 1511): CompatConfig.addOverrideUnsafe: bef-state=1
02-09 05:31:50.496 I/thunderperf( 1511): CompatConfig.addOverrideUnsafe: aft-state=0
02-09 05:31:50.496 I/thunderperf( 1511): CompatConfig.addOverrideUnsafe: bef-state=1
02-09 05:31:50.496 I/thunderperf( 1511): CompatConfig.addOverrideUnsafe: aft-state=0
02-09 05:31:50.497 I/thunderperf( 1511): CompatConfig.addOverrideUnsafe: bef-state=1
02-09 05:31:50.497 I/thunderperf( 1511): CompatConfig.addOverrideUnsafe: aft-state=0
02-09 05:31:50.498 I/thunderperf( 1511): CompatConfig.addOverrideUnsafe: bef-state=1
02-09 05:31:50.498 I/thunderperf( 1511): CompatConfig.addOverrideUnsafe: aft-state=0
02-09 05:31:50.505 I/ActivityTaskManager( 1511): START u0 {act=android.intent.action.MAIN cat=[android.intent.category.LAUNCHER] flg=0x10200000 cmp=com.tencent.qqmusicpad/.activity.AppStarterActivity bnds=[1492,120][1768,382]} from uid 10073
02-09 05:31:50.513 I/wm_task_created( 1511): [33,-1]
02-09 05:31:50.513 W/ActivityTaskManager( 1511): Can't find TaskDisplayArea to determine support for multi window. Task id=33 attached=false
02-09 05:31:50.515 D/CompatibilityChangeReporter( 1511): Compat change id reported: 174042980; UID 10095; state: DISABLED
02-09 05:31:50.515 D/CompatibilityChangeReporter( 1511): Compat change id reported: 184838306; UID 10095; state: DISABLED
02-09 05:31:50.515 D/CompatibilityChangeReporter( 1511): Compat change id reported: 185004937; UID 10095; state: DISABLED
02-09 05:31:50.515 D/CompatibilityChangeReporter( 1511): Compat change id reported: 181136395; UID 10095; state: DISABLED
02-09 05:31:50.515 D/CompatibilityChangeReporter( 1511): Compat change id reported: 174042936; UID 10095; state: DISABLED
02-09 05:31:50.515 I/wm_task_moved( 1511): [33,1,10]
02-09 05:31:50.515 I/wm_task_to_front( 1511): [0,33]
02-09 05:31:50.516 I/wm_create_task( 1511): [0,33]
02-09 05:31:50.516 I/wm_create_activity( 1511): [0,129618774,33,com.tencent.qqmusicpad/.activity.AppStarterActivity,android.intent.action.MAIN,NULL,NULL,270532608]
02-09 05:31:50.516 I/wm_task_moved( 1511): [33,1,10]
02-09 05:31:50.516 D/CompatibilityChangeReporter( 1511): Compat change id reported: 168419799; UID 10095; state: DISABLED
02-09 05:31:50.517 I/wm_pause_activity( 1511): [0,204923478,com.android.launcher3/.uioverrides.QuickstepLauncher,userLeaving=true,pauseBackTasks]
02-09 05:31:50.520 I/am_uid_running( 1511): 10095
02-09 05:31:50.520 I/wm_on_top_resumed_lost_called( 2559): [204923478,com.android.launcher3.uioverrides.QuickstepLauncher,topStateChangedWhenResumed]
02-09 05:31:50.520 D/CompatibilityChangeReporter( 1511): Compat change id reported: 135634846; UID 10095; state: DISABLED
02-09 05:31:50.520 I/wm_on_paused_called( 2559): [204923478,com.android.launcher3.uioverrides.QuickstepLauncher,performPause]
02-09 05:31:50.520 D/CompatibilityChangeReporter( 1511): Compat change id reported: 143937733; UID 10095; state: DISABLED
02-09 05:31:50.524 I/ActivityTaskManager( 1511): FOREGROUND_APPLICATION_CHANGED to com.tencent.qqmusicpad.activity.AppStarterActivity
02-09 05:31:50.524 I/wm_add_to_stopping( 1511): [0,204923478,com.android.launcher3/.uioverrides.QuickstepLauncher,makeInvisible]
02-09 05:31:50.525 I/am_proc_start( 1511): [0,7156,10095,com.tencent.qqmusicpad,pre-top-activity,{com.tencent.qqmusicpad/com.tencent.qqmusicpad.activity.AppStarterActivity}]
02-09 05:31:50.525 I/ActivityManager( 1511): Start proc 7156:com.tencent.qqmusicpad/u0a95 for pre-top-activity {com.tencent.qqmusicpad/com.tencent.qqmusicpad.activity.AppStarterActivity}
02-09 05:31:50.526 I/sysui_multi_action( 1511): [757,803,799,window_time_0,802,1]
02-09 05:31:50.527 W/ContextImpl( 1511): Calling a method in the system process without a qualified user: android.app.ContextImpl.sendBroadcast:1173 com.qualcomm.qti.Performance$SendGameLaunchBroadcast.run:217 java.lang.Thread.run:920
02-09 05:31:50.538 I/am_proc_bound( 1511): [0,7156,com.tencent.qqmusicpad]
02-09 05:31:50.543 I/wm_restart_activity( 1511): [0,129618774,33,com.tencent.qqmusicpad/.activity.AppStarterActivity]
02-09 05:31:50.543 I/wm_set_resumed_activity( 1511): [0,com.tencent.qqmusicpad/.activity.AppStarterActivity,minimalResumeActivityLocked]
02-09 05:31:50.544 I/am_uid_active( 1511): 10095
02-09 05:31:50.546 I/input_focus( 1511): [Focus leaving 584aa45 com.android.launcher3/com.android.launcher3.uioverrides.QuickstepLauncher (server),reason=NO_WINDOW]
02-09 05:31:50.551 W/ContextImpl( 2089): Calling a method in the system process without a qualified user: android.app.ContextImpl.startService:1816 android.content.ContextWrapper.startService:774 com.thundercomm.gamemode.ingame.services.GameModeActionUtils.startGameModeService:111 com.thundercomm.gamemode.ingame.services.GameModeActionUtils.startGameModeEntry:22 com.thundercomm.gamemode.ingame.services.ActivityMonitoringService$1.onActivityLaunch:139
02-09 05:31:50.553 I/GameModeConfig( 1511): Current uri is uri = content://com.thundercomm.gamemode.api/gamemode_settings/gamemode_isgaming
02-09 05:31:50.555 I/GameModeConfig( 1511): isGameModeOn = true
02-09 05:31:50.555 I/GameModeConfig( 1511): isGaming = false
02-09 05:31:50.555 I/GameModeConfig( 1511): isGameModeOn = true
02-09 05:31:50.555 I/GameModeConfig( 1511): isGaming = false
02-09 05:31:50.555 I/GameModeConfig( 1511): isDisableVoice = true
02-09 05:31:50.627 W/ContextImpl( 2089): Calling a method in the system process without a qualified user: android.app.ContextImpl.startService:1816 android.content.ContextWrapper.startService:774 com.thundercomm.gamemode.ingame.services.GameModeActionUtils.startGameModeService:111 com.thundercomm.gamemode.ingame.services.GameModeActionUtils.startGameModeEntry:22 com.thundercomm.gamemode.ingame.services.ActivityMonitoringService$1.onActivityLaunch:139
02-09 05:31:50.629 I/GameModeConfig( 1511): Current uri is uri = content://com.thundercomm.gamemode.api/gamemode_settings/gamemode_isgaming
02-09 05:31:50.630 I/GameModeConfig( 1511): isGameModeOn = true
02-09 05:31:50.630 I/GameModeConfig( 1511): isGaming = false
02-09 05:31:50.630 I/GameModeConfig( 1511): isGameModeOn = true
02-09 05:31:50.630 I/GameModeConfig( 1511): isGaming = false
02-09 05:31:50.630 I/GameModeConfig( 1511): isDisableVoice = true
02-09 05:31:50.747 D/CompatibilityChangeReporter( 1511): Compat change id reported: 149924527; UID 10095; state: ENABLED
02-09 05:31:50.747 D/CompatibilityChangeReporter( 1511): Compat change id reported: 132649864; UID 10095; state: DISABLED
02-09 05:31:50.767 I/auditd ( 7156): type=1400 audit(0.0:1121): avc: granted { nlmsg_readpriv } for comm="cent.qqmusicpad" scontext=u:r:untrusted_app_27:s0:c95,c256,c512,c768 tcontext=u:r:untrusted_app_27:s0:c95,c256,c512,c768 tclass=netlink_route_socket app=com.tencent.qqmusicpad
02-09 05:31:50.767 I/auditd ( 7156): type=1400 audit(0.0:1122): avc: granted { nlmsg_readpriv } for comm="cent.qqmusicpad" scontext=u:r:untrusted_app_27:s0:c95,c256,c512,c768 tcontext=u:r:untrusted_app_27:s0:c95,c256,c512,c768 tclass=netlink_route_socket app=com.tencent.qqmusicpad
02-09 05:31:50.783 I/auditd ( 7156): type=1400 audit(0.0:1123): avc: denied { search } for comm="cent.qqmusicpad" name="net" dev="sysfs" ino=46928 scontext=u:r:untrusted_app_27:s0:c95,c256,c512,c768 tcontext=u:object_r:sysfs_net:s0 tclass=dir permissive=0 app=com.tencent.qqmusicpad
02-09 05:31:50.783 I/auditd ( 7156): type=1400 audit(0.0:1124): avc: denied { search } for comm="cent.qqmusicpad" name="net" dev="sysfs" ino=46929 scontext=u:r:untrusted_app_27:s0:c95,c256,c512,c768 tcontext=u:object_r:sysfs_net:s0 tclass=dir permissive=0 app=com.tencent.qqmusicpad
02-09 05:31:50.783 I/auditd ( 7156): type=1400 audit(0.0:1125): avc: granted { nlmsg_readpriv } for comm="cent.qqmusicpad" scontext=u:r:untrusted_app_27:s0:c95,c256,c512,c768 tcontext=u:r:untrusted_app_27:s0:c95,c256,c512,c768 tclass=netlink_route_socket app=com.tencent.qqmusicpad
02-09 05:31:50.787 I/auditd ( 7156): type=1400 audit(0.0:1126): avc: granted { nlmsg_readpriv } for comm="cent.qqmusicpad" scontext=u:r:untrusted_app_27:s0:c95,c256,c512,c768 tcontext=u:r:untrusted_app_27:s0:c95,c256,c512,c768 tclass=netlink_route_socket app=com.tencent.qqmusicpad
02-09 05:31:50.865 I/GameModeConfig( 1511): isGameModeOn = true
02-09 05:31:50.865 I/GameModeConfig( 1511): isGaming = false
02-09 05:31:50.865 I/GameModeConfig( 1511): isGameModeOn = true
02-09 05:31:50.865 I/GameModeConfig( 1511): isGaming = false
02-09 05:31:50.865 I/GameModeConfig( 1511): isGameModeOn = true
02-09 05:31:50.865 I/GameModeConfig( 1511): isGaming = false
02-09 05:31:50.866 I/GameModeConfig( 1511): isGameModeOn = true
02-09 05:31:50.866 I/GameModeConfig( 1511): isGaming = false
02-09 05:31:50.866 I/GameModeConfig( 1511): isGameModeOn = true
02-09 05:31:50.866 I/GameModeConfig( 1511): isGaming = false
02-09 05:31:50.914 D/CompatibilityChangeReporter( 1511): Compat change id reported: 135634846; UID 10095; state: DISABLED
02-09 05:31:50.914 D/CompatibilityChangeReporter( 1511): Compat change id reported: 143937733; UID 10095; state: DISABLED
02-09 05:31:50.917 I/am_proc_start( 1511): [0,7238,10095,com.tencent.qqmusicpad:QQPlayerService,service,{com.tencent.qqmusicpad/com.tencent.qqmusicplayerprocess.service.QQPlayerServiceNew}]
02-09 05:31:50.917 I/ActivityManager( 1511): Start proc 7238:com.tencent.qqmusicpad:QQPlayerService/u0a95 for service {com.tencent.qqmusicpad/com.tencent.qqmusicplayerprocess.service.QQPlayerServiceNew}
02-09 05:31:50.925 I/am_proc_bound( 1511): [0,7238,com.tencent.qqmusicpad:QQPlayerService]
02-09 05:31:50.942 D/CompatibilityChangeReporter( 1511): Compat change id reported: 182734110; UID 10095; state: DISABLED
02-09 05:31:50.950 I/wm_on_create_called( 7156): [129618774,com.tencent.qqmusicpad.activity.AppStarterActivity,performCreate]
02-09 05:31:50.951 I/wm_on_start_called( 7156): [129618774,com.tencent.qqmusicpad.activity.AppStarterActivity,handleStartActivity]
02-09 05:31:50.952 I/wm_on_resume_called( 7156): [129618774,com.tencent.qqmusicpad.activity.AppStarterActivity,RESUME_ACTIVITY]
02-09 05:31:50.956 I/wm_on_top_resumed_gained_called( 7156): [129618774,com.tencent.qqmusicpad.activity.AppStarterActivity,topStateChangedWhenResumed]
02-09 05:31:50.962 I/GameModeConfig( 1511): isGameModeOn = true
02-09 05:31:50.962 I/GameModeConfig( 1511): isGaming = false
02-09 05:31:50.962 I/GameModeConfig( 1511): isGameModeOn = true
02-09 05:31:50.962 I/GameModeConfig( 1511): isGaming = false
02-09 05:31:50.962 I/GameModeConfig( 1511): isGameModeOn = true
02-09 05:31:50.962 I/GameModeConfig( 1511): isGaming = false
02-09 05:31:50.963 I/GameModeConfig( 1511): isGameModeOn = true
02-09 05:31:50.963 I/GameModeConfig( 1511): isGaming = false
02-09 05:31:50.963 I/GameModeConfig( 1511): isGameModeOn = true
02-09 05:31:50.963 I/GameModeConfig( 1511): isGaming = false
02-09 05:31:50.963 V/ActivityManager( 1511): Attempted to start a foreground service (com.tencent.qqmusicpad/com.tencent.qqmusic.innovation.network.service.NetworkService) with a broken notification (no icon: Notification(channel=NetworkService_1 shortcut=null contentView=null vibrate=null sound=null defaults=0x0 flags=0x40 color=0x00000000 vis=PRIVATE))
02-09 05:31:50.965 I/notification_enqueue( 1511): [10095,7156,com.tencent.qqmusicpad,1,NULL,0,Notification(channel=NetworkService_1 shortcut=null contentView=null vibrate=null sound=null defaults=0x0 flags=0x40 color=0x00000000 vis=PRIVATE),0]
02-09 05:31:50.965 I/sysui_multi_action( 1511): [757,128,758,5,759,8,793,1,794,0,795,1,796,1,806,com.tencent.qqmusicpad,857,NetworkService_1,858,2,947,0,1500,1]
02-09 05:31:50.965 I/notification_canceled( 1511): [0|com.tencent.qqmusicpad|1|null|10095,8,1,1,0,-1,-1,NULL]
02-09 05:31:51.011 I/input_focus( 1511): [Focus request 9896369 com.tencent.qqmusicpad/com.tencent.qqmusicpad.activity.AppStarterActivity,reason=UpdateInputWindows]
02-09 05:31:51.075 I/sysui_multi_action( 1511): [319,34,321,33,322,566,325,4205,757,761,758,7,759,1,806,com.tencent.qqmusicpad,871,com.tencent.qqmusicpad.activity.AppStarterActivity,904,com.android.launcher3,905,0,945,37,1320,4,1321,4]
02-09 05:31:51.076 I/wm_activity_launch_time( 1511): [0,129618774,com.tencent.qqmusicpad/.activity.AppStarterActivity,566]
02-09 05:31:51.076 I/wm_stop_activity( 1511): [0,204923478,com.android.launcher3/.uioverrides.QuickstepLauncher]
02-09 05:31:51.081 I/input_focus( 1511): [Focus entering 9896369 com.tencent.qqmusicpad/com.tencent.qqmusicpad.activity.AppStarterActivity (server),reason=Window became focusable. Previous reason: NOT_VISIBLE]
02-09 05:31:51.084 I/wm_on_stop_called( 2559): [204923478,com.android.launcher3.uioverrides.QuickstepLauncher,STOP_ACTIVITY_ITEM]
02-09 05:31:51.108 W/ContextImpl( 2089): Calling a method in the system process without a qualified user: android.app.ContextImpl.startService:1816 android.content.ContextWrapper.startService:774 com.thundercomm.gamemode.ingame.services.GameModeActionUtils.startGameModeService:111 com.thundercomm.gamemode.ingame.services.GameModeActionUtils.startGameModeEntry:22 com.thundercomm.gamemode.ingame.services.ActivityMonitoringService$1.onActivityLaunch:139
02-09 05:31:51.110 I/GameModeConfig( 1511): Current uri is uri = content://com.thundercomm.gamemode.api/gamemode_settings/gamemode_isgaming
02-09 05:31:51.111 I/GameModeConfig( 1511): isGameModeOn = true
02-09 05:31:51.111 I/GameModeConfig( 1511): isGaming = false
02-09 05:31:51.111 I/GameModeConfig( 1511): isGameModeOn = true
02-09 05:31:51.111 I/GameModeConfig( 1511): isGaming = false
02-09 05:31:51.111 I/GameModeConfig( 1511): isDisableVoice = true
02-09 05:31:51.165 I/NotificationService( 1511): Cannot find enqueued record for key: 0|com.tencent.qqmusicpad|1|null|10095
02-09 05:31:51.165 I/GameModeConfig( 1511): isGameModeOn = true
02-09 05:31:51.166 I/GameModeConfig( 1511): isGaming = false
02-09 05:31:51.166 I/GameModeConfig( 1511): isGameModeOn = true
02-09 05:31:51.166 I/GameModeConfig( 1511): isGaming = false
02-09 05:31:51.166 I/GameModeConfig( 1511): isGameModeOn = true
02-09 05:31:51.166 I/GameModeConfig( 1511): isGaming = false
02-09 05:31:51.166 I/GameModeConfig( 1511): isGameModeOn = true
02-09 05:31:51.166 I/GameModeConfig( 1511): isGaming = false
02-09 05:31:51.166 I/GameModeConfig( 1511): isGameModeOn = true
02-09 05:31:51.166 I/GameModeConfig( 1511): isGaming = false
02-09 05:31:51.181 I/GameModeConfig( 1511): isGameModeOn = true
02-09 05:31:51.181 I/GameModeConfig( 1511): isGaming = false
02-09 05:31:51.181 I/GameModeConfig( 1511): isGameModeOn = true
02-09 05:31:51.181 I/GameModeConfig( 1511): isGaming = false
02-09 05:31:51.181 I/GameModeConfig( 1511): isGameModeOn = true
02-09 05:31:51.181 I/GameModeConfig( 1511): isGaming = false
02-09 05:31:51.181 I/GameModeConfig( 1511): isGameModeOn = true
02-09 05:31:51.181 I/GameModeConfig( 1511): isGaming = false
02-09 05:31:51.181 I/GameModeConfig( 1511): isGameModeOn = true
02-09 05:31:51.181 I/GameModeConfig( 1511): isGaming = false
02-09 05:31:51.181 V/ActivityManager( 1511): Attempted to start a foreground service (com.tencent.qqmusicpad/com.tencent.qqmusic.innovation.network.service.NetworkService) with a broken notification (no icon: Notification(channel=NetworkService_1 shortcut=null contentView=null vibrate=null sound=null defaults=0x0 flags=0x40 color=0x00000000 vis=PRIVATE))
02-09 05:31:51.183 I/ActivityManager( 1511): Deferring FGS notification in legacy app com.tencent.qqmusicpad/u0a95 : Notification(channel=NetworkService_1 shortcut=null contentView=null vibrate=null sound=null defaults=0x0 flags=0x40 color=0x00000000 vis=PRIVATE)
02-09 05:31:51.195 I/GameModeConfig( 1511): isGameModeOn = true
02-09 05:31:51.195 I/GameModeConfig( 1511): isGaming = false
02-09 05:31:51.195 I/GameModeConfig( 1511): isGameModeOn = true
02-09 05:31:51.195 I/GameModeConfig( 1511): isGaming = false
02-09 05:31:51.195 I/GameModeConfig( 1511): isGameModeOn = true
02-09 05:31:51.195 I/GameModeConfig( 1511): isGaming = false
02-09 05:31:51.195 I/GameModeConfig( 1511): isGameModeOn = true
02-09 05:31:51.195 I/GameModeConfig( 1511): isGaming = false
02-09 05:31:51.195 I/GameModeConfig( 1511): isGameModeOn = true
02-09 05:31:51.195 I/GameModeConfig( 1511): isGaming = false
02-09 05:31:51.198 I/notification_enqueue( 1511): [10095,7238,com.tencent.qqmusicpad,1,NULL,0,Notification(channel=10000 shortcut=null contentView=null vibrate=null sound=null defaults=0x0 flags=0x40 color=0x00000000 vis=PRIVATE),0]
02-09 05:31:51.210 D/CompatibilityChangeReporter( 1511): Compat change id reported: 157233955; UID 10095; state: DISABLED
02-09 05:31:51.293 I/GameModeConfig( 1511): isGameModeOn = true
02-09 05:31:51.294 I/GameModeConfig( 1511): isGaming = false
02-09 05:31:51.294 I/GameModeConfig( 1511): isGameModeOn = true
02-09 05:31:51.294 I/GameModeConfig( 1511): isGaming = false
02-09 05:31:51.294 I/GameModeConfig( 1511): isGameModeOn = true
02-09 05:31:51.294 I/GameModeConfig( 1511): isGaming = false
02-09 05:31:51.294 I/GameModeConfig( 1511): isGameModeOn = true
02-09 05:31:51.294 I/GameModeConfig( 1511): isGaming = false
02-09 05:31:51.294 I/GameModeConfig( 1511): isGameModeOn = true
02-09 05:31:51.294 I/GameModeConfig( 1511): isGaming = false
02-09 05:31:51.294 I/notification_enqueue( 1511): [10095,7238,com.tencent.qqmusicpad,1,NULL,0,Notification(channel=10000 shortcut=null contentView=null vibrate=null sound=null defaults=0x0 flags=0x40 color=0x00000000 vis=PRIVATE),0]
02-09 05:31:51.305 I/notification_cancel_all( 1511): [10095,7156,com.tencent.qqmusicpad,0,0,64,9,NULL]
02-09 05:31:51.399 I/sysui_multi_action( 1511): [757,1501,758,1,793,203,794,0,795,203,796,1,806,com.tencent.qqmusicpad,857,10000,858,2,947,0,1500,0,1688,1]
02-09 05:31:51.399 I/sysui_multi_action( 1511): [757,804,799,note_interruptive,801,0,802,1]
02-09 05:31:51.399 I/GameModeConfig( 1511): isGameModeOn = true
02-09 05:31:51.399 I/GameModeConfig( 1511): isGaming = false
02-09 05:31:51.400 W/NotificationHistory( 1511): Attempted to add notif for locked/gone/disabled user 0
02-09 05:31:51.495 I/GameModeConfig( 1511): isGameModeOn = true
02-09 05:31:51.495 I/GameModeConfig( 1511): isGaming = false
02-09 05:31:52.974 I/thunderperf( 1511): PlatormCompat.setOverrides: Uid1=10095 Pid1=7156 Uid2=10095 Pid2=7156
02-09 05:31:52.974 I/thunderperf( 1511): PlatormCompat.setOverrides: needCheck:false
02-09 05:31:52.975 W/PackageManager( 1511): MATCH_ANY_USER flag requires INTERACT_ACROSS_USERS permission: UID 10095 requires android.permission.INTERACT_ACROSS_USERS_FULL or android.permission.INTERACT_ACROSS_USERS to access user 0.
02-09 05:31:52.976 I/ActivityTaskManager( 1511): START u0 {cmp=com.tencent.qqmusicpad/.activity.MainActivity} from uid 10095
02-09 05:31:52.981 I/wm_task_moved( 1511): [33,1,10]
02-09 05:31:52.981 I/wm_set_resumed_activity( 1511): [0,com.tencent.qqmusicpad/.activity.AppStarterActivity,positionChildAt]
02-09 05:31:52.981 I/wm_create_activity( 1511): [0,229301291,33,com.tencent.qqmusicpad/.activity.MainActivity,NULL,NULL,NULL,0]
02-09 05:31:52.981 I/wm_pause_activity( 1511): [0,129618774,com.tencent.qqmusicpad/.activity.AppStarterActivity,userLeaving=true,resumeTopActivityInnerLocked]
02-09 05:31:52.984 I/wm_finish_activity( 1511): [0,129618774,33,com.tencent.qqmusicpad/.activity.AppStarterActivity,app-request]
02-09 05:31:52.984 I/wm_on_top_resumed_lost_called( 7156): [129618774,com.tencent.qqmusicpad.activity.AppStarterActivity,topStateChangedWhenResumed]
02-09 05:31:52.984 I/wm_on_paused_called( 7156): [129618774,com.tencent.qqmusicpad.activity.AppStarterActivity,performPause]
02-09 05:31:52.984 I/wm_add_to_stopping( 1511): [0,129618774,com.tencent.qqmusicpad/.activity.AppStarterActivity,completeFinishing]
02-09 05:31:52.985 I/ActivityTaskManager( 1511): FOREGROUND_APPLICATION_CHANGED to com.tencent.qqmusicpad.activity.MainActivity
02-09 05:31:52.985 I/ActivityTaskManager( 1511): The Process com.tencent.qqmusicpad Already Exists in BG. So sending its PID: 7156
02-09 05:31:52.985 W/ActivityTaskManager( 1511): Tried to set launchTime (0) < mLastActivityLaunchTime (4205670)
02-09 05:31:52.986 I/wm_restart_activity( 1511): [0,229301291,33,com.tencent.qqmusicpad/.activity.MainActivity]
02-09 05:31:52.986 I/wm_set_resumed_activity( 1511): [0,com.tencent.qqmusicpad/.activity.MainActivity,minimalResumeActivityLocked]
02-09 05:31:52.989 I/sysui_multi_action( 1511): [757,803,799,window_time_0,802,3]
02-09 05:31:53.017 I/input_focus( 1511): [Focus leaving 9896369 com.tencent.qqmusicpad/com.tencent.qqmusicpad.activity.AppStarterActivity (server),reason=NO_WINDOW]
02-09 05:31:53.020 I/wm_on_create_called( 7156): [229301291,com.tencent.qqmusicpad.activity.MainActivity,performCreate]
02-09 05:31:53.027 I/wm_on_start_called( 7156): [229301291,com.tencent.qqmusicpad.activity.MainActivity,handleStartActivity]
02-09 05:31:53.028 I/wm_on_resume_called( 7156): [229301291,com.tencent.qqmusicpad.activity.MainActivity,RESUME_ACTIVITY]
02-09 05:31:53.030 I/wm_on_top_resumed_gained_called( 7156): [229301291,com.tencent.qqmusicpad.activity.MainActivity,topStateChangedWhenResumed]
02-09 05:31:53.083 I/input_focus( 1511): [Focus request 7c6e6cc com.tencent.qqmusicpad/com.tencent.qqmusicpad.activity.MainActivity,reason=UpdateInputWindows]
02-09 05:31:53.090 W/ContextImpl( 2089): Calling a method in the system process without a qualified user: android.app.ContextImpl.startService:1816 android.content.ContextWrapper.startService:774 com.thundercomm.gamemode.ingame.services.GameModeActionUtils.startGameModeService:111 com.thundercomm.gamemode.ingame.services.GameModeActionUtils.startGameModeEntry:22 com.thundercomm.gamemode.ingame.services.ActivityMonitoringService$1.onActivityLaunch:139
02-09 05:31:53.091 I/GameModeConfig( 1511): Current uri is uri = content://com.thundercomm.gamemode.api/gamemode_settings/gamemode_isgaming
02-09 05:31:53.092 I/GameModeConfig( 1511): isGameModeOn = true
02-09 05:31:53.092 I/GameModeConfig( 1511): isGaming = false
02-09 05:31:53.092 I/GameModeConfig( 1511): isGameModeOn = true
02-09 05:31:53.092 I/GameModeConfig( 1511): isGaming = false
02-09 05:31:53.092 I/GameModeConfig( 1511): isDisableVoice = true
02-09 05:31:53.122 I/wm_activity_launch_time( 1511): [0,229301291,com.tencent.qqmusicpad/.activity.MainActivity,146]
02-09 05:31:53.136 I/input_focus( 1511): [Focus entering 7c6e6cc com.tencent.qqmusicpad/com.tencent.qqmusicpad.activity.MainActivity (server),reason=Window became focusable. Previous reason: NOT_VISIBLE]
02-09 05:31:53.526 I/wm_destroy_activity( 1511): [0,129618774,33,com.tencent.qqmusicpad/.activity.AppStarterActivity,finish-imm:idle]
02-09 05:31:53.543 I/wm_on_stop_called( 7156): [129618774,com.tencent.qqmusicpad.activity.AppStarterActivity,LIFECYCLER_STOP_ACTIVITY]
02-09 05:31:53.548 I/wm_on_destroy_called( 7156): [129618774,com.tencent.qqmusicpad.activity.AppStarterActivity,performDestroy]
02-09 05:31:54.302 I/input_interaction( 1511): Interaction with: 7c6e6cc com.tencent.qqmusicpad/com.tencent.qqmusicpad.activity.MainActivity (server), edge-swipe (server), swipe-up (server), PointerEventDispatcher0 (server),
02-09 05:31:54.318 W/FreeFormWindowHelper( 1511): Current Display FreeFormTask is null
02-09 05:31:54.318 W/FreeFormWindowHelper( 1511): Current Display FreeFormTask is null
02-09 05:31:54.322 I/wm_task_moved( 1511): [1,0,0]
02-09 05:31:54.322 W/FreeFormWindowHelper( 1511): Current Display FreeFormTask is null
02-09 05:31:54.322 I/wm_task_moved( 1511): [1,0,9]
02-09 05:31:54.340 I/wm_on_restart_called( 2559): [204923478,com.android.launcher3.uioverrides.QuickstepLauncher,performRestartActivity]
02-09 05:31:54.342 W/ContextImpl( 2089): Calling a method in the system process without a qualified user: android.app.ContextImpl.startService:1816 android.content.ContextWrapper.startService:774 com.thundercomm.gamemode.ingame.services.GameModeActionUtils.startGameModeService:111 com.thundercomm.gamemode.ingame.services.GameModeActionUtils.startGameModeEntry:22 com.thundercomm.gamemode.ingame.services.ActivityMonitoringService$1.onActivityLaunch:139
02-09 05:31:54.342 W/FreeFormWindowHelper( 1511): Current Display FreeFormTask is null
02-09 05:31:54.343 W/FreeFormWindowHelper( 1511): Current Display FreeFormTask is null
02-09 05:31:54.349 I/GameModeConfig( 1511): Current uri is uri = content://com.thundercomm.gamemode.api/gamemode_settings/gamemode_isgaming
02-09 05:31:54.350 I/GameModeConfig( 1511): isGameModeOn = true
02-09 05:31:54.350 I/GameModeConfig( 1511): isGaming = false
02-09 05:31:54.350 I/GameModeConfig( 1511): isGameModeOn = true
02-09 05:31:54.350 I/GameModeConfig( 1511): isGaming = false
02-09 05:31:54.350 I/GameModeConfig( 1511): isDisableVoice = true
02-09 05:31:54.368 I/wm_on_start_called( 2559): [204923478,com.android.launcher3.uioverrides.QuickstepLauncher,handleStartActivity]
02-09 05:31:54.369 I/view_enqueue_input_event( 7156): [Motion - Cancel,com.tencent.qqmusicpad/com.tencent.qqmusicpad.activity.MainActivity]
02-09 05:31:54.371 I/input_focus( 1511): [Focus request recents_animation_input_consumer,reason=UpdateInputWindows]
02-09 05:31:54.377 W/FreeFormWindowHelper( 1511): Current Display FreeFormTask is null
02-09 05:31:54.377 W/ActivityTaskManager( 1511): getTaskSnapshot: taskId=1033 not found
02-09 05:31:54.377 W/FreeFormWindowHelper( 1511): Current Display FreeFormTask is null
02-09 05:31:54.378 I/sysui_latency( 2559): [1,76]
02-09 05:31:54.379 W/ActivityTaskManager( 1511): getTaskSnapshot: taskId=1033 not found
02-09 05:31:54.381 I/input_interaction( 1511): Interaction with: edge-swipe (server), swipe-up (server), PointerEventDispatcher0 (server),
02-09 05:31:54.384 W/FreeFormWindowHelper( 1511): Current Display FreeFormTask is null
02-09 05:31:54.388 W/FreeFormWindowHelper( 1511): Current Display FreeFormTask is null
02-09 05:31:54.388 W/FreeFormWindowHelper( 1511): Current Display FreeFormTask is null
02-09 05:31:54.389 W/ActivityTaskManager( 1511): getTaskSnapshot: taskId=1033 not found
02-09 05:31:54.390 I/input_focus( 1511): [Focus leaving 7c6e6cc com.tencent.qqmusicpad/com.tencent.qqmusicpad.activity.MainActivity (server),reason=NOT_FOCUSABLE]
02-09 05:31:54.391 I/input_focus( 1511): [Focus entering recents_animation_input_consumer (server),reason=setFocusedWindow]
02-09 05:31:54.394 I/sysui_multi_action( 1511): [319,11,322,64,325,4209,757,761,758,9,759,5,806,com.android.launcher3,871,com.android.launcher3.uioverrides.QuickstepLauncher,905,0,1320,4,1321,1]
02-09 05:31:54.404 W/FreeFormWindowHelper( 1511): Current Display FreeFormTask is null
02-09 05:31:54.405 W/FreeFormWindowHelper( 1511): Current Display FreeFormTask is null
02-09 05:31:54.421 W/FreeFormWindowHelper( 1511): Current Display FreeFormTask is null
02-09 05:31:54.421 W/FreeFormWindowHelper( 1511): Current Display FreeFormTask is null
02-09 05:31:54.542 E/TaskPersister( 1511): File error accessing recents directory (directory doesn't exist?).
02-09 05:31:54.570 I/commit_sys_config_file( 1511): [settings-1-0,4]
02-09 05:31:54.625 W/FreeFormWindowHelper( 1511): exitRecentTasks type=0
02-09 05:31:54.634 W/FreeFormWindowHelper( 1511): Current Display FreeFormTask is null
02-09 05:31:54.634 W/FreeFormWindowHelper( 1511): Current Display FreeFormTask is null
02-09 05:31:54.686 I/sysui_latency( 1511): [8,79]
02-09 05:31:54.833 I/commit_sys_config_file( 1511): [settings-1-0,4]
02-09 05:31:55.141 I/commit_sys_config_file( 1511): [package-user-0,5]
02-09 05:31:55.257 W/FreeFormWindowHelper( 1511): Current Display FreeFormTask is null
02-09 05:31:55.257 W/FreeFormWindowHelper( 1511): Current Display FreeFormTask is null
02-09 05:31:55.260 I/wm_task_moved( 1511): [1,1,10]
02-09 05:31:55.260 I/wm_task_moved( 1511): [8,1,2147483647]
02-09 05:31:55.260 I/wm_task_to_front( 1511): [0,8]
02-09 05:31:55.260 I/wm_focused_root_task( 1511): [0,0,1,33,RecentsAnimation.onAnimationFinished()]
02-09 05:31:55.260 I/wm_set_resumed_activity( 1511): [0,com.android.launcher3/.uioverrides.QuickstepLauncher,RecentsAnimation.onAnimationFinished()]
02-09 05:31:55.261 I/wm_on_top_resumed_lost_called( 7156): [229301291,com.tencent.qqmusicpad.activity.MainActivity,topStateChangedWhenResumed]
02-09 05:31:55.261 I/wm_pause_activity( 1511): [0,229301291,com.tencent.qqmusicpad/.activity.MainActivity,userLeaving=true,pauseBackTasks]
02-09 05:31:55.262 I/wm_add_to_stopping( 1511): [0,229301291,com.tencent.qqmusicpad/.activity.MainActivity,makeInvisible]
02-09 05:31:55.263 I/ActivityTaskManager( 1511): FOREGROUND_APPLICATION_CHANGED to com.android.launcher3.uioverrides.QuickstepLauncher
02-09 05:31:55.263 I/wm_set_resumed_activity( 1511): [0,com.android.launcher3/.uioverrides.QuickstepLauncher,resumeTopActivityInnerLocked]
02-09 05:31:55.266 I/wm_resume_activity( 1511): [0,204923478,8,com.android.launcher3/.uioverrides.QuickstepLauncher]
02-09 05:31:55.267 I/wm_on_resume_called( 2559): [204923478,com.android.launcher3.uioverrides.QuickstepLauncher,RESUME_ACTIVITY]
02-09 05:31:55.272 I/input_focus( 1511): [Focus request 584aa45 com.android.launcher3/com.android.launcher3.uioverrides.QuickstepLauncher,reason=UpdateInputWindows]
02-09 05:31:55.273 I/wm_on_top_resumed_gained_called( 2559): [204923478,com.android.launcher3.uioverrides.QuickstepLauncher,topStateChangedWhenResumed]
02-09 05:31:55.276 I/input_focus( 1511): [Focus leaving recents_animation_input_consumer (server),reason=NOT_VISIBLE]
02-09 05:31:55.281 I/wm_on_paused_called( 7156): [229301291,com.tencent.qqmusicpad.activity.MainActivity,performPause]
02-09 05:31:55.287 I/wm_stop_activity( 1511): [0,229301291,com.tencent.qqmusicpad/.activity.MainActivity]
02-09 05:31:55.290 I/sysui_multi_action( 1511): [757,803,799,window_time_0,802,2]
02-09 05:31:55.291 I/input_focus( 1511): [Focus entering 584aa45 com.android.launcher3/com.android.launcher3.uioverrides.QuickstepLauncher (server),reason=setFocusedWindow]
02-09 05:31:55.291 I/sysui_multi_action( 1511): [757,803,799,window_time_0,802,0]
02-09 05:31:55.297 I/wm_on_stop_called( 7156): [229301291,com.tencent.qqmusicpad.activity.MainActivity,STOP_ACTIVITY_ITEM]
02-09 05:31:55.314 W/ContextImpl( 2089): Calling a method in the system process without a qualified user: android.app.ContextImpl.startService:1816 android.content.ContextWrapper.startService:774 com.thundercomm.gamemode.ingame.services.GameModeActionUtils.startGameModeService:111 com.thundercomm.gamemode.ingame.services.GameModeActionUtils.startGameModeEntry:22 com.thundercomm.gamemode.ingame.services.ActivityMonitoringService$1.onActivityLaunch:139
02-09 05:31:55.315 I/GameModeConfig( 1511): Current uri is uri = content://com.thundercomm.gamemode.api/gamemode_settings/gamemode_isgaming
02-09 05:31:55.317 I/GameModeConfig( 1511): isGameModeOn = true
02-09 05:31:55.317 I/GameModeConfig( 1511): isGaming = false
02-09 05:31:55.318 I/GameModeConfig( 1511): isGameModeOn = true
02-09 05:31:55.318 I/GameModeConfig( 1511): isGaming = false
02-09 05:31:55.318 I/GameModeConfig( 1511): isDisableVoice = true
02-09 05:31:55.379 W/ContextImpl( 2089): Calling a method in the system process without a qualified user: android.app.ContextImpl.startService:1816 android.content.ContextWrapper.startService:774 com.thundercomm.gamemode.ingame.services.GameModeActionUtils.startGameModeService:111 com.thundercomm.gamemode.ingame.services.GameModeActionUtils.startGameModeEntry:22 com.thundercomm.gamemode.ingame.services.ActivityMonitoringService$1.onActivityLaunch:139
02-09 05:31:55.381 I/GameModeConfig( 1511): Current uri is uri = content://com.thundercomm.gamemode.api/gamemode_settings/gamemode_isgaming
02-09 05:31:55.385 I/GameModeConfig( 1511): isGameModeOn = true
02-09 05:31:55.385 I/GameModeConfig( 1511): isGaming = false
02-09 05:31:55.385 I/GameModeConfig( 1511): isGameModeOn = true
02-09 05:31:55.385 I/GameModeConfig( 1511): isGaming = false
02-09 05:31:55.385 I/GameModeConfig( 1511): isDisableVoice = true
02-09 05:31:55.587 I/iorapd ( 1155): Perfetto TraceBuffer saved to file: /data/misc/iorapd/com.tencent.qqmusicpad/5200/com.tencent.qqmusicpad.activity.AppStarterActivity/raw_traces/1675891915583648658.perfetto_trace.pb
02-09 05:31:55.965 D/CompatibilityChangeReporter( 1511): Compat change id reported: 168419799; UID 10095; state: DISABLED
02-09 05:31:56.712 I/input_interaction( 1511): Interaction with: 584aa45 com.android.launcher3/com.android.launcher3.uioverrides.QuickstepLauncher (server), 4aad3d7 com.android.systemui.ImageWallpaper (server), edge-swipe (server), swipe-up (server), PointerEventDispatcher0 (server),
02-09 05:31:56.845 I/thunderperf( 1511): PlatormCompat.setOverrides: Uid1=10073 Pid1=2559 Uid2=10073 Pid2=2559
02-09 05:31:56.845 I/thunderperf( 1511): PlatormCompat.setOverrides: needCheck:false
02-09 05:31:56.846 I/thunderperf( 1511): CompatConfig.addOverrideUnsafe: bef-state=1
02-09 05:31:56.846 I/thunderperf( 1511): CompatConfig.addOverrideUnsafe: aft-state=0
02-09 05:31:56.852 I/thunderperf( 1511): CompatConfig.addOverrideUnsafe: bef-state=1
