02-09 05:33:20.312 I/input_focus( 1511): [Focus entering 584aa45 com.android.launcher3/com.android.launcher3.uioverrides.QuickstepLauncher (server),reason=setFocusedWindow]
02-09 05:33:20.312 W/FreeFormWindowHelper( 1511): Current Display FreeFormTask is null
02-09 05:33:20.325 I/wm_stop_activity( 1511): [0,231155608,com.android.music/.MusicBrowserActivity]
02-09 05:33:20.325 I/wm_on_paused_called( 6595): [231155608,com.android.music.MusicBrowserActivity,performPause]
02-09 05:33:20.328 W/FreeFormWindowHelper( 1511): Current Display FreeFormTask is null
02-09 05:33:20.328 W/FreeFormWindowHelper( 1511): Current Display FreeFormTask is null
02-09 05:33:20.328 I/sysui_multi_action( 1511): [757,803,799,window_time_0,802,0]
02-09 05:33:20.329 I/wm_on_stop_called( 6595): [231155608,com.android.music.MusicBrowserActivity,STOP_ACTIVITY_ITEM]
02-09 05:33:20.332 I/wm_on_top_resumed_gained_called( 2559): [204923478,com.android.launcher3.uioverrides.QuickstepLauncher,topStateChangedWhenResumed]
02-09 05:33:20.347 W/ContextImpl( 2089): Calling a method in the system process without a qualified user: android.app.ContextImpl.startService:1816 android.content.ContextWrapper.startService:774 com.thundercomm.gamemode.ingame.services.GameModeActionUtils.startGameModeService:111 com.thundercomm.gamemode.ingame.services.GameModeActionUtils.startGameModeEntry:22 com.thundercomm.gamemode.ingame.services.ActivityMonitoringService$1.onActivityLaunch:139
02-09 05:33:20.350 I/GameModeConfig( 1511): Current uri is uri = content://com.thundercomm.gamemode.api/gamemode_settings/gamemode_isgaming
02-09 05:33:20.352 I/GameModeConfig( 1511): isGameModeOn = true
02-09 05:33:20.352 I/GameModeConfig( 1511): isGaming = false
02-09 05:33:20.352 I/GameModeConfig( 1511): isGameModeOn = true
02-09 05:33:20.352 I/GameModeConfig( 1511): isGaming = false
02-09 05:33:20.352 I/GameModeConfig( 1511): isDisableVoice = true
02-09 05:33:20.416 W/ContextImpl( 2089): Calling a method in the system process without a qualified user: android.app.ContextImpl.startService:1816 android.content.ContextWrapper.startService:774 com.thundercomm.gamemode.ingame.services.GameModeActionUtils.startGameModeService:111 com.thundercomm.gamemode.ingame.services.GameModeActionUtils.startGameModeEntry:22 com.thundercomm.gamemode.ingame.services.ActivityMonitoringService$1.onActivityLaunch:139
02-09 05:33:20.419 I/GameModeConfig( 1511): Current uri is uri = content://com.thundercomm.gamemode.api/gamemode_settings/gamemode_isgaming
02-09 05:33:20.421 I/GameModeConfig( 1511): isGameModeOn = true
02-09 05:33:20.421 I/GameModeConfig( 1511): isGaming = false
02-09 05:33:20.421 I/GameModeConfig( 1511): isGameModeOn = true
02-09 05:33:20.421 I/GameModeConfig( 1511): isGaming = false
02-09 05:33:20.421 I/GameModeConfig( 1511): isDisableVoice = true
02-09 05:33:20.523 I/commit_sys_config_file( 1511): [settings-1-0,4]
02-09 05:33:21.137 I/input_interaction( 1511): Interaction with: 584aa45 com.android.launcher3/com.android.launcher3.uioverrides.QuickstepLauncher (server), 4aad3d7 com.android.systemui.ImageWallpaper (server), edge-swipe (server), swipe-up (server), PointerEventDispatcher0 (server),
02-09 05:33:21.263 I/wm_task_moved( 1511): [1,1,13]
02-09 05:33:21.264 I/wm_set_resumed_activity( 1511): [0,com.android.launcher3/.uioverrides.QuickstepLauncher,positionChildAt]
02-09 05:33:21.264 I/wm_task_moved( 1511): [33,1,13]
02-09 05:33:21.264 I/wm_task_to_front( 1511): [0,33]
02-09 05:33:21.265 I/wm_focused_root_task( 1511): [0,0,33,1,moveTaskToFront findTaskToMoveToFront]
02-09 05:33:21.266 I/wm_set_resumed_activity( 1511): [0,com.tencent.qqmusicpad/.activity.MainActivity,moveTaskToFront findTaskToMoveToFront]
02-09 05:33:21.268 I/wm_pause_activity( 1511): [0,204923478,com.android.launcher3/.uioverrides.QuickstepLauncher,userLeaving=true,pauseBackTasks]
02-09 05:33:21.285 I/wm_on_top_resumed_lost_called( 2559): [204923478,com.android.launcher3.uioverrides.QuickstepLauncher,topStateChangedWhenResumed]
02-09 05:33:21.289 I/wm_on_paused_called( 2559): [204923478,com.android.launcher3.uioverrides.QuickstepLauncher,performPause]
02-09 05:33:21.294 I/ActivityTaskManager( 1511): FOREGROUND_APPLICATION_CHANGED to com.tencent.qqmusicpad.activity.MainActivity
02-09 05:33:21.296 I/wm_set_resumed_activity( 1511): [0,com.tencent.qqmusicpad/.activity.MainActivity,resumeTopActivityInnerLocked]
02-09 05:33:21.297 I/wm_add_to_stopping( 1511): [0,204923478,com.android.launcher3/.uioverrides.QuickstepLauncher,makeInvisible]
02-09 05:33:21.298 D/CompatibilityChangeReporter( 1511): Compat change id reported: 174042980; UID 10095; state: DISABLED
02-09 05:33:21.299 D/CompatibilityChangeReporter( 1511): Compat change id reported: 181136395; UID 10095; state: DISABLED
02-09 05:33:21.299 D/CompatibilityChangeReporter( 1511): Compat change id reported: 174042936; UID 10095; state: DISABLED
02-09 05:33:21.299 D/CompatibilityChangeReporter( 1511): Compat change id reported: 184838306; UID 10095; state: DISABLED
02-09 05:33:21.300 D/CompatibilityChangeReporter( 1511): Compat change id reported: 185004937; UID 10095; state: DISABLED
02-09 05:33:21.300 I/wm_resume_activity( 1511): [0,229301291,33,com.tencent.qqmusicpad/.activity.MainActivity]
02-09 05:33:21.313 I/sysui_multi_action( 1511): [757,803,799,window_time_0,802,1]
02-09 05:33:21.315 I/input_focus( 1511): [Focus leaving 584aa45 com.android.launcher3/com.android.launcher3.uioverrides.QuickstepLauncher (server),reason=NO_WINDOW]
02-09 05:33:21.316 I/wm_on_restart_called( 7156): [229301291,com.tencent.qqmusicpad.activity.MainActivity,performRestartActivity]
02-09 05:33:21.318 I/wm_on_start_called( 7156): [229301291,com.tencent.qqmusicpad.activity.MainActivity,handleStartActivity]
02-09 05:33:21.320 I/wm_on_resume_called( 7156): [229301291,com.tencent.qqmusicpad.activity.MainActivity,RESUME_ACTIVITY]
02-09 05:33:21.321 I/wm_on_top_resumed_gained_called( 7156): [229301291,com.tencent.qqmusicpad.activity.MainActivity,topWhenResuming]
02-09 05:33:21.322 W/ContextImpl( 2089): Calling a method in the system process without a qualified user: android.app.ContextImpl.startService:1816 android.content.ContextWrapper.startService:774 com.thundercomm.gamemode.ingame.services.GameModeActionUtils.startGameModeService:111 com.thundercomm.gamemode.ingame.services.GameModeActionUtils.startGameModeEntry:22 com.thundercomm.gamemode.ingame.services.ActivityMonitoringService$1.onActivityLaunch:139
02-09 05:33:21.325 I/GameModeConfig( 1511): Current uri is uri = content://com.thundercomm.gamemode.api/gamemode_settings/gamemode_isgaming
02-09 05:33:21.326 I/GameModeConfig( 1511): isGameModeOn = true
02-09 05:33:21.326 I/GameModeConfig( 1511): isGaming = false
02-09 05:33:21.327 I/GameModeConfig( 1511): isGameModeOn = true
02-09 05:33:21.327 I/GameModeConfig( 1511): isGaming = false
02-09 05:33:21.327 I/GameModeConfig( 1511): isDisableVoice = true
02-09 05:33:21.336 I/input_focus( 1511): [Focus request 7c6e6cc com.tencent.qqmusicpad/com.tencent.qqmusicpad.activity.MainActivity,reason=UpdateInputWindows]
02-09 05:33:21.351 I/sysui_multi_action( 1511): [319,45,321,44,322,81,325,4296,757,761,758,9,759,4,806,com.tencent.qqmusicpad,871,com.tencent.qqmusicpad.activity.MainActivity,904,com.tencent.qqmusicpad,905,0,1320,4,1321,4]
02-09 05:33:21.364 I/input_focus( 1511): [Focus entering 7c6e6cc com.tencent.qqmusicpad/com.tencent.qqmusicpad.activity.MainActivity (server),reason=Window became focusable. Previous reason: NOT_VISIBLE]
02-09 05:33:21.418 W/ContextImpl( 2089): Calling a method in the system process without a qualified user: android.app.ContextImpl.startService:1816 android.content.ContextWrapper.startService:774 com.thundercomm.gamemode.ingame.services.GameModeActionUtils.startGameModeService:111 com.thundercomm.gamemode.ingame.services.GameModeActionUtils.startGameModeEntry:22 com.thundercomm.gamemode.ingame.services.ActivityMonitoringService$1.onActivityLaunch:139
02-09 05:33:21.422 I/GameModeConfig( 1511): Current uri is uri = content://com.thundercomm.gamemode.api/gamemode_settings/gamemode_isgaming
02-09 05:33:21.425 I/GameModeConfig( 1511): isGameModeOn = true
02-09 05:33:21.425 I/GameModeConfig( 1511): isGaming = false
02-09 05:33:21.425 I/GameModeConfig( 1511): isGameModeOn = true
02-09 05:33:21.425 I/GameModeConfig( 1511): isGaming = false
02-09 05:33:21.425 I/GameModeConfig( 1511): isDisableVoice = true
02-09 05:33:21.667 I/wm_stop_activity( 1511): [0,204923478,com.android.launcher3/.uioverrides.QuickstepLauncher]
02-09 05:33:21.687 W/FreeFormWindowHelper( 1511): Current Display FreeFormTask is null
02-09 05:33:21.688 W/FreeFormWindowHelper( 1511): Current Display FreeFormTask is null
02-09 05:33:21.690 W/FreeFormWindowHelper( 1511): exitRecentTasks type=0
02-09 05:33:21.704 I/wm_on_stop_called( 2559): [204923478,com.android.launcher3.uioverrides.QuickstepLauncher,STOP_ACTIVITY_ITEM]
02-09 05:33:21.716 W/ContextImpl( 2089): Calling a method in the system process without a qualified user: android.app.ContextImpl.startService:1816 android.content.ContextWrapper.startService:774 com.thundercomm.gamemode.ingame.services.GameModeActionUtils.startGameModeService:111 com.thundercomm.gamemode.ingame.services.GameModeActionUtils.startGameModeEntry:22 com.thundercomm.gamemode.ingame.services.ActivityMonitoringService$1.onActivityLaunch:139
02-09 05:33:21.720 I/GameModeConfig( 1511): Current uri is uri = content://com.thundercomm.gamemode.api/gamemode_settings/gamemode_isgaming
02-09 05:33:21.722 I/GameModeConfig( 1511): isGameModeOn = true
02-09 05:33:21.722 I/GameModeConfig( 1511): isGaming = false
02-09 05:33:21.722 I/GameModeConfig( 1511): isGameModeOn = true
02-09 05:33:21.722 I/GameModeConfig( 1511): isGaming = false
02-09 05:33:21.722 I/GameModeConfig( 1511): isDisableVoice = true
02-09 05:33:22.163 E/TaskPersister( 1511): File error accessing recents directory (directory doesn't exist?).
02-09 05:34:03.176 I/am_uid_idle( 1511): 10044
02-09 05:34:07.107 I/am_uid_idle( 1511): 10064
02-09 05:34:11.538 I/am_uid_idle( 1511): 10096
02-09 05:34:14.270 V/DisplayPowerController[0]( 1511): Brightness [0.05] reason changing to: 'manual [ dim ]', previous reason: 'manual'.
02-09 05:34:14.271 I/sysui_multi_action( 1511): [757,1696,758,6,759,2]
02-09 05:34:14.271 W/PowerManagerService( 1511): Screen on took 71335 ms
02-09 05:34:14.274 E/DisplayDeviceConfig( 1511): requesting nits when no mapping exists.
02-09 05:34:14.275 E/DisplayDeviceConfig( 1511): requesting nits when no mapping exists.
02-09 05:34:14.275 I/am_wtf ( 1511): [0,1511,system_server,-1,DisplayDeviceConfig,requesting nits when no mapping exists.]
02-09 05:34:14.276 I/DropBoxManagerService( 1511): add tag=system_server_wtf isTagEnabled=true flags=0x2
02-09 05:34:14.283 I/am_wtf ( 1511): [0,1511,system_server,-1,DisplayDeviceConfig,requesting nits when no mapping exists.]
02-09 05:34:14.284 I/DropBoxManagerService( 1511): add tag=system_server_wtf isTagEnabled=true flags=0x2
02-09 05:34:14.290 E/DisplayDeviceConfig( 1511): requesting nits when no mapping exists.
02-09 05:34:14.290 E/DisplayDeviceConfig( 1511): requesting nits when no mapping exists.
02-09 05:34:14.290 I/am_wtf ( 1511): [0,1511,system_server,-1,DisplayDeviceConfig,requesting nits when no mapping exists.]
02-09 05:34:14.291 I/DropBoxManagerService( 1511): add tag=system_server_wtf isTagEnabled=true flags=0x2
02-09 05:34:14.293 I/am_wtf ( 1511): [0,1511,system_server,-1,DisplayDeviceConfig,requesting nits when no mapping exists.]
02-09 05:34:14.293 I/DropBoxManagerService( 1511): add tag=system_server_wtf isTagEnabled=true flags=0x2
02-09 05:34:14.307 E/DisplayDeviceConfig( 1511): requesting nits when no mapping exists.
02-09 05:34:14.308 I/am_wtf ( 1511): [0,1511,system_server,-1,DisplayDeviceConfig,requesting nits when no mapping exists.]
02-09 05:34:14.308 E/DisplayDeviceConfig( 1511): requesting nits when no mapping exists.
02-09 05:34:14.309 I/DropBoxManagerService( 1511): add tag=system_server_wtf isTagEnabled=true flags=0x2
02-09 05:34:14.310 I/am_wtf ( 1511): [0,1511,system_server,-1,DisplayDeviceConfig,requesting nits when no mapping exists.]
02-09 05:34:14.324 E/DisplayDeviceConfig( 1511): requesting nits when no mapping exists.
02-09 05:34:14.324 E/DisplayDeviceConfig( 1511): requesting nits when no mapping exists.
02-09 05:34:14.325 I/am_wtf ( 1511): [0,1511,system_server,-1,DisplayDeviceConfig,requesting nits when no mapping exists.]
02-09 05:34:14.326 I/am_wtf ( 1511): [0,1511,system_server,-1,DisplayDeviceConfig,requesting nits when no mapping exists.]
02-09 05:34:14.341 E/DisplayDeviceConfig( 1511): requesting nits when no mapping exists.
02-09 05:34:14.341 E/DisplayDeviceConfig( 1511): requesting nits when no mapping exists.
02-09 05:34:14.341 I/am_wtf ( 1511): [0,1511,system_server,-1,DisplayDeviceConfig,requesting nits when no mapping exists.]
02-09 05:34:14.342 I/am_wtf ( 1511): [0,1511,system_server,-1,DisplayDeviceConfig,requesting nits when no mapping exists.]
02-09 05:34:14.357 E/DisplayDeviceConfig( 1511): requesting nits when no mapping exists.
02-09 05:34:14.358 E/DisplayDeviceConfig( 1511): requesting nits when no mapping exists.
02-09 05:34:14.358 I/am_wtf ( 1511): [0,1511,system_server,-1,DisplayDeviceConfig,requesting nits when no mapping exists.]
02-09 05:34:14.359 I/am_wtf ( 1511): [0,1511,system_server,-1,DisplayDeviceConfig,requesting nits when no mapping exists.]
02-09 05:34:14.374 E/DisplayDeviceConfig( 1511): requesting nits when no mapping exists.
02-09 05:34:14.375 E/DisplayDeviceConfig( 1511): requesting nits when no mapping exists.
02-09 05:34:14.375 I/am_wtf ( 1511): [0,1511,system_server,-1,DisplayDeviceConfig,requesting nits when no mapping exists.]
02-09 05:34:14.376 I/am_wtf ( 1511): [0,1511,system_server,-1,DisplayDeviceConfig,requesting nits when no mapping exists.]
02-09 05:34:14.391 E/DisplayDeviceConfig( 1511): requesting nits when no mapping exists.
02-09 05:34:14.391 E/DisplayDeviceConfig( 1511): requesting nits when no mapping exists.
02-09 05:34:14.391 I/am_wtf ( 1511): [0,1511,system_server,-1,DisplayDeviceConfig,requesting nits when no mapping exists.]
02-09 05:34:14.392 I/am_wtf ( 1511): [0,1511,system_server,-1,DisplayDeviceConfig,requesting nits when no mapping exists.]
02-09 05:34:14.407 E/DisplayDeviceConfig( 1511): requesting nits when no mapping exists.
02-09 05:34:14.408 E/DisplayDeviceConfig( 1511): requesting nits when no mapping exists.
02-09 05:34:14.408 I/am_wtf ( 1511): [0,1511,system_server,-1,DisplayDeviceConfig,requesting nits when no mapping exists.]
02-09 05:34:14.409 I/am_wtf ( 1511): [0,1511,system_server,-1,DisplayDeviceConfig,requesting nits when no mapping exists.]
02-09 05:34:14.424 E/DisplayDeviceConfig( 1511): requesting nits when no mapping exists.
02-09 05:34:14.425 E/DisplayDeviceConfig( 1511): requesting nits when no mapping exists.
02-09 05:34:14.425 I/am_wtf ( 1511): [0,1511,system_server,-1,DisplayDeviceConfig,requesting nits when no mapping exists.]
02-09 05:34:14.427 I/am_wtf ( 1511): [0,1511,system_server,-1,DisplayDeviceConfig,requesting nits when no mapping exists.]
02-09 05:34:14.441 E/DisplayDeviceConfig( 1511): requesting nits when no mapping exists.
02-09 05:34:14.442 E/DisplayDeviceConfig( 1511): requesting nits when no mapping exists.
02-09 05:34:14.442 I/am_wtf ( 1511): [0,1511,system_server,-1,DisplayDeviceConfig,requesting nits when no mapping exists.]
02-09 05:34:14.443 I/am_wtf ( 1511): [0,1511,system_server,-1,DisplayDeviceConfig,requesting nits when no mapping exists.]
02-09 05:34:14.458 E/DisplayDeviceConfig( 1511): requesting nits when no mapping exists.
02-09 05:34:14.458 E/DisplayDeviceConfig( 1511): requesting nits when no mapping exists.
02-09 05:34:14.458 I/am_wtf ( 1511): [0,1511,system_server,-1,DisplayDeviceConfig,requesting nits when no mapping exists.]
02-09 05:34:14.459 I/am_wtf ( 1511): [0,1511,system_server,-1,DisplayDeviceConfig,requesting nits when no mapping exists.]
02-09 05:34:14.475 E/DisplayDeviceConfig( 1511): requesting nits when no mapping exists.
02-09 05:34:14.475 I/am_wtf ( 1511): [0,1511,system_server,-1,DisplayDeviceConfig,requesting nits when no mapping exists.]
02-09 05:34:14.475 E/DisplayDeviceConfig( 1511): requesting nits when no mapping exists.
02-09 05:34:14.476 I/am_wtf ( 1511): [0,1511,system_server,-1,DisplayDeviceConfig,requesting nits when no mapping exists.]
02-09 05:34:14.491 E/DisplayDeviceConfig( 1511): requesting nits when no mapping exists.
02-09 05:34:14.491 E/DisplayDeviceConfig( 1511): requesting nits when no mapping exists.
02-09 05:34:14.492 I/am_wtf ( 1511): [0,1511,system_server,-1,DisplayDeviceConfig,requesting nits when no mapping exists.]
02-09 05:34:14.492 I/am_wtf ( 1511): [0,1511,system_server,-1,DisplayDeviceConfig,requesting nits when no mapping exists.]
02-09 05:34:14.508 E/DisplayDeviceConfig( 1511): requesting nits when no mapping exists.
02-09 05:34:14.508 E/DisplayDeviceConfig( 1511): requesting nits when no mapping exists.
02-09 05:34:14.508 I/am_wtf ( 1511): [0,1511,system_server,-1,DisplayDeviceConfig,requesting nits when no mapping exists.]
02-09 05:34:14.509 I/am_wtf ( 1511): [0,1511,system_server,-1,DisplayDeviceConfig,requesting nits when no mapping exists.]
02-09 05:34:14.525 E/DisplayDeviceConfig( 1511): requesting nits when no mapping exists.
02-09 05:34:14.525 E/DisplayDeviceConfig( 1511): requesting nits when no mapping exists.
02-09 05:34:14.525 I/am_wtf ( 1511): [0,1511,system_server,-1,DisplayDeviceConfig,requesting nits when no mapping exists.]
02-09 05:34:14.526 I/am_wtf ( 1511): [0,1511,system_server,-1,DisplayDeviceConfig,requesting nits when no mapping exists.]
02-09 05:34:14.541 E/DisplayDeviceConfig( 1511): requesting nits when no mapping exists.
02-09 05:34:14.542 E/DisplayDeviceConfig( 1511): requesting nits when no mapping exists.
02-09 05:34:14.542 I/am_wtf ( 1511): [0,1511,system_server,-1,DisplayDeviceConfig,requesting nits when no mapping exists.]
02-09 05:34:14.543 I/am_wtf ( 1511): [0,1511,system_server,-1,DisplayDeviceConfig,requesting nits when no mapping exists.]
02-09 05:34:14.558 E/DisplayDeviceConfig( 1511): requesting nits when no mapping exists.
02-09 05:34:14.558 E/DisplayDeviceConfig( 1511): requesting nits when no mapping exists.
02-09 05:34:14.559 I/am_wtf ( 1511): [0,1511,system_server,-1,DisplayDeviceConfig,requesting nits when no mapping exists.]
02-09 05:34:14.559 I/am_wtf ( 1511): [0,1511,system_server,-1,DisplayDeviceConfig,requesting nits when no mapping exists.]
02-09 05:34:14.575 E/DisplayDeviceConfig( 1511): requesting nits when no mapping exists.
02-09 05:34:14.575 E/DisplayDeviceConfig( 1511): requesting nits when no mapping exists.
02-09 05:34:14.575 I/am_wtf ( 1511): [0,1511,system_server,-1,DisplayDeviceConfig,requesting nits when no mapping exists.]
02-09 05:34:14.576 I/am_wtf ( 1511): [0,1511,system_server,-1,DisplayDeviceConfig,requesting nits when no mapping exists.]
02-09 05:34:14.591 E/DisplayDeviceConfig( 1511): requesting nits when no mapping exists.
02-09 05:34:14.592 E/DisplayDeviceConfig( 1511): requesting nits when no mapping exists.
02-09 05:34:14.592 I/am_wtf ( 1511): [0,1511,system_server,-1,DisplayDeviceConfig,requesting nits when no mapping exists.]
02-09 05:34:14.593 I/am_wtf ( 1511): [0,1511,system_server,-1,DisplayDeviceConfig,requesting nits when no mapping exists.]
02-09 05:34:14.608 E/DisplayDeviceConfig( 1511): requesting nits when no mapping exists.
02-09 05:34:14.609 E/DisplayDeviceConfig( 1511): requesting nits when no mapping exists.
02-09 05:34:14.609 I/am_wtf ( 1511): [0,1511,system_server,-1,DisplayDeviceConfig,requesting nits when no mapping exists.]
02-09 05:34:14.610 I/service_manager_stats( 1511): [100,52,65739]
02-09 05:34:14.610 I/am_wtf ( 1511): [0,1511,system_server,-1,DisplayDeviceConfig,requesting nits when no mapping exists.]
02-09 05:34:14.625 E/DisplayDeviceConfig( 1511): requesting nits when no mapping exists.
02-09 05:34:14.625 E/DisplayDeviceConfig( 1511): requesting nits when no mapping exists.
02-09 05:34:14.626 I/am_wtf ( 1511): [0,1511,system_server,-1,DisplayDeviceConfig,requesting nits when no mapping exists.]
02-09 05:34:14.627 I/am_wtf ( 1511): [0,1511,system_server,-1,DisplayDeviceConfig,requesting nits when no mapping exists.]
02-09 05:34:14.642 E/DisplayDeviceConfig( 1511): requesting nits when no mapping exists.
02-09 05:34:14.642 I/am_wtf ( 1511): [0,1511,system_server,-1,DisplayDeviceConfig,requesting nits when no mapping exists.]
02-09 05:34:14.642 E/DisplayDeviceConfig( 1511): requesting nits when no mapping exists.
02-09 05:34:14.643 I/am_wtf ( 1511): [0,1511,system_server,-1,DisplayDeviceConfig,requesting nits when no mapping exists.]
02-09 05:34:14.658 E/DisplayDeviceConfig( 1511): requesting nits when no mapping exists.
02-09 05:34:14.659 E/DisplayDeviceConfig( 1511): requesting nits when no mapping exists.
02-09 05:34:14.659 I/am_wtf ( 1511): [0,1511,system_server,-1,DisplayDeviceConfig,requesting nits when no mapping exists.]
02-09 05:34:14.660 I/am_wtf ( 1511): [0,1511,system_server,-1,DisplayDeviceConfig,requesting nits when no mapping exists.]
02-09 05:34:14.675 E/DisplayDeviceConfig( 1511): requesting nits when no mapping exists.
02-09 05:34:14.675 E/DisplayDeviceConfig( 1511): requesting nits when no mapping exists.
02-09 05:34:14.676 I/am_wtf ( 1511): [0,1511,system_server,-1,DisplayDeviceConfig,requesting nits when no mapping exists.]
02-09 05:34:14.676 I/am_wtf ( 1511): [0,1511,system_server,-1,DisplayDeviceConfig,requesting nits when no mapping exists.]
02-09 05:34:14.692 E/DisplayDeviceConfig( 1511): requesting nits when no mapping exists.
02-09 05:34:14.692 E/DisplayDeviceConfig( 1511): requesting nits when no mapping exists.
02-09 05:34:14.692 I/am_wtf ( 1511): [0,1511,system_server,-1,DisplayDeviceConfig,requesting nits when no mapping exists.]
02-09 05:34:14.693 I/am_wtf ( 1511): [0,1511,system_server,-1,DisplayDeviceConfig,requesting nits when no mapping exists.]
02-09 05:34:14.708 E/DisplayDeviceConfig( 1511): requesting nits when no mapping exists.
02-09 05:34:14.709 E/DisplayDeviceConfig( 1511): requesting nits when no mapping exists.
02-09 05:34:14.709 I/am_wtf ( 1511): [0,1511,system_server,-1,DisplayDeviceConfig,requesting nits when no mapping exists.]
02-09 05:34:14.710 I/am_wtf ( 1511): [0,1511,system_server,-1,DisplayDeviceConfig,requesting nits when no mapping exists.]
02-09 05:34:14.725 E/DisplayDeviceConfig( 1511): requesting nits when no mapping exists.
02-09 05:34:14.726 E/DisplayDeviceConfig( 1511): requesting nits when no mapping exists.
02-09 05:34:14.726 I/am_wtf ( 1511): [0,1511,system_server,-1,DisplayDeviceConfig,requesting nits when no mapping exists.]
02-09 05:34:14.727 I/am_wtf ( 1511): [0,1511,system_server,-1,DisplayDeviceConfig,requesting nits when no mapping exists.]
02-09 05:34:14.742 E/DisplayDeviceConfig( 1511): requesting nits when no mapping exists.
02-09 05:34:14.742 E/DisplayDeviceConfig( 1511): requesting nits when no mapping exists.
02-09 05:34:14.742 I/am_wtf ( 1511): [0,1511,system_server,-1,DisplayDeviceConfig,requesting nits when no mapping exists.]
02-09 05:34:14.743 I/am_wtf ( 1511): [0,1511,system_server,-1,DisplayDeviceConfig,requesting nits when no mapping exists.]
02-09 05:34:14.758 E/DisplayDeviceConfig( 1511): requesting nits when no mapping exists.
02-09 05:34:14.759 E/DisplayDeviceConfig( 1511): requesting nits when no mapping exists.
02-09 05:34:14.759 I/am_wtf ( 1511): [0,1511,system_server,-1,DisplayDeviceConfig,requesting nits when no mapping exists.]
02-09 05:34:14.760 I/am_wtf ( 1511): [0,1511,system_server,-1,DisplayDeviceConfig,requesting nits when no mapping exists.]
02-09 05:34:14.775 E/DisplayDeviceConfig( 1511): requesting nits when no mapping exists.
02-09 05:34:14.776 I/am_wtf ( 1511): [0,1511,system_server,-1,DisplayDeviceConfig,requesting nits when no mapping exists.]
02-09 05:34:14.776 E/DisplayDeviceConfig( 1511): requesting nits when no mapping exists.
02-09 05:34:14.776 I/am_wtf ( 1511): [0,1511,system_server,-1,DisplayDeviceConfig,requesting nits when no mapping exists.]
02-09 05:34:14.792 E/DisplayDeviceConfig( 1511): requesting nits when no mapping exists.
02-09 05:34:14.792 E/DisplayDeviceConfig( 1511): requesting nits when no mapping exists.
02-09 05:34:14.792 I/am_wtf ( 1511): [0,1511,system_server,-1,DisplayDeviceConfig,requesting nits when no mapping exists.]
02-09 05:34:14.793 I/am_wtf ( 1511): [0,1511,system_server,-1,DisplayDeviceConfig,requesting nits when no mapping exists.]
02-09 05:34:14.808 E/DisplayDeviceConfig( 1511): requesting nits when no mapping exists.
02-09 05:34:14.809 E/DisplayDeviceConfig( 1511): requesting nits when no mapping exists.
02-09 05:34:14.809 I/am_wtf ( 1511): [0,1511,system_server,-1,DisplayDeviceConfig,requesting nits when no mapping exists.]
02-09 05:34:14.810 I/am_wtf ( 1511): [0,1511,system_server,-1,DisplayDeviceConfig,requesting nits when no mapping exists.]
02-09 05:34:14.825 E/DisplayDeviceConfig( 1511): requesting nits when no mapping exists.
02-09 05:34:14.826 E/DisplayDeviceConfig( 1511): requesting nits when no mapping exists.
02-09 05:34:14.826 I/am_wtf ( 1511): [0,1511,system_server,-1,DisplayDeviceConfig,requesting nits when no mapping exists.]
02-09 05:34:14.827 I/am_wtf ( 1511): [0,1511,system_server,-1,DisplayDeviceConfig,requesting nits when no mapping exists.]
02-09 05:34:14.842 E/DisplayDeviceConfig( 1511): requesting nits when no mapping exists.
02-09 05:34:14.842 E/DisplayDeviceConfig( 1511): requesting nits when no mapping exists.
02-09 05:34:14.843 I/am_wtf ( 1511): [0,1511,system_server,-1,DisplayDeviceConfig,requesting nits when no mapping exists.]
02-09 05:34:14.843 I/am_wtf ( 1511): [0,1511,system_server,-1,DisplayDeviceConfig,requesting nits when no mapping exists.]
02-09 05:34:14.859 E/DisplayDeviceConfig( 1511): requesting nits when no mapping exists.
02-09 05:34:14.859 E/DisplayDeviceConfig( 1511): requesting nits when no mapping exists.
02-09 05:34:14.859 I/am_wtf ( 1511): [0,1511,system_server,-1,DisplayDeviceConfig,requesting nits when no mapping exists.]
02-09 05:34:14.860 I/am_wtf ( 1511): [0,1511,system_server,-1,DisplayDeviceConfig,requesting nits when no mapping exists.]
02-09 05:34:14.875 E/DisplayDeviceConfig( 1511): requesting nits when no mapping exists.
02-09 05:34:14.876 E/DisplayDeviceConfig( 1511): requesting nits when no mapping exists.
02-09 05:34:14.876 I/am_wtf ( 1511): [0,1511,system_server,-1,DisplayDeviceConfig,requesting nits when no mapping exists.]
02-09 05:34:14.877 I/am_wtf ( 1511): [0,1511,system_server,-1,DisplayDeviceConfig,requesting nits when no mapping exists.]
02-09 05:34:14.892 E/DisplayDeviceConfig( 1511): requesting nits when no mapping exists.
02-09 05:34:14.893 E/DisplayDeviceConfig( 1511): requesting nits when no mapping exists.
02-09 05:34:14.893 I/am_wtf ( 1511): [0,1511,system_server,-1,DisplayDeviceConfig,requesting nits when no mapping exists.]
02-09 05:34:14.894 I/am_wtf ( 1511): [0,1511,system_server,-1,DisplayDeviceConfig,requesting nits when no mapping exists.]
02-09 05:34:14.909 E/DisplayDeviceConfig( 1511): requesting nits when no mapping exists.
02-09 05:34:14.909 E/DisplayDeviceConfig( 1511): requesting nits when no mapping exists.
02-09 05:34:14.910 I/am_wtf ( 1511): [0,1511,system_server,-1,DisplayDeviceConfig,requesting nits when no mapping exists.]
02-09 05:34:14.911 I/am_wtf ( 1511): [0,1511,system_server,-1,DisplayDeviceConfig,requesting nits when no mapping exists.]
02-09 05:34:14.926 E/DisplayDeviceConfig( 1511): requesting nits when no mapping exists.
02-09 05:34:14.926 E/DisplayDeviceConfig( 1511): requesting nits when no mapping exists.
02-09 05:34:14.926 I/am_wtf ( 1511): [0,1511,system_server,-1,DisplayDeviceConfig,requesting nits when no mapping exists.]
02-09 05:34:14.927 I/am_wtf ( 1511): [0,1511,system_server,-1,DisplayDeviceConfig,requesting nits when no mapping exists.]
02-09 05:34:14.942 E/DisplayDeviceConfig( 1511): requesting nits when no mapping exists.
02-09 05:34:14.943 I/am_wtf ( 1511): [0,1511,system_server,-1,DisplayDeviceConfig,requesting nits when no mapping exists.]
02-09 05:34:14.943 E/DisplayDeviceConfig( 1511): requesting nits when no mapping exists.
02-09 05:34:14.943 I/am_wtf ( 1511): [0,1511,system_server,-1,DisplayDeviceConfig,requesting nits when no mapping exists.]
02-09 05:34:14.959 E/DisplayDeviceConfig( 1511): requesting nits when no mapping exists.
02-09 05:34:14.959 E/DisplayDeviceConfig( 1511): requesting nits when no mapping exists.
02-09 05:34:14.960 I/am_wtf ( 1511): [0,1511,system_server,-1,DisplayDeviceConfig,requesting nits when no mapping exists.]
02-09 05:34:14.961 I/am_wtf ( 1511): [0,1511,system_server,-1,DisplayDeviceConfig,requesting nits when no mapping exists.]
02-09 05:34:14.975 E/DisplayDeviceConfig( 1511): requesting nits when no mapping exists.
02-09 05:34:14.976 I/am_wtf ( 1511): [0,1511,system_server,-1,DisplayDeviceConfig,requesting nits when no mapping exists.]
02-09 05:34:14.976 E/DisplayDeviceConfig( 1511): requesting nits when no mapping exists.
02-09 05:34:14.977 I/am_wtf ( 1511): [0,1511,system_server,-1,DisplayDeviceConfig,requesting nits when no mapping exists.]
02-09 05:34:14.992 E/DisplayDeviceConfig( 1511): requesting nits when no mapping exists.
02-09 05:34:14.993 E/DisplayDeviceConfig( 1511): requesting nits when no mapping exists.
02-09 05:34:14.993 I/am_wtf ( 1511): [0,1511,system_server,-1,DisplayDeviceConfig,requesting nits when no mapping exists.]
02-09 05:34:14.993 I/am_wtf ( 1511): [0,1511,system_server,-1,DisplayDeviceConfig,requesting nits when no mapping exists.]
02-09 05:34:15.009 E/DisplayDeviceConfig( 1511): requesting nits when no mapping exists.
02-09 05:34:15.010 E/DisplayDeviceConfig( 1511): requesting nits when no mapping exists.
02-09 05:34:15.010 I/am_wtf ( 1511): [0,1511,system_server,-1,DisplayDeviceConfig,requesting nits when no mapping exists.]
02-09 05:34:15.011 I/am_wtf ( 1511): [0,1511,system_server,-1,DisplayDeviceConfig,requesting nits when no mapping exists.]
02-09 05:34:15.026 E/DisplayDeviceConfig( 1511): requesting nits when no mapping exists.
02-09 05:34:15.026 E/DisplayDeviceConfig( 1511): requesting nits when no mapping exists.
02-09 05:34:15.026 I/am_wtf ( 1511): [0,1511,system_server,-1,DisplayDeviceConfig,requesting nits when no mapping exists.]
02-09 05:34:15.027 I/am_wtf ( 1511): [0,1511,system_server,-1,DisplayDeviceConfig,requesting nits when no mapping exists.]
02-09 05:34:15.042 E/DisplayDeviceConfig( 1511): requesting nits when no mapping exists.
02-09 05:34:15.043 E/DisplayDeviceConfig( 1511): requesting nits when no mapping exists.
02-09 05:34:15.043 I/am_wtf ( 1511): [0,1511,system_server,-1,DisplayDeviceConfig,requesting nits when no mapping exists.]
02-09 05:34:15.044 I/am_wtf ( 1511): [0,1511,system_server,-1,DisplayDeviceConfig,requesting nits when no mapping exists.]
02-09 05:34:15.059 E/DisplayDeviceConfig( 1511): requesting nits when no mapping exists.
02-09 05:34:15.060 E/DisplayDeviceConfig( 1511): requesting nits when no mapping exists.
02-09 05:34:15.060 I/am_wtf ( 1511): [0,1511,system_server,-1,DisplayDeviceConfig,requesting nits when no mapping exists.]
02-09 05:34:15.061 I/am_wtf ( 1511): [0,1511,system_server,-1,DisplayDeviceConfig,requesting nits when no mapping exists.]
02-09 05:34:15.075 E/DisplayDeviceConfig( 1511): requesting nits when no mapping exists.
02-09 05:34:15.076 I/am_wtf ( 1511): [0,1511,system_server,-1,DisplayDeviceConfig,requesting nits when no mapping exists.]
02-09 05:34:15.076 E/DisplayDeviceConfig( 1511): requesting nits when no mapping exists.
02-09 05:34:15.077 I/am_wtf ( 1511): [0,1511,system_server,-1,DisplayDeviceConfig,requesting nits when no mapping exists.]
02-09 05:34:15.093 E/DisplayDeviceConfig( 1511): requesting nits when no mapping exists.
02-09 05:34:15.093 E/DisplayDeviceConfig( 1511): requesting nits when no mapping exists.
02-09 05:34:15.093 I/am_wtf ( 1511): [0,1511,system_server,-1,DisplayDeviceConfig,requesting nits when no mapping exists.]
02-09 05:34:15.094 I/am_wtf ( 1511): [0,1511,system_server,-1,DisplayDeviceConfig,requesting nits when no mapping exists.]
02-09 05:34:15.109 E/DisplayDeviceConfig( 1511): requesting nits when no mapping exists.
02-09 05:34:15.110 E/DisplayDeviceConfig( 1511): requesting nits when no mapping exists.
02-09 05:34:15.110 I/am_wtf ( 1511): [0,1511,system_server,-1,DisplayDeviceConfig,requesting nits when no mapping exists.]
02-09 05:34:15.111 I/am_wtf ( 1511): [0,1511,system_server,-1,DisplayDeviceConfig,requesting nits when no mapping exists.]
02-09 05:34:15.126 E/DisplayDeviceConfig( 1511): requesting nits when no mapping exists.
02-09 05:34:15.127 E/DisplayDeviceConfig( 1511): requesting nits when no mapping exists.
02-09 05:34:15.127 I/am_wtf ( 1511): [0,1511,system_server,-1,DisplayDeviceConfig,requesting nits when no mapping exists.]
02-09 05:34:15.127 I/am_wtf ( 1511): [0,1511,system_server,-1,DisplayDeviceConfig,requesting nits when no mapping exists.]
02-09 05:34:15.143 E/DisplayDeviceConfig( 1511): requesting nits when no mapping exists.
02-09 05:34:15.144 E/DisplayDeviceConfig( 1511): requesting nits when no mapping exists.
02-09 05:34:15.144 I/am_wtf ( 1511): [0,1511,system_server,-1,DisplayDeviceConfig,requesting nits when no mapping exists.]
02-09 05:34:15.145 I/am_wtf ( 1511): [0,1511,system_server,-1,DisplayDeviceConfig,requesting nits when no mapping exists.]
02-09 05:34:15.160 E/DisplayDeviceConfig( 1511): requesting nits when no mapping exists.
02-09 05:34:15.160 E/DisplayDeviceConfig( 1511): requesting nits when no mapping exists.
02-09 05:34:15.160 I/am_wtf ( 1511): [0,1511,system_server,-1,DisplayDeviceConfig,requesting nits when no mapping exists.]
02-09 05:34:15.161 I/am_wtf ( 1511): [0,1511,system_server,-1,DisplayDeviceConfig,requesting nits when no mapping exists.]
02-09 05:34:15.176 E/DisplayDeviceConfig( 1511): requesting nits when no mapping exists.
02-09 05:34:15.177 E/DisplayDeviceConfig( 1511): requesting nits when no mapping exists.
02-09 05:34:15.177 I/am_wtf ( 1511): [0,1511,system_server,-1,DisplayDeviceConfig,requesting nits when no mapping exists.]
02-09 05:34:15.177 I/am_wtf ( 1511): [0,1511,system_server,-1,DisplayDeviceConfig,requesting nits when no mapping exists.]
02-09 05:34:15.193 E/DisplayDeviceConfig( 1511): requesting nits when no mapping exists.
02-09 05:34:15.193 E/DisplayDeviceConfig( 1511): requesting nits when no mapping exists.
02-09 05:34:15.193 I/am_wtf ( 1511): [0,1511,system_server,-1,DisplayDeviceConfig,requesting nits when no mapping exists.]
02-09 05:34:15.194 I/am_wtf ( 1511): [0,1511,system_server,-1,DisplayDeviceConfig,requesting nits when no mapping exists.]
02-09 05:34:15.210 E/DisplayDeviceConfig( 1511): requesting nits when no mapping exists.
02-09 05:34:15.210 E/DisplayDeviceConfig( 1511): requesting nits when no mapping exists.
02-09 05:34:15.210 I/am_wtf ( 1511): [0,1511,system_server,-1,DisplayDeviceConfig,requesting nits when no mapping exists.]
02-09 05:34:15.211 I/am_wtf ( 1511): [0,1511,system_server,-1,DisplayDeviceConfig,requesting nits when no mapping exists.]
02-09 05:34:15.226 E/DisplayDeviceConfig( 1511): requesting nits when no mapping exists.
02-09 05:34:15.227 E/DisplayDeviceConfig( 1511): requesting nits when no mapping exists.
02-09 05:34:15.227 I/am_wtf ( 1511): [0,1511,system_server,-1,DisplayDeviceConfig,requesting nits when no mapping exists.]
02-09 05:34:15.228 I/am_wtf ( 1511): [0,1511,system_server,-1,DisplayDeviceConfig,requesting nits when no mapping exists.]
02-09 05:34:17.842 I/am_uid_idle( 1511): 10097
02-09 05:34:21.265 I/PowerManagerService( 1511): Napping display group (groupId=0, uid=1000)...
02-09 05:34:21.265 I/PowerManagerService( 1511): Nap time (uid 1000)...
02-09 05:34:21.267 I/DreamManagerService( 1511): Entering dreamland.
02-09 05:34:21.269 I/PowerManagerService( 1511): Dreaming...
02-09 05:34:21.273 I/DreamController( 1511): Starting dream: name=ComponentInfo{com.thundercomm.screensaver/com.thundercomm.saverclock.service.ClockScreensaver}, isTest=false, canDoze=false, userId=0
02-09 05:34:21.273 I/sysui_multi_action( 1511): [757,222,758,1]
02-09 05:34:21.275 I/am_uid_active( 1511): 10044
02-09 05:34:21.287 I/ActivityTaskManager( 1511): START u0 {flg=0x10000000 pkg=com.thundercomm.screensaver cmp=com.thundercomm.screensaver/android.service.dreams.DreamActivity (has extras)} from uid 10044
02-09 05:34:21.293 I/am_pss ( 1511): [7156,10095,com.tencent.qqmusicpad,94981120,65032192,0,190177280,0,2,12]
02-09 05:34:21.294 I/wm_task_created( 1511): [38,-1]
02-09 05:34:21.295 W/ActivityTaskManager( 1511): Can't find TaskDisplayArea to determine support for multi window. Task id=38 attached=false
02-09 05:34:21.299 I/wm_task_moved( 1511): [38,1,14]
02-09 05:34:21.299 I/wm_task_to_front( 1511): [0,38]
02-09 05:34:21.299 I/wm_create_task( 1511): [0,38]
02-09 05:34:21.299 I/wm_create_activity( 1511): [0,116375715,38,com.thundercomm.screensaver/android.service.dreams.DreamActivity,NULL,NULL,NULL,276824064]
02-09 05:34:21.299 I/wm_task_moved( 1511): [38,1,14]
02-09 05:34:21.299 I/wm_on_top_resumed_lost_called( 7156): [229301291,com.tencent.qqmusicpad.activity.MainActivity,topStateChangedWhenResumed]
02-09 05:34:21.300 I/wm_pause_activity( 1511): [0,229301291,com.tencent.qqmusicpad/.activity.MainActivity,userLeaving=true,pauseBackTasks]
02-09 05:34:21.301 I/am_pss ( 1511): [7238,10095,com.tencent.qqmusicpad:QQPlayerService,40024064,16752640,0,120393728,0,3,7]
02-09 05:34:21.302 I/wm_on_paused_called( 7156): [229301291,com.tencent.qqmusicpad.activity.MainActivity,performPause]
02-09 05:34:21.302 I/ActivityTaskManager( 1511): FOREGROUND_APPLICATION_CHANGED to android.service.dreams.DreamActivity
02-09 05:34:21.303 I/ActivityTaskManager( 1511): The Process com.thundercomm.screensaver Already Exists in BG. So sending its PID: 4907
02-09 05:34:21.303 W/ActivityTaskManager( 1511): Tried to set launchTime (0) < mLastActivityLaunchTime (4277682)
02-09 05:34:21.303 I/wm_add_to_stopping( 1511): [0,229301291,com.tencent.qqmusicpad/.activity.MainActivity,makeInvisible]
02-09 05:34:21.303 I/wm_restart_activity( 1511): [0,116375715,38,com.thundercomm.screensaver/android.service.dreams.DreamActivity]
02-09 05:34:21.304 I/wm_set_resumed_activity( 1511): [0,com.thundercomm.screensaver/android.service.dreams.DreamActivity,minimalResumeActivityLocked]
02-09 05:34:21.308 I/sysui_multi_action( 1511): [757,803,799,window_time_0,802,60]
02-09 05:34:21.309 I/wm_on_create_called( 4907): [116375715,android.service.dreams.DreamActivity,performCreate]
02-09 05:34:21.310 I/wm_on_start_called( 4907): [116375715,android.service.dreams.DreamActivity,handleStartActivity]
02-09 05:34:21.310 I/wm_on_resume_called( 4907): [116375715,android.service.dreams.DreamActivity,RESUME_ACTIVITY]
02-09 05:34:21.310 W/ContextImpl( 2089): Calling a method in the system process without a qualified user: android.app.ContextImpl.startService:1816 android.content.ContextWrapper.startService:774 com.thundercomm.gamemode.ingame.services.GameModeActionUtils.startGameModeService:111 com.thundercomm.gamemode.ingame.services.GameModeActionUtils.startGameModeEntry:22 com.thundercomm.gamemode.ingame.services.ActivityMonitoringService$1.onActivityLaunch:139
02-09 05:34:21.311 W/WindowManager( 1511): Failed looking up window session=Session{b333c54 4907:u0a10044} callers=com.android.server.wm.WindowManagerService.windowForClientLocked:5628 com.android.server.wm.Session.insetsModified:629 android.view.IWindowSession$Stub.onTransact:1151
02-09 05:34:21.312 I/wm_on_top_resumed_gained_called( 4907): [116375715,android.service.dreams.DreamActivity,topStateChangedWhenResumed]
02-09 05:34:21.313 I/am_pss ( 1511): [6595,10088,com.android.music,34078720,26820608,2407424,124399616,0,4,7]
02-09 05:34:21.314 I/GameModeConfig( 1511): Current uri is uri = content://com.thundercomm.gamemode.api/gamemode_settings/gamemode_isgaming
02-09 05:34:21.315 I/GameModeConfig( 1511): isGameModeOn = true
02-09 05:34:21.315 I/GameModeConfig( 1511): isGaming = false
02-09 05:34:21.315 I/GameModeConfig( 1511): isGameModeOn = true
02-09 05:34:21.315 I/GameModeConfig( 1511): isGaming = false
02-09 05:34:21.315 I/GameModeConfig( 1511): isDisableVoice = true
02-09 05:34:21.319 I/am_pss ( 1511): [7067,90000,com.microsoft.emmx:sandboxed_process0:org.chromium.content.app.SandboxedProcessService0:0,15749120,4685824,0,108367872,0,19,6]
02-09 05:34:21.325 I/am_pss ( 1511): [7453,10020,com.android.musicfx,6000640,3895296,0,88317952,0,19,5]
02-09 05:34:21.325 I/input_focus( 1511): [Focus leaving 7c6e6cc com.tencent.qqmusicpad/com.tencent.qqmusicpad.activity.MainActivity (server),reason=NO_WINDOW]
02-09 05:34:21.332 I/input_focus( 1511): [Focus request f960f1e com.thundercomm.screensaver/android.service.dreams.DreamActivity,reason=UpdateInputWindows]
02-09 05:34:21.335 I/am_pss ( 1511): [6959,10035,com.microsoft.emmx,113630208,91656192,0,253202432,0,19,9]
02-09 05:34:21.341 I/sysui_multi_action( 1511): [319,52,322,49,325,4356,757,761,758,8,759,2,806,com.thundercomm.screensaver,871,android.service.dreams.DreamActivity,904,com.thundercomm.screensaver,905,0,1320,4,1321,2]
02-09 05:34:21.341 I/wm_activity_launch_time( 1511): [0,116375715,com.thundercomm.screensaver/android.service.dreams.DreamActivity,49]
02-09 05:34:21.342 V/DisplayPowerController[0]( 1511): Brightness [1.0] reason changing to: 'manual', previous reason: 'manual [ dim ]'.
02-09 05:34:21.342 I/sysui_multi_action( 1511): [757,1696,758,6,759,3]
02-09 05:34:21.357 E/DisplayDeviceConfig( 1511): requesting nits when no mapping exists.
02-09 05:34:21.357 E/DisplayDeviceConfig( 1511): requesting nits when no mapping exists.
02-09 05:34:21.357 I/am_wtf ( 1511): [0,1511,system_server,-1,DisplayDeviceConfig,requesting nits when no mapping exists.]
02-09 05:34:21.357 I/am_wtf ( 1511): [0,1511,system_server,-1,DisplayDeviceConfig,requesting nits when no mapping exists.]
02-09 05:34:21.373 E/DisplayDeviceConfig( 1511): requesting nits when no mapping exists.
02-09 05:34:21.373 E/DisplayDeviceConfig( 1511): requesting nits when no mapping exists.
02-09 05:34:21.373 I/am_wtf ( 1511): [0,1511,system_server,-1,DisplayDeviceConfig,requesting nits when no mapping exists.]
02-09 05:34:21.374 I/am_wtf ( 1511): [0,1511,system_server,-1,DisplayDeviceConfig,requesting nits when no mapping exists.]
02-09 05:34:21.374 I/input_focus( 1511): [Focus entering f960f1e com.thundercomm.screensaver/android.service.dreams.DreamActivity (server),reason=Window became focusable. Previous reason: NOT_VISIBLE]
02-09 05:34:21.390 E/DisplayDeviceConfig( 1511): requesting nits when no mapping exists.
02-09 05:34:21.390 E/DisplayDeviceConfig( 1511): requesting nits when no mapping exists.
02-09 05:34:21.390 I/am_wtf ( 1511): [0,1511,system_server,-1,DisplayDeviceConfig,requesting nits when no mapping exists.]
02-09 05:34:21.391 I/am_wtf ( 1511): [0,1511,system_server,-1,DisplayDeviceConfig,requesting nits when no mapping exists.]
02-09 05:34:21.407 E/DisplayDeviceConfig( 1511): requesting nits when no mapping exists.
02-09 05:34:21.407 E/DisplayDeviceConfig( 1511): requesting nits when no mapping exists.
02-09 05:34:21.407 I/am_wtf ( 1511): [0,1511,system_server,-1,DisplayDeviceConfig,requesting nits when no mapping exists.]
02-09 05:34:21.408 I/am_wtf ( 1511): [0,1511,system_server,-1,DisplayDeviceConfig,requesting nits when no mapping exists.]
02-09 05:34:21.408 W/ContextImpl( 2089): Calling a method in the system process without a qualified user: android.app.ContextImpl.startService:1816 android.content.ContextWrapper.startService:774 com.thundercomm.gamemode.ingame.services.GameModeActionUtils.startGameModeService:111 com.thundercomm.gamemode.ingame.services.GameModeActionUtils.startGameModeEntry:22 com.thundercomm.gamemode.ingame.services.ActivityMonitoringService$1.onActivityLaunch:139
02-09 05:34:21.410 I/GameModeConfig( 1511): Current uri is uri = content://com.thundercomm.gamemode.api/gamemode_settings/gamemode_isgaming
02-09 05:34:21.411 I/GameModeConfig( 1511): isGameModeOn = true
02-09 05:34:21.411 I/GameModeConfig( 1511): isGaming = false
02-09 05:34:21.411 I/GameModeConfig( 1511): isGameModeOn = true
02-09 05:34:21.411 I/GameModeConfig( 1511): isGaming = false
02-09 05:34:21.411 I/GameModeConfig( 1511): isDisableVoice = true
02-09 05:34:21.424 E/DisplayDeviceConfig( 1511): requesting nits when no mapping exists.
02-09 05:34:21.424 E/DisplayDeviceConfig( 1511): requesting nits when no mapping exists.
02-09 05:34:21.424 I/am_wtf ( 1511): [0,1511,system_server,-1,DisplayDeviceConfig,requesting nits when no mapping exists.]
02-09 05:34:21.424 I/am_wtf ( 1511): [0,1511,system_server,-1,DisplayDeviceConfig,requesting nits when no mapping exists.]
02-09 05:34:21.440 E/DisplayDeviceConfig( 1511): requesting nits when no mapping exists.
02-09 05:34:21.441 E/DisplayDeviceConfig( 1511): requesting nits when no mapping exists.
02-09 05:34:21.441 I/am_wtf ( 1511): [0,1511,system_server,-1,DisplayDeviceConfig,requesting nits when no mapping exists.]
02-09 05:34:21.441 I/am_wtf ( 1511): [0,1511,system_server,-1,DisplayDeviceConfig,requesting nits when no mapping exists.]
02-09 05:34:21.457 E/DisplayDeviceConfig( 1511): requesting nits when no mapping exists.
02-09 05:34:21.457 I/am_wtf ( 1511): [0,1511,system_server,-1,DisplayDeviceConfig,requesting nits when no mapping exists.]
02-09 05:34:21.457 E/DisplayDeviceConfig( 1511): requesting nits when no mapping exists.
02-09 05:34:21.458 I/am_wtf ( 1511): [0,1511,system_server,-1,DisplayDeviceConfig,requesting nits when no mapping exists.]
02-09 05:34:21.474 E/DisplayDeviceConfig( 1511): requesting nits when no mapping exists.
02-09 05:34:21.474 E/DisplayDeviceConfig( 1511): requesting nits when no mapping exists.
02-09 05:34:21.474 I/am_wtf ( 1511): [0,1511,system_server,-1,DisplayDeviceConfig,requesting nits when no mapping exists.]
02-09 05:34:21.475 I/am_wtf ( 1511): [0,1511,system_server,-1,DisplayDeviceConfig,requesting nits when no mapping exists.]
02-09 05:34:21.491 E/DisplayDeviceConfig( 1511): requesting nits when no mapping exists.
02-09 05:34:21.491 E/DisplayDeviceConfig( 1511): requesting nits when no mapping exists.
02-09 05:34:21.491 I/am_wtf ( 1511): [0,1511,system_server,-1,DisplayDeviceConfig,requesting nits when no mapping exists.]
02-09 05:34:21.491 I/am_wtf ( 1511): [0,1511,system_server,-1,DisplayDeviceConfig,requesting nits when no mapping exists.]
02-09 05:34:21.507 E/DisplayDeviceConfig( 1511): requesting nits when no mapping exists.
02-09 05:34:21.507 E/DisplayDeviceConfig( 1511): requesting nits when no mapping exists.
02-09 05:34:21.507 I/am_wtf ( 1511): [0,1511,system_server,-1,DisplayDeviceConfig,requesting nits when no mapping exists.]
02-09 05:34:21.508 I/service_manager_stats( 1511): [100,47,6898]
02-09 05:34:21.508 I/am_wtf ( 1511): [0,1511,system_server,-1,DisplayDeviceConfig,requesting nits when no mapping exists.]
02-09 05:34:21.524 E/DisplayDeviceConfig( 1511): requesting nits when no mapping exists.
02-09 05:34:21.524 I/am_wtf ( 1511): [0,1511,system_server,-1,DisplayDeviceConfig,requesting nits when no mapping exists.]
02-09 05:34:21.524 E/DisplayDeviceConfig( 1511): requesting nits when no mapping exists.
02-09 05:34:21.525 I/am_wtf ( 1511): [0,1511,system_server,-1,DisplayDeviceConfig,requesting nits when no mapping exists.]
02-09 05:34:21.541 E/DisplayDeviceConfig( 1511): requesting nits when no mapping exists.
02-09 05:34:21.541 E/DisplayDeviceConfig( 1511): requesting nits when no mapping exists.
02-09 05:34:21.541 I/am_wtf ( 1511): [0,1511,system_server,-1,DisplayDeviceConfig,requesting nits when no mapping exists.]
02-09 05:34:21.542 I/am_wtf ( 1511): [0,1511,system_server,-1,DisplayDeviceConfig,requesting nits when no mapping exists.]
02-09 05:34:21.557 E/DisplayDeviceConfig( 1511): requesting nits when no mapping exists.
02-09 05:34:21.558 E/DisplayDeviceConfig( 1511): requesting nits when no mapping exists.
02-09 05:34:21.558 I/am_wtf ( 1511): [0,1511,system_server,-1,DisplayDeviceConfig,requesting nits when no mapping exists.]
02-09 05:34:21.558 I/am_wtf ( 1511): [0,1511,system_server,-1,DisplayDeviceConfig,requesting nits when no mapping exists.]
02-09 05:34:21.574 E/DisplayDeviceConfig( 1511): requesting nits when no mapping exists.
02-09 05:34:21.574 I/am_wtf ( 1511): [0,1511,system_server,-1,DisplayDeviceConfig,requesting nits when no mapping exists.]
02-09 05:34:21.574 E/DisplayDeviceConfig( 1511): requesting nits when no mapping exists.
02-09 05:34:21.575 I/am_wtf ( 1511): [0,1511,system_server,-1,DisplayDeviceConfig,requesting nits when no mapping exists.]
02-09 05:34:21.591 E/DisplayDeviceConfig( 1511): requesting nits when no mapping exists.
02-09 05:34:21.591 I/am_wtf ( 1511): [0,1511,system_server,-1,DisplayDeviceConfig,requesting nits when no mapping exists.]
02-09 05:34:21.591 E/DisplayDeviceConfig( 1511): requesting nits when no mapping exists.
02-09 05:34:21.591 I/am_wtf ( 1511): [0,1511,system_server,-1,DisplayDeviceConfig,requesting nits when no mapping exists.]
02-09 05:34:21.608 E/DisplayDeviceConfig( 1511): requesting nits when no mapping exists.
02-09 05:34:21.608 E/DisplayDeviceConfig( 1511): requesting nits when no mapping exists.
02-09 05:34:21.608 I/am_wtf ( 1511): [0,1511,system_server,-1,DisplayDeviceConfig,requesting nits when no mapping exists.]
02-09 05:34:21.608 I/am_wtf ( 1511): [0,1511,system_server,-1,DisplayDeviceConfig,requesting nits when no mapping exists.]
02-09 05:34:21.625 E/DisplayDeviceConfig( 1511): requesting nits when no mapping exists.
02-09 05:34:21.625 E/DisplayDeviceConfig( 1511): requesting nits when no mapping exists.
02-09 05:34:21.625 I/am_wtf ( 1511): [0,1511,system_server,-1,DisplayDeviceConfig,requesting nits when no mapping exists.]
02-09 05:34:21.625 I/am_wtf ( 1511): [0,1511,system_server,-1,DisplayDeviceConfig,requesting nits when no mapping exists.]
02-09 05:34:21.641 E/DisplayDeviceConfig( 1511): requesting nits when no mapping exists.
