02-09 05:22:15.813 E/DisplayDeviceConfig( 1511): requesting nits when no mapping exists.
02-09 05:22:15.813 I/am_wtf ( 1511): [0,1511,system_server,-1,DisplayDeviceConfig,requesting nits when no mapping exists.]
02-09 05:22:15.813 I/am_wtf ( 1511): [0,1511,system_server,-1,DisplayDeviceConfig,requesting nits when no mapping exists.]
02-09 05:22:15.830 E/DisplayDeviceConfig( 1511): requesting nits when no mapping exists.
02-09 05:22:15.830 E/DisplayDeviceConfig( 1511): requesting nits when no mapping exists.
02-09 05:22:15.830 I/am_wtf ( 1511): [0,1511,system_server,-1,DisplayDeviceConfig,requesting nits when no mapping exists.]
02-09 05:22:15.830 I/am_wtf ( 1511): [0,1511,system_server,-1,DisplayDeviceConfig,requesting nits when no mapping exists.]
02-09 05:22:15.846 E/DisplayDeviceConfig( 1511): requesting nits when no mapping exists.
02-09 05:22:15.846 E/DisplayDeviceConfig( 1511): requesting nits when no mapping exists.
02-09 05:22:15.846 I/am_wtf ( 1511): [0,1511,system_server,-1,DisplayDeviceConfig,requesting nits when no mapping exists.]
02-09 05:22:15.847 I/am_wtf ( 1511): [0,1511,system_server,-1,DisplayDeviceConfig,requesting nits when no mapping exists.]
02-09 05:22:15.863 E/DisplayDeviceConfig( 1511): requesting nits when no mapping exists.
02-09 05:22:15.863 E/DisplayDeviceConfig( 1511): requesting nits when no mapping exists.
02-09 05:22:15.863 I/am_wtf ( 1511): [0,1511,system_server,-1,DisplayDeviceConfig,requesting nits when no mapping exists.]
02-09 05:22:15.863 I/am_wtf ( 1511): [0,1511,system_server,-1,DisplayDeviceConfig,requesting nits when no mapping exists.]
02-09 05:22:15.880 E/DisplayDeviceConfig( 1511): requesting nits when no mapping exists.
02-09 05:22:15.880 I/am_wtf ( 1511): [0,1511,system_server,-1,DisplayDeviceConfig,requesting nits when no mapping exists.]
02-09 05:22:15.880 E/DisplayDeviceConfig( 1511): requesting nits when no mapping exists.
02-09 05:22:15.880 I/am_wtf ( 1511): [0,1511,system_server,-1,DisplayDeviceConfig,requesting nits when no mapping exists.]
02-09 05:22:15.896 E/DisplayDeviceConfig( 1511): requesting nits when no mapping exists.
02-09 05:22:15.897 E/DisplayDeviceConfig( 1511): requesting nits when no mapping exists.
02-09 05:22:15.897 I/am_wtf ( 1511): [0,1511,system_server,-1,DisplayDeviceConfig,requesting nits when no mapping exists.]
02-09 05:22:15.897 I/am_wtf ( 1511): [0,1511,system_server,-1,DisplayDeviceConfig,requesting nits when no mapping exists.]
02-09 05:22:15.913 E/DisplayDeviceConfig( 1511): requesting nits when no mapping exists.
02-09 05:22:15.913 E/DisplayDeviceConfig( 1511): requesting nits when no mapping exists.
02-09 05:22:15.913 I/am_wtf ( 1511): [0,1511,system_server,-1,DisplayDeviceConfig,requesting nits when no mapping exists.]
02-09 05:22:15.913 I/am_wtf ( 1511): [0,1511,system_server,-1,DisplayDeviceConfig,requesting nits when no mapping exists.]
02-09 05:22:17.187 I/input_interaction( 1511): Interaction with: a03c1ba com.thundercomm.screensaver/android.service.dreams.DreamActivity (server), edge-swipe (server), swipe-up (server), PointerEventDispatcher0 (server),
02-09 05:22:17.190 I/wm_finish_activity( 1511): [0,182263283,25,com.thundercomm.screensaver/android.service.dreams.DreamActivity,finish-activity]
02-09 05:22:17.191 I/wm_task_moved( 1511): [21,1,7]
02-09 05:22:17.191 I/wm_task_to_front( 1511): [0,21]
02-09 05:22:17.192 I/wm_focused_root_task( 1511): [0,0,21,25,finish-top adjustFocusToNextFocusableTask]
02-09 05:22:17.193 I/wm_pause_activity( 1511): [0,182263283,com.thundercomm.screensaver/android.service.dreams.DreamActivity,userLeaving=false,finish]
02-09 05:22:17.197 I/DreamManagerService( 1511): Gently waking up from dream.
02-09 05:22:17.199 I/DreamManagerService( 1511): Performing gentle wake from dream.
02-09 05:22:17.199 I/sysui_multi_action( 1511): [757,803,799,window_time_0,802,2]
02-09 05:22:17.199 I/wm_on_top_resumed_lost_called( 4907): [182263283,android.service.dreams.DreamActivity,topStateChangedWhenResumed]
02-09 05:22:17.199 I/wm_on_paused_called( 4907): [182263283,android.service.dreams.DreamActivity,performPause]
02-09 05:22:17.200 I/wm_add_to_stopping( 1511): [0,182263283,com.thundercomm.screensaver/android.service.dreams.DreamActivity,completeFinishing]
02-09 05:22:17.201 I/ActivityTaskManager( 1511): FOREGROUND_APPLICATION_CHANGED to com.tencent.tmgp.sgame.SGameActivity
02-09 05:22:17.205 I/wm_set_resumed_activity( 1511): [0,com.tencent.tmgp.sgame/.SGameActivity,resumeTopActivityInnerLocked]
02-09 05:22:17.208 I/wm_resume_activity( 1511): [0,27840304,21,com.tencent.tmgp.sgame/.SGameActivity]
02-09 05:22:17.218 I/input_focus( 1511): [Focus leaving a03c1ba com.thundercomm.screensaver/android.service.dreams.DreamActivity (server),reason=NO_WINDOW]
02-09 05:22:17.218 I/view_enqueue_input_event( 4907): [Motion - Cancel,com.thundercomm.screensaver/android.service.dreams.DreamActivity]
02-09 05:22:17.227 I/input_interaction( 1511): Interaction with: edge-swipe (server), swipe-up (server), PointerEventDispatcher0 (server),
02-09 05:22:17.230 I/input_focus( 1511): [Focus request 6e3bcfd com.tencent.tmgp.sgame/com.tencent.tmgp.sgame.SGameActivity,reason=UpdateInputWindows]
02-09 05:22:17.230 I/sysui_multi_action( 1511): [757,803,799,window_time_0,802,0]
02-09 05:22:17.235 I/wm_on_restart_called( 5884): [27840304,com.tencent.tmgp.sgame.SGameActivity,performRestartActivity]
02-09 05:22:17.235 I/wm_on_start_called( 5884): [27840304,com.tencent.tmgp.sgame.SGameActivity,handleStartActivity]
02-09 05:22:17.235 I/wm_on_resume_called( 5884): [27840304,com.tencent.tmgp.sgame.SGameActivity,RESUME_ACTIVITY]
02-09 05:22:17.235 I/wm_on_top_resumed_gained_called( 5884): [27840304,com.tencent.tmgp.sgame.SGameActivity,topWhenResuming]
02-09 05:22:17.245 W/ContextImpl( 2089): Calling a method in the system process without a qualified user: android.app.ContextImpl.startService:1816 android.content.ContextWrapper.startService:774 com.thundercomm.gamemode.ingame.services.GameModeActionUtils.startGameModeService:111 com.thundercomm.gamemode.ingame.services.GameModeActionUtils.startGameModeEntry:22 com.thundercomm.gamemode.ingame.services.ActivityMonitoringService$1.onActivityLaunch:139
02-09 05:22:17.247 I/PowerManagerService( 1511): Powering on display group fromDreaming (groupId=0, uid=1000, reason=WAKE_REASON_UNKNOWN, details=android.server.power:DREAM_FINISHED)...
02-09 05:22:17.247 I/PowerManagerService( 1511): Waking up from Dreaming (uid=1000, reason=WAKE_REASON_UNKNOWN, details=android.server.power:DREAM_FINISHED)...
02-09 05:22:17.257 I/GameModeConfig( 1511): Current uri is uri = content://com.thundercomm.gamemode.api/gamemode_settings/gamemode_isgaming
02-09 05:22:17.258 I/input_focus( 1511): [Focus entering 6e3bcfd com.tencent.tmgp.sgame/com.tencent.tmgp.sgame.SGameActivity (server),reason=Window became focusable. Previous reason: NOT_VISIBLE]
02-09 05:22:17.260 I/GameModeConfig( 1511): isGameModeOn = true
02-09 05:22:17.260 I/GameModeConfig( 1511): isGaming = true
02-09 05:22:17.260 I/GameModeConfig( 1511): isDisableNotification = true
02-09 05:22:17.260 I/GameModeConfig( 1511): isGameModeOn = true
02-09 05:22:17.260 I/GameModeConfig( 1511): isGaming = true
02-09 05:22:17.260 I/GameModeConfig( 1511): isDisableNotification = true
02-09 05:22:17.266 I/DisplayDeviceRepository( 1511): Display device changed: DisplayDeviceInfo{"内置屏幕": uniqueId="local:4630946370410392961", 2380 x 1020, modeId 3, defaultModeId 1, supportedModes [{id=1, width=2380, height=1020, fps=60.000004, alternativeRefreshRates=[30.000002, 45.0]}, {id=2, width=2380, height=1020, fps=45.0, alternativeRefreshRates=[30.000002, 60.000004]}, {id=3, width=2380, height=1020, fps=30.000002, alternativeRefreshRates=[45.0, 60.000004]}], colorMode 0, supportedColorModes [0], hdrCapabilities HdrCapabilities{mSupportedHdrTypes=[2, 3, 4], mMaxLuminance=500.0, mMaxAverageLuminance=500.0, mMinLuminance=0.0}, allmSupported false, gameContentTypeSupported false, density 240, 319.851 x 319.851 dpi, appVsyncOff 1000000, presDeadline 33333333, touch INTERNAL, rotation 0, type INTERNAL, address {port=129, model=0x40446d3026322d}, deviceProductInfo DeviceProductInfo{name=, manufacturerPnpId=QCM, productId=1, modelYear=null, manufactureDate=ManufactureDate{week=27, year=2006}, connectionToSinkType=0}, state ON, frameRateOverride , brightnessMinimum 0.0, brightnessMaximum 1.0, brightnessDefault 1.0, FLAG_DEFAULT_DISPLAY, FLAG_ROTATES_WITH_CONTENT, FLAG_SECURE, FLAG_SUPPORTS_PROTECTED_BUFFERS}
02-09 05:22:17.317 W/ContextImpl( 2089): Calling a method in the system process without a qualified user: android.app.ContextImpl.startService:1816 android.content.ContextWrapper.startService:774 com.thundercomm.gamemode.ingame.services.GameModeActionUtils.startGameModeService:111 com.thundercomm.gamemode.ingame.services.GameModeActionUtils.startGameModeEntry:22 com.thundercomm.gamemode.ingame.services.ActivityMonitoringService$1.onActivityLaunch:139
02-09 05:22:17.320 I/GameModeConfig( 1511): Current uri is uri = content://com.thundercomm.gamemode.api/gamemode_settings/gamemode_isgaming
02-09 05:22:17.322 I/GameModeConfig( 1511): isGameModeOn = true
02-09 05:22:17.322 I/GameModeConfig( 1511): isGaming = true
02-09 05:22:17.322 I/GameModeConfig( 1511): isDisableNotification = true
02-09 05:22:17.322 I/GameModeConfig( 1511): isGameModeOn = true
02-09 05:22:17.322 I/GameModeConfig( 1511): isGaming = true
02-09 05:22:17.322 I/GameModeConfig( 1511): isDisableNotification = true
02-09 05:22:17.446 I/commit_sys_config_file( 1511): [settings-1-0,4]
02-09 05:22:17.754 I/wm_destroy_activity( 1511): [0,182263283,25,com.thundercomm.screensaver/android.service.dreams.DreamActivity,finish-imm:idle]
02-09 05:22:17.768 W/ContextImpl( 2089): Calling a method in the system process without a qualified user: android.app.ContextImpl.startService:1816 android.content.ContextWrapper.startService:774 com.thundercomm.gamemode.ingame.services.GameModeActionUtils.startGameModeService:111 com.thundercomm.gamemode.ingame.services.GameModeActionUtils.startGameModeEntry:22 com.thundercomm.gamemode.ingame.services.ActivityMonitoringService$1.onActivityLaunch:139
02-09 05:22:17.772 I/GameModeConfig( 1511): Current uri is uri = content://com.thundercomm.gamemode.api/gamemode_settings/gamemode_isgaming
02-09 05:22:17.774 I/GameModeConfig( 1511): isGameModeOn = true
02-09 05:22:17.774 I/GameModeConfig( 1511): isGaming = true
02-09 05:22:17.774 I/GameModeConfig( 1511): isDisableNotification = true
02-09 05:22:17.774 I/GameModeConfig( 1511): isGameModeOn = true
02-09 05:22:17.774 I/GameModeConfig( 1511): isGaming = true
02-09 05:22:17.774 I/GameModeConfig( 1511): isDisableNotification = true
02-09 05:22:17.799 I/wm_on_stop_called( 4907): [182263283,android.service.dreams.DreamActivity,LIFECYCLER_STOP_ACTIVITY]
02-09 05:22:17.800 I/wm_on_destroy_called( 4907): [182263283,android.service.dreams.DreamActivity,performDestroy]
02-09 05:22:17.804 I/DreamManagerService( 1511): Leaving dreamland.
02-09 05:22:17.805 I/DreamManagerService( 1511): Performing gentle wake from dream.
02-09 05:22:17.805 I/DreamController( 1511): Stopping dream: name=ComponentInfo{com.thundercomm.screensaver/com.thundercomm.saverclock.service.ClockScreensaver}, isTest=false, canDoze=false, userId=0, reason='finished self'(from 'finished self')
02-09 05:22:17.805 I/sysui_multi_action( 1511): [757,222,758,2]
02-09 05:22:17.806 I/sysui_multi_action( 1511): [757,804,799,dreaming_minutes,801,0,802,1]
02-09 05:22:17.815 I/wm_task_removed( 1511): [25,removeChild:removeChild last r=ActivityRecord{add1df3 u0 com.thundercomm.screensaver/android.service.dreams.DreamActivity t-1 f}} in t=Task{708325b #25 type=dream A=10044:android:com.thundercomm.screensaver/dream U=0 visible=false mode=fullscreen translucent=true sz=0}]
02-09 05:22:17.816 I/wm_task_removed( 1511): [25,removeChild]
02-09 05:22:17.818 W/ActivityTaskManager( 1511): Can't find TaskDisplayArea to determine support for multi window. Task id=25 attached=false
02-09 05:22:20.038 I/input_interaction( 1511): Interaction with: 6e3bcfd com.tencent.tmgp.sgame/com.tencent.tmgp.sgame.SGameActivity (server), edge-swipe (server), swipe-up (server), PointerEventDispatcher0 (server),
02-09 05:22:20.751 I/input_interaction( 1511): Interaction with: 3d2c05f StatusBar (server), edge-swipe (server), swipe-up (server), PointerEventDispatcher0 (server),
02-09 05:22:20.756 I/sysui_multi_action( 1978): [757,803,799,panel_open,802,1]
02-09 05:22:20.758 I/sysui_multi_action( 1978): [757,1328,758,4,1326,38,1327,4,1329,0]
02-09 05:22:20.802 I/sysui_multi_action( 1511): [757,127,758,1]
02-09 05:22:20.802 I/sysui_multi_action( 1511): [757,804,799,note_load,801,3,802,1]
02-09 05:22:20.802 I/notification_panel_revealed( 1511): 3
02-09 05:22:20.810 I/input_focus( 1511): [Focus request bd39bb2 NotificationShade,reason=UpdateInputWindows]
02-09 05:22:20.815 I/sysui_multi_action( 1511): [757,128,758,1,793,3623603,794,0,795,3623603,796,26,798,0,806,android,857,DEVELOPER_IMPORTANT,858,4,947,0,1395,3,1500,3623154,1688,1]
02-09 05:22:20.815 I/sysui_multi_action( 1511): [757,804,799,note_freshness,801,3623603,802,1]
02-09 05:22:20.815 I/notification_visibility( 1511): [-1|android|26|null|1000,1,3623603,3623603,0,0]
02-09 05:22:20.816 I/sysui_multi_action( 1511): [757,128,758,1,793,3619128,794,0,795,3619128,796,17303299,797,com.android.wifi,798,1,806,android,857,NETWORK_AVAILABLE,858,2,947,0,1395,3,1500,3618926,1688,1]
02-09 05:22:20.816 I/sysui_multi_action( 1511): [757,804,799,note_freshness,801,3619128,802,1]
02-09 05:22:20.816 I/notification_visibility( 1511): [0|android|17303299|com.android.wifi|1000,1,3619128,3619128,0,1]
02-09 05:22:20.816 I/sysui_multi_action( 1511): [757,128,758,1,793,3624377,794,0,795,3624377,796,32,798,2,806,android,857,USB,858,1,947,0,1395,3,1500,3624333,1688,1]
02-09 05:22:20.816 I/sysui_multi_action( 1511): [757,804,799,note_freshness,801,3624377,802,1]
02-09 05:22:20.816 I/notification_visibility( 1511): [-1|android|32|null|1000,1,3624377,3624377,0,2]
02-09 05:22:20.829 I/input_focus( 1511): [Focus leaving 6e3bcfd com.tencent.tmgp.sgame/com.tencent.tmgp.sgame.SGameActivity (server),reason=setFocusedWindow]
02-09 05:22:20.829 I/input_focus( 1511): [Focus entering bd39bb2 NotificationShade (server),reason=setFocusedWindow]
02-09 05:22:20.860 I/sysui_multi_action( 1978): [757,111,758,1]
02-09 05:22:20.860 I/sysui_multi_action( 1978): [757,126,758,1,759,126,927,0,928,1,1593,0]
02-09 05:22:20.860 I/sysui_multi_action( 1978): [757,113,758,1,759,113,927,1,928,1,1593,0]
02-09 05:22:20.860 I/sysui_multi_action( 1978): [757,0,758,1,759,0,927,2,928,0,1593,0]
02-09 05:22:20.860 I/sysui_multi_action( 1978): [757,0,758,1,759,0,927,3,928,0,1593,0]
02-09 05:22:20.861 I/sysui_multi_action( 1978): [757,491,758,1,759,491,927,4,928,0,1311,-1,1593,0]
02-09 05:22:20.861 I/sysui_multi_action( 1978): [757,0,758,1,759,0,927,5,928,0,1593,0]
02-09 05:22:20.861 I/sysui_multi_action( 1978): [757,111,758,1]
02-09 05:22:20.861 I/sysui_multi_action( 1978): [757,126,758,1,759,126,927,0,928,1,1593,0]
02-09 05:22:20.861 I/sysui_multi_action( 1978): [757,113,758,1,759,113,927,1,928,1,1593,0]
02-09 05:22:20.861 I/sysui_multi_action( 1978): [757,0,758,1,759,0,927,2,928,0,1593,0]
02-09 05:22:20.861 I/sysui_multi_action( 1978): [757,0,758,1,759,0,927,3,928,0,1593,0]
02-09 05:22:23.357 I/input_interaction( 1511): Interaction with: bd39bb2 NotificationShade (server), edge-swipe (server), swipe-up (server), PointerEventDispatcher0 (server),
02-09 05:22:23.467 I/sysui_multi_action( 1978): [757,925,758,4,759,0,927,5,928,0,1592,0,1593,1]
02-09 05:22:23.481 I/GameModeConfig( 1511): Current uri is uri = content://com.thundercomm.gamemode.api/gamemode_settings/gamemode_enable
02-09 05:22:23.483 I/GameModeConfig( 1511): isGameModeOn = false
02-09 05:22:23.483 I/GameModeConfig( 1511): isGameModeOn = false
02-09 05:22:23.483 I/GameModeConfig( 1511): isDisableVoice = true
02-09 05:22:23.487 W/ContextImpl( 2089): Calling a method in the system process without a qualified user: android.app.ContextImpl.startService:1816 android.content.ContextWrapper.startService:774 com.thundercomm.gamemode.ingame.services.GameModeActionUtils.startGameModeService:111 com.thundercomm.gamemode.ingame.services.GameModeActionUtils.startGameModeEntry:22 com.thundercomm.gamemode.data.GameSettingsObserver.onChange:96
02-09 05:22:23.490 I/GameModeConfig( 1511): Current uri is uri = content://com.thundercomm.gamemode.api/gamemode_settings/gamemode_isgaming
02-09 05:22:23.491 I/GameModeConfig( 1511): isGameModeOn = false
02-09 05:22:23.491 I/GameModeConfig( 1511): isGameModeOn = false
02-09 05:22:23.491 I/GameModeConfig( 1511): isDisableVoice = true
02-09 05:22:24.903 I/GameModeConfig( 1511): isGameModeOn = false
02-09 05:22:24.904 I/GameModeConfig( 1511): isGameModeOn = false
02-09 05:22:24.904 I/GameModeConfig( 1511): isGameModeOn = false
02-09 05:22:24.904 I/GameModeConfig( 1511): isGameModeOn = false
02-09 05:22:24.904 I/GameModeConfig( 1511): isGameModeOn = false
02-09 05:22:24.906 I/sysui_multi_action( 1978): [757,111,758,2]
02-09 05:22:24.907 I/notification_enqueue( 1511): [10080,1978,com.android.systemui,2048,NULL,0,Notification(channel=updateNotification shortcut=null contentView=null vibrate=null sound=null defaults=0x0 flags=0x0 color=0x00000000 vis=PRIVATE),1]
02-09 05:22:24.907 I/sysui_multi_action( 1978): [757,111,758,2]
02-09 05:22:25.048 I/input_focus( 1511): [Focus request 6e3bcfd com.tencent.tmgp.sgame/com.tencent.tmgp.sgame.SGameActivity,reason=UpdateInputWindows]
02-09 05:22:25.052 I/sysui_multi_action( 1511): [757,128,758,2,793,3627840,794,4237,795,3627840,796,26,798,0,806,android,857,DEVELOPER_IMPORTANT,858,4,947,0,1395,3,1500,3627391,1688,1]
02-09 05:22:25.052 I/notification_visibility( 1511): [-1|android|26|null|1000,0,3627840,3627840,0,0]
02-09 05:22:25.052 I/sysui_multi_action( 1511): [757,128,758,2,793,3623365,794,4237,795,3623365,796,17303299,797,com.android.wifi,798,1,806,android,857,NETWORK_AVAILABLE,858,2,947,0,1395,3,1500,3623163,1688,1]
02-09 05:22:25.052 I/notification_visibility( 1511): [0|android|17303299|com.android.wifi|1000,0,3623365,3623365,0,1]
02-09 05:22:25.052 I/sysui_multi_action( 1511): [757,128,758,2,793,3628613,794,4236,795,3628613,796,32,798,2,806,android,857,USB,858,1,947,0,1395,3,1500,3628569,1688,1]
02-09 05:22:25.052 I/notification_visibility( 1511): [-1|android|32|null|1000,0,3628613,3628613,0,2]
02-09 05:22:25.053 I/sysui_multi_action( 1511): [757,127,758,2]
02-09 05:22:25.053 I/notification_panel_hidden( 1511):
02-09 05:22:25.107 I/input_focus( 1511): [Focus leaving bd39bb2 NotificationShade (server),reason=NO_WINDOW]
02-09 05:22:25.108 I/input_focus( 1511): [Focus entering 6e3bcfd com.tencent.tmgp.sgame/com.tencent.tmgp.sgame.SGameActivity (server),reason=setFocusedWindow]
02-09 05:22:25.116 I/GameModeConfig( 1511): isGameModeOn = false
02-09 05:22:25.547 I/input_interaction( 1511): Interaction with: 6e3bcfd com.tencent.tmgp.sgame/com.tencent.tmgp.sgame.SGameActivity (server), edge-swipe (server), swipe-up (server), PointerEventDispatcher0 (server),
02-09 05:22:27.557 I/input_interaction( 1511): Interaction with: 3d2c05f StatusBar (server), edge-swipe (server), swipe-up (server), PointerEventDispatcher0 (server),
02-09 05:22:27.561 I/sysui_multi_action( 1978): [757,803,799,panel_open,802,1]
02-09 05:22:27.563 I/sysui_multi_action( 1978): [757,1328,758,4,1326,44,1327,2,1329,0]
02-09 05:22:27.617 I/sysui_multi_action( 1511): [757,127,758,1]
02-09 05:22:27.617 I/sysui_multi_action( 1511): [757,804,799,note_load,801,3,802,1]
02-09 05:22:27.617 I/notification_panel_revealed( 1511): 3
02-09 05:22:27.627 I/input_focus( 1511): [Focus request bd39bb2 NotificationShade,reason=UpdateInputWindows]
02-09 05:22:27.633 I/sysui_multi_action( 1511): [757,128,758,1,793,3630421,794,0,795,3630421,796,26,798,0,806,android,857,DEVELOPER_IMPORTANT,858,4,947,0,1395,3,1500,3629972,1688,1]
02-09 05:22:27.634 I/sysui_multi_action( 1511): [757,804,799,note_freshness,801,3630421,802,1]
02-09 05:22:27.634 I/notification_visibility( 1511): [-1|android|26|null|1000,1,3630421,3630421,0,0]
02-09 05:22:27.634 I/sysui_multi_action( 1511): [757,128,758,1,793,3625947,794,0,795,3625947,796,17303299,797,com.android.wifi,798,1,806,android,857,NETWORK_AVAILABLE,858,2,947,0,1395,3,1500,3625745,1688,1]
02-09 05:22:27.634 I/sysui_multi_action( 1511): [757,804,799,note_freshness,801,3625947,802,1]
02-09 05:22:27.634 I/notification_visibility( 1511): [0|android|17303299|com.android.wifi|1000,1,3625947,3625947,0,1]
02-09 05:22:27.634 I/sysui_multi_action( 1511): [757,128,758,1,793,3631195,794,0,795,3631195,796,32,798,2,806,android,857,USB,858,1,947,0,1395,3,1500,3631151,1688,1]
02-09 05:22:27.634 I/sysui_multi_action( 1511): [757,804,799,note_freshness,801,3631195,802,1]
02-09 05:22:27.634 I/notification_visibility( 1511): [-1|android|32|null|1000,1,3631195,3631195,0,2]
02-09 05:22:27.644 I/input_focus( 1511): [Focus leaving 6e3bcfd com.tencent.tmgp.sgame/com.tencent.tmgp.sgame.SGameActivity (server),reason=setFocusedWindow]
02-09 05:22:27.644 I/input_focus( 1511): [Focus entering bd39bb2 NotificationShade (server),reason=setFocusedWindow]
02-09 05:22:27.676 I/sysui_multi_action( 1978): [757,111,758,1]
02-09 05:22:27.676 I/sysui_multi_action( 1978): [757,126,758,1,759,126,927,0,928,1,1593,0]
02-09 05:22:27.676 I/sysui_multi_action( 1978): [757,113,758,1,759,113,927,1,928,1,1593,0]
02-09 05:22:27.676 I/sysui_multi_action( 1978): [757,0,758,1,759,0,927,2,928,0,1593,0]
02-09 05:22:27.676 I/sysui_multi_action( 1978): [757,0,758,1,759,0,927,3,928,0,1593,0]
02-09 05:22:27.676 I/sysui_multi_action( 1978): [757,491,758,1,759,491,927,4,928,0,1311,-1,1593,0]
02-09 05:22:27.676 I/sysui_multi_action( 1978): [757,0,758,1,759,0,927,5,928,0,1593,0]
02-09 05:22:27.677 I/sysui_multi_action( 1978): [757,111,758,1]
02-09 05:22:27.677 I/sysui_multi_action( 1978): [757,126,758,1,759,126,927,0,928,1,1593,0]
02-09 05:22:27.677 I/sysui_multi_action( 1978): [757,113,758,1,759,113,927,1,928,1,1593,0]
02-09 05:22:27.677 I/sysui_multi_action( 1978): [757,0,758,1,759,0,927,2,928,0,1593,0]
02-09 05:22:27.677 I/sysui_multi_action( 1978): [757,0,758,1,759,0,927,3,928,0,1593,0]
02-09 05:22:29.571 I/input_interaction( 1511): Interaction with: bd39bb2 NotificationShade (server), edge-swipe (server), swipe-up (server), PointerEventDispatcher0 (server),
02-09 05:22:29.682 I/sysui_multi_action( 1978): [757,925,758,4,759,0,927,5,928,0,1592,0,1593,1]
02-09 05:22:29.698 I/GameModeConfig( 1511): Current uri is uri = content://com.thundercomm.gamemode.api/gamemode_settings/gamemode_enable
02-09 05:22:29.700 I/GameModeConfig( 1511): isGameModeOn = true
02-09 05:22:29.700 I/GameModeConfig( 1511): isGaming = false
02-09 05:22:29.701 I/GameModeConfig( 1511): isGameModeOn = true
02-09 05:22:29.701 I/GameModeConfig( 1511): isGaming = false
02-09 05:22:29.701 I/GameModeConfig( 1511): isDisableVoice = true
02-09 05:22:29.704 W/ContextImpl( 2089): Calling a method in the system process without a qualified user: android.app.ContextImpl.startService:1816 android.content.ContextWrapper.startService:774 com.thundercomm.gamemode.ingame.services.GameModeActionUtils.startGameModeService:111 com.thundercomm.gamemode.ingame.services.GameModeActionUtils.startGameModeEntry:22 com.thundercomm.gamemode.data.GameSettingsObserver.onChange:96
02-09 05:22:29.708 I/GameModeConfig( 1511): Current uri is uri = content://com.thundercomm.gamemode.api/gamemode_settings/gamemode_isgaming
02-09 05:22:29.709 I/GameModeConfig( 1511): isGameModeOn = true
02-09 05:22:29.709 I/GameModeConfig( 1511): isGaming = true
02-09 05:22:29.709 I/GameModeConfig( 1511): isDisableNotification = true
02-09 05:22:29.709 I/GameModeConfig( 1511): isGameModeOn = true
02-09 05:22:29.709 I/GameModeConfig( 1511): isGaming = true
02-09 05:22:29.709 I/GameModeConfig( 1511): isDisableNotification = true
02-09 05:22:35.166 I/GameModeConfig( 1511): isGameModeOn = true
02-09 05:22:35.166 I/GameModeConfig( 1511): isGaming = true
02-09 05:22:35.166 I/GameModeConfig( 1511): isDisableNotification = true
02-09 05:22:35.166 I/GameModeConfig( 1511): isGameModeOn = true
02-09 05:22:35.166 I/GameModeConfig( 1511): isGaming = true
02-09 05:22:35.166 I/GameModeConfig( 1511): isDisableNotification = true
02-09 05:22:56.222 D/ActivityManager( 1511): freezing 6134 com.android.systemui:screenshot
02-09 05:22:56.223 E/ActivityManager( 1511): Unable to freeze binder for 6134 com.android.systemui:screenshot
02-09 05:22:56.225 D/ActivityManager( 1511): froze 6134 com.android.systemui:screenshot
02-09 05:22:56.225 I/am_freeze( 1511): [6134,com.android.systemui:screenshot]
02-09 05:22:56.225 E/ActivityManager( 1511): Unable to freeze binder for 6134 com.android.systemui:screenshot
02-09 05:22:56.227 I/ActivityManager( 1511): Killing 6134:com.android.systemui:screenshot/u0a80 (adj 925): Unable to freeze binder interface
02-09 05:22:56.227 I/am_kill ( 1511): [0,6134,com.android.systemui:screenshot,925,Unable to freeze binder interface]
02-09 05:22:56.267 I/am_proc_died( 1511): [0,6134,com.android.systemui:screenshot,925,19]
02-09 05:22:56.270 W/ActivityManager( 1511): setHasOverlayUi called on unknown pid: 6134
02-09 05:23:17.811 I/am_uid_idle( 1511): 10044
02-09 05:23:22.580 V/DisplayPowerController[0]( 1511): Brightness [0.05] reason changing to: 'manual [ dim ]', previous reason: 'manual'.
02-09 05:23:22.580 I/sysui_multi_action( 1511): [757,1696,758,6,759,2]
02-09 05:23:22.580 W/PowerManagerService( 1511): Screen on took 65334 ms
02-09 05:23:22.588 E/DisplayDeviceConfig( 1511): requesting nits when no mapping exists.
02-09 05:23:22.589 E/DisplayDeviceConfig( 1511): requesting nits when no mapping exists.
02-09 05:23:22.589 I/am_wtf ( 1511): [0,1511,system_server,-1,DisplayDeviceConfig,requesting nits when no mapping exists.]
02-09 05:23:22.590 I/DropBoxManagerService( 1511): add tag=system_server_wtf isTagEnabled=true flags=0x2
02-09 05:23:22.592 I/am_wtf ( 1511): [0,1511,system_server,-1,DisplayDeviceConfig,requesting nits when no mapping exists.]
02-09 05:23:22.593 I/DropBoxManagerService( 1511): add tag=system_server_wtf isTagEnabled=true flags=0x2
02-09 05:23:22.620 E/DisplayDeviceConfig( 1511): requesting nits when no mapping exists.
02-09 05:23:22.621 I/am_wtf ( 1511): [0,1511,system_server,-1,DisplayDeviceConfig,requesting nits when no mapping exists.]
02-09 05:23:22.621 E/DisplayDeviceConfig( 1511): requesting nits when no mapping exists.
02-09 05:23:22.622 I/DropBoxManagerService( 1511): add tag=system_server_wtf isTagEnabled=true flags=0x2
02-09 05:23:22.623 I/am_wtf ( 1511): [0,1511,system_server,-1,DisplayDeviceConfig,requesting nits when no mapping exists.]
02-09 05:23:22.625 I/DropBoxManagerService( 1511): add tag=system_server_wtf isTagEnabled=true flags=0x2
02-09 05:23:22.654 E/DisplayDeviceConfig( 1511): requesting nits when no mapping exists.
02-09 05:23:22.654 I/am_wtf ( 1511): [0,1511,system_server,-1,DisplayDeviceConfig,requesting nits when no mapping exists.]
02-09 05:23:22.654 E/DisplayDeviceConfig( 1511): requesting nits when no mapping exists.
02-09 05:23:22.655 I/DropBoxManagerService( 1511): add tag=system_server_wtf isTagEnabled=true flags=0x2
02-09 05:23:22.657 I/am_wtf ( 1511): [0,1511,system_server,-1,DisplayDeviceConfig,requesting nits when no mapping exists.]
02-09 05:23:22.674 E/DisplayDeviceConfig( 1511): requesting nits when no mapping exists.
02-09 05:23:22.675 I/am_wtf ( 1511): [0,1511,system_server,-1,DisplayDeviceConfig,requesting nits when no mapping exists.]
02-09 05:23:22.675 E/DisplayDeviceConfig( 1511): requesting nits when no mapping exists.
02-09 05:23:22.675 I/am_wtf ( 1511): [0,1511,system_server,-1,DisplayDeviceConfig,requesting nits when no mapping exists.]
02-09 05:23:22.707 E/DisplayDeviceConfig( 1511): requesting nits when no mapping exists.
02-09 05:23:22.708 E/DisplayDeviceConfig( 1511): requesting nits when no mapping exists.
02-09 05:23:22.708 I/am_wtf ( 1511): [0,1511,system_server,-1,DisplayDeviceConfig,requesting nits when no mapping exists.]
02-09 05:23:22.709 I/am_wtf ( 1511): [0,1511,system_server,-1,DisplayDeviceConfig,requesting nits when no mapping exists.]
02-09 05:23:22.741 E/DisplayDeviceConfig( 1511): requesting nits when no mapping exists.
02-09 05:23:22.741 I/am_wtf ( 1511): [0,1511,system_server,-1,DisplayDeviceConfig,requesting nits when no mapping exists.]
02-09 05:23:22.741 E/DisplayDeviceConfig( 1511): requesting nits when no mapping exists.
02-09 05:23:22.742 I/am_wtf ( 1511): [0,1511,system_server,-1,DisplayDeviceConfig,requesting nits when no mapping exists.]
02-09 05:23:22.774 E/DisplayDeviceConfig( 1511): requesting nits when no mapping exists.
02-09 05:23:22.775 I/am_wtf ( 1511): [0,1511,system_server,-1,DisplayDeviceConfig,requesting nits when no mapping exists.]
02-09 05:23:22.775 E/DisplayDeviceConfig( 1511): requesting nits when no mapping exists.
02-09 05:23:22.776 I/am_wtf ( 1511): [0,1511,system_server,-1,DisplayDeviceConfig,requesting nits when no mapping exists.]
02-09 05:23:22.808 E/DisplayDeviceConfig( 1511): requesting nits when no mapping exists.
02-09 05:23:22.809 I/am_wtf ( 1511): [0,1511,system_server,-1,DisplayDeviceConfig,requesting nits when no mapping exists.]
02-09 05:23:22.809 E/DisplayDeviceConfig( 1511): requesting nits when no mapping exists.
02-09 05:23:22.810 I/am_wtf ( 1511): [0,1511,system_server,-1,DisplayDeviceConfig,requesting nits when no mapping exists.]
02-09 05:23:22.842 E/DisplayDeviceConfig( 1511): requesting nits when no mapping exists.
02-09 05:23:22.842 I/am_wtf ( 1511): [0,1511,system_server,-1,DisplayDeviceConfig,requesting nits when no mapping exists.]
02-09 05:23:22.842 E/DisplayDeviceConfig( 1511): requesting nits when no mapping exists.
02-09 05:23:22.843 I/am_wtf ( 1511): [0,1511,system_server,-1,DisplayDeviceConfig,requesting nits when no mapping exists.]
02-09 05:23:22.875 E/DisplayDeviceConfig( 1511): requesting nits when no mapping exists.
02-09 05:23:22.876 E/DisplayDeviceConfig( 1511): requesting nits when no mapping exists.
02-09 05:23:22.876 I/am_wtf ( 1511): [0,1511,system_server,-1,DisplayDeviceConfig,requesting nits when no mapping exists.]
02-09 05:23:22.877 I/am_wtf ( 1511): [0,1511,system_server,-1,DisplayDeviceConfig,requesting nits when no mapping exists.]
02-09 05:23:22.909 E/DisplayDeviceConfig( 1511): requesting nits when no mapping exists.
02-09 05:23:22.909 E/DisplayDeviceConfig( 1511): requesting nits when no mapping exists.
02-09 05:23:22.910 I/am_wtf ( 1511): [0,1511,system_server,-1,DisplayDeviceConfig,requesting nits when no mapping exists.]
02-09 05:23:22.911 I/am_wtf ( 1511): [0,1511,system_server,-1,DisplayDeviceConfig,requesting nits when no mapping exists.]
02-09 05:23:22.942 E/DisplayDeviceConfig( 1511): requesting nits when no mapping exists.
02-09 05:23:22.942 E/DisplayDeviceConfig( 1511): requesting nits when no mapping exists.
02-09 05:23:22.942 I/am_wtf ( 1511): [0,1511,system_server,-1,DisplayDeviceConfig,requesting nits when no mapping exists.]
02-09 05:23:22.943 I/am_wtf ( 1511): [0,1511,system_server,-1,DisplayDeviceConfig,requesting nits when no mapping exists.]
02-09 05:23:22.975 E/DisplayDeviceConfig( 1511): requesting nits when no mapping exists.
02-09 05:23:22.976 I/am_wtf ( 1511): [0,1511,system_server,-1,DisplayDeviceConfig,requesting nits when no mapping exists.]
02-09 05:23:22.976 E/DisplayDeviceConfig( 1511): requesting nits when no mapping exists.
02-09 05:23:22.977 I/am_wtf ( 1511): [0,1511,system_server,-1,DisplayDeviceConfig,requesting nits when no mapping exists.]
02-09 05:23:23.009 E/DisplayDeviceConfig( 1511): requesting nits when no mapping exists.
02-09 05:23:23.010 E/DisplayDeviceConfig( 1511): requesting nits when no mapping exists.
02-09 05:23:23.010 I/am_wtf ( 1511): [0,1511,system_server,-1,DisplayDeviceConfig,requesting nits when no mapping exists.]
02-09 05:23:23.011 I/am_wtf ( 1511): [0,1511,system_server,-1,DisplayDeviceConfig,requesting nits when no mapping exists.]
02-09 05:23:23.042 E/DisplayDeviceConfig( 1511): requesting nits when no mapping exists.
02-09 05:23:23.043 I/am_wtf ( 1511): [0,1511,system_server,-1,DisplayDeviceConfig,requesting nits when no mapping exists.]
02-09 05:23:23.043 E/DisplayDeviceConfig( 1511): requesting nits when no mapping exists.
02-09 05:23:23.044 I/am_wtf ( 1511): [0,1511,system_server,-1,DisplayDeviceConfig,requesting nits when no mapping exists.]
02-09 05:23:23.075 E/DisplayDeviceConfig( 1511): requesting nits when no mapping exists.
02-09 05:23:23.076 I/am_wtf ( 1511): [0,1511,system_server,-1,DisplayDeviceConfig,requesting nits when no mapping exists.]
02-09 05:23:23.076 E/DisplayDeviceConfig( 1511): requesting nits when no mapping exists.
02-09 05:23:23.077 I/am_wtf ( 1511): [0,1511,system_server,-1,DisplayDeviceConfig,requesting nits when no mapping exists.]
02-09 05:23:23.109 E/DisplayDeviceConfig( 1511): requesting nits when no mapping exists.
02-09 05:23:23.110 E/DisplayDeviceConfig( 1511): requesting nits when no mapping exists.
02-09 05:23:23.110 I/am_wtf ( 1511): [0,1511,system_server,-1,DisplayDeviceConfig,requesting nits when no mapping exists.]
02-09 05:23:23.111 I/service_manager_stats( 1511): [100,37,67548]
02-09 05:23:23.111 I/am_wtf ( 1511): [0,1511,system_server,-1,DisplayDeviceConfig,requesting nits when no mapping exists.]
02-09 05:23:23.142 E/DisplayDeviceConfig( 1511): requesting nits when no mapping exists.
02-09 05:23:23.143 E/DisplayDeviceConfig( 1511): requesting nits when no mapping exists.
02-09 05:23:23.144 I/am_wtf ( 1511): [0,1511,system_server,-1,DisplayDeviceConfig,requesting nits when no mapping exists.]
02-09 05:23:23.145 I/am_wtf ( 1511): [0,1511,system_server,-1,DisplayDeviceConfig,requesting nits when no mapping exists.]
02-09 05:23:23.176 E/DisplayDeviceConfig( 1511): requesting nits when no mapping exists.
02-09 05:23:23.177 I/am_wtf ( 1511): [0,1511,system_server,-1,DisplayDeviceConfig,requesting nits when no mapping exists.]
02-09 05:23:23.177 E/DisplayDeviceConfig( 1511): requesting nits when no mapping exists.
02-09 05:23:23.178 I/am_wtf ( 1511): [0,1511,system_server,-1,DisplayDeviceConfig,requesting nits when no mapping exists.]
02-09 05:23:23.209 E/DisplayDeviceConfig( 1511): requesting nits when no mapping exists.
02-09 05:23:23.210 I/am_wtf ( 1511): [0,1511,system_server,-1,DisplayDeviceConfig,requesting nits when no mapping exists.]
02-09 05:23:23.210 E/DisplayDeviceConfig( 1511): requesting nits when no mapping exists.
02-09 05:23:23.211 I/am_wtf ( 1511): [0,1511,system_server,-1,DisplayDeviceConfig,requesting nits when no mapping exists.]
02-09 05:23:23.242 E/DisplayDeviceConfig( 1511): requesting nits when no mapping exists.
02-09 05:23:23.243 E/DisplayDeviceConfig( 1511): requesting nits when no mapping exists.
02-09 05:23:23.243 I/am_wtf ( 1511): [0,1511,system_server,-1,DisplayDeviceConfig,requesting nits when no mapping exists.]
02-09 05:23:23.244 I/am_wtf ( 1511): [0,1511,system_server,-1,DisplayDeviceConfig,requesting nits when no mapping exists.]
02-09 05:23:23.276 E/DisplayDeviceConfig( 1511): requesting nits when no mapping exists.
02-09 05:23:23.277 I/am_wtf ( 1511): [0,1511,system_server,-1,DisplayDeviceConfig,requesting nits when no mapping exists.]
02-09 05:23:23.277 E/DisplayDeviceConfig( 1511): requesting nits when no mapping exists.
02-09 05:23:23.277 I/am_wtf ( 1511): [0,1511,system_server,-1,DisplayDeviceConfig,requesting nits when no mapping exists.]
02-09 05:23:23.309 E/DisplayDeviceConfig( 1511): requesting nits when no mapping exists.
02-09 05:23:23.310 E/DisplayDeviceConfig( 1511): requesting nits when no mapping exists.
02-09 05:23:23.310 I/am_wtf ( 1511): [0,1511,system_server,-1,DisplayDeviceConfig,requesting nits when no mapping exists.]
02-09 05:23:23.311 I/am_wtf ( 1511): [0,1511,system_server,-1,DisplayDeviceConfig,requesting nits when no mapping exists.]
02-09 05:23:23.343 E/DisplayDeviceConfig( 1511): requesting nits when no mapping exists.
02-09 05:23:23.343 E/DisplayDeviceConfig( 1511): requesting nits when no mapping exists.
02-09 05:23:23.343 I/am_wtf ( 1511): [0,1511,system_server,-1,DisplayDeviceConfig,requesting nits when no mapping exists.]
02-09 05:23:23.345 I/am_wtf ( 1511): [0,1511,system_server,-1,DisplayDeviceConfig,requesting nits when no mapping exists.]
02-09 05:23:23.376 E/DisplayDeviceConfig( 1511): requesting nits when no mapping exists.
02-09 05:23:23.377 E/DisplayDeviceConfig( 1511): requesting nits when no mapping exists.
02-09 05:23:23.377 I/am_wtf ( 1511): [0,1511,system_server,-1,DisplayDeviceConfig,requesting nits when no mapping exists.]
02-09 05:23:23.378 I/am_wtf ( 1511): [0,1511,system_server,-1,DisplayDeviceConfig,requesting nits when no mapping exists.]
02-09 05:23:23.410 E/DisplayDeviceConfig( 1511): requesting nits when no mapping exists.
02-09 05:23:23.410 E/DisplayDeviceConfig( 1511): requesting nits when no mapping exists.
02-09 05:23:23.410 I/am_wtf ( 1511): [0,1511,system_server,-1,DisplayDeviceConfig,requesting nits when no mapping exists.]
02-09 05:23:23.411 I/am_wtf ( 1511): [0,1511,system_server,-1,DisplayDeviceConfig,requesting nits when no mapping exists.]
02-09 05:23:23.443 E/DisplayDeviceConfig( 1511): requesting nits when no mapping exists.
02-09 05:23:23.444 I/am_wtf ( 1511): [0,1511,system_server,-1,DisplayDeviceConfig,requesting nits when no mapping exists.]
02-09 05:23:23.444 E/DisplayDeviceConfig( 1511): requesting nits when no mapping exists.
02-09 05:23:23.445 I/am_wtf ( 1511): [0,1511,system_server,-1,DisplayDeviceConfig,requesting nits when no mapping exists.]
02-09 05:23:23.476 E/DisplayDeviceConfig( 1511): requesting nits when no mapping exists.
02-09 05:23:23.477 I/am_wtf ( 1511): [0,1511,system_server,-1,DisplayDeviceConfig,requesting nits when no mapping exists.]
02-09 05:23:23.477 E/DisplayDeviceConfig( 1511): requesting nits when no mapping exists.
02-09 05:23:23.478 I/am_wtf ( 1511): [0,1511,system_server,-1,DisplayDeviceConfig,requesting nits when no mapping exists.]
02-09 05:23:23.510 E/DisplayDeviceConfig( 1511): requesting nits when no mapping exists.
02-09 05:23:23.510 E/DisplayDeviceConfig( 1511): requesting nits when no mapping exists.
02-09 05:23:23.510 I/am_wtf ( 1511): [0,1511,system_server,-1,DisplayDeviceConfig,requesting nits when no mapping exists.]
02-09 05:23:23.511 I/am_wtf ( 1511): [0,1511,system_server,-1,DisplayDeviceConfig,requesting nits when no mapping exists.]
02-09 05:23:23.543 E/DisplayDeviceConfig( 1511): requesting nits when no mapping exists.
02-09 05:23:23.544 I/am_wtf ( 1511): [0,1511,system_server,-1,DisplayDeviceConfig,requesting nits when no mapping exists.]
02-09 05:23:23.544 E/DisplayDeviceConfig( 1511): requesting nits when no mapping exists.
02-09 05:23:23.545 I/am_wtf ( 1511): [0,1511,system_server,-1,DisplayDeviceConfig,requesting nits when no mapping exists.]
02-09 05:23:29.576 I/PowerManagerService( 1511): Napping display group (groupId=0, uid=1000)...
02-09 05:23:29.576 I/PowerManagerService( 1511): Nap time (uid 1000)...
02-09 05:23:29.578 I/DreamManagerService( 1511): Entering dreamland.
02-09 05:23:29.581 I/PowerManagerService( 1511): Dreaming...
02-09 05:23:29.584 I/DreamController( 1511): Starting dream: name=ComponentInfo{com.thundercomm.screensaver/com.thundercomm.saverclock.service.ClockScreensaver}, isTest=false, canDoze=false, userId=0
02-09 05:23:29.584 I/sysui_multi_action( 1511): [757,222,758,1]
02-09 05:23:29.586 I/am_uid_active( 1511): 10044
02-09 05:23:29.593 I/ActivityTaskManager( 1511): START u0 {flg=0x10000000 pkg=com.thundercomm.screensaver cmp=com.thundercomm.screensaver/android.service.dreams.DreamActivity (has extras)} from uid 10044
02-09 05:23:29.595 I/wm_task_created( 1511): [26,-1]
02-09 05:23:29.595 W/ActivityTaskManager( 1511): Can't find TaskDisplayArea to determine support for multi window. Task id=26 attached=false
02-09 05:23:29.598 I/wm_task_moved( 1511): [26,1,8]
02-09 05:23:29.598 I/wm_task_to_front( 1511): [0,26]
02-09 05:23:29.598 I/wm_create_task( 1511): [0,26]
02-09 05:23:29.598 I/wm_create_activity( 1511): [0,11100772,26,com.thundercomm.screensaver/android.service.dreams.DreamActivity,NULL,NULL,NULL,276824064]
02-09 05:23:29.598 I/wm_task_moved( 1511): [26,1,8]
02-09 05:23:29.598 I/wm_on_top_resumed_lost_called( 5884): [27840304,com.tencent.tmgp.sgame.SGameActivity,topStateChangedWhenResumed]
02-09 05:23:29.599 I/wm_pause_activity( 1511): [0,27840304,com.tencent.tmgp.sgame/.SGameActivity,userLeaving=true,pauseBackTasks]
02-09 05:23:29.601 I/wm_on_paused_called( 5884): [27840304,com.tencent.tmgp.sgame.SGameActivity,performPause]
02-09 05:23:29.601 I/ActivityTaskManager( 1511): FOREGROUND_APPLICATION_CHANGED to android.service.dreams.DreamActivity
02-09 05:23:29.601 I/ActivityTaskManager( 1511): The Process com.thundercomm.screensaver Already Exists in BG. So sending its PID: 4907
02-09 05:23:29.601 W/ActivityTaskManager( 1511): Tried to set launchTime (0) < mLastActivityLaunchTime (3630015)
02-09 05:23:29.602 I/wm_add_to_stopping( 1511): [0,27840304,com.tencent.tmgp.sgame/.SGameActivity,makeInvisible]
02-09 05:23:29.602 I/wm_restart_activity( 1511): [0,11100772,26,com.thundercomm.screensaver/android.service.dreams.DreamActivity]
02-09 05:23:29.603 I/wm_set_resumed_activity( 1511): [0,com.thundercomm.screensaver/android.service.dreams.DreamActivity,minimalResumeActivityLocked]
02-09 05:23:29.606 I/wm_on_create_called( 4907): [11100772,android.service.dreams.DreamActivity,performCreate]
02-09 05:23:29.606 I/wm_on_start_called( 4907): [11100772,android.service.dreams.DreamActivity,handleStartActivity]
02-09 05:23:29.607 I/wm_on_resume_called( 4907): [11100772,android.service.dreams.DreamActivity,RESUME_ACTIVITY]
02-09 05:23:29.608 W/WindowManager( 1511): Failed looking up window session=Session{b333c54 4907:u0a10044} callers=com.android.server.wm.WindowManagerService.windowForClientLocked:5628 com.android.server.wm.Session.insetsModified:629 android.view.IWindowSession$Stub.onTransact:1151
02-09 05:23:29.608 W/ContextImpl( 2089): Calling a method in the system process without a qualified user: android.app.ContextImpl.startService:1816 android.content.ContextWrapper.startService:774 com.thundercomm.gamemode.ingame.services.GameModeActionUtils.startGameModeService:111 com.thundercomm.gamemode.ingame.services.GameModeActionUtils.startGameModeEntry:22 com.thundercomm.gamemode.ingame.services.ActivityMonitoringService$1.onActivityLaunch:139
02-09 05:23:29.609 I/wm_on_top_resumed_gained_called( 4907): [11100772,android.service.dreams.DreamActivity,topStateChangedWhenResumed]
02-09 05:23:29.613 I/GameModeConfig( 1511): Current uri is uri = content://com.thundercomm.gamemode.api/gamemode_settings/gamemode_isgaming
02-09 05:23:29.614 I/GameModeConfig( 1511): isGameModeOn = true
02-09 05:23:29.614 I/GameModeConfig( 1511): isGaming = false
02-09 05:23:29.615 I/GameModeConfig( 1511): isGameModeOn = true
02-09 05:23:29.615 I/sysui_multi_action( 1511): [757,803,799,window_time_0,802,72]
02-09 05:23:29.615 I/GameModeConfig( 1511): isGaming = false
02-09 05:23:29.615 I/GameModeConfig( 1511): isDisableVoice = true
02-09 05:23:29.627 I/GameModeConfig( 1511): isGameModeOn = true
02-09 05:23:29.627 I/GameModeConfig( 1511): isGaming = false
02-09 05:23:29.627 I/GameModeConfig( 1511): isGameModeOn = true
02-09 05:23:29.627 I/GameModeConfig( 1511): isGaming = false
02-09 05:23:29.627 I/GameModeConfig( 1511): isGameModeOn = true
02-09 05:23:29.627 I/GameModeConfig( 1511): isGaming = false
02-09 05:23:29.627 I/GameModeConfig( 1511): isGameModeOn = true
02-09 05:23:29.627 I/GameModeConfig( 1511): isGaming = false
02-09 05:23:29.627 I/GameModeConfig( 1511): isGameModeOn = true
02-09 05:23:29.627 I/GameModeConfig( 1511): isGaming = false
02-09 05:23:29.628 I/notification_enqueue( 1511): [10080,1978,com.android.systemui,2048,NULL,0,Notification(channel=updateNotification shortcut=null contentView=null vibrate=null sound=null defaults=0x0 flags=0x0 color=0x00000000 vis=PRIVATE),1]
02-09 05:23:29.628 I/sysui_multi_action( 1978): [757,111,758,2]
02-09 05:23:29.628 I/sysui_multi_action( 1978): [757,111,758,2]
02-09 05:23:29.659 I/input_focus( 1511): [Focus leaving bd39bb2 NotificationShade (server),reason=NOT_FOCUSABLE]
02-09 05:23:29.674 I/sysui_multi_action( 1978): [757,111,758,1]
02-09 05:23:29.674 I/sysui_multi_action( 1978): [757,126,758,1,759,126,927,0,928,1,1593,1]
02-09 05:23:29.674 I/sysui_multi_action( 1978): [757,113,758,1,759,113,927,1,928,1,1593,1]
02-09 05:23:29.674 I/sysui_multi_action( 1978): [757,0,758,1,759,0,927,2,928,0,1593,1]
02-09 05:23:29.674 I/sysui_multi_action( 1978): [757,0,758,1,759,0,927,3,928,0,1593,1]
02-09 05:23:29.674 I/sysui_multi_action( 1978): [757,491,758,1,759,491,927,4,928,0,1311,-1,1593,0]
02-09 05:23:29.674 I/sysui_multi_action( 1978): [757,0,758,1,759,0,927,5,928,0,1593,0]
02-09 05:23:29.674 I/sysui_multi_action( 1978): [757,111,758,1]
02-09 05:23:29.674 I/sysui_multi_action( 1978): [757,126,758,1,759,126,927,0,928,1,1593,1]
02-09 05:23:29.674 I/sysui_multi_action( 1978): [757,113,758,1,759,113,927,1,928,1,1593,1]
02-09 05:23:29.674 I/sysui_multi_action( 1978): [757,0,758,1,759,0,927,2,928,0,1593,1]
02-09 05:23:29.674 I/sysui_multi_action( 1978): [757,0,758,1,759,0,927,3,928,0,1593,1]
02-09 05:23:29.682 I/input_focus( 1511): [Focus request ddc2893 com.thundercomm.screensaver/android.service.dreams.DreamActivity,reason=UpdateInputWindows]
02-09 05:23:29.693 I/sysui_multi_action( 1511): [319,98,322,94,325,3704,757,761,758,8,759,2,806,com.thundercomm.screensaver,871,android.service.dreams.DreamActivity,904,com.thundercomm.screensaver,905,0,1320,4,1321,2]
02-09 05:23:29.693 I/wm_activity_launch_time( 1511): [0,11100772,com.thundercomm.screensaver/android.service.dreams.DreamActivity,94]
02-09 05:23:29.693 V/DisplayPowerController[0]( 1511): Brightness [1.0] reason changing to: 'manual', previous reason: 'manual [ dim ]'.
02-09 05:23:29.693 I/sysui_multi_action( 1511): [757,1696,758,6,759,3]
02-09 05:23:29.694 I/DisplayDeviceRepository( 1511): Display device changed: DisplayDeviceInfo{"内置屏幕": uniqueId="local:4630946370410392961", 2380 x 1020, modeId 1, defaultModeId 1, supportedModes [{id=1, width=2380, height=1020, fps=60.000004, alternativeRefreshRates=[30.000002, 45.0]}, {id=2, width=2380, height=1020, fps=45.0, alternativeRefreshRates=[30.000002, 60.000004]}, {id=3, width=2380, height=1020, fps=30.000002, alternativeRefreshRates=[45.0, 60.000004]}], colorMode 0, supportedColorModes [0], hdrCapabilities HdrCapabilities{mSupportedHdrTypes=[2, 3, 4], mMaxLuminance=500.0, mMaxAverageLuminance=500.0, mMinLuminance=0.0}, allmSupported false, gameContentTypeSupported false, density 240, 319.851 x 319.851 dpi, appVsyncOff 1000000, presDeadline 16666666, touch INTERNAL, rotation 0, type INTERNAL, address {port=129, model=0x40446d3026322d}, deviceProductInfo DeviceProductInfo{name=, manufacturerPnpId=QCM, productId=1, modelYear=null, manufactureDate=ManufactureDate{week=27, year=2006}, connectionToSinkType=0}, state ON, frameRateOverride , brightnessMinimum 0.0, brightnessMaximum 1.0, brightnessDefault 1.0, FLAG_DEFAULT_DISPLAY, FLAG_ROTATES_WITH_CONTENT, FLAG_SECURE, FLAG_SUPPORTS_PROTECTED_BUFFERS}
02-09 05:23:29.706 W/ContextImpl( 2089): Calling a method in the system process without a qualified user: android.app.ContextImpl.startService:1816 android.content.ContextWrapper.startService:774 com.thundercomm.gamemode.ingame.services.GameModeActionUtils.startGameModeService:111 com.thundercomm.gamemode.ingame.services.GameModeActionUtils.startGameModeEntry:22 com.thundercomm.gamemode.ingame.services.ActivityMonitoringService$1.onActivityLaunch:139
02-09 05:23:29.707 E/DisplayDeviceConfig( 1511): requesting nits when no mapping exists.
02-09 05:23:29.707 E/DisplayDeviceConfig( 1511): requesting nits when no mapping exists.
02-09 05:23:29.707 I/am_wtf ( 1511): [0,1511,system_server,-1,DisplayDeviceConfig,requesting nits when no mapping exists.]
02-09 05:23:29.708 I/am_wtf ( 1511): [0,1511,system_server,-1,DisplayDeviceConfig,requesting nits when no mapping exists.]
02-09 05:23:29.712 I/GameModeConfig( 1511): Current uri is uri = content://com.thundercomm.gamemode.api/gamemode_settings/gamemode_isgaming
02-09 05:23:29.713 I/GameModeConfig( 1511): isGameModeOn = true
02-09 05:23:29.713 I/GameModeConfig( 1511): isGaming = false
02-09 05:23:29.713 I/GameModeConfig( 1511): isGameModeOn = true
02-09 05:23:29.713 I/GameModeConfig( 1511): isGaming = false
02-09 05:23:29.713 I/GameModeConfig( 1511): isDisableVoice = true
02-09 05:23:29.725 I/input_focus( 1511): [Focus entering ddc2893 com.thundercomm.screensaver/android.service.dreams.DreamActivity (server),reason=Window became focusable. Previous reason: NOT_VISIBLE]
02-09 05:23:29.740 E/DisplayDeviceConfig( 1511): requesting nits when no mapping exists.
02-09 05:23:29.740 E/DisplayDeviceConfig( 1511): requesting nits when no mapping exists.
02-09 05:23:29.740 I/am_wtf ( 1511): [0,1511,system_server,-1,DisplayDeviceConfig,requesting nits when no mapping exists.]
02-09 05:23:29.741 I/am_wtf ( 1511): [0,1511,system_server,-1,DisplayDeviceConfig,requesting nits when no mapping exists.]
02-09 05:23:29.757 E/DisplayDeviceConfig( 1511): requesting nits when no mapping exists.
02-09 05:23:29.758 E/DisplayDeviceConfig( 1511): requesting nits when no mapping exists.
02-09 05:23:29.758 I/am_wtf ( 1511): [0,1511,system_server,-1,DisplayDeviceConfig,requesting nits when no mapping exists.]
02-09 05:23:29.758 I/am_wtf ( 1511): [0,1511,system_server,-1,DisplayDeviceConfig,requesting nits when no mapping exists.]
02-09 05:23:29.774 E/DisplayDeviceConfig( 1511): requesting nits when no mapping exists.
02-09 05:23:29.774 E/DisplayDeviceConfig( 1511): requesting nits when no mapping exists.
02-09 05:23:29.774 I/am_wtf ( 1511): [0,1511,system_server,-1,DisplayDeviceConfig,requesting nits when no mapping exists.]
02-09 05:23:29.775 I/am_wtf ( 1511): [0,1511,system_server,-1,DisplayDeviceConfig,requesting nits when no mapping exists.]
