02-09 05:37:40.445 I/wm_task_moved( 1511): [33,1,13]
02-09 05:37:40.445 I/wm_task_to_front( 1511): [0,33]
02-09 05:37:40.446 I/wm_focused_root_task( 1511): [0,0,33,39,finish-top adjustFocusToNextFocusableTask]
02-09 05:37:40.448 I/wm_pause_activity( 1511): [0,198788448,com.thundercomm.screensaver/android.service.dreams.DreamActivity,userLeaving=false,finish]
02-09 05:37:40.453 I/DreamManagerService( 1511): Gently waking up from dream.
02-09 05:37:40.455 I/sysui_multi_action( 1511): [757,803,799,window_time_0,802,44]
02-09 05:37:40.455 I/DreamManagerService( 1511): Performing gentle wake from dream.
02-09 05:37:40.455 I/wm_on_top_resumed_lost_called( 4907): [198788448,android.service.dreams.DreamActivity,topStateChangedWhenResumed]
02-09 05:37:40.457 I/wm_on_paused_called( 4907): [198788448,android.service.dreams.DreamActivity,performPause]
02-09 05:37:40.458 I/wm_add_to_stopping( 1511): [0,198788448,com.thundercomm.screensaver/android.service.dreams.DreamActivity,completeFinishing]
02-09 05:37:40.459 I/ActivityTaskManager( 1511): FOREGROUND_APPLICATION_CHANGED to com.tencent.qqmusicpad.activity.MainActivity
02-09 05:37:40.461 I/wm_set_resumed_activity( 1511): [0,com.tencent.qqmusicpad/.activity.MainActivity,resumeTopActivityInnerLocked]
02-09 05:37:40.465 I/wm_resume_activity( 1511): [0,229301291,33,com.tencent.qqmusicpad/.activity.MainActivity]
02-09 05:37:40.472 I/wm_on_restart_called( 7156): [229301291,com.tencent.qqmusicpad.activity.MainActivity,performRestartActivity]
02-09 05:37:40.474 I/sysui_multi_action( 1511): [757,803,799,window_time_0,802,0]
02-09 05:37:40.478 I/wm_on_start_called( 7156): [229301291,com.tencent.qqmusicpad.activity.MainActivity,handleStartActivity]
02-09 05:37:40.480 I/wm_on_resume_called( 7156): [229301291,com.tencent.qqmusicpad.activity.MainActivity,RESUME_ACTIVITY]
02-09 05:37:40.481 I/input_focus( 1511): [Focus leaving 97d578c com.thundercomm.screensaver/android.service.dreams.DreamActivity (server),reason=NO_WINDOW]
02-09 05:37:40.485 I/view_enqueue_input_event( 4907): [Motion - Cancel,com.thundercomm.screensaver/android.service.dreams.DreamActivity]
02-09 05:37:40.486 I/wm_on_top_resumed_gained_called( 7156): [229301291,com.tencent.qqmusicpad.activity.MainActivity,topWhenResuming]
02-09 05:37:40.486 W/ContextImpl( 2089): Calling a method in the system process without a qualified user: android.app.ContextImpl.startService:1816 android.content.ContextWrapper.startService:774 com.thundercomm.gamemode.ingame.services.GameModeActionUtils.startGameModeService:111 com.thundercomm.gamemode.ingame.services.GameModeActionUtils.startGameModeEntry:22 com.thundercomm.gamemode.ingame.services.ActivityMonitoringService$1.onActivityLaunch:139
02-09 05:37:40.490 I/GameModeConfig( 1511): Current uri is uri = content://com.thundercomm.gamemode.api/gamemode_settings/gamemode_isgaming
02-09 05:37:40.491 I/input_focus( 1511): [Focus request 7c6e6cc com.tencent.qqmusicpad/com.tencent.qqmusicpad.activity.MainActivity,reason=UpdateInputWindows]
02-09 05:37:40.491 I/input_interaction( 1511): Interaction with: edge-swipe (server), swipe-up (server), PointerEventDispatcher0 (server),
02-09 05:37:40.492 I/GameModeConfig( 1511): isGameModeOn = true
02-09 05:37:40.492 I/GameModeConfig( 1511): isGaming = false
02-09 05:37:40.492 I/GameModeConfig( 1511): isGameModeOn = true
02-09 05:37:40.492 I/GameModeConfig( 1511): isGaming = false
02-09 05:37:40.492 I/GameModeConfig( 1511): isDisableVoice = true
02-09 05:37:40.506 I/PowerManagerService( 1511): Powering on display group fromDreaming (groupId=0, uid=1000, reason=WAKE_REASON_UNKNOWN, details=android.server.power:DREAM_FINISHED)...
02-09 05:37:40.506 I/PowerManagerService( 1511): Waking up from Dreaming (uid=1000, reason=WAKE_REASON_UNKNOWN, details=android.server.power:DREAM_FINISHED)...
02-09 05:37:40.521 I/input_focus( 1511): [Focus entering 7c6e6cc com.tencent.qqmusicpad/com.tencent.qqmusicpad.activity.MainActivity (server),reason=Window became focusable. Previous reason: NOT_VISIBLE]
02-09 05:37:40.579 W/ContextImpl( 2089): Calling a method in the system process without a qualified user: android.app.ContextImpl.startService:1816 android.content.ContextWrapper.startService:774 com.thundercomm.gamemode.ingame.services.GameModeActionUtils.startGameModeService:111 com.thundercomm.gamemode.ingame.services.GameModeActionUtils.startGameModeEntry:22 com.thundercomm.gamemode.ingame.services.ActivityMonitoringService$1.onActivityLaunch:139
02-09 05:37:40.582 I/GameModeConfig( 1511): Current uri is uri = content://com.thundercomm.gamemode.api/gamemode_settings/gamemode_isgaming
02-09 05:37:40.585 I/GameModeConfig( 1511): isGameModeOn = true
02-09 05:37:40.585 I/GameModeConfig( 1511): isGaming = false
02-09 05:37:40.585 I/GameModeConfig( 1511): isGameModeOn = true
02-09 05:37:40.585 I/GameModeConfig( 1511): isGaming = false
02-09 05:37:40.585 I/GameModeConfig( 1511): isDisableVoice = true
02-09 05:37:41.024 I/wm_destroy_activity( 1511): [0,198788448,39,com.thundercomm.screensaver/android.service.dreams.DreamActivity,finish-imm:idle]
02-09 05:37:41.042 W/ContextImpl( 2089): Calling a method in the system process without a qualified user: android.app.ContextImpl.startService:1816 android.content.ContextWrapper.startService:774 com.thundercomm.gamemode.ingame.services.GameModeActionUtils.startGameModeService:111 com.thundercomm.gamemode.ingame.services.GameModeActionUtils.startGameModeEntry:22 com.thundercomm.gamemode.ingame.services.ActivityMonitoringService$1.onActivityLaunch:139
02-09 05:37:41.048 I/GameModeConfig( 1511): Current uri is uri = content://com.thundercomm.gamemode.api/gamemode_settings/gamemode_isgaming
02-09 05:37:41.049 I/wm_on_stop_called( 4907): [198788448,android.service.dreams.DreamActivity,LIFECYCLER_STOP_ACTIVITY]
02-09 05:37:41.050 I/wm_on_destroy_called( 4907): [198788448,android.service.dreams.DreamActivity,performDestroy]
02-09 05:37:41.051 I/GameModeConfig( 1511): isGameModeOn = true
02-09 05:37:41.051 I/GameModeConfig( 1511): isGaming = false
02-09 05:37:41.051 I/GameModeConfig( 1511): isGameModeOn = true
02-09 05:37:41.051 I/GameModeConfig( 1511): isGaming = false
02-09 05:37:41.051 I/GameModeConfig( 1511): isDisableVoice = true
02-09 05:37:41.054 I/DreamManagerService( 1511): Leaving dreamland.
02-09 05:37:41.056 I/DreamManagerService( 1511): Performing gentle wake from dream.
02-09 05:37:41.056 I/DreamController( 1511): Stopping dream: name=ComponentInfo{com.thundercomm.screensaver/com.thundercomm.saverclock.service.ClockScreensaver}, isTest=false, canDoze=false, userId=0, reason='finished self'(from 'finished self')
02-09 05:37:41.056 I/sysui_multi_action( 1511): [757,222,758,2]
02-09 05:37:41.056 I/sysui_multi_action( 1511): [757,804,799,dreaming_minutes,801,0,802,1]
02-09 05:37:41.065 I/wm_task_removed( 1511): [39,removeChild:removeChild last r=ActivityRecord{bd94560 u0 com.thundercomm.screensaver/android.service.dreams.DreamActivity t-1 f}} in t=Task{5a6745 #39 type=dream A=10044:android:com.thundercomm.screensaver/dream U=0 visible=false mode=fullscreen translucent=true sz=0}]
02-09 05:37:41.065 I/wm_task_removed( 1511): [39,removeChild]
02-09 05:37:41.068 W/ActivityTaskManager( 1511): Can't find TaskDisplayArea to determine support for multi window. Task id=39 attached=false
02-09 05:37:41.706 I/input_interaction( 1511): Interaction with: 7c6e6cc com.tencent.qqmusicpad/com.tencent.qqmusicpad.activity.MainActivity (server), edge-swipe (server), swipe-up (server), PointerEventDispatcher0 (server),
02-09 05:37:41.728 W/FreeFormWindowHelper( 1511): Current Display FreeFormTask is null
02-09 05:37:41.728 I/wm_task_moved( 1511): [1,0,0]
02-09 05:37:41.728 I/wm_task_moved( 1511): [1,0,12]
02-09 05:37:41.739 I/wm_on_restart_called( 2559): [204923478,com.android.launcher3.uioverrides.QuickstepLauncher,performRestartActivity]
02-09 05:37:41.740 W/FreeFormWindowHelper( 1511): Current Display FreeFormTask is null
02-09 05:37:41.741 W/FreeFormWindowHelper( 1511): Current Display FreeFormTask is null
02-09 05:37:41.741 W/FreeFormWindowHelper( 1511): Current Display FreeFormTask is null
02-09 05:37:41.752 W/ContextImpl( 2089): Calling a method in the system process without a qualified user: android.app.ContextImpl.startService:1816 android.content.ContextWrapper.startService:774 com.thundercomm.gamemode.ingame.services.GameModeActionUtils.startGameModeService:111 com.thundercomm.gamemode.ingame.services.GameModeActionUtils.startGameModeEntry:22 com.thundercomm.gamemode.ingame.services.ActivityMonitoringService$1.onActivityLaunch:139
02-09 05:37:41.754 I/GameModeConfig( 1511): Current uri is uri = content://com.thundercomm.gamemode.api/gamemode_settings/gamemode_isgaming
02-09 05:37:41.756 I/GameModeConfig( 1511): isGameModeOn = true
02-09 05:37:41.756 I/GameModeConfig( 1511): isGaming = false
02-09 05:37:41.756 I/GameModeConfig( 1511): isGameModeOn = true
02-09 05:37:41.756 I/GameModeConfig( 1511): isGaming = false
02-09 05:37:41.756 I/GameModeConfig( 1511): isDisableVoice = true
02-09 05:37:41.763 I/wm_on_start_called( 2559): [204923478,com.android.launcher3.uioverrides.QuickstepLauncher,handleStartActivity]
02-09 05:37:41.764 I/view_enqueue_input_event( 7156): [Motion - Cancel,com.tencent.qqmusicpad/com.tencent.qqmusicpad.activity.MainActivity]
02-09 05:37:41.766 I/input_focus( 1511): [Focus request recents_animation_input_consumer,reason=UpdateInputWindows]
02-09 05:37:41.773 W/FreeFormWindowHelper( 1511): Current Display FreeFormTask is null
02-09 05:37:41.773 W/FreeFormWindowHelper( 1511): Current Display FreeFormTask is null
02-09 05:37:41.774 I/input_focus( 1511): [Focus leaving 7c6e6cc com.tencent.qqmusicpad/com.tencent.qqmusicpad.activity.MainActivity (server),reason=NOT_FOCUSABLE]
02-09 05:37:41.774 I/input_focus( 1511): [Focus entering recents_animation_input_consumer (server),reason=setFocusedWindow]
02-09 05:37:41.774 I/input_interaction( 1511): Interaction with: edge-swipe (server), swipe-up (server), PointerEventDispatcher0 (server),
02-09 05:37:41.774 I/sysui_latency( 2559): [1,68]
02-09 05:37:41.782 W/FreeFormWindowHelper( 1511): Current Display FreeFormTask is null
02-09 05:37:41.785 W/FreeFormWindowHelper( 1511): Current Display FreeFormTask is null
02-09 05:37:41.785 W/FreeFormWindowHelper( 1511): Current Display FreeFormTask is null
02-09 05:37:41.792 I/sysui_multi_action( 1511): [319,11,322,55,325,4556,757,761,758,9,759,5,806,com.android.launcher3,871,com.android.launcher3.uioverrides.QuickstepLauncher,905,0,1320,4,1321,1]
02-09 05:37:41.806 W/FreeFormWindowHelper( 1511): Current Display FreeFormTask is null
02-09 05:37:41.806 W/FreeFormWindowHelper( 1511): Current Display FreeFormTask is null
02-09 05:37:41.823 W/FreeFormWindowHelper( 1511): Current Display FreeFormTask is null
02-09 05:37:41.823 W/FreeFormWindowHelper( 1511): Current Display FreeFormTask is null
02-09 05:37:41.839 W/FreeFormWindowHelper( 1511): Current Display FreeFormTask is null
02-09 05:37:41.839 W/FreeFormWindowHelper( 1511): Current Display FreeFormTask is null
02-09 05:37:41.887 W/FreeFormWindowHelper( 1511): exitRecentTasks type=0
02-09 05:37:41.893 W/FreeFormWindowHelper( 1511): Current Display FreeFormTask is null
02-09 05:37:41.893 W/FreeFormWindowHelper( 1511): Current Display FreeFormTask is null
02-09 05:37:41.965 I/commit_sys_config_file( 1511): [settings-1-0,3]
02-09 05:37:42.083 I/sysui_latency( 1511): [8,72]
02-09 05:37:42.507 W/FreeFormWindowHelper( 1511): Current Display FreeFormTask is null
02-09 05:37:42.508 W/FreeFormWindowHelper( 1511): Current Display FreeFormTask is null
02-09 05:37:42.513 I/wm_task_moved( 1511): [1,1,13]
02-09 05:37:42.514 I/wm_task_moved( 1511): [8,1,2147483647]
02-09 05:37:42.514 I/wm_task_to_front( 1511): [0,8]
02-09 05:37:42.514 I/wm_focused_root_task( 1511): [0,0,1,33,RecentsAnimation.onAnimationFinished()]
02-09 05:37:42.514 I/wm_on_top_resumed_lost_called( 7156): [229301291,com.tencent.qqmusicpad.activity.MainActivity,topStateChangedWhenResumed]
02-09 05:37:42.514 I/wm_set_resumed_activity( 1511): [0,com.android.launcher3/.uioverrides.QuickstepLauncher,RecentsAnimation.onAnimationFinished()]
02-09 05:37:42.516 I/wm_pause_activity( 1511): [0,229301291,com.tencent.qqmusicpad/.activity.MainActivity,userLeaving=true,pauseBackTasks]
02-09 05:37:42.517 I/wm_add_to_stopping( 1511): [0,229301291,com.tencent.qqmusicpad/.activity.MainActivity,makeInvisible]
02-09 05:37:42.517 I/ActivityTaskManager( 1511): FOREGROUND_APPLICATION_CHANGED to com.android.launcher3.uioverrides.QuickstepLauncher
02-09 05:37:42.517 I/wm_set_resumed_activity( 1511): [0,com.android.launcher3/.uioverrides.QuickstepLauncher,resumeTopActivityInnerLocked]
02-09 05:37:42.519 I/wm_resume_activity( 1511): [0,204923478,8,com.android.launcher3/.uioverrides.QuickstepLauncher]
02-09 05:37:42.520 I/wm_on_resume_called( 2559): [204923478,com.android.launcher3.uioverrides.QuickstepLauncher,RESUME_ACTIVITY]
02-09 05:37:42.524 I/input_focus( 1511): [Focus request 584aa45 com.android.launcher3/com.android.launcher3.uioverrides.QuickstepLauncher,reason=UpdateInputWindows]
02-09 05:37:42.526 I/input_focus( 1511): [Focus leaving recents_animation_input_consumer (server),reason=NOT_VISIBLE]
02-09 05:37:42.528 I/wm_on_top_resumed_gained_called( 2559): [204923478,com.android.launcher3.uioverrides.QuickstepLauncher,topStateChangedWhenResumed]
02-09 05:37:42.531 I/wm_on_paused_called( 7156): [229301291,com.tencent.qqmusicpad.activity.MainActivity,performPause]
02-09 05:37:42.531 I/wm_stop_activity( 1511): [0,229301291,com.tencent.qqmusicpad/.activity.MainActivity]
02-09 05:37:42.532 I/sysui_multi_action( 1511): [757,803,799,window_time_0,802,2]
02-09 05:37:42.535 D/CompatibilityChangeReporter( 1511): Compat change id reported: 135634846; UID 1000; state: DISABLED
02-09 05:37:42.535 D/CompatibilityChangeReporter( 1511): Compat change id reported: 177438394; UID 1000; state: DISABLED
02-09 05:37:42.535 D/CompatibilityChangeReporter( 1511): Compat change id reported: 135772972; UID 1000; state: DISABLED
02-09 05:37:42.535 D/CompatibilityChangeReporter( 1511): Compat change id reported: 135754954; UID 1000; state: ENABLED
02-09 05:37:42.536 I/am_uid_running( 1511): 10067
02-09 05:37:42.536 D/CompatibilityChangeReporter( 1511): Compat change id reported: 135634846; UID 10067; state: DISABLED
02-09 05:37:42.536 D/CompatibilityChangeReporter( 1511): Compat change id reported: 177438394; UID 10067; state: DISABLED
02-09 05:37:42.536 D/CompatibilityChangeReporter( 1511): Compat change id reported: 135772972; UID 10067; state: DISABLED
02-09 05:37:42.536 D/CompatibilityChangeReporter( 1511): Compat change id reported: 135754954; UID 10067; state: DISABLED
02-09 05:37:42.537 I/am_uid_running( 1511): 10065
02-09 05:37:42.537 D/CompatibilityChangeReporter( 1511): Compat change id reported: 135634846; UID 10065; state: DISABLED
02-09 05:37:42.537 D/CompatibilityChangeReporter( 1511): Compat change id reported: 177438394; UID 10065; state: DISABLED
02-09 05:37:42.537 D/CompatibilityChangeReporter( 1511): Compat change id reported: 135772972; UID 10065; state: DISABLED
02-09 05:37:42.537 D/CompatibilityChangeReporter( 1511): Compat change id reported: 135754954; UID 10065; state: DISABLED
02-09 05:37:42.538 I/sysui_multi_action( 1511): [757,803,799,window_time_0,802,0]
02-09 05:37:42.543 I/input_focus( 1511): [Focus entering 584aa45 com.android.launcher3/com.android.launcher3.uioverrides.QuickstepLauncher (server),reason=setFocusedWindow]
02-09 05:37:42.544 I/am_proc_start( 1511): [0,8867,1000,com.android.settings,NULL,]
02-09 05:37:42.545 I/ActivityManager( 1511): Start proc 8867:com.android.settings/1000 for null
02-09 05:37:42.545 D/CompatibilityChangeReporter( 1511): Compat change id reported: 143937733; UID 10067; state: DISABLED
02-09 05:37:42.553 I/am_proc_start( 1511): [0,8872,10067,com.android.deskclock,NULL,]
02-09 05:37:42.553 I/ActivityManager( 1511): Start proc 8872:com.android.deskclock/u0a67 for null
02-09 05:37:42.553 D/CompatibilityChangeReporter( 1511): Compat change id reported: 143937733; UID 10065; state: DISABLED
02-09 05:37:42.553 I/wm_on_stop_called( 7156): [229301291,com.tencent.qqmusicpad.activity.MainActivity,STOP_ACTIVITY_ITEM]
02-09 05:37:42.559 I/am_proc_start( 1511): [0,8881,10065,com.android.calendar,NULL,]
02-09 05:37:42.559 I/ActivityManager( 1511): Start proc 8881:com.android.calendar/u0a65 for null
02-09 05:37:42.567 I/am_proc_bound( 1511): [0,8872,com.android.deskclock]
02-09 05:37:42.568 W/ContextImpl( 2089): Calling a method in the system process without a qualified user: android.app.ContextImpl.startService:1816 android.content.ContextWrapper.startService:774 com.thundercomm.gamemode.ingame.services.GameModeActionUtils.startGameModeService:111 com.thundercomm.gamemode.ingame.services.GameModeActionUtils.startGameModeEntry:22 com.thundercomm.gamemode.ingame.services.ActivityMonitoringService$1.onActivityLaunch:139
02-09 05:37:42.569 D/CompatibilityChangeReporter( 1511): Compat change id reported: 168419799; UID 10067; state: DISABLED
02-09 05:37:42.571 I/am_proc_bound( 1511): [0,8867,com.android.settings]
02-09 05:37:42.572 I/GameModeConfig( 1511): Current uri is uri = content://com.thundercomm.gamemode.api/gamemode_settings/gamemode_isgaming
02-09 05:37:42.573 I/GameModeConfig( 1511): isGameModeOn = true
02-09 05:37:42.573 I/GameModeConfig( 1511): isGaming = false
02-09 05:37:42.573 I/GameModeConfig( 1511): isGameModeOn = true
02-09 05:37:42.573 I/GameModeConfig( 1511): isGaming = false
02-09 05:37:42.573 I/GameModeConfig( 1511): isDisableVoice = true
02-09 05:37:42.577 I/am_proc_bound( 1511): [0,8881,com.android.calendar]
02-09 05:37:42.577 D/CompatibilityChangeReporter( 1511): Compat change id reported: 168419799; UID 10065; state: DISABLED
02-09 05:37:42.630 W/ContextImpl( 2089): Calling a method in the system process without a qualified user: android.app.ContextImpl.startService:1816 android.content.ContextWrapper.startService:774 com.thundercomm.gamemode.ingame.services.GameModeActionUtils.startGameModeService:111 com.thundercomm.gamemode.ingame.services.GameModeActionUtils.startGameModeEntry:22 com.thundercomm.gamemode.ingame.services.ActivityMonitoringService$1.onActivityLaunch:139
02-09 05:37:42.631 I/am_wtf ( 1511): [0,8867,com.android.settings,952647173,RoleParser,com.android.permissioncontroller.role.model.AssistantRoleBehavior]
02-09 05:37:42.632 I/DropBoxManagerService( 1511): add tag=system_app_wtf isTagEnabled=true flags=0x2
02-09 05:37:42.632 I/GameModeConfig( 1511): Current uri is uri = content://com.thundercomm.gamemode.api/gamemode_settings/gamemode_isgaming
02-09 05:37:42.633 I/am_wtf ( 1511): [0,8867,com.android.settings,952647173,RoleParser,com.android.permissioncontroller.role.model.BrowserRoleBehavior]
02-09 05:37:42.634 I/DropBoxManagerService( 1511): add tag=system_app_wtf isTagEnabled=true flags=0x2
02-09 05:37:42.634 I/GameModeConfig( 1511): isGameModeOn = true
02-09 05:37:42.634 I/GameModeConfig( 1511): isGaming = false
02-09 05:37:42.634 I/GameModeConfig( 1511): isGameModeOn = true
02-09 05:37:42.634 I/GameModeConfig( 1511): isGaming = false
02-09 05:37:42.634 I/GameModeConfig( 1511): isDisableVoice = true
02-09 05:37:42.635 I/am_wtf ( 1511): [0,8867,com.android.settings,952647173,RoleParser,com.android.permissioncontroller.role.model.DialerRoleBehavior]
02-09 05:37:42.636 I/DropBoxManagerService( 1511): add tag=system_app_wtf isTagEnabled=true flags=0x2
02-09 05:37:42.638 I/am_wtf ( 1511): [0,8867,com.android.settings,952647173,RoleParser,com.android.permissioncontroller.role.model.SmsRoleBehavior]
02-09 05:37:42.638 I/DropBoxManagerService( 1511): add tag=system_app_wtf isTagEnabled=true flags=0x2
02-09 05:37:42.639 I/am_wtf ( 1511): [0,8867,com.android.settings,952647173,RoleParser,com.android.permissioncontroller.role.model.EmergencyRoleBehavior]
02-09 05:37:42.640 I/DropBoxManagerService( 1511): add tag=system_app_wtf isTagEnabled=true flags=0x2
02-09 05:37:42.641 I/am_wtf ( 1511): [0,8867,com.android.settings,952647173,RoleParser,com.android.permissioncontroller.role.model.HomeRoleBehavior]
02-09 05:37:42.645 I/am_wtf ( 1511): [0,8867,com.android.settings,952647173,RoleParser,com.android.permissioncontroller.role.model.SystemAutomotiveClusterRoleBehavior]
02-09 05:37:42.646 I/am_wtf ( 1511): [0,8867,com.android.settings,952647173,RoleParser,com.android.permissioncontroller.role.model.CompanionDeviceWatchRoleBehavior]
02-09 05:37:42.649 I/am_wtf ( 1511): [0,8867,com.android.settings,952647173,RoleParser,com.android.permissioncontroller.role.model.SystemShellRoleBehavior]
02-09 05:37:42.651 I/am_wtf ( 1511): [0,8867,com.android.settings,952647173,RoleParser,com.android.permissioncontroller.role.model.TelevisionRoleBehavior]
02-09 05:37:42.657 I/am_wtf ( 1511): [0,8867,com.android.settings,952647173,RoleParser,com.android.permissioncontroller.role.model.TelevisionRoleBehavior]
02-09 05:38:34.850 V/DisplayPowerController[0]( 1511): Brightness [0.05] reason changing to: 'manual [ dim ]', previous reason: 'manual'.
02-09 05:38:34.850 I/sysui_multi_action( 1511): [757,1696,758,6,759,2]
02-09 05:38:34.850 W/PowerManagerService( 1511): Screen on took 54344 ms
02-09 05:38:34.851 E/DisplayDeviceConfig( 1511): requesting nits when no mapping exists.
02-09 05:38:34.852 E/DisplayDeviceConfig( 1511): requesting nits when no mapping exists.
02-09 05:38:34.852 I/am_wtf ( 1511): [0,1511,system_server,-1,DisplayDeviceConfig,requesting nits when no mapping exists.]
02-09 05:38:34.853 I/DropBoxManagerService( 1511): add tag=system_server_wtf isTagEnabled=true flags=0x2
02-09 05:38:34.854 I/am_wtf ( 1511): [0,1511,system_server,-1,DisplayDeviceConfig,requesting nits when no mapping exists.]
02-09 05:38:34.855 I/service_manager_stats( 1511): [100,24,97623]
02-09 05:38:34.855 I/DropBoxManagerService( 1511): add tag=system_server_wtf isTagEnabled=true flags=0x2
02-09 05:38:34.867 E/DisplayDeviceConfig( 1511): requesting nits when no mapping exists.
02-09 05:38:34.867 I/am_wtf ( 1511): [0,1511,system_server,-1,DisplayDeviceConfig,requesting nits when no mapping exists.]
02-09 05:38:34.867 E/DisplayDeviceConfig( 1511): requesting nits when no mapping exists.
02-09 05:38:34.868 I/DropBoxManagerService( 1511): add tag=system_server_wtf isTagEnabled=true flags=0x2
02-09 05:38:34.869 I/am_wtf ( 1511): [0,1511,system_server,-1,DisplayDeviceConfig,requesting nits when no mapping exists.]
02-09 05:38:34.870 I/DropBoxManagerService( 1511): add tag=system_server_wtf isTagEnabled=true flags=0x2
02-09 05:38:34.883 E/DisplayDeviceConfig( 1511): requesting nits when no mapping exists.
02-09 05:38:34.884 I/am_wtf ( 1511): [0,1511,system_server,-1,DisplayDeviceConfig,requesting nits when no mapping exists.]
02-09 05:38:34.884 E/DisplayDeviceConfig( 1511): requesting nits when no mapping exists.
02-09 05:38:34.885 I/DropBoxManagerService( 1511): add tag=system_server_wtf isTagEnabled=true flags=0x2
02-09 05:38:34.885 I/am_wtf ( 1511): [0,1511,system_server,-1,DisplayDeviceConfig,requesting nits when no mapping exists.]
02-09 05:38:34.900 E/DisplayDeviceConfig( 1511): requesting nits when no mapping exists.
02-09 05:38:34.901 I/am_wtf ( 1511): [0,1511,system_server,-1,DisplayDeviceConfig,requesting nits when no mapping exists.]
02-09 05:38:34.901 E/DisplayDeviceConfig( 1511): requesting nits when no mapping exists.
02-09 05:38:34.902 I/am_wtf ( 1511): [0,1511,system_server,-1,DisplayDeviceConfig,requesting nits when no mapping exists.]
02-09 05:38:34.917 E/DisplayDeviceConfig( 1511): requesting nits when no mapping exists.
02-09 05:38:34.917 I/am_wtf ( 1511): [0,1511,system_server,-1,DisplayDeviceConfig,requesting nits when no mapping exists.]
02-09 05:38:34.917 E/DisplayDeviceConfig( 1511): requesting nits when no mapping exists.
02-09 05:38:34.918 I/am_wtf ( 1511): [0,1511,system_server,-1,DisplayDeviceConfig,requesting nits when no mapping exists.]
02-09 05:38:34.933 E/DisplayDeviceConfig( 1511): requesting nits when no mapping exists.
02-09 05:38:34.934 E/DisplayDeviceConfig( 1511): requesting nits when no mapping exists.
02-09 05:38:34.934 I/am_wtf ( 1511): [0,1511,system_server,-1,DisplayDeviceConfig,requesting nits when no mapping exists.]
02-09 05:38:34.935 I/am_wtf ( 1511): [0,1511,system_server,-1,DisplayDeviceConfig,requesting nits when no mapping exists.]
02-09 05:38:34.950 E/DisplayDeviceConfig( 1511): requesting nits when no mapping exists.
02-09 05:38:34.951 I/am_wtf ( 1511): [0,1511,system_server,-1,DisplayDeviceConfig,requesting nits when no mapping exists.]
02-09 05:38:34.951 E/DisplayDeviceConfig( 1511): requesting nits when no mapping exists.
02-09 05:38:34.952 I/am_wtf ( 1511): [0,1511,system_server,-1,DisplayDeviceConfig,requesting nits when no mapping exists.]
02-09 05:38:34.967 E/DisplayDeviceConfig( 1511): requesting nits when no mapping exists.
02-09 05:38:34.968 I/am_wtf ( 1511): [0,1511,system_server,-1,DisplayDeviceConfig,requesting nits when no mapping exists.]
02-09 05:38:34.968 E/DisplayDeviceConfig( 1511): requesting nits when no mapping exists.
02-09 05:38:34.969 I/am_wtf ( 1511): [0,1511,system_server,-1,DisplayDeviceConfig,requesting nits when no mapping exists.]
02-09 05:38:34.984 E/DisplayDeviceConfig( 1511): requesting nits when no mapping exists.
02-09 05:38:34.985 E/DisplayDeviceConfig( 1511): requesting nits when no mapping exists.
02-09 05:38:34.985 I/am_wtf ( 1511): [0,1511,system_server,-1,DisplayDeviceConfig,requesting nits when no mapping exists.]
02-09 05:38:34.986 I/am_wtf ( 1511): [0,1511,system_server,-1,DisplayDeviceConfig,requesting nits when no mapping exists.]
02-09 05:38:35.001 E/DisplayDeviceConfig( 1511): requesting nits when no mapping exists.
02-09 05:38:35.001 I/am_wtf ( 1511): [0,1511,system_server,-1,DisplayDeviceConfig,requesting nits when no mapping exists.]
02-09 05:38:35.001 E/DisplayDeviceConfig( 1511): requesting nits when no mapping exists.
02-09 05:38:35.002 I/am_wtf ( 1511): [0,1511,system_server,-1,DisplayDeviceConfig,requesting nits when no mapping exists.]
02-09 05:38:35.017 E/DisplayDeviceConfig( 1511): requesting nits when no mapping exists.
02-09 05:38:35.018 I/am_wtf ( 1511): [0,1511,system_server,-1,DisplayDeviceConfig,requesting nits when no mapping exists.]
02-09 05:38:35.018 E/DisplayDeviceConfig( 1511): requesting nits when no mapping exists.
02-09 05:38:35.019 I/am_wtf ( 1511): [0,1511,system_server,-1,DisplayDeviceConfig,requesting nits when no mapping exists.]
02-09 05:38:35.034 E/DisplayDeviceConfig( 1511): requesting nits when no mapping exists.
02-09 05:38:35.035 E/DisplayDeviceConfig( 1511): requesting nits when no mapping exists.
02-09 05:38:35.035 I/am_wtf ( 1511): [0,1511,system_server,-1,DisplayDeviceConfig,requesting nits when no mapping exists.]
02-09 05:38:35.036 I/am_wtf ( 1511): [0,1511,system_server,-1,DisplayDeviceConfig,requesting nits when no mapping exists.]
02-09 05:38:35.051 E/DisplayDeviceConfig( 1511): requesting nits when no mapping exists.
02-09 05:38:35.051 E/DisplayDeviceConfig( 1511): requesting nits when no mapping exists.
02-09 05:38:35.051 I/am_wtf ( 1511): [0,1511,system_server,-1,DisplayDeviceConfig,requesting nits when no mapping exists.]
02-09 05:38:35.052 I/am_wtf ( 1511): [0,1511,system_server,-1,DisplayDeviceConfig,requesting nits when no mapping exists.]
02-09 05:38:35.067 E/DisplayDeviceConfig( 1511): requesting nits when no mapping exists.
02-09 05:38:35.068 E/DisplayDeviceConfig( 1511): requesting nits when no mapping exists.
02-09 05:38:35.068 I/am_wtf ( 1511): [0,1511,system_server,-1,DisplayDeviceConfig,requesting nits when no mapping exists.]
02-09 05:38:35.069 I/am_wtf ( 1511): [0,1511,system_server,-1,DisplayDeviceConfig,requesting nits when no mapping exists.]
02-09 05:38:35.084 E/DisplayDeviceConfig( 1511): requesting nits when no mapping exists.
02-09 05:38:35.085 E/DisplayDeviceConfig( 1511): requesting nits when no mapping exists.
02-09 05:38:35.085 I/am_wtf ( 1511): [0,1511,system_server,-1,DisplayDeviceConfig,requesting nits when no mapping exists.]
02-09 05:38:35.086 I/am_wtf ( 1511): [0,1511,system_server,-1,DisplayDeviceConfig,requesting nits when no mapping exists.]
02-09 05:38:35.101 E/DisplayDeviceConfig( 1511): requesting nits when no mapping exists.
02-09 05:38:35.101 E/DisplayDeviceConfig( 1511): requesting nits when no mapping exists.
02-09 05:38:35.102 I/am_wtf ( 1511): [0,1511,system_server,-1,DisplayDeviceConfig,requesting nits when no mapping exists.]
02-09 05:38:35.102 I/am_wtf ( 1511): [0,1511,system_server,-1,DisplayDeviceConfig,requesting nits when no mapping exists.]
02-09 05:38:35.117 E/DisplayDeviceConfig( 1511): requesting nits when no mapping exists.
02-09 05:38:35.117 E/DisplayDeviceConfig( 1511): requesting nits when no mapping exists.
02-09 05:38:35.118 I/am_wtf ( 1511): [0,1511,system_server,-1,DisplayDeviceConfig,requesting nits when no mapping exists.]
02-09 05:38:35.118 I/am_wtf ( 1511): [0,1511,system_server,-1,DisplayDeviceConfig,requesting nits when no mapping exists.]
02-09 05:38:35.134 E/DisplayDeviceConfig( 1511): requesting nits when no mapping exists.
02-09 05:38:35.134 E/DisplayDeviceConfig( 1511): requesting nits when no mapping exists.
02-09 05:38:35.135 I/am_wtf ( 1511): [0,1511,system_server,-1,DisplayDeviceConfig,requesting nits when no mapping exists.]
02-09 05:38:35.135 I/am_wtf ( 1511): [0,1511,system_server,-1,DisplayDeviceConfig,requesting nits when no mapping exists.]
02-09 05:38:35.151 E/DisplayDeviceConfig( 1511): requesting nits when no mapping exists.
02-09 05:38:35.152 E/DisplayDeviceConfig( 1511): requesting nits when no mapping exists.
02-09 05:38:35.152 I/am_wtf ( 1511): [0,1511,system_server,-1,DisplayDeviceConfig,requesting nits when no mapping exists.]
02-09 05:38:35.153 I/am_wtf ( 1511): [0,1511,system_server,-1,DisplayDeviceConfig,requesting nits when no mapping exists.]
02-09 05:38:35.168 E/DisplayDeviceConfig( 1511): requesting nits when no mapping exists.
02-09 05:38:35.168 E/DisplayDeviceConfig( 1511): requesting nits when no mapping exists.
02-09 05:38:35.168 I/am_wtf ( 1511): [0,1511,system_server,-1,DisplayDeviceConfig,requesting nits when no mapping exists.]
02-09 05:38:35.169 I/am_wtf ( 1511): [0,1511,system_server,-1,DisplayDeviceConfig,requesting nits when no mapping exists.]
02-09 05:38:35.185 E/DisplayDeviceConfig( 1511): requesting nits when no mapping exists.
02-09 05:38:35.185 E/DisplayDeviceConfig( 1511): requesting nits when no mapping exists.
02-09 05:38:35.185 I/am_wtf ( 1511): [0,1511,system_server,-1,DisplayDeviceConfig,requesting nits when no mapping exists.]
02-09 05:38:35.186 I/am_wtf ( 1511): [0,1511,system_server,-1,DisplayDeviceConfig,requesting nits when no mapping exists.]
02-09 05:38:35.201 E/DisplayDeviceConfig( 1511): requesting nits when no mapping exists.
02-09 05:38:35.201 E/DisplayDeviceConfig( 1511): requesting nits when no mapping exists.
02-09 05:38:35.201 I/am_wtf ( 1511): [0,1511,system_server,-1,DisplayDeviceConfig,requesting nits when no mapping exists.]
02-09 05:38:35.202 I/am_wtf ( 1511): [0,1511,system_server,-1,DisplayDeviceConfig,requesting nits when no mapping exists.]
02-09 05:38:35.218 E/DisplayDeviceConfig( 1511): requesting nits when no mapping exists.
02-09 05:38:35.218 I/am_wtf ( 1511): [0,1511,system_server,-1,DisplayDeviceConfig,requesting nits when no mapping exists.]
02-09 05:38:35.218 E/DisplayDeviceConfig( 1511): requesting nits when no mapping exists.
02-09 05:38:35.219 I/am_wtf ( 1511): [0,1511,system_server,-1,DisplayDeviceConfig,requesting nits when no mapping exists.]
02-09 05:38:35.234 E/DisplayDeviceConfig( 1511): requesting nits when no mapping exists.
02-09 05:38:35.234 I/am_wtf ( 1511): [0,1511,system_server,-1,DisplayDeviceConfig,requesting nits when no mapping exists.]
02-09 05:38:35.234 E/DisplayDeviceConfig( 1511): requesting nits when no mapping exists.
02-09 05:38:35.235 I/am_wtf ( 1511): [0,1511,system_server,-1,DisplayDeviceConfig,requesting nits when no mapping exists.]
02-09 05:38:35.251 E/DisplayDeviceConfig( 1511): requesting nits when no mapping exists.
02-09 05:38:35.252 I/am_wtf ( 1511): [0,1511,system_server,-1,DisplayDeviceConfig,requesting nits when no mapping exists.]
02-09 05:38:35.252 E/DisplayDeviceConfig( 1511): requesting nits when no mapping exists.
02-09 05:38:35.253 I/am_wtf ( 1511): [0,1511,system_server,-1,DisplayDeviceConfig,requesting nits when no mapping exists.]
02-09 05:38:35.268 E/DisplayDeviceConfig( 1511): requesting nits when no mapping exists.
02-09 05:38:35.269 E/DisplayDeviceConfig( 1511): requesting nits when no mapping exists.
02-09 05:38:35.269 I/am_wtf ( 1511): [0,1511,system_server,-1,DisplayDeviceConfig,requesting nits when no mapping exists.]
02-09 05:38:35.269 I/am_wtf ( 1511): [0,1511,system_server,-1,DisplayDeviceConfig,requesting nits when no mapping exists.]
02-09 05:38:35.285 E/DisplayDeviceConfig( 1511): requesting nits when no mapping exists.
02-09 05:38:35.285 E/DisplayDeviceConfig( 1511): requesting nits when no mapping exists.
02-09 05:38:35.285 I/am_wtf ( 1511): [0,1511,system_server,-1,DisplayDeviceConfig,requesting nits when no mapping exists.]
02-09 05:38:35.286 I/am_wtf ( 1511): [0,1511,system_server,-1,DisplayDeviceConfig,requesting nits when no mapping exists.]
02-09 05:38:35.301 E/DisplayDeviceConfig( 1511): requesting nits when no mapping exists.
02-09 05:38:35.302 E/DisplayDeviceConfig( 1511): requesting nits when no mapping exists.
02-09 05:38:35.302 I/am_wtf ( 1511): [0,1511,system_server,-1,DisplayDeviceConfig,requesting nits when no mapping exists.]
02-09 05:38:35.303 I/am_wtf ( 1511): [0,1511,system_server,-1,DisplayDeviceConfig,requesting nits when no mapping exists.]
02-09 05:38:35.318 E/DisplayDeviceConfig( 1511): requesting nits when no mapping exists.
02-09 05:38:35.318 I/am_wtf ( 1511): [0,1511,system_server,-1,DisplayDeviceConfig,requesting nits when no mapping exists.]
02-09 05:38:35.318 E/DisplayDeviceConfig( 1511): requesting nits when no mapping exists.
02-09 05:38:35.319 I/am_wtf ( 1511): [0,1511,system_server,-1,DisplayDeviceConfig,requesting nits when no mapping exists.]
02-09 05:38:35.334 E/DisplayDeviceConfig( 1511): requesting nits when no mapping exists.
02-09 05:38:35.335 I/am_wtf ( 1511): [0,1511,system_server,-1,DisplayDeviceConfig,requesting nits when no mapping exists.]
02-09 05:38:35.335 E/DisplayDeviceConfig( 1511): requesting nits when no mapping exists.
02-09 05:38:35.336 I/am_wtf ( 1511): [0,1511,system_server,-1,DisplayDeviceConfig,requesting nits when no mapping exists.]
02-09 05:38:35.351 E/DisplayDeviceConfig( 1511): requesting nits when no mapping exists.
02-09 05:38:35.352 I/am_wtf ( 1511): [0,1511,system_server,-1,DisplayDeviceConfig,requesting nits when no mapping exists.]
02-09 05:38:35.352 E/DisplayDeviceConfig( 1511): requesting nits when no mapping exists.
02-09 05:38:35.353 I/am_wtf ( 1511): [0,1511,system_server,-1,DisplayDeviceConfig,requesting nits when no mapping exists.]
02-09 05:38:35.368 E/DisplayDeviceConfig( 1511): requesting nits when no mapping exists.
02-09 05:38:35.369 E/DisplayDeviceConfig( 1511): requesting nits when no mapping exists.
02-09 05:38:35.369 I/am_wtf ( 1511): [0,1511,system_server,-1,DisplayDeviceConfig,requesting nits when no mapping exists.]
02-09 05:38:35.371 I/am_wtf ( 1511): [0,1511,system_server,-1,DisplayDeviceConfig,requesting nits when no mapping exists.]
02-09 05:38:35.385 E/DisplayDeviceConfig( 1511): requesting nits when no mapping exists.
02-09 05:38:35.385 I/am_wtf ( 1511): [0,1511,system_server,-1,DisplayDeviceConfig,requesting nits when no mapping exists.]
02-09 05:38:35.385 E/DisplayDeviceConfig( 1511): requesting nits when no mapping exists.
02-09 05:38:35.387 I/am_wtf ( 1511): [0,1511,system_server,-1,DisplayDeviceConfig,requesting nits when no mapping exists.]
02-09 05:38:35.402 E/DisplayDeviceConfig( 1511): requesting nits when no mapping exists.
02-09 05:38:35.402 E/DisplayDeviceConfig( 1511): requesting nits when no mapping exists.
02-09 05:38:35.402 I/am_wtf ( 1511): [0,1511,system_server,-1,DisplayDeviceConfig,requesting nits when no mapping exists.]
02-09 05:38:35.403 I/am_wtf ( 1511): [0,1511,system_server,-1,DisplayDeviceConfig,requesting nits when no mapping exists.]
02-09 05:38:35.418 E/DisplayDeviceConfig( 1511): requesting nits when no mapping exists.
02-09 05:38:35.419 E/DisplayDeviceConfig( 1511): requesting nits when no mapping exists.
02-09 05:38:35.419 I/am_wtf ( 1511): [0,1511,system_server,-1,DisplayDeviceConfig,requesting nits when no mapping exists.]
02-09 05:38:35.420 I/am_wtf ( 1511): [0,1511,system_server,-1,DisplayDeviceConfig,requesting nits when no mapping exists.]
02-09 05:38:35.435 E/DisplayDeviceConfig( 1511): requesting nits when no mapping exists.
02-09 05:38:35.435 E/DisplayDeviceConfig( 1511): requesting nits when no mapping exists.
02-09 05:38:35.435 I/am_wtf ( 1511): [0,1511,system_server,-1,DisplayDeviceConfig,requesting nits when no mapping exists.]
02-09 05:38:35.436 I/am_wtf ( 1511): [0,1511,system_server,-1,DisplayDeviceConfig,requesting nits when no mapping exists.]
02-09 05:38:35.452 E/DisplayDeviceConfig( 1511): requesting nits when no mapping exists.
02-09 05:38:35.453 E/DisplayDeviceConfig( 1511): requesting nits when no mapping exists.
02-09 05:38:35.453 I/am_wtf ( 1511): [0,1511,system_server,-1,DisplayDeviceConfig,requesting nits when no mapping exists.]
02-09 05:38:35.453 I/am_wtf ( 1511): [0,1511,system_server,-1,DisplayDeviceConfig,requesting nits when no mapping exists.]
02-09 05:38:35.469 E/DisplayDeviceConfig( 1511): requesting nits when no mapping exists.
02-09 05:38:35.469 E/DisplayDeviceConfig( 1511): requesting nits when no mapping exists.
02-09 05:38:35.469 I/am_wtf ( 1511): [0,1511,system_server,-1,DisplayDeviceConfig,requesting nits when no mapping exists.]
02-09 05:38:35.470 I/am_wtf ( 1511): [0,1511,system_server,-1,DisplayDeviceConfig,requesting nits when no mapping exists.]
02-09 05:38:35.485 E/DisplayDeviceConfig( 1511): requesting nits when no mapping exists.
02-09 05:38:35.486 E/DisplayDeviceConfig( 1511): requesting nits when no mapping exists.
02-09 05:38:35.486 I/am_wtf ( 1511): [0,1511,system_server,-1,DisplayDeviceConfig,requesting nits when no mapping exists.]
02-09 05:38:35.487 I/am_wtf ( 1511): [0,1511,system_server,-1,DisplayDeviceConfig,requesting nits when no mapping exists.]
02-09 05:38:35.502 E/DisplayDeviceConfig( 1511): requesting nits when no mapping exists.
02-09 05:38:35.502 E/DisplayDeviceConfig( 1511): requesting nits when no mapping exists.
02-09 05:38:35.502 I/am_wtf ( 1511): [0,1511,system_server,-1,DisplayDeviceConfig,requesting nits when no mapping exists.]
02-09 05:38:35.503 I/am_wtf ( 1511): [0,1511,system_server,-1,DisplayDeviceConfig,requesting nits when no mapping exists.]
02-09 05:38:35.519 E/DisplayDeviceConfig( 1511): requesting nits when no mapping exists.
02-09 05:38:35.519 E/DisplayDeviceConfig( 1511): requesting nits when no mapping exists.
02-09 05:38:35.519 I/am_wtf ( 1511): [0,1511,system_server,-1,DisplayDeviceConfig,requesting nits when no mapping exists.]
02-09 05:38:35.520 I/am_wtf ( 1511): [0,1511,system_server,-1,DisplayDeviceConfig,requesting nits when no mapping exists.]
02-09 05:38:35.535 E/DisplayDeviceConfig( 1511): requesting nits when no mapping exists.
02-09 05:38:35.536 E/DisplayDeviceConfig( 1511): requesting nits when no mapping exists.
02-09 05:38:35.536 I/am_wtf ( 1511): [0,1511,system_server,-1,DisplayDeviceConfig,requesting nits when no mapping exists.]
02-09 05:38:35.537 I/am_wtf ( 1511): [0,1511,system_server,-1,DisplayDeviceConfig,requesting nits when no mapping exists.]
02-09 05:38:35.552 E/DisplayDeviceConfig( 1511): requesting nits when no mapping exists.
02-09 05:38:35.553 E/DisplayDeviceConfig( 1511): requesting nits when no mapping exists.
02-09 05:38:35.553 I/am_wtf ( 1511): [0,1511,system_server,-1,DisplayDeviceConfig,requesting nits when no mapping exists.]
02-09 05:38:35.554 I/am_wtf ( 1511): [0,1511,system_server,-1,DisplayDeviceConfig,requesting nits when no mapping exists.]
02-09 05:38:35.569 E/DisplayDeviceConfig( 1511): requesting nits when no mapping exists.
02-09 05:38:35.569 E/DisplayDeviceConfig( 1511): requesting nits when no mapping exists.
02-09 05:38:35.569 I/am_wtf ( 1511): [0,1511,system_server,-1,DisplayDeviceConfig,requesting nits when no mapping exists.]
02-09 05:38:35.570 I/am_wtf ( 1511): [0,1511,system_server,-1,DisplayDeviceConfig,requesting nits when no mapping exists.]
02-09 05:38:35.586 E/DisplayDeviceConfig( 1511): requesting nits when no mapping exists.
02-09 05:38:35.586 E/DisplayDeviceConfig( 1511): requesting nits when no mapping exists.
02-09 05:38:35.586 I/am_wtf ( 1511): [0,1511,system_server,-1,DisplayDeviceConfig,requesting nits when no mapping exists.]
02-09 05:38:35.587 I/am_wtf ( 1511): [0,1511,system_server,-1,DisplayDeviceConfig,requesting nits when no mapping exists.]
02-09 05:38:35.602 E/DisplayDeviceConfig( 1511): requesting nits when no mapping exists.
02-09 05:38:35.603 I/am_wtf ( 1511): [0,1511,system_server,-1,DisplayDeviceConfig,requesting nits when no mapping exists.]
02-09 05:38:35.603 E/DisplayDeviceConfig( 1511): requesting nits when no mapping exists.
02-09 05:38:35.604 I/am_wtf ( 1511): [0,1511,system_server,-1,DisplayDeviceConfig,requesting nits when no mapping exists.]
02-09 05:38:35.618 E/DisplayDeviceConfig( 1511): requesting nits when no mapping exists.
02-09 05:38:35.619 E/DisplayDeviceConfig( 1511): requesting nits when no mapping exists.
02-09 05:38:35.619 I/am_wtf ( 1511): [0,1511,system_server,-1,DisplayDeviceConfig,requesting nits when no mapping exists.]
02-09 05:38:35.620 I/am_wtf ( 1511): [0,1511,system_server,-1,DisplayDeviceConfig,requesting nits when no mapping exists.]
02-09 05:38:35.635 E/DisplayDeviceConfig( 1511): requesting nits when no mapping exists.
02-09 05:38:35.636 E/DisplayDeviceConfig( 1511): requesting nits when no mapping exists.
02-09 05:38:35.636 I/am_wtf ( 1511): [0,1511,system_server,-1,DisplayDeviceConfig,requesting nits when no mapping exists.]
02-09 05:38:35.637 I/am_wtf ( 1511): [0,1511,system_server,-1,DisplayDeviceConfig,requesting nits when no mapping exists.]
02-09 05:38:35.652 E/DisplayDeviceConfig( 1511): requesting nits when no mapping exists.
02-09 05:38:35.653 E/DisplayDeviceConfig( 1511): requesting nits when no mapping exists.
02-09 05:38:35.653 I/am_wtf ( 1511): [0,1511,system_server,-1,DisplayDeviceConfig,requesting nits when no mapping exists.]
02-09 05:38:35.654 I/am_wtf ( 1511): [0,1511,system_server,-1,DisplayDeviceConfig,requesting nits when no mapping exists.]
02-09 05:38:35.669 E/DisplayDeviceConfig( 1511): requesting nits when no mapping exists.
02-09 05:38:35.669 I/am_wtf ( 1511): [0,1511,system_server,-1,DisplayDeviceConfig,requesting nits when no mapping exists.]
02-09 05:38:35.669 E/DisplayDeviceConfig( 1511): requesting nits when no mapping exists.
02-09 05:38:35.670 I/am_wtf ( 1511): [0,1511,system_server,-1,DisplayDeviceConfig,requesting nits when no mapping exists.]
02-09 05:38:35.685 E/DisplayDeviceConfig( 1511): requesting nits when no mapping exists.
02-09 05:38:35.686 E/DisplayDeviceConfig( 1511): requesting nits when no mapping exists.
02-09 05:38:35.686 I/am_wtf ( 1511): [0,1511,system_server,-1,DisplayDeviceConfig,requesting nits when no mapping exists.]
02-09 05:38:35.687 I/am_wtf ( 1511): [0,1511,system_server,-1,DisplayDeviceConfig,requesting nits when no mapping exists.]
02-09 05:38:35.702 E/DisplayDeviceConfig( 1511): requesting nits when no mapping exists.
02-09 05:38:35.702 E/DisplayDeviceConfig( 1511): requesting nits when no mapping exists.
02-09 05:38:35.702 I/am_wtf ( 1511): [0,1511,system_server,-1,DisplayDeviceConfig,requesting nits when no mapping exists.]
02-09 05:38:35.703 I/am_wtf ( 1511): [0,1511,system_server,-1,DisplayDeviceConfig,requesting nits when no mapping exists.]
02-09 05:38:35.719 E/DisplayDeviceConfig( 1511): requesting nits when no mapping exists.
02-09 05:38:35.719 E/DisplayDeviceConfig( 1511): requesting nits when no mapping exists.
02-09 05:38:35.719 I/am_wtf ( 1511): [0,1511,system_server,-1,DisplayDeviceConfig,requesting nits when no mapping exists.]
02-09 05:38:35.720 I/am_wtf ( 1511): [0,1511,system_server,-1,DisplayDeviceConfig,requesting nits when no mapping exists.]
02-09 05:38:35.735 E/DisplayDeviceConfig( 1511): requesting nits when no mapping exists.
02-09 05:38:35.736 E/DisplayDeviceConfig( 1511): requesting nits when no mapping exists.
02-09 05:38:35.736 I/am_wtf ( 1511): [0,1511,system_server,-1,DisplayDeviceConfig,requesting nits when no mapping exists.]
02-09 05:38:35.737 I/am_wtf ( 1511): [0,1511,system_server,-1,DisplayDeviceConfig,requesting nits when no mapping exists.]
02-09 05:38:35.752 E/DisplayDeviceConfig( 1511): requesting nits when no mapping exists.
02-09 05:38:35.752 E/DisplayDeviceConfig( 1511): requesting nits when no mapping exists.
02-09 05:38:35.752 I/am_wtf ( 1511): [0,1511,system_server,-1,DisplayDeviceConfig,requesting nits when no mapping exists.]
02-09 05:38:35.753 I/am_wtf ( 1511): [0,1511,system_server,-1,DisplayDeviceConfig,requesting nits when no mapping exists.]
02-09 05:38:35.769 E/DisplayDeviceConfig( 1511): requesting nits when no mapping exists.
02-09 05:38:35.769 I/am_wtf ( 1511): [0,1511,system_server,-1,DisplayDeviceConfig,requesting nits when no mapping exists.]
02-09 05:38:35.769 E/DisplayDeviceConfig( 1511): requesting nits when no mapping exists.
02-09 05:38:35.770 I/am_wtf ( 1511): [0,1511,system_server,-1,DisplayDeviceConfig,requesting nits when no mapping exists.]
02-09 05:38:35.785 E/DisplayDeviceConfig( 1511): requesting nits when no mapping exists.
02-09 05:38:35.786 E/DisplayDeviceConfig( 1511): requesting nits when no mapping exists.
02-09 05:38:35.786 I/am_wtf ( 1511): [0,1511,system_server,-1,DisplayDeviceConfig,requesting nits when no mapping exists.]
02-09 05:38:35.787 I/am_wtf ( 1511): [0,1511,system_server,-1,DisplayDeviceConfig,requesting nits when no mapping exists.]
02-09 05:38:35.802 E/DisplayDeviceConfig( 1511): requesting nits when no mapping exists.
02-09 05:38:35.803 E/DisplayDeviceConfig( 1511): requesting nits when no mapping exists.
02-09 05:38:35.803 I/am_wtf ( 1511): [0,1511,system_server,-1,DisplayDeviceConfig,requesting nits when no mapping exists.]
02-09 05:38:35.803 I/am_wtf ( 1511): [0,1511,system_server,-1,DisplayDeviceConfig,requesting nits when no mapping exists.]
02-09 05:38:41.064 I/am_uid_idle( 1511): 10044
02-09 05:38:41.817 I/PowerManagerService( 1511): Napping display group (groupId=0, uid=1000)...
02-09 05:38:41.817 I/PowerManagerService( 1511): Nap time (uid 1000)...
02-09 05:38:41.820 I/DreamManagerService( 1511): Entering dreamland.
02-09 05:38:41.825 I/PowerManagerService( 1511): Dreaming...
02-09 05:38:41.828 I/DreamController( 1511): Starting dream: name=ComponentInfo{com.thundercomm.screensaver/com.thundercomm.saverclock.service.ClockScreensaver}, isTest=false, canDoze=false, userId=0
02-09 05:38:41.828 I/sysui_multi_action( 1511): [757,222,758,1]
02-09 05:38:41.831 I/am_uid_active( 1511): 10044
02-09 05:38:41.839 I/ActivityTaskManager( 1511): START u0 {flg=0x10000000 pkg=com.thundercomm.screensaver cmp=com.thundercomm.screensaver/android.service.dreams.DreamActivity (has extras)} from uid 10044
02-09 05:38:41.841 I/wm_task_created( 1511): [40,-1]
02-09 05:38:41.841 W/ActivityTaskManager( 1511): Can't find TaskDisplayArea to determine support for multi window. Task id=40 attached=false
02-09 05:38:41.846 I/wm_task_moved( 1511): [40,1,14]
02-09 05:38:41.846 I/wm_task_to_front( 1511): [0,40]
02-09 05:38:41.847 I/wm_create_task( 1511): [0,40]
02-09 05:38:41.847 I/wm_create_activity( 1511): [0,1937668,40,com.thundercomm.screensaver/android.service.dreams.DreamActivity,NULL,NULL,NULL,276824064]
02-09 05:38:41.847 I/wm_task_moved( 1511): [40,1,14]
02-09 05:38:41.847 I/wm_on_top_resumed_lost_called( 2559): [204923478,com.android.launcher3.uioverrides.QuickstepLauncher,topStateChangedWhenResumed]
02-09 05:38:41.847 I/wm_pause_activity( 1511): [0,204923478,com.android.launcher3/.uioverrides.QuickstepLauncher,userLeaving=true,pauseBackTasks]
02-09 05:38:41.849 I/wm_on_paused_called( 2559): [204923478,com.android.launcher3.uioverrides.QuickstepLauncher,performPause]
02-09 05:38:41.850 I/am_pss ( 1511): [7156,10095,com.tencent.qqmusicpad,63345664,35569664,0,160837632,0,4,10]
02-09 05:38:41.851 I/ActivityTaskManager( 1511): FOREGROUND_APPLICATION_CHANGED to android.service.dreams.DreamActivity
02-09 05:38:41.851 I/ActivityTaskManager( 1511): The Process com.thundercomm.screensaver Already Exists in BG. So sending its PID: 4907
02-09 05:38:41.851 W/ActivityTaskManager( 1511): Tried to set launchTime (0) < mLastActivityLaunchTime (4511914)
02-09 05:38:41.851 I/wm_add_to_stopping( 1511): [0,204923478,com.android.launcher3/.uioverrides.QuickstepLauncher,makeInvisible]
02-09 05:38:41.852 I/wm_restart_activity( 1511): [0,1937668,40,com.thundercomm.screensaver/android.service.dreams.DreamActivity]
02-09 05:38:41.853 I/wm_set_resumed_activity( 1511): [0,com.thundercomm.screensaver/android.service.dreams.DreamActivity,minimalResumeActivityLocked]
02-09 05:38:41.855 I/sysui_multi_action( 1511): [757,803,799,window_time_0,802,59]
02-09 05:38:41.857 I/wm_on_create_called( 4907): [1937668,android.service.dreams.DreamActivity,performCreate]
02-09 05:38:41.857 I/wm_on_start_called( 4907): [1937668,android.service.dreams.DreamActivity,handleStartActivity]
02-09 05:38:41.857 I/wm_on_resume_called( 4907): [1937668,android.service.dreams.DreamActivity,RESUME_ACTIVITY]
02-09 05:38:41.858 I/am_pss ( 1511): [6595,10088,com.android.music,35031040,26779648,3211264,124387328,0,4,7]
02-09 05:38:41.859 W/WindowManager( 1511): Failed looking up window session=Session{b333c54 4907:u0a10044} callers=com.android.server.wm.WindowManagerService.windowForClientLocked:5628 com.android.server.wm.Session.insetsModified:629 android.view.IWindowSession$Stub.onTransact:1151
