02-09 05:26:18.241 I/thunderperf( 1511): CompatConfig.addOverrideUnsafe: bef-state=1
02-09 05:26:18.241 I/thunderperf( 1511): CompatConfig.addOverrideUnsafe: aft-state=0
02-09 05:26:18.241 I/thunderperf( 1511): CompatConfig.addOverrideUnsafe: bef-state=1
02-09 05:26:18.241 I/thunderperf( 1511): CompatConfig.addOverrideUnsafe: aft-state=0
02-09 05:26:18.242 I/thunderperf( 1511): CompatConfig.addOverrideUnsafe: bef-state=1
02-09 05:26:18.242 I/thunderperf( 1511): CompatConfig.addOverrideUnsafe: aft-state=0
02-09 05:26:18.242 I/thunderperf( 1511): CompatConfig.addOverrideUnsafe: bef-state=1
02-09 05:26:18.242 I/thunderperf( 1511): CompatConfig.addOverrideUnsafe: aft-state=0
02-09 05:26:18.242 I/thunderperf( 1511): CompatConfig.addOverrideUnsafe: bef-state=1
02-09 05:26:18.242 I/thunderperf( 1511): CompatConfig.addOverrideUnsafe: aft-state=0
02-09 05:26:18.244 I/ActivityTaskManager( 1511): START u0 {act=android.intent.action.MAIN cat=[android.intent.category.LAUNCHER] flg=0x10200000 cmp=com.tencent.tmgp.sgame/.SGameActivity bnds=[1768,120][2044,382]} from uid 10073
02-09 05:26:18.244 I/wm_task_moved( 1511): [21,1,7]
02-09 05:26:18.244 I/wm_task_to_front( 1511): [0,21]
02-09 05:26:18.245 I/wm_focused_root_task( 1511): [0,0,21,1,bringingFoundTaskToFront]
02-09 05:26:18.245 I/wm_set_resumed_activity( 1511): [0,com.tencent.tmgp.sgame/.SGameActivity,bringingFoundTaskToFront]
02-09 05:26:18.245 I/wm_new_intent( 1511): [0,27840304,21,com.tencent.tmgp.sgame/.SGameActivity,android.intent.action.MAIN,NULL,NULL,270532608]
02-09 05:26:18.246 I/wm_pause_activity( 1511): [0,204923478,com.android.launcher3/.uioverrides.QuickstepLauncher,userLeaving=true,pauseBackTasks]
02-09 05:26:18.247 I/wm_on_top_resumed_lost_called( 2559): [204923478,com.android.launcher3.uioverrides.QuickstepLauncher,topStateChangedWhenResumed]
02-09 05:26:18.248 I/wm_on_paused_called( 2559): [204923478,com.android.launcher3.uioverrides.QuickstepLauncher,performPause]
02-09 05:26:18.249 I/ActivityTaskManager( 1511): FOREGROUND_APPLICATION_CHANGED to com.tencent.tmgp.sgame.SGameActivity
02-09 05:26:18.249 I/wm_set_resumed_activity( 1511): [0,com.tencent.tmgp.sgame/.SGameActivity,resumeTopActivityInnerLocked]
02-09 05:26:18.249 I/wm_add_to_stopping( 1511): [0,204923478,com.android.launcher3/.uioverrides.QuickstepLauncher,makeInvisible]
02-09 05:26:18.250 I/wm_resume_activity( 1511): [0,27840304,21,com.tencent.tmgp.sgame/.SGameActivity]
02-09 05:26:18.253 I/sysui_multi_action( 1511): [757,803,799,window_time_0,802,1]
02-09 05:26:18.256 W/ContextImpl( 2089): Calling a method in the system process without a qualified user: android.app.ContextImpl.startService:1816 android.content.ContextWrapper.startService:774 com.thundercomm.gamemode.ingame.services.GameModeActionUtils.startGameModeService:111 com.thundercomm.gamemode.ingame.services.GameModeActionUtils.startGameModeEntry:22 com.thundercomm.gamemode.ingame.services.ActivityMonitoringService$1.onActivityLaunch:139
02-09 05:26:18.258 I/GameModeConfig( 1511): Current uri is uri = content://com.thundercomm.gamemode.api/gamemode_settings/gamemode_isgaming
02-09 05:26:18.259 I/GameModeConfig( 1511): isGameModeOn = true
02-09 05:26:18.259 I/GameModeConfig( 1511): isGaming = true
02-09 05:26:18.259 I/GameModeConfig( 1511): isDisableNotification = true
02-09 05:26:18.259 I/GameModeConfig( 1511): isGameModeOn = true
02-09 05:26:18.259 I/GameModeConfig( 1511): isGaming = true
02-09 05:26:18.259 I/GameModeConfig( 1511): isDisableNotification = true
02-09 05:26:18.263 I/input_focus( 1511): [Focus leaving 584aa45 com.android.launcher3/com.android.launcher3.uioverrides.QuickstepLauncher (server),reason=NO_WINDOW]
02-09 05:26:18.264 D/CompatibilityChangeReporter( 1511): Compat change id reported: 168419799; UID 1000; state: DISABLED
02-09 05:26:18.265 I/input_focus( 1511): [Focus request 6e3bcfd com.tencent.tmgp.sgame/com.tencent.tmgp.sgame.SGameActivity,reason=UpdateInputWindows]
02-09 05:26:18.268 I/wm_on_restart_called( 5884): [27840304,com.tencent.tmgp.sgame.SGameActivity,performRestartActivity]
02-09 05:26:18.268 I/wm_on_start_called( 5884): [27840304,com.tencent.tmgp.sgame.SGameActivity,handleStartActivity]
02-09 05:26:18.269 I/wm_on_resume_called( 5884): [27840304,com.tencent.tmgp.sgame.SGameActivity,RESUME_ACTIVITY]
02-09 05:26:18.269 I/wm_on_top_resumed_gained_called( 5884): [27840304,com.tencent.tmgp.sgame.SGameActivity,topWhenResuming]
02-09 05:26:18.278 I/DisplayDeviceRepository( 1511): Display device changed: DisplayDeviceInfo{"内置屏幕": uniqueId="local:4630946370410392961", 2380 x 1020, modeId 3, defaultModeId 1, supportedModes [{id=1, width=2380, height=1020, fps=60.000004, alternativeRefreshRates=[30.000002, 45.0]}, {id=2, width=2380, height=1020, fps=45.0, alternativeRefreshRates=[30.000002, 60.000004]}, {id=3, width=2380, height=1020, fps=30.000002, alternativeRefreshRates=[45.0, 60.000004]}], colorMode 0, supportedColorModes [0], hdrCapabilities HdrCapabilities{mSupportedHdrTypes=[2, 3, 4], mMaxLuminance=500.0, mMaxAverageLuminance=500.0, mMinLuminance=0.0}, allmSupported false, gameContentTypeSupported false, density 240, 319.851 x 319.851 dpi, appVsyncOff 1000000, presDeadline 33333333, touch INTERNAL, rotation 0, type INTERNAL, address {port=129, model=0x40446d3026322d}, deviceProductInfo DeviceProductInfo{name=, manufacturerPnpId=QCM, productId=1, modelYear=null, manufactureDate=ManufactureDate{week=27, year=2006}, connectionToSinkType=0}, state ON, frameRateOverride , brightnessMinimum 0.0, brightnessMaximum 1.0, brightnessDefault 1.0, FLAG_DEFAULT_DISPLAY, FLAG_ROTATES_WITH_CONTENT, FLAG_SECURE, FLAG_SUPPORTS_PROTECTED_BUFFERS}
02-09 05:26:18.282 I/sysui_multi_action( 1511): [319,13,321,12,322,37,325,3873,757,761,758,9,759,4,806,com.tencent.tmgp.sgame,871,com.tencent.tmgp.sgame.SGameActivity,904,com.android.launcher3,905,0,1320,4,1321,4]
02-09 05:26:18.297 I/input_focus( 1511): [Focus entering 6e3bcfd com.tencent.tmgp.sgame/com.tencent.tmgp.sgame.SGameActivity (server),reason=Window became focusable. Previous reason: NOT_VISIBLE]
02-09 05:26:18.353 W/ContextImpl( 2089): Calling a method in the system process without a qualified user: android.app.ContextImpl.startService:1816 android.content.ContextWrapper.startService:774 com.thundercomm.gamemode.ingame.services.GameModeActionUtils.startGameModeService:111 com.thundercomm.gamemode.ingame.services.GameModeActionUtils.startGameModeEntry:22 com.thundercomm.gamemode.ingame.services.ActivityMonitoringService$1.onActivityLaunch:139
02-09 05:26:18.355 I/GameModeConfig( 1511): Current uri is uri = content://com.thundercomm.gamemode.api/gamemode_settings/gamemode_isgaming
02-09 05:26:18.355 I/GameModeConfig( 1511): isGameModeOn = true
02-09 05:26:18.355 I/GameModeConfig( 1511): isGaming = true
02-09 05:26:18.355 I/GameModeConfig( 1511): isDisableNotification = true
02-09 05:26:18.355 I/GameModeConfig( 1511): isGameModeOn = true
02-09 05:26:18.355 I/GameModeConfig( 1511): isGaming = true
02-09 05:26:18.355 I/GameModeConfig( 1511): isDisableNotification = true
02-09 05:26:18.457 I/commit_sys_config_file( 1511): [settings-1-0,1]
02-09 05:26:18.806 I/wm_stop_activity( 1511): [0,204923478,com.android.launcher3/.uioverrides.QuickstepLauncher]
02-09 05:26:18.870 I/wm_on_stop_called( 2559): [204923478,com.android.launcher3.uioverrides.QuickstepLauncher,STOP_ACTIVITY_ITEM]
02-09 05:26:18.874 W/ContextImpl( 2089): Calling a method in the system process without a qualified user: android.app.ContextImpl.startService:1816 android.content.ContextWrapper.startService:774 com.thundercomm.gamemode.ingame.services.GameModeActionUtils.startGameModeService:111 com.thundercomm.gamemode.ingame.services.GameModeActionUtils.startGameModeEntry:22 com.thundercomm.gamemode.ingame.services.ActivityMonitoringService$1.onActivityLaunch:139
02-09 05:26:18.875 I/GameModeConfig( 1511): Current uri is uri = content://com.thundercomm.gamemode.api/gamemode_settings/gamemode_isgaming
02-09 05:26:18.876 I/GameModeConfig( 1511): isGameModeOn = true
02-09 05:26:18.876 I/GameModeConfig( 1511): isGaming = true
02-09 05:26:18.876 I/GameModeConfig( 1511): isDisableNotification = true
02-09 05:26:18.876 I/GameModeConfig( 1511): isGameModeOn = true
02-09 05:26:18.876 I/GameModeConfig( 1511): isGaming = true
02-09 05:26:18.876 I/GameModeConfig( 1511): isDisableNotification = true
02-09 05:26:20.001 I/input_interaction( 1511): Interaction with: 6e3bcfd com.tencent.tmgp.sgame/com.tencent.tmgp.sgame.SGameActivity (server), edge-swipe (server), swipe-up (server), PointerEventDispatcher0 (server),
02-09 05:26:20.004 W/FreeFormWindowHelper( 1511): Current Display FreeFormTask is null
02-09 05:26:20.004 I/wm_task_moved( 1511): [1,0,0]
02-09 05:26:20.005 I/wm_task_moved( 1511): [1,0,6]
02-09 05:26:20.010 W/ContextImpl( 2089): Calling a method in the system process without a qualified user: android.app.ContextImpl.startService:1816 android.content.ContextWrapper.startService:774 com.thundercomm.gamemode.ingame.services.GameModeActionUtils.startGameModeService:111 com.thundercomm.gamemode.ingame.services.GameModeActionUtils.startGameModeEntry:22 com.thundercomm.gamemode.ingame.services.ActivityMonitoringService$1.onActivityLaunch:139
02-09 05:26:20.011 I/GameModeConfig( 1511): Current uri is uri = content://com.thundercomm.gamemode.api/gamemode_settings/gamemode_isgaming
02-09 05:26:20.012 I/GameModeConfig( 1511): isGameModeOn = true
02-09 05:26:20.012 I/GameModeConfig( 1511): isGaming = true
02-09 05:26:20.012 I/GameModeConfig( 1511): isDisableNotification = true
02-09 05:26:20.012 I/GameModeConfig( 1511): isGameModeOn = true
02-09 05:26:20.012 I/GameModeConfig( 1511): isGaming = true
02-09 05:26:20.012 I/GameModeConfig( 1511): isDisableNotification = true
02-09 05:26:20.031 I/wm_on_restart_called( 2559): [204923478,com.android.launcher3.uioverrides.QuickstepLauncher,performRestartActivity]
02-09 05:26:20.031 W/FreeFormWindowHelper( 1511): Current Display FreeFormTask is null
02-09 05:26:20.032 W/FreeFormWindowHelper( 1511): Current Display FreeFormTask is null
02-09 05:26:20.043 I/wm_on_start_called( 2559): [204923478,com.android.launcher3.uioverrides.QuickstepLauncher,handleStartActivity]
02-09 05:26:20.046 W/ActivityTaskManager( 1511): getTaskSnapshot: taskId=1021 not found
02-09 05:26:20.046 W/ActivityTaskManager( 1511): getTaskSnapshot: taskId=2021 not found
02-09 05:26:20.047 W/ActivityTaskManager( 1511): getTaskSnapshot: taskId=3021 not found
02-09 05:26:20.047 W/ActivityTaskManager( 1511): getTaskSnapshot: taskId=4021 not found
02-09 05:26:20.068 W/FreeFormWindowHelper( 1511): Current Display FreeFormTask is null
02-09 05:26:20.069 W/FreeFormWindowHelper( 1511): Current Display FreeFormTask is null
02-09 05:26:20.069 W/ActivityTaskManager( 1511): getTaskSnapshot: taskId=1021 not found
02-09 05:26:20.069 W/ActivityTaskManager( 1511): getTaskSnapshot: taskId=2021 not found
02-09 05:26:20.069 W/ActivityTaskManager( 1511): getTaskSnapshot: taskId=3021 not found
02-09 05:26:20.069 W/ActivityTaskManager( 1511): getTaskSnapshot: taskId=4021 not found
02-09 05:26:20.073 I/sysui_multi_action( 1511): [319,3,322,68,325,3875,757,761,758,9,759,5,806,com.android.launcher3,871,com.android.launcher3.uioverrides.QuickstepLauncher,905,0,1320,4,1321,1]
02-09 05:26:20.133 W/FreeFormWindowHelper( 1511): Current Display FreeFormTask is null
02-09 05:26:20.133 W/FreeFormWindowHelper( 1511): Current Display FreeFormTask is null
02-09 05:26:20.150 I/view_enqueue_input_event( 5884): [Motion - Cancel,com.tencent.tmgp.sgame/com.tencent.tmgp.sgame.SGameActivity]
02-09 05:26:20.152 I/sysui_latency( 2559): [1,69]
02-09 05:26:20.152 I/input_focus( 1511): [Focus request recents_animation_input_consumer,reason=UpdateInputWindows]
02-09 05:26:20.164 I/input_interaction( 1511): Interaction with: edge-swipe (server), swipe-up (server), PointerEventDispatcher0 (server),
02-09 05:26:20.166 W/FreeFormWindowHelper( 1511): Current Display FreeFormTask is null
02-09 05:26:20.167 W/FreeFormWindowHelper( 1511): Current Display FreeFormTask is null
02-09 05:26:20.168 W/FreeFormWindowHelper( 1511): Current Display FreeFormTask is null
02-09 05:26:20.168 W/FreeFormWindowHelper( 1511): Current Display FreeFormTask is null
02-09 05:26:20.168 W/FreeFormWindowHelper( 1511): Current Display FreeFormTask is null
02-09 05:26:20.169 W/ActivityTaskManager( 1511): getTaskSnapshot: taskId=1021 not found
02-09 05:26:20.200 W/FreeFormWindowHelper( 1511): Current Display FreeFormTask is null
02-09 05:26:20.200 W/FreeFormWindowHelper( 1511): Current Display FreeFormTask is null
02-09 05:26:20.201 I/input_focus( 1511): [Focus leaving 6e3bcfd com.tencent.tmgp.sgame/com.tencent.tmgp.sgame.SGameActivity (server),reason=NOT_FOCUSABLE]
02-09 05:26:20.201 I/input_focus( 1511): [Focus entering recents_animation_input_consumer (server),reason=setFocusedWindow]
02-09 05:26:20.234 W/FreeFormWindowHelper( 1511): Current Display FreeFormTask is null
02-09 05:26:20.234 W/FreeFormWindowHelper( 1511): Current Display FreeFormTask is null
02-09 05:26:20.244 I/commit_sys_config_file( 1511): [settings-1-0,1]
02-09 05:26:20.374 I/sysui_latency( 1511): [8,71]
02-09 05:26:20.523 W/FreeFormWindowHelper( 1511): Current Display FreeFormTask is null
02-09 05:26:20.523 W/FreeFormWindowHelper( 1511): Current Display FreeFormTask is null
02-09 05:26:20.523 W/FreeFormWindowHelper( 1511): Current Display FreeFormTask is null
02-09 05:26:20.869 I/wm_task_moved( 1511): [1,1,7]
02-09 05:26:20.870 I/wm_focused_root_task( 1511): [0,0,1,21,RecentsAnimation.onAnimationFinished()]
02-09 05:26:20.870 I/wm_on_top_resumed_lost_called( 5884): [27840304,com.tencent.tmgp.sgame.SGameActivity,topStateChangedWhenResumed]
02-09 05:26:20.871 I/wm_pause_activity( 1511): [0,27840304,com.tencent.tmgp.sgame/.SGameActivity,userLeaving=false,pauseBackTasks]
02-09 05:26:20.872 I/ActivityTaskManager( 1511): FOREGROUND_APPLICATION_CHANGED to com.android.launcher3.uioverrides.QuickstepLauncher
02-09 05:26:20.872 I/wm_set_resumed_activity( 1511): [0,com.android.launcher3/.uioverrides.QuickstepLauncher,resumeTopActivityInnerLocked]
02-09 05:26:20.873 I/wm_resume_activity( 1511): [0,204923478,8,com.android.launcher3/.uioverrides.QuickstepLauncher]
02-09 05:26:20.873 I/wm_add_to_stopping( 1511): [0,27840304,com.tencent.tmgp.sgame/.SGameActivity,makeInvisible]
02-09 05:26:20.874 I/wm_on_resume_called( 2559): [204923478,com.android.launcher3.uioverrides.QuickstepLauncher,RESUME_ACTIVITY]
02-09 05:26:20.876 I/input_focus( 1511): [Focus request 584aa45 com.android.launcher3/com.android.launcher3.uioverrides.QuickstepLauncher,reason=UpdateInputWindows]
02-09 05:26:20.877 I/wm_on_paused_called( 5884): [27840304,com.tencent.tmgp.sgame.SGameActivity,performPause]
02-09 05:26:20.877 I/sysui_multi_action( 1511): [757,803,799,window_time_0,802,3]
02-09 05:26:20.878 I/wm_stop_activity( 1511): [0,27840304,com.tencent.tmgp.sgame/.SGameActivity]
02-09 05:26:20.880 I/sysui_multi_action( 1511): [757,803,799,window_time_0,802,0]
02-09 05:26:20.904 W/FreeFormWindowHelper( 1511): Current Display FreeFormTask is null
02-09 05:26:20.904 W/FreeFormWindowHelper( 1511): Current Display FreeFormTask is null
02-09 05:26:20.904 I/input_focus( 1511): [Focus leaving recents_animation_input_consumer (server),reason=NOT_VISIBLE]
02-09 05:26:20.904 I/input_focus( 1511): [Focus entering 584aa45 com.android.launcher3/com.android.launcher3.uioverrides.QuickstepLauncher (server),reason=setFocusedWindow]
02-09 05:26:20.905 W/FreeFormWindowHelper( 1511): Current Display FreeFormTask is null
02-09 05:26:20.911 I/wm_on_stop_called( 5884): [27840304,com.tencent.tmgp.sgame.SGameActivity,STOP_ACTIVITY_ITEM]
02-09 05:26:20.915 I/wm_on_top_resumed_gained_called( 2559): [204923478,com.android.launcher3.uioverrides.QuickstepLauncher,topStateChangedWhenResumed]
02-09 05:26:20.936 W/FreeFormWindowHelper( 1511): Current Display FreeFormTask is null
02-09 05:26:20.936 W/FreeFormWindowHelper( 1511): Current Display FreeFormTask is null
02-09 05:26:20.943 W/ContextImpl( 2089): Calling a method in the system process without a qualified user: android.app.ContextImpl.startService:1816 android.content.ContextWrapper.startService:774 com.thundercomm.gamemode.ingame.services.GameModeActionUtils.startGameModeService:111 com.thundercomm.gamemode.ingame.services.GameModeActionUtils.startGameModeEntry:22 com.thundercomm.gamemode.ingame.services.ActivityMonitoringService$1.onActivityLaunch:139
02-09 05:26:20.946 I/GameModeConfig( 1511): Current uri is uri = content://com.thundercomm.gamemode.api/gamemode_settings/gamemode_isgaming
02-09 05:26:20.946 I/GameModeConfig( 1511): isGameModeOn = true
02-09 05:26:20.946 I/GameModeConfig( 1511): isGaming = false
02-09 05:26:20.947 I/GameModeConfig( 1511): isGameModeOn = true
02-09 05:26:20.947 I/GameModeConfig( 1511): isGaming = false
02-09 05:26:20.947 I/GameModeConfig( 1511): isDisableVoice = true
02-09 05:26:20.979 W/ContextImpl( 2089): Calling a method in the system process without a qualified user: android.app.ContextImpl.startService:1816 android.content.ContextWrapper.startService:774 com.thundercomm.gamemode.ingame.services.GameModeActionUtils.startGameModeService:111 com.thundercomm.gamemode.ingame.services.GameModeActionUtils.startGameModeEntry:22 com.thundercomm.gamemode.ingame.services.ActivityMonitoringService$1.onActivityLaunch:139
02-09 05:26:20.980 I/GameModeConfig( 1511): Current uri is uri = content://com.thundercomm.gamemode.api/gamemode_settings/gamemode_isgaming
02-09 05:26:20.981 I/GameModeConfig( 1511): isGameModeOn = true
02-09 05:26:20.981 I/GameModeConfig( 1511): isGaming = false
02-09 05:26:20.981 I/GameModeConfig( 1511): isGameModeOn = true
02-09 05:26:20.981 I/GameModeConfig( 1511): isGaming = false
02-09 05:26:20.981 I/GameModeConfig( 1511): isDisableVoice = true
02-09 05:26:21.018 I/DisplayDeviceRepository( 1511): Display device changed: DisplayDeviceInfo{"内置屏幕": uniqueId="local:4630946370410392961", 2380 x 1020, modeId 1, defaultModeId 1, supportedModes [{id=1, width=2380, height=1020, fps=60.000004, alternativeRefreshRates=[30.000002, 45.0]}, {id=2, width=2380, height=1020, fps=45.0, alternativeRefreshRates=[30.000002, 60.000004]}, {id=3, width=2380, height=1020, fps=30.000002, alternativeRefreshRates=[45.0, 60.000004]}], colorMode 0, supportedColorModes [0], hdrCapabilities HdrCapabilities{mSupportedHdrTypes=[2, 3, 4], mMaxLuminance=500.0, mMaxAverageLuminance=500.0, mMinLuminance=0.0}, allmSupported false, gameContentTypeSupported false, density 240, 319.851 x 319.851 dpi, appVsyncOff 1000000, presDeadline 16666666, touch INTERNAL, rotation 0, type INTERNAL, address {port=129, model=0x40446d3026322d}, deviceProductInfo DeviceProductInfo{name=, manufacturerPnpId=QCM, productId=1, modelYear=null, manufactureDate=ManufactureDate{week=27, year=2006}, connectionToSinkType=0}, state ON, frameRateOverride , brightnessMinimum 0.0, brightnessMaximum 1.0, brightnessDefault 1.0, FLAG_DEFAULT_DISPLAY, FLAG_ROTATES_WITH_CONTENT, FLAG_SECURE, FLAG_SUPPORTS_PROTECTED_BUFFERS}
02-09 05:26:21.113 I/commit_sys_config_file( 1511): [settings-1-0,2]
02-09 05:26:21.251 E/TaskPersister( 1511): File error accessing recents directory (directory doesn't exist?).
02-09 05:26:21.884 I/input_interaction( 1511): Interaction with: 584aa45 com.android.launcher3/com.android.launcher3.uioverrides.QuickstepLauncher (server), 4aad3d7 com.android.systemui.ImageWallpaper (server), edge-swipe (server), swipe-up (server), PointerEventDispatcher0 (server),
02-09 05:26:22.047 I/wm_task_moved( 1511): [1,1,7]
02-09 05:26:22.047 I/wm_set_resumed_activity( 1511): [0,com.android.launcher3/.uioverrides.QuickstepLauncher,positionChildAt]
02-09 05:26:22.048 I/wm_task_moved( 1511): [14,1,7]
02-09 05:26:22.048 I/wm_task_to_front( 1511): [0,14]
02-09 05:26:22.048 I/wm_focused_root_task( 1511): [0,0,14,1,moveTaskToFront findTaskToMoveToFront]
02-09 05:26:22.048 I/wm_set_resumed_activity( 1511): [0,com.android.settings/.Settings,moveTaskToFront findTaskToMoveToFront]
02-09 05:26:22.048 I/wm_pause_activity( 1511): [0,204923478,com.android.launcher3/.uioverrides.QuickstepLauncher,userLeaving=true,pauseBackTasks]
02-09 05:26:22.050 I/wm_on_top_resumed_lost_called( 2559): [204923478,com.android.launcher3.uioverrides.QuickstepLauncher,topStateChangedWhenResumed]
02-09 05:26:22.051 I/wm_on_paused_called( 2559): [204923478,com.android.launcher3.uioverrides.QuickstepLauncher,performPause]
02-09 05:26:22.052 I/ActivityTaskManager( 1511): FOREGROUND_APPLICATION_CHANGED to com.android.settings.homepage.SettingsHomepageActivity
02-09 05:26:22.053 I/wm_set_resumed_activity( 1511): [0,com.android.settings/.Settings,resumeTopActivityInnerLocked]
02-09 05:26:22.053 I/wm_add_to_stopping( 1511): [0,204923478,com.android.launcher3/.uioverrides.QuickstepLauncher,makeInvisible]
02-09 05:26:22.054 I/wm_resume_activity( 1511): [0,71928698,14,com.android.settings/.Settings]
02-09 05:26:22.061 I/wm_on_restart_called( 6427): [71928698,com.android.settings.Settings,performRestartActivity]
02-09 05:26:22.061 I/sysui_multi_action( 1511): [757,803,799,window_time_0,802,1]
02-09 05:26:22.064 W/ContextImpl( 2089): Calling a method in the system process without a qualified user: android.app.ContextImpl.startService:1816 android.content.ContextWrapper.startService:774 com.thundercomm.gamemode.ingame.services.GameModeActionUtils.startGameModeService:111 com.thundercomm.gamemode.ingame.services.GameModeActionUtils.startGameModeEntry:22 com.thundercomm.gamemode.ingame.services.ActivityMonitoringService$1.onActivityLaunch:139
02-09 05:26:22.065 I/GameModeConfig( 1511): Current uri is uri = content://com.thundercomm.gamemode.api/gamemode_settings/gamemode_isgaming
02-09 05:26:22.065 I/wm_on_start_called( 6427): [71928698,com.android.settings.Settings,handleStartActivity]
02-09 05:26:22.066 I/snet_event_log( 6427): [120484087,-1,]
02-09 05:26:22.066 I/GameModeConfig( 1511): isGameModeOn = true
02-09 05:26:22.066 I/GameModeConfig( 1511): isGaming = false
02-09 05:26:22.066 I/wm_on_resume_called( 6427): [71928698,com.android.settings.Settings,RESUME_ACTIVITY]
02-09 05:26:22.066 I/GameModeConfig( 1511): isGameModeOn = true
02-09 05:26:22.066 I/GameModeConfig( 1511): isGaming = false
02-09 05:26:22.066 I/GameModeConfig( 1511): isDisableVoice = true
02-09 05:26:22.067 I/sysui_multi_action( 6427): [757,3000,758,1,833,0,1089,0]
02-09 05:26:22.067 I/sysui_multi_action( 6427): [757,35,758,1,833,0,1089,0]
02-09 05:26:22.069 I/wm_on_top_resumed_gained_called( 6427): [71928698,com.android.settings.Settings,topWhenResuming]
02-09 05:26:22.073 I/input_focus( 1511): [Focus leaving 584aa45 com.android.launcher3/com.android.launcher3.uioverrides.QuickstepLauncher (server),reason=NO_WINDOW]
02-09 05:26:22.075 I/input_focus( 1511): [Focus request 27d7408 com.android.settings/com.android.settings.Settings,reason=UpdateInputWindows]
02-09 05:26:22.083 I/sysui_multi_action( 1511): [319,11,321,9,322,33,325,3877,757,761,758,9,759,4,806,com.android.settings,871,com.android.settings.Settings,904,com.android.launcher3,905,0,1320,4,1321,1]
02-09 05:26:22.090 I/input_focus( 1511): [Focus entering 27d7408 com.android.settings/com.android.settings.Settings (server),reason=setFocusedWindow]
02-09 05:26:22.157 W/ContextImpl( 2089): Calling a method in the system process without a qualified user: android.app.ContextImpl.startService:1816 android.content.ContextWrapper.startService:774 com.thundercomm.gamemode.ingame.services.GameModeActionUtils.startGameModeService:111 com.thundercomm.gamemode.ingame.services.GameModeActionUtils.startGameModeEntry:22 com.thundercomm.gamemode.ingame.services.ActivityMonitoringService$1.onActivityLaunch:139
02-09 05:26:22.158 I/GameModeConfig( 1511): Current uri is uri = content://com.thundercomm.gamemode.api/gamemode_settings/gamemode_isgaming
02-09 05:26:22.159 I/GameModeConfig( 1511): isGameModeOn = true
02-09 05:26:22.159 I/GameModeConfig( 1511): isGaming = false
02-09 05:26:22.159 I/GameModeConfig( 1511): isGameModeOn = true
02-09 05:26:22.159 I/GameModeConfig( 1511): isGaming = false
02-09 05:26:22.159 I/GameModeConfig( 1511): isDisableVoice = true
02-09 05:26:22.407 I/wm_stop_activity( 1511): [0,204923478,com.android.launcher3/.uioverrides.QuickstepLauncher]
02-09 05:26:22.424 W/FreeFormWindowHelper( 1511): Current Display FreeFormTask is null
02-09 05:26:22.424 W/FreeFormWindowHelper( 1511): Current Display FreeFormTask is null
02-09 05:26:22.425 W/FreeFormWindowHelper( 1511): exitRecentTasks type=0
02-09 05:26:22.428 I/wm_on_stop_called( 2559): [204923478,com.android.launcher3.uioverrides.QuickstepLauncher,STOP_ACTIVITY_ITEM]
02-09 05:26:22.442 W/ContextImpl( 2089): Calling a method in the system process without a qualified user: android.app.ContextImpl.startService:1816 android.content.ContextWrapper.startService:774 com.thundercomm.gamemode.ingame.services.GameModeActionUtils.startGameModeService:111 com.thundercomm.gamemode.ingame.services.GameModeActionUtils.startGameModeEntry:22 com.thundercomm.gamemode.ingame.services.ActivityMonitoringService$1.onActivityLaunch:139
02-09 05:26:22.443 I/GameModeConfig( 1511): Current uri is uri = content://com.thundercomm.gamemode.api/gamemode_settings/gamemode_isgaming
02-09 05:26:22.444 I/GameModeConfig( 1511): isGameModeOn = true
02-09 05:26:22.444 I/GameModeConfig( 1511): isGaming = false
02-09 05:26:22.444 I/GameModeConfig( 1511): isGameModeOn = true
02-09 05:26:22.444 I/GameModeConfig( 1511): isGaming = false
02-09 05:26:22.444 I/GameModeConfig( 1511): isDisableVoice = true
02-09 05:26:22.791 I/input_interaction( 1511): Interaction with: 27d7408 com.android.settings/com.android.settings.Settings (server), edge-swipe (server), swipe-up (server), PointerEventDispatcher0 (server),
02-09 05:26:22.929 I/GameModeConfig( 1511): Current uri is uri = content://com.thundercomm.gamemode.api/gamemode_settings/gamemode_enable
02-09 05:26:22.929 I/GameModeConfig( 1511): isGameModeOn = false
02-09 05:26:22.929 I/GameModeConfig( 1511): isGameModeOn = false
02-09 05:26:22.929 I/GameModeConfig( 1511): isDisableVoice = true
02-09 05:26:25.055 E/TaskPersister( 1511): File error accessing recents directory (directory doesn't exist?).
02-09 05:26:25.118 W/FreeFormWindowHelper( 1511): Current Display FreeFormTask is null
02-09 05:26:25.118 I/wm_task_moved( 1511): [1,0,0]
02-09 05:26:25.118 I/wm_task_moved( 1511): [1,0,6]
02-09 05:26:25.124 W/ContextImpl( 2089): Calling a method in the system process without a qualified user: android.app.ContextImpl.startService:1816 android.content.ContextWrapper.startService:774 com.thundercomm.gamemode.ingame.services.GameModeActionUtils.startGameModeService:111 com.thundercomm.gamemode.ingame.services.GameModeActionUtils.startGameModeEntry:22 com.thundercomm.gamemode.ingame.services.ActivityMonitoringService$1.onActivityLaunch:139
02-09 05:26:25.126 I/GameModeConfig( 1511): Current uri is uri = content://com.thundercomm.gamemode.api/gamemode_settings/gamemode_isgaming
02-09 05:26:25.126 I/GameModeConfig( 1511): isGameModeOn = false
02-09 05:26:25.126 I/GameModeConfig( 1511): isGameModeOn = false
02-09 05:26:25.126 I/GameModeConfig( 1511): isDisableVoice = true
02-09 05:26:25.129 I/wm_on_restart_called( 2559): [204923478,com.android.launcher3.uioverrides.QuickstepLauncher,performRestartActivity]
02-09 05:26:25.130 W/FreeFormWindowHelper( 1511): Current Display FreeFormTask is null
02-09 05:26:25.130 W/FreeFormWindowHelper( 1511): Current Display FreeFormTask is null
02-09 05:26:25.130 W/FreeFormWindowHelper( 1511): Current Display FreeFormTask is null
02-09 05:26:25.141 I/wm_on_start_called( 2559): [204923478,com.android.launcher3.uioverrides.QuickstepLauncher,handleStartActivity]
02-09 05:26:25.144 W/ActivityTaskManager( 1511): getTaskSnapshot: taskId=1014 not found
02-09 05:26:25.145 W/ActivityTaskManager( 1511): getTaskSnapshot: taskId=2014 not found
02-09 05:26:25.146 W/ActivityTaskManager( 1511): getTaskSnapshot: taskId=3014 not found
02-09 05:26:25.147 W/ActivityTaskManager( 1511): getTaskSnapshot: taskId=4014 not found
02-09 05:26:25.149 W/FreeFormWindowHelper( 1511): Current Display FreeFormTask is null
02-09 05:26:25.149 W/FreeFormWindowHelper( 1511): Current Display FreeFormTask is null
02-09 05:26:25.149 W/ActivityTaskManager( 1511): getTaskSnapshot: taskId=1014 not found
02-09 05:26:25.149 W/ActivityTaskManager( 1511): getTaskSnapshot: taskId=2014 not found
02-09 05:26:25.149 W/ActivityTaskManager( 1511): getTaskSnapshot: taskId=3014 not found
02-09 05:26:25.150 W/ActivityTaskManager( 1511): getTaskSnapshot: taskId=4014 not found
02-09 05:26:25.154 I/sysui_multi_action( 1511): [319,3,322,34,325,3880,757,761,758,9,759,5,806,com.android.launcher3,871,com.android.launcher3.uioverrides.QuickstepLauncher,905,0,1320,4,1321,1]
02-09 05:26:25.156 I/view_enqueue_input_event( 6427): [Motion - Cancel,com.android.settings/com.android.settings.Settings]
02-09 05:26:25.158 I/sysui_latency( 2559): [1,35]
02-09 05:26:25.158 I/input_focus( 1511): [Focus request recents_animation_input_consumer,reason=UpdateInputWindows]
02-09 05:26:25.162 W/FreeFormWindowHelper( 1511): Current Display FreeFormTask is null
02-09 05:26:25.163 W/FreeFormWindowHelper( 1511): Current Display FreeFormTask is null
02-09 05:26:25.163 W/FreeFormWindowHelper( 1511): Current Display FreeFormTask is null
02-09 05:26:25.163 W/FreeFormWindowHelper( 1511): Current Display FreeFormTask is null
02-09 05:26:25.164 W/FreeFormWindowHelper( 1511): Current Display FreeFormTask is null
02-09 05:26:25.165 W/ActivityTaskManager( 1511): getTaskSnapshot: taskId=1014 not found
02-09 05:26:25.168 I/input_interaction( 1511): Interaction with: edge-swipe (server), swipe-up (server), PointerEventDispatcher0 (server),
02-09 05:26:25.179 W/FreeFormWindowHelper( 1511): Current Display FreeFormTask is null
02-09 05:26:25.179 W/FreeFormWindowHelper( 1511): Current Display FreeFormTask is null
02-09 05:26:25.180 I/input_focus( 1511): [Focus leaving 27d7408 com.android.settings/com.android.settings.Settings (server),reason=NOT_FOCUSABLE]
02-09 05:26:25.180 I/input_focus( 1511): [Focus entering recents_animation_input_consumer (server),reason=setFocusedWindow]
02-09 05:26:25.196 W/FreeFormWindowHelper( 1511): Current Display FreeFormTask is null
02-09 05:26:25.196 W/FreeFormWindowHelper( 1511): Current Display FreeFormTask is null
02-09 05:26:25.342 I/commit_sys_config_file( 1511): [settings-1-0,1]
02-09 05:26:25.454 I/sysui_latency( 1511): [8,37]
02-09 05:26:27.135 W/FreeFormWindowHelper( 1511): Current Display FreeFormTask is null
02-09 05:26:27.135 W/FreeFormWindowHelper( 1511): Current Display FreeFormTask is null
02-09 05:26:27.135 W/FreeFormWindowHelper( 1511): Current Display FreeFormTask is null
02-09 05:26:27.436 I/wm_task_moved( 1511): [1,1,7]
02-09 05:26:27.437 I/wm_focused_root_task( 1511): [0,0,1,14,RecentsAnimation.onAnimationFinished()]
02-09 05:26:27.437 I/wm_on_top_resumed_lost_called( 6427): [71928698,com.android.settings.Settings,topStateChangedWhenResumed]
02-09 05:26:27.438 I/wm_pause_activity( 1511): [0,71928698,com.android.settings/.Settings,userLeaving=false,pauseBackTasks]
02-09 05:26:27.438 I/ActivityTaskManager( 1511): FOREGROUND_APPLICATION_CHANGED to com.android.launcher3.uioverrides.QuickstepLauncher
02-09 05:26:27.439 I/wm_set_resumed_activity( 1511): [0,com.android.launcher3/.uioverrides.QuickstepLauncher,resumeTopActivityInnerLocked]
02-09 05:26:27.439 I/wm_resume_activity( 1511): [0,204923478,8,com.android.launcher3/.uioverrides.QuickstepLauncher]
02-09 05:26:27.439 I/wm_add_to_stopping( 1511): [0,71928698,com.android.settings/.Settings,makeInvisible]
02-09 05:26:27.439 I/wm_on_resume_called( 2559): [204923478,com.android.launcher3.uioverrides.QuickstepLauncher,RESUME_ACTIVITY]
02-09 05:26:27.441 I/input_focus( 1511): [Focus request 584aa45 com.android.launcher3/com.android.launcher3.uioverrides.QuickstepLauncher,reason=UpdateInputWindows]
02-09 05:26:27.442 W/FreeFormWindowHelper( 1511): Current Display FreeFormTask is null
02-09 05:26:27.443 W/FreeFormWindowHelper( 1511): Current Display FreeFormTask is null
02-09 05:26:27.443 I/sysui_multi_action( 6427): [757,3000,758,2,1089,5376]
02-09 05:26:27.443 I/wm_stop_activity( 1511): [0,71928698,com.android.settings/.Settings]
02-09 05:26:27.443 W/FreeFormWindowHelper( 1511): Current Display FreeFormTask is null
02-09 05:26:27.443 I/sysui_multi_action( 1511): [757,803,799,window_time_0,802,5]
02-09 05:26:27.443 I/sysui_multi_action( 6427): [757,35,758,2,1089,5376]
02-09 05:26:27.444 I/wm_on_paused_called( 6427): [71928698,com.android.settings.Settings,performPause]
02-09 05:26:27.445 I/sysui_multi_action( 1511): [757,803,799,window_time_0,802,0]
02-09 05:26:27.449 I/wm_on_stop_called( 6427): [71928698,com.android.settings.Settings,STOP_ACTIVITY_ITEM]
02-09 05:26:27.453 I/input_focus( 1511): [Focus leaving recents_animation_input_consumer (server),reason=NOT_VISIBLE]
02-09 05:26:27.453 W/FreeFormWindowHelper( 1511): Current Display FreeFormTask is null
02-09 05:26:27.453 W/FreeFormWindowHelper( 1511): Current Display FreeFormTask is null
02-09 05:26:27.456 I/wm_on_top_resumed_gained_called( 2559): [204923478,com.android.launcher3.uioverrides.QuickstepLauncher,topStateChangedWhenResumed]
02-09 05:26:27.463 W/ContextImpl( 2089): Calling a method in the system process without a qualified user: android.app.ContextImpl.startService:1816 android.content.ContextWrapper.startService:774 com.thundercomm.gamemode.ingame.services.GameModeActionUtils.startGameModeService:111 com.thundercomm.gamemode.ingame.services.GameModeActionUtils.startGameModeEntry:22 com.thundercomm.gamemode.ingame.services.ActivityMonitoringService$1.onActivityLaunch:139
02-09 05:26:27.465 I/GameModeConfig( 1511): Current uri is uri = content://com.thundercomm.gamemode.api/gamemode_settings/gamemode_isgaming
02-09 05:26:27.465 I/GameModeConfig( 1511): isGameModeOn = false
02-09 05:26:27.465 I/GameModeConfig( 1511): isGameModeOn = false
02-09 05:26:27.465 I/GameModeConfig( 1511): isDisableVoice = true
02-09 05:26:27.469 I/input_focus( 1511): [Focus entering 584aa45 com.android.launcher3/com.android.launcher3.uioverrides.QuickstepLauncher (server),reason=setFocusedWindow]
02-09 05:26:27.543 W/ContextImpl( 2089): Calling a method in the system process without a qualified user: android.app.ContextImpl.startService:1816 android.content.ContextWrapper.startService:774 com.thundercomm.gamemode.ingame.services.GameModeActionUtils.startGameModeService:111 com.thundercomm.gamemode.ingame.services.GameModeActionUtils.startGameModeEntry:22 com.thundercomm.gamemode.ingame.services.ActivityMonitoringService$1.onActivityLaunch:139
02-09 05:26:27.544 I/GameModeConfig( 1511): Current uri is uri = content://com.thundercomm.gamemode.api/gamemode_settings/gamemode_isgaming
02-09 05:26:27.545 I/GameModeConfig( 1511): isGameModeOn = false
02-09 05:26:27.545 I/GameModeConfig( 1511): isGameModeOn = false
02-09 05:26:27.545 I/GameModeConfig( 1511): isDisableVoice = true
02-09 05:26:27.651 I/commit_sys_config_file( 1511): [settings-1-0,2]
02-09 05:26:28.349 I/input_interaction( 1511): Interaction with: 584aa45 com.android.launcher3/com.android.launcher3.uioverrides.QuickstepLauncher (server), 4aad3d7 com.android.systemui.ImageWallpaper (server), edge-swipe (server), swipe-up (server), PointerEventDispatcher0 (server),
02-09 05:26:28.414 I/am_uid_idle( 1511): 10044
02-09 05:26:28.499 I/wm_task_moved( 1511): [1,1,7]
02-09 05:26:28.499 I/wm_set_resumed_activity( 1511): [0,com.android.launcher3/.uioverrides.QuickstepLauncher,positionChildAt]
02-09 05:26:28.499 I/wm_task_moved( 1511): [21,1,7]
02-09 05:26:28.499 I/wm_task_to_front( 1511): [0,21]
02-09 05:26:28.499 I/wm_focused_root_task( 1511): [0,0,21,1,moveTaskToFront findTaskToMoveToFront]
02-09 05:26:28.499 I/wm_set_resumed_activity( 1511): [0,com.tencent.tmgp.sgame/.SGameActivity,moveTaskToFront findTaskToMoveToFront]
02-09 05:26:28.499 I/wm_pause_activity( 1511): [0,204923478,com.android.launcher3/.uioverrides.QuickstepLauncher,userLeaving=true,pauseBackTasks]
02-09 05:26:28.501 I/wm_on_top_resumed_lost_called( 2559): [204923478,com.android.launcher3.uioverrides.QuickstepLauncher,topStateChangedWhenResumed]
02-09 05:26:28.502 I/wm_on_paused_called( 2559): [204923478,com.android.launcher3.uioverrides.QuickstepLauncher,performPause]
02-09 05:26:28.503 I/ActivityTaskManager( 1511): FOREGROUND_APPLICATION_CHANGED to com.tencent.tmgp.sgame.SGameActivity
02-09 05:26:28.503 I/wm_set_resumed_activity( 1511): [0,com.tencent.tmgp.sgame/.SGameActivity,resumeTopActivityInnerLocked]
02-09 05:26:28.503 I/wm_add_to_stopping( 1511): [0,204923478,com.android.launcher3/.uioverrides.QuickstepLauncher,makeInvisible]
02-09 05:26:28.504 I/wm_resume_activity( 1511): [0,27840304,21,com.tencent.tmgp.sgame/.SGameActivity]
02-09 05:26:28.515 I/input_focus( 1511): [Focus request 6e3bcfd com.tencent.tmgp.sgame/com.tencent.tmgp.sgame.SGameActivity,reason=UpdateInputWindows]
02-09 05:26:28.516 I/sysui_multi_action( 1511): [757,803,799,window_time_0,802,1]
02-09 05:26:28.517 W/ContextImpl( 2089): Calling a method in the system process without a qualified user: android.app.ContextImpl.startService:1816 android.content.ContextWrapper.startService:774 com.thundercomm.gamemode.ingame.services.GameModeActionUtils.startGameModeService:111 com.thundercomm.gamemode.ingame.services.GameModeActionUtils.startGameModeEntry:22 com.thundercomm.gamemode.ingame.services.ActivityMonitoringService$1.onActivityLaunch:139
02-09 05:26:28.519 I/wm_on_restart_called( 5884): [27840304,com.tencent.tmgp.sgame.SGameActivity,performRestartActivity]
02-09 05:26:28.519 I/wm_on_start_called( 5884): [27840304,com.tencent.tmgp.sgame.SGameActivity,handleStartActivity]
02-09 05:26:28.520 I/wm_on_resume_called( 5884): [27840304,com.tencent.tmgp.sgame.SGameActivity,RESUME_ACTIVITY]
02-09 05:26:28.520 I/wm_on_top_resumed_gained_called( 5884): [27840304,com.tencent.tmgp.sgame.SGameActivity,topWhenResuming]
02-09 05:26:28.523 I/input_focus( 1511): [Focus leaving 584aa45 com.android.launcher3/com.android.launcher3.uioverrides.QuickstepLauncher (server),reason=NO_WINDOW]
02-09 05:26:28.524 I/sysui_multi_action( 1511): [319,11,321,10,322,24,325,3883,757,761,758,9,759,4,806,com.tencent.tmgp.sgame,871,com.tencent.tmgp.sgame.SGameActivity,904,com.android.launcher3,905,0,1320,4,1321,4]
02-09 05:26:28.525 I/GameModeConfig( 1511): Current uri is uri = content://com.thundercomm.gamemode.api/gamemode_settings/gamemode_isgaming
02-09 05:26:28.525 I/GameModeConfig( 1511): isGameModeOn = false
02-09 05:26:28.525 I/GameModeConfig( 1511): isGameModeOn = false
02-09 05:26:28.525 I/GameModeConfig( 1511): isDisableVoice = true
02-09 05:26:28.539 I/input_focus( 1511): [Focus entering 6e3bcfd com.tencent.tmgp.sgame/com.tencent.tmgp.sgame.SGameActivity (server),reason=Window became focusable. Previous reason: NOT_VISIBLE]
02-09 05:26:28.607 W/ContextImpl( 2089): Calling a method in the system process without a qualified user: android.app.ContextImpl.startService:1816 android.content.ContextWrapper.startService:774 com.thundercomm.gamemode.ingame.services.GameModeActionUtils.startGameModeService:111 com.thundercomm.gamemode.ingame.services.GameModeActionUtils.startGameModeEntry:22 com.thundercomm.gamemode.ingame.services.ActivityMonitoringService$1.onActivityLaunch:139
02-09 05:26:28.608 I/GameModeConfig( 1511): Current uri is uri = content://com.thundercomm.gamemode.api/gamemode_settings/gamemode_isgaming
02-09 05:26:28.609 I/GameModeConfig( 1511): isGameModeOn = false
02-09 05:26:28.609 I/GameModeConfig( 1511): isGameModeOn = false
02-09 05:26:28.609 I/GameModeConfig( 1511): isDisableVoice = true
02-09 05:26:28.857 I/wm_stop_activity( 1511): [0,204923478,com.android.launcher3/.uioverrides.QuickstepLauncher]
02-09 05:26:28.871 W/FreeFormWindowHelper( 1511): Current Display FreeFormTask is null
02-09 05:26:28.871 W/FreeFormWindowHelper( 1511): Current Display FreeFormTask is null
02-09 05:26:28.872 W/FreeFormWindowHelper( 1511): exitRecentTasks type=0
02-09 05:26:28.876 I/wm_on_stop_called( 2559): [204923478,com.android.launcher3.uioverrides.QuickstepLauncher,STOP_ACTIVITY_ITEM]
02-09 05:26:28.892 W/ContextImpl( 2089): Calling a method in the system process without a qualified user: android.app.ContextImpl.startService:1816 android.content.ContextWrapper.startService:774 com.thundercomm.gamemode.ingame.services.GameModeActionUtils.startGameModeService:111 com.thundercomm.gamemode.ingame.services.GameModeActionUtils.startGameModeEntry:22 com.thundercomm.gamemode.ingame.services.ActivityMonitoringService$1.onActivityLaunch:139
02-09 05:26:28.893 I/GameModeConfig( 1511): Current uri is uri = content://com.thundercomm.gamemode.api/gamemode_settings/gamemode_isgaming
02-09 05:26:28.894 I/GameModeConfig( 1511): isGameModeOn = false
02-09 05:26:28.894 I/GameModeConfig( 1511): isGameModeOn = false
02-09 05:26:28.894 I/GameModeConfig( 1511): isDisableVoice = true
02-09 05:26:31.505 E/TaskPersister( 1511): File error accessing recents directory (directory doesn't exist?).
02-09 05:26:44.034 D/ActivityManager( 1511): freezing 6208 com.android.music
02-09 05:26:44.034 E/ActivityManager( 1511): Unable to freeze binder for 6208 com.android.music
02-09 05:26:44.035 D/ActivityManager( 1511): froze 6208 com.android.music
02-09 05:26:44.035 I/am_freeze( 1511): [6208,com.android.music]
02-09 05:26:44.036 E/ActivityManager( 1511): Unable to freeze binder for 6208 com.android.music
02-09 05:26:44.037 I/ActivityManager( 1511): Killing 6208:com.android.music/u0a88 (adj 955): Unable to freeze binder interface
02-09 05:26:44.038 I/am_kill ( 1511): [0,6208,com.android.music,955,Unable to freeze binder interface]
02-09 05:26:44.069 I/am_proc_died( 1511): [0,6208,com.android.music,955,19]
02-09 05:26:44.070 I/am_uid_stopped( 1511): 10088
02-09 05:26:44.075 I/am_uid_running( 1511): 10088
02-09 05:26:44.075 D/CompatibilityChangeReporter( 1511): Compat change id reported: 135634846; UID 10088; state: DISABLED
02-09 05:26:44.075 D/CompatibilityChangeReporter( 1511): Compat change id reported: 177438394; UID 10088; state: DISABLED
02-09 05:26:44.075 D/CompatibilityChangeReporter( 1511): Compat change id reported: 135772972; UID 10088; state: DISABLED
02-09 05:26:44.076 D/CompatibilityChangeReporter( 1511): Compat change id reported: 135754954; UID 10088; state: ENABLED
02-09 05:26:44.076 D/ActivityManager( 1511): freezing 6209 com.android.gallery3d
02-09 05:26:44.076 E/ActivityManager( 1511): Unable to freeze binder for 6209 com.android.gallery3d
02-09 05:26:44.076 D/CompatibilityChangeReporter( 1511): Compat change id reported: 143937733; UID 10088; state: ENABLED
02-09 05:26:44.077 D/ActivityManager( 1511): froze 6209 com.android.gallery3d
02-09 05:26:44.077 I/am_freeze( 1511): [6209,com.android.gallery3d]
02-09 05:26:44.077 E/ActivityManager( 1511): Unable to freeze binder for 6209 com.android.gallery3d
02-09 05:26:44.078 I/am_pss ( 1511): [6503,10083,com.qualcomm.qti.qccauthmgr,6645760,4288512,0,93634560,0,19,6]
02-09 05:26:44.078 I/ActivityManager( 1511): Killing 6209:com.android.gallery3d/u0a64 (adj 945): Unable to freeze binder interface
02-09 05:26:44.078 I/am_kill ( 1511): [0,6209,com.android.gallery3d,945,Unable to freeze binder interface]
02-09 05:26:44.083 I/am_proc_start( 1511): [0,6595,10088,com.android.music,NULL,]
02-09 05:26:44.083 I/ActivityManager( 1511): Start proc 6595:com.android.music/u0a88 for null
02-09 05:26:44.084 I/am_pss ( 1511): [6428,10067,com.android.deskclock,9085952,6037504,0,94818304,0,19,5]
02-09 05:26:44.090 I/am_pss ( 1511): [6435,10065,com.android.calendar,6914048,4866048,0,90300416,0,19,5]
02-09 05:26:44.097 I/am_proc_died( 1511): [0,6209,com.android.gallery3d,945,19]
02-09 05:26:44.097 I/am_uid_stopped( 1511): 10064
02-09 05:26:44.116 I/am_proc_bound( 1511): [0,6595,com.android.music]
02-09 05:26:44.117 D/CompatibilityChangeReporter( 1511): Compat change id reported: 168419799; UID 10088; state: DISABLED
02-09 05:26:49.488 I/am_uid_idle( 1511): 10083
02-09 05:26:59.343 I/input_interaction( 1511): Interaction with: 6e3bcfd com.tencent.tmgp.sgame/com.tencent.tmgp.sgame.SGameActivity (server), edge-swipe (server), swipe-up (server), PointerEventDispatcher0 (server),
02-09 05:26:59.357 W/FreeFormWindowHelper( 1511): Current Display FreeFormTask is null
02-09 05:26:59.358 I/wm_task_moved( 1511): [1,0,0]
02-09 05:26:59.358 I/wm_task_moved( 1511): [1,0,6]
02-09 05:26:59.372 I/wm_on_restart_called( 2559): [204923478,com.android.launcher3.uioverrides.QuickstepLauncher,performRestartActivity]
02-09 05:26:59.374 W/FreeFormWindowHelper( 1511): Current Display FreeFormTask is null
02-09 05:26:59.374 W/FreeFormWindowHelper( 1511): Current Display FreeFormTask is null
02-09 05:26:59.375 W/FreeFormWindowHelper( 1511): Current Display FreeFormTask is null
02-09 05:26:59.382 W/ContextImpl( 2089): Calling a method in the system process without a qualified user: android.app.ContextImpl.startService:1816 android.content.ContextWrapper.startService:774 com.thundercomm.gamemode.ingame.services.GameModeActionUtils.startGameModeService:111 com.thundercomm.gamemode.ingame.services.GameModeActionUtils.startGameModeEntry:22 com.thundercomm.gamemode.ingame.services.ActivityMonitoringService$1.onActivityLaunch:139
02-09 05:26:59.392 I/GameModeConfig( 1511): Current uri is uri = content://com.thundercomm.gamemode.api/gamemode_settings/gamemode_isgaming
02-09 05:26:59.392 I/wm_on_start_called( 2559): [204923478,com.android.launcher3.uioverrides.QuickstepLauncher,handleStartActivity]
02-09 05:26:59.397 I/GameModeConfig( 1511): isGameModeOn = false
02-09 05:26:59.397 I/GameModeConfig( 1511): isGameModeOn = false
02-09 05:26:59.397 I/GameModeConfig( 1511): isDisableVoice = true
02-09 05:26:59.399 W/ActivityTaskManager( 1511): getTaskSnapshot: taskId=1021 not found
02-09 05:26:59.401 W/ActivityTaskManager( 1511): getTaskSnapshot: taskId=2021 not found
02-09 05:26:59.402 W/ActivityTaskManager( 1511): getTaskSnapshot: taskId=3021 not found
02-09 05:26:59.403 W/FreeFormWindowHelper( 1511): Current Display FreeFormTask is null
02-09 05:26:59.403 W/ActivityTaskManager( 1511): getTaskSnapshot: taskId=4021 not found
02-09 05:26:59.404 W/FreeFormWindowHelper( 1511): Current Display FreeFormTask is null
02-09 05:26:59.404 W/ActivityTaskManager( 1511): getTaskSnapshot: taskId=1021 not found
02-09 05:26:59.404 W/ActivityTaskManager( 1511): getTaskSnapshot: taskId=2021 not found
02-09 05:26:59.405 W/ActivityTaskManager( 1511): getTaskSnapshot: taskId=3021 not found
02-09 05:26:59.405 W/ActivityTaskManager( 1511): getTaskSnapshot: taskId=4021 not found
02-09 05:26:59.411 W/FreeFormWindowHelper( 1511): Current Display FreeFormTask is null
02-09 05:26:59.411 W/FreeFormWindowHelper( 1511): Current Display FreeFormTask is null
02-09 05:26:59.416 I/sysui_multi_action( 1511): [319,13,322,52,325,3914,757,761,758,9,759,5,806,com.android.launcher3,871,com.android.launcher3.uioverrides.QuickstepLauncher,905,0,1320,4,1321,1]
02-09 05:26:59.423 I/view_enqueue_input_event( 5884): [Motion - Cancel,com.tencent.tmgp.sgame/com.tencent.tmgp.sgame.SGameActivity]
02-09 05:26:59.425 I/sysui_latency( 2559): [1,62]
02-09 05:26:59.426 I/input_focus( 1511): [Focus request recents_animation_input_consumer,reason=UpdateInputWindows]
02-09 05:26:59.428 W/FreeFormWindowHelper( 1511): Current Display FreeFormTask is null
02-09 05:26:59.429 W/FreeFormWindowHelper( 1511): Current Display FreeFormTask is null
02-09 05:26:59.430 W/FreeFormWindowHelper( 1511): Current Display FreeFormTask is null
02-09 05:26:59.431 W/FreeFormWindowHelper( 1511): Current Display FreeFormTask is null
02-09 05:26:59.432 W/FreeFormWindowHelper( 1511): Current Display FreeFormTask is null
02-09 05:26:59.434 W/ActivityTaskManager( 1511): getTaskSnapshot: taskId=1021 not found
02-09 05:26:59.437 I/input_interaction( 1511): Interaction with: edge-swipe (server), swipe-up (server), PointerEventDispatcher0 (server),
02-09 05:26:59.445 W/FreeFormWindowHelper( 1511): Current Display FreeFormTask is null
02-09 05:26:59.445 W/FreeFormWindowHelper( 1511): Current Display FreeFormTask is null
02-09 05:26:59.446 I/input_focus( 1511): [Focus leaving 6e3bcfd com.tencent.tmgp.sgame/com.tencent.tmgp.sgame.SGameActivity (server),reason=NOT_FOCUSABLE]
02-09 05:26:59.446 I/input_focus( 1511): [Focus entering recents_animation_input_consumer (server),reason=setFocusedWindow]
02-09 05:26:59.463 W/FreeFormWindowHelper( 1511): Current Display FreeFormTask is null
02-09 05:26:59.463 W/FreeFormWindowHelper( 1511): Current Display FreeFormTask is null
02-09 05:26:59.592 I/commit_sys_config_file( 1511): [settings-1-0,4]
02-09 05:26:59.671 I/service_manager_stats( 1511): [100,43,79821]
02-09 05:26:59.712 I/sysui_latency( 1511): [8,62]
02-09 05:26:59.867 W/FreeFormWindowHelper( 1511): Current Display FreeFormTask is null
02-09 05:26:59.867 W/FreeFormWindowHelper( 1511): Current Display FreeFormTask is null
02-09 05:26:59.868 W/FreeFormWindowHelper( 1511): Current Display FreeFormTask is null
02-09 05:27:00.189 I/wm_task_moved( 1511): [1,1,7]
02-09 05:27:00.194 I/wm_focused_root_task( 1511): [0,0,1,21,RecentsAnimation.onAnimationFinished()]
02-09 05:27:00.194 I/wm_on_top_resumed_lost_called( 5884): [27840304,com.tencent.tmgp.sgame.SGameActivity,topStateChangedWhenResumed]
02-09 05:27:00.196 I/wm_pause_activity( 1511): [0,27840304,com.tencent.tmgp.sgame/.SGameActivity,userLeaving=false,pauseBackTasks]
02-09 05:27:00.199 I/ActivityTaskManager( 1511): FOREGROUND_APPLICATION_CHANGED to com.android.launcher3.uioverrides.QuickstepLauncher
02-09 05:27:00.200 I/wm_set_resumed_activity( 1511): [0,com.android.launcher3/.uioverrides.QuickstepLauncher,resumeTopActivityInnerLocked]
02-09 05:27:00.201 I/wm_resume_activity( 1511): [0,204923478,8,com.android.launcher3/.uioverrides.QuickstepLauncher]
02-09 05:27:00.202 I/wm_add_to_stopping( 1511): [0,27840304,com.tencent.tmgp.sgame/.SGameActivity,makeInvisible]
