02-09 05:31:06.508 E/thunderperf( 1511): CompatConfig.addOverrideUnsafe: exception:java.lang.SecurityException: Cannot override a change on a non-debuggable app and user build.
02-09 05:31:06.508 I/thunderperf( 1511): CompatConfig.addOverrideUnsafe: aft-state=1
02-09 05:31:06.509 I/thunderperf( 1511): CompatConfig.addOverrideUnsafe: bef-state=1
02-09 05:31:06.509 E/thunderperf( 1511): CompatConfig.addOverrideUnsafe: exception:java.lang.SecurityException: Cannot override a change on a non-debuggable app and user build.
02-09 05:31:06.509 I/thunderperf( 1511): CompatConfig.addOverrideUnsafe: aft-state=1
02-09 05:31:06.510 I/thunderperf( 1511): CompatConfig.addOverrideUnsafe: bef-state=1
02-09 05:31:06.510 E/thunderperf( 1511): CompatConfig.addOverrideUnsafe: exception:java.lang.SecurityException: Cannot override a change on a non-debuggable app and user build.
02-09 05:31:06.510 I/thunderperf( 1511): CompatConfig.addOverrideUnsafe: aft-state=1
02-09 05:31:06.511 I/thunderperf( 1511): CompatConfig.addOverrideUnsafe: bef-state=1
02-09 05:31:06.511 E/thunderperf( 1511): CompatConfig.addOverrideUnsafe: exception:java.lang.SecurityException: Cannot override a change on a non-debuggable app and user build.
02-09 05:31:06.511 I/thunderperf( 1511): CompatConfig.addOverrideUnsafe: aft-state=1
02-09 05:31:06.512 I/thunderperf( 1511): CompatConfig.addOverrideUnsafe: bef-state=1
02-09 05:31:06.512 E/thunderperf( 1511): CompatConfig.addOverrideUnsafe: exception:java.lang.SecurityException: Cannot override a change on a non-debuggable app and user build.
02-09 05:31:06.512 I/thunderperf( 1511): CompatConfig.addOverrideUnsafe: aft-state=1
02-09 05:31:06.513 I/thunderperf( 1511): CompatConfig.addOverrideUnsafe: bef-state=1
02-09 05:31:06.513 E/thunderperf( 1511): CompatConfig.addOverrideUnsafe: exception:java.lang.SecurityException: Cannot override a change on a non-debuggable app and user build.
02-09 05:31:06.513 I/thunderperf( 1511): CompatConfig.addOverrideUnsafe: aft-state=1
02-09 05:31:06.519 I/ActivityTaskManager( 1511): START u0 {act=android.intent.action.MAIN cat=[android.intent.category.LAUNCHER] flg=0x10200000 cmp=com.tencent.lolm/.lgame bnds=[664,382][940,644]} from uid 10073
02-09 05:31:06.528 I/wm_task_created( 1511): [29,-1]
02-09 05:31:06.528 W/ActivityTaskManager( 1511): Can't find TaskDisplayArea to determine support for multi window. Task id=29 attached=false
02-09 05:31:06.530 D/CompatibilityChangeReporter( 1511): Compat change id reported: 174042980; UID 10097; state: DISABLED
02-09 05:31:06.530 D/CompatibilityChangeReporter( 1511): Compat change id reported: 184838306; UID 10097; state: DISABLED
02-09 05:31:06.530 D/CompatibilityChangeReporter( 1511): Compat change id reported: 185004937; UID 10097; state: DISABLED
02-09 05:31:06.530 D/CompatibilityChangeReporter( 1511): Compat change id reported: 181136395; UID 10097; state: DISABLED
02-09 05:31:06.531 D/CompatibilityChangeReporter( 1511): Compat change id reported: 174042936; UID 10097; state: DISABLED
02-09 05:31:06.531 I/wm_task_moved( 1511): [29,1,8]
02-09 05:31:06.531 I/wm_task_to_front( 1511): [0,29]
02-09 05:31:06.531 I/wm_create_task( 1511): [0,29]
02-09 05:31:06.531 I/wm_create_activity( 1511): [0,195377410,29,com.tencent.lolm/.lgame,android.intent.action.MAIN,NULL,NULL,270532608]
02-09 05:31:06.531 I/wm_task_moved( 1511): [29,1,8]
02-09 05:31:06.532 I/wm_pause_activity( 1511): [0,204923478,com.android.launcher3/.uioverrides.QuickstepLauncher,userLeaving=true,pauseBackTasks]
02-09 05:31:06.534 I/wm_on_top_resumed_lost_called( 2559): [204923478,com.android.launcher3.uioverrides.QuickstepLauncher,topStateChangedWhenResumed]
02-09 05:31:06.535 I/wm_on_paused_called( 2559): [204923478,com.android.launcher3.uioverrides.QuickstepLauncher,performPause]
02-09 05:31:06.534 I/am_uid_running( 1511): 10097
02-09 05:31:06.535 I/ActivityTaskManager( 1511): FOREGROUND_APPLICATION_CHANGED to com.tencent.lolm.lgame
02-09 05:31:06.545 I/wm_add_to_stopping( 1511): [0,204923478,com.android.launcher3/.uioverrides.QuickstepLauncher,makeInvisible]
02-09 05:31:06.547 D/CompatibilityChangeReporter( 1511): Compat change id reported: 135634846; UID 10097; state: DISABLED
02-09 05:31:06.547 D/CompatibilityChangeReporter( 1511): Compat change id reported: 177438394; UID 10097; state: DISABLED
02-09 05:31:06.547 D/CompatibilityChangeReporter( 1511): Compat change id reported: 135772972; UID 10097; state: DISABLED
02-09 05:31:06.547 D/CompatibilityChangeReporter( 1511): Compat change id reported: 135754954; UID 10097; state: DISABLED
02-09 05:31:06.547 D/CompatibilityChangeReporter( 1511): Compat change id reported: 143937733; UID 10097; state: DISABLED
02-09 05:31:06.548 I/sysui_multi_action( 1511): [757,803,799,window_time_0,802,2]
02-09 05:31:06.553 I/am_proc_start( 1511): [0,6754,10097,com.tencent.lolm,pre-top-activity,{com.tencent.lolm/com.tencent.lolm.lgame}]
02-09 05:31:06.553 I/ActivityManager( 1511): Start proc 6754:com.tencent.lolm/u0a97 for pre-top-activity {com.tencent.lolm/com.tencent.lolm.lgame}
02-09 05:31:06.553 W/ContextImpl( 1511): Calling a method in the system process without a qualified user: android.app.ContextImpl.sendBroadcast:1173 com.qualcomm.qti.Performance$SendGameLaunchBroadcast.run:217 java.lang.Thread.run:920
02-09 05:31:06.568 I/am_proc_bound( 1511): [0,6754,com.tencent.lolm]
02-09 05:31:06.570 I/wm_restart_activity( 1511): [0,195377410,29,com.tencent.lolm/.lgame]
02-09 05:31:06.570 I/wm_set_resumed_activity( 1511): [0,com.tencent.lolm/.lgame,minimalResumeActivityLocked]
02-09 05:31:06.571 I/am_uid_active( 1511): 10097
02-09 05:31:06.574 I/input_focus( 1511): [Focus leaving 584aa45 com.android.launcher3/com.android.launcher3.uioverrides.QuickstepLauncher (server),reason=NO_WINDOW]
02-09 05:31:06.576 W/ContextImpl( 2089): Calling a method in the system process without a qualified user: android.app.ContextImpl.startService:1816 android.content.ContextWrapper.startService:774 com.thundercomm.gamemode.ingame.services.GameModeActionUtils.startGameModeService:111 com.thundercomm.gamemode.ingame.services.GameModeActionUtils.startGameModeEntry:22 com.thundercomm.gamemode.ingame.services.ActivityMonitoringService$1.onActivityLaunch:139
02-09 05:31:06.580 I/GameModeConfig( 1511): Current uri is uri = content://com.thundercomm.gamemode.api/gamemode_settings/gamemode_isgaming
02-09 05:31:06.581 I/GameModeConfig( 1511): isGameModeOn = false
02-09 05:31:06.582 I/GameModeConfig( 1511): isGameModeOn = false
02-09 05:31:06.582 I/GameModeConfig( 1511): isDisableVoice = true
02-09 05:31:06.583 I/auditd ( 6754): type=1400 audit(0.0:1117): avc: denied { read } for comm="om.tencent.lolm" name="tcp" dev="proc" ino=4026532265 scontext=u:r:untrusted_app_29:s0:c97,c256,c512,c768 tcontext=u:object_r:proc_net_tcp_udp:s0 tclass=file permissive=0 app=com.tencent.lolm
02-09 05:31:06.583 I/auditd ( 6754): type=1400 audit(0.0:1118): avc: denied { read } for comm="om.tencent.lolm" name="tcp6" dev="proc" ino=4026533096 scontext=u:r:untrusted_app_29:s0:c97,c256,c512,c768 tcontext=u:object_r:proc_net_tcp_udp:s0 tclass=file permissive=0 app=com.tencent.lolm
02-09 05:31:06.583 I/auditd ( 6754): type=1400 audit(0.0:1119): avc: denied { read } for comm="om.tencent.lolm" name="tcp" dev="proc" ino=4026532265 scontext=u:r:untrusted_app_29:s0:c97,c256,c512,c768 tcontext=u:object_r:proc_net_tcp_udp:s0 tclass=file permissive=0 app=com.tencent.lolm
02-09 05:31:06.583 I/auditd ( 6754): type=1400 audit(0.0:1120): avc: denied { read } for comm="om.tencent.lolm" name="tcp6" dev="proc" ino=4026533096 scontext=u:r:untrusted_app_29:s0:c97,c256,c512,c768 tcontext=u:object_r:proc_net_tcp_udp:s0 tclass=file permissive=0 app=com.tencent.lolm
02-09 05:31:06.647 W/ContextImpl( 2089): Calling a method in the system process without a qualified user: android.app.ContextImpl.startService:1816 android.content.ContextWrapper.startService:774 com.thundercomm.gamemode.ingame.services.GameModeActionUtils.startGameModeService:111 com.thundercomm.gamemode.ingame.services.GameModeActionUtils.startGameModeEntry:22 com.thundercomm.gamemode.ingame.services.ActivityMonitoringService$1.onActivityLaunch:139
02-09 05:31:06.649 I/GameModeConfig( 1511): Current uri is uri = content://com.thundercomm.gamemode.api/gamemode_settings/gamemode_isgaming
02-09 05:31:06.649 I/GameModeConfig( 1511): isGameModeOn = false
02-09 05:31:06.649 I/GameModeConfig( 1511): isGameModeOn = false
02-09 05:31:06.649 I/GameModeConfig( 1511): isDisableVoice = true
02-09 05:31:06.663 D/ActivityThread( 6754): Loading provider com.tencent.lolm.XG_SETTINGS_PROVIDER: com.tencent.tpns.baseapi.base.SettingsContentProvider
02-09 05:31:06.705 D/TelephonyRegistry( 1511): listen oscl: mHasNotifySubscriptionInfoChangedOccurred==false no callback
02-09 05:31:06.706 W/ActivityManager( 1511): Receiver with filter android.content.IntentFilter@a9520ae already registered for pid 6754, callerPackage is com.tencent.lolm
02-09 05:31:06.711 I/wm_on_create_called( 6754): [195377410,com.tencent.lolm.lgame,performCreate]
02-09 05:31:06.711 I/wm_on_start_called( 6754): [195377410,com.tencent.lolm.lgame,handleStartActivity]
02-09 05:31:06.712 I/wm_on_resume_called( 6754): [195377410,com.tencent.lolm.lgame,RESUME_ACTIVITY]
02-09 05:31:06.715 W/WindowManager( 1511): Failed looking up window session=Session{acb29dc 6754:u0a10097} callers=com.android.server.wm.WindowManagerService.windowForClientLocked:5628 com.android.server.wm.Session.insetsModified:629 android.view.IWindowSession$Stub.onTransact:1151
02-09 05:31:06.716 I/wm_on_top_resumed_gained_called( 6754): [195377410,com.tencent.lolm.lgame,topStateChangedWhenResumed]
02-09 05:31:06.728 I/input_focus( 1511): [Focus request d9699ba com.tencent.lolm/com.tencent.lolm.lgame,reason=UpdateInputWindows]
02-09 05:31:06.744 I/sysui_multi_action( 1511): [319,44,321,42,322,223,325,4161,757,761,758,7,759,1,806,com.tencent.lolm,871,com.tencent.lolm.lgame,904,com.android.launcher3,905,0,945,50,1320,4,1321,4]
02-09 05:31:06.744 I/wm_activity_launch_time( 1511): [0,195377410,com.tencent.lolm/.lgame,223]
02-09 05:31:06.757 I/input_focus( 1511): [Focus entering d9699ba com.tencent.lolm/com.tencent.lolm.lgame (server),reason=Window became focusable. Previous reason: NOT_VISIBLE]
02-09 05:31:07.092 I/wm_stop_activity( 1511): [0,204923478,com.android.launcher3/.uioverrides.QuickstepLauncher]
02-09 05:31:07.110 I/wm_on_stop_called( 2559): [204923478,com.android.launcher3.uioverrides.QuickstepLauncher,STOP_ACTIVITY_ITEM]
02-09 05:31:07.131 W/ContextImpl( 2089): Calling a method in the system process without a qualified user: android.app.ContextImpl.startService:1816 android.content.ContextWrapper.startService:774 com.thundercomm.gamemode.ingame.services.GameModeActionUtils.startGameModeService:111 com.thundercomm.gamemode.ingame.services.GameModeActionUtils.startGameModeEntry:22 com.thundercomm.gamemode.ingame.services.ActivityMonitoringService$1.onActivityLaunch:139
02-09 05:31:07.133 I/GameModeConfig( 1511): Current uri is uri = content://com.thundercomm.gamemode.api/gamemode_settings/gamemode_isgaming
02-09 05:31:07.134 I/GameModeConfig( 1511): isGameModeOn = false
02-09 05:31:07.134 I/GameModeConfig( 1511): isGameModeOn = false
02-09 05:31:07.134 I/GameModeConfig( 1511): isDisableVoice = true
02-09 05:31:07.672 D/CompanionDeviceManagerService( 1511): onPackageModified(packageName = com.tencent.lolm)
02-09 05:31:07.675 I/Telecom ( 1511): DefaultDialerCache: Refreshing default dialer for user 0: now null: DDC.oR@ABw
02-09 05:31:07.676 D/CompatibilityChangeReporter( 1511): Compat change id reported: 168419799; UID 10092; state: DISABLED
02-09 05:31:07.677 W/VoiceInteractionManager( 1511): no available voice recognition services found for user 0
02-09 05:31:08.368 D/CompatibilityChangeReporter( 1511): Compat change id reported: 157233955; UID 10097; state: DISABLED
02-09 05:31:09.539 E/TaskPersister( 1511): File error accessing recents directory (directory doesn't exist?).
02-09 05:31:11.348 I/input_interaction( 1511): Interaction with: d9699ba com.tencent.lolm/com.tencent.lolm.lgame (server), edge-swipe (server), swipe-up (server), PointerEventDispatcher0 (server),
02-09 05:31:11.711 I/iorapd ( 1155): Perfetto TraceBuffer saved to file: /data/misc/iorapd/com.tencent.lolm/609364/com.tencent.lolm.lgame/raw_traces/1675891871706320393.perfetto_trace.pb
02-09 05:31:12.076 I/input_interaction( 1511): Interaction with: 3d2c05f StatusBar (server), edge-swipe (server), swipe-up (server), PointerEventDispatcher0 (server),
02-09 05:31:12.080 I/sysui_multi_action( 1978): [757,803,799,panel_open,802,1]
02-09 05:31:12.082 I/sysui_multi_action( 1978): [757,1328,758,4,1326,37,1327,5,1329,0]
02-09 05:31:12.111 I/sysui_multi_action( 1511): [757,127,758,1]
02-09 05:31:12.112 I/sysui_multi_action( 1511): [757,804,799,note_load,801,3,802,1]
02-09 05:31:12.112 I/notification_panel_revealed( 1511): 3
02-09 05:31:12.128 I/input_focus( 1511): [Focus request bd39bb2 NotificationShade,reason=UpdateInputWindows]
02-09 05:31:12.137 I/sysui_multi_action( 1511): [757,128,758,1,793,4154925,794,0,795,4154925,796,26,798,0,806,android,857,DEVELOPER_IMPORTANT,858,4,947,0,1395,3,1500,4154476,1688,1]
02-09 05:31:12.137 I/sysui_multi_action( 1511): [757,804,799,note_freshness,801,4154925,802,1]
02-09 05:31:12.137 I/notification_visibility( 1511): [-1|android|26|null|1000,1,4154925,4154925,0,0]
02-09 05:31:12.137 I/sysui_multi_action( 1511): [757,128,758,1,793,4150450,794,0,795,4150450,796,17303299,797,com.android.wifi,798,1,806,android,857,NETWORK_AVAILABLE,858,2,947,0,1395,3,1500,4150248,1688,1]
02-09 05:31:12.138 I/sysui_multi_action( 1511): [757,804,799,note_freshness,801,4150450,802,1]
02-09 05:31:12.138 I/notification_visibility( 1511): [0|android|17303299|com.android.wifi|1000,1,4150450,4150450,0,1]
02-09 05:31:12.138 I/sysui_multi_action( 1511): [757,128,758,1,793,4155699,794,0,795,4155699,796,32,798,2,806,android,857,USB,858,1,947,0,1395,3,1500,4155655,1688,1]
02-09 05:31:12.138 I/sysui_multi_action( 1511): [757,804,799,note_freshness,801,4155699,802,1]
02-09 05:31:12.138 I/notification_visibility( 1511): [-1|android|32|null|1000,1,4155699,4155699,0,2]
02-09 05:31:12.155 I/input_focus( 1511): [Focus leaving d9699ba com.tencent.lolm/com.tencent.lolm.lgame (server),reason=setFocusedWindow]
02-09 05:31:12.155 I/input_focus( 1511): [Focus entering bd39bb2 NotificationShade (server),reason=setFocusedWindow]
02-09 05:31:12.169 I/sysui_multi_action( 1978): [757,111,758,1]
02-09 05:31:12.170 I/sysui_multi_action( 1978): [757,126,758,1,759,126,927,0,928,1,1593,0]
02-09 05:31:12.170 I/sysui_multi_action( 1978): [757,113,758,1,759,113,927,1,928,1,1593,0]
02-09 05:31:12.170 I/sysui_multi_action( 1978): [757,0,758,1,759,0,927,2,928,0,1593,0]
02-09 05:31:12.170 I/sysui_multi_action( 1978): [757,0,758,1,759,0,927,3,928,0,1593,0]
02-09 05:31:12.170 I/sysui_multi_action( 1978): [757,491,758,1,759,491,927,4,928,0,1311,-1,1593,0]
02-09 05:31:12.170 I/sysui_multi_action( 1978): [757,0,758,1,759,0,927,5,928,0,1593,0]
02-09 05:31:12.170 I/sysui_multi_action( 1978): [757,111,758,1]
02-09 05:31:12.170 I/sysui_multi_action( 1978): [757,126,758,1,759,126,927,0,928,1,1593,0]
02-09 05:31:12.170 I/sysui_multi_action( 1978): [757,113,758,1,759,113,927,1,928,1,1593,0]
02-09 05:31:12.171 I/sysui_multi_action( 1978): [757,0,758,1,759,0,927,2,928,0,1593,0]
02-09 05:31:12.171 I/sysui_multi_action( 1978): [757,0,758,1,759,0,927,3,928,0,1593,0]
02-09 05:31:13.083 I/input_interaction( 1511): Interaction with: bd39bb2 NotificationShade (server), edge-swipe (server), swipe-up (server), PointerEventDispatcher0 (server),
02-09 05:31:13.215 I/sysui_multi_action( 1978): [757,925,758,4,759,0,927,5,928,0,1592,0,1593,1]
02-09 05:31:13.235 I/GameModeConfig( 1511): Current uri is uri = content://com.thundercomm.gamemode.api/gamemode_settings/gamemode_enable
02-09 05:31:13.240 I/GameModeConfig( 1511): isGameModeOn = true
02-09 05:31:13.240 I/GameModeConfig( 1511): isGaming = true
02-09 05:31:13.240 I/GameModeConfig( 1511): isDisableNotification = true
02-09 05:31:13.241 I/GameModeConfig( 1511): isGameModeOn = true
02-09 05:31:13.241 I/GameModeConfig( 1511): isGaming = true
02-09 05:31:13.241 I/GameModeConfig( 1511): isDisableNotification = true
02-09 05:31:13.244 W/ContextImpl( 2089): Calling a method in the system process without a qualified user: android.app.ContextImpl.startService:1816 android.content.ContextWrapper.startService:774 com.thundercomm.gamemode.ingame.services.GameModeActionUtils.startGameModeService:111 com.thundercomm.gamemode.ingame.services.GameModeActionUtils.startGameModeEntry:22 com.thundercomm.gamemode.data.GameSettingsObserver.onChange:96
02-09 05:31:13.250 I/GameModeConfig( 1511): Current uri is uri = content://com.thundercomm.gamemode.api/gamemode_settings/gamemode_isgaming
02-09 05:31:13.251 I/GameModeConfig( 1511): isGameModeOn = true
02-09 05:31:13.251 I/GameModeConfig( 1511): isGaming = true
02-09 05:31:13.251 I/GameModeConfig( 1511): isDisableNotification = true
02-09 05:31:13.251 I/GameModeConfig( 1511): isGameModeOn = true
02-09 05:31:13.252 I/GameModeConfig( 1511): isGaming = true
02-09 05:31:13.252 I/GameModeConfig( 1511): isDisableNotification = true
02-09 05:31:14.461 I/GameModeConfig( 1511): isGameModeOn = true
02-09 05:31:14.461 I/GameModeConfig( 1511): isGaming = true
02-09 05:31:14.461 I/GameModeConfig( 1511): isDisableNotification = true
02-09 05:31:14.461 I/GameModeConfig( 1511): isGameModeOn = true
02-09 05:31:14.461 I/GameModeConfig( 1511): isGaming = true
02-09 05:31:14.461 I/GameModeConfig( 1511): isDisableNotification = true
02-09 05:31:14.461 I/GameModeConfig( 1511): isGameModeOn = true
02-09 05:31:14.461 I/GameModeConfig( 1511): isGaming = true
02-09 05:31:14.461 I/GameModeConfig( 1511): isDisableNotification = true
02-09 05:31:14.461 I/GameModeConfig( 1511): isGameModeOn = true
02-09 05:31:14.461 I/GameModeConfig( 1511): isGaming = true
02-09 05:31:14.461 I/GameModeConfig( 1511): isDisableNotification = true
02-09 05:31:14.462 I/sysui_multi_action( 1978): [757,111,758,2]
02-09 05:31:14.462 I/GameModeConfig( 1511): isGameModeOn = true
02-09 05:31:14.462 I/GameModeConfig( 1511): isGaming = true
02-09 05:31:14.462 I/GameModeConfig( 1511): isDisableNotification = true
02-09 05:31:14.462 I/GameModeConfig( 1511): isGameModeOn = true
02-09 05:31:14.462 I/GameModeConfig( 1511): isGaming = true
02-09 05:31:14.462 I/GameModeConfig( 1511): isDisableNotification = true
02-09 05:31:14.462 I/sysui_multi_action( 1978): [757,111,758,2]
02-09 05:31:14.463 I/GameModeConfig( 1511): isGameModeOn = true
02-09 05:31:14.463 I/GameModeConfig( 1511): isGaming = true
02-09 05:31:14.463 I/GameModeConfig( 1511): isDisableNotification = true
02-09 05:31:14.463 I/GameModeConfig( 1511): isGameModeOn = true
02-09 05:31:14.463 I/GameModeConfig( 1511): isGaming = true
02-09 05:31:14.463 I/GameModeConfig( 1511): isDisableNotification = true
02-09 05:31:14.463 I/GameModeConfig( 1511): isGameModeOn = true
02-09 05:31:14.463 I/GameModeConfig( 1511): isGaming = true
02-09 05:31:14.463 I/GameModeConfig( 1511): isDisableNotification = true
02-09 05:31:14.463 I/GameModeConfig( 1511): isGameModeOn = true
02-09 05:31:14.463 I/GameModeConfig( 1511): isGaming = true
02-09 05:31:14.463 I/GameModeConfig( 1511): isDisableNotification = true
02-09 05:31:14.465 I/notification_enqueue( 1511): [10080,1978,com.android.systemui,2048,NULL,0,Notification(channel=updateNotification shortcut=null contentView=null vibrate=null sound=null defaults=0x0 flags=0x0 color=0x00000000 vis=PRIVATE),1]
02-09 05:31:14.666 I/GameModeConfig( 1511): isGameModeOn = true
02-09 05:31:14.666 I/GameModeConfig( 1511): isGaming = true
02-09 05:31:14.666 I/GameModeConfig( 1511): isDisableNotification = true
02-09 05:31:14.666 I/GameModeConfig( 1511): isGameModeOn = true
02-09 05:31:14.666 I/GameModeConfig( 1511): isGaming = true
02-09 05:31:14.666 I/GameModeConfig( 1511): isDisableNotification = true
02-09 05:31:14.678 I/input_focus( 1511): [Focus request d9699ba com.tencent.lolm/com.tencent.lolm.lgame,reason=UpdateInputWindows]
02-09 05:31:14.681 I/sysui_multi_action( 1511): [757,128,758,2,793,4157469,794,2544,795,4157469,796,26,798,0,806,android,857,DEVELOPER_IMPORTANT,858,4,947,0,1395,3,1500,4157020,1688,1]
02-09 05:31:14.681 I/notification_visibility( 1511): [-1|android|26|null|1000,0,4157469,4157469,0,0]
02-09 05:31:14.682 I/sysui_multi_action( 1511): [757,128,758,2,793,4152994,794,2544,795,4152994,796,17303299,797,com.android.wifi,798,1,806,android,857,NETWORK_AVAILABLE,858,2,947,0,1395,3,1500,4152792,1688,1]
02-09 05:31:14.682 I/notification_visibility( 1511): [0|android|17303299|com.android.wifi|1000,0,4152994,4152994,0,1]
02-09 05:31:14.682 I/sysui_multi_action( 1511): [757,128,758,2,793,4158243,794,2544,795,4158243,796,32,798,2,806,android,857,USB,858,1,947,0,1395,3,1500,4158199,1688,1]
02-09 05:31:14.682 I/notification_visibility( 1511): [-1|android|32|null|1000,0,4158243,4158243,0,2]
02-09 05:31:14.682 I/sysui_multi_action( 1511): [757,127,758,2]
02-09 05:31:14.683 I/notification_panel_hidden( 1511):
02-09 05:31:14.696 I/input_focus( 1511): [Focus leaving bd39bb2 NotificationShade (server),reason=NO_WINDOW]
02-09 05:31:14.696 I/input_focus( 1511): [Focus entering d9699ba com.tencent.lolm/com.tencent.lolm.lgame (server),reason=setFocusedWindow]
02-09 05:31:16.234 I/input_interaction( 1511): Interaction with: 9380432 gamemode.floatview (server), edge-swipe (server), swipe-up (server), PointerEventDispatcher0 (server),
02-09 05:31:16.555 I/commit_sys_config_file( 1511): [package-user-0,4]
02-09 05:31:17.703 I/am_pss ( 1511): [6701,10092,com.android.permissioncontroller,11458560,8839168,0,98480128,0,6,10]
02-09 05:31:19.102 I/input_interaction( 1511): Interaction with: ad4fe65 gamemode.menuview (server), edge-swipe (server), swipe-up (server), PointerEventDispatcher0 (server),
02-09 05:31:20.613 I/input_interaction( 1511): Interaction with: d9699ba com.tencent.lolm/com.tencent.lolm.lgame (server), edge-swipe (server), swipe-up (server), PointerEventDispatcher0 (server),
02-09 05:31:22.205 I/input_interaction( 1511): Interaction with: 891e824 gamemode.floatview (server), edge-swipe (server), swipe-up (server), PointerEventDispatcher0 (server),
02-09 05:31:24.372 I/input_interaction( 1511): Interaction with: 43817bc gamemode.menuview (server), edge-swipe (server), swipe-up (server), PointerEventDispatcher0 (server),
02-09 05:31:24.716 I/GameModeConfig( 1511): isGameModeOn = true
02-09 05:31:24.716 I/GameModeConfig( 1511): isGaming = true
02-09 05:31:24.716 I/GameModeConfig( 1511): isDisableNotification = true
02-09 05:31:24.716 I/GameModeConfig( 1511): isGameModeOn = true
02-09 05:31:24.716 I/GameModeConfig( 1511): isGaming = true
02-09 05:31:24.716 I/GameModeConfig( 1511): isDisableNotification = true
02-09 05:31:26.307 I/input_interaction( 1511): Interaction with: d9699ba com.tencent.lolm/com.tencent.lolm.lgame (server), edge-swipe (server), swipe-up (server), PointerEventDispatcher0 (server),
02-09 05:31:27.186 W/FreeFormWindowHelper( 1511): Current Display FreeFormTask is null
02-09 05:31:27.187 W/FreeFormWindowHelper( 1511): Current Display FreeFormTask is null
02-09 05:31:27.189 W/FreeFormWindowHelper( 1511): Current Display FreeFormTask is null
02-09 05:31:27.193 I/wm_task_moved( 1511): [1,0,0]
02-09 05:31:27.193 I/wm_task_moved( 1511): [1,0,7]
02-09 05:31:27.196 D/CompatibilityChangeReporter( 1511): Compat change id reported: 181136395; UID 10097; state: DISABLED
02-09 05:31:27.197 D/CompatibilityChangeReporter( 1511): Compat change id reported: 174042936; UID 10097; state: DISABLED
02-09 05:31:27.212 I/view_enqueue_input_event( 6754): [Motion - Cancel,com.tencent.lolm/com.tencent.lolm.lgame]
02-09 05:31:27.213 I/wm_on_restart_called( 2559): [204923478,com.android.launcher3.uioverrides.QuickstepLauncher,performRestartActivity]
02-09 05:31:27.213 I/input_focus( 1511): [Focus request recents_animation_input_consumer,reason=UpdateInputWindows]
02-09 05:31:27.214 W/FreeFormWindowHelper( 1511): Current Display FreeFormTask is null
02-09 05:31:27.214 W/FreeFormWindowHelper( 1511): Current Display FreeFormTask is null
02-09 05:31:27.215 W/ContextImpl( 2089): Calling a method in the system process without a qualified user: android.app.ContextImpl.startService:1816 android.content.ContextWrapper.startService:774 com.thundercomm.gamemode.ingame.services.GameModeActionUtils.startGameModeService:111 com.thundercomm.gamemode.ingame.services.GameModeActionUtils.startGameModeEntry:22 com.thundercomm.gamemode.ingame.services.ActivityMonitoringService$1.onActivityLaunch:139
02-09 05:31:27.215 W/FreeFormWindowHelper( 1511): Current Display FreeFormTask is null
02-09 05:31:27.220 I/GameModeConfig( 1511): Current uri is uri = content://com.thundercomm.gamemode.api/gamemode_settings/gamemode_isgaming
02-09 05:31:27.222 I/GameModeConfig( 1511): isGameModeOn = true
02-09 05:31:27.222 I/GameModeConfig( 1511): isGaming = true
02-09 05:31:27.222 I/GameModeConfig( 1511): isDisableNotification = true
02-09 05:31:27.223 I/GameModeConfig( 1511): isGameModeOn = true
02-09 05:31:27.223 I/GameModeConfig( 1511): isGaming = true
02-09 05:31:27.223 I/GameModeConfig( 1511): isDisableNotification = true
02-09 05:31:27.224 I/input_focus( 1511): [Focus leaving d9699ba com.tencent.lolm/com.tencent.lolm.lgame (server),reason=NOT_FOCUSABLE]
02-09 05:31:27.224 I/input_focus( 1511): [Focus entering recents_animation_input_consumer (server),reason=setFocusedWindow]
02-09 05:31:27.227 I/input_interaction( 1511): Interaction with: edge-swipe (server), swipe-up (server), PointerEventDispatcher0 (server),
02-09 05:31:27.232 I/wm_on_start_called( 2559): [204923478,com.android.launcher3.uioverrides.QuickstepLauncher,handleStartActivity]
02-09 05:31:27.237 W/ActivityTaskManager( 1511): getTaskSnapshot: taskId=1029 not found
02-09 05:31:27.238 I/DisplayDeviceRepository( 1511): Display device changed: DisplayDeviceInfo{"内置屏幕": uniqueId="local:4630946370410392961", 2380 x 1020, modeId 3, defaultModeId 1, supportedModes [{id=1, width=2380, height=1020, fps=60.000004, alternativeRefreshRates=[30.000002, 45.0]}, {id=2, width=2380, height=1020, fps=45.0, alternativeRefreshRates=[30.000002, 60.000004]}, {id=3, width=2380, height=1020, fps=30.000002, alternativeRefreshRates=[45.0, 60.000004]}], colorMode 0, supportedColorModes [0], hdrCapabilities HdrCapabilities{mSupportedHdrTypes=[2, 3, 4], mMaxLuminance=500.0, mMaxAverageLuminance=500.0, mMinLuminance=0.0}, allmSupported false, gameContentTypeSupported false, density 240, 319.851 x 319.851 dpi, appVsyncOff 1000000, presDeadline 33333333, touch INTERNAL, rotation 0, type INTERNAL, address {port=129, model=0x40446d3026322d}, deviceProductInfo DeviceProductInfo{name=, manufacturerPnpId=QCM, productId=1, modelYear=null, manufactureDate=ManufactureDate{week=27, year=2006}, connectionToSinkType=0}, state ON, frameRateOverride , brightnessMinimum 0.0, brightnessMaximum 1.0, brightnessDefault 1.0, FLAG_DEFAULT_DISPLAY, FLAG_ROTATES_WITH_CONTENT, FLAG_SECURE, FLAG_SUPPORTS_PROTECTED_BUFFERS}
02-09 05:31:27.239 W/ActivityTaskManager( 1511): getTaskSnapshot: taskId=2029 not found
02-09 05:31:27.239 W/FreeFormWindowHelper( 1511): Current Display FreeFormTask is null
02-09 05:31:27.240 W/FreeFormWindowHelper( 1511): Current Display FreeFormTask is null
02-09 05:31:27.241 I/sysui_latency( 2559): [1,70]
02-09 05:31:27.242 W/ActivityTaskManager( 1511): getTaskSnapshot: taskId=1029 not found
02-09 05:31:27.244 W/ActivityTaskManager( 1511): getTaskSnapshot: taskId=1029 not found
02-09 05:31:27.244 W/ActivityTaskManager( 1511): getTaskSnapshot: taskId=2029 not found
02-09 05:31:27.245 W/FreeFormWindowHelper( 1511): Current Display FreeFormTask is null
02-09 05:31:27.246 W/FreeFormWindowHelper( 1511): Current Display FreeFormTask is null
02-09 05:31:27.246 W/FreeFormWindowHelper( 1511): Current Display FreeFormTask is null
02-09 05:31:27.247 W/ActivityTaskManager( 1511): getTaskSnapshot: taskId=3029 not found
02-09 05:31:27.247 W/ActivityTaskManager( 1511): getTaskSnapshot: taskId=1029 not found
02-09 05:31:27.247 W/ActivityTaskManager( 1511): getTaskSnapshot: taskId=2029 not found
02-09 05:31:27.248 W/ActivityTaskManager( 1511): getTaskSnapshot: taskId=3029 not found
02-09 05:31:27.252 I/sysui_multi_action( 1511): [319,9,322,52,325,4182,757,761,758,9,759,5,806,com.android.launcher3,871,com.android.launcher3.uioverrides.QuickstepLauncher,905,0,1320,4,1321,1]
02-09 05:31:27.255 W/FreeFormWindowHelper( 1511): Current Display FreeFormTask is null
02-09 05:31:27.256 W/FreeFormWindowHelper( 1511): Current Display FreeFormTask is null
02-09 05:31:27.419 I/commit_sys_config_file( 1511): [settings-1-0,4]
02-09 05:31:27.547 I/sysui_latency( 1511): [8,69]
02-09 05:31:27.653 W/FreeFormWindowHelper( 1511): Current Display FreeFormTask is null
02-09 05:31:27.653 W/FreeFormWindowHelper( 1511): Current Display FreeFormTask is null
02-09 05:31:27.654 W/FreeFormWindowHelper( 1511): Current Display FreeFormTask is null
02-09 05:31:28.006 I/wm_task_moved( 1511): [1,1,8]
02-09 05:31:28.006 I/wm_focused_root_task( 1511): [0,0,1,29,RecentsAnimation.onAnimationFinished()]
02-09 05:31:28.006 I/wm_on_top_resumed_lost_called( 6754): [195377410,com.tencent.lolm.lgame,topStateChangedWhenResumed]
02-09 05:31:28.008 I/wm_pause_activity( 1511): [0,195377410,com.tencent.lolm/.lgame,userLeaving=false,pauseBackTasks]
02-09 05:31:28.009 I/ActivityTaskManager( 1511): FOREGROUND_APPLICATION_CHANGED to com.android.launcher3.uioverrides.QuickstepLauncher
02-09 05:31:28.010 I/wm_set_resumed_activity( 1511): [0,com.android.launcher3/.uioverrides.QuickstepLauncher,resumeTopActivityInnerLocked]
02-09 05:31:28.013 I/wm_resume_activity( 1511): [0,204923478,8,com.android.launcher3/.uioverrides.QuickstepLauncher]
02-09 05:31:28.013 I/wm_add_to_stopping( 1511): [0,195377410,com.tencent.lolm/.lgame,makeInvisible]
02-09 05:31:28.014 I/wm_on_resume_called( 2559): [204923478,com.android.launcher3.uioverrides.QuickstepLauncher,RESUME_ACTIVITY]
02-09 05:31:28.020 I/input_focus( 1511): [Focus request 584aa45 com.android.launcher3/com.android.launcher3.uioverrides.QuickstepLauncher,reason=UpdateInputWindows]
02-09 05:31:28.021 I/sysui_multi_action( 1511): [757,803,799,window_time_0,802,22]
02-09 05:31:28.022 I/wm_stop_activity( 1511): [0,195377410,com.tencent.lolm/.lgame]
02-09 05:31:28.023 W/FreeFormWindowHelper( 1511): Current Display FreeFormTask is null
02-09 05:31:28.024 W/FreeFormWindowHelper( 1511): Current Display FreeFormTask is null
02-09 05:31:28.024 W/FreeFormWindowHelper( 1511): Current Display FreeFormTask is null
02-09 05:31:28.027 I/input_focus( 1511): [Focus leaving recents_animation_input_consumer (server),reason=NOT_VISIBLE]
02-09 05:31:28.028 I/sysui_multi_action( 1511): [757,803,799,window_time_0,802,0]
02-09 05:31:28.040 W/FreeFormWindowHelper( 1511): Current Display FreeFormTask is null
02-09 05:31:28.040 W/FreeFormWindowHelper( 1511): Current Display FreeFormTask is null
02-09 05:31:28.043 I/wm_on_top_resumed_gained_called( 2559): [204923478,com.android.launcher3.uioverrides.QuickstepLauncher,topStateChangedWhenResumed]
02-09 05:31:28.050 I/wm_on_paused_called( 6754): [195377410,com.tencent.lolm.lgame,performPause]
02-09 05:31:28.053 I/wm_on_stop_called( 6754): [195377410,com.tencent.lolm.lgame,STOP_ACTIVITY_ITEM]
02-09 05:31:28.060 I/input_focus( 1511): [Focus entering 584aa45 com.android.launcher3/com.android.launcher3.uioverrides.QuickstepLauncher (server),reason=setFocusedWindow]
02-09 05:31:28.071 W/ContextImpl( 2089): Calling a method in the system process without a qualified user: android.app.ContextImpl.startService:1816 android.content.ContextWrapper.startService:774 com.thundercomm.gamemode.ingame.services.GameModeActionUtils.startGameModeService:111 com.thundercomm.gamemode.ingame.services.GameModeActionUtils.startGameModeEntry:22 com.thundercomm.gamemode.ingame.services.ActivityMonitoringService$1.onActivityLaunch:139
02-09 05:31:28.075 I/GameModeConfig( 1511): Current uri is uri = content://com.thundercomm.gamemode.api/gamemode_settings/gamemode_isgaming
02-09 05:31:28.076 I/GameModeConfig( 1511): isGameModeOn = true
02-09 05:31:28.076 I/GameModeConfig( 1511): isGaming = false
02-09 05:31:28.076 I/GameModeConfig( 1511): isGameModeOn = true
02-09 05:31:28.077 I/GameModeConfig( 1511): isGaming = false
02-09 05:31:28.077 I/GameModeConfig( 1511): isDisableVoice = true
02-09 05:31:28.129 W/ContextImpl( 2089): Calling a method in the system process without a qualified user: android.app.ContextImpl.startService:1816 android.content.ContextWrapper.startService:774 com.thundercomm.gamemode.ingame.services.GameModeActionUtils.startGameModeService:111 com.thundercomm.gamemode.ingame.services.GameModeActionUtils.startGameModeEntry:22 com.thundercomm.gamemode.ingame.services.ActivityMonitoringService$1.onActivityLaunch:139
02-09 05:31:28.132 I/GameModeConfig( 1511): Current uri is uri = content://com.thundercomm.gamemode.api/gamemode_settings/gamemode_isgaming
02-09 05:31:28.134 I/GameModeConfig( 1511): isGameModeOn = true
02-09 05:31:28.134 I/GameModeConfig( 1511): isGaming = false
02-09 05:31:28.134 I/GameModeConfig( 1511): isGameModeOn = true
02-09 05:31:28.134 I/GameModeConfig( 1511): isGaming = false
02-09 05:31:28.134 I/GameModeConfig( 1511): isDisableVoice = true
02-09 05:31:28.140 I/DisplayDeviceRepository( 1511): Display device changed: DisplayDeviceInfo{"内置屏幕": uniqueId="local:4630946370410392961", 2380 x 1020, modeId 1, defaultModeId 1, supportedModes [{id=1, width=2380, height=1020, fps=60.000004, alternativeRefreshRates=[30.000002, 45.0]}, {id=2, width=2380, height=1020, fps=45.0, alternativeRefreshRates=[30.000002, 60.000004]}, {id=3, width=2380, height=1020, fps=30.000002, alternativeRefreshRates=[45.0, 60.000004]}], colorMode 0, supportedColorModes [0], hdrCapabilities HdrCapabilities{mSupportedHdrTypes=[2, 3, 4], mMaxLuminance=500.0, mMaxAverageLuminance=500.0, mMinLuminance=0.0}, allmSupported false, gameContentTypeSupported false, density 240, 319.851 x 319.851 dpi, appVsyncOff 1000000, presDeadline 16666666, touch INTERNAL, rotation 0, type INTERNAL, address {port=129, model=0x40446d3026322d}, deviceProductInfo DeviceProductInfo{name=, manufacturerPnpId=QCM, productId=1, modelYear=null, manufactureDate=ManufactureDate{week=27, year=2006}, connectionToSinkType=0}, state ON, frameRateOverride , brightnessMinimum 0.0, brightnessMaximum 1.0, brightnessDefault 1.0, FLAG_DEFAULT_DISPLAY, FLAG_ROTATES_WITH_CONTENT, FLAG_SECURE, FLAG_SUPPORTS_PROTECTED_BUFFERS}
02-09 05:31:28.238 I/commit_sys_config_file( 1511): [settings-1-0,4]
02-09 05:31:28.812 I/input_interaction( 1511): Interaction with: 584aa45 com.android.launcher3/com.android.launcher3.uioverrides.QuickstepLauncher (server), 4aad3d7 com.android.systemui.ImageWallpaper (server), edge-swipe (server), swipe-up (server), PointerEventDispatcher0 (server),
02-09 05:31:28.937 I/wm_task_moved( 1511): [1,1,8]
02-09 05:31:28.938 I/wm_set_resumed_activity( 1511): [0,com.android.launcher3/.uioverrides.QuickstepLauncher,positionChildAt]
02-09 05:31:28.938 I/wm_task_moved( 1511): [21,1,8]
02-09 05:31:28.938 I/wm_task_to_front( 1511): [0,21]
02-09 05:31:28.939 I/wm_focused_root_task( 1511): [0,0,21,1,moveTaskToFront findTaskToMoveToFront]
02-09 05:31:28.939 I/wm_set_resumed_activity( 1511): [0,com.tencent.tmgp.sgame/.SGameActivity,moveTaskToFront findTaskToMoveToFront]
02-09 05:31:28.941 I/wm_pause_activity( 1511): [0,204923478,com.android.launcher3/.uioverrides.QuickstepLauncher,userLeaving=true,pauseBackTasks]
02-09 05:31:28.947 I/wm_on_top_resumed_lost_called( 2559): [204923478,com.android.launcher3.uioverrides.QuickstepLauncher,topStateChangedWhenResumed]
02-09 05:31:28.953 I/wm_on_paused_called( 2559): [204923478,com.android.launcher3.uioverrides.QuickstepLauncher,performPause]
02-09 05:31:28.955 I/ActivityTaskManager( 1511): FOREGROUND_APPLICATION_CHANGED to com.tencent.tmgp.sgame.SGameActivity
02-09 05:31:28.956 I/wm_set_resumed_activity( 1511): [0,com.tencent.tmgp.sgame/.SGameActivity,resumeTopActivityInnerLocked]
02-09 05:31:28.957 I/wm_add_to_stopping( 1511): [0,204923478,com.android.launcher3/.uioverrides.QuickstepLauncher,makeInvisible]
02-09 05:31:28.957 I/am_uid_active( 1511): 10096
02-09 05:31:28.961 I/wm_resume_activity( 1511): [0,27840304,21,com.tencent.tmgp.sgame/.SGameActivity]
02-09 05:31:28.969 I/sysui_multi_action( 1511): [757,803,799,window_time_0,802,1]
02-09 05:31:28.976 I/input_focus( 1511): [Focus request 6e3bcfd com.tencent.tmgp.sgame/com.tencent.tmgp.sgame.SGameActivity,reason=UpdateInputWindows]
02-09 05:31:28.977 I/input_focus( 1511): [Focus leaving 584aa45 com.android.launcher3/com.android.launcher3.uioverrides.QuickstepLauncher (server),reason=NO_WINDOW]
02-09 05:31:28.985 I/wm_on_restart_called( 5884): [27840304,com.tencent.tmgp.sgame.SGameActivity,performRestartActivity]
02-09 05:31:28.985 I/wm_on_start_called( 5884): [27840304,com.tencent.tmgp.sgame.SGameActivity,handleStartActivity]
02-09 05:31:28.986 I/wm_on_resume_called( 5884): [27840304,com.tencent.tmgp.sgame.SGameActivity,RESUME_ACTIVITY]
02-09 05:31:28.986 I/wm_on_top_resumed_gained_called( 5884): [27840304,com.tencent.tmgp.sgame.SGameActivity,topWhenResuming]
02-09 05:31:28.988 W/ContextImpl( 2089): Calling a method in the system process without a qualified user: android.app.ContextImpl.startService:1816 android.content.ContextWrapper.startService:774 com.thundercomm.gamemode.ingame.services.GameModeActionUtils.startGameModeService:111 com.thundercomm.gamemode.ingame.services.GameModeActionUtils.startGameModeEntry:22 com.thundercomm.gamemode.ingame.services.ActivityMonitoringService$1.onActivityLaunch:139
02-09 05:31:28.998 I/GameModeConfig( 1511): Current uri is uri = content://com.thundercomm.gamemode.api/gamemode_settings/gamemode_isgaming
02-09 05:31:28.999 I/GameModeConfig( 1511): isGameModeOn = true
02-09 05:31:28.999 I/GameModeConfig( 1511): isGaming = true
02-09 05:31:28.999 I/GameModeConfig( 1511): isDisableNotification = true
02-09 05:31:28.999 I/GameModeConfig( 1511): isGameModeOn = true
02-09 05:31:28.999 I/GameModeConfig( 1511): isGaming = true
02-09 05:31:28.999 I/GameModeConfig( 1511): isDisableNotification = true
02-09 05:31:29.005 I/sysui_multi_action( 1511): [319,28,321,27,322,64,325,4184,757,761,758,9,759,4,806,com.tencent.tmgp.sgame,871,com.tencent.tmgp.sgame.SGameActivity,904,com.android.launcher3,905,0,1320,4,1321,4]
02-09 05:31:29.010 I/DisplayDeviceRepository( 1511): Display device changed: DisplayDeviceInfo{"内置屏幕": uniqueId="local:4630946370410392961", 2380 x 1020, modeId 3, defaultModeId 1, supportedModes [{id=1, width=2380, height=1020, fps=60.000004, alternativeRefreshRates=[30.000002, 45.0]}, {id=2, width=2380, height=1020, fps=45.0, alternativeRefreshRates=[30.000002, 60.000004]}, {id=3, width=2380, height=1020, fps=30.000002, alternativeRefreshRates=[45.0, 60.000004]}], colorMode 0, supportedColorModes [0], hdrCapabilities HdrCapabilities{mSupportedHdrTypes=[2, 3, 4], mMaxLuminance=500.0, mMaxAverageLuminance=500.0, mMinLuminance=0.0}, allmSupported false, gameContentTypeSupported false, density 240, 319.851 x 319.851 dpi, appVsyncOff 1000000, presDeadline 33333333, touch INTERNAL, rotation 0, type INTERNAL, address {port=129, model=0x40446d3026322d}, deviceProductInfo DeviceProductInfo{name=, manufacturerPnpId=QCM, productId=1, modelYear=null, manufactureDate=ManufactureDate{week=27, year=2006}, connectionToSinkType=0}, state ON, frameRateOverride , brightnessMinimum 0.0, brightnessMaximum 1.0, brightnessDefault 1.0, FLAG_DEFAULT_DISPLAY, FLAG_ROTATES_WITH_CONTENT, FLAG_SECURE, FLAG_SUPPORTS_PROTECTED_BUFFERS}
02-09 05:31:29.027 I/input_focus( 1511): [Focus entering 6e3bcfd com.tencent.tmgp.sgame/com.tencent.tmgp.sgame.SGameActivity (server),reason=Window became focusable. Previous reason: NOT_VISIBLE]
02-09 05:31:29.068 W/ContextImpl( 2089): Calling a method in the system process without a qualified user: android.app.ContextImpl.startService:1816 android.content.ContextWrapper.startService:774 com.thundercomm.gamemode.ingame.services.GameModeActionUtils.startGameModeService:111 com.thundercomm.gamemode.ingame.services.GameModeActionUtils.startGameModeEntry:22 com.thundercomm.gamemode.ingame.services.ActivityMonitoringService$1.onActivityLaunch:139
02-09 05:31:29.072 I/GameModeConfig( 1511): Current uri is uri = content://com.thundercomm.gamemode.api/gamemode_settings/gamemode_isgaming
02-09 05:31:29.074 I/GameModeConfig( 1511): isGameModeOn = true
02-09 05:31:29.074 I/GameModeConfig( 1511): isGaming = true
02-09 05:31:29.074 I/GameModeConfig( 1511): isDisableNotification = true
02-09 05:31:29.075 I/GameModeConfig( 1511): isGameModeOn = true
02-09 05:31:29.075 I/GameModeConfig( 1511): isGaming = true
02-09 05:31:29.075 I/GameModeConfig( 1511): isDisableNotification = true
02-09 05:31:29.248 I/commit_sys_config_file( 1511): [settings-1-0,61]
02-09 05:31:29.333 I/wm_stop_activity( 1511): [0,204923478,com.android.launcher3/.uioverrides.QuickstepLauncher]
02-09 05:31:29.383 W/FreeFormWindowHelper( 1511): exitRecentTasks type=0
02-09 05:31:29.392 I/wm_on_stop_called( 2559): [204923478,com.android.launcher3.uioverrides.QuickstepLauncher,STOP_ACTIVITY_ITEM]
02-09 05:31:29.411 W/ContextImpl( 2089): Calling a method in the system process without a qualified user: android.app.ContextImpl.startService:1816 android.content.ContextWrapper.startService:774 com.thundercomm.gamemode.ingame.services.GameModeActionUtils.startGameModeService:111 com.thundercomm.gamemode.ingame.services.GameModeActionUtils.startGameModeEntry:22 com.thundercomm.gamemode.ingame.services.ActivityMonitoringService$1.onActivityLaunch:139
02-09 05:31:29.414 I/GameModeConfig( 1511): Current uri is uri = content://com.thundercomm.gamemode.api/gamemode_settings/gamemode_isgaming
02-09 05:31:29.416 I/GameModeConfig( 1511): isGameModeOn = true
02-09 05:31:29.416 I/GameModeConfig( 1511): isGaming = true
02-09 05:31:29.416 I/GameModeConfig( 1511): isDisableNotification = true
02-09 05:31:29.417 I/GameModeConfig( 1511): isGameModeOn = true
02-09 05:31:29.417 I/GameModeConfig( 1511): isGaming = true
02-09 05:31:29.417 I/GameModeConfig( 1511): isDisableNotification = true
02-09 05:31:31.964 E/TaskPersister( 1511): File error accessing recents directory (directory doesn't exist?).
02-09 05:31:43.423 I/input_interaction( 1511): Interaction with: 6e3bcfd com.tencent.tmgp.sgame/com.tencent.tmgp.sgame.SGameActivity (server), edge-swipe (server), swipe-up (server), PointerEventDispatcher0 (server),
02-09 05:31:43.436 W/FreeFormWindowHelper( 1511): Current Display FreeFormTask is null
02-09 05:31:43.436 I/wm_task_moved( 1511): [1,0,0]
02-09 05:31:43.437 I/wm_task_moved( 1511): [1,0,7]
02-09 05:31:43.448 I/view_enqueue_input_event( 5884): [Motion - Cancel,com.tencent.tmgp.sgame/com.tencent.tmgp.sgame.SGameActivity]
02-09 05:31:43.450 I/input_focus( 1511): [Focus request recents_animation_input_consumer,reason=UpdateInputWindows]
02-09 05:31:43.453 W/ContextImpl( 2089): Calling a method in the system process without a qualified user: android.app.ContextImpl.startService:1816 android.content.ContextWrapper.startService:774 com.thundercomm.gamemode.ingame.services.GameModeActionUtils.startGameModeService:111 com.thundercomm.gamemode.ingame.services.GameModeActionUtils.startGameModeEntry:22 com.thundercomm.gamemode.ingame.services.ActivityMonitoringService$1.onActivityLaunch:139
02-09 05:31:43.459 I/GameModeConfig( 1511): Current uri is uri = content://com.thundercomm.gamemode.api/gamemode_settings/gamemode_isgaming
02-09 05:31:43.462 I/input_interaction( 1511): Interaction with: edge-swipe (server), swipe-up (server), PointerEventDispatcher0 (server),
02-09 05:31:43.464 I/GameModeConfig( 1511): isGameModeOn = true
02-09 05:31:43.464 I/GameModeConfig( 1511): isGaming = true
02-09 05:31:43.464 I/GameModeConfig( 1511): isDisableNotification = true
02-09 05:31:43.464 I/GameModeConfig( 1511): isGameModeOn = true
02-09 05:31:43.464 I/GameModeConfig( 1511): isGaming = true
02-09 05:31:43.464 I/GameModeConfig( 1511): isDisableNotification = true
02-09 05:31:43.464 I/wm_on_restart_called( 2559): [204923478,com.android.launcher3.uioverrides.QuickstepLauncher,performRestartActivity]
02-09 05:31:43.465 W/FreeFormWindowHelper( 1511): Current Display FreeFormTask is null
02-09 05:31:43.465 W/FreeFormWindowHelper( 1511): Current Display FreeFormTask is null
02-09 05:31:43.466 W/FreeFormWindowHelper( 1511): Current Display FreeFormTask is null
02-09 05:31:43.482 I/wm_on_start_called( 2559): [204923478,com.android.launcher3.uioverrides.QuickstepLauncher,handleStartActivity]
02-09 05:31:43.482 W/FreeFormWindowHelper( 1511): Current Display FreeFormTask is null
02-09 05:31:43.485 W/ActivityTaskManager( 1511): getTaskSnapshot: taskId=1021 not found
02-09 05:31:43.486 W/ActivityTaskManager( 1511): getTaskSnapshot: taskId=2021 not found
02-09 05:31:43.487 W/ActivityTaskManager( 1511): getTaskSnapshot: taskId=3021 not found
02-09 05:31:43.496 I/input_focus( 1511): [Focus leaving 6e3bcfd com.tencent.tmgp.sgame/com.tencent.tmgp.sgame.SGameActivity (server),reason=NOT_FOCUSABLE]
02-09 05:31:43.496 I/input_focus( 1511): [Focus entering recents_animation_input_consumer (server),reason=setFocusedWindow]
02-09 05:31:43.507 W/FreeFormWindowHelper( 1511): Current Display FreeFormTask is null
02-09 05:31:43.507 W/FreeFormWindowHelper( 1511): Current Display FreeFormTask is null
02-09 05:31:43.508 I/sysui_latency( 2559): [1,86]
02-09 05:31:43.509 W/ActivityTaskManager( 1511): getTaskSnapshot: taskId=1021 not found
02-09 05:31:43.509 W/ActivityTaskManager( 1511): getTaskSnapshot: taskId=2021 not found
02-09 05:31:43.510 W/ActivityTaskManager( 1511): getTaskSnapshot: taskId=3021 not found
02-09 05:31:43.519 I/sysui_multi_action( 1511): [319,8,322,78,325,4198,757,761,758,9,759,5,806,com.android.launcher3,871,com.android.launcher3.uioverrides.QuickstepLauncher,905,0,1320,4,1321,1]
02-09 05:31:43.562 W/FreeFormWindowHelper( 1511): Current Display FreeFormTask is null
02-09 05:31:43.562 W/FreeFormWindowHelper( 1511): Current Display FreeFormTask is null
02-09 05:31:43.576 W/FreeFormWindowHelper( 1511): exitRecentTasks type=0
02-09 05:31:43.596 W/FreeFormWindowHelper( 1511): Current Display FreeFormTask is null
02-09 05:31:43.597 W/FreeFormWindowHelper( 1511): Current Display FreeFormTask is null
02-09 05:31:43.684 I/commit_sys_config_file( 1511): [settings-1-0,3]
02-09 05:31:43.815 I/sysui_latency( 1511): [8,87]
02-09 05:31:44.263 W/FreeFormWindowHelper( 1511): Current Display FreeFormTask is null
02-09 05:31:44.264 W/FreeFormWindowHelper( 1511): Current Display FreeFormTask is null
02-09 05:31:44.267 I/wm_task_moved( 1511): [1,1,8]
02-09 05:31:44.268 I/wm_task_moved( 1511): [8,1,2147483647]
02-09 05:31:44.268 I/wm_task_to_front( 1511): [0,8]
02-09 05:31:44.268 I/wm_focused_root_task( 1511): [0,0,1,21,RecentsAnimation.onAnimationFinished()]
02-09 05:31:44.268 I/wm_on_top_resumed_lost_called( 5884): [27840304,com.tencent.tmgp.sgame.SGameActivity,topStateChangedWhenResumed]
02-09 05:31:44.268 I/wm_set_resumed_activity( 1511): [0,com.android.launcher3/.uioverrides.QuickstepLauncher,RecentsAnimation.onAnimationFinished()]
02-09 05:31:44.269 I/wm_pause_activity( 1511): [0,27840304,com.tencent.tmgp.sgame/.SGameActivity,userLeaving=true,pauseBackTasks]
02-09 05:31:44.270 I/wm_add_to_stopping( 1511): [0,27840304,com.tencent.tmgp.sgame/.SGameActivity,makeInvisible]
02-09 05:31:44.270 I/ActivityTaskManager( 1511): FOREGROUND_APPLICATION_CHANGED to com.android.launcher3.uioverrides.QuickstepLauncher
02-09 05:31:44.270 I/wm_set_resumed_activity( 1511): [0,com.android.launcher3/.uioverrides.QuickstepLauncher,resumeTopActivityInnerLocked]
02-09 05:31:44.273 I/wm_resume_activity( 1511): [0,204923478,8,com.android.launcher3/.uioverrides.QuickstepLauncher]
02-09 05:31:44.273 I/wm_on_resume_called( 2559): [204923478,com.android.launcher3.uioverrides.QuickstepLauncher,RESUME_ACTIVITY]
02-09 05:31:44.277 I/input_focus( 1511): [Focus request 584aa45 com.android.launcher3/com.android.launcher3.uioverrides.QuickstepLauncher,reason=UpdateInputWindows]
02-09 05:31:44.278 I/wm_on_top_resumed_gained_called( 2559): [204923478,com.android.launcher3.uioverrides.QuickstepLauncher,topStateChangedWhenResumed]
02-09 05:31:44.278 I/wm_on_paused_called( 5884): [27840304,com.tencent.tmgp.sgame.SGameActivity,performPause]
02-09 05:31:44.280 I/wm_stop_activity( 1511): [0,27840304,com.tencent.tmgp.sgame/.SGameActivity]
02-09 05:31:44.280 I/sysui_multi_action( 1511): [757,803,799,window_time_0,802,15]
02-09 05:31:44.283 I/sysui_multi_action( 1511): [757,803,799,window_time_0,802,0]
02-09 05:31:44.290 I/am_pss ( 1511): [6701,10092,com.android.permissioncontroller,11156480,8548352,0,98086912,0,19,5]
02-09 05:31:44.301 I/input_focus( 1511): [Focus leaving recents_animation_input_consumer (server),reason=NOT_VISIBLE]
02-09 05:31:44.302 I/input_focus( 1511): [Focus entering 584aa45 com.android.launcher3/com.android.launcher3.uioverrides.QuickstepLauncher (server),reason=setFocusedWindow]
02-09 05:31:44.315 I/wm_on_stop_called( 5884): [27840304,com.tencent.tmgp.sgame.SGameActivity,STOP_ACTIVITY_ITEM]
02-09 05:31:44.338 W/ContextImpl( 2089): Calling a method in the system process without a qualified user: android.app.ContextImpl.startService:1816 android.content.ContextWrapper.startService:774 com.thundercomm.gamemode.ingame.services.GameModeActionUtils.startGameModeService:111 com.thundercomm.gamemode.ingame.services.GameModeActionUtils.startGameModeEntry:22 com.thundercomm.gamemode.ingame.services.ActivityMonitoringService$1.onActivityLaunch:139
02-09 05:31:44.344 I/GameModeConfig( 1511): Current uri is uri = content://com.thundercomm.gamemode.api/gamemode_settings/gamemode_isgaming
02-09 05:31:44.346 I/GameModeConfig( 1511): isGameModeOn = true
02-09 05:31:44.346 I/GameModeConfig( 1511): isGaming = false
02-09 05:31:44.346 I/GameModeConfig( 1511): isGameModeOn = true
