02-09 05:28:46.554 I/wm_stop_activity( 1511): [0,204923478,com.android.launcher3/.uioverrides.QuickstepLauncher]
02-09 05:28:46.569 E/DisplayDeviceConfig( 1511): requesting nits when no mapping exists.
02-09 05:28:46.570 E/DisplayDeviceConfig( 1511): requesting nits when no mapping exists.
02-09 05:28:46.570 I/am_wtf ( 1511): [0,1511,system_server,-1,DisplayDeviceConfig,requesting nits when no mapping exists.]
02-09 05:28:46.574 I/wm_on_stop_called( 2559): [204923478,com.android.launcher3.uioverrides.QuickstepLauncher,STOP_ACTIVITY_ITEM]
02-09 05:28:46.577 I/am_wtf ( 1511): [0,1511,system_server,-1,DisplayDeviceConfig,requesting nits when no mapping exists.]
02-09 05:28:46.587 E/DisplayDeviceConfig( 1511): requesting nits when no mapping exists.
02-09 05:28:46.587 I/am_wtf ( 1511): [0,1511,system_server,-1,DisplayDeviceConfig,requesting nits when no mapping exists.]
02-09 05:28:46.588 W/ContextImpl( 2089): Calling a method in the system process without a qualified user: android.app.ContextImpl.startService:1816 android.content.ContextWrapper.startService:774 com.thundercomm.gamemode.ingame.services.GameModeActionUtils.startGameModeService:111 com.thundercomm.gamemode.ingame.services.GameModeActionUtils.startGameModeEntry:22 com.thundercomm.gamemode.ingame.services.ActivityMonitoringService$1.onActivityLaunch:139
02-09 05:28:46.589 E/DisplayDeviceConfig( 1511): requesting nits when no mapping exists.
02-09 05:28:46.589 I/am_wtf ( 1511): [0,1511,system_server,-1,DisplayDeviceConfig,requesting nits when no mapping exists.]
02-09 05:28:46.590 I/GameModeConfig( 1511): Current uri is uri = content://com.thundercomm.gamemode.api/gamemode_settings/gamemode_isgaming
02-09 05:28:46.590 I/GameModeConfig( 1511): isGameModeOn = false
02-09 05:28:46.590 I/GameModeConfig( 1511): isGameModeOn = false
02-09 05:28:46.590 I/GameModeConfig( 1511): isDisableVoice = true
02-09 05:28:46.602 E/DisplayDeviceConfig( 1511): requesting nits when no mapping exists.
02-09 05:28:46.602 E/DisplayDeviceConfig( 1511): requesting nits when no mapping exists.
02-09 05:28:46.602 I/am_wtf ( 1511): [0,1511,system_server,-1,DisplayDeviceConfig,requesting nits when no mapping exists.]
02-09 05:28:46.603 I/am_wtf ( 1511): [0,1511,system_server,-1,DisplayDeviceConfig,requesting nits when no mapping exists.]
02-09 05:28:46.619 E/DisplayDeviceConfig( 1511): requesting nits when no mapping exists.
02-09 05:28:46.619 E/DisplayDeviceConfig( 1511): requesting nits when no mapping exists.
02-09 05:28:46.619 I/am_wtf ( 1511): [0,1511,system_server,-1,DisplayDeviceConfig,requesting nits when no mapping exists.]
02-09 05:28:46.619 I/am_wtf ( 1511): [0,1511,system_server,-1,DisplayDeviceConfig,requesting nits when no mapping exists.]
02-09 05:28:46.636 E/DisplayDeviceConfig( 1511): requesting nits when no mapping exists.
02-09 05:28:46.636 E/DisplayDeviceConfig( 1511): requesting nits when no mapping exists.
02-09 05:28:46.636 I/am_wtf ( 1511): [0,1511,system_server,-1,DisplayDeviceConfig,requesting nits when no mapping exists.]
02-09 05:28:46.636 I/am_wtf ( 1511): [0,1511,system_server,-1,DisplayDeviceConfig,requesting nits when no mapping exists.]
02-09 05:28:46.653 E/DisplayDeviceConfig( 1511): requesting nits when no mapping exists.
02-09 05:28:46.653 E/DisplayDeviceConfig( 1511): requesting nits when no mapping exists.
02-09 05:28:46.653 I/am_wtf ( 1511): [0,1511,system_server,-1,DisplayDeviceConfig,requesting nits when no mapping exists.]
02-09 05:28:46.653 I/am_wtf ( 1511): [0,1511,system_server,-1,DisplayDeviceConfig,requesting nits when no mapping exists.]
02-09 05:28:46.669 E/DisplayDeviceConfig( 1511): requesting nits when no mapping exists.
02-09 05:28:46.669 I/am_wtf ( 1511): [0,1511,system_server,-1,DisplayDeviceConfig,requesting nits when no mapping exists.]
02-09 05:28:46.669 E/DisplayDeviceConfig( 1511): requesting nits when no mapping exists.
02-09 05:28:46.670 I/am_wtf ( 1511): [0,1511,system_server,-1,DisplayDeviceConfig,requesting nits when no mapping exists.]
02-09 05:28:46.686 E/DisplayDeviceConfig( 1511): requesting nits when no mapping exists.
02-09 05:28:46.686 E/DisplayDeviceConfig( 1511): requesting nits when no mapping exists.
02-09 05:28:46.686 I/am_wtf ( 1511): [0,1511,system_server,-1,DisplayDeviceConfig,requesting nits when no mapping exists.]
02-09 05:28:46.686 I/am_wtf ( 1511): [0,1511,system_server,-1,DisplayDeviceConfig,requesting nits when no mapping exists.]
02-09 05:28:46.703 E/DisplayDeviceConfig( 1511): requesting nits when no mapping exists.
02-09 05:28:46.703 E/DisplayDeviceConfig( 1511): requesting nits when no mapping exists.
02-09 05:28:46.703 I/am_wtf ( 1511): [0,1511,system_server,-1,DisplayDeviceConfig,requesting nits when no mapping exists.]
02-09 05:28:46.703 I/am_wtf ( 1511): [0,1511,system_server,-1,DisplayDeviceConfig,requesting nits when no mapping exists.]
02-09 05:28:46.719 E/DisplayDeviceConfig( 1511): requesting nits when no mapping exists.
02-09 05:28:46.719 E/DisplayDeviceConfig( 1511): requesting nits when no mapping exists.
02-09 05:28:46.719 I/am_wtf ( 1511): [0,1511,system_server,-1,DisplayDeviceConfig,requesting nits when no mapping exists.]
02-09 05:28:46.720 I/am_wtf ( 1511): [0,1511,system_server,-1,DisplayDeviceConfig,requesting nits when no mapping exists.]
02-09 05:28:46.736 E/DisplayDeviceConfig( 1511): requesting nits when no mapping exists.
02-09 05:28:46.736 E/DisplayDeviceConfig( 1511): requesting nits when no mapping exists.
02-09 05:28:46.736 I/am_wtf ( 1511): [0,1511,system_server,-1,DisplayDeviceConfig,requesting nits when no mapping exists.]
02-09 05:28:46.737 I/am_wtf ( 1511): [0,1511,system_server,-1,DisplayDeviceConfig,requesting nits when no mapping exists.]
02-09 05:28:46.753 E/DisplayDeviceConfig( 1511): requesting nits when no mapping exists.
02-09 05:28:46.753 E/DisplayDeviceConfig( 1511): requesting nits when no mapping exists.
02-09 05:28:46.753 I/am_wtf ( 1511): [0,1511,system_server,-1,DisplayDeviceConfig,requesting nits when no mapping exists.]
02-09 05:28:46.753 I/am_wtf ( 1511): [0,1511,system_server,-1,DisplayDeviceConfig,requesting nits when no mapping exists.]
02-09 05:28:46.769 E/DisplayDeviceConfig( 1511): requesting nits when no mapping exists.
02-09 05:28:46.770 E/DisplayDeviceConfig( 1511): requesting nits when no mapping exists.
02-09 05:28:46.770 I/am_wtf ( 1511): [0,1511,system_server,-1,DisplayDeviceConfig,requesting nits when no mapping exists.]
02-09 05:28:46.770 I/am_wtf ( 1511): [0,1511,system_server,-1,DisplayDeviceConfig,requesting nits when no mapping exists.]
02-09 05:28:46.786 E/DisplayDeviceConfig( 1511): requesting nits when no mapping exists.
02-09 05:28:46.786 E/DisplayDeviceConfig( 1511): requesting nits when no mapping exists.
02-09 05:28:46.786 I/am_wtf ( 1511): [0,1511,system_server,-1,DisplayDeviceConfig,requesting nits when no mapping exists.]
02-09 05:28:46.787 I/am_wtf ( 1511): [0,1511,system_server,-1,DisplayDeviceConfig,requesting nits when no mapping exists.]
02-09 05:28:46.803 E/DisplayDeviceConfig( 1511): requesting nits when no mapping exists.
02-09 05:28:46.803 E/DisplayDeviceConfig( 1511): requesting nits when no mapping exists.
02-09 05:28:46.803 I/am_wtf ( 1511): [0,1511,system_server,-1,DisplayDeviceConfig,requesting nits when no mapping exists.]
02-09 05:28:46.803 I/am_wtf ( 1511): [0,1511,system_server,-1,DisplayDeviceConfig,requesting nits when no mapping exists.]
02-09 05:28:46.820 E/DisplayDeviceConfig( 1511): requesting nits when no mapping exists.
02-09 05:28:46.820 E/DisplayDeviceConfig( 1511): requesting nits when no mapping exists.
02-09 05:28:46.820 I/am_wtf ( 1511): [0,1511,system_server,-1,DisplayDeviceConfig,requesting nits when no mapping exists.]
02-09 05:28:46.820 I/am_wtf ( 1511): [0,1511,system_server,-1,DisplayDeviceConfig,requesting nits when no mapping exists.]
02-09 05:28:46.836 E/DisplayDeviceConfig( 1511): requesting nits when no mapping exists.
02-09 05:28:46.836 E/DisplayDeviceConfig( 1511): requesting nits when no mapping exists.
02-09 05:28:46.836 I/am_wtf ( 1511): [0,1511,system_server,-1,DisplayDeviceConfig,requesting nits when no mapping exists.]
02-09 05:28:46.837 I/am_wtf ( 1511): [0,1511,system_server,-1,DisplayDeviceConfig,requesting nits when no mapping exists.]
02-09 05:28:46.837 I/service_manager_stats( 1511): [100,28,6881]
02-09 05:28:46.853 E/DisplayDeviceConfig( 1511): requesting nits when no mapping exists.
02-09 05:28:46.853 E/DisplayDeviceConfig( 1511): requesting nits when no mapping exists.
02-09 05:28:46.853 I/am_wtf ( 1511): [0,1511,system_server,-1,DisplayDeviceConfig,requesting nits when no mapping exists.]
02-09 05:28:46.853 I/am_wtf ( 1511): [0,1511,system_server,-1,DisplayDeviceConfig,requesting nits when no mapping exists.]
02-09 05:28:46.870 E/DisplayDeviceConfig( 1511): requesting nits when no mapping exists.
02-09 05:28:46.870 E/DisplayDeviceConfig( 1511): requesting nits when no mapping exists.
02-09 05:28:46.870 I/am_wtf ( 1511): [0,1511,system_server,-1,DisplayDeviceConfig,requesting nits when no mapping exists.]
02-09 05:28:46.870 I/am_wtf ( 1511): [0,1511,system_server,-1,DisplayDeviceConfig,requesting nits when no mapping exists.]
02-09 05:28:46.886 E/DisplayDeviceConfig( 1511): requesting nits when no mapping exists.
02-09 05:28:46.886 E/DisplayDeviceConfig( 1511): requesting nits when no mapping exists.
02-09 05:28:46.886 I/am_wtf ( 1511): [0,1511,system_server,-1,DisplayDeviceConfig,requesting nits when no mapping exists.]
02-09 05:28:46.887 I/am_wtf ( 1511): [0,1511,system_server,-1,DisplayDeviceConfig,requesting nits when no mapping exists.]
02-09 05:28:46.903 E/DisplayDeviceConfig( 1511): requesting nits when no mapping exists.
02-09 05:28:46.903 E/DisplayDeviceConfig( 1511): requesting nits when no mapping exists.
02-09 05:28:46.903 I/am_wtf ( 1511): [0,1511,system_server,-1,DisplayDeviceConfig,requesting nits when no mapping exists.]
02-09 05:28:46.903 I/am_wtf ( 1511): [0,1511,system_server,-1,DisplayDeviceConfig,requesting nits when no mapping exists.]
02-09 05:28:46.920 E/DisplayDeviceConfig( 1511): requesting nits when no mapping exists.
02-09 05:28:46.920 E/DisplayDeviceConfig( 1511): requesting nits when no mapping exists.
02-09 05:28:46.920 I/am_wtf ( 1511): [0,1511,system_server,-1,DisplayDeviceConfig,requesting nits when no mapping exists.]
02-09 05:28:46.920 I/am_wtf ( 1511): [0,1511,system_server,-1,DisplayDeviceConfig,requesting nits when no mapping exists.]
02-09 05:28:46.937 E/DisplayDeviceConfig( 1511): requesting nits when no mapping exists.
02-09 05:28:46.937 E/DisplayDeviceConfig( 1511): requesting nits when no mapping exists.
02-09 05:28:46.937 I/am_wtf ( 1511): [0,1511,system_server,-1,DisplayDeviceConfig,requesting nits when no mapping exists.]
02-09 05:28:46.937 I/am_wtf ( 1511): [0,1511,system_server,-1,DisplayDeviceConfig,requesting nits when no mapping exists.]
02-09 05:28:46.953 E/DisplayDeviceConfig( 1511): requesting nits when no mapping exists.
02-09 05:28:46.953 E/DisplayDeviceConfig( 1511): requesting nits when no mapping exists.
02-09 05:28:46.953 I/am_wtf ( 1511): [0,1511,system_server,-1,DisplayDeviceConfig,requesting nits when no mapping exists.]
02-09 05:28:46.954 I/am_wtf ( 1511): [0,1511,system_server,-1,DisplayDeviceConfig,requesting nits when no mapping exists.]
02-09 05:28:46.970 E/DisplayDeviceConfig( 1511): requesting nits when no mapping exists.
02-09 05:28:46.970 E/DisplayDeviceConfig( 1511): requesting nits when no mapping exists.
02-09 05:28:46.970 I/am_wtf ( 1511): [0,1511,system_server,-1,DisplayDeviceConfig,requesting nits when no mapping exists.]
02-09 05:28:46.970 I/am_wtf ( 1511): [0,1511,system_server,-1,DisplayDeviceConfig,requesting nits when no mapping exists.]
02-09 05:28:46.987 E/DisplayDeviceConfig( 1511): requesting nits when no mapping exists.
02-09 05:28:46.987 E/DisplayDeviceConfig( 1511): requesting nits when no mapping exists.
02-09 05:28:46.987 I/am_wtf ( 1511): [0,1511,system_server,-1,DisplayDeviceConfig,requesting nits when no mapping exists.]
02-09 05:28:46.987 I/am_wtf ( 1511): [0,1511,system_server,-1,DisplayDeviceConfig,requesting nits when no mapping exists.]
02-09 05:28:47.003 E/DisplayDeviceConfig( 1511): requesting nits when no mapping exists.
02-09 05:28:47.004 E/DisplayDeviceConfig( 1511): requesting nits when no mapping exists.
02-09 05:28:47.004 I/am_wtf ( 1511): [0,1511,system_server,-1,DisplayDeviceConfig,requesting nits when no mapping exists.]
02-09 05:28:47.004 I/am_wtf ( 1511): [0,1511,system_server,-1,DisplayDeviceConfig,requesting nits when no mapping exists.]
02-09 05:28:47.020 E/DisplayDeviceConfig( 1511): requesting nits when no mapping exists.
02-09 05:28:47.020 E/DisplayDeviceConfig( 1511): requesting nits when no mapping exists.
02-09 05:28:47.020 I/am_wtf ( 1511): [0,1511,system_server,-1,DisplayDeviceConfig,requesting nits when no mapping exists.]
02-09 05:28:47.021 I/am_wtf ( 1511): [0,1511,system_server,-1,DisplayDeviceConfig,requesting nits when no mapping exists.]
02-09 05:28:47.037 E/DisplayDeviceConfig( 1511): requesting nits when no mapping exists.
02-09 05:28:47.037 I/am_wtf ( 1511): [0,1511,system_server,-1,DisplayDeviceConfig,requesting nits when no mapping exists.]
02-09 05:28:47.037 E/DisplayDeviceConfig( 1511): requesting nits when no mapping exists.
02-09 05:28:47.037 I/am_wtf ( 1511): [0,1511,system_server,-1,DisplayDeviceConfig,requesting nits when no mapping exists.]
02-09 05:28:47.053 E/DisplayDeviceConfig( 1511): requesting nits when no mapping exists.
02-09 05:28:47.054 E/DisplayDeviceConfig( 1511): requesting nits when no mapping exists.
02-09 05:28:47.054 I/am_wtf ( 1511): [0,1511,system_server,-1,DisplayDeviceConfig,requesting nits when no mapping exists.]
02-09 05:28:47.054 I/am_wtf ( 1511): [0,1511,system_server,-1,DisplayDeviceConfig,requesting nits when no mapping exists.]
02-09 05:28:47.070 E/DisplayDeviceConfig( 1511): requesting nits when no mapping exists.
02-09 05:28:47.070 E/DisplayDeviceConfig( 1511): requesting nits when no mapping exists.
02-09 05:28:47.070 I/am_wtf ( 1511): [0,1511,system_server,-1,DisplayDeviceConfig,requesting nits when no mapping exists.]
02-09 05:28:47.070 I/am_wtf ( 1511): [0,1511,system_server,-1,DisplayDeviceConfig,requesting nits when no mapping exists.]
02-09 05:28:47.087 E/DisplayDeviceConfig( 1511): requesting nits when no mapping exists.
02-09 05:28:47.087 E/DisplayDeviceConfig( 1511): requesting nits when no mapping exists.
02-09 05:28:47.087 I/am_wtf ( 1511): [0,1511,system_server,-1,DisplayDeviceConfig,requesting nits when no mapping exists.]
02-09 05:28:47.087 I/am_wtf ( 1511): [0,1511,system_server,-1,DisplayDeviceConfig,requesting nits when no mapping exists.]
02-09 05:28:47.103 E/DisplayDeviceConfig( 1511): requesting nits when no mapping exists.
02-09 05:28:47.104 E/DisplayDeviceConfig( 1511): requesting nits when no mapping exists.
02-09 05:28:47.104 I/am_wtf ( 1511): [0,1511,system_server,-1,DisplayDeviceConfig,requesting nits when no mapping exists.]
02-09 05:28:47.104 I/am_wtf ( 1511): [0,1511,system_server,-1,DisplayDeviceConfig,requesting nits when no mapping exists.]
02-09 05:28:47.120 E/DisplayDeviceConfig( 1511): requesting nits when no mapping exists.
02-09 05:28:47.120 E/DisplayDeviceConfig( 1511): requesting nits when no mapping exists.
02-09 05:28:47.120 I/am_wtf ( 1511): [0,1511,system_server,-1,DisplayDeviceConfig,requesting nits when no mapping exists.]
02-09 05:28:47.121 I/am_wtf ( 1511): [0,1511,system_server,-1,DisplayDeviceConfig,requesting nits when no mapping exists.]
02-09 05:28:47.137 E/DisplayDeviceConfig( 1511): requesting nits when no mapping exists.
02-09 05:28:47.137 E/DisplayDeviceConfig( 1511): requesting nits when no mapping exists.
02-09 05:28:47.137 I/am_wtf ( 1511): [0,1511,system_server,-1,DisplayDeviceConfig,requesting nits when no mapping exists.]
02-09 05:28:47.137 I/am_wtf ( 1511): [0,1511,system_server,-1,DisplayDeviceConfig,requesting nits when no mapping exists.]
02-09 05:28:47.154 E/DisplayDeviceConfig( 1511): requesting nits when no mapping exists.
02-09 05:28:47.154 I/am_wtf ( 1511): [0,1511,system_server,-1,DisplayDeviceConfig,requesting nits when no mapping exists.]
02-09 05:28:47.154 E/DisplayDeviceConfig( 1511): requesting nits when no mapping exists.
02-09 05:28:47.154 I/am_wtf ( 1511): [0,1511,system_server,-1,DisplayDeviceConfig,requesting nits when no mapping exists.]
02-09 05:28:47.170 E/DisplayDeviceConfig( 1511): requesting nits when no mapping exists.
02-09 05:28:47.170 I/am_wtf ( 1511): [0,1511,system_server,-1,DisplayDeviceConfig,requesting nits when no mapping exists.]
02-09 05:28:47.170 E/DisplayDeviceConfig( 1511): requesting nits when no mapping exists.
02-09 05:28:47.171 I/am_wtf ( 1511): [0,1511,system_server,-1,DisplayDeviceConfig,requesting nits when no mapping exists.]
02-09 05:28:47.187 E/DisplayDeviceConfig( 1511): requesting nits when no mapping exists.
02-09 05:28:47.187 I/am_wtf ( 1511): [0,1511,system_server,-1,DisplayDeviceConfig,requesting nits when no mapping exists.]
02-09 05:28:47.187 E/DisplayDeviceConfig( 1511): requesting nits when no mapping exists.
02-09 05:28:47.187 I/am_wtf ( 1511): [0,1511,system_server,-1,DisplayDeviceConfig,requesting nits when no mapping exists.]
02-09 05:28:47.204 E/DisplayDeviceConfig( 1511): requesting nits when no mapping exists.
02-09 05:28:47.204 I/am_wtf ( 1511): [0,1511,system_server,-1,DisplayDeviceConfig,requesting nits when no mapping exists.]
02-09 05:28:47.204 E/DisplayDeviceConfig( 1511): requesting nits when no mapping exists.
02-09 05:28:47.204 I/am_wtf ( 1511): [0,1511,system_server,-1,DisplayDeviceConfig,requesting nits when no mapping exists.]
02-09 05:28:47.220 E/DisplayDeviceConfig( 1511): requesting nits when no mapping exists.
02-09 05:28:47.220 E/DisplayDeviceConfig( 1511): requesting nits when no mapping exists.
02-09 05:28:47.221 I/am_wtf ( 1511): [0,1511,system_server,-1,DisplayDeviceConfig,requesting nits when no mapping exists.]
02-09 05:28:47.221 I/am_wtf ( 1511): [0,1511,system_server,-1,DisplayDeviceConfig,requesting nits when no mapping exists.]
02-09 05:29:13.836 I/input_interaction( 1511): Interaction with: be8e38d com.thundercomm.screensaver/android.service.dreams.DreamActivity (server), edge-swipe (server), swipe-up (server), PointerEventDispatcher0 (server),
02-09 05:29:13.838 I/wm_finish_activity( 1511): [0,240986038,27,com.thundercomm.screensaver/android.service.dreams.DreamActivity,finish-activity]
02-09 05:29:13.838 I/wm_task_moved( 1511): [1,1,7]
02-09 05:29:13.839 I/wm_task_moved( 1511): [8,1,2147483647]
02-09 05:29:13.839 I/wm_task_to_front( 1511): [0,8]
02-09 05:29:13.839 I/wm_focused_root_task( 1511): [0,0,1,27,finish-top adjustFocusToNextFocusableTask]
02-09 05:29:13.840 I/wm_set_resumed_activity( 1511): [0,com.android.launcher3/.uioverrides.QuickstepLauncher,finish-top adjustFocusToNextFocusableTask]
02-09 05:29:13.841 I/wm_pause_activity( 1511): [0,240986038,com.thundercomm.screensaver/android.service.dreams.DreamActivity,userLeaving=false,finish]
02-09 05:29:13.846 I/DreamManagerService( 1511): Gently waking up from dream.
02-09 05:29:13.847 I/sysui_multi_action( 1511): [757,803,799,window_time_0,802,27]
02-09 05:29:13.848 I/wm_on_top_resumed_lost_called( 4907): [240986038,android.service.dreams.DreamActivity,topStateChangedWhenResumed]
02-09 05:29:13.848 I/DreamManagerService( 1511): Performing gentle wake from dream.
02-09 05:29:13.848 I/wm_on_paused_called( 4907): [240986038,android.service.dreams.DreamActivity,performPause]
02-09 05:29:13.849 I/wm_add_to_stopping( 1511): [0,240986038,com.thundercomm.screensaver/android.service.dreams.DreamActivity,completeFinishing]
02-09 05:29:13.849 I/ActivityTaskManager( 1511): FOREGROUND_APPLICATION_CHANGED to com.android.launcher3.uioverrides.QuickstepLauncher
02-09 05:29:13.851 I/wm_set_resumed_activity( 1511): [0,com.android.launcher3/.uioverrides.QuickstepLauncher,resumeTopActivityInnerLocked]
02-09 05:29:13.852 I/wm_resume_activity( 1511): [0,204923478,8,com.android.launcher3/.uioverrides.QuickstepLauncher]
02-09 05:29:13.857 I/sysui_multi_action( 1511): [757,803,799,window_time_0,802,0]
02-09 05:29:13.860 I/view_enqueue_input_event( 4907): [Motion - Cancel,com.thundercomm.screensaver/android.service.dreams.DreamActivity]
02-09 05:29:13.864 I/input_focus( 1511): [Focus leaving be8e38d com.thundercomm.screensaver/android.service.dreams.DreamActivity (server),reason=NO_WINDOW]
02-09 05:29:13.864 I/input_interaction( 1511): Interaction with: edge-swipe (server), swipe-up (server), PointerEventDispatcher0 (server),
02-09 05:29:13.867 W/ContextImpl( 2089): Calling a method in the system process without a qualified user: android.app.ContextImpl.startService:1816 android.content.ContextWrapper.startService:774 com.thundercomm.gamemode.ingame.services.GameModeActionUtils.startGameModeService:111 com.thundercomm.gamemode.ingame.services.GameModeActionUtils.startGameModeEntry:22 com.thundercomm.gamemode.ingame.services.ActivityMonitoringService$1.onActivityLaunch:139
02-09 05:29:13.868 I/wm_on_restart_called( 2559): [204923478,com.android.launcher3.uioverrides.QuickstepLauncher,performRestartActivity]
02-09 05:29:13.868 I/wm_on_start_called( 2559): [204923478,com.android.launcher3.uioverrides.QuickstepLauncher,handleStartActivity]
02-09 05:29:13.868 I/wm_on_resume_called( 2559): [204923478,com.android.launcher3.uioverrides.QuickstepLauncher,RESUME_ACTIVITY]
02-09 05:29:13.868 I/wm_on_top_resumed_gained_called( 2559): [204923478,com.android.launcher3.uioverrides.QuickstepLauncher,topWhenResuming]
02-09 05:29:13.872 I/GameModeConfig( 1511): Current uri is uri = content://com.thundercomm.gamemode.api/gamemode_settings/gamemode_isgaming
02-09 05:29:13.874 I/GameModeConfig( 1511): isGameModeOn = false
02-09 05:29:13.874 I/GameModeConfig( 1511): isGameModeOn = false
02-09 05:29:13.874 I/GameModeConfig( 1511): isDisableVoice = true
02-09 05:29:13.874 I/am_pss ( 1511): [6616,10064,com.android.gallery3d,8419328,6320128,0,92573696,0,19,6]
02-09 05:29:13.880 I/input_focus( 1511): [Focus request 584aa45 com.android.launcher3/com.android.launcher3.uioverrides.QuickstepLauncher,reason=UpdateInputWindows]
02-09 05:29:13.881 I/am_pss ( 1511): [6595,10088,com.android.music,8007680,5509120,659456,86405120,0,19,5]
02-09 05:29:13.892 I/PowerManagerService( 1511): Powering on display group fromDreaming (groupId=0, uid=1000, reason=WAKE_REASON_UNKNOWN, details=android.server.power:DREAM_FINISHED)...
02-09 05:29:13.892 I/PowerManagerService( 1511): Waking up from Dreaming (uid=1000, reason=WAKE_REASON_UNKNOWN, details=android.server.power:DREAM_FINISHED)...
02-09 05:29:13.904 I/input_focus( 1511): [Focus entering 584aa45 com.android.launcher3/com.android.launcher3.uioverrides.QuickstepLauncher (server),reason=setFocusedWindow]
02-09 05:29:13.961 W/ContextImpl( 2089): Calling a method in the system process without a qualified user: android.app.ContextImpl.startService:1816 android.content.ContextWrapper.startService:774 com.thundercomm.gamemode.ingame.services.GameModeActionUtils.startGameModeService:111 com.thundercomm.gamemode.ingame.services.GameModeActionUtils.startGameModeEntry:22 com.thundercomm.gamemode.ingame.services.ActivityMonitoringService$1.onActivityLaunch:139
02-09 05:29:13.965 I/GameModeConfig( 1511): Current uri is uri = content://com.thundercomm.gamemode.api/gamemode_settings/gamemode_isgaming
02-09 05:29:13.967 I/GameModeConfig( 1511): isGameModeOn = false
02-09 05:29:13.967 I/GameModeConfig( 1511): isGameModeOn = false
02-09 05:29:13.967 I/GameModeConfig( 1511): isDisableVoice = true
02-09 05:29:14.138 I/wm_destroy_activity( 1511): [0,240986038,27,com.thundercomm.screensaver/android.service.dreams.DreamActivity,finish-imm:idle]
02-09 05:29:14.148 W/ContextImpl( 2089): Calling a method in the system process without a qualified user: android.app.ContextImpl.startService:1816 android.content.ContextWrapper.startService:774 com.thundercomm.gamemode.ingame.services.GameModeActionUtils.startGameModeService:111 com.thundercomm.gamemode.ingame.services.GameModeActionUtils.startGameModeEntry:22 com.thundercomm.gamemode.ingame.services.ActivityMonitoringService$1.onActivityLaunch:139
02-09 05:29:14.151 I/GameModeConfig( 1511): Current uri is uri = content://com.thundercomm.gamemode.api/gamemode_settings/gamemode_isgaming
02-09 05:29:14.154 I/GameModeConfig( 1511): isGameModeOn = false
02-09 05:29:14.154 I/GameModeConfig( 1511): isGameModeOn = false
02-09 05:29:14.154 I/GameModeConfig( 1511): isDisableVoice = true
02-09 05:29:14.159 I/wm_on_stop_called( 4907): [240986038,android.service.dreams.DreamActivity,LIFECYCLER_STOP_ACTIVITY]
02-09 05:29:14.159 I/wm_on_destroy_called( 4907): [240986038,android.service.dreams.DreamActivity,performDestroy]
02-09 05:29:14.164 I/DreamManagerService( 1511): Leaving dreamland.
02-09 05:29:14.167 I/DreamManagerService( 1511): Performing gentle wake from dream.
02-09 05:29:14.167 I/DreamController( 1511): Stopping dream: name=ComponentInfo{com.thundercomm.screensaver/com.thundercomm.saverclock.service.ClockScreensaver}, isTest=false, canDoze=false, userId=0, reason='finished self'(from 'finished self')
02-09 05:29:14.167 I/sysui_multi_action( 1511): [757,222,758,2]
02-09 05:29:14.167 I/sysui_multi_action( 1511): [757,804,799,dreaming_minutes,801,0,802,1]
02-09 05:29:14.177 I/wm_task_removed( 1511): [27,removeChild:removeChild last r=ActivityRecord{e5d27b6 u0 com.thundercomm.screensaver/android.service.dreams.DreamActivity t-1 f}} in t=Task{ee12143 #27 type=dream A=10044:android:com.thundercomm.screensaver/dream U=0 visible=false mode=fullscreen translucent=true sz=0}]
02-09 05:29:14.177 I/wm_task_removed( 1511): [27,removeChild]
02-09 05:29:14.179 W/ActivityTaskManager( 1511): Can't find TaskDisplayArea to determine support for multi window. Task id=27 attached=false
02-09 05:29:45.107 I/auditd ( 1511): type=1400 audit(0.0:1110): avc: denied { getopt } for comm="Binder:1511_A" scontext=u:r:system_server:s0 tcontext=u:r:shell:s0 tclass=unix_stream_socket permissive=0
02-09 05:29:45.107 I/auditd ( 1511): type=1400 audit(0.0:1111): avc: denied { getopt } for comm="Binder:1511_A" scontext=u:r:system_server:s0 tcontext=u:r:shell:s0 tclass=unix_stream_socket permissive=0
02-09 05:29:45.107 I/auditd ( 1511): type=1400 audit(0.0:1112): avc: denied { getopt } for comm="Binder:1511_A" scontext=u:r:system_server:s0 tcontext=u:r:shell:s0 tclass=unix_stream_socket permissive=0
02-09 05:29:45.134 I/commit_sys_config_file( 1511): [package-session,4069429]
02-09 05:29:45.151 I/commit_sys_config_file( 1511): [package-session,4069446]
02-09 05:29:59.049 I/storage_state( 1511): [41217664-9172-527a-b3d5-edabb50a7d69,0,0,110576615424,118610538496]
02-09 05:30:06.994 V/DisplayPowerController[0]( 1511): Brightness [0.05] reason changing to: 'manual [ dim ]', previous reason: 'manual'.
02-09 05:30:06.994 I/sysui_multi_action( 1511): [757,1696,758,6,759,2]
02-09 05:30:06.995 W/PowerManagerService( 1511): Screen on took 53103 ms
02-09 05:30:06.999 E/DisplayDeviceConfig( 1511): requesting nits when no mapping exists.
02-09 05:30:07.000 E/DisplayDeviceConfig( 1511): requesting nits when no mapping exists.
02-09 05:30:07.000 I/am_wtf ( 1511): [0,1511,system_server,-1,DisplayDeviceConfig,requesting nits when no mapping exists.]
02-09 05:30:07.001 I/DropBoxManagerService( 1511): add tag=system_server_wtf isTagEnabled=true flags=0x2
02-09 05:30:07.003 I/am_wtf ( 1511): [0,1511,system_server,-1,DisplayDeviceConfig,requesting nits when no mapping exists.]
02-09 05:30:07.004 I/DropBoxManagerService( 1511): add tag=system_server_wtf isTagEnabled=true flags=0x2
02-09 05:30:07.015 E/DisplayDeviceConfig( 1511): requesting nits when no mapping exists.
02-09 05:30:07.015 I/am_wtf ( 1511): [0,1511,system_server,-1,DisplayDeviceConfig,requesting nits when no mapping exists.]
02-09 05:30:07.016 E/DisplayDeviceConfig( 1511): requesting nits when no mapping exists.
02-09 05:30:07.016 I/DropBoxManagerService( 1511): add tag=system_server_wtf isTagEnabled=true flags=0x2
02-09 05:30:07.017 I/am_wtf ( 1511): [0,1511,system_server,-1,DisplayDeviceConfig,requesting nits when no mapping exists.]
02-09 05:30:07.018 I/DropBoxManagerService( 1511): add tag=system_server_wtf isTagEnabled=true flags=0x2
02-09 05:30:07.029 E/DisplayDeviceConfig( 1511): requesting nits when no mapping exists.
02-09 05:30:07.030 E/DisplayDeviceConfig( 1511): requesting nits when no mapping exists.
02-09 05:30:07.030 I/am_wtf ( 1511): [0,1511,system_server,-1,DisplayDeviceConfig,requesting nits when no mapping exists.]
02-09 05:30:07.031 I/DropBoxManagerService( 1511): add tag=system_server_wtf isTagEnabled=true flags=0x2
02-09 05:30:07.032 I/am_wtf ( 1511): [0,1511,system_server,-1,DisplayDeviceConfig,requesting nits when no mapping exists.]
02-09 05:30:07.046 E/DisplayDeviceConfig( 1511): requesting nits when no mapping exists.
02-09 05:30:07.047 E/DisplayDeviceConfig( 1511): requesting nits when no mapping exists.
02-09 05:30:07.047 I/am_wtf ( 1511): [0,1511,system_server,-1,DisplayDeviceConfig,requesting nits when no mapping exists.]
02-09 05:30:07.048 I/am_wtf ( 1511): [0,1511,system_server,-1,DisplayDeviceConfig,requesting nits when no mapping exists.]
02-09 05:30:07.063 E/DisplayDeviceConfig( 1511): requesting nits when no mapping exists.
02-09 05:30:07.063 E/DisplayDeviceConfig( 1511): requesting nits when no mapping exists.
02-09 05:30:07.063 I/am_wtf ( 1511): [0,1511,system_server,-1,DisplayDeviceConfig,requesting nits when no mapping exists.]
02-09 05:30:07.064 I/am_wtf ( 1511): [0,1511,system_server,-1,DisplayDeviceConfig,requesting nits when no mapping exists.]
02-09 05:30:07.080 E/DisplayDeviceConfig( 1511): requesting nits when no mapping exists.
02-09 05:30:07.080 I/am_wtf ( 1511): [0,1511,system_server,-1,DisplayDeviceConfig,requesting nits when no mapping exists.]
02-09 05:30:07.080 E/DisplayDeviceConfig( 1511): requesting nits when no mapping exists.
02-09 05:30:07.081 I/am_wtf ( 1511): [0,1511,system_server,-1,DisplayDeviceConfig,requesting nits when no mapping exists.]
02-09 05:30:07.097 E/DisplayDeviceConfig( 1511): requesting nits when no mapping exists.
02-09 05:30:07.097 E/DisplayDeviceConfig( 1511): requesting nits when no mapping exists.
02-09 05:30:07.097 I/am_wtf ( 1511): [0,1511,system_server,-1,DisplayDeviceConfig,requesting nits when no mapping exists.]
02-09 05:30:07.098 I/am_wtf ( 1511): [0,1511,system_server,-1,DisplayDeviceConfig,requesting nits when no mapping exists.]
02-09 05:30:07.113 E/DisplayDeviceConfig( 1511): requesting nits when no mapping exists.
02-09 05:30:07.114 E/DisplayDeviceConfig( 1511): requesting nits when no mapping exists.
02-09 05:30:07.114 I/am_wtf ( 1511): [0,1511,system_server,-1,DisplayDeviceConfig,requesting nits when no mapping exists.]
02-09 05:30:07.115 I/am_wtf ( 1511): [0,1511,system_server,-1,DisplayDeviceConfig,requesting nits when no mapping exists.]
02-09 05:30:07.130 E/DisplayDeviceConfig( 1511): requesting nits when no mapping exists.
02-09 05:30:07.130 E/DisplayDeviceConfig( 1511): requesting nits when no mapping exists.
02-09 05:30:07.130 I/am_wtf ( 1511): [0,1511,system_server,-1,DisplayDeviceConfig,requesting nits when no mapping exists.]
02-09 05:30:07.131 I/am_wtf ( 1511): [0,1511,system_server,-1,DisplayDeviceConfig,requesting nits when no mapping exists.]
02-09 05:30:07.147 E/DisplayDeviceConfig( 1511): requesting nits when no mapping exists.
02-09 05:30:07.147 I/am_wtf ( 1511): [0,1511,system_server,-1,DisplayDeviceConfig,requesting nits when no mapping exists.]
02-09 05:30:07.147 E/DisplayDeviceConfig( 1511): requesting nits when no mapping exists.
02-09 05:30:07.148 I/am_wtf ( 1511): [0,1511,system_server,-1,DisplayDeviceConfig,requesting nits when no mapping exists.]
02-09 05:30:07.163 E/DisplayDeviceConfig( 1511): requesting nits when no mapping exists.
02-09 05:30:07.164 E/DisplayDeviceConfig( 1511): requesting nits when no mapping exists.
02-09 05:30:07.164 I/am_wtf ( 1511): [0,1511,system_server,-1,DisplayDeviceConfig,requesting nits when no mapping exists.]
02-09 05:30:07.165 I/am_wtf ( 1511): [0,1511,system_server,-1,DisplayDeviceConfig,requesting nits when no mapping exists.]
02-09 05:30:07.180 E/DisplayDeviceConfig( 1511): requesting nits when no mapping exists.
02-09 05:30:07.181 E/DisplayDeviceConfig( 1511): requesting nits when no mapping exists.
02-09 05:30:07.181 I/am_wtf ( 1511): [0,1511,system_server,-1,DisplayDeviceConfig,requesting nits when no mapping exists.]
02-09 05:30:07.182 I/am_wtf ( 1511): [0,1511,system_server,-1,DisplayDeviceConfig,requesting nits when no mapping exists.]
02-09 05:30:07.197 E/DisplayDeviceConfig( 1511): requesting nits when no mapping exists.
02-09 05:30:07.197 E/DisplayDeviceConfig( 1511): requesting nits when no mapping exists.
02-09 05:30:07.198 I/am_wtf ( 1511): [0,1511,system_server,-1,DisplayDeviceConfig,requesting nits when no mapping exists.]
02-09 05:30:07.199 I/am_wtf ( 1511): [0,1511,system_server,-1,DisplayDeviceConfig,requesting nits when no mapping exists.]
02-09 05:30:07.214 E/DisplayDeviceConfig( 1511): requesting nits when no mapping exists.
02-09 05:30:07.214 E/DisplayDeviceConfig( 1511): requesting nits when no mapping exists.
02-09 05:30:07.214 I/am_wtf ( 1511): [0,1511,system_server,-1,DisplayDeviceConfig,requesting nits when no mapping exists.]
02-09 05:30:07.215 I/am_wtf ( 1511): [0,1511,system_server,-1,DisplayDeviceConfig,requesting nits when no mapping exists.]
02-09 05:30:07.230 E/DisplayDeviceConfig( 1511): requesting nits when no mapping exists.
02-09 05:30:07.231 E/DisplayDeviceConfig( 1511): requesting nits when no mapping exists.
02-09 05:30:07.231 I/am_wtf ( 1511): [0,1511,system_server,-1,DisplayDeviceConfig,requesting nits when no mapping exists.]
02-09 05:30:07.231 I/am_wtf ( 1511): [0,1511,system_server,-1,DisplayDeviceConfig,requesting nits when no mapping exists.]
02-09 05:30:07.247 E/DisplayDeviceConfig( 1511): requesting nits when no mapping exists.
02-09 05:30:07.248 E/DisplayDeviceConfig( 1511): requesting nits when no mapping exists.
02-09 05:30:07.248 I/am_wtf ( 1511): [0,1511,system_server,-1,DisplayDeviceConfig,requesting nits when no mapping exists.]
02-09 05:30:07.249 I/am_wtf ( 1511): [0,1511,system_server,-1,DisplayDeviceConfig,requesting nits when no mapping exists.]
02-09 05:30:07.263 E/DisplayDeviceConfig( 1511): requesting nits when no mapping exists.
02-09 05:30:07.264 I/am_wtf ( 1511): [0,1511,system_server,-1,DisplayDeviceConfig,requesting nits when no mapping exists.]
02-09 05:30:07.264 E/DisplayDeviceConfig( 1511): requesting nits when no mapping exists.
02-09 05:30:07.265 I/am_wtf ( 1511): [0,1511,system_server,-1,DisplayDeviceConfig,requesting nits when no mapping exists.]
02-09 05:30:07.281 E/DisplayDeviceConfig( 1511): requesting nits when no mapping exists.
02-09 05:30:07.281 I/am_wtf ( 1511): [0,1511,system_server,-1,DisplayDeviceConfig,requesting nits when no mapping exists.]
02-09 05:30:07.281 E/DisplayDeviceConfig( 1511): requesting nits when no mapping exists.
02-09 05:30:07.282 I/am_wtf ( 1511): [0,1511,system_server,-1,DisplayDeviceConfig,requesting nits when no mapping exists.]
02-09 05:30:07.297 E/DisplayDeviceConfig( 1511): requesting nits when no mapping exists.
02-09 05:30:07.297 I/am_wtf ( 1511): [0,1511,system_server,-1,DisplayDeviceConfig,requesting nits when no mapping exists.]
02-09 05:30:07.297 E/DisplayDeviceConfig( 1511): requesting nits when no mapping exists.
02-09 05:30:07.298 I/am_wtf ( 1511): [0,1511,system_server,-1,DisplayDeviceConfig,requesting nits when no mapping exists.]
02-09 05:30:07.314 E/DisplayDeviceConfig( 1511): requesting nits when no mapping exists.
02-09 05:30:07.314 I/am_wtf ( 1511): [0,1511,system_server,-1,DisplayDeviceConfig,requesting nits when no mapping exists.]
02-09 05:30:07.314 E/DisplayDeviceConfig( 1511): requesting nits when no mapping exists.
02-09 05:30:07.316 I/am_wtf ( 1511): [0,1511,system_server,-1,DisplayDeviceConfig,requesting nits when no mapping exists.]
02-09 05:30:07.331 E/DisplayDeviceConfig( 1511): requesting nits when no mapping exists.
02-09 05:30:07.331 E/DisplayDeviceConfig( 1511): requesting nits when no mapping exists.
02-09 05:30:07.331 I/am_wtf ( 1511): [0,1511,system_server,-1,DisplayDeviceConfig,requesting nits when no mapping exists.]
02-09 05:30:07.332 I/am_wtf ( 1511): [0,1511,system_server,-1,DisplayDeviceConfig,requesting nits when no mapping exists.]
02-09 05:30:07.347 E/DisplayDeviceConfig( 1511): requesting nits when no mapping exists.
02-09 05:30:07.348 E/DisplayDeviceConfig( 1511): requesting nits when no mapping exists.
02-09 05:30:07.348 I/am_wtf ( 1511): [0,1511,system_server,-1,DisplayDeviceConfig,requesting nits when no mapping exists.]
02-09 05:30:07.348 I/am_wtf ( 1511): [0,1511,system_server,-1,DisplayDeviceConfig,requesting nits when no mapping exists.]
02-09 05:30:07.364 E/DisplayDeviceConfig( 1511): requesting nits when no mapping exists.
02-09 05:30:07.365 I/am_wtf ( 1511): [0,1511,system_server,-1,DisplayDeviceConfig,requesting nits when no mapping exists.]
02-09 05:30:07.365 E/DisplayDeviceConfig( 1511): requesting nits when no mapping exists.
02-09 05:30:07.365 I/am_wtf ( 1511): [0,1511,system_server,-1,DisplayDeviceConfig,requesting nits when no mapping exists.]
02-09 05:30:07.381 E/DisplayDeviceConfig( 1511): requesting nits when no mapping exists.
02-09 05:30:07.381 E/DisplayDeviceConfig( 1511): requesting nits when no mapping exists.
02-09 05:30:07.382 I/am_wtf ( 1511): [0,1511,system_server,-1,DisplayDeviceConfig,requesting nits when no mapping exists.]
02-09 05:30:07.382 I/am_wtf ( 1511): [0,1511,system_server,-1,DisplayDeviceConfig,requesting nits when no mapping exists.]
02-09 05:30:07.397 E/DisplayDeviceConfig( 1511): requesting nits when no mapping exists.
02-09 05:30:07.398 I/am_wtf ( 1511): [0,1511,system_server,-1,DisplayDeviceConfig,requesting nits when no mapping exists.]
02-09 05:30:07.398 E/DisplayDeviceConfig( 1511): requesting nits when no mapping exists.
02-09 05:30:07.399 I/am_wtf ( 1511): [0,1511,system_server,-1,DisplayDeviceConfig,requesting nits when no mapping exists.]
02-09 05:30:07.399 I/service_manager_stats( 1511): [100,36,80563]
02-09 05:30:07.414 E/DisplayDeviceConfig( 1511): requesting nits when no mapping exists.
02-09 05:30:07.415 I/am_wtf ( 1511): [0,1511,system_server,-1,DisplayDeviceConfig,requesting nits when no mapping exists.]
02-09 05:30:07.415 E/DisplayDeviceConfig( 1511): requesting nits when no mapping exists.
02-09 05:30:07.416 I/am_wtf ( 1511): [0,1511,system_server,-1,DisplayDeviceConfig,requesting nits when no mapping exists.]
02-09 05:30:07.431 E/DisplayDeviceConfig( 1511): requesting nits when no mapping exists.
02-09 05:30:07.433 E/DisplayDeviceConfig( 1511): requesting nits when no mapping exists.
02-09 05:30:07.433 I/am_wtf ( 1511): [0,1511,system_server,-1,DisplayDeviceConfig,requesting nits when no mapping exists.]
02-09 05:30:07.435 I/am_wtf ( 1511): [0,1511,system_server,-1,DisplayDeviceConfig,requesting nits when no mapping exists.]
02-09 05:30:07.447 E/DisplayDeviceConfig( 1511): requesting nits when no mapping exists.
02-09 05:30:07.448 I/am_wtf ( 1511): [0,1511,system_server,-1,DisplayDeviceConfig,requesting nits when no mapping exists.]
02-09 05:30:07.449 E/DisplayDeviceConfig( 1511): requesting nits when no mapping exists.
02-09 05:30:07.450 I/am_wtf ( 1511): [0,1511,system_server,-1,DisplayDeviceConfig,requesting nits when no mapping exists.]
02-09 05:30:07.464 E/DisplayDeviceConfig( 1511): requesting nits when no mapping exists.
02-09 05:30:07.465 E/DisplayDeviceConfig( 1511): requesting nits when no mapping exists.
02-09 05:30:07.465 I/am_wtf ( 1511): [0,1511,system_server,-1,DisplayDeviceConfig,requesting nits when no mapping exists.]
02-09 05:30:07.466 I/am_wtf ( 1511): [0,1511,system_server,-1,DisplayDeviceConfig,requesting nits when no mapping exists.]
02-09 05:30:07.481 E/DisplayDeviceConfig( 1511): requesting nits when no mapping exists.
02-09 05:30:07.482 E/DisplayDeviceConfig( 1511): requesting nits when no mapping exists.
02-09 05:30:07.482 I/am_wtf ( 1511): [0,1511,system_server,-1,DisplayDeviceConfig,requesting nits when no mapping exists.]
02-09 05:30:07.483 I/am_wtf ( 1511): [0,1511,system_server,-1,DisplayDeviceConfig,requesting nits when no mapping exists.]
02-09 05:30:07.497 E/DisplayDeviceConfig( 1511): requesting nits when no mapping exists.
02-09 05:30:07.498 E/DisplayDeviceConfig( 1511): requesting nits when no mapping exists.
02-09 05:30:07.498 I/am_wtf ( 1511): [0,1511,system_server,-1,DisplayDeviceConfig,requesting nits when no mapping exists.]
02-09 05:30:07.498 I/am_wtf ( 1511): [0,1511,system_server,-1,DisplayDeviceConfig,requesting nits when no mapping exists.]
02-09 05:30:07.514 E/DisplayDeviceConfig( 1511): requesting nits when no mapping exists.
02-09 05:30:07.514 E/DisplayDeviceConfig( 1511): requesting nits when no mapping exists.
02-09 05:30:07.514 I/am_wtf ( 1511): [0,1511,system_server,-1,DisplayDeviceConfig,requesting nits when no mapping exists.]
02-09 05:30:07.515 I/am_wtf ( 1511): [0,1511,system_server,-1,DisplayDeviceConfig,requesting nits when no mapping exists.]
02-09 05:30:07.531 E/DisplayDeviceConfig( 1511): requesting nits when no mapping exists.
02-09 05:30:07.531 E/DisplayDeviceConfig( 1511): requesting nits when no mapping exists.
02-09 05:30:07.531 I/am_wtf ( 1511): [0,1511,system_server,-1,DisplayDeviceConfig,requesting nits when no mapping exists.]
02-09 05:30:07.532 I/am_wtf ( 1511): [0,1511,system_server,-1,DisplayDeviceConfig,requesting nits when no mapping exists.]
02-09 05:30:07.547 E/DisplayDeviceConfig( 1511): requesting nits when no mapping exists.
02-09 05:30:07.548 E/DisplayDeviceConfig( 1511): requesting nits when no mapping exists.
02-09 05:30:07.548 I/am_wtf ( 1511): [0,1511,system_server,-1,DisplayDeviceConfig,requesting nits when no mapping exists.]
02-09 05:30:07.549 I/am_wtf ( 1511): [0,1511,system_server,-1,DisplayDeviceConfig,requesting nits when no mapping exists.]
02-09 05:30:07.564 E/DisplayDeviceConfig( 1511): requesting nits when no mapping exists.
02-09 05:30:07.565 I/am_wtf ( 1511): [0,1511,system_server,-1,DisplayDeviceConfig,requesting nits when no mapping exists.]
02-09 05:30:07.565 E/DisplayDeviceConfig( 1511): requesting nits when no mapping exists.
02-09 05:30:07.566 I/am_wtf ( 1511): [0,1511,system_server,-1,DisplayDeviceConfig,requesting nits when no mapping exists.]
02-09 05:30:07.581 E/DisplayDeviceConfig( 1511): requesting nits when no mapping exists.
02-09 05:30:07.582 E/DisplayDeviceConfig( 1511): requesting nits when no mapping exists.
02-09 05:30:07.582 I/am_wtf ( 1511): [0,1511,system_server,-1,DisplayDeviceConfig,requesting nits when no mapping exists.]
02-09 05:30:07.583 I/am_wtf ( 1511): [0,1511,system_server,-1,DisplayDeviceConfig,requesting nits when no mapping exists.]
02-09 05:30:07.598 E/DisplayDeviceConfig( 1511): requesting nits when no mapping exists.
02-09 05:30:07.598 E/DisplayDeviceConfig( 1511): requesting nits when no mapping exists.
02-09 05:30:07.598 I/am_wtf ( 1511): [0,1511,system_server,-1,DisplayDeviceConfig,requesting nits when no mapping exists.]
02-09 05:30:07.599 I/am_wtf ( 1511): [0,1511,system_server,-1,DisplayDeviceConfig,requesting nits when no mapping exists.]
02-09 05:30:07.614 E/DisplayDeviceConfig( 1511): requesting nits when no mapping exists.
02-09 05:30:07.615 E/DisplayDeviceConfig( 1511): requesting nits when no mapping exists.
02-09 05:30:07.615 I/am_wtf ( 1511): [0,1511,system_server,-1,DisplayDeviceConfig,requesting nits when no mapping exists.]
02-09 05:30:07.616 I/am_wtf ( 1511): [0,1511,system_server,-1,DisplayDeviceConfig,requesting nits when no mapping exists.]
02-09 05:30:07.631 E/DisplayDeviceConfig( 1511): requesting nits when no mapping exists.
02-09 05:30:07.631 E/DisplayDeviceConfig( 1511): requesting nits when no mapping exists.
02-09 05:30:07.631 I/am_wtf ( 1511): [0,1511,system_server,-1,DisplayDeviceConfig,requesting nits when no mapping exists.]
02-09 05:30:07.632 I/am_wtf ( 1511): [0,1511,system_server,-1,DisplayDeviceConfig,requesting nits when no mapping exists.]
02-09 05:30:07.648 E/DisplayDeviceConfig( 1511): requesting nits when no mapping exists.
02-09 05:30:07.648 E/DisplayDeviceConfig( 1511): requesting nits when no mapping exists.
02-09 05:30:07.649 I/am_wtf ( 1511): [0,1511,system_server,-1,DisplayDeviceConfig,requesting nits when no mapping exists.]
02-09 05:30:07.649 I/am_wtf ( 1511): [0,1511,system_server,-1,DisplayDeviceConfig,requesting nits when no mapping exists.]
02-09 05:30:07.664 E/DisplayDeviceConfig( 1511): requesting nits when no mapping exists.
02-09 05:30:07.665 E/DisplayDeviceConfig( 1511): requesting nits when no mapping exists.
02-09 05:30:07.665 I/am_wtf ( 1511): [0,1511,system_server,-1,DisplayDeviceConfig,requesting nits when no mapping exists.]
02-09 05:30:07.665 I/am_wtf ( 1511): [0,1511,system_server,-1,DisplayDeviceConfig,requesting nits when no mapping exists.]
02-09 05:30:07.681 E/DisplayDeviceConfig( 1511): requesting nits when no mapping exists.
02-09 05:30:07.681 E/DisplayDeviceConfig( 1511): requesting nits when no mapping exists.
02-09 05:30:07.682 I/am_wtf ( 1511): [0,1511,system_server,-1,DisplayDeviceConfig,requesting nits when no mapping exists.]
02-09 05:30:07.682 I/am_wtf ( 1511): [0,1511,system_server,-1,DisplayDeviceConfig,requesting nits when no mapping exists.]
02-09 05:30:07.698 E/DisplayDeviceConfig( 1511): requesting nits when no mapping exists.
02-09 05:30:07.698 E/DisplayDeviceConfig( 1511): requesting nits when no mapping exists.
02-09 05:30:07.698 I/am_wtf ( 1511): [0,1511,system_server,-1,DisplayDeviceConfig,requesting nits when no mapping exists.]
02-09 05:30:07.698 I/am_wtf ( 1511): [0,1511,system_server,-1,DisplayDeviceConfig,requesting nits when no mapping exists.]
02-09 05:30:07.714 E/DisplayDeviceConfig( 1511): requesting nits when no mapping exists.
02-09 05:30:07.715 E/DisplayDeviceConfig( 1511): requesting nits when no mapping exists.
02-09 05:30:07.715 I/am_wtf ( 1511): [0,1511,system_server,-1,DisplayDeviceConfig,requesting nits when no mapping exists.]
02-09 05:30:07.716 I/am_wtf ( 1511): [0,1511,system_server,-1,DisplayDeviceConfig,requesting nits when no mapping exists.]
02-09 05:30:07.731 E/DisplayDeviceConfig( 1511): requesting nits when no mapping exists.
02-09 05:30:07.732 E/DisplayDeviceConfig( 1511): requesting nits when no mapping exists.
02-09 05:30:07.732 I/am_wtf ( 1511): [0,1511,system_server,-1,DisplayDeviceConfig,requesting nits when no mapping exists.]
02-09 05:30:07.733 I/am_wtf ( 1511): [0,1511,system_server,-1,DisplayDeviceConfig,requesting nits when no mapping exists.]
02-09 05:30:07.748 E/DisplayDeviceConfig( 1511): requesting nits when no mapping exists.
02-09 05:30:07.749 E/DisplayDeviceConfig( 1511): requesting nits when no mapping exists.
02-09 05:30:07.749 I/am_wtf ( 1511): [0,1511,system_server,-1,DisplayDeviceConfig,requesting nits when no mapping exists.]
02-09 05:30:07.750 I/am_wtf ( 1511): [0,1511,system_server,-1,DisplayDeviceConfig,requesting nits when no mapping exists.]
02-09 05:30:07.765 E/DisplayDeviceConfig( 1511): requesting nits when no mapping exists.
02-09 05:30:07.765 E/DisplayDeviceConfig( 1511): requesting nits when no mapping exists.
02-09 05:30:07.765 I/am_wtf ( 1511): [0,1511,system_server,-1,DisplayDeviceConfig,requesting nits when no mapping exists.]
02-09 05:30:07.766 I/am_wtf ( 1511): [0,1511,system_server,-1,DisplayDeviceConfig,requesting nits when no mapping exists.]
02-09 05:30:07.782 E/DisplayDeviceConfig( 1511): requesting nits when no mapping exists.
02-09 05:30:07.782 E/DisplayDeviceConfig( 1511): requesting nits when no mapping exists.
02-09 05:30:07.783 I/am_wtf ( 1511): [0,1511,system_server,-1,DisplayDeviceConfig,requesting nits when no mapping exists.]
02-09 05:30:07.784 I/am_wtf ( 1511): [0,1511,system_server,-1,DisplayDeviceConfig,requesting nits when no mapping exists.]
02-09 05:30:07.798 E/DisplayDeviceConfig( 1511): requesting nits when no mapping exists.
02-09 05:30:07.798 E/DisplayDeviceConfig( 1511): requesting nits when no mapping exists.
02-09 05:30:07.798 I/am_wtf ( 1511): [0,1511,system_server,-1,DisplayDeviceConfig,requesting nits when no mapping exists.]
02-09 05:30:07.799 I/am_wtf ( 1511): [0,1511,system_server,-1,DisplayDeviceConfig,requesting nits when no mapping exists.]
02-09 05:30:07.815 E/DisplayDeviceConfig( 1511): requesting nits when no mapping exists.
02-09 05:30:07.817 I/am_wtf ( 1511): [0,1511,system_server,-1,DisplayDeviceConfig,requesting nits when no mapping exists.]
02-09 05:30:07.817 E/DisplayDeviceConfig( 1511): requesting nits when no mapping exists.
02-09 05:30:07.818 I/am_wtf ( 1511): [0,1511,system_server,-1,DisplayDeviceConfig,requesting nits when no mapping exists.]
02-09 05:30:07.831 E/DisplayDeviceConfig( 1511): requesting nits when no mapping exists.
02-09 05:30:07.832 I/am_wtf ( 1511): [0,1511,system_server,-1,DisplayDeviceConfig,requesting nits when no mapping exists.]
02-09 05:30:07.832 E/DisplayDeviceConfig( 1511): requesting nits when no mapping exists.
02-09 05:30:07.833 I/am_wtf ( 1511): [0,1511,system_server,-1,DisplayDeviceConfig,requesting nits when no mapping exists.]
02-09 05:30:07.849 E/DisplayDeviceConfig( 1511): requesting nits when no mapping exists.
02-09 05:30:07.849 E/DisplayDeviceConfig( 1511): requesting nits when no mapping exists.
02-09 05:30:07.849 I/am_wtf ( 1511): [0,1511,system_server,-1,DisplayDeviceConfig,requesting nits when no mapping exists.]
02-09 05:30:07.850 I/am_wtf ( 1511): [0,1511,system_server,-1,DisplayDeviceConfig,requesting nits when no mapping exists.]
02-09 05:30:07.865 E/DisplayDeviceConfig( 1511): requesting nits when no mapping exists.
02-09 05:30:07.866 E/DisplayDeviceConfig( 1511): requesting nits when no mapping exists.
02-09 05:30:07.866 I/am_wtf ( 1511): [0,1511,system_server,-1,DisplayDeviceConfig,requesting nits when no mapping exists.]
