02-09 05:27:00.202 I/wm_on_resume_called( 2559): [204923478,com.android.launcher3.uioverrides.QuickstepLauncher,RESUME_ACTIVITY]
02-09 05:27:00.210 I/input_focus( 1511): [Focus request 584aa45 com.android.launcher3/com.android.launcher3.uioverrides.QuickstepLauncher,reason=UpdateInputWindows]
02-09 05:27:00.211 I/wm_on_paused_called( 5884): [27840304,com.tencent.tmgp.sgame.SGameActivity,performPause]
02-09 05:27:00.215 I/input_focus( 1511): [Focus leaving recents_animation_input_consumer (server),reason=NOT_VISIBLE]
02-09 05:27:00.215 I/input_focus( 1511): [Focus entering 584aa45 com.android.launcher3/com.android.launcher3.uioverrides.QuickstepLauncher (server),reason=setFocusedWindow]
02-09 05:27:00.220 W/FreeFormWindowHelper( 1511): Current Display FreeFormTask is null
02-09 05:27:00.221 W/FreeFormWindowHelper( 1511): Current Display FreeFormTask is null
02-09 05:27:00.221 I/wm_stop_activity( 1511): [0,27840304,com.tencent.tmgp.sgame/.SGameActivity]
02-09 05:27:00.221 I/sysui_multi_action( 1511): [757,803,799,window_time_0,802,32]
02-09 05:27:00.222 W/FreeFormWindowHelper( 1511): Current Display FreeFormTask is null
02-09 05:27:00.231 I/wm_on_stop_called( 5884): [27840304,com.tencent.tmgp.sgame.SGameActivity,STOP_ACTIVITY_ITEM]
02-09 05:27:00.234 I/am_uid_running( 1511): 10064
02-09 05:27:00.234 D/CompatibilityChangeReporter( 1511): Compat change id reported: 135634846; UID 10064; state: DISABLED
02-09 05:27:00.235 D/CompatibilityChangeReporter( 1511): Compat change id reported: 177438394; UID 10064; state: DISABLED
02-09 05:27:00.235 D/CompatibilityChangeReporter( 1511): Compat change id reported: 135772972; UID 10064; state: DISABLED
02-09 05:27:00.235 D/CompatibilityChangeReporter( 1511): Compat change id reported: 135754954; UID 10064; state: DISABLED
02-09 05:27:00.235 D/CompatibilityChangeReporter( 1511): Compat change id reported: 143937733; UID 10064; state: DISABLED
02-09 05:27:00.237 I/sysui_multi_action( 1511): [757,803,799,window_time_0,802,0]
02-09 05:27:00.244 I/am_proc_start( 1511): [0,6616,10064,com.android.gallery3d,NULL,]
02-09 05:27:00.244 I/ActivityManager( 1511): Start proc 6616:com.android.gallery3d/u0a64 for null
02-09 05:27:00.253 I/am_pss ( 1511): [6427,1000,com.android.settings,130496512,114405376,0,260464640,0,15,11]
02-09 05:27:00.259 I/wm_on_top_resumed_gained_called( 2559): [204923478,com.android.launcher3.uioverrides.QuickstepLauncher,topStateChangedWhenResumed]
02-09 05:27:00.262 I/am_proc_bound( 1511): [0,6616,com.android.gallery3d]
02-09 05:27:00.263 W/FreeFormWindowHelper( 1511): Current Display FreeFormTask is null
02-09 05:27:00.263 W/FreeFormWindowHelper( 1511): Current Display FreeFormTask is null
02-09 05:27:00.271 W/ContextImpl( 2089): Calling a method in the system process without a qualified user: android.app.ContextImpl.startService:1816 android.content.ContextWrapper.startService:774 com.thundercomm.gamemode.ingame.services.GameModeActionUtils.startGameModeService:111 com.thundercomm.gamemode.ingame.services.GameModeActionUtils.startGameModeEntry:22 com.thundercomm.gamemode.ingame.services.ActivityMonitoringService$1.onActivityLaunch:139
02-09 05:27:00.273 D/CompatibilityChangeReporter( 1511): Compat change id reported: 168419799; UID 10064; state: DISABLED
02-09 05:27:00.283 I/GameModeConfig( 1511): Current uri is uri = content://com.thundercomm.gamemode.api/gamemode_settings/gamemode_isgaming
02-09 05:27:00.285 I/GameModeConfig( 1511): isGameModeOn = false
02-09 05:27:00.285 I/GameModeConfig( 1511): isGameModeOn = false
02-09 05:27:00.285 I/GameModeConfig( 1511): isDisableVoice = true
02-09 05:27:00.320 W/ContextImpl( 2089): Calling a method in the system process without a qualified user: android.app.ContextImpl.startService:1816 android.content.ContextWrapper.startService:774 com.thundercomm.gamemode.ingame.services.GameModeActionUtils.startGameModeService:111 com.thundercomm.gamemode.ingame.services.GameModeActionUtils.startGameModeEntry:22 com.thundercomm.gamemode.ingame.services.ActivityMonitoringService$1.onActivityLaunch:139
02-09 05:27:00.323 I/GameModeConfig( 1511): Current uri is uri = content://com.thundercomm.gamemode.api/gamemode_settings/gamemode_isgaming
02-09 05:27:00.324 I/GameModeConfig( 1511): isGameModeOn = false
02-09 05:27:00.325 I/GameModeConfig( 1511): isGameModeOn = false
02-09 05:27:00.325 I/GameModeConfig( 1511): isDisableVoice = true
02-09 05:27:00.460 I/commit_sys_config_file( 1511): [settings-1-0,4]
02-09 05:27:00.786 I/input_interaction( 1511): Interaction with: 584aa45 com.android.launcher3/com.android.launcher3.uioverrides.QuickstepLauncher (server), 4aad3d7 com.android.systemui.ImageWallpaper (server), edge-swipe (server), swipe-up (server), PointerEventDispatcher0 (server),
02-09 05:27:00.933 W/FreeFormWindowHelper( 1511): Current Display FreeFormTask is null
02-09 05:27:00.934 W/FreeFormWindowHelper( 1511): Current Display FreeFormTask is null
02-09 05:27:00.942 W/FreeFormWindowHelper( 1511): exitRecentTasks type=0
02-09 05:27:00.950 W/FreeFormWindowHelper( 1511): Current Display FreeFormTask is null
02-09 05:27:00.950 W/FreeFormWindowHelper( 1511): Current Display FreeFormTask is null
02-09 05:27:44.986 I/input_interaction( 1511): Interaction with: 3d2c05f StatusBar (server), edge-swipe (server), swipe-up (server), PointerEventDispatcher0 (server),
02-09 05:27:44.991 I/sysui_multi_action( 1978): [757,803,799,panel_open,802,1]
02-09 05:27:44.993 I/sysui_multi_action( 1978): [757,1328,758,4,1326,35,1327,2,1329,0]
02-09 05:27:45.021 I/sysui_multi_action( 1511): [757,127,758,1]
02-09 05:27:45.021 I/sysui_multi_action( 1511): [757,804,799,note_load,801,3,802,1]
02-09 05:27:45.022 I/notification_panel_revealed( 1511): 3
02-09 05:27:45.035 I/input_focus( 1511): [Focus request bd39bb2 NotificationShade,reason=UpdateInputWindows]
02-09 05:27:45.045 I/sysui_multi_action( 1511): [757,128,758,1,793,3947833,794,0,795,3947833,796,26,798,0,806,android,857,DEVELOPER_IMPORTANT,858,4,947,0,1395,3,1500,3947384,1688,1]
02-09 05:27:45.045 I/sysui_multi_action( 1511): [757,804,799,note_freshness,801,3947833,802,1]
02-09 05:27:45.045 I/notification_visibility( 1511): [-1|android|26|null|1000,1,3947833,3947833,0,0]
02-09 05:27:45.046 I/sysui_multi_action( 1511): [757,128,758,1,793,3943359,794,0,795,3943359,796,17303299,797,com.android.wifi,798,1,806,android,857,NETWORK_AVAILABLE,858,2,947,0,1395,3,1500,3943157,1688,1]
02-09 05:27:45.046 I/sysui_multi_action( 1511): [757,804,799,note_freshness,801,3943359,802,1]
02-09 05:27:45.046 I/notification_visibility( 1511): [0|android|17303299|com.android.wifi|1000,1,3943359,3943359,0,1]
02-09 05:27:45.046 I/sysui_multi_action( 1511): [757,128,758,1,793,3948607,794,0,795,3948607,796,32,798,2,806,android,857,USB,858,1,947,0,1395,3,1500,3948563,1688,1]
02-09 05:27:45.046 I/sysui_multi_action( 1511): [757,804,799,note_freshness,801,3948607,802,1]
02-09 05:27:45.046 I/notification_visibility( 1511): [-1|android|32|null|1000,1,3948607,3948607,0,2]
02-09 05:27:45.057 I/input_focus( 1511): [Focus leaving 584aa45 com.android.launcher3/com.android.launcher3.uioverrides.QuickstepLauncher (server),reason=setFocusedWindow]
02-09 05:27:45.057 I/input_focus( 1511): [Focus entering bd39bb2 NotificationShade (server),reason=setFocusedWindow]
02-09 05:27:45.099 I/sysui_multi_action( 1978): [757,111,758,1]
02-09 05:27:45.099 I/sysui_multi_action( 1978): [757,126,758,1,759,126,927,0,928,1,1593,1]
02-09 05:27:45.099 I/sysui_multi_action( 1978): [757,113,758,1,759,113,927,1,928,1,1593,1]
02-09 05:27:45.099 I/sysui_multi_action( 1978): [757,0,758,1,759,0,927,2,928,0,1593,1]
02-09 05:27:45.099 I/sysui_multi_action( 1978): [757,0,758,1,759,0,927,3,928,0,1593,1]
02-09 05:27:45.100 I/sysui_multi_action( 1978): [757,491,758,1,759,491,927,4,928,0,1311,-1,1593,0]
02-09 05:27:45.100 I/sysui_multi_action( 1978): [757,0,758,1,759,0,927,5,928,0,1593,0]
02-09 05:27:45.100 I/sysui_multi_action( 1978): [757,111,758,1]
02-09 05:27:45.100 I/sysui_multi_action( 1978): [757,126,758,1,759,126,927,0,928,1,1593,1]
02-09 05:27:45.100 I/sysui_multi_action( 1978): [757,113,758,1,759,113,927,1,928,1,1593,1]
02-09 05:27:45.100 I/sysui_multi_action( 1978): [757,0,758,1,759,0,927,2,928,0,1593,1]
02-09 05:27:45.100 I/sysui_multi_action( 1978): [757,0,758,1,759,0,927,3,928,0,1593,1]
02-09 05:27:46.098 I/input_interaction( 1511): Interaction with: bd39bb2 NotificationShade (server), edge-swipe (server), swipe-up (server), PointerEventDispatcher0 (server),
02-09 05:27:46.528 I/GameModeConfig( 1511): isGameModeOn = false
02-09 05:27:46.528 I/GameModeConfig( 1511): isGameModeOn = false
02-09 05:27:46.529 I/GameModeConfig( 1511): isGameModeOn = false
02-09 05:27:46.529 I/GameModeConfig( 1511): isGameModeOn = false
02-09 05:27:46.529 I/GameModeConfig( 1511): isGameModeOn = false
02-09 05:27:46.531 I/sysui_multi_action( 1978): [757,111,758,2]
02-09 05:27:46.532 I/sysui_multi_action( 1978): [757,111,758,2]
02-09 05:27:46.534 I/notification_enqueue( 1511): [10080,1978,com.android.systemui,2048,NULL,0,Notification(channel=updateNotification shortcut=null contentView=null vibrate=null sound=null defaults=0x0 flags=0x0 color=0x00000000 vis=PRIVATE),1]
02-09 05:27:46.737 I/GameModeConfig( 1511): isGameModeOn = false
02-09 05:27:46.757 I/input_focus( 1511): [Focus request 584aa45 com.android.launcher3/com.android.launcher3.uioverrides.QuickstepLauncher,reason=UpdateInputWindows]
02-09 05:27:46.768 I/sysui_multi_action( 1511): [757,128,758,2,793,3949555,794,1722,795,3949555,796,26,798,0,806,android,857,DEVELOPER_IMPORTANT,858,4,947,0,1395,3,1500,3949106,1688,1]
02-09 05:27:46.768 I/notification_visibility( 1511): [-1|android|26|null|1000,0,3949555,3949555,0,0]
02-09 05:27:46.768 I/sysui_multi_action( 1511): [757,128,758,2,793,3945081,794,1722,795,3945081,796,17303299,797,com.android.wifi,798,1,806,android,857,NETWORK_AVAILABLE,858,2,947,0,1395,3,1500,3944879,1688,1]
02-09 05:27:46.768 I/notification_visibility( 1511): [0|android|17303299|com.android.wifi|1000,0,3945081,3945081,0,1]
02-09 05:27:46.769 I/sysui_multi_action( 1511): [757,128,758,2,793,3950330,794,1723,795,3950330,796,32,798,2,806,android,857,USB,858,1,947,0,1395,3,1500,3950286,1688,1]
02-09 05:27:46.769 I/notification_visibility( 1511): [-1|android|32|null|1000,0,3950330,3950330,0,2]
02-09 05:27:46.769 I/sysui_multi_action( 1511): [757,127,758,2]
02-09 05:27:46.770 I/notification_panel_hidden( 1511):
02-09 05:27:46.778 I/input_focus( 1511): [Focus leaving bd39bb2 NotificationShade (server),reason=NOT_FOCUSABLE]
02-09 05:27:46.778 I/input_focus( 1511): [Focus entering 584aa45 com.android.launcher3/com.android.launcher3.uioverrides.QuickstepLauncher (server),reason=setFocusedWindow]
02-09 05:27:56.738 I/GameModeConfig( 1511): isGameModeOn = false
02-09 05:28:00.238 I/am_uid_idle( 1511): 10096
02-09 05:28:06.360 I/am_uid_idle( 1511): 10063
02-09 05:28:39.218 V/DisplayPowerController[0]( 1511): Brightness [0.05] reason changing to: 'manual [ dim ]', previous reason: 'manual'.
02-09 05:28:39.218 I/sysui_multi_action( 1511): [757,1696,758,6,759,2]
02-09 05:28:39.218 W/PowerManagerService( 1511): Screen on took 191360 ms
02-09 05:28:39.225 E/DisplayDeviceConfig( 1511): requesting nits when no mapping exists.
02-09 05:28:39.226 E/DisplayDeviceConfig( 1511): requesting nits when no mapping exists.
02-09 05:28:39.226 I/am_wtf ( 1511): [0,1511,system_server,-1,DisplayDeviceConfig,requesting nits when no mapping exists.]
02-09 05:28:39.228 I/DropBoxManagerService( 1511): add tag=system_server_wtf isTagEnabled=true flags=0x2
02-09 05:28:39.230 I/am_wtf ( 1511): [0,1511,system_server,-1,DisplayDeviceConfig,requesting nits when no mapping exists.]
02-09 05:28:39.231 I/DropBoxManagerService( 1511): add tag=system_server_wtf isTagEnabled=true flags=0x2
02-09 05:28:39.241 E/DisplayDeviceConfig( 1511): requesting nits when no mapping exists.
02-09 05:28:39.242 E/DisplayDeviceConfig( 1511): requesting nits when no mapping exists.
02-09 05:28:39.242 I/am_wtf ( 1511): [0,1511,system_server,-1,DisplayDeviceConfig,requesting nits when no mapping exists.]
02-09 05:28:39.242 I/DropBoxManagerService( 1511): add tag=system_server_wtf isTagEnabled=true flags=0x2
02-09 05:28:39.243 I/am_wtf ( 1511): [0,1511,system_server,-1,DisplayDeviceConfig,requesting nits when no mapping exists.]
02-09 05:28:39.244 I/DropBoxManagerService( 1511): add tag=system_server_wtf isTagEnabled=true flags=0x2
02-09 05:28:39.258 E/DisplayDeviceConfig( 1511): requesting nits when no mapping exists.
02-09 05:28:39.258 E/DisplayDeviceConfig( 1511): requesting nits when no mapping exists.
02-09 05:28:39.258 I/am_wtf ( 1511): [0,1511,system_server,-1,DisplayDeviceConfig,requesting nits when no mapping exists.]
02-09 05:28:39.259 I/DropBoxManagerService( 1511): add tag=system_server_wtf isTagEnabled=true flags=0x2
02-09 05:28:39.260 I/am_wtf ( 1511): [0,1511,system_server,-1,DisplayDeviceConfig,requesting nits when no mapping exists.]
02-09 05:28:39.269 E/DisplayDeviceConfig( 1511): requesting nits when no mapping exists.
02-09 05:28:39.269 E/DisplayDeviceConfig( 1511): requesting nits when no mapping exists.
02-09 05:28:39.269 I/am_wtf ( 1511): [0,1511,system_server,-1,DisplayDeviceConfig,requesting nits when no mapping exists.]
02-09 05:28:39.270 I/am_wtf ( 1511): [0,1511,system_server,-1,DisplayDeviceConfig,requesting nits when no mapping exists.]
02-09 05:28:39.285 E/DisplayDeviceConfig( 1511): requesting nits when no mapping exists.
02-09 05:28:39.286 I/am_wtf ( 1511): [0,1511,system_server,-1,DisplayDeviceConfig,requesting nits when no mapping exists.]
02-09 05:28:39.286 E/DisplayDeviceConfig( 1511): requesting nits when no mapping exists.
02-09 05:28:39.287 I/am_wtf ( 1511): [0,1511,system_server,-1,DisplayDeviceConfig,requesting nits when no mapping exists.]
02-09 05:28:39.302 E/DisplayDeviceConfig( 1511): requesting nits when no mapping exists.
02-09 05:28:39.302 I/am_wtf ( 1511): [0,1511,system_server,-1,DisplayDeviceConfig,requesting nits when no mapping exists.]
02-09 05:28:39.302 E/DisplayDeviceConfig( 1511): requesting nits when no mapping exists.
02-09 05:28:39.303 I/am_wtf ( 1511): [0,1511,system_server,-1,DisplayDeviceConfig,requesting nits when no mapping exists.]
02-09 05:28:39.319 E/DisplayDeviceConfig( 1511): requesting nits when no mapping exists.
02-09 05:28:39.319 I/am_wtf ( 1511): [0,1511,system_server,-1,DisplayDeviceConfig,requesting nits when no mapping exists.]
02-09 05:28:39.319 E/DisplayDeviceConfig( 1511): requesting nits when no mapping exists.
02-09 05:28:39.320 I/am_wtf ( 1511): [0,1511,system_server,-1,DisplayDeviceConfig,requesting nits when no mapping exists.]
02-09 05:28:39.336 E/DisplayDeviceConfig( 1511): requesting nits when no mapping exists.
02-09 05:28:39.336 E/DisplayDeviceConfig( 1511): requesting nits when no mapping exists.
02-09 05:28:39.336 I/am_wtf ( 1511): [0,1511,system_server,-1,DisplayDeviceConfig,requesting nits when no mapping exists.]
02-09 05:28:39.337 I/am_wtf ( 1511): [0,1511,system_server,-1,DisplayDeviceConfig,requesting nits when no mapping exists.]
02-09 05:28:39.352 E/DisplayDeviceConfig( 1511): requesting nits when no mapping exists.
02-09 05:28:39.353 E/DisplayDeviceConfig( 1511): requesting nits when no mapping exists.
02-09 05:28:39.353 I/am_wtf ( 1511): [0,1511,system_server,-1,DisplayDeviceConfig,requesting nits when no mapping exists.]
02-09 05:28:39.354 I/am_wtf ( 1511): [0,1511,system_server,-1,DisplayDeviceConfig,requesting nits when no mapping exists.]
02-09 05:28:39.369 E/DisplayDeviceConfig( 1511): requesting nits when no mapping exists.
02-09 05:28:39.369 E/DisplayDeviceConfig( 1511): requesting nits when no mapping exists.
02-09 05:28:39.370 I/am_wtf ( 1511): [0,1511,system_server,-1,DisplayDeviceConfig,requesting nits when no mapping exists.]
02-09 05:28:39.370 I/am_wtf ( 1511): [0,1511,system_server,-1,DisplayDeviceConfig,requesting nits when no mapping exists.]
02-09 05:28:39.386 E/DisplayDeviceConfig( 1511): requesting nits when no mapping exists.
02-09 05:28:39.386 E/DisplayDeviceConfig( 1511): requesting nits when no mapping exists.
02-09 05:28:39.386 I/am_wtf ( 1511): [0,1511,system_server,-1,DisplayDeviceConfig,requesting nits when no mapping exists.]
02-09 05:28:39.387 I/am_wtf ( 1511): [0,1511,system_server,-1,DisplayDeviceConfig,requesting nits when no mapping exists.]
02-09 05:28:39.402 E/DisplayDeviceConfig( 1511): requesting nits when no mapping exists.
02-09 05:28:39.403 E/DisplayDeviceConfig( 1511): requesting nits when no mapping exists.
02-09 05:28:39.403 I/am_wtf ( 1511): [0,1511,system_server,-1,DisplayDeviceConfig,requesting nits when no mapping exists.]
02-09 05:28:39.404 I/am_wtf ( 1511): [0,1511,system_server,-1,DisplayDeviceConfig,requesting nits when no mapping exists.]
02-09 05:28:39.419 E/DisplayDeviceConfig( 1511): requesting nits when no mapping exists.
02-09 05:28:39.419 E/DisplayDeviceConfig( 1511): requesting nits when no mapping exists.
02-09 05:28:39.420 I/am_wtf ( 1511): [0,1511,system_server,-1,DisplayDeviceConfig,requesting nits when no mapping exists.]
02-09 05:28:39.420 I/am_wtf ( 1511): [0,1511,system_server,-1,DisplayDeviceConfig,requesting nits when no mapping exists.]
02-09 05:28:39.436 E/DisplayDeviceConfig( 1511): requesting nits when no mapping exists.
02-09 05:28:39.436 E/DisplayDeviceConfig( 1511): requesting nits when no mapping exists.
02-09 05:28:39.437 I/am_wtf ( 1511): [0,1511,system_server,-1,DisplayDeviceConfig,requesting nits when no mapping exists.]
02-09 05:28:39.438 I/am_wtf ( 1511): [0,1511,system_server,-1,DisplayDeviceConfig,requesting nits when no mapping exists.]
02-09 05:28:39.453 E/DisplayDeviceConfig( 1511): requesting nits when no mapping exists.
02-09 05:28:39.454 E/DisplayDeviceConfig( 1511): requesting nits when no mapping exists.
02-09 05:28:39.454 I/am_wtf ( 1511): [0,1511,system_server,-1,DisplayDeviceConfig,requesting nits when no mapping exists.]
02-09 05:28:39.455 I/am_wtf ( 1511): [0,1511,system_server,-1,DisplayDeviceConfig,requesting nits when no mapping exists.]
02-09 05:28:39.469 E/DisplayDeviceConfig( 1511): requesting nits when no mapping exists.
02-09 05:28:39.470 E/DisplayDeviceConfig( 1511): requesting nits when no mapping exists.
02-09 05:28:39.470 I/am_wtf ( 1511): [0,1511,system_server,-1,DisplayDeviceConfig,requesting nits when no mapping exists.]
02-09 05:28:39.471 I/am_wtf ( 1511): [0,1511,system_server,-1,DisplayDeviceConfig,requesting nits when no mapping exists.]
02-09 05:28:39.486 E/DisplayDeviceConfig( 1511): requesting nits when no mapping exists.
02-09 05:28:39.487 E/DisplayDeviceConfig( 1511): requesting nits when no mapping exists.
02-09 05:28:39.487 I/am_wtf ( 1511): [0,1511,system_server,-1,DisplayDeviceConfig,requesting nits when no mapping exists.]
02-09 05:28:39.488 I/am_wtf ( 1511): [0,1511,system_server,-1,DisplayDeviceConfig,requesting nits when no mapping exists.]
02-09 05:28:39.502 E/DisplayDeviceConfig( 1511): requesting nits when no mapping exists.
02-09 05:28:39.503 E/DisplayDeviceConfig( 1511): requesting nits when no mapping exists.
02-09 05:28:39.503 I/am_wtf ( 1511): [0,1511,system_server,-1,DisplayDeviceConfig,requesting nits when no mapping exists.]
02-09 05:28:39.504 I/am_wtf ( 1511): [0,1511,system_server,-1,DisplayDeviceConfig,requesting nits when no mapping exists.]
02-09 05:28:39.519 E/DisplayDeviceConfig( 1511): requesting nits when no mapping exists.
02-09 05:28:39.520 E/DisplayDeviceConfig( 1511): requesting nits when no mapping exists.
02-09 05:28:39.520 I/am_wtf ( 1511): [0,1511,system_server,-1,DisplayDeviceConfig,requesting nits when no mapping exists.]
02-09 05:28:39.521 I/am_wtf ( 1511): [0,1511,system_server,-1,DisplayDeviceConfig,requesting nits when no mapping exists.]
02-09 05:28:39.536 E/DisplayDeviceConfig( 1511): requesting nits when no mapping exists.
02-09 05:28:39.537 E/DisplayDeviceConfig( 1511): requesting nits when no mapping exists.
02-09 05:28:39.537 I/am_wtf ( 1511): [0,1511,system_server,-1,DisplayDeviceConfig,requesting nits when no mapping exists.]
02-09 05:28:39.538 I/am_wtf ( 1511): [0,1511,system_server,-1,DisplayDeviceConfig,requesting nits when no mapping exists.]
02-09 05:28:39.553 E/DisplayDeviceConfig( 1511): requesting nits when no mapping exists.
02-09 05:28:39.553 E/DisplayDeviceConfig( 1511): requesting nits when no mapping exists.
02-09 05:28:39.553 I/am_wtf ( 1511): [0,1511,system_server,-1,DisplayDeviceConfig,requesting nits when no mapping exists.]
02-09 05:28:39.554 I/am_wtf ( 1511): [0,1511,system_server,-1,DisplayDeviceConfig,requesting nits when no mapping exists.]
02-09 05:28:39.569 E/DisplayDeviceConfig( 1511): requesting nits when no mapping exists.
02-09 05:28:39.570 E/DisplayDeviceConfig( 1511): requesting nits when no mapping exists.
02-09 05:28:39.570 I/am_wtf ( 1511): [0,1511,system_server,-1,DisplayDeviceConfig,requesting nits when no mapping exists.]
02-09 05:28:39.571 I/am_wtf ( 1511): [0,1511,system_server,-1,DisplayDeviceConfig,requesting nits when no mapping exists.]
02-09 05:28:39.586 E/DisplayDeviceConfig( 1511): requesting nits when no mapping exists.
02-09 05:28:39.587 I/am_wtf ( 1511): [0,1511,system_server,-1,DisplayDeviceConfig,requesting nits when no mapping exists.]
02-09 05:28:39.587 E/DisplayDeviceConfig( 1511): requesting nits when no mapping exists.
02-09 05:28:39.587 I/am_wtf ( 1511): [0,1511,system_server,-1,DisplayDeviceConfig,requesting nits when no mapping exists.]
02-09 05:28:39.603 E/DisplayDeviceConfig( 1511): requesting nits when no mapping exists.
02-09 05:28:39.604 E/DisplayDeviceConfig( 1511): requesting nits when no mapping exists.
02-09 05:28:39.604 I/am_wtf ( 1511): [0,1511,system_server,-1,DisplayDeviceConfig,requesting nits when no mapping exists.]
02-09 05:28:39.604 I/am_wtf ( 1511): [0,1511,system_server,-1,DisplayDeviceConfig,requesting nits when no mapping exists.]
02-09 05:28:39.620 E/DisplayDeviceConfig( 1511): requesting nits when no mapping exists.
02-09 05:28:39.620 E/DisplayDeviceConfig( 1511): requesting nits when no mapping exists.
02-09 05:28:39.620 I/am_wtf ( 1511): [0,1511,system_server,-1,DisplayDeviceConfig,requesting nits when no mapping exists.]
02-09 05:28:39.621 I/am_wtf ( 1511): [0,1511,system_server,-1,DisplayDeviceConfig,requesting nits when no mapping exists.]
02-09 05:28:39.636 E/DisplayDeviceConfig( 1511): requesting nits when no mapping exists.
02-09 05:28:39.637 E/DisplayDeviceConfig( 1511): requesting nits when no mapping exists.
02-09 05:28:39.637 I/am_wtf ( 1511): [0,1511,system_server,-1,DisplayDeviceConfig,requesting nits when no mapping exists.]
02-09 05:28:39.638 I/am_wtf ( 1511): [0,1511,system_server,-1,DisplayDeviceConfig,requesting nits when no mapping exists.]
02-09 05:28:39.653 E/DisplayDeviceConfig( 1511): requesting nits when no mapping exists.
02-09 05:28:39.654 E/DisplayDeviceConfig( 1511): requesting nits when no mapping exists.
02-09 05:28:39.654 I/am_wtf ( 1511): [0,1511,system_server,-1,DisplayDeviceConfig,requesting nits when no mapping exists.]
02-09 05:28:39.655 I/am_wtf ( 1511): [0,1511,system_server,-1,DisplayDeviceConfig,requesting nits when no mapping exists.]
02-09 05:28:39.670 E/DisplayDeviceConfig( 1511): requesting nits when no mapping exists.
02-09 05:28:39.671 E/DisplayDeviceConfig( 1511): requesting nits when no mapping exists.
02-09 05:28:39.671 I/am_wtf ( 1511): [0,1511,system_server,-1,DisplayDeviceConfig,requesting nits when no mapping exists.]
02-09 05:28:39.672 I/am_wtf ( 1511): [0,1511,system_server,-1,DisplayDeviceConfig,requesting nits when no mapping exists.]
02-09 05:28:39.687 E/DisplayDeviceConfig( 1511): requesting nits when no mapping exists.
02-09 05:28:39.687 I/am_wtf ( 1511): [0,1511,system_server,-1,DisplayDeviceConfig,requesting nits when no mapping exists.]
02-09 05:28:39.687 E/DisplayDeviceConfig( 1511): requesting nits when no mapping exists.
02-09 05:28:39.688 I/am_wtf ( 1511): [0,1511,system_server,-1,DisplayDeviceConfig,requesting nits when no mapping exists.]
02-09 05:28:39.703 E/DisplayDeviceConfig( 1511): requesting nits when no mapping exists.
02-09 05:28:39.704 E/DisplayDeviceConfig( 1511): requesting nits when no mapping exists.
02-09 05:28:39.704 I/am_wtf ( 1511): [0,1511,system_server,-1,DisplayDeviceConfig,requesting nits when no mapping exists.]
02-09 05:28:39.705 I/am_wtf ( 1511): [0,1511,system_server,-1,DisplayDeviceConfig,requesting nits when no mapping exists.]
02-09 05:28:39.720 E/DisplayDeviceConfig( 1511): requesting nits when no mapping exists.
02-09 05:28:39.720 I/am_wtf ( 1511): [0,1511,system_server,-1,DisplayDeviceConfig,requesting nits when no mapping exists.]
02-09 05:28:39.720 E/DisplayDeviceConfig( 1511): requesting nits when no mapping exists.
02-09 05:28:39.721 I/am_wtf ( 1511): [0,1511,system_server,-1,DisplayDeviceConfig,requesting nits when no mapping exists.]
02-09 05:28:39.736 E/DisplayDeviceConfig( 1511): requesting nits when no mapping exists.
02-09 05:28:39.737 I/am_wtf ( 1511): [0,1511,system_server,-1,DisplayDeviceConfig,requesting nits when no mapping exists.]
02-09 05:28:39.737 E/DisplayDeviceConfig( 1511): requesting nits when no mapping exists.
02-09 05:28:39.738 I/am_wtf ( 1511): [0,1511,system_server,-1,DisplayDeviceConfig,requesting nits when no mapping exists.]
02-09 05:28:39.753 E/DisplayDeviceConfig( 1511): requesting nits when no mapping exists.
02-09 05:28:39.753 I/am_wtf ( 1511): [0,1511,system_server,-1,DisplayDeviceConfig,requesting nits when no mapping exists.]
02-09 05:28:39.753 E/DisplayDeviceConfig( 1511): requesting nits when no mapping exists.
02-09 05:28:39.754 I/am_wtf ( 1511): [0,1511,system_server,-1,DisplayDeviceConfig,requesting nits when no mapping exists.]
02-09 05:28:39.770 E/DisplayDeviceConfig( 1511): requesting nits when no mapping exists.
02-09 05:28:39.770 E/DisplayDeviceConfig( 1511): requesting nits when no mapping exists.
02-09 05:28:39.770 I/am_wtf ( 1511): [0,1511,system_server,-1,DisplayDeviceConfig,requesting nits when no mapping exists.]
02-09 05:28:39.771 I/am_wtf ( 1511): [0,1511,system_server,-1,DisplayDeviceConfig,requesting nits when no mapping exists.]
02-09 05:28:39.787 E/DisplayDeviceConfig( 1511): requesting nits when no mapping exists.
02-09 05:28:39.787 I/am_wtf ( 1511): [0,1511,system_server,-1,DisplayDeviceConfig,requesting nits when no mapping exists.]
02-09 05:28:39.787 E/DisplayDeviceConfig( 1511): requesting nits when no mapping exists.
02-09 05:28:39.788 I/am_wtf ( 1511): [0,1511,system_server,-1,DisplayDeviceConfig,requesting nits when no mapping exists.]
02-09 05:28:39.803 E/DisplayDeviceConfig( 1511): requesting nits when no mapping exists.
02-09 05:28:39.804 I/am_wtf ( 1511): [0,1511,system_server,-1,DisplayDeviceConfig,requesting nits when no mapping exists.]
02-09 05:28:39.804 E/DisplayDeviceConfig( 1511): requesting nits when no mapping exists.
02-09 05:28:39.804 I/am_wtf ( 1511): [0,1511,system_server,-1,DisplayDeviceConfig,requesting nits when no mapping exists.]
02-09 05:28:39.820 E/DisplayDeviceConfig( 1511): requesting nits when no mapping exists.
02-09 05:28:39.820 I/am_wtf ( 1511): [0,1511,system_server,-1,DisplayDeviceConfig,requesting nits when no mapping exists.]
02-09 05:28:39.820 E/DisplayDeviceConfig( 1511): requesting nits when no mapping exists.
02-09 05:28:39.821 I/am_wtf ( 1511): [0,1511,system_server,-1,DisplayDeviceConfig,requesting nits when no mapping exists.]
02-09 05:28:39.837 E/DisplayDeviceConfig( 1511): requesting nits when no mapping exists.
02-09 05:28:39.837 I/am_wtf ( 1511): [0,1511,system_server,-1,DisplayDeviceConfig,requesting nits when no mapping exists.]
02-09 05:28:39.837 E/DisplayDeviceConfig( 1511): requesting nits when no mapping exists.
02-09 05:28:39.838 I/am_wtf ( 1511): [0,1511,system_server,-1,DisplayDeviceConfig,requesting nits when no mapping exists.]
02-09 05:28:39.853 E/DisplayDeviceConfig( 1511): requesting nits when no mapping exists.
02-09 05:28:39.854 E/DisplayDeviceConfig( 1511): requesting nits when no mapping exists.
02-09 05:28:39.854 I/am_wtf ( 1511): [0,1511,system_server,-1,DisplayDeviceConfig,requesting nits when no mapping exists.]
02-09 05:28:39.855 I/am_wtf ( 1511): [0,1511,system_server,-1,DisplayDeviceConfig,requesting nits when no mapping exists.]
02-09 05:28:39.870 E/DisplayDeviceConfig( 1511): requesting nits when no mapping exists.
02-09 05:28:39.871 I/am_wtf ( 1511): [0,1511,system_server,-1,DisplayDeviceConfig,requesting nits when no mapping exists.]
02-09 05:28:39.871 E/DisplayDeviceConfig( 1511): requesting nits when no mapping exists.
02-09 05:28:39.872 I/am_wtf ( 1511): [0,1511,system_server,-1,DisplayDeviceConfig,requesting nits when no mapping exists.]
02-09 05:28:39.887 E/DisplayDeviceConfig( 1511): requesting nits when no mapping exists.
02-09 05:28:39.887 I/am_wtf ( 1511): [0,1511,system_server,-1,DisplayDeviceConfig,requesting nits when no mapping exists.]
02-09 05:28:39.887 E/DisplayDeviceConfig( 1511): requesting nits when no mapping exists.
02-09 05:28:39.888 I/am_wtf ( 1511): [0,1511,system_server,-1,DisplayDeviceConfig,requesting nits when no mapping exists.]
02-09 05:28:39.903 E/DisplayDeviceConfig( 1511): requesting nits when no mapping exists.
02-09 05:28:39.904 I/am_wtf ( 1511): [0,1511,system_server,-1,DisplayDeviceConfig,requesting nits when no mapping exists.]
02-09 05:28:39.904 E/DisplayDeviceConfig( 1511): requesting nits when no mapping exists.
02-09 05:28:39.905 I/am_wtf ( 1511): [0,1511,system_server,-1,DisplayDeviceConfig,requesting nits when no mapping exists.]
02-09 05:28:39.920 E/DisplayDeviceConfig( 1511): requesting nits when no mapping exists.
02-09 05:28:39.921 E/DisplayDeviceConfig( 1511): requesting nits when no mapping exists.
02-09 05:28:39.921 I/am_wtf ( 1511): [0,1511,system_server,-1,DisplayDeviceConfig,requesting nits when no mapping exists.]
02-09 05:28:39.922 I/am_wtf ( 1511): [0,1511,system_server,-1,DisplayDeviceConfig,requesting nits when no mapping exists.]
02-09 05:28:39.937 E/DisplayDeviceConfig( 1511): requesting nits when no mapping exists.
02-09 05:28:39.938 E/DisplayDeviceConfig( 1511): requesting nits when no mapping exists.
02-09 05:28:39.938 I/am_wtf ( 1511): [0,1511,system_server,-1,DisplayDeviceConfig,requesting nits when no mapping exists.]
02-09 05:28:39.938 I/am_wtf ( 1511): [0,1511,system_server,-1,DisplayDeviceConfig,requesting nits when no mapping exists.]
02-09 05:28:39.954 E/DisplayDeviceConfig( 1511): requesting nits when no mapping exists.
02-09 05:28:39.954 E/DisplayDeviceConfig( 1511): requesting nits when no mapping exists.
02-09 05:28:39.954 I/am_wtf ( 1511): [0,1511,system_server,-1,DisplayDeviceConfig,requesting nits when no mapping exists.]
02-09 05:28:39.955 I/am_wtf ( 1511): [0,1511,system_server,-1,DisplayDeviceConfig,requesting nits when no mapping exists.]
02-09 05:28:39.956 I/service_manager_stats( 1511): [100,60,100284]
02-09 05:28:39.970 E/DisplayDeviceConfig( 1511): requesting nits when no mapping exists.
02-09 05:28:39.971 E/DisplayDeviceConfig( 1511): requesting nits when no mapping exists.
02-09 05:28:39.971 I/am_wtf ( 1511): [0,1511,system_server,-1,DisplayDeviceConfig,requesting nits when no mapping exists.]
02-09 05:28:39.972 I/am_wtf ( 1511): [0,1511,system_server,-1,DisplayDeviceConfig,requesting nits when no mapping exists.]
02-09 05:28:39.987 E/DisplayDeviceConfig( 1511): requesting nits when no mapping exists.
02-09 05:28:39.987 E/DisplayDeviceConfig( 1511): requesting nits when no mapping exists.
02-09 05:28:39.987 I/am_wtf ( 1511): [0,1511,system_server,-1,DisplayDeviceConfig,requesting nits when no mapping exists.]
02-09 05:28:39.988 I/am_wtf ( 1511): [0,1511,system_server,-1,DisplayDeviceConfig,requesting nits when no mapping exists.]
02-09 05:28:40.004 E/DisplayDeviceConfig( 1511): requesting nits when no mapping exists.
02-09 05:28:40.004 E/DisplayDeviceConfig( 1511): requesting nits when no mapping exists.
02-09 05:28:40.004 I/am_wtf ( 1511): [0,1511,system_server,-1,DisplayDeviceConfig,requesting nits when no mapping exists.]
02-09 05:28:40.005 I/am_wtf ( 1511): [0,1511,system_server,-1,DisplayDeviceConfig,requesting nits when no mapping exists.]
02-09 05:28:40.021 E/DisplayDeviceConfig( 1511): requesting nits when no mapping exists.
02-09 05:28:40.021 E/DisplayDeviceConfig( 1511): requesting nits when no mapping exists.
02-09 05:28:40.021 I/am_wtf ( 1511): [0,1511,system_server,-1,DisplayDeviceConfig,requesting nits when no mapping exists.]
02-09 05:28:40.022 I/am_wtf ( 1511): [0,1511,system_server,-1,DisplayDeviceConfig,requesting nits when no mapping exists.]
02-09 05:28:40.037 E/DisplayDeviceConfig( 1511): requesting nits when no mapping exists.
02-09 05:28:40.038 E/DisplayDeviceConfig( 1511): requesting nits when no mapping exists.
02-09 05:28:40.038 I/am_wtf ( 1511): [0,1511,system_server,-1,DisplayDeviceConfig,requesting nits when no mapping exists.]
02-09 05:28:40.039 I/am_wtf ( 1511): [0,1511,system_server,-1,DisplayDeviceConfig,requesting nits when no mapping exists.]
02-09 05:28:40.054 E/DisplayDeviceConfig( 1511): requesting nits when no mapping exists.
02-09 05:28:40.054 E/DisplayDeviceConfig( 1511): requesting nits when no mapping exists.
02-09 05:28:40.054 I/am_wtf ( 1511): [0,1511,system_server,-1,DisplayDeviceConfig,requesting nits when no mapping exists.]
02-09 05:28:40.056 I/am_wtf ( 1511): [0,1511,system_server,-1,DisplayDeviceConfig,requesting nits when no mapping exists.]
02-09 05:28:40.071 E/DisplayDeviceConfig( 1511): requesting nits when no mapping exists.
02-09 05:28:40.071 E/DisplayDeviceConfig( 1511): requesting nits when no mapping exists.
02-09 05:28:40.071 I/am_wtf ( 1511): [0,1511,system_server,-1,DisplayDeviceConfig,requesting nits when no mapping exists.]
02-09 05:28:40.072 I/am_wtf ( 1511): [0,1511,system_server,-1,DisplayDeviceConfig,requesting nits when no mapping exists.]
02-09 05:28:40.087 E/DisplayDeviceConfig( 1511): requesting nits when no mapping exists.
02-09 05:28:40.088 E/DisplayDeviceConfig( 1511): requesting nits when no mapping exists.
02-09 05:28:40.088 I/am_wtf ( 1511): [0,1511,system_server,-1,DisplayDeviceConfig,requesting nits when no mapping exists.]
02-09 05:28:40.089 I/am_wtf ( 1511): [0,1511,system_server,-1,DisplayDeviceConfig,requesting nits when no mapping exists.]
02-09 05:28:40.104 E/DisplayDeviceConfig( 1511): requesting nits when no mapping exists.
02-09 05:28:40.105 E/DisplayDeviceConfig( 1511): requesting nits when no mapping exists.
02-09 05:28:40.105 I/am_wtf ( 1511): [0,1511,system_server,-1,DisplayDeviceConfig,requesting nits when no mapping exists.]
02-09 05:28:40.105 I/am_wtf ( 1511): [0,1511,system_server,-1,DisplayDeviceConfig,requesting nits when no mapping exists.]
02-09 05:28:40.121 E/DisplayDeviceConfig( 1511): requesting nits when no mapping exists.
02-09 05:28:40.121 E/DisplayDeviceConfig( 1511): requesting nits when no mapping exists.
02-09 05:28:40.121 I/am_wtf ( 1511): [0,1511,system_server,-1,DisplayDeviceConfig,requesting nits when no mapping exists.]
02-09 05:28:40.122 I/am_wtf ( 1511): [0,1511,system_server,-1,DisplayDeviceConfig,requesting nits when no mapping exists.]
02-09 05:28:40.138 E/DisplayDeviceConfig( 1511): requesting nits when no mapping exists.
02-09 05:28:40.138 E/DisplayDeviceConfig( 1511): requesting nits when no mapping exists.
02-09 05:28:40.138 I/am_wtf ( 1511): [0,1511,system_server,-1,DisplayDeviceConfig,requesting nits when no mapping exists.]
02-09 05:28:40.139 I/am_wtf ( 1511): [0,1511,system_server,-1,DisplayDeviceConfig,requesting nits when no mapping exists.]
02-09 05:28:40.154 E/DisplayDeviceConfig( 1511): requesting nits when no mapping exists.
02-09 05:28:40.155 E/DisplayDeviceConfig( 1511): requesting nits when no mapping exists.
02-09 05:28:40.155 I/am_wtf ( 1511): [0,1511,system_server,-1,DisplayDeviceConfig,requesting nits when no mapping exists.]
02-09 05:28:40.156 I/am_wtf ( 1511): [0,1511,system_server,-1,DisplayDeviceConfig,requesting nits when no mapping exists.]
02-09 05:28:40.171 E/DisplayDeviceConfig( 1511): requesting nits when no mapping exists.
02-09 05:28:40.171 E/DisplayDeviceConfig( 1511): requesting nits when no mapping exists.
02-09 05:28:40.171 I/am_wtf ( 1511): [0,1511,system_server,-1,DisplayDeviceConfig,requesting nits when no mapping exists.]
02-09 05:28:40.172 I/am_wtf ( 1511): [0,1511,system_server,-1,DisplayDeviceConfig,requesting nits when no mapping exists.]
02-09 05:28:46.213 I/PowerManagerService( 1511): Napping display group (groupId=0, uid=1000)...
02-09 05:28:46.213 I/PowerManagerService( 1511): Nap time (uid 1000)...
02-09 05:28:46.215 I/DreamManagerService( 1511): Entering dreamland.
02-09 05:28:46.217 I/PowerManagerService( 1511): Dreaming...
02-09 05:28:46.219 I/DreamController( 1511): Starting dream: name=ComponentInfo{com.thundercomm.screensaver/com.thundercomm.saverclock.service.ClockScreensaver}, isTest=false, canDoze=false, userId=0
02-09 05:28:46.219 I/sysui_multi_action( 1511): [757,222,758,1]
02-09 05:28:46.221 I/am_uid_active( 1511): 10044
02-09 05:28:46.230 I/ActivityTaskManager( 1511): START u0 {flg=0x10000000 pkg=com.thundercomm.screensaver cmp=com.thundercomm.screensaver/android.service.dreams.DreamActivity (has extras)} from uid 10044
02-09 05:28:46.233 I/wm_task_created( 1511): [27,-1]
02-09 05:28:46.233 W/ActivityTaskManager( 1511): Can't find TaskDisplayArea to determine support for multi window. Task id=27 attached=false
02-09 05:28:46.237 I/wm_task_moved( 1511): [27,1,8]
02-09 05:28:46.237 I/wm_task_to_front( 1511): [0,27]
02-09 05:28:46.237 I/wm_create_task( 1511): [0,27]
02-09 05:28:46.237 I/wm_create_activity( 1511): [0,240986038,27,com.thundercomm.screensaver/android.service.dreams.DreamActivity,NULL,NULL,NULL,276824064]
02-09 05:28:46.237 I/wm_task_moved( 1511): [27,1,8]
02-09 05:28:46.237 I/wm_on_top_resumed_lost_called( 2559): [204923478,com.android.launcher3.uioverrides.QuickstepLauncher,topStateChangedWhenResumed]
02-09 05:28:46.238 I/wm_pause_activity( 1511): [0,204923478,com.android.launcher3/.uioverrides.QuickstepLauncher,userLeaving=true,pauseBackTasks]
02-09 05:28:46.238 I/am_pss ( 1511): [6427,1000,com.android.settings,130489344,113913856,499712,259977216,0,16,13]
02-09 05:28:46.239 I/wm_on_paused_called( 2559): [204923478,com.android.launcher3.uioverrides.QuickstepLauncher,performPause]
02-09 05:28:46.240 I/ActivityTaskManager( 1511): FOREGROUND_APPLICATION_CHANGED to android.service.dreams.DreamActivity
02-09 05:28:46.240 I/ActivityTaskManager( 1511): The Process com.thundercomm.screensaver Already Exists in BG. So sending its PID: 4907
02-09 05:28:46.240 W/ActivityTaskManager( 1511): Tried to set launchTime (0) < mLastActivityLaunchTime (3704730)
02-09 05:28:46.241 I/wm_add_to_stopping( 1511): [0,204923478,com.android.launcher3/.uioverrides.QuickstepLauncher,makeInvisible]
02-09 05:28:46.241 I/wm_restart_activity( 1511): [0,240986038,27,com.thundercomm.screensaver/android.service.dreams.DreamActivity]
02-09 05:28:46.241 I/wm_set_resumed_activity( 1511): [0,com.thundercomm.screensaver/android.service.dreams.DreamActivity,minimalResumeActivityLocked]
02-09 05:28:46.244 I/am_pss ( 1511): [6616,10064,com.android.gallery3d,8419328,6320128,0,92573696,0,19,5]
02-09 05:28:46.245 I/wm_on_create_called( 4907): [240986038,android.service.dreams.DreamActivity,performCreate]
02-09 05:28:46.245 I/wm_on_start_called( 4907): [240986038,android.service.dreams.DreamActivity,handleStartActivity]
02-09 05:28:46.245 I/wm_on_resume_called( 4907): [240986038,android.service.dreams.DreamActivity,RESUME_ACTIVITY]
02-09 05:28:46.246 I/sysui_multi_action( 1511): [757,803,799,window_time_0,802,106]
02-09 05:28:46.247 W/WindowManager( 1511): Failed looking up window session=Session{b333c54 4907:u0a10044} callers=com.android.server.wm.WindowManagerService.windowForClientLocked:5628 com.android.server.wm.Session.insetsModified:629 android.view.IWindowSession$Stub.onTransact:1151
02-09 05:28:46.248 I/wm_on_top_resumed_gained_called( 4907): [240986038,android.service.dreams.DreamActivity,topStateChangedWhenResumed]
02-09 05:28:46.249 W/ContextImpl( 2089): Calling a method in the system process without a qualified user: android.app.ContextImpl.startService:1816 android.content.ContextWrapper.startService:774 com.thundercomm.gamemode.ingame.services.GameModeActionUtils.startGameModeService:111 com.thundercomm.gamemode.ingame.services.GameModeActionUtils.startGameModeEntry:22 com.thundercomm.gamemode.ingame.services.ActivityMonitoringService$1.onActivityLaunch:139
02-09 05:28:46.249 I/am_uid_active( 1511): 10063
02-09 05:28:46.250 I/am_pss ( 1511): [6595,10088,com.android.music,8007680,5509120,659456,86405120,0,19,5]
02-09 05:28:46.251 I/GameModeConfig( 1511): Current uri is uri = content://com.thundercomm.gamemode.api/gamemode_settings/gamemode_isgaming
02-09 05:28:46.251 I/GameModeConfig( 1511): isGameModeOn = false
02-09 05:28:46.252 I/GameModeConfig( 1511): isGameModeOn = false
02-09 05:28:46.252 I/GameModeConfig( 1511): isDisableVoice = true
02-09 05:28:46.260 I/input_focus( 1511): [Focus request be8e38d com.thundercomm.screensaver/android.service.dreams.DreamActivity,reason=UpdateInputWindows]
02-09 05:28:46.268 I/sysui_multi_action( 1511): [319,37,322,37,325,4021,757,761,758,8,759,2,806,com.thundercomm.screensaver,871,android.service.dreams.DreamActivity,904,com.thundercomm.screensaver,905,0,1320,4,1321,2]
02-09 05:28:46.269 I/wm_activity_launch_time( 1511): [0,240986038,com.thundercomm.screensaver/android.service.dreams.DreamActivity,37]
02-09 05:28:46.269 V/DisplayPowerController[0]( 1511): Brightness [1.0] reason changing to: 'manual', previous reason: 'manual [ dim ]'.
02-09 05:28:46.269 I/sysui_multi_action( 1511): [757,1696,758,6,759,3]
02-09 05:28:46.270 I/input_focus( 1511): [Focus leaving 584aa45 com.android.launcher3/com.android.launcher3.uioverrides.QuickstepLauncher (server),reason=NO_WINDOW]
02-09 05:28:46.285 E/DisplayDeviceConfig( 1511): requesting nits when no mapping exists.
02-09 05:28:46.285 E/DisplayDeviceConfig( 1511): requesting nits when no mapping exists.
02-09 05:28:46.285 I/am_wtf ( 1511): [0,1511,system_server,-1,DisplayDeviceConfig,requesting nits when no mapping exists.]
02-09 05:28:46.285 I/am_wtf ( 1511): [0,1511,system_server,-1,DisplayDeviceConfig,requesting nits when no mapping exists.]
02-09 05:28:46.286 I/input_focus( 1511): [Focus entering be8e38d com.thundercomm.screensaver/android.service.dreams.DreamActivity (server),reason=Window became focusable. Previous reason: NOT_VISIBLE]
02-09 05:28:46.301 E/DisplayDeviceConfig( 1511): requesting nits when no mapping exists.
02-09 05:28:46.301 E/DisplayDeviceConfig( 1511): requesting nits when no mapping exists.
02-09 05:28:46.301 I/am_wtf ( 1511): [0,1511,system_server,-1,DisplayDeviceConfig,requesting nits when no mapping exists.]
02-09 05:28:46.302 I/am_wtf ( 1511): [0,1511,system_server,-1,DisplayDeviceConfig,requesting nits when no mapping exists.]
02-09 05:28:46.318 E/DisplayDeviceConfig( 1511): requesting nits when no mapping exists.
02-09 05:28:46.318 E/DisplayDeviceConfig( 1511): requesting nits when no mapping exists.
02-09 05:28:46.318 I/am_wtf ( 1511): [0,1511,system_server,-1,DisplayDeviceConfig,requesting nits when no mapping exists.]
02-09 05:28:46.318 I/am_wtf ( 1511): [0,1511,system_server,-1,DisplayDeviceConfig,requesting nits when no mapping exists.]
02-09 05:28:46.335 E/DisplayDeviceConfig( 1511): requesting nits when no mapping exists.
02-09 05:28:46.335 E/DisplayDeviceConfig( 1511): requesting nits when no mapping exists.
02-09 05:28:46.335 I/am_wtf ( 1511): [0,1511,system_server,-1,DisplayDeviceConfig,requesting nits when no mapping exists.]
02-09 05:28:46.335 I/am_wtf ( 1511): [0,1511,system_server,-1,DisplayDeviceConfig,requesting nits when no mapping exists.]
02-09 05:28:46.344 W/ContextImpl( 2089): Calling a method in the system process without a qualified user: android.app.ContextImpl.startService:1816 android.content.ContextWrapper.startService:774 com.thundercomm.gamemode.ingame.services.GameModeActionUtils.startGameModeService:111 com.thundercomm.gamemode.ingame.services.GameModeActionUtils.startGameModeEntry:22 com.thundercomm.gamemode.ingame.services.ActivityMonitoringService$1.onActivityLaunch:139
02-09 05:28:46.345 I/GameModeConfig( 1511): Current uri is uri = content://com.thundercomm.gamemode.api/gamemode_settings/gamemode_isgaming
02-09 05:28:46.346 I/GameModeConfig( 1511): isGameModeOn = false
02-09 05:28:46.346 I/GameModeConfig( 1511): isGameModeOn = false
02-09 05:28:46.346 I/GameModeConfig( 1511): isDisableVoice = true
02-09 05:28:46.351 E/DisplayDeviceConfig( 1511): requesting nits when no mapping exists.
02-09 05:28:46.352 E/DisplayDeviceConfig( 1511): requesting nits when no mapping exists.
02-09 05:28:46.352 I/am_wtf ( 1511): [0,1511,system_server,-1,DisplayDeviceConfig,requesting nits when no mapping exists.]
02-09 05:28:46.352 I/am_wtf ( 1511): [0,1511,system_server,-1,DisplayDeviceConfig,requesting nits when no mapping exists.]
02-09 05:28:46.368 E/DisplayDeviceConfig( 1511): requesting nits when no mapping exists.
02-09 05:28:46.368 E/DisplayDeviceConfig( 1511): requesting nits when no mapping exists.
02-09 05:28:46.368 I/am_wtf ( 1511): [0,1511,system_server,-1,DisplayDeviceConfig,requesting nits when no mapping exists.]
02-09 05:28:46.369 I/am_wtf ( 1511): [0,1511,system_server,-1,DisplayDeviceConfig,requesting nits when no mapping exists.]
02-09 05:28:46.385 E/DisplayDeviceConfig( 1511): requesting nits when no mapping exists.
02-09 05:28:46.386 E/DisplayDeviceConfig( 1511): requesting nits when no mapping exists.
02-09 05:28:46.386 I/am_wtf ( 1511): [0,1511,system_server,-1,DisplayDeviceConfig,requesting nits when no mapping exists.]
02-09 05:28:46.386 I/am_wtf ( 1511): [0,1511,system_server,-1,DisplayDeviceConfig,requesting nits when no mapping exists.]
02-09 05:28:46.401 E/DisplayDeviceConfig( 1511): requesting nits when no mapping exists.
02-09 05:28:46.402 E/DisplayDeviceConfig( 1511): requesting nits when no mapping exists.
02-09 05:28:46.402 I/am_wtf ( 1511): [0,1511,system_server,-1,DisplayDeviceConfig,requesting nits when no mapping exists.]
02-09 05:28:46.402 I/am_wtf ( 1511): [0,1511,system_server,-1,DisplayDeviceConfig,requesting nits when no mapping exists.]
02-09 05:28:46.418 E/DisplayDeviceConfig( 1511): requesting nits when no mapping exists.
02-09 05:28:46.418 E/DisplayDeviceConfig( 1511): requesting nits when no mapping exists.
02-09 05:28:46.419 I/am_wtf ( 1511): [0,1511,system_server,-1,DisplayDeviceConfig,requesting nits when no mapping exists.]
02-09 05:28:46.419 I/am_wtf ( 1511): [0,1511,system_server,-1,DisplayDeviceConfig,requesting nits when no mapping exists.]
02-09 05:28:46.435 E/DisplayDeviceConfig( 1511): requesting nits when no mapping exists.
02-09 05:28:46.436 E/DisplayDeviceConfig( 1511): requesting nits when no mapping exists.
02-09 05:28:46.436 I/am_wtf ( 1511): [0,1511,system_server,-1,DisplayDeviceConfig,requesting nits when no mapping exists.]
02-09 05:28:46.436 I/am_wtf ( 1511): [0,1511,system_server,-1,DisplayDeviceConfig,requesting nits when no mapping exists.]
02-09 05:28:46.452 E/DisplayDeviceConfig( 1511): requesting nits when no mapping exists.
02-09 05:28:46.452 E/DisplayDeviceConfig( 1511): requesting nits when no mapping exists.
02-09 05:28:46.452 I/am_wtf ( 1511): [0,1511,system_server,-1,DisplayDeviceConfig,requesting nits when no mapping exists.]
02-09 05:28:46.452 I/am_wtf ( 1511): [0,1511,system_server,-1,DisplayDeviceConfig,requesting nits when no mapping exists.]
02-09 05:28:46.468 E/DisplayDeviceConfig( 1511): requesting nits when no mapping exists.
02-09 05:28:46.469 I/am_wtf ( 1511): [0,1511,system_server,-1,DisplayDeviceConfig,requesting nits when no mapping exists.]
02-09 05:28:46.469 E/DisplayDeviceConfig( 1511): requesting nits when no mapping exists.
02-09 05:28:46.469 I/am_wtf ( 1511): [0,1511,system_server,-1,DisplayDeviceConfig,requesting nits when no mapping exists.]
02-09 05:28:46.486 E/DisplayDeviceConfig( 1511): requesting nits when no mapping exists.
02-09 05:28:46.486 E/DisplayDeviceConfig( 1511): requesting nits when no mapping exists.
02-09 05:28:46.486 I/am_wtf ( 1511): [0,1511,system_server,-1,DisplayDeviceConfig,requesting nits when no mapping exists.]
02-09 05:28:46.486 I/am_wtf ( 1511): [0,1511,system_server,-1,DisplayDeviceConfig,requesting nits when no mapping exists.]
02-09 05:28:46.502 E/DisplayDeviceConfig( 1511): requesting nits when no mapping exists.
02-09 05:28:46.502 E/DisplayDeviceConfig( 1511): requesting nits when no mapping exists.
02-09 05:28:46.502 I/am_wtf ( 1511): [0,1511,system_server,-1,DisplayDeviceConfig,requesting nits when no mapping exists.]
02-09 05:28:46.502 I/am_wtf ( 1511): [0,1511,system_server,-1,DisplayDeviceConfig,requesting nits when no mapping exists.]
02-09 05:28:46.519 E/DisplayDeviceConfig( 1511): requesting nits when no mapping exists.
02-09 05:28:46.519 I/am_wtf ( 1511): [0,1511,system_server,-1,DisplayDeviceConfig,requesting nits when no mapping exists.]
02-09 05:28:46.519 E/DisplayDeviceConfig( 1511): requesting nits when no mapping exists.
02-09 05:28:46.519 I/am_wtf ( 1511): [0,1511,system_server,-1,DisplayDeviceConfig,requesting nits when no mapping exists.]
02-09 05:28:46.536 E/DisplayDeviceConfig( 1511): requesting nits when no mapping exists.
02-09 05:28:46.536 E/DisplayDeviceConfig( 1511): requesting nits when no mapping exists.
02-09 05:28:46.536 I/am_wtf ( 1511): [0,1511,system_server,-1,DisplayDeviceConfig,requesting nits when no mapping exists.]
02-09 05:28:46.536 I/am_wtf ( 1511): [0,1511,system_server,-1,DisplayDeviceConfig,requesting nits when no mapping exists.]
02-09 05:28:46.553 E/DisplayDeviceConfig( 1511): requesting nits when no mapping exists.
02-09 05:28:46.553 E/DisplayDeviceConfig( 1511): requesting nits when no mapping exists.
02-09 05:28:46.553 I/am_wtf ( 1511): [0,1511,system_server,-1,DisplayDeviceConfig,requesting nits when no mapping exists.]
02-09 05:28:46.553 I/am_wtf ( 1511): [0,1511,system_server,-1,DisplayDeviceConfig,requesting nits when no mapping exists.]
