02-09 05:31:44.346 I/GameModeConfig( 1511): isGaming = false
02-09 05:31:44.346 I/GameModeConfig( 1511): isDisableVoice = true
02-09 05:31:44.390 W/ContextImpl( 2089): Calling a method in the system process without a qualified user: android.app.ContextImpl.startService:1816 android.content.ContextWrapper.startService:774 com.thundercomm.gamemode.ingame.services.GameModeActionUtils.startGameModeService:111 com.thundercomm.gamemode.ingame.services.GameModeActionUtils.startGameModeEntry:22 com.thundercomm.gamemode.ingame.services.ActivityMonitoringService$1.onActivityLaunch:139
02-09 05:31:44.394 I/GameModeConfig( 1511): Current uri is uri = content://com.thundercomm.gamemode.api/gamemode_settings/gamemode_isgaming
02-09 05:31:44.396 I/GameModeConfig( 1511): isGameModeOn = true
02-09 05:31:44.396 I/GameModeConfig( 1511): isGaming = false
02-09 05:31:44.397 I/GameModeConfig( 1511): isGameModeOn = true
02-09 05:31:44.397 I/GameModeConfig( 1511): isGaming = false
02-09 05:31:44.397 I/GameModeConfig( 1511): isDisableVoice = true
02-09 05:31:44.413 I/DisplayDeviceRepository( 1511): Display device changed: DisplayDeviceInfo{"内置屏幕": uniqueId="local:4630946370410392961", 2380 x 1020, modeId 1, defaultModeId 1, supportedModes [{id=1, width=2380, height=1020, fps=60.000004, alternativeRefreshRates=[30.000002, 45.0]}, {id=2, width=2380, height=1020, fps=45.0, alternativeRefreshRates=[30.000002, 60.000004]}, {id=3, width=2380, height=1020, fps=30.000002, alternativeRefreshRates=[45.0, 60.000004]}], colorMode 0, supportedColorModes [0], hdrCapabilities HdrCapabilities{mSupportedHdrTypes=[2, 3, 4], mMaxLuminance=500.0, mMaxAverageLuminance=500.0, mMinLuminance=0.0}, allmSupported false, gameContentTypeSupported false, density 240, 319.851 x 319.851 dpi, appVsyncOff 1000000, presDeadline 16666666, touch INTERNAL, rotation 0, type INTERNAL, address {port=129, model=0x40446d3026322d}, deviceProductInfo DeviceProductInfo{name=, manufacturerPnpId=QCM, productId=1, modelYear=null, manufactureDate=ManufactureDate{week=27, year=2006}, connectionToSinkType=0}, state ON, frameRateOverride , brightnessMinimum 0.0, brightnessMaximum 1.0, brightnessDefault 1.0, FLAG_DEFAULT_DISPLAY, FLAG_ROTATES_WITH_CONTENT, FLAG_SECURE, FLAG_SUPPORTS_PROTECTED_BUFFERS}
02-09 05:31:44.544 I/commit_sys_config_file( 1511): [settings-1-0,5]
02-09 05:31:44.758 I/input_interaction( 1511): Interaction with: 584aa45 com.android.launcher3/com.android.launcher3.uioverrides.QuickstepLauncher (server), 4aad3d7 com.android.systemui.ImageWallpaper (server), edge-swipe (server), swipe-up (server), PointerEventDispatcher0 (server),
02-09 05:31:44.886 I/thunderperf( 1511): PlatormCompat.setOverrides: Uid1=10073 Pid1=2559 Uid2=10073 Pid2=2559
02-09 05:31:44.886 I/thunderperf( 1511): PlatormCompat.setOverrides: needCheck:false
02-09 05:31:44.887 I/thunderperf( 1511): CompatConfig.addOverrideUnsafe: bef-state=1
02-09 05:31:44.887 I/thunderperf( 1511): CompatConfig.addOverrideUnsafe: aft-state=0
02-09 05:31:44.888 I/thunderperf( 1511): CompatConfig.addOverrideUnsafe: bef-state=1
02-09 05:31:44.889 I/thunderperf( 1511): CompatConfig.addOverrideUnsafe: aft-state=0
02-09 05:31:44.889 I/thunderperf( 1511): CompatConfig.addOverrideUnsafe: bef-state=1
02-09 05:31:44.890 I/thunderperf( 1511): CompatConfig.addOverrideUnsafe: aft-state=0
02-09 05:31:44.891 I/thunderperf( 1511): CompatConfig.addOverrideUnsafe: bef-state=1
02-09 05:31:44.892 I/thunderperf( 1511): CompatConfig.addOverrideUnsafe: aft-state=0
02-09 05:31:44.893 I/thunderperf( 1511): CompatConfig.addOverrideUnsafe: bef-state=1
02-09 05:31:44.893 I/thunderperf( 1511): CompatConfig.addOverrideUnsafe: aft-state=0
02-09 05:31:44.894 I/thunderperf( 1511): CompatConfig.addOverrideUnsafe: bef-state=1
02-09 05:31:44.894 I/thunderperf( 1511): CompatConfig.addOverrideUnsafe: aft-state=0
02-09 05:31:44.895 I/thunderperf( 1511): CompatConfig.addOverrideUnsafe: bef-state=1
02-09 05:31:44.895 I/thunderperf( 1511): CompatConfig.addOverrideUnsafe: aft-state=0
02-09 05:31:44.896 I/thunderperf( 1511): CompatConfig.addOverrideUnsafe: bef-state=1
02-09 05:31:44.896 I/thunderperf( 1511): CompatConfig.addOverrideUnsafe: aft-state=0
02-09 05:31:44.897 I/thunderperf( 1511): CompatConfig.addOverrideUnsafe: bef-state=1
02-09 05:31:44.897 I/thunderperf( 1511): CompatConfig.addOverrideUnsafe: aft-state=0
02-09 05:31:44.898 I/thunderperf( 1511): CompatConfig.addOverrideUnsafe: bef-state=1
02-09 05:31:44.898 I/thunderperf( 1511): CompatConfig.addOverrideUnsafe: aft-state=0
02-09 05:31:44.899 I/thunderperf( 1511): CompatConfig.addOverrideUnsafe: bef-state=1
02-09 05:31:44.900 I/thunderperf( 1511): CompatConfig.addOverrideUnsafe: aft-state=0
02-09 05:31:44.900 I/thunderperf( 1511): CompatConfig.addOverrideUnsafe: bef-state=1
02-09 05:31:44.901 I/thunderperf( 1511): CompatConfig.addOverrideUnsafe: aft-state=0
02-09 05:31:44.901 I/thunderperf( 1511): CompatConfig.addOverrideUnsafe: bef-state=1
02-09 05:31:44.902 I/thunderperf( 1511): CompatConfig.addOverrideUnsafe: aft-state=0
02-09 05:31:44.902 I/thunderperf( 1511): CompatConfig.addOverrideUnsafe: bef-state=1
02-09 05:31:44.903 I/thunderperf( 1511): CompatConfig.addOverrideUnsafe: aft-state=0
02-09 05:31:44.911 I/ActivityTaskManager( 1511): START u0 {act=android.intent.action.MAIN cat=[android.intent.category.LAUNCHER] flg=0x10200000 cmp=com.microsoft.emmx/com.microsoft.ruby.Main bnds=[664,120][940,382]} from uid 10073
02-09 05:31:44.928 I/wm_task_created( 1511): [30,-1]
02-09 05:31:44.928 W/ActivityTaskManager( 1511): Can't find TaskDisplayArea to determine support for multi window. Task id=30 attached=false
02-09 05:31:44.929 D/CompatibilityChangeReporter( 1511): Compat change id reported: 174042980; UID 10035; state: DISABLED
02-09 05:31:44.929 D/CompatibilityChangeReporter( 1511): Compat change id reported: 184838306; UID 10035; state: DISABLED
02-09 05:31:44.930 D/CompatibilityChangeReporter( 1511): Compat change id reported: 185004937; UID 10035; state: DISABLED
02-09 05:31:44.930 D/CompatibilityChangeReporter( 1511): Compat change id reported: 181136395; UID 10035; state: DISABLED
02-09 05:31:44.930 D/CompatibilityChangeReporter( 1511): Compat change id reported: 174042936; UID 10035; state: DISABLED
02-09 05:31:44.930 I/wm_task_moved( 1511): [30,1,9]
02-09 05:31:44.930 I/wm_task_to_front( 1511): [0,30]
02-09 05:31:44.931 I/wm_create_task( 1511): [0,30]
02-09 05:31:44.931 I/wm_create_activity( 1511): [0,255672441,30,com.microsoft.emmx/com.microsoft.ruby.Main,android.intent.action.MAIN,NULL,NULL,270532608]
02-09 05:31:44.931 I/wm_task_moved( 1511): [30,1,9]
02-09 05:31:44.931 D/CompatibilityChangeReporter( 1511): Compat change id reported: 168419799; UID 10035; state: DISABLED
02-09 05:31:44.932 I/wm_pause_activity( 1511): [0,204923478,com.android.launcher3/.uioverrides.QuickstepLauncher,userLeaving=true,pauseBackTasks]
02-09 05:31:44.935 I/am_uid_running( 1511): 10035
02-09 05:31:44.935 D/CompatibilityChangeReporter( 1511): Compat change id reported: 135634846; UID 10035; state: DISABLED
02-09 05:31:44.935 D/CompatibilityChangeReporter( 1511): Compat change id reported: 177438394; UID 10035; state: DISABLED
02-09 05:31:44.935 D/CompatibilityChangeReporter( 1511): Compat change id reported: 135772972; UID 10035; state: DISABLED
02-09 05:31:44.935 D/CompatibilityChangeReporter( 1511): Compat change id reported: 135754954; UID 10035; state: ENABLED
02-09 05:31:44.935 D/CompatibilityChangeReporter( 1511): Compat change id reported: 143937733; UID 10035; state: ENABLED
02-09 05:31:44.940 I/wm_on_top_resumed_lost_called( 2559): [204923478,com.android.launcher3.uioverrides.QuickstepLauncher,topStateChangedWhenResumed]
02-09 05:31:44.941 I/am_proc_start( 1511): [0,6959,10035,com.microsoft.emmx,pre-top-activity,{com.microsoft.emmx/com.microsoft.ruby.Main}]
02-09 05:31:44.941 I/ActivityManager( 1511): Start proc 6959:com.microsoft.emmx/u0a35 for pre-top-activity {com.microsoft.emmx/com.microsoft.ruby.Main}
02-09 05:31:44.941 W/ContextImpl( 1511): Calling a method in the system process without a qualified user: android.app.ContextImpl.sendBroadcast:1173 com.qualcomm.qti.Performance$SendGameLaunchBroadcast.run:217 java.lang.Thread.run:920
02-09 05:31:44.942 I/wm_on_paused_called( 2559): [204923478,com.android.launcher3.uioverrides.QuickstepLauncher,performPause]
02-09 05:31:44.942 I/ActivityTaskManager( 1511): FOREGROUND_APPLICATION_CHANGED to org.chromium.chrome.browser.ChromeTabbedActivity
02-09 05:31:44.943 I/wm_add_to_stopping( 1511): [0,204923478,com.android.launcher3/.uioverrides.QuickstepLauncher,makeInvisible]
02-09 05:31:44.944 I/sysui_multi_action( 1511): [757,803,799,window_time_0,802,1]
02-09 05:31:44.949 I/input_focus( 1511): [Focus leaving 584aa45 com.android.launcher3/com.android.launcher3.uioverrides.QuickstepLauncher (server),reason=NO_WINDOW]
02-09 05:31:44.953 I/am_proc_bound( 1511): [0,6959,com.microsoft.emmx]
02-09 05:31:44.958 I/wm_restart_activity( 1511): [0,255672441,30,com.microsoft.emmx/com.microsoft.ruby.Main]
02-09 05:31:44.959 I/wm_set_resumed_activity( 1511): [0,com.microsoft.emmx/com.microsoft.ruby.Main,minimalResumeActivityLocked]
02-09 05:31:44.959 I/am_uid_active( 1511): 10035
02-09 05:31:44.965 W/ContextImpl( 2089): Calling a method in the system process without a qualified user: android.app.ContextImpl.startService:1816 android.content.ContextWrapper.startService:774 com.thundercomm.gamemode.ingame.services.GameModeActionUtils.startGameModeService:111 com.thundercomm.gamemode.ingame.services.GameModeActionUtils.startGameModeEntry:22 com.thundercomm.gamemode.ingame.services.ActivityMonitoringService$1.onActivityLaunch:139
02-09 05:31:44.967 I/GameModeConfig( 1511): Current uri is uri = content://com.thundercomm.gamemode.api/gamemode_settings/gamemode_isgaming
02-09 05:31:44.968 I/GameModeConfig( 1511): isGameModeOn = true
02-09 05:31:44.968 I/GameModeConfig( 1511): isGaming = false
02-09 05:31:44.969 I/GameModeConfig( 1511): isGameModeOn = true
02-09 05:31:44.969 I/GameModeConfig( 1511): isGaming = false
02-09 05:31:44.969 I/GameModeConfig( 1511): isDisableVoice = true
02-09 05:31:45.045 W/ContextImpl( 2089): Calling a method in the system process without a qualified user: android.app.ContextImpl.startService:1816 android.content.ContextWrapper.startService:774 com.thundercomm.gamemode.ingame.services.GameModeActionUtils.startGameModeService:111 com.thundercomm.gamemode.ingame.services.GameModeActionUtils.startGameModeEntry:22 com.thundercomm.gamemode.ingame.services.ActivityMonitoringService$1.onActivityLaunch:139
02-09 05:31:45.047 I/GameModeConfig( 1511): Current uri is uri = content://com.thundercomm.gamemode.api/gamemode_settings/gamemode_isgaming
02-09 05:31:45.048 I/GameModeConfig( 1511): isGameModeOn = true
02-09 05:31:45.048 I/GameModeConfig( 1511): isGaming = false
02-09 05:31:45.048 I/GameModeConfig( 1511): isGameModeOn = true
02-09 05:31:45.048 I/GameModeConfig( 1511): isGaming = false
02-09 05:31:45.048 I/GameModeConfig( 1511): isDisableVoice = true
02-09 05:31:45.085 E/ActivityThread( 6959): Failed to find provider info for com.microsoft.office.outlook.dev.webviewsdkprovider
02-09 05:31:45.085 E/ActivityThread( 6959): Failed to find provider info for com.microsoft.office.outlook.webviewsdkprovider
02-09 05:31:45.086 E/ActivityThread( 6959): Failed to find provider info for com.microsoft.office.outlook.dawg.webviewsdkprovider
02-09 05:31:45.092 I/thunderperf( 1511): PlatormCompat.setOverrides: Uid1=10035 Pid1=6959 Uid2=10035 Pid2=6959
02-09 05:31:45.092 I/thunderperf( 1511): PlatormCompat.setOverrides: needCheck:false
02-09 05:31:45.092 W/PackageManager( 1511): MATCH_ANY_USER flag requires INTERACT_ACROSS_USERS permission: UID 10035 requires android.permission.INTERACT_ACROSS_USERS_FULL or android.permission.INTERACT_ACROSS_USERS to access user 0.
02-09 05:31:45.092 I/ActivityTaskManager( 1511): START u0 {cmp=com.microsoft.emmx/com.microsoft.edge.fre.MicrosoftFirstRunActivity (has extras)} from uid 10035
02-09 05:31:45.093 I/wm_task_created( 1511): [31,-1]
02-09 05:31:45.093 W/ActivityTaskManager( 1511): Can't find TaskDisplayArea to determine support for multi window. Task id=31 attached=false
02-09 05:31:45.095 I/wm_task_moved( 1511): [31,1,10]
02-09 05:31:45.095 I/wm_task_to_front( 1511): [0,31]
02-09 05:31:45.095 I/wm_create_task( 1511): [0,31]
02-09 05:31:45.095 I/wm_create_activity( 1511): [0,143632405,31,com.microsoft.emmx/com.microsoft.edge.fre.MicrosoftFirstRunActivity,NULL,NULL,NULL,276824064]
02-09 05:31:45.095 I/wm_task_moved( 1511): [31,1,10]
02-09 05:31:45.095 I/wm_pause_activity( 1511): [0,255672441,com.microsoft.emmx/com.microsoft.ruby.Main,userLeaving=true,pauseBackTasks]
02-09 05:31:45.096 I/ActivityTaskManager( 1511): Add Task{4d2aa04 #30 type=standard A=10035:com.microsoft.emmx U=0 visible=true mode=fullscreen translucent=false sz=1} to hidden list because adding Task{f9f272a #31 type=standard A=10035:com.microsoft.emmx U=0 visible=true mode=fullscreen translucent=true sz=1}
02-09 05:31:45.110 I/wm_finish_activity( 1511): [0,255672441,30,com.microsoft.emmx/com.microsoft.ruby.Main,app-request]
02-09 05:31:45.110 I/wm_on_create_called( 6959): [255672441,com.microsoft.ruby.Main,performCreate]
02-09 05:31:45.112 I/wm_add_to_stopping( 1511): [0,255672441,com.microsoft.emmx/com.microsoft.ruby.Main,completeFinishing]
02-09 05:31:45.113 I/ActivityTaskManager( 1511): FOREGROUND_APPLICATION_CHANGED to com.microsoft.edge.fre.MicrosoftFirstRunActivity
02-09 05:31:45.113 I/ActivityTaskManager( 1511): The Process com.microsoft.emmx Already Exists in BG. So sending its PID: 6959
02-09 05:31:45.113 W/ActivityTaskManager( 1511): Tried to set launchTime (0) < mLastActivityLaunchTime (4200086)
02-09 05:31:45.114 I/wm_restart_activity( 1511): [0,143632405,31,com.microsoft.emmx/com.microsoft.edge.fre.MicrosoftFirstRunActivity]
02-09 05:31:45.114 I/wm_set_resumed_activity( 1511): [0,com.microsoft.emmx/com.microsoft.edge.fre.MicrosoftFirstRunActivity,minimalResumeActivityLocked]
02-09 05:31:45.134 I/sysui_multi_action( 1511): [757,803,799,window_time_0,802,0]
02-09 05:31:45.157 I/wm_on_create_called( 6959): [143632405,com.microsoft.edge.fre.MicrosoftFirstRunActivity,performCreate]
02-09 05:31:45.158 I/wm_on_start_called( 6959): [143632405,com.microsoft.edge.fre.MicrosoftFirstRunActivity,handleStartActivity]
02-09 05:31:45.160 I/wm_on_resume_called( 6959): [143632405,com.microsoft.edge.fre.MicrosoftFirstRunActivity,RESUME_ACTIVITY]
02-09 05:31:45.166 I/wm_on_top_resumed_gained_called( 6959): [143632405,com.microsoft.edge.fre.MicrosoftFirstRunActivity,topStateChangedWhenResumed]
02-09 05:31:45.170 W/ActivityManager( 1511): Unable to start service Intent { act=com.uodis.opendevice.OPENIDS_SERVICE pkg=com.huawei.hwid } U=0: not found
02-09 05:31:45.170 W/ActivityManager( 1511): Unbind failed: could not find connection for android.os.BinderProxy@267ff30
02-09 05:31:45.170 W/ActivityManager( 1511): Unable to start service Intent { act=com.uodis.opendevice.OPENIDS_SERVICE pkg=com.huawei.hwid } U=0: not found
02-09 05:31:45.170 W/ActivityManager( 1511): Unbind failed: could not find connection for android.os.BinderProxy@52877a9
02-09 05:31:45.170 W/ActivityManager( 1511): Unable to start service Intent { act=com.uodis.opendevice.OPENIDS_SERVICE pkg=com.huawei.hwid } U=0: not found
02-09 05:31:45.171 W/ActivityManager( 1511): Unbind failed: could not find connection for android.os.BinderProxy@c66a12e
02-09 05:31:45.173 I/input_focus( 1511): [Focus request 61fd8e2 com.microsoft.emmx/com.microsoft.edge.fre.MicrosoftFirstRunActivity,reason=UpdateInputWindows]
02-09 05:31:45.179 W/ActivityManager( 1511): Unable to start service Intent { act=com.uodis.opendevice.OPENIDS_SERVICE pkg=com.huawei.hwid } U=0: not found
02-09 05:31:45.179 W/ActivityManager( 1511): Unbind failed: could not find connection for android.os.BinderProxy@408448
02-09 05:31:45.179 W/ActivityManager( 1511): Unable to start service Intent { act=com.uodis.opendevice.OPENIDS_SERVICE pkg=com.huawei.hwid } U=0: not found
02-09 05:31:45.179 W/ActivityManager( 1511): Unbind failed: could not find connection for android.os.BinderProxy@b7672e1
02-09 05:31:45.180 W/ActivityManager( 1511): Unable to start service Intent { act=com.uodis.opendevice.OPENIDS_SERVICE pkg=com.huawei.hwid } U=0: not found
02-09 05:31:45.180 W/ActivityManager( 1511): Unbind failed: could not find connection for android.os.BinderProxy@375a806
02-09 05:31:45.183 W/ActivityManager( 1511): Unable to start service Intent { act=com.uodis.opendevice.OPENIDS_SERVICE pkg=com.huawei.hwid } U=0: not found
02-09 05:31:45.184 W/ActivityManager( 1511): Unbind failed: could not find connection for android.os.BinderProxy@cee8ec7
02-09 05:31:45.184 W/ActivityManager( 1511): Unable to start service Intent { act=com.uodis.opendevice.OPENIDS_SERVICE pkg=com.huawei.hwid } U=0: not found
02-09 05:31:45.184 W/ActivityManager( 1511): Unbind failed: could not find connection for android.os.BinderProxy@5fd9cf4
02-09 05:31:45.184 W/ActivityManager( 1511): Unable to start service Intent { act=com.uodis.opendevice.OPENIDS_SERVICE pkg=com.huawei.hwid } U=0: not found
02-09 05:31:45.184 W/ActivityManager( 1511): Unbind failed: could not find connection for android.os.BinderProxy@b865c1d
02-09 05:31:45.188 W/ActivityManager( 1511): Unable to start service Intent { act=com.uodis.opendevice.OPENIDS_SERVICE pkg=com.huawei.hwid } U=0: not found
02-09 05:31:45.188 W/ActivityManager( 1511): Unbind failed: could not find connection for android.os.BinderProxy@3b43e92
02-09 05:31:45.188 W/ActivityManager( 1511): Unable to start service Intent { act=com.uodis.opendevice.OPENIDS_SERVICE pkg=com.huawei.hwid } U=0: not found
02-09 05:31:45.188 W/ActivityManager( 1511): Unbind failed: could not find connection for android.os.BinderProxy@5bb5063
02-09 05:31:45.188 W/ActivityManager( 1511): Unable to start service Intent { act=com.uodis.opendevice.OPENIDS_SERVICE pkg=com.huawei.hwid } U=0: not found
02-09 05:31:45.188 W/ActivityManager( 1511): Unbind failed: could not find connection for android.os.BinderProxy@2d19460
02-09 05:31:45.191 W/ActivityManager( 1511): Unable to start service Intent { act=com.uodis.opendevice.OPENIDS_SERVICE pkg=com.huawei.hwid } U=0: not found
02-09 05:31:45.191 W/ActivityManager( 1511): Unbind failed: could not find connection for android.os.BinderProxy@b19d19
02-09 05:31:45.191 W/ActivityManager( 1511): Unable to start service Intent { act=com.uodis.opendevice.OPENIDS_SERVICE pkg=com.huawei.hwid } U=0: not found
02-09 05:31:45.191 W/ActivityManager( 1511): Unbind failed: could not find connection for android.os.BinderProxy@3d3b1de
02-09 05:31:45.192 W/ActivityManager( 1511): Unable to start service Intent { act=com.uodis.opendevice.OPENIDS_SERVICE pkg=com.huawei.hwid } U=0: not found
02-09 05:31:45.192 W/ActivityManager( 1511): Unbind failed: could not find connection for android.os.BinderProxy@1088fbf
02-09 05:31:45.195 W/ActivityManager( 1511): Unable to start service Intent { act=com.uodis.opendevice.OPENIDS_SERVICE pkg=com.huawei.hwid } U=0: not found
02-09 05:31:45.195 W/ActivityManager( 1511): Unbind failed: could not find connection for android.os.BinderProxy@92b968c
02-09 05:31:45.195 W/ActivityManager( 1511): Unable to start service Intent { act=com.uodis.opendevice.OPENIDS_SERVICE pkg=com.huawei.hwid } U=0: not found
02-09 05:31:45.195 W/ActivityManager( 1511): Unbind failed: could not find connection for android.os.BinderProxy@bb5f1d5
02-09 05:31:45.195 W/ActivityManager( 1511): Unable to start service Intent { act=com.uodis.opendevice.OPENIDS_SERVICE pkg=com.huawei.hwid } U=0: not found
02-09 05:31:45.196 W/ActivityManager( 1511): Unbind failed: could not find connection for android.os.BinderProxy@be50dea
02-09 05:31:45.218 W/ContextImpl( 2089): Calling a method in the system process without a qualified user: android.app.ContextImpl.startService:1816 android.content.ContextWrapper.startService:774 com.thundercomm.gamemode.ingame.services.GameModeActionUtils.startGameModeService:111 com.thundercomm.gamemode.ingame.services.GameModeActionUtils.startGameModeEntry:22 com.thundercomm.gamemode.ingame.services.ActivityMonitoringService$1.onActivityLaunch:139
02-09 05:31:45.220 I/GameModeConfig( 1511): Current uri is uri = content://com.thundercomm.gamemode.api/gamemode_settings/gamemode_isgaming
02-09 05:31:45.220 I/GameModeConfig( 1511): isGameModeOn = true
02-09 05:31:45.220 I/GameModeConfig( 1511): isGaming = false
02-09 05:31:45.221 I/GameModeConfig( 1511): isGameModeOn = true
02-09 05:31:45.221 I/GameModeConfig( 1511): isGaming = false
02-09 05:31:45.221 I/GameModeConfig( 1511): isDisableVoice = true
02-09 05:31:45.283 I/sysui_multi_action( 1511): [319,45,321,43,322,370,325,4200,757,761,758,7,759,1,806,com.microsoft.emmx,871,com.microsoft.edge.fre.MicrosoftFirstRunActivity,904,com.microsoft.emmx,905,0,945,46,1320,4,1321,2]
02-09 05:31:45.284 I/wm_activity_launch_time( 1511): [0,143632405,com.microsoft.emmx/com.microsoft.edge.fre.MicrosoftFirstRunActivity,370]
02-09 05:31:45.300 I/input_focus( 1511): [Focus entering 61fd8e2 com.microsoft.emmx/com.microsoft.edge.fre.MicrosoftFirstRunActivity (server),reason=Window became focusable. Previous reason: NOT_VISIBLE]
02-09 05:31:45.320 W/ActivityManager( 1511): Unable to start service Intent { act=com.uodis.opendevice.OPENIDS_SERVICE pkg=com.huawei.hwid } U=0: not found
02-09 05:31:45.320 W/ActivityManager( 1511): Unbind failed: could not find connection for android.os.BinderProxy@ebc2b24
02-09 05:31:45.321 W/ActivityManager( 1511): Unable to start service Intent { act=com.uodis.opendevice.OPENIDS_SERVICE pkg=com.huawei.hwid } U=0: not found
02-09 05:31:45.321 W/ActivityManager( 1511): Unbind failed: could not find connection for android.os.BinderProxy@d1b868d
02-09 05:31:45.321 W/ActivityManager( 1511): Unable to start service Intent { act=com.uodis.opendevice.OPENIDS_SERVICE pkg=com.huawei.hwid } U=0: not found
02-09 05:31:45.321 W/ActivityManager( 1511): Unbind failed: could not find connection for android.os.BinderProxy@5c57042
02-09 05:31:45.324 W/ActivityManager( 1511): Unable to start service Intent { act=com.uodis.opendevice.OPENIDS_SERVICE pkg=com.huawei.hwid } U=0: not found
02-09 05:31:45.324 W/ActivityManager( 1511): Unbind failed: could not find connection for android.os.BinderProxy@2511853
02-09 05:31:45.324 W/ActivityManager( 1511): Unable to start service Intent { act=com.uodis.opendevice.OPENIDS_SERVICE pkg=com.huawei.hwid } U=0: not found
02-09 05:31:45.324 W/ActivityManager( 1511): Unbind failed: could not find connection for android.os.BinderProxy@522d590
02-09 05:31:45.325 W/ActivityManager( 1511): Unable to start service Intent { act=com.uodis.opendevice.OPENIDS_SERVICE pkg=com.huawei.hwid } U=0: not found
02-09 05:31:45.325 W/ActivityManager( 1511): Unbind failed: could not find connection for android.os.BinderProxy@a46fe89
02-09 05:31:45.327 W/ActivityManager( 1511): Unable to start service Intent { act=com.uodis.opendevice.OPENIDS_SERVICE pkg=com.huawei.hwid } U=0: not found
02-09 05:31:45.327 W/ActivityManager( 1511): Unbind failed: could not find connection for android.os.BinderProxy@8be4e8e
02-09 05:31:45.327 W/ActivityManager( 1511): Unable to start service Intent { act=com.uodis.opendevice.OPENIDS_SERVICE pkg=com.huawei.hwid } U=0: not found
02-09 05:31:45.327 W/ActivityManager( 1511): Unbind failed: could not find connection for android.os.BinderProxy@4cae6af
02-09 05:31:45.328 W/ActivityManager( 1511): Unable to start service Intent { act=com.uodis.opendevice.OPENIDS_SERVICE pkg=com.huawei.hwid } U=0: not found
02-09 05:31:45.328 W/ActivityManager( 1511): Unbind failed: could not find connection for android.os.BinderProxy@707babc
02-09 05:31:45.344 I/am_uid_running( 1511): 90000
02-09 05:31:45.344 D/CompatibilityChangeReporter( 1511): Compat change id reported: 135634846; UID 10035; state: DISABLED
02-09 05:31:45.344 D/CompatibilityChangeReporter( 1511): Compat change id reported: 177438394; UID 10035; state: DISABLED
02-09 05:31:45.344 D/CompatibilityChangeReporter( 1511): Compat change id reported: 135772972; UID 10035; state: DISABLED
02-09 05:31:45.344 D/CompatibilityChangeReporter( 1511): Compat change id reported: 135754954; UID 10035; state: ENABLED
02-09 05:31:45.345 D/CompatibilityChangeReporter( 1511): Compat change id reported: 143937733; UID 10035; state: ENABLED
02-09 05:31:45.440 W/ActivityManager( 1511): Slow operation: 95ms so far, now at startProcess: returned from zygote!
02-09 05:31:45.440 W/ActivityManager( 1511): Slow operation: 96ms so far, now at startProcess: done updating battery stats
02-09 05:31:45.440 I/am_proc_start( 1511): [0,7067,90000,com.microsoft.emmx:sandboxed_process0:org.chromium.content.app.SandboxedProcessService0:0,,{com.microsoft.emmx/org.chromium.content.app.SandboxedProcessService0:0}]
02-09 05:31:45.440 W/ActivityManager( 1511): Slow operation: 96ms so far, now at startProcess: building log message
02-09 05:31:45.440 I/ActivityManager( 1511): Start proc 7067:com.microsoft.emmx:sandboxed_process0:org.chromium.content.app.SandboxedProcessService0:0/u0ai0 for {com.microsoft.emmx/org.chromium.content.app.SandboxedProcessService0:0}
02-09 05:31:45.440 W/ActivityManager( 1511): Slow operation: 96ms so far, now at startProcess: starting to update pids map
02-09 05:31:45.440 W/ActivityManager( 1511): Slow operation: 96ms so far, now at startProcess: done updating pids map
02-09 05:31:45.446 I/am_proc_bound( 1511): [0,7067,com.microsoft.emmx:sandboxed_process0:org.chromium.content.app.SandboxedProcessService0:0]
02-09 05:31:45.448 I/am_uid_active( 1511): 90000
02-09 05:31:45.463 I/auditd ( 504): avc: denied { find } for pid=7067 uid=90000 name=content_capture scontext=u:r:isolated_app:s0:c512,c768 tcontext=u:object_r:content_capture_service:s0 tclass=service_manager permissive=0
02-09 05:31:45.555 D/CompatibilityChangeReporter( 1511): Compat change id reported: 149924527; UID 10035; state: ENABLED
02-09 05:31:45.555 D/CompatibilityChangeReporter( 1511): Compat change id reported: 132649864; UID 10035; state: DISABLED
02-09 05:31:45.556 D/CompatibilityChangeReporter( 1511): Compat change id reported: 182734110; UID 10035; state: ENABLED
02-09 05:31:45.570 I/wm_stop_activity( 1511): [0,204923478,com.android.launcher3/.uioverrides.QuickstepLauncher]
02-09 05:31:45.572 I/wm_on_stop_called( 2559): [204923478,com.android.launcher3.uioverrides.QuickstepLauncher,STOP_ACTIVITY_ITEM]
02-09 05:31:45.586 W/ContextImpl( 2089): Calling a method in the system process without a qualified user: android.app.ContextImpl.startService:1816 android.content.ContextWrapper.startService:774 com.thundercomm.gamemode.ingame.services.GameModeActionUtils.startGameModeService:111 com.thundercomm.gamemode.ingame.services.GameModeActionUtils.startGameModeEntry:22 com.thundercomm.gamemode.ingame.services.ActivityMonitoringService$1.onActivityLaunch:139
02-09 05:31:45.588 I/GameModeConfig( 1511): Current uri is uri = content://com.thundercomm.gamemode.api/gamemode_settings/gamemode_isgaming
02-09 05:31:45.588 I/GameModeConfig( 1511): isGameModeOn = true
02-09 05:31:45.588 I/GameModeConfig( 1511): isGaming = false
02-09 05:31:45.588 I/GameModeConfig( 1511): isGameModeOn = true
02-09 05:31:45.589 I/GameModeConfig( 1511): isGaming = false
02-09 05:31:45.589 I/GameModeConfig( 1511): isDisableVoice = true
02-09 05:31:45.617 I/wm_destroy_activity( 1511): [0,255672441,30,com.microsoft.emmx/com.microsoft.ruby.Main,finish-imm:idle]
02-09 05:31:45.619 I/wm_on_destroy_called( 6959): [255672441,com.microsoft.ruby.Main,performDestroy]
02-09 05:31:45.619 I/wm_task_removed( 1511): [30,removeChild:removeChild last r=ActivityRecord{f3d4079 u0 com.microsoft.emmx/com.microsoft.ruby.Main t-1 f}} in t=Task{4d2aa04 #30 type=standard A=10035:com.microsoft.emmx U=0 visible=false mode=fullscreen translucent=true sz=0}]
02-09 05:31:45.619 I/wm_task_removed( 1511): [30,removeChild]
02-09 05:31:45.620 W/ActivityTaskManager( 1511): Can't find TaskDisplayArea to determine support for multi window. Task id=30 attached=false
02-09 05:31:45.620 W/ActivityTaskManager( 1511): Can't find TaskDisplayArea to determine support for multi window. Task id=30 attached=false
02-09 05:31:45.707 W/ActivityManager( 1511): Unable to start service Intent { act=com.uodis.opendevice.OPENIDS_SERVICE pkg=com.huawei.hwid } U=0: not found
02-09 05:31:45.707 W/ActivityManager( 1511): Unbind failed: could not find connection for android.os.BinderProxy@24aed51
02-09 05:31:45.707 W/ActivityManager( 1511): Unable to start service Intent { act=com.uodis.opendevice.OPENIDS_SERVICE pkg=com.huawei.hwid } U=0: not found
02-09 05:31:45.708 W/ActivityManager( 1511): Unbind failed: could not find connection for android.os.BinderProxy@bdbe9b6
02-09 05:31:45.708 W/ActivityManager( 1511): Unable to start service Intent { act=com.uodis.opendevice.OPENIDS_SERVICE pkg=com.huawei.hwid } U=0: not found
02-09 05:31:45.708 W/ActivityManager( 1511): Unbind failed: could not find connection for android.os.BinderProxy@69c26b7
02-09 05:31:45.711 W/ActivityManager( 1511): Unable to start service Intent { act=com.uodis.opendevice.OPENIDS_SERVICE pkg=com.huawei.hwid } U=0: not found
02-09 05:31:45.711 W/ActivityManager( 1511): Unbind failed: could not find connection for android.os.BinderProxy@cd26e24
02-09 05:31:45.711 W/ActivityManager( 1511): Unable to start service Intent { act=com.uodis.opendevice.OPENIDS_SERVICE pkg=com.huawei.hwid } U=0: not found
02-09 05:31:45.711 W/ActivityManager( 1511): Unbind failed: could not find connection for android.os.BinderProxy@7000d8d
02-09 05:31:45.711 W/ActivityManager( 1511): Unable to start service Intent { act=com.uodis.opendevice.OPENIDS_SERVICE pkg=com.huawei.hwid } U=0: not found
02-09 05:31:45.711 W/ActivityManager( 1511): Unbind failed: could not find connection for android.os.BinderProxy@734eb42
02-09 05:31:45.714 W/ActivityManager( 1511): Unable to start service Intent { act=com.uodis.opendevice.OPENIDS_SERVICE pkg=com.huawei.hwid } U=0: not found
02-09 05:31:45.714 W/ActivityManager( 1511): Unbind failed: could not find connection for android.os.BinderProxy@8427753
02-09 05:31:45.714 W/ActivityManager( 1511): Unable to start service Intent { act=com.uodis.opendevice.OPENIDS_SERVICE pkg=com.huawei.hwid } U=0: not found
02-09 05:31:45.714 W/ActivityManager( 1511): Unbind failed: could not find connection for android.os.BinderProxy@1da4890
02-09 05:31:45.714 W/ActivityManager( 1511): Unable to start service Intent { act=com.uodis.opendevice.OPENIDS_SERVICE pkg=com.huawei.hwid } U=0: not found
02-09 05:31:45.714 W/ActivityManager( 1511): Unbind failed: could not find connection for android.os.BinderProxy@b6cf589
02-09 05:31:46.094 D/CompanionDeviceManagerService( 1511): onPackageModified(packageName = com.microsoft.emmx)
02-09 05:31:46.097 I/Telecom ( 1511): DefaultDialerCache: Refreshing default dialer for user 0: now null: DDC.oR@AB0
02-09 05:31:46.102 W/VoiceInteractionManager( 1511): no available voice recognition services found for user 0
02-09 05:31:46.274 W/ActivityManager( 1511): Unable to start service Intent { act=com.uodis.opendevice.OPENIDS_SERVICE pkg=com.huawei.hwid } U=0: not found
02-09 05:31:46.274 W/ActivityManager( 1511): Unbind failed: could not find connection for android.os.BinderProxy@47fbdab
02-09 05:31:46.274 W/ActivityManager( 1511): Unable to start service Intent { act=com.uodis.opendevice.OPENIDS_SERVICE pkg=com.huawei.hwid } U=0: not found
02-09 05:31:46.274 W/ActivityManager( 1511): Unbind failed: could not find connection for android.os.BinderProxy@3700c08
02-09 05:31:46.274 W/ActivityManager( 1511): Unable to start service Intent { act=com.uodis.opendevice.OPENIDS_SERVICE pkg=com.huawei.hwid } U=0: not found
02-09 05:31:46.274 W/ActivityManager( 1511): Unbind failed: could not find connection for android.os.BinderProxy@8fbfa1
02-09 05:31:46.277 W/ActivityManager( 1511): Unable to start service Intent { act=com.uodis.opendevice.OPENIDS_SERVICE pkg=com.huawei.hwid } U=0: not found
02-09 05:31:46.277 W/ActivityManager( 1511): Unbind failed: could not find connection for android.os.BinderProxy@11dd5c6
02-09 05:31:46.277 W/ActivityManager( 1511): Unable to start service Intent { act=com.uodis.opendevice.OPENIDS_SERVICE pkg=com.huawei.hwid } U=0: not found
02-09 05:31:46.277 W/ActivityManager( 1511): Unbind failed: could not find connection for android.os.BinderProxy@dfa8987
02-09 05:31:46.277 W/ActivityManager( 1511): Unable to start service Intent { act=com.uodis.opendevice.OPENIDS_SERVICE pkg=com.huawei.hwid } U=0: not found
02-09 05:31:46.277 W/ActivityManager( 1511): Unbind failed: could not find connection for android.os.BinderProxy@efde0b4
02-09 05:31:46.279 W/ActivityManager( 1511): Unable to start service Intent { act=com.uodis.opendevice.OPENIDS_SERVICE pkg=com.huawei.hwid } U=0: not found
02-09 05:31:46.279 W/ActivityManager( 1511): Unbind failed: could not find connection for android.os.BinderProxy@bc7b4dd
02-09 05:31:46.280 W/ActivityManager( 1511): Unable to start service Intent { act=com.uodis.opendevice.OPENIDS_SERVICE pkg=com.huawei.hwid } U=0: not found
02-09 05:31:46.280 W/ActivityManager( 1511): Unbind failed: could not find connection for android.os.BinderProxy@d118852
02-09 05:31:46.280 W/ActivityManager( 1511): Unable to start service Intent { act=com.uodis.opendevice.OPENIDS_SERVICE pkg=com.huawei.hwid } U=0: not found
02-09 05:31:46.280 W/ActivityManager( 1511): Unbind failed: could not find connection for android.os.BinderProxy@96c3723
02-09 05:31:46.586 I/input_interaction( 1511): Interaction with: 61fd8e2 com.microsoft.emmx/com.microsoft.edge.fre.MicrosoftFirstRunActivity (server), edge-swipe (server), swipe-up (server), PointerEventDispatcher0 (server),
02-09 05:31:46.590 W/FreeFormWindowHelper( 1511): Current Display FreeFormTask is null
02-09 05:31:46.590 W/FreeFormWindowHelper( 1511): Current Display FreeFormTask is null
02-09 05:31:46.591 W/FreeFormWindowHelper( 1511): Current Display FreeFormTask is null
02-09 05:31:46.591 I/wm_task_moved( 1511): [1,0,0]
02-09 05:31:46.591 I/wm_task_moved( 1511): [1,0,8]
02-09 05:31:46.598 W/ContextImpl( 2089): Calling a method in the system process without a qualified user: android.app.ContextImpl.startService:1816 android.content.ContextWrapper.startService:774 com.thundercomm.gamemode.ingame.services.GameModeActionUtils.startGameModeService:111 com.thundercomm.gamemode.ingame.services.GameModeActionUtils.startGameModeEntry:22 com.thundercomm.gamemode.ingame.services.ActivityMonitoringService$1.onActivityLaunch:139
02-09 05:31:46.599 I/GameModeConfig( 1511): Current uri is uri = content://com.thundercomm.gamemode.api/gamemode_settings/gamemode_isgaming
02-09 05:31:46.600 I/GameModeConfig( 1511): isGameModeOn = true
02-09 05:31:46.600 I/GameModeConfig( 1511): isGaming = false
02-09 05:31:46.600 I/GameModeConfig( 1511): isGameModeOn = true
02-09 05:31:46.600 I/GameModeConfig( 1511): isGaming = false
02-09 05:31:46.600 I/GameModeConfig( 1511): isDisableVoice = true
02-09 05:31:46.602 I/wm_on_restart_called( 2559): [204923478,com.android.launcher3.uioverrides.QuickstepLauncher,performRestartActivity]
02-09 05:31:46.602 W/FreeFormWindowHelper( 1511): Current Display FreeFormTask is null
02-09 05:31:46.603 W/FreeFormWindowHelper( 1511): Current Display FreeFormTask is null
02-09 05:31:46.614 I/wm_on_start_called( 2559): [204923478,com.android.launcher3.uioverrides.QuickstepLauncher,handleStartActivity]
02-09 05:31:46.614 I/view_enqueue_input_event( 6959): [Motion - Cancel,com.microsoft.emmx/com.microsoft.edge.fre.MicrosoftFirstRunActivity]
02-09 05:31:46.616 I/input_focus( 1511): [Focus request recents_animation_input_consumer,reason=UpdateInputWindows]
02-09 05:31:46.616 W/ActivityTaskManager( 1511): getTaskSnapshot: taskId=1031 not found
02-09 05:31:46.617 W/ActivityTaskManager( 1511): getTaskSnapshot: taskId=2031 not found
02-09 05:31:46.623 W/FreeFormWindowHelper( 1511): Current Display FreeFormTask is null
02-09 05:31:46.623 W/FreeFormWindowHelper( 1511): Current Display FreeFormTask is null
02-09 05:31:46.623 W/ActivityTaskManager( 1511): getTaskSnapshot: taskId=1031 not found
02-09 05:31:46.624 W/ActivityTaskManager( 1511): getTaskSnapshot: taskId=2031 not found
02-09 05:31:46.624 I/sysui_latency( 2559): [1,37]
02-09 05:31:46.624 W/ActivityTaskManager( 1511): getTaskSnapshot: taskId=1031 not found
02-09 05:31:46.625 W/ActivityTaskManager( 1511): getTaskSnapshot: taskId=2031 not found
02-09 05:31:46.626 I/input_interaction( 1511): Interaction with: edge-swipe (server), swipe-up (server), PointerEventDispatcher0 (server),
02-09 05:31:46.626 W/FreeFormWindowHelper( 1511): Current Display FreeFormTask is null
02-09 05:31:46.629 W/ActivityTaskManager( 1511): getTaskSnapshot: taskId=1031 not found
02-09 05:31:46.629 I/sysui_multi_action( 1511): [319,3,322,36,325,4201,757,761,758,9,759,5,806,com.android.launcher3,871,com.android.launcher3.uioverrides.QuickstepLauncher,905,0,1320,4,1321,1]
02-09 05:31:46.630 W/ActivityTaskManager( 1511): getTaskSnapshot: taskId=2031 not found
02-09 05:31:46.635 W/FreeFormWindowHelper( 1511): Current Display FreeFormTask is null
02-09 05:31:46.635 W/FreeFormWindowHelper( 1511): Current Display FreeFormTask is null
02-09 05:31:46.636 I/input_focus( 1511): [Focus leaving 61fd8e2 com.microsoft.emmx/com.microsoft.edge.fre.MicrosoftFirstRunActivity (server),reason=NOT_FOCUSABLE]
02-09 05:31:46.636 I/input_focus( 1511): [Focus entering recents_animation_input_consumer (server),reason=setFocusedWindow]
02-09 05:31:46.652 W/FreeFormWindowHelper( 1511): Current Display FreeFormTask is null
02-09 05:31:46.652 W/FreeFormWindowHelper( 1511): Current Display FreeFormTask is null
02-09 05:31:46.794 W/FreeFormWindowHelper( 1511): exitRecentTasks type=0
02-09 05:31:46.802 W/FreeFormWindowHelper( 1511): Current Display FreeFormTask is null
02-09 05:31:46.802 W/FreeFormWindowHelper( 1511): Current Display FreeFormTask is null
02-09 05:31:46.814 I/commit_sys_config_file( 1511): [settings-1-0,1]
02-09 05:31:46.928 I/sysui_latency( 1511): [8,39]
02-09 05:31:47.145 W/ActivityManager( 1511): Unable to start service Intent { act=com.uodis.opendevice.OPENIDS_SERVICE pkg=com.huawei.hwid } U=0: not found
02-09 05:31:47.145 W/ActivityManager( 1511): Unbind failed: could not find connection for android.os.BinderProxy@cd6d311
02-09 05:31:47.145 W/ActivityManager( 1511): Unable to start service Intent { act=com.uodis.opendevice.OPENIDS_SERVICE pkg=com.huawei.hwid } U=0: not found
02-09 05:31:47.146 W/ActivityManager( 1511): Unbind failed: could not find connection for android.os.BinderProxy@bed3c76
02-09 05:31:47.146 W/ActivityManager( 1511): Unable to start service Intent { act=com.uodis.opendevice.OPENIDS_SERVICE pkg=com.huawei.hwid } U=0: not found
02-09 05:31:47.146 W/ActivityManager( 1511): Unbind failed: could not find connection for android.os.BinderProxy@5b2e277
02-09 05:31:47.152 W/ActivityManager( 1511): Unable to start service Intent { act=com.uodis.opendevice.OPENIDS_SERVICE pkg=com.huawei.hwid } U=0: not found
02-09 05:31:47.152 W/ActivityManager( 1511): Unbind failed: could not find connection for android.os.BinderProxy@d34dee4
02-09 05:31:47.152 W/ActivityManager( 1511): Unable to start service Intent { act=com.uodis.opendevice.OPENIDS_SERVICE pkg=com.huawei.hwid } U=0: not found
02-09 05:31:47.152 W/ActivityManager( 1511): Unbind failed: could not find connection for android.os.BinderProxy@3c48f4d
02-09 05:31:47.153 W/ActivityManager( 1511): Unable to start service Intent { act=com.uodis.opendevice.OPENIDS_SERVICE pkg=com.huawei.hwid } U=0: not found
02-09 05:31:47.153 W/ActivityManager( 1511): Unbind failed: could not find connection for android.os.BinderProxy@e8aa02
02-09 05:31:47.159 W/ActivityManager( 1511): Unable to start service Intent { act=com.uodis.opendevice.OPENIDS_SERVICE pkg=com.huawei.hwid } U=0: not found
02-09 05:31:47.159 W/ActivityManager( 1511): Unbind failed: could not find connection for android.os.BinderProxy@6692f13
02-09 05:31:47.159 W/ActivityManager( 1511): Unable to start service Intent { act=com.uodis.opendevice.OPENIDS_SERVICE pkg=com.huawei.hwid } U=0: not found
02-09 05:31:47.159 W/ActivityManager( 1511): Unbind failed: could not find connection for android.os.BinderProxy@2d30550
02-09 05:31:47.160 W/ActivityManager( 1511): Unable to start service Intent { act=com.uodis.opendevice.OPENIDS_SERVICE pkg=com.huawei.hwid } U=0: not found
02-09 05:31:47.160 W/ActivityManager( 1511): Unbind failed: could not find connection for android.os.BinderProxy@b57d349
02-09 05:31:47.454 W/FreeFormWindowHelper( 1511): Current Display FreeFormTask is null
02-09 05:31:47.454 W/FreeFormWindowHelper( 1511): Current Display FreeFormTask is null
02-09 05:31:47.458 I/wm_task_moved( 1511): [1,1,9]
02-09 05:31:47.458 I/wm_task_moved( 1511): [8,1,2147483647]
02-09 05:31:47.458 I/wm_task_to_front( 1511): [0,8]
02-09 05:31:47.459 I/wm_focused_root_task( 1511): [0,0,1,31,RecentsAnimation.onAnimationFinished()]
02-09 05:31:47.459 I/wm_on_top_resumed_lost_called( 6959): [143632405,com.microsoft.edge.fre.MicrosoftFirstRunActivity,topStateChangedWhenResumed]
02-09 05:31:47.459 I/wm_set_resumed_activity( 1511): [0,com.android.launcher3/.uioverrides.QuickstepLauncher,RecentsAnimation.onAnimationFinished()]
02-09 05:31:47.461 I/wm_pause_activity( 1511): [0,143632405,com.microsoft.emmx/com.microsoft.edge.fre.MicrosoftFirstRunActivity,userLeaving=true,pauseBackTasks]
02-09 05:31:47.463 I/wm_add_to_stopping( 1511): [0,143632405,com.microsoft.emmx/com.microsoft.edge.fre.MicrosoftFirstRunActivity,makeInvisible]
02-09 05:31:47.463 I/ActivityTaskManager( 1511): FOREGROUND_APPLICATION_CHANGED to com.android.launcher3.uioverrides.QuickstepLauncher
02-09 05:31:47.464 I/wm_set_resumed_activity( 1511): [0,com.android.launcher3/.uioverrides.QuickstepLauncher,resumeTopActivityInnerLocked]
02-09 05:31:47.466 I/wm_resume_activity( 1511): [0,204923478,8,com.android.launcher3/.uioverrides.QuickstepLauncher]
02-09 05:31:47.467 I/wm_on_resume_called( 2559): [204923478,com.android.launcher3.uioverrides.QuickstepLauncher,RESUME_ACTIVITY]
02-09 05:31:47.471 I/input_focus( 1511): [Focus request 584aa45 com.android.launcher3/com.android.launcher3.uioverrides.QuickstepLauncher,reason=UpdateInputWindows]
02-09 05:31:47.472 I/wm_on_top_resumed_gained_called( 2559): [204923478,com.android.launcher3.uioverrides.QuickstepLauncher,topStateChangedWhenResumed]
02-09 05:31:47.474 I/wm_stop_activity( 1511): [0,143632405,com.microsoft.emmx/com.microsoft.edge.fre.MicrosoftFirstRunActivity]
02-09 05:31:47.474 I/wm_on_paused_called( 6959): [143632405,com.microsoft.edge.fre.MicrosoftFirstRunActivity,performPause]
02-09 05:31:47.483 I/sysui_multi_action( 1511): [757,803,799,window_time_0,802,2]
02-09 05:31:47.484 I/sysui_multi_action( 1511): [757,803,799,window_time_0,802,0]
02-09 05:31:47.489 I/input_focus( 1511): [Focus leaving recents_animation_input_consumer (server),reason=NOT_VISIBLE]
02-09 05:31:47.489 I/input_focus( 1511): [Focus entering 584aa45 com.android.launcher3/com.android.launcher3.uioverrides.QuickstepLauncher (server),reason=setFocusedWindow]
02-09 05:31:47.502 I/wm_on_stop_called( 6959): [143632405,com.microsoft.edge.fre.MicrosoftFirstRunActivity,STOP_ACTIVITY_ITEM]
02-09 05:31:47.526 W/ContextImpl( 2089): Calling a method in the system process without a qualified user: android.app.ContextImpl.startService:1816 android.content.ContextWrapper.startService:774 com.thundercomm.gamemode.ingame.services.GameModeActionUtils.startGameModeService:111 com.thundercomm.gamemode.ingame.services.GameModeActionUtils.startGameModeEntry:22 com.thundercomm.gamemode.ingame.services.ActivityMonitoringService$1.onActivityLaunch:139
02-09 05:31:47.528 I/GameModeConfig( 1511): Current uri is uri = content://com.thundercomm.gamemode.api/gamemode_settings/gamemode_isgaming
02-09 05:31:47.530 I/GameModeConfig( 1511): isGameModeOn = true
02-09 05:31:47.530 I/GameModeConfig( 1511): isGaming = false
02-09 05:31:47.530 I/GameModeConfig( 1511): isGameModeOn = true
02-09 05:31:47.530 I/GameModeConfig( 1511): isGaming = false
02-09 05:31:47.530 I/GameModeConfig( 1511): isDisableVoice = true
02-09 05:31:47.577 W/ContextImpl( 2089): Calling a method in the system process without a qualified user: android.app.ContextImpl.startService:1816 android.content.ContextWrapper.startService:774 com.thundercomm.gamemode.ingame.services.GameModeActionUtils.startGameModeService:111 com.thundercomm.gamemode.ingame.services.GameModeActionUtils.startGameModeEntry:22 com.thundercomm.gamemode.ingame.services.ActivityMonitoringService$1.onActivityLaunch:139
02-09 05:31:47.579 I/GameModeConfig( 1511): Current uri is uri = content://com.thundercomm.gamemode.api/gamemode_settings/gamemode_isgaming
02-09 05:31:47.582 I/GameModeConfig( 1511): isGameModeOn = true
02-09 05:31:47.582 I/GameModeConfig( 1511): isGaming = false
02-09 05:31:47.582 I/GameModeConfig( 1511): isGameModeOn = true
02-09 05:31:47.582 I/GameModeConfig( 1511): isGaming = false
02-09 05:31:47.582 I/GameModeConfig( 1511): isDisableVoice = true
02-09 05:31:47.674 I/input_interaction( 1511): Interaction with: 584aa45 com.android.launcher3/com.android.launcher3.uioverrides.QuickstepLauncher (server), 4aad3d7 com.android.systemui.ImageWallpaper (server), edge-swipe (server), swipe-up (server), PointerEventDispatcher0 (server),
02-09 05:31:47.780 I/thunderperf( 1511): PlatormCompat.setOverrides: Uid1=10073 Pid1=2559 Uid2=10073 Pid2=2559
02-09 05:31:47.780 I/thunderperf( 1511): PlatormCompat.setOverrides: needCheck:false
02-09 05:31:47.781 I/thunderperf( 1511): CompatConfig.addOverrideUnsafe: bef-state=1
02-09 05:31:47.781 I/thunderperf( 1511): CompatConfig.addOverrideUnsafe: aft-state=0
02-09 05:31:47.782 I/thunderperf( 1511): CompatConfig.addOverrideUnsafe: bef-state=1
02-09 05:31:47.782 I/thunderperf( 1511): CompatConfig.addOverrideUnsafe: aft-state=0
02-09 05:31:47.783 I/thunderperf( 1511): CompatConfig.addOverrideUnsafe: bef-state=1
02-09 05:31:47.783 I/thunderperf( 1511): CompatConfig.addOverrideUnsafe: aft-state=0
02-09 05:31:47.783 I/thunderperf( 1511): CompatConfig.addOverrideUnsafe: bef-state=1
02-09 05:31:47.783 I/thunderperf( 1511): CompatConfig.addOverrideUnsafe: aft-state=0
02-09 05:31:47.784 I/thunderperf( 1511): CompatConfig.addOverrideUnsafe: bef-state=1
02-09 05:31:47.784 I/thunderperf( 1511): CompatConfig.addOverrideUnsafe: aft-state=0
02-09 05:31:47.785 I/thunderperf( 1511): CompatConfig.addOverrideUnsafe: bef-state=1
02-09 05:31:47.785 I/thunderperf( 1511): CompatConfig.addOverrideUnsafe: aft-state=0
02-09 05:31:47.785 I/thunderperf( 1511): CompatConfig.addOverrideUnsafe: bef-state=1
02-09 05:31:47.785 I/thunderperf( 1511): CompatConfig.addOverrideUnsafe: aft-state=0
02-09 05:31:47.786 I/thunderperf( 1511): CompatConfig.addOverrideUnsafe: bef-state=1
02-09 05:31:47.786 I/thunderperf( 1511): CompatConfig.addOverrideUnsafe: aft-state=0
02-09 05:31:47.786 I/thunderperf( 1511): CompatConfig.addOverrideUnsafe: bef-state=1
02-09 05:31:47.787 I/thunderperf( 1511): CompatConfig.addOverrideUnsafe: aft-state=0
02-09 05:31:47.787 I/thunderperf( 1511): CompatConfig.addOverrideUnsafe: bef-state=1
02-09 05:31:47.787 I/thunderperf( 1511): CompatConfig.addOverrideUnsafe: aft-state=0
02-09 05:31:47.788 I/thunderperf( 1511): CompatConfig.addOverrideUnsafe: bef-state=1
02-09 05:31:47.788 I/thunderperf( 1511): CompatConfig.addOverrideUnsafe: aft-state=0
02-09 05:31:47.788 I/thunderperf( 1511): CompatConfig.addOverrideUnsafe: bef-state=1
02-09 05:31:47.789 I/thunderperf( 1511): CompatConfig.addOverrideUnsafe: aft-state=0
02-09 05:31:47.789 I/thunderperf( 1511): CompatConfig.addOverrideUnsafe: bef-state=1
02-09 05:31:47.789 I/thunderperf( 1511): CompatConfig.addOverrideUnsafe: aft-state=0
02-09 05:31:47.790 I/thunderperf( 1511): CompatConfig.addOverrideUnsafe: bef-state=1
02-09 05:31:47.790 I/thunderperf( 1511): CompatConfig.addOverrideUnsafe: aft-state=0
02-09 05:31:47.797 I/ActivityTaskManager( 1511): START u0 {act=android.intent.action.MAIN cat=[android.intent.category.LAUNCHER] flg=0x10200000 cmp=com.hht.lebocast/.GuidanceActivity bnds=[940,120][1216,382]} from uid 10073
02-09 05:31:47.808 I/wm_task_created( 1511): [32,-1]
02-09 05:31:47.808 W/ActivityTaskManager( 1511): Can't find TaskDisplayArea to determine support for multi window. Task id=32 attached=false
02-09 05:31:47.809 D/CompatibilityChangeReporter( 1511): Compat change id reported: 174042980; UID 10084; state: DISABLED
02-09 05:31:47.809 D/CompatibilityChangeReporter( 1511): Compat change id reported: 184838306; UID 10084; state: DISABLED
02-09 05:31:47.810 D/CompatibilityChangeReporter( 1511): Compat change id reported: 185004937; UID 10084; state: DISABLED
02-09 05:31:47.810 I/service_manager_stats( 1511): [100,42,43597]
02-09 05:31:47.810 D/CompatibilityChangeReporter( 1511): Compat change id reported: 181136395; UID 10084; state: DISABLED
02-09 05:31:47.810 D/CompatibilityChangeReporter( 1511): Compat change id reported: 174042936; UID 10084; state: DISABLED
02-09 05:31:47.810 I/wm_task_moved( 1511): [32,1,10]
02-09 05:31:47.810 I/wm_task_to_front( 1511): [0,32]
02-09 05:31:47.810 I/wm_create_task( 1511): [0,32]
02-09 05:31:47.811 I/wm_create_activity( 1511): [0,180513546,32,com.hht.lebocast/.GuidanceActivity,android.intent.action.MAIN,NULL,NULL,270532608]
02-09 05:31:47.811 I/wm_task_moved( 1511): [32,1,10]
02-09 05:31:47.812 I/wm_pause_activity( 1511): [0,204923478,com.android.launcher3/.uioverrides.QuickstepLauncher,userLeaving=true,pauseBackTasks]
02-09 05:31:47.814 I/wm_on_top_resumed_lost_called( 2559): [204923478,com.android.launcher3.uioverrides.QuickstepLauncher,topStateChangedWhenResumed]
02-09 05:31:47.822 I/wm_on_paused_called( 2559): [204923478,com.android.launcher3.uioverrides.QuickstepLauncher,performPause]
02-09 05:31:47.823 I/ActivityTaskManager( 1511): FOREGROUND_APPLICATION_CHANGED to com.hht.lebocast.GuidanceActivity
