02-17 07:54:25.935 I/auditd ( 0): type=1400 audit(0.0:15878): avc: denied { kill } for comm="swapper/0" capability=5 scontext=u:r:kernel:s0 tcontext=u:r:kernel:s0 tclass=capability permissive=0
02-17 07:54:26.935 I/auditd ( 0): type=1400 audit(0.0:15879): avc: denied { kill } for comm="swapper/0" capability=5 scontext=u:r:kernel:s0 tcontext=u:r:kernel:s0 tclass=capability permissive=0
02-17 07:54:27.935 I/auditd ( 0): type=1400 audit(0.0:15880): avc: denied { kill } for comm="swapper/0" capability=5 scontext=u:r:kernel:s0 tcontext=u:r:kernel:s0 tclass=capability permissive=0
02-17 07:54:28.935 I/auditd ( 0): type=1400 audit(0.0:15881): avc: denied { kill } for comm="swapper/0" capability=5 scontext=u:r:kernel:s0 tcontext=u:r:kernel:s0 tclass=capability permissive=0
02-17 07:54:29.935 I/auditd ( 0): type=1400 audit(0.0:15882): avc: denied { kill } for comm="swapper/0" capability=5 scontext=u:r:kernel:s0 tcontext=u:r:kernel:s0 tclass=capability permissive=0
02-17 07:54:30.935 I/auditd ( 0): type=1400 audit(0.0:15883): avc: denied { kill } for comm="swapper/0" capability=5 scontext=u:r:kernel:s0 tcontext=u:r:kernel:s0 tclass=capability permissive=0
02-17 07:54:31.935 I/auditd ( 0): type=1400 audit(0.0:15884): avc: denied { kill } for comm="swapper/0" capability=5 scontext=u:r:kernel:s0 tcontext=u:r:kernel:s0 tclass=capability permissive=0
02-17 07:54:32.939 I/auditd ( 0): type=1400 audit(0.0:15885): avc: denied { kill } for comm="swapper/0" capability=5 scontext=u:r:kernel:s0 tcontext=u:r:kernel:s0 tclass=capability permissive=0
02-17 07:54:33.935 I/auditd ( 0): type=1400 audit(0.0:15886): avc: denied { kill } for comm="swapper/0" capability=5 scontext=u:r:kernel:s0 tcontext=u:r:kernel:s0 tclass=capability permissive=0
02-17 07:54:34.794 I/sysui_multi_action( 1524): [757,222,758,1]
02-17 07:54:34.795 I/am_pss ( 1524): [13834,10095,com.tencent.qqmusicpad:QQPlayerService,39553024,16396288,0,124993536,0,3,8]
02-17 07:54:34.798 I/am_uid_active( 1524): 10040
02-17 07:54:34.805 I/am_pss ( 1524): [14037,1000,com.qti.diagservices,5889024,3772416,0,93446144,0,10,7]
02-17 07:54:34.814 I/wm_task_created( 1524): [51,-1]
02-17 07:54:34.821 I/wm_task_moved( 1524): [51,1,14]
02-17 07:54:34.821 I/wm_task_to_front( 1524): [0,51]
02-17 07:54:34.822 I/wm_create_task( 1524): [0,51]
02-17 07:54:34.822 I/wm_create_activity( 1524): [0,55030656,51,com.thundercomm.screensaver/android.service.dreams.DreamActivity,NULL,NULL,NULL,276824064]
02-17 07:54:34.822 I/wm_task_moved( 1524): [51,1,14]
02-17 07:54:34.822 I/wm_on_top_resumed_lost_called(13716): [77521178,com.tencent.qqmusicpad.activity.MainActivity,topStateChangedWhenResumed]
02-17 07:54:34.822 I/wm_pause_activity( 1524): [0,77521178,com.tencent.qqmusicpad/.activity.MainActivity,userLeaving=true,pauseBackTasks]
02-17 07:54:34.826 I/wm_on_paused_called(13716): [77521178,com.tencent.qqmusicpad.activity.MainActivity,performPause]
02-17 07:54:34.826 I/input_focus( 1524): [Focus request a49b835 com.tencent.qqmusicpad/com.tencent.qqmusicpad.activity.MainActivity,reason=UpdateInputWindows]
02-17 07:54:34.829 I/wm_add_to_stopping( 1524): [0,77521178,com.tencent.qqmusicpad/.activity.MainActivity,makeInvisible]
02-17 07:54:34.829 I/wm_restart_activity( 1524): [0,55030656,51,com.thundercomm.screensaver/android.service.dreams.DreamActivity]
02-17 07:54:34.830 I/wm_set_resumed_activity( 1524): [0,com.thundercomm.screensaver/android.service.dreams.DreamActivity,minimalResumeActivityLocked]
02-17 07:54:34.834 I/wm_on_create_called( 8649): [55030656,android.service.dreams.DreamActivity,performCreate]
02-17 07:54:34.835 I/wm_on_start_called( 8649): [55030656,android.service.dreams.DreamActivity,handleStartActivity]
02-17 07:54:34.835 I/sysui_multi_action( 1524): [757,803,799,window_time_0,802,26]
02-17 07:54:34.835 I/wm_on_resume_called( 8649): [55030656,android.service.dreams.DreamActivity,RESUME_ACTIVITY]
02-17 07:54:34.839 I/input_focus( 1524): [Focus leaving febc086 NotificationShade (server),reason=NOT_FOCUSABLE]
02-17 07:54:34.839 I/wm_on_top_resumed_gained_called( 8649): [55030656,android.service.dreams.DreamActivity,topStateChangedWhenResumed]
02-17 07:54:34.863 I/input_focus( 1524): [Focus request 4387298 com.thundercomm.screensaver/android.service.dreams.DreamActivity,reason=UpdateInputWindows]
02-17 07:54:34.872 I/sysui_multi_action( 1524): [319,59,322,56,325,14712,757,761,758,8,759,2,806,com.thundercomm.screensaver,871,android.service.dreams.DreamActivity,904,com.thundercomm.screensaver,905,0,1320,4,1321,2]
02-17 07:54:34.872 I/wm_activity_launch_time( 1524): [0,55030656,com.thundercomm.screensaver/android.service.dreams.DreamActivity,56]
02-17 07:54:34.875 I/notification_enqueue( 1524): [10080,1999,com.android.systemui,2048,NULL,0,Notification(channel=updateNotification shortcut=null contentView=null vibrate=null sound=null defaults=0x0 flags=0x0 color=0x00000000 vis=PRIVATE),1]
02-17 07:54:34.876 I/sysui_multi_action( 1999): [757,111,758,2]
02-17 07:54:34.876 I/sysui_multi_action( 1999): [757,111,758,2]
02-17 07:54:34.887 I/sysui_multi_action( 1999): [757,111,758,1]
02-17 07:54:34.888 I/sysui_multi_action( 1999): [757,126,758,1,759,126,927,0,928,1,1593,1]
02-17 07:54:34.888 I/sysui_multi_action( 1999): [757,113,758,1,759,113,927,1,928,1,1593,1]
02-17 07:54:34.888 I/sysui_multi_action( 1999): [757,0,758,1,759,0,927,2,928,0,1593,1]
02-17 07:54:34.888 I/sysui_multi_action( 1999): [757,0,758,1,759,0,927,3,928,0,1593,1]
02-17 07:54:34.888 I/sysui_multi_action( 1999): [757,491,758,1,759,491,927,4,928,0,1311,-1,1593,0]
02-17 07:54:34.888 I/sysui_multi_action( 1999): [757,0,758,1,759,0,927,5,928,0,1593,0]
02-17 07:54:34.888 I/sysui_multi_action( 1999): [757,111,758,1]
02-17 07:54:34.888 I/sysui_multi_action( 1999): [757,126,758,1,759,126,927,0,928,1,1593,1]
02-17 07:54:34.888 I/sysui_multi_action( 1999): [757,113,758,1,759,113,927,1,928,1,1593,1]
02-17 07:54:34.888 I/sysui_multi_action( 1999): [757,0,758,1,759,0,927,2,928,0,1593,1]
02-17 07:54:34.888 I/sysui_multi_action( 1999): [757,0,758,1,759,0,927,3,928,0,1593,1]
02-17 07:54:34.905 I/input_focus( 1524): [Focus entering 4387298 com.thundercomm.screensaver/android.service.dreams.DreamActivity (server),reason=Window became focusable. Previous reason: NOT_VISIBLE]
02-17 07:54:34.935 I/auditd ( 0): type=1400 audit(0.0:15887): avc: denied { kill } for comm="swapper/0" capability=5 scontext=u:r:kernel:s0 tcontext=u:r:kernel:s0 tclass=capability permissive=0
02-17 07:54:35.122 I/notification_enqueue( 1524): [10080,1999,com.android.systemui,2048,NULL,0,Notification(channel=updateNotification shortcut=null contentView=null vibrate=null sound=null defaults=0x0 flags=0x0 color=0x00000000 vis=PRIVATE),1]
02-17 07:54:35.122 I/sysui_multi_action( 1999): [757,111,758,2]
02-17 07:54:35.122 I/sysui_multi_action( 1999): [757,111,758,2]
02-17 07:54:35.332 I/sysui_multi_action( 1524): [757,128,758,2,793,13499943,794,23156,795,13499943,796,26,798,0,806,android,857,DEVELOPER_IMPORTANT,858,4,947,0,1395,3,1500,13499736,1688,1]
02-17 07:54:35.332 I/notification_visibility( 1524): [-1|android|26|null|1000,0,13499943,13499943,0,0]
02-17 07:54:35.332 I/sysui_multi_action( 1524): [757,128,758,2,793,13528175,794,23155,795,403143,796,17303299,797,com.android.wifi,798,1,806,android,857,NETWORK_AVAILABLE,858,2,947,0,1395,3,1500,23155,1688,1]
02-17 07:54:35.332 I/notification_visibility( 1524): [0|android|17303299|com.android.wifi|1000,0,13528175,403143,0,1]
02-17 07:54:35.332 I/sysui_multi_action( 1524): [757,128,758,2,793,14701877,794,23155,795,14701877,796,32,798,2,806,android,857,USB,858,1,947,0,1395,3,1500,14701445,1688,1]
02-17 07:54:35.332 I/notification_visibility( 1524): [-1|android|32|null|1000,0,14701877,14701877,0,2]
02-17 07:54:35.332 I/sysui_multi_action( 1524): [757,127,758,2]
02-17 07:54:35.332 I/notification_panel_hidden( 1524):
02-17 07:54:35.373 I/wm_stop_activity( 1524): [0,77521178,com.tencent.qqmusicpad/.activity.MainActivity]
02-17 07:54:35.392 I/wm_on_stop_called(13716): [77521178,com.tencent.qqmusicpad.activity.MainActivity,STOP_ACTIVITY_ITEM]
02-17 07:54:36.101 I/input_interaction( 1524): Interaction with: 4387298 com.thundercomm.screensaver/android.service.dreams.DreamActivity (server), edge-swipe (server), swipe-up (server), PointerEventDispatcher0 (server),
02-17 07:54:36.102 I/wm_finish_activity( 1524): [0,55030656,51,com.thundercomm.screensaver/android.service.dreams.DreamActivity,finish-activity]
02-17 07:54:36.102 I/wm_task_moved( 1524): [50,1,13]
02-17 07:54:36.102 I/wm_task_to_front( 1524): [0,50]
02-17 07:54:36.102 I/wm_focused_root_task( 1524): [0,0,50,51,finish-top adjustFocusToNextFocusableTask]
02-17 07:54:36.102 I/wm_pause_activity( 1524): [0,55030656,com.thundercomm.screensaver/android.service.dreams.DreamActivity,userLeaving=false,finish]
02-17 07:54:36.104 I/wm_on_top_resumed_lost_called( 8649): [55030656,android.service.dreams.DreamActivity,topStateChangedWhenResumed]
02-17 07:54:36.104 I/wm_on_paused_called( 8649): [55030656,android.service.dreams.DreamActivity,performPause]
02-17 07:54:36.104 I/wm_add_to_stopping( 1524): [0,55030656,com.thundercomm.screensaver/android.service.dreams.DreamActivity,completeFinishing]
02-17 07:54:36.106 I/wm_set_resumed_activity( 1524): [0,com.tencent.qqmusicpad/.activity.MainActivity,resumeTopActivityInnerLocked]
02-17 07:54:36.106 I/wm_resume_activity( 1524): [0,77521178,50,com.tencent.qqmusicpad/.activity.MainActivity]
02-17 07:54:36.110 I/wm_on_restart_called(13716): [77521178,com.tencent.qqmusicpad.activity.MainActivity,performRestartActivity]
02-17 07:54:36.110 I/sysui_multi_action( 1524): [757,803,799,window_time_0,802,1]
02-17 07:54:36.111 I/wm_on_start_called(13716): [77521178,com.tencent.qqmusicpad.activity.MainActivity,handleStartActivity]
02-17 07:54:36.111 I/sysui_multi_action( 1524): [757,803,799,window_time_0,802,0]
02-17 07:54:36.113 I/wm_on_resume_called(13716): [77521178,com.tencent.qqmusicpad.activity.MainActivity,RESUME_ACTIVITY]
02-17 07:54:36.116 I/wm_on_top_resumed_gained_called(13716): [77521178,com.tencent.qqmusicpad.activity.MainActivity,topWhenResuming]
02-17 07:54:36.125 I/input_focus( 1524): [Focus leaving 4387298 com.thundercomm.screensaver/android.service.dreams.DreamActivity (server),reason=NO_WINDOW]
02-17 07:54:36.125 I/view_enqueue_input_event( 8649): [Motion - Cancel,com.thundercomm.screensaver/android.service.dreams.DreamActivity]
02-17 07:54:36.127 I/input_interaction( 1524): Interaction with: edge-swipe (server), swipe-up (server), PointerEventDispatcher0 (server),
02-17 07:54:36.128 I/input_focus( 1524): [Focus request a49b835 com.tencent.qqmusicpad/com.tencent.qqmusicpad.activity.MainActivity,reason=UpdateInputWindows]
02-17 07:54:36.142 I/input_focus( 1524): [Focus entering a49b835 com.tencent.qqmusicpad/com.tencent.qqmusicpad.activity.MainActivity (server),reason=setFocusedWindow]
02-17 07:54:36.641 I/wm_destroy_activity( 1524): [0,55030656,51,com.thundercomm.screensaver/android.service.dreams.DreamActivity,finish-imm:idle]
02-17 07:54:36.643 I/wm_on_stop_called( 8649): [55030656,android.service.dreams.DreamActivity,LIFECYCLER_STOP_ACTIVITY]
02-17 07:54:36.643 I/wm_on_destroy_called( 8649): [55030656,android.service.dreams.DreamActivity,performDestroy]
02-17 07:54:36.644 I/sysui_multi_action( 1524): [757,222,758,2]
02-17 07:54:36.644 I/sysui_multi_action( 1524): [757,804,799,dreaming_minutes,801,0,802,1]
02-17 07:54:36.650 I/wm_task_removed( 1524): [51,removeChild:removeChild last r=ActivityRecord{347b380 u0 com.thundercomm.screensaver/android.service.dreams.DreamActivity t-1 f}} in t=Task{a35626b #51 type=dream A=10040:android:com.thundercomm.screensaver/dream U=0 visible=false mode=fullscreen translucent=true sz=0}]
02-17 07:54:36.650 I/wm_task_removed( 1524): [51,removeChild]
02-17 07:54:36.935 I/auditd ( 0): type=1400 audit(0.0:15888): avc: denied { kill } for comm="swapper/6" capability=5 scontext=u:r:kernel:s0 tcontext=u:r:kernel:s0 tclass=capability permissive=0
02-17 07:54:37.935 I/auditd ( 0): type=1400 audit(0.0:15889): avc: denied { kill } for comm="swapper/6" capability=5 scontext=u:r:kernel:s0 tcontext=u:r:kernel:s0 tclass=capability permissive=0
02-17 07:54:38.935 I/auditd ( 0): type=1400 audit(0.0:15890): avc: denied { kill } for comm="swapper/2" capability=5 scontext=u:r:kernel:s0 tcontext=u:r:kernel:s0 tclass=capability permissive=0
02-17 07:54:39.935 I/auditd ( 0): type=1400 audit(0.0:15891): avc: denied { kill } for comm="swapper/2" capability=5 scontext=u:r:kernel:s0 tcontext=u:r:kernel:s0 tclass=capability permissive=0
02-17 07:54:40.935 I/auditd ( 0): type=1400 audit(0.0:15892): avc: denied { kill } for comm="swapper/2" capability=5 scontext=u:r:kernel:s0 tcontext=u:r:kernel:s0 tclass=capability permissive=0
02-17 07:54:41.935 I/auditd ( 0): type=1400 audit(0.0:15893): avc: denied { kill } for comm="swapper/2" capability=5 scontext=u:r:kernel:s0 tcontext=u:r:kernel:s0 tclass=capability permissive=0
02-17 07:54:42.935 I/auditd ( 0): type=1400 audit(0.0:15894): avc: denied { kill } for comm="swapper/2" capability=5 scontext=u:r:kernel:s0 tcontext=u:r:kernel:s0 tclass=capability permissive=0
02-17 07:54:43.935 I/auditd ( 0): type=1400 audit(0.0:15895): avc: denied { kill } for comm="swapper/2" capability=5 scontext=u:r:kernel:s0 tcontext=u:r:kernel:s0 tclass=capability permissive=0
02-17 07:54:44.935 I/auditd ( 0): type=1400 audit(0.0:15896): avc: denied { kill } for comm="swapper/2" capability=5 scontext=u:r:kernel:s0 tcontext=u:r:kernel:s0 tclass=capability permissive=0
02-17 07:54:45.111 I/am_uid_idle( 1524): 10092
02-17 07:54:45.935 I/auditd ( 0): type=1400 audit(0.0:15897): avc: denied { kill } for comm="swapper/2" capability=5 scontext=u:r:kernel:s0 tcontext=u:r:kernel:s0 tclass=capability permissive=0
02-17 07:54:46.939 I/auditd ( 0): type=1400 audit(0.0:15898): avc: denied { kill } for comm="swapper/2" capability=5 scontext=u:r:kernel:s0 tcontext=u:r:kernel:s0 tclass=capability permissive=0
02-17 07:54:47.472 I/input_interaction( 1524): Interaction with: d4326e3 StatusBar (server), edge-swipe (server), swipe-up (server), PointerEventDispatcher0 (server),
02-17 07:54:47.477 I/sysui_multi_action( 1999): [757,803,799,panel_open,802,1]
02-17 07:54:47.479 I/sysui_multi_action( 1999): [757,1328,758,4,1326,33,1327,2,1329,0]
02-17 07:54:47.559 I/sysui_multi_action( 1524): [757,127,758,1]
02-17 07:54:47.559 I/sysui_multi_action( 1524): [757,804,799,note_load,801,3,802,1]
02-17 07:54:47.559 I/notification_panel_revealed( 1524): 3
02-17 07:54:47.569 I/input_focus( 1524): [Focus request febc086 NotificationShade,reason=UpdateInputWindows]
02-17 07:54:47.580 I/sysui_multi_action( 1524): [757,128,758,1,793,13512191,794,0,795,13512191,796,26,798,0,806,android,857,DEVELOPER_IMPORTANT,858,4,947,0,1395,3,1500,13511984,1688,1]
02-17 07:54:47.580 I/sysui_multi_action( 1524): [757,804,799,note_freshness,801,13512191,802,1]
02-17 07:54:47.580 I/notification_visibility( 1524): [-1|android|26|null|1000,1,13512191,13512191,0,0]
02-17 07:54:47.580 I/sysui_multi_action( 1524): [757,128,758,1,793,13540423,794,0,795,415391,796,17303299,797,com.android.wifi,798,1,806,android,857,NETWORK_AVAILABLE,858,2,947,0,1395,3,1500,35403,1688,1]
02-17 07:54:47.581 I/sysui_multi_action( 1524): [757,1501,758,1,793,13540423,794,0,795,415391,796,17303299,797,com.android.wifi,806,android,857,NETWORK_AVAILABLE,858,2,947,0,1500,0,1688,1]
02-17 07:54:47.581 I/sysui_multi_action( 1524): [757,804,799,note_interruptive,801,0,802,1]
02-17 07:54:47.581 I/sysui_multi_action( 1524): [757,804,799,note_freshness,801,415391,802,1]
02-17 07:54:47.581 I/notification_visibility( 1524): [0|android|17303299|com.android.wifi|1000,1,13540423,415391,0,1]
02-17 07:54:47.581 I/sysui_multi_action( 1524): [757,128,758,1,793,14714126,794,0,795,14714126,796,32,798,2,806,android,857,USB,858,1,947,0,1395,3,1500,14713694,1688,1]
02-17 07:54:47.581 I/sysui_multi_action( 1524): [757,804,799,note_freshness,801,14714126,802,1]
02-17 07:54:47.581 I/notification_visibility( 1524): [-1|android|32|null|1000,1,14714126,14714126,0,2]
02-17 07:54:47.587 I/input_focus( 1524): [Focus leaving a49b835 com.tencent.qqmusicpad/com.tencent.qqmusicpad.activity.MainActivity (server),reason=setFocusedWindow]
02-17 07:54:47.587 I/input_focus( 1524): [Focus entering febc086 NotificationShade (server),reason=setFocusedWindow]
02-17 07:54:47.736 I/sysui_multi_action( 1999): [757,111,758,1]
02-17 07:54:47.736 I/sysui_multi_action( 1999): [757,126,758,1,759,126,927,0,928,1,1593,0]
02-17 07:54:47.736 I/sysui_multi_action( 1999): [757,113,758,1,759,113,927,1,928,1,1593,0]
02-17 07:54:47.737 I/sysui_multi_action( 1999): [757,0,758,1,759,0,927,2,928,0,1593,0]
02-17 07:54:47.737 I/sysui_multi_action( 1999): [757,0,758,1,759,0,927,3,928,0,1593,0]
02-17 07:54:47.737 I/sysui_multi_action( 1999): [757,491,758,1,759,491,927,4,928,0,1311,-1,1593,0]
02-17 07:54:47.737 I/sysui_multi_action( 1999): [757,0,758,1,759,0,927,5,928,0,1593,0]
02-17 07:54:47.737 I/sysui_multi_action( 1999): [757,111,758,1]
02-17 07:54:47.738 I/sysui_multi_action( 1999): [757,126,758,1,759,126,927,0,928,1,1593,0]
02-17 07:54:47.738 I/sysui_multi_action( 1999): [757,113,758,1,759,113,927,1,928,1,1593,0]
02-17 07:54:47.738 I/sysui_multi_action( 1999): [757,0,758,1,759,0,927,2,928,0,1593,0]
02-17 07:54:47.738 I/sysui_multi_action( 1999): [757,0,758,1,759,0,927,3,928,0,1593,0]
02-17 07:54:47.935 I/auditd ( 0): type=1400 audit(0.0:15899): avc: denied { kill } for comm="swapper/2" capability=5 scontext=u:r:kernel:s0 tcontext=u:r:kernel:s0 tclass=capability permissive=0
02-17 07:54:48.694 I/input_interaction( 1524): Interaction with: febc086 NotificationShade (server), edge-swipe (server), swipe-up (server), PointerEventDispatcher0 (server),
02-17 07:54:48.935 I/auditd ( 0): type=1400 audit(0.0:15900): avc: denied { kill } for comm="swapper/2" capability=5 scontext=u:r:kernel:s0 tcontext=u:r:kernel:s0 tclass=capability permissive=0
02-17 07:54:49.142 I/sysui_multi_action( 1999): [757,111,758,2]
02-17 07:54:49.142 I/sysui_multi_action( 1999): [757,111,758,2]
02-17 07:54:49.146 I/notification_enqueue( 1524): [10080,1999,com.android.systemui,2048,NULL,0,Notification(channel=updateNotification shortcut=null contentView=null vibrate=null sound=null defaults=0x0 flags=0x0 color=0x00000000 vis=PRIVATE),1]
02-17 07:54:49.365 I/input_focus( 1524): [Focus request a49b835 com.tencent.qqmusicpad/com.tencent.qqmusicpad.activity.MainActivity,reason=UpdateInputWindows]
02-17 07:54:49.376 I/sysui_multi_action( 1524): [757,128,758,2,793,13513987,794,1796,795,13513987,796,26,798,0,806,android,857,DEVELOPER_IMPORTANT,858,4,947,0,1395,3,1500,13513780,1688,1]
02-17 07:54:49.377 I/notification_visibility( 1524): [-1|android|26|null|1000,0,13513987,13513987,0,0]
02-17 07:54:49.377 I/sysui_multi_action( 1524): [757,128,758,2,793,13542220,794,1797,795,417188,796,17303299,797,com.android.wifi,798,1,806,android,857,NETWORK_AVAILABLE,858,2,947,0,1395,3,1500,1797,1688,1]
02-17 07:54:49.377 I/notification_visibility( 1524): [0|android|17303299|com.android.wifi|1000,0,13542220,417188,0,1]
02-17 07:54:49.378 I/sysui_multi_action( 1524): [757,128,758,2,793,14715923,794,1797,795,14715923,796,32,798,2,806,android,857,USB,858,1,947,0,1395,3,1500,14715491,1688,1]
02-17 07:54:49.379 I/notification_visibility( 1524): [-1|android|32|null|1000,0,14715923,14715923,0,2]
02-17 07:54:49.380 I/sysui_multi_action( 1524): [757,127,758,2]
02-17 07:54:49.380 I/notification_panel_hidden( 1524):
02-17 07:54:49.390 I/input_focus( 1524): [Focus leaving febc086 NotificationShade (server),reason=NOT_FOCUSABLE]
02-17 07:54:49.391 I/input_focus( 1524): [Focus entering a49b835 com.tencent.qqmusicpad/com.tencent.qqmusicpad.activity.MainActivity (server),reason=setFocusedWindow]
02-17 07:54:49.423 I/input_interaction( 1524): Interaction with: febc086 NotificationShade (server), 8f82c51 com.android.systemui.ImageWallpaper (server), edge-swipe (server), swipe-up (server), PointerEventDispatcher0 (server),
02-17 07:54:49.428 I/view_enqueue_input_event( 1999): [Motion - Cancel,NotificationShade]
02-17 07:54:49.434 I/input_interaction( 1524): Interaction with: 8f82c51 com.android.systemui.ImageWallpaper (server), edge-swipe (server), swipe-up (server), PointerEventDispatcher0 (server),
02-17 07:54:49.440 I/wm_task_moved( 1524): [1,0,0]
02-17 07:54:49.444 I/wm_task_moved( 1524): [1,0,12]
02-17 07:54:49.459 I/wm_on_restart_called( 2568): [128678138,com.android.launcher3.uioverrides.QuickstepLauncher,performRestartActivity]
02-17 07:54:49.483 I/wm_on_start_called( 2568): [128678138,com.android.launcher3.uioverrides.QuickstepLauncher,handleStartActivity]
02-17 07:54:49.485 I/input_focus( 1524): [Focus request recents_animation_input_consumer,reason=UpdateInputWindows]
02-17 07:54:49.490 I/sysui_latency( 2568): [1,67]
02-17 07:54:49.490 I/input_focus( 1524): [Focus leaving a49b835 com.tencent.qqmusicpad/com.tencent.qqmusicpad.activity.MainActivity (server),reason=NOT_FOCUSABLE]
02-17 07:54:49.490 I/input_focus( 1524): [Focus entering recents_animation_input_consumer (server),reason=setFocusedWindow]
02-17 07:54:49.495 I/input_interaction( 1524): Interaction with: edge-swipe (server), swipe-up (server), PointerEventDispatcher0 (server),
02-17 07:54:49.503 I/sysui_multi_action( 1524): [319,10,322,56,325,14727,757,761,758,9,759,5,806,com.android.launcher3,871,com.android.launcher3.uioverrides.QuickstepLauncher,904,com.android.launcher3,905,0,1320,8,1321,5]
02-17 07:54:49.687 I/commit_sys_config_file( 1524): [settings-1-0,5]
02-17 07:54:49.797 I/sysui_latency( 1524): [8,67]
02-17 07:54:49.900 I/commit_sys_config_file( 1524): [settings-1-0,8]
02-17 07:54:50.013 I/input_interaction( 1524): Interaction with: d4326e3 StatusBar (server), edge-swipe (server), swipe-up (server), PointerEventDispatcher0 (server),
02-17 07:54:50.019 I/sysui_multi_action( 1999): [757,803,799,panel_open,802,1]
02-17 07:54:50.020 I/sysui_multi_action( 1999): [757,1328,758,4,1326,33,1327,1,1329,0]
02-17 07:54:50.081 I/sysui_multi_action( 1524): [757,127,758,1]
02-17 07:54:50.081 I/sysui_multi_action( 1524): [757,804,799,note_load,801,3,802,1]
02-17 07:54:50.082 I/notification_panel_revealed( 1524): 3
02-17 07:54:50.094 I/input_focus( 1524): [Focus request febc086 NotificationShade,reason=UpdateInputWindows]
02-17 07:54:50.104 I/sysui_multi_action( 1524): [757,128,758,1,793,13514714,794,0,795,13514714,796,26,798,0,806,android,857,DEVELOPER_IMPORTANT,858,4,947,0,1395,3,1500,13514507,1688,1]
02-17 07:54:50.104 I/sysui_multi_action( 1524): [757,804,799,note_freshness,801,13514714,802,1]
02-17 07:54:50.104 I/notification_visibility( 1524): [-1|android|26|null|1000,1,13514714,13514714,0,0]
02-17 07:54:50.104 I/sysui_multi_action( 1524): [757,128,758,1,793,13542947,794,0,795,417915,796,17303299,797,com.android.wifi,798,1,806,android,857,NETWORK_AVAILABLE,858,2,947,0,1395,3,1500,2524,1688,1]
02-17 07:54:50.104 I/sysui_multi_action( 1524): [757,1501,758,1,793,13542947,794,0,795,417915,796,17303299,797,com.android.wifi,806,android,857,NETWORK_AVAILABLE,858,2,947,0,1500,0,1688,1]
02-17 07:54:50.105 I/sysui_multi_action( 1524): [757,804,799,note_interruptive,801,0,802,1]
02-17 07:54:50.105 I/sysui_multi_action( 1524): [757,804,799,note_freshness,801,417915,802,1]
02-17 07:54:50.105 I/notification_visibility( 1524): [0|android|17303299|com.android.wifi|1000,1,13542947,417915,0,1]
02-17 07:54:50.105 I/sysui_multi_action( 1524): [757,128,758,1,793,14716650,794,0,795,14716650,796,32,798,2,806,android,857,USB,858,1,947,0,1395,3,1500,14716218,1688,1]
02-17 07:54:50.105 I/sysui_multi_action( 1524): [757,804,799,note_freshness,801,14716650,802,1]
02-17 07:54:50.106 I/notification_visibility( 1524): [-1|android|32|null|1000,1,14716650,14716650,0,2]
02-17 07:54:50.110 I/input_focus( 1524): [Focus leaving recents_animation_input_consumer (server),reason=setFocusedWindow]
02-17 07:54:50.110 I/input_focus( 1524): [Focus entering febc086 NotificationShade (server),reason=setFocusedWindow]
02-17 07:54:50.177 I/sysui_multi_action( 1999): [757,111,758,1]
02-17 07:54:50.178 I/sysui_multi_action( 1999): [757,126,758,1,759,126,927,0,928,1,1593,0]
02-17 07:54:50.178 I/sysui_multi_action( 1999): [757,113,758,1,759,113,927,1,928,1,1593,0]
02-17 07:54:50.178 I/sysui_multi_action( 1999): [757,0,758,1,759,0,927,2,928,0,1593,0]
02-17 07:54:50.178 I/sysui_multi_action( 1999): [757,0,758,1,759,0,927,3,928,0,1593,0]
02-17 07:54:50.178 I/sysui_multi_action( 1999): [757,491,758,1,759,491,927,4,928,0,1311,-1,1593,0]
02-17 07:54:50.179 I/sysui_multi_action( 1999): [757,0,758,1,759,0,927,5,928,0,1593,0]
02-17 07:54:50.179 I/sysui_multi_action( 1999): [757,111,758,1]
02-17 07:54:50.179 I/sysui_multi_action( 1999): [757,126,758,1,759,126,927,0,928,1,1593,0]
02-17 07:54:50.179 I/sysui_multi_action( 1999): [757,113,758,1,759,113,927,1,928,1,1593,0]
02-17 07:54:50.179 I/sysui_multi_action( 1999): [757,0,758,1,759,0,927,2,928,0,1593,0]
02-17 07:54:50.179 I/sysui_multi_action( 1999): [757,0,758,1,759,0,927,3,928,0,1593,0]
02-17 07:54:50.313 I/wm_task_moved( 1524): [1,1,13]
02-17 07:54:50.314 I/wm_task_moved( 1524): [9,1,2147483647]
02-17 07:54:50.314 I/wm_task_to_front( 1524): [0,9]
02-17 07:54:50.314 I/wm_focused_root_task( 1524): [0,0,1,50,RecentsAnimation.onAnimationFinished()]
02-17 07:54:50.314 I/wm_on_top_resumed_lost_called(13716): [77521178,com.tencent.qqmusicpad.activity.MainActivity,topStateChangedWhenResumed]
02-17 07:54:50.315 I/wm_set_resumed_activity( 1524): [0,com.android.launcher3/.uioverrides.QuickstepLauncher,RecentsAnimation.onAnimationFinished()]
02-17 07:54:50.316 I/wm_pause_activity( 1524): [0,77521178,com.tencent.qqmusicpad/.activity.MainActivity,userLeaving=true,pauseBackTasks]
02-17 07:54:50.318 I/wm_add_to_stopping( 1524): [0,77521178,com.tencent.qqmusicpad/.activity.MainActivity,makeInvisible]
02-17 07:54:50.319 I/wm_set_resumed_activity( 1524): [0,com.android.launcher3/.uioverrides.QuickstepLauncher,resumeTopActivityInnerLocked]
02-17 07:54:50.323 I/wm_resume_activity( 1524): [0,128678138,9,com.android.launcher3/.uioverrides.QuickstepLauncher]
02-17 07:54:50.325 I/wm_on_resume_called( 2568): [128678138,com.android.launcher3.uioverrides.QuickstepLauncher,RESUME_ACTIVITY]
02-17 07:54:50.333 I/wm_on_top_resumed_gained_called( 2568): [128678138,com.android.launcher3.uioverrides.QuickstepLauncher,topStateChangedWhenResumed]
02-17 07:54:50.335 I/wm_on_paused_called(13716): [77521178,com.tencent.qqmusicpad.activity.MainActivity,performPause]
02-17 07:54:50.339 I/wm_stop_activity( 1524): [0,77521178,com.tencent.qqmusicpad/.activity.MainActivity]
02-17 07:54:50.347 I/sysui_multi_action( 1524): [757,803,799,window_time_0,802,15]
02-17 07:54:50.349 I/sysui_multi_action( 1524): [757,803,799,window_time_0,802,0]
02-17 07:54:50.350 I/wm_on_stop_called(13716): [77521178,com.tencent.qqmusicpad.activity.MainActivity,STOP_ACTIVITY_ITEM]
02-17 07:54:50.366 I/am_pss ( 1524): [13716,10095,com.tencent.qqmusicpad,71968768,40534016,0,177123328,0,4,8]
02-17 07:54:50.374 I/am_pss ( 1524): [13361,10084,com.android.music,23452672,17858560,0,149970944,0,4,6]
02-17 07:54:50.935 I/auditd ( 0): type=1400 audit(0.0:15901): avc: denied { kill } for comm="swapper/0" capability=5 scontext=u:r:kernel:s0 tcontext=u:r:kernel:s0 tclass=capability permissive=0
02-17 07:54:51.086 I/input_interaction( 1524): Interaction with: febc086 NotificationShade (server), edge-swipe (server), swipe-up (server), PointerEventDispatcher0 (server),
02-17 07:54:51.549 I/notification_enqueue( 1524): [10080,1999,com.android.systemui,2048,NULL,0,Notification(channel=updateNotification shortcut=null contentView=null vibrate=null sound=null defaults=0x0 flags=0x0 color=0x00000000 vis=PRIVATE),1]
02-17 07:54:51.550 I/sysui_multi_action( 1999): [757,111,758,2]
02-17 07:54:51.551 I/sysui_multi_action( 1999): [757,111,758,2]
02-17 07:54:51.770 I/input_focus( 1524): [Focus request 321be4b com.android.launcher3/com.android.launcher3.uioverrides.QuickstepLauncher,reason=UpdateInputWindows]
02-17 07:54:51.777 I/sysui_multi_action( 1524): [757,128,758,2,793,13516388,794,1674,795,13516388,796,26,798,0,806,android,857,DEVELOPER_IMPORTANT,858,4,947,0,1395,3,1500,13516181,1688,1]
02-17 07:54:51.777 I/notification_visibility( 1524): [-1|android|26|null|1000,0,13516388,13516388,0,0]
02-17 07:54:51.778 I/sysui_multi_action( 1524): [757,128,758,2,793,13544621,794,1674,795,419589,796,17303299,797,com.android.wifi,798,1,806,android,857,NETWORK_AVAILABLE,858,2,947,0,1395,3,1500,1674,1688,1]
02-17 07:54:51.778 I/notification_visibility( 1524): [0|android|17303299|com.android.wifi|1000,0,13544621,419589,0,1]
02-17 07:54:51.779 I/sysui_multi_action( 1524): [757,128,758,2,793,14718324,794,1674,795,14718324,796,32,798,2,806,android,857,USB,858,1,947,0,1395,3,1500,14717892,1688,1]
02-17 07:54:51.779 I/notification_visibility( 1524): [-1|android|32|null|1000,0,14718324,14718324,0,2]
02-17 07:54:51.781 I/sysui_multi_action( 1524): [757,127,758,2]
02-17 07:54:51.781 I/notification_panel_hidden( 1524):
02-17 07:54:51.796 I/input_focus( 1524): [Focus leaving febc086 NotificationShade (server),reason=NO_WINDOW]
02-17 07:54:51.796 I/input_focus( 1524): [Focus entering 321be4b com.android.launcher3/com.android.launcher3.uioverrides.QuickstepLauncher (server),reason=setFocusedWindow]
02-17 07:54:51.935 I/auditd ( 0): type=1400 audit(0.0:15902): avc: denied { kill } for comm="swapper/0" capability=5 scontext=u:r:kernel:s0 tcontext=u:r:kernel:s0 tclass=capability permissive=0
02-17 07:54:51.953 I/input_interaction( 1524): Interaction with: d4326e3 StatusBar (server), edge-swipe (server), swipe-up (server), PointerEventDispatcher0 (server),
02-17 07:54:51.957 I/sysui_multi_action( 1999): [757,803,799,panel_open,802,1]
02-17 07:54:51.958 I/sysui_multi_action( 1999): [757,1328,758,4,1326,34,1327,1,1329,0]
02-17 07:54:51.998 I/sysui_multi_action( 1524): [757,127,758,1]
02-17 07:54:51.999 I/sysui_multi_action( 1524): [757,804,799,note_load,801,3,802,1]
02-17 07:54:51.999 I/notification_panel_revealed( 1524): 3
02-17 07:54:52.008 I/input_focus( 1524): [Focus request febc086 NotificationShade,reason=UpdateInputWindows]
02-17 07:54:52.032 I/input_focus( 1524): [Focus leaving 321be4b com.android.launcher3/com.android.launcher3.uioverrides.QuickstepLauncher (server),reason=setFocusedWindow]
02-17 07:54:52.032 I/input_focus( 1524): [Focus entering febc086 NotificationShade (server),reason=setFocusedWindow]
02-17 07:54:52.065 I/sysui_multi_action( 1999): [757,111,758,1]
02-17 07:54:52.065 I/sysui_multi_action( 1999): [757,126,758,1,759,126,927,0,928,1,1593,0]
02-17 07:54:52.065 I/sysui_multi_action( 1999): [757,113,758,1,759,113,927,1,928,1,1593,0]
02-17 07:54:52.066 I/sysui_multi_action( 1999): [757,0,758,1,759,0,927,2,928,0,1593,0]
02-17 07:54:52.066 I/sysui_multi_action( 1999): [757,0,758,1,759,0,927,3,928,0,1593,0]
02-17 07:54:52.066 I/sysui_multi_action( 1999): [757,491,758,1,759,491,927,4,928,0,1311,-1,1593,0]
02-17 07:54:52.066 I/sysui_multi_action( 1999): [757,0,758,1,759,0,927,5,928,0,1593,0]
02-17 07:54:52.066 I/sysui_multi_action( 1999): [757,111,758,1]
02-17 07:54:52.066 I/sysui_multi_action( 1999): [757,126,758,1,759,126,927,0,928,1,1593,0]
02-17 07:54:52.067 I/sysui_multi_action( 1999): [757,113,758,1,759,113,927,1,928,1,1593,0]
02-17 07:54:52.067 I/sysui_multi_action( 1999): [757,0,758,1,759,0,927,2,928,0,1593,0]
02-17 07:54:52.067 I/sysui_multi_action( 1999): [757,0,758,1,759,0,927,3,928,0,1593,0]
02-17 07:54:52.125 I/sysui_multi_action( 1524): [757,128,758,1,793,13516736,794,0,795,13516736,796,26,798,0,806,android,857,DEVELOPER_IMPORTANT,858,4,947,0,1395,3,1500,13516529,1688,1]
02-17 07:54:52.126 I/sysui_multi_action( 1524): [757,804,799,note_freshness,801,13516736,802,1]
02-17 07:54:52.126 I/notification_visibility( 1524): [-1|android|26|null|1000,1,13516736,13516736,0,0]
02-17 07:54:52.126 I/sysui_multi_action( 1524): [757,128,758,1,793,13544969,794,0,795,419937,796,17303299,797,com.android.wifi,798,1,806,android,857,NETWORK_AVAILABLE,858,2,947,0,1395,3,1500,2022,1688,1]
02-17 07:54:52.126 I/sysui_multi_action( 1524): [757,1501,758,1,793,13544969,794,0,795,419937,796,17303299,797,com.android.wifi,806,android,857,NETWORK_AVAILABLE,858,2,947,0,1500,0,1688,1]
02-17 07:54:52.126 I/sysui_multi_action( 1524): [757,804,799,note_interruptive,801,0,802,1]
02-17 07:54:52.126 I/sysui_multi_action( 1524): [757,804,799,note_freshness,801,419937,802,1]
02-17 07:54:52.126 I/notification_visibility( 1524): [0|android|17303299|com.android.wifi|1000,1,13544969,419937,0,1]
02-17 07:54:52.127 I/sysui_multi_action( 1524): [757,128,758,1,793,14718672,794,0,795,14718672,796,32,798,2,806,android,857,USB,858,1,947,0,1395,3,1500,14718240,1688,1]
02-17 07:54:52.127 I/sysui_multi_action( 1524): [757,804,799,note_freshness,801,14718672,802,1]
02-17 07:54:52.127 I/notification_visibility( 1524): [-1|android|32|null|1000,1,14718672,14718672,0,2]
02-17 07:54:52.815 I/input_interaction( 1524): Interaction with: febc086 NotificationShade (server), edge-swipe (server), swipe-up (server), PointerEventDispatcher0 (server),
02-17 07:54:52.935 I/auditd ( 0): type=1400 audit(0.0:15903): avc: denied { kill } for comm="swapper/0" capability=5 scontext=u:r:kernel:s0 tcontext=u:r:kernel:s0 tclass=capability permissive=0
02-17 07:54:53.239 I/notification_enqueue( 1524): [10080,1999,com.android.systemui,2048,NULL,0,Notification(channel=updateNotification shortcut=null contentView=null vibrate=null sound=null defaults=0x0 flags=0x0 color=0x00000000 vis=PRIVATE),1]
02-17 07:54:53.240 I/sysui_multi_action( 1999): [757,111,758,2]
02-17 07:54:53.241 I/sysui_multi_action( 1999): [757,111,758,2]
02-17 07:54:53.456 I/input_focus( 1524): [Focus request 321be4b com.android.launcher3/com.android.launcher3.uioverrides.QuickstepLauncher,reason=UpdateInputWindows]
02-17 07:54:53.465 I/sysui_multi_action( 1524): [757,128,758,2,793,13518076,794,1340,795,13518076,796,26,798,0,806,android,857,DEVELOPER_IMPORTANT,858,4,947,0,1395,3,1500,13517869,1688,1]
02-17 07:54:53.466 I/notification_visibility( 1524): [-1|android|26|null|1000,0,13518076,13518076,0,0]
02-17 07:54:53.466 I/sysui_multi_action( 1524): [757,128,758,2,793,13546309,794,1340,795,421277,796,17303299,797,com.android.wifi,798,1,806,android,857,NETWORK_AVAILABLE,858,2,947,0,1395,3,1500,1340,1688,1]
02-17 07:54:53.466 I/notification_visibility( 1524): [0|android|17303299|com.android.wifi|1000,0,13546309,421277,0,1]
02-17 07:54:53.466 I/sysui_multi_action( 1524): [757,128,758,2,793,14720011,794,1339,795,14720011,796,32,798,2,806,android,857,USB,858,1,947,0,1395,3,1500,14719579,1688,1]
02-17 07:54:53.467 I/notification_visibility( 1524): [-1|android|32|null|1000,0,14720011,14720011,0,2]
02-17 07:54:53.468 I/sysui_multi_action( 1524): [757,127,758,2]
02-17 07:54:53.468 I/notification_panel_hidden( 1524):
02-17 07:54:53.484 I/input_focus( 1524): [Focus leaving febc086 NotificationShade (server),reason=NOT_FOCUSABLE]
02-17 07:54:53.484 I/input_focus( 1524): [Focus entering 321be4b com.android.launcher3/com.android.launcher3.uioverrides.QuickstepLauncher (server),reason=setFocusedWindow]
02-17 07:54:53.627 I/input_interaction( 1524): Interaction with: d4326e3 StatusBar (server), edge-swipe (server), swipe-up (server), PointerEventDispatcher0 (server),
02-17 07:54:53.632 I/sysui_multi_action( 1999): [757,803,799,panel_open,802,1]
02-17 07:54:53.633 I/sysui_multi_action( 1999): [757,1328,758,4,1326,44,1327,2,1329,0]
02-17 07:54:53.687 I/sysui_multi_action( 1524): [757,127,758,1]
02-17 07:54:53.687 I/sysui_multi_action( 1524): [757,804,799,note_load,801,3,802,1]
02-17 07:54:53.687 I/notification_panel_revealed( 1524): 3
02-17 07:54:53.696 I/input_focus( 1524): [Focus request febc086 NotificationShade,reason=UpdateInputWindows]
02-17 07:54:53.707 I/sysui_multi_action( 1524): [757,128,758,1,793,13518318,794,0,795,13518318,796,26,798,0,806,android,857,DEVELOPER_IMPORTANT,858,4,947,0,1395,3,1500,13518111,1688,1]
02-17 07:54:53.707 I/sysui_multi_action( 1524): [757,804,799,note_freshness,801,13518318,802,1]
02-17 07:54:53.707 I/notification_visibility( 1524): [-1|android|26|null|1000,1,13518318,13518318,0,0]
02-17 07:54:53.707 I/sysui_multi_action( 1524): [757,128,758,1,793,13546550,794,0,795,421518,796,17303299,797,com.android.wifi,798,1,806,android,857,NETWORK_AVAILABLE,858,2,947,0,1395,3,1500,1581,1688,1]
02-17 07:54:53.707 I/sysui_multi_action( 1524): [757,1501,758,1,793,13546550,794,0,795,421518,796,17303299,797,com.android.wifi,806,android,857,NETWORK_AVAILABLE,858,2,947,0,1500,0,1688,1]
02-17 07:54:53.707 I/sysui_multi_action( 1524): [757,804,799,note_interruptive,801,0,802,1]
02-17 07:54:53.707 I/sysui_multi_action( 1524): [757,804,799,note_freshness,801,421518,802,1]
02-17 07:54:53.708 I/notification_visibility( 1524): [0|android|17303299|com.android.wifi|1000,1,13546550,421518,0,1]
02-17 07:54:53.708 I/sysui_multi_action( 1524): [757,128,758,1,793,14720253,794,0,795,14720253,796,32,798,2,806,android,857,USB,858,1,947,0,1395,3,1500,14719821,1688,1]
02-17 07:54:53.708 I/sysui_multi_action( 1524): [757,804,799,note_freshness,801,14720253,802,1]
02-17 07:54:53.708 I/notification_visibility( 1524): [-1|android|32|null|1000,1,14720253,14720253,0,2]
02-17 07:54:53.718 I/input_focus( 1524): [Focus leaving 321be4b com.android.launcher3/com.android.launcher3.uioverrides.QuickstepLauncher (server),reason=setFocusedWindow]
02-17 07:54:53.718 I/input_focus( 1524): [Focus entering febc086 NotificationShade (server),reason=setFocusedWindow]
02-17 07:54:53.767 I/sysui_multi_action( 1999): [757,111,758,1]
02-17 07:54:53.767 I/sysui_multi_action( 1999): [757,126,758,1,759,126,927,0,928,1,1593,0]
02-17 07:54:53.768 I/sysui_multi_action( 1999): [757,113,758,1,759,113,927,1,928,1,1593,0]
02-17 07:54:53.768 I/sysui_multi_action( 1999): [757,0,758,1,759,0,927,2,928,0,1593,0]
02-17 07:54:53.768 I/sysui_multi_action( 1999): [757,0,758,1,759,0,927,3,928,0,1593,0]
02-17 07:54:53.768 I/sysui_multi_action( 1999): [757,491,758,1,759,491,927,4,928,0,1311,-1,1593,0]
02-17 07:54:53.769 I/sysui_multi_action( 1999): [757,0,758,1,759,0,927,5,928,0,1593,0]
02-17 07:54:53.769 I/sysui_multi_action( 1999): [757,111,758,1]
02-17 07:54:53.769 I/sysui_multi_action( 1999): [757,126,758,1,759,126,927,0,928,1,1593,0]
02-17 07:54:53.769 I/sysui_multi_action( 1999): [757,113,758,1,759,113,927,1,928,1,1593,0]
02-17 07:54:53.769 I/sysui_multi_action( 1999): [757,0,758,1,759,0,927,2,928,0,1593,0]
02-17 07:54:53.769 I/sysui_multi_action( 1999): [757,0,758,1,759,0,927,3,928,0,1593,0]
02-17 07:54:53.935 I/auditd ( 0): type=1400 audit(0.0:15904): avc: denied { kill } for comm="swapper/0" capability=5 scontext=u:r:kernel:s0 tcontext=u:r:kernel:s0 tclass=capability permissive=0
02-17 07:54:54.579 I/input_interaction( 1524): Interaction with: febc086 NotificationShade (server), edge-swipe (server), swipe-up (server), PointerEventDispatcher0 (server),
02-17 07:54:54.935 I/auditd ( 0): type=1400 audit(0.0:15905): avc: denied { kill } for comm="swapper/0" capability=5 scontext=u:r:kernel:s0 tcontext=u:r:kernel:s0 tclass=capability permissive=0
02-17 07:54:55.935 I/auditd ( 0): type=1400 audit(0.0:15906): avc: denied { kill } for comm="swapper/0" capability=5 scontext=u:r:kernel:s0 tcontext=u:r:kernel:s0 tclass=capability permissive=0
02-17 07:54:56.935 I/auditd ( 0): type=1400 audit(0.0:15907): avc: denied { kill } for comm="swapper/0" capability=5 scontext=u:r:kernel:s0 tcontext=u:r:kernel:s0 tclass=capability permissive=0
02-17 07:54:56.949 I/service_manager_stats( 1524): [100,64,65213]
02-17 07:54:57.264 I/notification_enqueue( 1524): [10080,1999,com.android.systemui,2048,NULL,0,Notification(channel=updateNotification shortcut=null contentView=null vibrate=null sound=null defaults=0x0 flags=0x0 color=0x00000000 vis=PRIVATE),1]
02-17 07:54:57.266 I/sysui_multi_action( 1999): [757,111,758,2]
02-17 07:54:57.268 I/sysui_multi_action( 1999): [757,111,758,2]
02-17 07:54:57.485 I/input_focus( 1524): [Focus request 321be4b com.android.launcher3/com.android.launcher3.uioverrides.QuickstepLauncher,reason=UpdateInputWindows]
02-17 07:54:57.496 I/sysui_multi_action( 1524): [757,128,758,2,793,13522107,794,3789,795,13522107,796,26,798,0,806,android,857,DEVELOPER_IMPORTANT,858,4,947,0,1395,3,1500,13521900,1688,1]
02-17 07:54:57.496 I/notification_visibility( 1524): [-1|android|26|null|1000,0,13522107,13522107,0,0]
02-17 07:54:57.497 I/sysui_multi_action( 1524): [757,128,758,2,793,13550340,794,3790,795,425308,796,17303299,797,com.android.wifi,798,1,806,android,857,NETWORK_AVAILABLE,858,2,947,0,1395,3,1500,3790,1688,1]
02-17 07:54:57.497 I/notification_visibility( 1524): [0|android|17303299|com.android.wifi|1000,0,13550340,425308,0,1]
02-17 07:54:57.498 I/sysui_multi_action( 1524): [757,128,758,2,793,14724043,794,3790,795,14724043,796,32,798,2,806,android,857,USB,858,1,947,0,1395,3,1500,14723611,1688,1]
02-17 07:54:57.498 I/notification_visibility( 1524): [-1|android|32|null|1000,0,14724043,14724043,0,2]
02-17 07:54:57.499 I/sysui_multi_action( 1524): [757,127,758,2]
02-17 07:54:57.499 I/notification_panel_hidden( 1524):
02-17 07:54:57.510 I/input_focus( 1524): [Focus leaving febc086 NotificationShade (server),reason=NOT_FOCUSABLE]
02-17 07:54:57.510 I/input_focus( 1524): [Focus entering 321be4b com.android.launcher3/com.android.launcher3.uioverrides.QuickstepLauncher (server),reason=setFocusedWindow]
02-17 07:54:57.762 I/input_interaction( 1524): Interaction with: d4326e3 StatusBar (server), edge-swipe (server), swipe-up (server), PointerEventDispatcher0 (server),
02-17 07:54:57.769 I/sysui_multi_action( 1999): [757,803,799,panel_open,802,1]
02-17 07:54:57.770 I/sysui_multi_action( 1999): [757,1328,758,4,1326,55,1327,2,1329,0]
02-17 07:54:57.813 I/sysui_multi_action( 1524): [757,127,758,1]
02-17 07:54:57.813 I/sysui_multi_action( 1524): [757,804,799,note_load,801,3,802,1]
02-17 07:54:57.814 I/notification_panel_revealed( 1524): 3
02-17 07:54:57.823 I/input_focus( 1524): [Focus request febc086 NotificationShade,reason=UpdateInputWindows]
02-17 07:54:57.845 I/input_focus( 1524): [Focus leaving 321be4b com.android.launcher3/com.android.launcher3.uioverrides.QuickstepLauncher (server),reason=setFocusedWindow]
02-17 07:54:57.845 I/input_focus( 1524): [Focus entering febc086 NotificationShade (server),reason=setFocusedWindow]
02-17 07:54:57.895 I/sysui_multi_action( 1999): [757,111,758,1]
02-17 07:54:57.896 I/sysui_multi_action( 1999): [757,126,758,1,759,126,927,0,928,1,1593,0]
02-17 07:54:57.896 I/sysui_multi_action( 1999): [757,113,758,1,759,113,927,1,928,1,1593,0]
02-17 07:54:57.896 I/sysui_multi_action( 1999): [757,0,758,1,759,0,927,2,928,0,1593,0]
02-17 07:54:57.896 I/sysui_multi_action( 1999): [757,0,758,1,759,0,927,3,928,0,1593,0]
02-17 07:54:57.896 I/sysui_multi_action( 1999): [757,491,758,1,759,491,927,4,928,0,1311,-1,1593,0]
02-17 07:54:57.896 I/sysui_multi_action( 1999): [757,0,758,1,759,0,927,5,928,0,1593,0]
02-17 07:54:57.896 I/sysui_multi_action( 1999): [757,111,758,1]
02-17 07:54:57.897 I/sysui_multi_action( 1999): [757,126,758,1,759,126,927,0,928,1,1593,0]
02-17 07:54:57.897 I/sysui_multi_action( 1999): [757,113,758,1,759,113,927,1,928,1,1593,0]
02-17 07:54:57.897 I/sysui_multi_action( 1999): [757,0,758,1,759,0,927,2,928,0,1593,0]
02-17 07:54:57.897 I/sysui_multi_action( 1999): [757,0,758,1,759,0,927,3,928,0,1593,0]
02-17 07:54:57.907 I/sysui_multi_action( 1524): [757,128,758,1,793,13522518,794,0,795,13522518,796,26,798,0,806,android,857,DEVELOPER_IMPORTANT,858,4,947,0,1395,3,1500,13522311,1688,1]
02-17 07:54:57.908 I/sysui_multi_action( 1524): [757,804,799,note_freshness,801,13522518,802,1]
02-17 07:54:57.908 I/notification_visibility( 1524): [-1|android|26|null|1000,1,13522518,13522518,0,0]
02-17 07:54:57.908 I/sysui_multi_action( 1524): [757,128,758,1,793,13550751,794,0,795,425719,796,17303299,797,com.android.wifi,798,1,806,android,857,NETWORK_AVAILABLE,858,2,947,0,1395,3,1500,4201,1688,1]
02-17 07:54:57.909 I/sysui_multi_action( 1524): [757,1501,758,1,793,13550752,794,1,795,425720,796,17303299,797,com.android.wifi,806,android,857,NETWORK_AVAILABLE,858,2,947,0,1500,0,1688,1]
02-17 07:54:57.909 I/sysui_multi_action( 1524): [757,804,799,note_interruptive,801,0,802,1]
02-17 07:54:57.910 I/sysui_multi_action( 1524): [757,804,799,note_freshness,801,425719,802,1]
02-17 07:54:57.910 I/notification_visibility( 1524): [0|android|17303299|com.android.wifi|1000,1,13550751,425719,0,1]
02-17 07:54:57.910 I/sysui_multi_action( 1524): [757,128,758,1,793,14724455,794,0,795,14724455,796,32,798,2,806,android,857,USB,858,1,947,0,1395,3,1500,14724023,1688,1]
02-17 07:54:57.911 I/sysui_multi_action( 1524): [757,804,799,note_freshness,801,14724455,802,1]
02-17 07:54:57.911 I/notification_visibility( 1524): [-1|android|32|null|1000,1,14724455,14724455,0,2]
02-17 07:54:57.935 I/auditd ( 0): type=1400 audit(0.0:15908): avc: denied { kill } for comm="swapper/0" capability=5 scontext=u:r:kernel:s0 tcontext=u:r:kernel:s0 tclass=capability permissive=0
02-17 07:54:58.757 I/input_interaction( 1524): Interaction with: febc086 NotificationShade (server), edge-swipe (server), swipe-up (server), PointerEventDispatcher0 (server),
02-17 07:54:58.935 I/auditd ( 0): type=1400 audit(0.0:15909): avc: denied { kill } for comm="swapper/0" capability=5 scontext=u:r:kernel:s0 tcontext=u:r:kernel:s0 tclass=capability permissive=0
02-17 07:54:59.185 I/notification_enqueue( 1524): [10080,1999,com.android.systemui,2048,NULL,0,Notification(channel=updateNotification shortcut=null contentView=null vibrate=null sound=null defaults=0x0 flags=0x0 color=0x00000000 vis=PRIVATE),1]
02-17 07:54:59.187 I/sysui_multi_action( 1999): [757,111,758,2]
02-17 07:54:59.188 I/sysui_multi_action( 1999): [757,111,758,2]
02-17 07:54:59.404 I/input_focus( 1524): [Focus request 321be4b com.android.launcher3/com.android.launcher3.uioverrides.QuickstepLauncher,reason=UpdateInputWindows]
02-17 07:54:59.411 I/sysui_multi_action( 1524): [757,128,758,2,793,13524022,794,1504,795,13524022,796,26,798,0,806,android,857,DEVELOPER_IMPORTANT,858,4,947,0,1395,3,1500,13523815,1688,1]
02-17 07:54:59.412 I/notification_visibility( 1524): [-1|android|26|null|1000,0,13524022,13524022,0,0]
02-17 07:54:59.412 I/sysui_multi_action( 1524): [757,128,758,2,793,13552255,794,1504,795,427223,796,17303299,797,com.android.wifi,798,1,806,android,857,NETWORK_AVAILABLE,858,2,947,0,1395,3,1500,1503,1688,1]
02-17 07:54:59.412 I/notification_visibility( 1524): [0|android|17303299|com.android.wifi|1000,0,13552255,427223,0,1]
02-17 07:54:59.413 I/sysui_multi_action( 1524): [757,128,758,2,793,14725958,794,1503,795,14725958,796,32,798,2,806,android,857,USB,858,1,947,0,1395,3,1500,14725526,1688,1]
02-17 07:54:59.413 I/notification_visibility( 1524): [-1|android|32|null|1000,0,14725958,14725958,0,2]
02-17 07:54:59.414 I/sysui_multi_action( 1524): [757,127,758,2]
02-17 07:54:59.414 I/notification_panel_hidden( 1524):
02-17 07:54:59.431 I/input_focus( 1524): [Focus leaving febc086 NotificationShade (server),reason=NO_WINDOW]
02-17 07:54:59.431 I/input_focus( 1524): [Focus entering 321be4b com.android.launcher3/com.android.launcher3.uioverrides.QuickstepLauncher (server),reason=setFocusedWindow]
02-17 07:54:59.673 I/input_interaction( 1524): Interaction with: d4326e3 StatusBar (server), edge-swipe (server), swipe-up (server), PointerEventDispatcher0 (server),
02-17 07:54:59.676 I/sysui_multi_action( 1999): [757,803,799,panel_open,802,1]
02-17 07:54:59.678 I/sysui_multi_action( 1999): [757,1328,758,4,1326,50,1327,4,1329,0]
02-17 07:54:59.719 I/sysui_multi_action( 1524): [757,127,758,1]
02-17 07:54:59.719 I/sysui_multi_action( 1524): [757,804,799,note_load,801,3,802,1]
02-17 07:54:59.719 I/notification_panel_revealed( 1524): 3
02-17 07:54:59.729 I/input_focus( 1524): [Focus request febc086 NotificationShade,reason=UpdateInputWindows]
02-17 07:54:59.740 I/sysui_multi_action( 1524): [757,128,758,1,793,13524351,794,0,795,13524351,796,26,798,0,806,android,857,DEVELOPER_IMPORTANT,858,4,947,0,1395,3,1500,13524144,1688,1]
02-17 07:54:59.740 I/sysui_multi_action( 1524): [757,804,799,note_freshness,801,13524351,802,1]
02-17 07:54:59.740 I/notification_visibility( 1524): [-1|android|26|null|1000,1,13524351,13524351,0,0]
02-17 07:54:59.741 I/sysui_multi_action( 1524): [757,128,758,1,793,13552584,794,0,795,427552,796,17303299,797,com.android.wifi,798,1,806,android,857,NETWORK_AVAILABLE,858,2,947,0,1395,3,1500,1832,1688,1]
02-17 07:54:59.741 I/sysui_multi_action( 1524): [757,1501,758,1,793,13552584,794,0,795,427552,796,17303299,797,com.android.wifi,806,android,857,NETWORK_AVAILABLE,858,2,947,0,1500,0,1688,1]
02-17 07:54:59.741 I/sysui_multi_action( 1524): [757,804,799,note_interruptive,801,0,802,1]
02-17 07:54:59.741 I/sysui_multi_action( 1524): [757,804,799,note_freshness,801,427552,802,1]
02-17 07:54:59.741 I/notification_visibility( 1524): [0|android|17303299|com.android.wifi|1000,1,13552584,427552,0,1]
02-17 07:54:59.741 I/sysui_multi_action( 1524): [757,128,758,1,793,14726286,794,0,795,14726286,796,32,798,2,806,android,857,USB,858,1,947,0,1395,3,1500,14725854,1688,1]
02-17 07:54:59.741 I/sysui_multi_action( 1524): [757,804,799,note_freshness,801,14726286,802,1]
02-17 07:54:59.741 I/notification_visibility( 1524): [-1|android|32|null|1000,1,14726286,14726286,0,2]
02-17 07:54:59.749 I/input_focus( 1524): [Focus leaving 321be4b com.android.launcher3/com.android.launcher3.uioverrides.QuickstepLauncher (server),reason=setFocusedWindow]
02-17 07:54:59.749 I/input_focus( 1524): [Focus entering febc086 NotificationShade (server),reason=setFocusedWindow]
02-17 07:54:59.781 I/sysui_multi_action( 1999): [757,111,758,1]
02-17 07:54:59.782 I/sysui_multi_action( 1999): [757,126,758,1,759,126,927,0,928,1,1593,0]
02-17 07:54:59.782 I/sysui_multi_action( 1999): [757,113,758,1,759,113,927,1,928,1,1593,0]
02-17 07:54:59.782 I/sysui_multi_action( 1999): [757,0,758,1,759,0,927,2,928,0,1593,0]
02-17 07:54:59.782 I/sysui_multi_action( 1999): [757,0,758,1,759,0,927,3,928,0,1593,0]
