02-17 07:53:29.850 I/wm_pause_activity( 1524): [0,141767680,com.android.permissioncontroller/.permission.ui.GrantPermissionsActivity,userLeaving=false,finish]
02-17 07:53:29.866 I/input_focus( 1524): [Focus leaving 7bd77d7 com.android.permissioncontroller/com.android.permissioncontroller.permission.ui.GrantPermissionsActivity (server),reason=NO_WINDOW]
02-17 07:53:29.897 I/wm_on_top_resumed_lost_called(13617): [141767680,com.android.permissioncontroller.permission.ui.GrantPermissionsActivity,topStateChangedWhenResumed]
02-17 07:53:29.898 I/wm_on_paused_called(13617): [141767680,com.android.permissioncontroller.permission.ui.GrantPermissionsActivity,performPause]
02-17 07:53:29.900 I/wm_set_resumed_activity( 1524): [0,com.tencent.qqmusicpad/.activity.AppStarterActivity,resumeTopActivityInnerLocked]
02-17 07:53:29.901 I/wm_resume_activity( 1524): [0,208584125,50,com.tencent.qqmusicpad/.activity.AppStarterActivity]
02-17 07:53:29.901 I/wm_on_activity_result_called(13716): [208584125,com.tencent.qqmusicpad.activity.AppStarterActivity,ACTIVITY_RESULT]
02-17 07:53:29.902 I/wm_on_resume_called(13716): [208584125,com.tencent.qqmusicpad.activity.AppStarterActivity,RESUME_ACTIVITY]
02-17 07:53:29.902 I/wm_on_top_resumed_gained_called(13716): [208584125,com.tencent.qqmusicpad.activity.AppStarterActivity,topWhenResuming]
02-17 07:53:29.911 I/input_focus( 1524): [Focus request ec39974 com.tencent.qqmusicpad/com.tencent.qqmusicpad.activity.AppStarterActivity,reason=UpdateInputWindows]
02-17 07:53:29.911 I/sysui_multi_action( 1524): [757,803,799,window_time_0,802,1]
02-17 07:53:29.922 I/wm_destroy_activity( 1524): [0,141767680,50,com.android.permissioncontroller/.permission.ui.GrantPermissionsActivity,finish-idle]
02-17 07:53:29.932 I/input_focus( 1524): [Focus entering ec39974 com.tencent.qqmusicpad/com.tencent.qqmusicpad.activity.AppStarterActivity (server),reason=setFocusedWindow]
02-17 07:53:30.052 I/wm_on_stop_called(13617): [141767680,com.android.permissioncontroller.permission.ui.GrantPermissionsActivity,LIFECYCLER_STOP_ACTIVITY]
02-17 07:53:30.053 I/wm_on_destroy_called(13617): [141767680,com.android.permissioncontroller.permission.ui.GrantPermissionsActivity,performDestroy]
02-17 07:53:30.418 I/wm_task_moved( 1524): [50,1,13]
02-17 07:53:30.419 I/wm_set_resumed_activity( 1524): [0,com.tencent.qqmusicpad/.activity.AppStarterActivity,positionChildAt]
02-17 07:53:30.419 I/wm_create_activity( 1524): [0,77521178,50,com.tencent.qqmusicpad/.activity.MainActivity,NULL,NULL,NULL,0]
02-17 07:53:30.419 I/wm_pause_activity( 1524): [0,208584125,com.tencent.qqmusicpad/.activity.AppStarterActivity,userLeaving=true,resumeTopActivityInnerLocked]
02-17 07:53:30.421 I/wm_finish_activity( 1524): [0,208584125,50,com.tencent.qqmusicpad/.activity.AppStarterActivity,app-request]
02-17 07:53:30.421 I/wm_on_top_resumed_lost_called(13716): [208584125,com.tencent.qqmusicpad.activity.AppStarterActivity,topStateChangedWhenResumed]
02-17 07:53:30.422 I/wm_on_paused_called(13716): [208584125,com.tencent.qqmusicpad.activity.AppStarterActivity,performPause]
02-17 07:53:30.422 I/wm_add_to_stopping( 1524): [0,208584125,com.tencent.qqmusicpad/.activity.AppStarterActivity,completeFinishing]
02-17 07:53:30.423 I/wm_restart_activity( 1524): [0,77521178,50,com.tencent.qqmusicpad/.activity.MainActivity]
02-17 07:53:30.424 I/wm_set_resumed_activity( 1524): [0,com.tencent.qqmusicpad/.activity.MainActivity,minimalResumeActivityLocked]
02-17 07:53:30.425 I/sysui_multi_action( 1524): [757,803,799,window_time_0,802,1]
02-17 07:53:30.449 I/input_focus( 1524): [Focus leaving ec39974 com.tencent.qqmusicpad/com.tencent.qqmusicpad.activity.AppStarterActivity (server),reason=NO_WINDOW]
02-17 07:53:30.461 I/wm_on_create_called(13716): [77521178,com.tencent.qqmusicpad.activity.MainActivity,performCreate]
02-17 07:53:30.472 I/wm_on_start_called(13716): [77521178,com.tencent.qqmusicpad.activity.MainActivity,handleStartActivity]
02-17 07:53:30.473 I/wm_on_resume_called(13716): [77521178,com.tencent.qqmusicpad.activity.MainActivity,RESUME_ACTIVITY]
02-17 07:53:30.477 I/wm_on_top_resumed_gained_called(13716): [77521178,com.tencent.qqmusicpad.activity.MainActivity,topStateChangedWhenResumed]
02-17 07:53:30.519 I/input_focus( 1524): [Focus request a49b835 com.tencent.qqmusicpad/com.tencent.qqmusicpad.activity.MainActivity,reason=UpdateInputWindows]
02-17 07:53:30.577 I/wm_activity_launch_time( 1524): [0,77521178,com.tencent.qqmusicpad/.activity.MainActivity,164]
02-17 07:53:30.585 I/input_focus( 1524): [Focus entering a49b835 com.tencent.qqmusicpad/com.tencent.qqmusicpad.activity.MainActivity (server),reason=Window became focusable. Previous reason: NOT_VISIBLE]
02-17 07:53:30.935 I/auditd ( 0): type=1400 audit(0.0:15827): avc: denied { kill } for comm="swapper/5" capability=5 scontext=u:r:kernel:s0 tcontext=u:r:kernel:s0 tclass=capability permissive=0
02-17 07:53:30.975 I/wm_destroy_activity( 1524): [0,208584125,50,com.tencent.qqmusicpad/.activity.AppStarterActivity,finish-imm:idle]
02-17 07:53:30.982 I/wm_on_stop_called(13716): [208584125,com.tencent.qqmusicpad.activity.AppStarterActivity,LIFECYCLER_STOP_ACTIVITY]
02-17 07:53:30.986 I/wm_on_destroy_called(13716): [208584125,com.tencent.qqmusicpad.activity.AppStarterActivity,performDestroy]
02-17 07:53:31.056 I/am_uid_idle( 1524): 10040
02-17 07:53:31.935 I/auditd ( 0): type=1400 audit(0.0:15828): avc: denied { kill } for comm="swapper/5" capability=5 scontext=u:r:kernel:s0 tcontext=u:r:kernel:s0 tclass=capability permissive=0
02-17 07:53:32.457 I/input_interaction( 1524): Interaction with: a49b835 com.tencent.qqmusicpad/com.tencent.qqmusicpad.activity.MainActivity (server), edge-swipe (server), swipe-up (server), PointerEventDispatcher0 (server),
02-17 07:53:32.478 I/wm_task_moved( 1524): [1,0,0]
02-17 07:53:32.479 I/wm_task_moved( 1524): [1,0,12]
02-17 07:53:32.506 I/wm_on_restart_called( 2568): [128678138,com.android.launcher3.uioverrides.QuickstepLauncher,performRestartActivity]
02-17 07:53:32.521 I/wm_on_start_called( 2568): [128678138,com.android.launcher3.uioverrides.QuickstepLauncher,handleStartActivity]
02-17 07:53:32.524 I/view_enqueue_input_event(13716): [Motion - Cancel,com.tencent.qqmusicpad/com.tencent.qqmusicpad.activity.MainActivity]
02-17 07:53:32.535 I/input_focus( 1524): [Focus request recents_animation_input_consumer,reason=UpdateInputWindows]
02-17 07:53:32.535 I/input_interaction( 1524): Interaction with: edge-swipe (server), swipe-up (server), PointerEventDispatcher0 (server),
02-17 07:53:32.537 I/sysui_latency( 2568): [1,81]
02-17 07:53:32.556 I/input_focus( 1524): [Focus leaving a49b835 com.tencent.qqmusicpad/com.tencent.qqmusicpad.activity.MainActivity (server),reason=NOT_FOCUSABLE]
02-17 07:53:32.556 I/input_focus( 1524): [Focus entering recents_animation_input_consumer (server),reason=setFocusedWindow]
02-17 07:53:32.557 I/sysui_multi_action( 1524): [319,12,322,68,325,14650,757,761,758,9,759,5,806,com.android.launcher3,871,com.android.launcher3.uioverrides.QuickstepLauncher,904,com.android.launcher3,905,0,1320,8,1321,5]
02-17 07:53:32.723 I/commit_sys_config_file( 1524): [settings-1-0,4]
02-17 07:53:32.847 I/sysui_latency( 1524): [8,85]
02-17 07:53:32.935 I/auditd ( 0): type=1400 audit(0.0:15829): avc: denied { kill } for comm="swapper/0" capability=5 scontext=u:r:kernel:s0 tcontext=u:r:kernel:s0 tclass=capability permissive=0
02-17 07:53:32.947 I/commit_sys_config_file( 1524): [settings-1-0,4]
02-17 07:53:33.359 I/wm_task_moved( 1524): [1,1,13]
02-17 07:53:33.362 I/wm_task_moved( 1524): [9,1,2147483647]
02-17 07:53:33.362 I/wm_task_to_front( 1524): [0,9]
02-17 07:53:33.362 I/wm_focused_root_task( 1524): [0,0,1,50,RecentsAnimation.onAnimationFinished()]
02-17 07:53:33.362 I/wm_on_top_resumed_lost_called(13716): [77521178,com.tencent.qqmusicpad.activity.MainActivity,topStateChangedWhenResumed]
02-17 07:53:33.363 I/wm_set_resumed_activity( 1524): [0,com.android.launcher3/.uioverrides.QuickstepLauncher,RecentsAnimation.onAnimationFinished()]
02-17 07:53:33.364 I/wm_pause_activity( 1524): [0,77521178,com.tencent.qqmusicpad/.activity.MainActivity,userLeaving=true,pauseBackTasks]
02-17 07:53:33.365 I/wm_add_to_stopping( 1524): [0,77521178,com.tencent.qqmusicpad/.activity.MainActivity,makeInvisible]
02-17 07:53:33.366 I/wm_set_resumed_activity( 1524): [0,com.android.launcher3/.uioverrides.QuickstepLauncher,resumeTopActivityInnerLocked]
02-17 07:53:33.370 I/wm_resume_activity( 1524): [0,128678138,9,com.android.launcher3/.uioverrides.QuickstepLauncher]
02-17 07:53:33.370 I/wm_on_resume_called( 2568): [128678138,com.android.launcher3.uioverrides.QuickstepLauncher,RESUME_ACTIVITY]
02-17 07:53:33.377 I/input_focus( 1524): [Focus request 321be4b com.android.launcher3/com.android.launcher3.uioverrides.QuickstepLauncher,reason=UpdateInputWindows]
02-17 07:53:33.378 I/wm_on_top_resumed_gained_called( 2568): [128678138,com.android.launcher3.uioverrides.QuickstepLauncher,topStateChangedWhenResumed]
02-17 07:53:33.380 I/wm_stop_activity( 1524): [0,77521178,com.tencent.qqmusicpad/.activity.MainActivity]
02-17 07:53:33.381 I/wm_on_paused_called(13716): [77521178,com.tencent.qqmusicpad.activity.MainActivity,performPause]
02-17 07:53:33.392 I/input_focus( 1524): [Focus leaving recents_animation_input_consumer (server),reason=NOT_VISIBLE]
02-17 07:53:33.393 I/sysui_multi_action( 1524): [757,803,799,window_time_0,802,3]
02-17 07:53:33.395 I/sysui_multi_action( 1524): [757,803,799,window_time_0,802,0]
02-17 07:53:33.398 I/input_focus( 1524): [Focus entering 321be4b com.android.launcher3/com.android.launcher3.uioverrides.QuickstepLauncher (server),reason=setFocusedWindow]
02-17 07:53:33.398 I/wm_on_stop_called(13716): [77521178,com.tencent.qqmusicpad.activity.MainActivity,STOP_ACTIVITY_ITEM]
02-17 07:53:33.404 I/input_interaction( 1524): Interaction with: d4326e3 StatusBar (server), edge-swipe (server), swipe-up (server), PointerEventDispatcher0 (server),
02-17 07:53:33.412 I/sysui_multi_action( 1999): [757,803,799,panel_open,802,1]
02-17 07:53:33.413 I/sysui_multi_action( 1999): [757,1328,758,4,1326,38,1327,3,1329,0]
02-17 07:53:33.447 I/sysui_multi_action( 1524): [757,127,758,1]
02-17 07:53:33.448 I/sysui_multi_action( 1524): [757,804,799,note_load,801,3,802,1]
02-17 07:53:33.448 I/notification_panel_revealed( 1524): 3
02-17 07:53:33.456 I/input_focus( 1524): [Focus request febc086 NotificationShade,reason=UpdateInputWindows]
02-17 07:53:33.464 I/sysui_multi_action( 1524): [757,128,758,1,793,13438075,794,0,795,13438075,796,26,798,0,806,android,857,DEVELOPER_IMPORTANT,858,4,947,0,1395,3,1500,13437868,1688,1]
02-17 07:53:33.464 I/sysui_multi_action( 1524): [757,804,799,note_freshness,801,13438075,802,1]
02-17 07:53:33.464 I/notification_visibility( 1524): [-1|android|26|null|1000,1,13438075,13438075,0,0]
02-17 07:53:33.464 I/sysui_multi_action( 1524): [757,128,758,1,793,13466307,794,0,795,341275,796,17303299,797,com.android.wifi,798,1,806,android,857,NETWORK_AVAILABLE,858,2,947,0,1395,3,1500,13515,1688,1]
02-17 07:53:33.464 I/sysui_multi_action( 1524): [757,1501,758,1,793,13466307,794,0,795,341275,796,17303299,797,com.android.wifi,806,android,857,NETWORK_AVAILABLE,858,2,947,0,1500,0,1688,1]
02-17 07:53:33.464 I/sysui_multi_action( 1524): [757,804,799,note_interruptive,801,0,802,1]
02-17 07:53:33.464 I/sysui_multi_action( 1524): [757,804,799,note_freshness,801,341275,802,1]
02-17 07:53:33.464 I/notification_visibility( 1524): [0|android|17303299|com.android.wifi|1000,1,13466307,341275,0,1]
02-17 07:53:33.464 I/sysui_multi_action( 1524): [757,128,758,1,793,14640009,794,0,795,14640009,796,32,798,2,806,android,857,USB,858,1,947,0,1395,3,1500,14639577,1688,1]
02-17 07:53:33.464 I/sysui_multi_action( 1524): [757,804,799,note_freshness,801,14640009,802,1]
02-17 07:53:33.464 I/notification_visibility( 1524): [-1|android|32|null|1000,1,14640009,14640009,0,2]
02-17 07:53:33.475 I/input_focus( 1524): [Focus leaving 321be4b com.android.launcher3/com.android.launcher3.uioverrides.QuickstepLauncher (server),reason=setFocusedWindow]
02-17 07:53:33.475 I/input_focus( 1524): [Focus entering febc086 NotificationShade (server),reason=setFocusedWindow]
02-17 07:53:33.526 I/sysui_multi_action( 1999): [757,111,758,1]
02-17 07:53:33.526 I/sysui_multi_action( 1999): [757,126,758,1,759,126,927,0,928,1,1593,0]
02-17 07:53:33.526 I/sysui_multi_action( 1999): [757,113,758,1,759,113,927,1,928,1,1593,0]
02-17 07:53:33.527 I/sysui_multi_action( 1999): [757,0,758,1,759,0,927,2,928,0,1593,0]
02-17 07:53:33.527 I/sysui_multi_action( 1999): [757,0,758,1,759,0,927,3,928,0,1593,0]
02-17 07:53:33.527 I/sysui_multi_action( 1999): [757,491,758,1,759,491,927,4,928,0,1311,-1,1593,0]
02-17 07:53:33.527 I/sysui_multi_action( 1999): [757,0,758,1,759,0,927,5,928,0,1593,0]
02-17 07:53:33.527 I/sysui_multi_action( 1999): [757,111,758,1]
02-17 07:53:33.528 I/sysui_multi_action( 1999): [757,126,758,1,759,126,927,0,928,1,1593,0]
02-17 07:53:33.528 I/sysui_multi_action( 1999): [757,113,758,1,759,113,927,1,928,1,1593,0]
02-17 07:53:33.528 I/sysui_multi_action( 1999): [757,0,758,1,759,0,927,2,928,0,1593,0]
02-17 07:53:33.528 I/sysui_multi_action( 1999): [757,0,758,1,759,0,927,3,928,0,1593,0]
02-17 07:53:33.935 I/auditd ( 0): type=1400 audit(0.0:15830): avc: denied { kill } for comm="swapper/0" capability=5 scontext=u:r:kernel:s0 tcontext=u:r:kernel:s0 tclass=capability permissive=0
02-17 07:53:34.935 I/auditd ( 0): type=1400 audit(0.0:15831): avc: denied { kill } for comm="swapper/0" capability=5 scontext=u:r:kernel:s0 tcontext=u:r:kernel:s0 tclass=capability permissive=0
02-17 07:53:35.939 I/auditd ( 0): type=1400 audit(0.0:15832): avc: denied { kill } for comm="swapper/3" capability=5 scontext=u:r:kernel:s0 tcontext=u:r:kernel:s0 tclass=capability permissive=0
02-17 07:53:36.939 I/auditd ( 0): type=1400 audit(0.0:15833): avc: denied { kill } for comm="swapper/3" capability=5 scontext=u:r:kernel:s0 tcontext=u:r:kernel:s0 tclass=capability permissive=0
02-17 07:53:37.050 I/commit_sys_config_file( 1524): [package-user-0,6]
02-17 07:53:37.935 I/auditd ( 0): type=1400 audit(0.0:15834): avc: denied { kill } for comm="swapper/3" capability=5 scontext=u:r:kernel:s0 tcontext=u:r:kernel:s0 tclass=capability permissive=0
02-17 07:53:38.697 I/am_pss ( 1524): [13716,10095,com.tencent.qqmusicpad,71022592,39550976,0,176156672,0,4,12]
02-17 07:53:38.939 I/auditd ( 0): type=1400 audit(0.0:15835): avc: denied { kill } for comm="swapper/3" capability=5 scontext=u:r:kernel:s0 tcontext=u:r:kernel:s0 tclass=capability permissive=0
02-17 07:53:39.893 I/commit_sys_config_file( 1524): [package-user-0,2]
02-17 07:53:39.893 I/commit_sys_config_file( 1524): [package,48]
02-17 07:53:39.939 I/auditd ( 0): type=1400 audit(0.0:15836): avc: denied { kill } for comm="swapper/3" capability=5 scontext=u:r:kernel:s0 tcontext=u:r:kernel:s0 tclass=capability permissive=0
02-17 07:53:40.844 I/input_interaction( 1524): Interaction with: febc086 NotificationShade (server), edge-swipe (server), swipe-up (server), PointerEventDispatcher0 (server),
02-17 07:53:40.935 I/auditd ( 0): type=1400 audit(0.0:15837): avc: denied { kill } for comm="swapper/3" capability=5 scontext=u:r:kernel:s0 tcontext=u:r:kernel:s0 tclass=capability permissive=0
02-17 07:53:41.935 I/auditd ( 0): type=1400 audit(0.0:15838): avc: denied { kill } for comm="swapper/3" capability=5 scontext=u:r:kernel:s0 tcontext=u:r:kernel:s0 tclass=capability permissive=0
02-17 07:53:42.935 I/auditd ( 0): type=1400 audit(0.0:15839): avc: denied { kill } for comm="swapper/3" capability=5 scontext=u:r:kernel:s0 tcontext=u:r:kernel:s0 tclass=capability permissive=0
02-17 07:53:43.935 I/auditd ( 0): type=1400 audit(0.0:15840): avc: denied { kill } for comm="swapper/3" capability=5 scontext=u:r:kernel:s0 tcontext=u:r:kernel:s0 tclass=capability permissive=0
02-17 07:53:44.935 I/auditd ( 0): type=1400 audit(0.0:15841): avc: denied { kill } for comm="swapper/3" capability=5 scontext=u:r:kernel:s0 tcontext=u:r:kernel:s0 tclass=capability permissive=0
02-17 07:53:45.922 I/notification_enqueue( 1524): [10080,1999,com.android.systemui,2048,NULL,0,Notification(channel=updateNotification shortcut=null contentView=null vibrate=null sound=null defaults=0x0 flags=0x0 color=0x00000000 vis=PRIVATE),1]
02-17 07:53:45.935 I/auditd ( 0): type=1400 audit(0.0:15842): avc: denied { kill } for comm="swapper/3" capability=5 scontext=u:r:kernel:s0 tcontext=u:r:kernel:s0 tclass=capability permissive=0
02-17 07:53:46.193 I/sysui_multi_action( 1524): [757,128,758,1,793,17186,794,0,795,17186,796,1,798,3,806,com.tencent.qqmusicpad,857,10000,858,2,947,0,1395,4,1500,17186,1688,1]
02-17 07:53:46.194 I/sysui_multi_action( 1524): [757,804,799,note_freshness,801,17186,802,1]
02-17 07:53:46.194 I/notification_visibility( 1524): [0|com.tencent.qqmusicpad|1|null|10095,1,17186,17186,0,3]
02-17 07:53:46.935 I/auditd ( 0): type=1400 audit(0.0:15843): avc: denied { kill } for comm="swapper/3" capability=5 scontext=u:r:kernel:s0 tcontext=u:r:kernel:s0 tclass=capability permissive=0
02-17 07:53:48.939 I/auditd ( 0): type=1400 audit(0.0:15844): avc: denied { kill } for comm="swapper/3" capability=5 scontext=u:r:kernel:s0 tcontext=u:r:kernel:s0 tclass=capability permissive=0
02-17 07:53:49.251 I/sysui_multi_action( 1999): [757,407,758,4,759,1]
02-17 07:53:49.267 I/am_freeze( 1524): [12755,com.qti.diagservices]
02-17 07:53:49.269 I/am_kill ( 1524): [0,12755,com.qti.diagservices,965,Unable to freeze binder interface]
02-17 07:53:49.322 I/am_proc_died( 1524): [0,12755,com.qti.diagservices,965,10]
02-17 07:53:49.323 I/am_schedule_service_restart( 1524): [0,com.qti.diagservices/.QTIDiagServices,1000]
02-17 07:53:49.335 I/am_pss ( 1524): [13716,10095,com.tencent.qqmusicpad,71304192,39825408,0,176431104,0,4,9]
02-17 07:53:49.342 I/am_pss ( 1524): [13834,10095,com.tencent.qqmusicpad:QQPlayerService,39576576,16379904,0,124977152,0,4,7]
02-17 07:53:49.655 I/sysui_multi_action( 1524): [757,128,758,3,793,20648,794,3462,795,20648,796,1,806,com.tencent.qqmusicpad,857,10000,858,2,947,0,1500,20648,1688,1]
02-17 07:53:49.935 I/auditd ( 0): type=1400 audit(0.0:15845): avc: denied { kill } for comm="swapper/3" capability=5 scontext=u:r:kernel:s0 tcontext=u:r:kernel:s0 tclass=capability permissive=0
02-17 07:53:50.354 I/am_proc_start( 1524): [0,14037,1000,com.qti.diagservices,service,{com.qti.diagservices/com.qti.diagservices.QTIDiagServices}]
02-17 07:53:50.397 I/am_proc_bound( 1524): [0,14037,com.qti.diagservices]
02-17 07:53:50.431 I/auditd (14037): type=1400 audit(0.0:15846): avc: denied { read write } for comm="ti.diagservices" name="diag" dev="tmpfs" ino=12255 scontext=u:r:system_app:s0 tcontext=u:object_r:vendor_diag_device:s0 tclass=chr_file permissive=0
02-17 07:53:50.581 I/sysui_multi_action( 1999): [757,407,758,4,759,0]
02-17 07:53:50.935 I/auditd ( 0): type=1400 audit(0.0:15847): avc: denied { kill } for comm="swapper/3" capability=5 scontext=u:r:kernel:s0 tcontext=u:r:kernel:s0 tclass=capability permissive=0
02-17 07:53:50.980 I/sysui_multi_action( 1524): [757,128,758,14,793,21972,794,4786,795,21972,796,1,806,com.tencent.qqmusicpad,857,10000,858,2,947,0,1500,21972,1688,1]
02-17 07:53:51.736 I/service_manager_stats( 1524): [100,73,73657]
02-17 07:53:52.060 I/notification_enqueue( 1524): [10080,1999,com.android.systemui,2048,NULL,0,Notification(channel=updateNotification shortcut=null contentView=null vibrate=null sound=null defaults=0x0 flags=0x0 color=0x00000000 vis=PRIVATE),1]
02-17 07:53:52.061 I/sysui_multi_action( 1999): [757,111,758,2]
02-17 07:53:52.061 I/sysui_multi_action( 1999): [757,111,758,2]
02-17 07:53:52.267 I/input_focus( 1524): [Focus request 321be4b com.android.launcher3/com.android.launcher3.uioverrides.QuickstepLauncher,reason=UpdateInputWindows]
02-17 07:53:52.273 I/sysui_multi_action( 1524): [757,128,758,2,793,13456884,794,18809,795,13456884,796,26,798,0,806,android,857,DEVELOPER_IMPORTANT,858,4,947,0,1395,4,1500,13456677,1688,1]
02-17 07:53:52.273 I/notification_visibility( 1524): [-1|android|26|null|1000,0,13456884,13456884,0,0]
02-17 07:53:52.274 I/sysui_multi_action( 1524): [757,128,758,2,793,13485117,794,18810,795,360085,796,17303299,797,com.android.wifi,798,1,806,android,857,NETWORK_AVAILABLE,858,2,947,0,1395,4,1500,18810,1688,1]
02-17 07:53:52.274 I/notification_visibility( 1524): [0|android|17303299|com.android.wifi|1000,0,13485117,360085,0,1]
02-17 07:53:52.274 I/sysui_multi_action( 1524): [757,128,758,2,793,23267,794,6081,795,23267,796,1,798,3,806,com.tencent.qqmusicpad,857,10000,858,2,947,0,1395,4,1500,23267,1688,1]
02-17 07:53:52.274 I/notification_visibility( 1524): [0|com.tencent.qqmusicpad|1|null|10095,0,23267,23267,0,3]
02-17 07:53:52.274 I/sysui_multi_action( 1524): [757,128,758,2,793,14658819,794,18810,795,14658819,796,32,798,2,806,android,857,USB,858,1,947,0,1395,4,1500,14658387,1688,1]
02-17 07:53:52.275 I/notification_visibility( 1524): [-1|android|32|null|1000,0,14658819,14658819,0,2]
02-17 07:53:52.275 I/sysui_multi_action( 1524): [757,127,758,2]
02-17 07:53:52.275 I/notification_panel_hidden( 1524):
02-17 07:53:52.288 I/input_focus( 1524): [Focus leaving febc086 NotificationShade (server),reason=NOT_FOCUSABLE]
02-17 07:53:52.288 I/input_focus( 1524): [Focus entering 321be4b com.android.launcher3/com.android.launcher3.uioverrides.QuickstepLauncher (server),reason=setFocusedWindow]
02-17 07:53:52.671 I/input_interaction( 1524): Interaction with: d4326e3 StatusBar (server), edge-swipe (server), swipe-up (server), PointerEventDispatcher0 (server),
02-17 07:53:52.681 I/sysui_multi_action( 1999): [757,803,799,panel_open,802,1]
02-17 07:53:52.682 I/sysui_multi_action( 1999): [757,1328,758,4,1326,27,1327,1,1329,0]
02-17 07:53:52.723 I/sysui_multi_action( 1524): [757,127,758,1]
02-17 07:53:52.724 I/sysui_multi_action( 1524): [757,804,799,note_load,801,3,802,1]
02-17 07:53:52.724 I/notification_panel_revealed( 1524): 3
02-17 07:53:52.732 I/input_focus( 1524): [Focus request febc086 NotificationShade,reason=UpdateInputWindows]
02-17 07:53:52.746 I/sysui_multi_action( 1524): [757,128,758,1,793,13457357,794,0,795,13457357,796,26,798,0,806,android,857,DEVELOPER_IMPORTANT,858,4,947,0,1395,3,1500,13457150,1688,1]
02-17 07:53:52.746 I/sysui_multi_action( 1524): [757,804,799,note_freshness,801,13457357,802,1]
02-17 07:53:52.746 I/notification_visibility( 1524): [-1|android|26|null|1000,1,13457357,13457357,0,0]
02-17 07:53:52.746 I/sysui_multi_action( 1524): [757,128,758,1,793,13485589,794,0,795,360557,796,17303299,797,com.android.wifi,798,1,806,android,857,NETWORK_AVAILABLE,858,2,947,0,1395,3,1500,19282,1688,1]
02-17 07:53:52.746 I/sysui_multi_action( 1524): [757,1501,758,1,793,13485589,794,0,795,360557,796,17303299,797,com.android.wifi,806,android,857,NETWORK_AVAILABLE,858,2,947,0,1500,0,1688,1]
02-17 07:53:52.746 I/sysui_multi_action( 1524): [757,804,799,note_interruptive,801,0,802,1]
02-17 07:53:52.746 I/sysui_multi_action( 1524): [757,804,799,note_freshness,801,360557,802,1]
02-17 07:53:52.746 I/notification_visibility( 1524): [0|android|17303299|com.android.wifi|1000,1,13485589,360557,0,1]
02-17 07:53:52.747 I/sysui_multi_action( 1524): [757,128,758,1,793,14659292,794,0,795,14659292,796,32,798,2,806,android,857,USB,858,1,947,0,1395,3,1500,14658860,1688,1]
02-17 07:53:52.747 I/sysui_multi_action( 1524): [757,804,799,note_freshness,801,14659292,802,1]
02-17 07:53:52.747 I/notification_visibility( 1524): [-1|android|32|null|1000,1,14659292,14659292,0,2]
02-17 07:53:52.755 I/input_focus( 1524): [Focus leaving 321be4b com.android.launcher3/com.android.launcher3.uioverrides.QuickstepLauncher (server),reason=setFocusedWindow]
02-17 07:53:52.755 I/input_focus( 1524): [Focus entering febc086 NotificationShade (server),reason=setFocusedWindow]
02-17 07:53:52.805 I/sysui_multi_action( 1999): [757,111,758,1]
02-17 07:53:52.805 I/sysui_multi_action( 1999): [757,126,758,1,759,126,927,0,928,1,1593,0]
02-17 07:53:52.805 I/sysui_multi_action( 1999): [757,113,758,1,759,113,927,1,928,1,1593,0]
02-17 07:53:52.805 I/sysui_multi_action( 1999): [757,0,758,1,759,0,927,2,928,0,1593,0]
02-17 07:53:52.806 I/sysui_multi_action( 1999): [757,0,758,1,759,0,927,3,928,0,1593,0]
02-17 07:53:52.806 I/sysui_multi_action( 1999): [757,491,758,1,759,491,927,4,928,0,1311,-1,1593,0]
02-17 07:53:52.806 I/sysui_multi_action( 1999): [757,0,758,1,759,0,927,5,928,0,1593,0]
02-17 07:53:52.806 I/sysui_multi_action( 1999): [757,111,758,1]
02-17 07:53:52.806 I/sysui_multi_action( 1999): [757,126,758,1,759,126,927,0,928,1,1593,0]
02-17 07:53:52.806 I/sysui_multi_action( 1999): [757,113,758,1,759,113,927,1,928,1,1593,0]
02-17 07:53:52.806 I/sysui_multi_action( 1999): [757,0,758,1,759,0,927,2,928,0,1593,0]
02-17 07:53:52.806 I/sysui_multi_action( 1999): [757,0,758,1,759,0,927,3,928,0,1593,0]
02-17 07:53:53.935 I/auditd ( 0): type=1400 audit(0.0:15848): avc: denied { kill } for comm="swapper/2" capability=5 scontext=u:r:kernel:s0 tcontext=u:r:kernel:s0 tclass=capability permissive=0
02-17 07:53:54.399 I/input_interaction( 1524): Interaction with: febc086 NotificationShade (server), edge-swipe (server), swipe-up (server), PointerEventDispatcher0 (server),
02-17 07:53:54.935 I/auditd ( 0): type=1400 audit(0.0:15849): avc: denied { kill } for comm="swapper/2" capability=5 scontext=u:r:kernel:s0 tcontext=u:r:kernel:s0 tclass=capability permissive=0
02-17 07:53:55.095 I/notification_enqueue( 1524): [10080,1999,com.android.systemui,2048,NULL,0,Notification(channel=updateNotification shortcut=null contentView=null vibrate=null sound=null defaults=0x0 flags=0x0 color=0x00000000 vis=PRIVATE),1]
02-17 07:53:55.095 I/sysui_multi_action( 1999): [757,111,758,2]
02-17 07:53:55.095 I/sysui_multi_action( 1999): [757,111,758,2]
02-17 07:53:55.261 I/input_focus( 1524): [Focus request 321be4b com.android.launcher3/com.android.launcher3.uioverrides.QuickstepLauncher,reason=UpdateInputWindows]
02-17 07:53:55.266 I/sysui_multi_action( 1524): [757,128,758,2,793,13459876,794,2519,795,13459876,796,26,798,0,806,android,857,DEVELOPER_IMPORTANT,858,4,947,0,1395,3,1500,13459669,1688,1]
02-17 07:53:55.266 I/notification_visibility( 1524): [-1|android|26|null|1000,0,13459876,13459876,0,0]
02-17 07:53:55.266 I/sysui_multi_action( 1524): [757,128,758,2,793,13488109,794,2520,795,363077,796,17303299,797,com.android.wifi,798,1,806,android,857,NETWORK_AVAILABLE,858,2,947,0,1395,3,1500,2520,1688,1]
02-17 07:53:55.267 I/notification_visibility( 1524): [0|android|17303299|com.android.wifi|1000,0,13488109,363077,0,1]
02-17 07:53:55.267 I/sysui_multi_action( 1524): [757,128,758,2,793,14661812,794,2520,795,14661812,796,32,798,2,806,android,857,USB,858,1,947,0,1395,3,1500,14661380,1688,1]
02-17 07:53:55.267 I/notification_visibility( 1524): [-1|android|32|null|1000,0,14661812,14661812,0,2]
02-17 07:53:55.268 I/sysui_multi_action( 1524): [757,127,758,2]
02-17 07:53:55.268 I/notification_panel_hidden( 1524):
02-17 07:53:55.278 I/input_focus( 1524): [Focus leaving febc086 NotificationShade (server),reason=NO_WINDOW]
02-17 07:53:55.278 I/input_focus( 1524): [Focus entering 321be4b com.android.launcher3/com.android.launcher3.uioverrides.QuickstepLauncher (server),reason=setFocusedWindow]
02-17 07:53:55.415 I/input_interaction( 1524): Interaction with: d4326e3 StatusBar (server), edge-swipe (server), swipe-up (server), PointerEventDispatcher0 (server),
02-17 07:53:55.417 I/sysui_multi_action( 1999): [757,803,799,panel_open,802,1]
02-17 07:53:55.417 I/sysui_multi_action( 1999): [757,1328,758,4,1326,21,1327,4,1329,0]
02-17 07:53:55.448 I/sysui_multi_action( 1524): [757,127,758,1]
02-17 07:53:55.448 I/sysui_multi_action( 1524): [757,804,799,note_load,801,3,802,1]
02-17 07:53:55.448 I/notification_panel_revealed( 1524): 3
02-17 07:53:55.457 I/input_focus( 1524): [Focus request febc086 NotificationShade,reason=UpdateInputWindows]
02-17 07:53:55.468 I/sysui_multi_action( 1524): [757,128,758,1,793,13460079,794,0,795,13460079,796,26,798,0,806,android,857,DEVELOPER_IMPORTANT,858,4,947,0,1395,3,1500,13459872,1688,1]
02-17 07:53:55.468 I/sysui_multi_action( 1524): [757,804,799,note_freshness,801,13460079,802,1]
02-17 07:53:55.469 I/notification_visibility( 1524): [-1|android|26|null|1000,1,13460079,13460079,0,0]
02-17 07:53:55.469 I/sysui_multi_action( 1524): [757,128,758,1,793,13488312,794,0,795,363280,796,17303299,797,com.android.wifi,798,1,806,android,857,NETWORK_AVAILABLE,858,2,947,0,1395,3,1500,2723,1688,1]
02-17 07:53:55.469 I/sysui_multi_action( 1524): [757,1501,758,1,793,13488312,794,0,795,363280,796,17303299,797,com.android.wifi,806,android,857,NETWORK_AVAILABLE,858,2,947,0,1500,0,1688,1]
02-17 07:53:55.469 I/sysui_multi_action( 1524): [757,804,799,note_interruptive,801,0,802,1]
02-17 07:53:55.469 I/sysui_multi_action( 1524): [757,804,799,note_freshness,801,363280,802,1]
02-17 07:53:55.469 I/notification_visibility( 1524): [0|android|17303299|com.android.wifi|1000,1,13488312,363280,0,1]
02-17 07:53:55.469 I/sysui_multi_action( 1524): [757,128,758,1,793,14662014,794,0,795,14662014,796,32,798,2,806,android,857,USB,858,1,947,0,1395,3,1500,14661582,1688,1]
02-17 07:53:55.469 I/sysui_multi_action( 1524): [757,804,799,note_freshness,801,14662014,802,1]
02-17 07:53:55.469 I/notification_visibility( 1524): [-1|android|32|null|1000,1,14662014,14662014,0,2]
02-17 07:53:55.478 I/input_focus( 1524): [Focus leaving 321be4b com.android.launcher3/com.android.launcher3.uioverrides.QuickstepLauncher (server),reason=setFocusedWindow]
02-17 07:53:55.478 I/input_focus( 1524): [Focus entering febc086 NotificationShade (server),reason=setFocusedWindow]
02-17 07:53:55.528 I/sysui_multi_action( 1999): [757,111,758,1]
02-17 07:53:55.529 I/sysui_multi_action( 1999): [757,126,758,1,759,126,927,0,928,1,1593,0]
02-17 07:53:55.529 I/sysui_multi_action( 1999): [757,113,758,1,759,113,927,1,928,1,1593,0]
02-17 07:53:55.529 I/sysui_multi_action( 1999): [757,0,758,1,759,0,927,2,928,0,1593,0]
02-17 07:53:55.529 I/sysui_multi_action( 1999): [757,0,758,1,759,0,927,3,928,0,1593,0]
02-17 07:53:55.530 I/sysui_multi_action( 1999): [757,491,758,1,759,491,927,4,928,0,1311,-1,1593,0]
02-17 07:53:55.530 I/sysui_multi_action( 1999): [757,0,758,1,759,0,927,5,928,0,1593,0]
02-17 07:53:55.530 I/sysui_multi_action( 1999): [757,111,758,1]
02-17 07:53:55.530 I/sysui_multi_action( 1999): [757,126,758,1,759,126,927,0,928,1,1593,0]
02-17 07:53:55.530 I/sysui_multi_action( 1999): [757,113,758,1,759,113,927,1,928,1,1593,0]
02-17 07:53:55.530 I/sysui_multi_action( 1999): [757,0,758,1,759,0,927,2,928,0,1593,0]
02-17 07:53:55.530 I/sysui_multi_action( 1999): [757,0,758,1,759,0,927,3,928,0,1593,0]
02-17 07:53:56.935 I/auditd ( 0): type=1400 audit(0.0:15850): avc: denied { kill } for comm="swapper/0" capability=5 scontext=u:r:kernel:s0 tcontext=u:r:kernel:s0 tclass=capability permissive=0
02-17 07:53:57.935 I/auditd ( 0): type=1400 audit(0.0:15851): avc: denied { kill } for comm="swapper/0" capability=5 scontext=u:r:kernel:s0 tcontext=u:r:kernel:s0 tclass=capability permissive=0
02-17 07:53:58.935 I/auditd ( 0): type=1400 audit(0.0:15852): avc: denied { kill } for comm="swapper/0" capability=5 scontext=u:r:kernel:s0 tcontext=u:r:kernel:s0 tclass=capability permissive=0
02-17 07:53:59.939 I/auditd ( 0): type=1400 audit(0.0:15853): avc: denied { kill } for comm="swapper/0" capability=5 scontext=u:r:kernel:s0 tcontext=u:r:kernel:s0 tclass=capability permissive=0
02-17 07:54:00.935 I/auditd ( 0): type=1400 audit(0.0:15854): avc: denied { kill } for comm="swapper/0" capability=5 scontext=u:r:kernel:s0 tcontext=u:r:kernel:s0 tclass=capability permissive=0
02-17 07:54:01.939 I/auditd ( 0): type=1400 audit(0.0:15855): avc: denied { kill } for comm="swapper/0" capability=5 scontext=u:r:kernel:s0 tcontext=u:r:kernel:s0 tclass=capability permissive=0
02-17 07:54:02.935 I/auditd ( 0): type=1400 audit(0.0:15856): avc: denied { kill } for comm="swapper/0" capability=5 scontext=u:r:kernel:s0 tcontext=u:r:kernel:s0 tclass=capability permissive=0
02-17 07:54:03.935 I/auditd ( 0): type=1400 audit(0.0:15857): avc: denied { kill } for comm="swapper/0" capability=5 scontext=u:r:kernel:s0 tcontext=u:r:kernel:s0 tclass=capability permissive=0
02-17 07:54:04.939 I/auditd ( 0): type=1400 audit(0.0:15858): avc: denied { kill } for comm="swapper/0" capability=5 scontext=u:r:kernel:s0 tcontext=u:r:kernel:s0 tclass=capability permissive=0
02-17 07:54:05.935 I/auditd ( 0): type=1400 audit(0.0:15859): avc: denied { kill } for comm="swapper/0" capability=5 scontext=u:r:kernel:s0 tcontext=u:r:kernel:s0 tclass=capability permissive=0
02-17 07:54:06.935 I/auditd ( 0): type=1400 audit(0.0:15860): avc: denied { kill } for comm="swapper/0" capability=5 scontext=u:r:kernel:s0 tcontext=u:r:kernel:s0 tclass=capability permissive=0
02-17 07:54:07.715 I/input_interaction( 1524): Interaction with: febc086 NotificationShade (server), edge-swipe (server), swipe-up (server), PointerEventDispatcher0 (server),
02-17 07:54:07.935 I/auditd ( 0): type=1400 audit(0.0:15861): avc: denied { kill } for comm="swapper/0" capability=5 scontext=u:r:kernel:s0 tcontext=u:r:kernel:s0 tclass=capability permissive=0
02-17 07:54:08.159 I/sysui_multi_action( 1999): [757,111,758,2]
02-17 07:54:08.160 I/sysui_multi_action( 1999): [757,111,758,2]
02-17 07:54:08.160 I/notification_enqueue( 1524): [10080,1999,com.android.systemui,2048,NULL,0,Notification(channel=updateNotification shortcut=null contentView=null vibrate=null sound=null defaults=0x0 flags=0x0 color=0x00000000 vis=PRIVATE),1]
02-17 07:54:08.249 I/input_focus( 1524): [Focus request 321be4b com.android.launcher3/com.android.launcher3.uioverrides.QuickstepLauncher,reason=UpdateInputWindows]
02-17 07:54:08.254 I/sysui_multi_action( 1524): [757,128,758,2,793,13472865,794,12786,795,13472865,796,26,798,0,806,android,857,DEVELOPER_IMPORTANT,858,4,947,0,1395,3,1500,13472658,1688,1]
02-17 07:54:08.255 I/notification_visibility( 1524): [-1|android|26|null|1000,0,13472865,13472865,0,0]
02-17 07:54:08.256 I/sysui_multi_action( 1524): [757,128,758,2,793,13501098,794,12786,795,376066,796,17303299,797,com.android.wifi,798,1,806,android,857,NETWORK_AVAILABLE,858,2,947,0,1395,3,1500,12786,1688,1]
02-17 07:54:08.256 I/notification_visibility( 1524): [0|android|17303299|com.android.wifi|1000,0,13501098,376066,0,1]
02-17 07:54:08.257 I/sysui_multi_action( 1524): [757,128,758,2,793,14674802,794,12788,795,14674802,796,32,798,2,806,android,857,USB,858,1,947,0,1395,3,1500,14674370,1688,1]
02-17 07:54:08.257 I/notification_visibility( 1524): [-1|android|32|null|1000,0,14674802,14674802,0,2]
02-17 07:54:08.260 I/sysui_multi_action( 1524): [757,127,758,2]
02-17 07:54:08.260 I/notification_panel_hidden( 1524):
02-17 07:54:08.276 I/input_focus( 1524): [Focus leaving febc086 NotificationShade (server),reason=NO_WINDOW]
02-17 07:54:08.276 I/input_focus( 1524): [Focus entering 321be4b com.android.launcher3/com.android.launcher3.uioverrides.QuickstepLauncher (server),reason=setFocusedWindow]
02-17 07:54:08.938 I/input_interaction( 1524): Interaction with: 321be4b com.android.launcher3/com.android.launcher3.uioverrides.QuickstepLauncher (server), 8f82c51 com.android.systemui.ImageWallpaper (server), edge-swipe (server), swipe-up (server), PointerEventDispatcher0 (server),
02-17 07:54:08.935 I/auditd ( 0): type=1400 audit(0.0:15862): avc: denied { kill } for comm="swapper/0" capability=5 scontext=u:r:kernel:s0 tcontext=u:r:kernel:s0 tclass=capability permissive=0
02-17 07:54:09.093 I/wm_task_moved( 1524): [50,1,13]
02-17 07:54:09.093 I/wm_task_to_front( 1524): [0,50]
02-17 07:54:09.094 I/wm_focused_root_task( 1524): [0,0,50,1,bringingFoundTaskToFront]
02-17 07:54:09.094 I/wm_set_resumed_activity( 1524): [0,com.tencent.qqmusicpad/.activity.MainActivity,bringingFoundTaskToFront]
02-17 07:54:09.098 I/wm_pause_activity( 1524): [0,128678138,com.android.launcher3/.uioverrides.QuickstepLauncher,userLeaving=true,pauseBackTasks]
02-17 07:54:09.105 I/wm_on_top_resumed_lost_called( 2568): [128678138,com.android.launcher3.uioverrides.QuickstepLauncher,topStateChangedWhenResumed]
02-17 07:54:09.106 I/wm_on_paused_called( 2568): [128678138,com.android.launcher3.uioverrides.QuickstepLauncher,performPause]
02-17 07:54:09.109 I/wm_set_resumed_activity( 1524): [0,com.tencent.qqmusicpad/.activity.MainActivity,resumeTopActivityInnerLocked]
02-17 07:54:09.110 I/wm_add_to_stopping( 1524): [0,128678138,com.android.launcher3/.uioverrides.QuickstepLauncher,makeInvisible]
02-17 07:54:09.114 I/wm_resume_activity( 1524): [0,77521178,50,com.tencent.qqmusicpad/.activity.MainActivity]
02-17 07:54:09.123 I/sysui_multi_action( 1524): [757,803,799,window_time_0,802,35]
02-17 07:54:09.137 I/wm_on_restart_called(13716): [77521178,com.tencent.qqmusicpad.activity.MainActivity,performRestartActivity]
02-17 07:54:09.140 I/wm_on_start_called(13716): [77521178,com.tencent.qqmusicpad.activity.MainActivity,handleStartActivity]
02-17 07:54:09.142 I/wm_on_resume_called(13716): [77521178,com.tencent.qqmusicpad.activity.MainActivity,RESUME_ACTIVITY]
02-17 07:54:09.144 I/wm_on_top_resumed_gained_called(13716): [77521178,com.tencent.qqmusicpad.activity.MainActivity,topWhenResuming]
02-17 07:54:09.144 I/input_focus( 1524): [Focus leaving 321be4b com.android.launcher3/com.android.launcher3.uioverrides.QuickstepLauncher (server),reason=NO_WINDOW]
02-17 07:54:09.149 I/input_focus( 1524): [Focus request a49b835 com.tencent.qqmusicpad/com.tencent.qqmusicpad.activity.MainActivity,reason=UpdateInputWindows]
02-17 07:54:09.164 I/sysui_multi_action( 1524): [319,41,321,38,322,67,325,14686,757,761,758,9,759,4,806,com.tencent.qqmusicpad,871,com.tencent.qqmusicpad.activity.MainActivity,904,com.tencent.qqmusicpad,905,0,1320,4,1321,4]
02-17 07:54:09.176 I/input_focus( 1524): [Focus entering a49b835 com.tencent.qqmusicpad/com.tencent.qqmusicpad.activity.MainActivity (server),reason=Window became focusable. Previous reason: NOT_VISIBLE]
02-17 07:54:09.666 I/wm_stop_activity( 1524): [0,128678138,com.android.launcher3/.uioverrides.QuickstepLauncher]
02-17 07:54:09.694 I/wm_on_stop_called( 2568): [128678138,com.android.launcher3.uioverrides.QuickstepLauncher,STOP_ACTIVITY_ITEM]
02-17 07:54:09.935 I/auditd ( 0): type=1400 audit(0.0:15863): avc: denied { kill } for comm="swapper/0" capability=5 scontext=u:r:kernel:s0 tcontext=u:r:kernel:s0 tclass=capability permissive=0
02-17 07:54:10.068 I/input_interaction( 1524): Interaction with: d4326e3 StatusBar (server), edge-swipe (server), swipe-up (server), PointerEventDispatcher0 (server),
02-17 07:54:10.072 I/sysui_multi_action( 1999): [757,803,799,panel_open,802,1]
02-17 07:54:10.073 I/sysui_multi_action( 1999): [757,1328,758,4,1326,40,1327,5,1329,0]
02-17 07:54:10.117 I/sysui_multi_action( 1524): [757,127,758,1]
02-17 07:54:10.117 I/sysui_multi_action( 1524): [757,804,799,note_load,801,3,802,1]
02-17 07:54:10.118 I/notification_panel_revealed( 1524): 3
02-17 07:54:10.130 I/input_focus( 1524): [Focus request febc086 NotificationShade,reason=UpdateInputWindows]
02-17 07:54:10.141 I/sysui_multi_action( 1524): [757,128,758,1,793,13474752,794,0,795,13474752,796,26,798,0,806,android,857,DEVELOPER_IMPORTANT,858,4,947,0,1395,3,1500,13474545,1688,1]
02-17 07:54:10.141 I/sysui_multi_action( 1524): [757,804,799,note_freshness,801,13474752,802,1]
02-17 07:54:10.141 I/notification_visibility( 1524): [-1|android|26|null|1000,1,13474752,13474752,0,0]
02-17 07:54:10.141 I/sysui_multi_action( 1524): [757,128,758,1,793,13502984,794,0,795,377952,796,17303299,797,com.android.wifi,798,1,806,android,857,NETWORK_AVAILABLE,858,2,947,0,1395,3,1500,14672,1688,1]
02-17 07:54:10.141 I/sysui_multi_action( 1524): [757,1501,758,1,793,13502984,794,0,795,377952,796,17303299,797,com.android.wifi,806,android,857,NETWORK_AVAILABLE,858,2,947,0,1500,0,1688,1]
02-17 07:54:10.141 I/sysui_multi_action( 1524): [757,804,799,note_interruptive,801,0,802,1]
02-17 07:54:10.141 I/sysui_multi_action( 1524): [757,804,799,note_freshness,801,377952,802,1]
02-17 07:54:10.141 I/notification_visibility( 1524): [0|android|17303299|com.android.wifi|1000,1,13502984,377952,0,1]
02-17 07:54:10.141 I/sysui_multi_action( 1524): [757,128,758,1,793,14676686,794,0,795,14676686,796,32,798,2,806,android,857,USB,858,1,947,0,1395,3,1500,14676254,1688,1]
02-17 07:54:10.142 I/sysui_multi_action( 1524): [757,804,799,note_freshness,801,14676686,802,1]
02-17 07:54:10.142 I/notification_visibility( 1524): [-1|android|32|null|1000,1,14676686,14676686,0,2]
02-17 07:54:10.147 I/input_focus( 1524): [Focus leaving a49b835 com.tencent.qqmusicpad/com.tencent.qqmusicpad.activity.MainActivity (server),reason=setFocusedWindow]
02-17 07:54:10.147 I/input_focus( 1524): [Focus entering febc086 NotificationShade (server),reason=setFocusedWindow]
02-17 07:54:10.166 I/sysui_multi_action( 1999): [757,111,758,1]
02-17 07:54:10.167 I/sysui_multi_action( 1999): [757,126,758,1,759,126,927,0,928,1,1593,0]
02-17 07:54:10.167 I/sysui_multi_action( 1999): [757,113,758,1,759,113,927,1,928,1,1593,0]
02-17 07:54:10.167 I/sysui_multi_action( 1999): [757,0,758,1,759,0,927,2,928,0,1593,0]
02-17 07:54:10.167 I/sysui_multi_action( 1999): [757,0,758,1,759,0,927,3,928,0,1593,0]
02-17 07:54:10.167 I/sysui_multi_action( 1999): [757,491,758,1,759,491,927,4,928,0,1311,-1,1593,0]
02-17 07:54:10.167 I/sysui_multi_action( 1999): [757,0,758,1,759,0,927,5,928,0,1593,0]
02-17 07:54:10.168 I/sysui_multi_action( 1999): [757,111,758,1]
02-17 07:54:10.168 I/sysui_multi_action( 1999): [757,126,758,1,759,126,927,0,928,1,1593,0]
02-17 07:54:10.168 I/sysui_multi_action( 1999): [757,113,758,1,759,113,927,1,928,1,1593,0]
02-17 07:54:10.168 I/sysui_multi_action( 1999): [757,0,758,1,759,0,927,2,928,0,1593,0]
02-17 07:54:10.168 I/sysui_multi_action( 1999): [757,0,758,1,759,0,927,3,928,0,1593,0]
02-17 07:54:10.935 I/auditd ( 0): type=1400 audit(0.0:15864): avc: denied { kill } for comm="swapper/0" capability=5 scontext=u:r:kernel:s0 tcontext=u:r:kernel:s0 tclass=capability permissive=0
02-17 07:54:11.278 I/input_interaction( 1524): Interaction with: febc086 NotificationShade (server), edge-swipe (server), swipe-up (server), PointerEventDispatcher0 (server),
02-17 07:54:11.738 I/notification_enqueue( 1524): [10080,1999,com.android.systemui,2048,NULL,0,Notification(channel=updateNotification shortcut=null contentView=null vibrate=null sound=null defaults=0x0 flags=0x0 color=0x00000000 vis=PRIVATE),1]
02-17 07:54:11.739 I/sysui_multi_action( 1999): [757,111,758,2]
02-17 07:54:11.739 I/sysui_multi_action( 1999): [757,111,758,2]
02-17 07:54:11.955 I/input_focus( 1524): [Focus request a49b835 com.tencent.qqmusicpad/com.tencent.qqmusicpad.activity.MainActivity,reason=UpdateInputWindows]
02-17 07:54:11.962 I/sysui_multi_action( 1524): [757,128,758,2,793,13476572,794,1820,795,13476572,796,26,798,0,806,android,857,DEVELOPER_IMPORTANT,858,4,947,0,1395,3,1500,13476365,1688,1]
02-17 07:54:11.962 I/notification_visibility( 1524): [-1|android|26|null|1000,0,13476572,13476572,0,0]
02-17 07:54:11.962 I/sysui_multi_action( 1524): [757,128,758,2,793,13504805,794,1821,795,379773,796,17303299,797,com.android.wifi,798,1,806,android,857,NETWORK_AVAILABLE,858,2,947,0,1395,3,1500,1821,1688,1]
02-17 07:54:11.962 I/notification_visibility( 1524): [0|android|17303299|com.android.wifi|1000,0,13504805,379773,0,1]
02-17 07:54:11.962 I/sysui_multi_action( 1524): [757,128,758,2,793,14678507,794,1821,795,14678507,796,32,798,2,806,android,857,USB,858,1,947,0,1395,3,1500,14678075,1688,1]
02-17 07:54:11.962 I/notification_visibility( 1524): [-1|android|32|null|1000,0,14678507,14678507,0,2]
02-17 07:54:11.963 I/sysui_multi_action( 1524): [757,127,758,2]
02-17 07:54:11.963 I/notification_panel_hidden( 1524):
02-17 07:54:11.984 I/input_focus( 1524): [Focus leaving febc086 NotificationShade (server),reason=NO_WINDOW]
02-17 07:54:11.985 I/input_focus( 1524): [Focus entering a49b835 com.tencent.qqmusicpad/com.tencent.qqmusicpad.activity.MainActivity (server),reason=setFocusedWindow]
02-17 07:54:12.075 I/input_interaction( 1524): Interaction with: d4326e3 StatusBar (server), edge-swipe (server), swipe-up (server), PointerEventDispatcher0 (server),
02-17 07:54:12.080 I/sysui_multi_action( 1999): [757,803,799,panel_open,802,1]
02-17 07:54:12.081 I/sysui_multi_action( 1999): [757,1328,758,4,1326,34,1327,4,1329,0]
02-17 07:54:12.122 I/sysui_multi_action( 1524): [757,127,758,1]
02-17 07:54:12.123 I/sysui_multi_action( 1524): [757,804,799,note_load,801,3,802,1]
02-17 07:54:12.123 I/notification_panel_revealed( 1524): 3
02-17 07:54:12.131 I/input_focus( 1524): [Focus request febc086 NotificationShade,reason=UpdateInputWindows]
02-17 07:54:12.151 I/input_focus( 1524): [Focus leaving a49b835 com.tencent.qqmusicpad/com.tencent.qqmusicpad.activity.MainActivity (server),reason=setFocusedWindow]
02-17 07:54:12.152 I/input_focus( 1524): [Focus entering febc086 NotificationShade (server),reason=setFocusedWindow]
02-17 07:54:12.176 I/sysui_multi_action( 1524): [757,128,758,1,793,13476787,794,0,795,13476787,796,26,798,0,806,android,857,DEVELOPER_IMPORTANT,858,4,947,0,1395,3,1500,13476580,1688,1]
02-17 07:54:12.176 I/sysui_multi_action( 1524): [757,804,799,note_freshness,801,13476787,802,1]
02-17 07:54:12.176 I/notification_visibility( 1524): [-1|android|26|null|1000,1,13476787,13476787,0,0]
02-17 07:54:12.177 I/sysui_multi_action( 1524): [757,128,758,1,793,13505020,794,0,795,379988,796,17303299,797,com.android.wifi,798,1,806,android,857,NETWORK_AVAILABLE,858,2,947,0,1395,3,1500,2036,1688,1]
02-17 07:54:12.177 I/sysui_multi_action( 1524): [757,1501,758,1,793,13505020,794,0,795,379988,796,17303299,797,com.android.wifi,806,android,857,NETWORK_AVAILABLE,858,2,947,0,1500,0,1688,1]
02-17 07:54:12.177 I/sysui_multi_action( 1524): [757,804,799,note_interruptive,801,0,802,1]
02-17 07:54:12.177 I/sysui_multi_action( 1524): [757,804,799,note_freshness,801,379988,802,1]
02-17 07:54:12.177 I/notification_visibility( 1524): [0|android|17303299|com.android.wifi|1000,1,13505020,379988,0,1]
02-17 07:54:12.178 I/sysui_multi_action( 1524): [757,128,758,1,793,14678722,794,0,795,14678722,796,32,798,2,806,android,857,USB,858,1,947,0,1395,3,1500,14678290,1688,1]
02-17 07:54:12.178 I/sysui_multi_action( 1524): [757,804,799,note_freshness,801,14678722,802,1]
02-17 07:54:12.178 I/notification_visibility( 1524): [-1|android|32|null|1000,1,14678722,14678722,0,2]
02-17 07:54:12.203 I/sysui_multi_action( 1999): [757,111,758,1]
02-17 07:54:12.203 I/sysui_multi_action( 1999): [757,126,758,1,759,126,927,0,928,1,1593,0]
02-17 07:54:12.203 I/sysui_multi_action( 1999): [757,113,758,1,759,113,927,1,928,1,1593,0]
02-17 07:54:12.203 I/sysui_multi_action( 1999): [757,0,758,1,759,0,927,2,928,0,1593,0]
02-17 07:54:12.203 I/sysui_multi_action( 1999): [757,0,758,1,759,0,927,3,928,0,1593,0]
02-17 07:54:12.204 I/sysui_multi_action( 1999): [757,491,758,1,759,491,927,4,928,0,1311,-1,1593,0]
02-17 07:54:12.204 I/sysui_multi_action( 1999): [757,0,758,1,759,0,927,5,928,0,1593,0]
02-17 07:54:12.204 I/sysui_multi_action( 1999): [757,111,758,1]
02-17 07:54:12.204 I/sysui_multi_action( 1999): [757,126,758,1,759,126,927,0,928,1,1593,0]
02-17 07:54:12.204 I/sysui_multi_action( 1999): [757,113,758,1,759,113,927,1,928,1,1593,0]
02-17 07:54:12.204 I/sysui_multi_action( 1999): [757,0,758,1,759,0,927,2,928,0,1593,0]
02-17 07:54:12.205 I/sysui_multi_action( 1999): [757,0,758,1,759,0,927,3,928,0,1593,0]
02-17 07:54:12.831 I/input_interaction( 1524): Interaction with: febc086 NotificationShade (server), edge-swipe (server), swipe-up (server), PointerEventDispatcher0 (server),
02-17 07:54:12.935 I/auditd ( 0): type=1400 audit(0.0:15865): avc: denied { kill } for comm="swapper/0" capability=5 scontext=u:r:kernel:s0 tcontext=u:r:kernel:s0 tclass=capability permissive=0
02-17 07:54:13.939 I/auditd ( 0): type=1400 audit(0.0:15866): avc: denied { kill } for comm="swapper/0" capability=5 scontext=u:r:kernel:s0 tcontext=u:r:kernel:s0 tclass=capability permissive=0
02-17 07:54:14.939 I/auditd ( 0): type=1400 audit(0.0:15867): avc: denied { kill } for comm="swapper/0" capability=5 scontext=u:r:kernel:s0 tcontext=u:r:kernel:s0 tclass=capability permissive=0
02-17 07:54:15.935 I/auditd ( 0): type=1400 audit(0.0:15868): avc: denied { kill } for comm="swapper/0" capability=5 scontext=u:r:kernel:s0 tcontext=u:r:kernel:s0 tclass=capability permissive=0
02-17 07:54:16.935 I/auditd ( 0): type=1400 audit(0.0:15869): avc: denied { kill } for comm="swapper/0" capability=5 scontext=u:r:kernel:s0 tcontext=u:r:kernel:s0 tclass=capability permissive=0
02-17 07:54:17.935 I/auditd ( 0): type=1400 audit(0.0:15870): avc: denied { kill } for comm="swapper/0" capability=5 scontext=u:r:kernel:s0 tcontext=u:r:kernel:s0 tclass=capability permissive=0
02-17 07:54:18.939 I/auditd ( 0): type=1400 audit(0.0:15871): avc: denied { kill } for comm="swapper/0" capability=5 scontext=u:r:kernel:s0 tcontext=u:r:kernel:s0 tclass=capability permissive=0
02-17 07:54:19.935 I/auditd ( 0): type=1400 audit(0.0:15872): avc: denied { kill } for comm="swapper/0" capability=5 scontext=u:r:kernel:s0 tcontext=u:r:kernel:s0 tclass=capability permissive=0
02-17 07:54:20.935 I/auditd ( 0): type=1400 audit(0.0:15873): avc: denied { kill } for comm="swapper/0" capability=5 scontext=u:r:kernel:s0 tcontext=u:r:kernel:s0 tclass=capability permissive=0
02-17 07:54:21.939 I/auditd ( 0): type=1400 audit(0.0:15874): avc: denied { kill } for comm="swapper/0" capability=5 scontext=u:r:kernel:s0 tcontext=u:r:kernel:s0 tclass=capability permissive=0
02-17 07:54:22.939 I/auditd ( 0): type=1400 audit(0.0:15875): avc: denied { kill } for comm="swapper/0" capability=5 scontext=u:r:kernel:s0 tcontext=u:r:kernel:s0 tclass=capability permissive=0
02-17 07:54:23.939 I/auditd ( 0): type=1400 audit(0.0:15876): avc: denied { kill } for comm="swapper/0" capability=5 scontext=u:r:kernel:s0 tcontext=u:r:kernel:s0 tclass=capability permissive=0
02-17 07:54:24.939 I/auditd ( 0): type=1400 audit(0.0:15877): avc: denied { kill } for comm="swapper/0" capability=5 scontext=u:r:kernel:s0 tcontext=u:r:kernel:s0 tclass=capability permissive=0
