02-17 07:57:27.854 I/am_wtf ( 1524): [0,1524,system_server,-1,DisplayDeviceConfig,requesting nits when no mapping exists.]
02-17 07:57:27.855 I/am_wtf ( 1524): [0,1524,system_server,-1,DisplayDeviceConfig,requesting nits when no mapping exists.]
02-17 07:57:27.871 I/am_wtf ( 1524): [0,1524,system_server,-1,DisplayDeviceConfig,requesting nits when no mapping exists.]
02-17 07:57:27.873 I/am_wtf ( 1524): [0,1524,system_server,-1,DisplayDeviceConfig,requesting nits when no mapping exists.]
02-17 07:57:27.888 I/am_wtf ( 1524): [0,1524,system_server,-1,DisplayDeviceConfig,requesting nits when no mapping exists.]
02-17 07:57:27.889 I/am_wtf ( 1524): [0,1524,system_server,-1,DisplayDeviceConfig,requesting nits when no mapping exists.]
02-17 07:57:27.904 I/am_wtf ( 1524): [0,1524,system_server,-1,DisplayDeviceConfig,requesting nits when no mapping exists.]
02-17 07:57:27.905 I/am_wtf ( 1524): [0,1524,system_server,-1,DisplayDeviceConfig,requesting nits when no mapping exists.]
02-17 07:57:27.921 I/am_wtf ( 1524): [0,1524,system_server,-1,DisplayDeviceConfig,requesting nits when no mapping exists.]
02-17 07:57:27.922 I/am_wtf ( 1524): [0,1524,system_server,-1,DisplayDeviceConfig,requesting nits when no mapping exists.]
02-17 07:57:27.937 I/am_wtf ( 1524): [0,1524,system_server,-1,DisplayDeviceConfig,requesting nits when no mapping exists.]
02-17 07:57:27.938 I/am_wtf ( 1524): [0,1524,system_server,-1,DisplayDeviceConfig,requesting nits when no mapping exists.]
02-17 07:57:27.935 I/auditd ( 0): type=1400 audit(0.0:16052): avc: denied { kill } for comm="swapper/1" capability=5 scontext=u:r:kernel:s0 tcontext=u:r:kernel:s0 tclass=capability permissive=0
02-17 07:57:27.955 I/am_wtf ( 1524): [0,1524,system_server,-1,DisplayDeviceConfig,requesting nits when no mapping exists.]
02-17 07:57:27.956 I/am_wtf ( 1524): [0,1524,system_server,-1,DisplayDeviceConfig,requesting nits when no mapping exists.]
02-17 07:57:27.971 I/am_wtf ( 1524): [0,1524,system_server,-1,DisplayDeviceConfig,requesting nits when no mapping exists.]
02-17 07:57:27.972 I/am_wtf ( 1524): [0,1524,system_server,-1,DisplayDeviceConfig,requesting nits when no mapping exists.]
02-17 07:57:27.988 I/am_wtf ( 1524): [0,1524,system_server,-1,DisplayDeviceConfig,requesting nits when no mapping exists.]
02-17 07:57:27.988 I/am_wtf ( 1524): [0,1524,system_server,-1,DisplayDeviceConfig,requesting nits when no mapping exists.]
02-17 07:57:28.004 I/am_wtf ( 1524): [0,1524,system_server,-1,DisplayDeviceConfig,requesting nits when no mapping exists.]
02-17 07:57:28.005 I/am_wtf ( 1524): [0,1524,system_server,-1,DisplayDeviceConfig,requesting nits when no mapping exists.]
02-17 07:57:28.795 I/am_freeze( 1524): [13145,com.android.deskclock]
02-17 07:57:28.797 I/am_kill ( 1524): [0,13145,com.android.deskclock,920,Unable to freeze binder interface]
02-17 07:57:28.839 I/am_proc_died( 1524): [0,13145,com.android.deskclock,920,16]
02-17 07:57:28.845 I/am_uid_stopped( 1524): 10067
02-17 07:57:28.935 I/auditd ( 0): type=1400 audit(0.0:16053): avc: denied { kill } for comm="swapper/1" capability=5 scontext=u:r:kernel:s0 tcontext=u:r:kernel:s0 tclass=capability permissive=0
02-17 07:57:29.939 I/auditd ( 0): type=1400 audit(0.0:16054): avc: denied { kill } for comm="swapper/1" capability=5 scontext=u:r:kernel:s0 tcontext=u:r:kernel:s0 tclass=capability permissive=0
02-17 07:57:30.935 I/auditd ( 0): type=1400 audit(0.0:16055): avc: denied { kill } for comm="swapper/1" capability=5 scontext=u:r:kernel:s0 tcontext=u:r:kernel:s0 tclass=capability permissive=0
02-17 07:57:31.039 I/am_freeze( 1524): [13240,com.android.externalstorage]
02-17 07:57:31.042 I/am_kill ( 1524): [0,13240,com.android.externalstorage,975,Unable to freeze binder interface]
02-17 07:57:31.074 I/am_proc_died( 1524): [0,13240,com.android.externalstorage,975,19]
02-17 07:57:31.075 I/am_uid_stopped( 1524): 10027
02-17 07:57:31.163 I/am_freeze( 1524): [13271,android.process.media]
02-17 07:57:31.165 I/am_kill ( 1524): [0,13271,android.process.media,965,Unable to freeze binder interface]
02-17 07:57:31.198 I/am_proc_died( 1524): [0,13271,android.process.media,965,19]
02-17 07:57:31.199 I/am_uid_stopped( 1524): 10021
02-17 07:57:31.939 I/auditd ( 0): type=1400 audit(0.0:16056): avc: denied { kill } for comm="swapper/1" capability=5 scontext=u:r:kernel:s0 tcontext=u:r:kernel:s0 tclass=capability permissive=0
02-17 07:57:32.935 I/auditd ( 0): type=1400 audit(0.0:16057): avc: denied { kill } for comm="swapper/1" capability=5 scontext=u:r:kernel:s0 tcontext=u:r:kernel:s0 tclass=capability permissive=0
02-17 07:57:33.939 I/auditd ( 0): type=1400 audit(0.0:16058): avc: denied { kill } for comm="swapper/1" capability=5 scontext=u:r:kernel:s0 tcontext=u:r:kernel:s0 tclass=capability permissive=0
02-17 07:57:34.050 I/sysui_multi_action( 1524): [757,222,758,1]
02-17 07:57:34.053 I/am_uid_active( 1524): 10040
02-17 07:57:34.076 I/wm_task_created( 1524): [52,-1]
02-17 07:57:34.080 I/wm_task_moved( 1524): [52,1,14]
02-17 07:57:34.080 I/wm_task_to_front( 1524): [0,52]
02-17 07:57:34.080 I/wm_create_task( 1524): [0,52]
02-17 07:57:34.080 I/wm_create_activity( 1524): [0,112314770,52,com.thundercomm.screensaver/android.service.dreams.DreamActivity,NULL,NULL,NULL,276824064]
02-17 07:57:34.080 I/wm_task_moved( 1524): [52,1,14]
02-17 07:57:34.081 I/wm_on_top_resumed_lost_called( 2568): [128678138,com.android.launcher3.uioverrides.QuickstepLauncher,topStateChangedWhenResumed]
02-17 07:57:34.081 I/wm_pause_activity( 1524): [0,128678138,com.android.launcher3/.uioverrides.QuickstepLauncher,userLeaving=true,pauseBackTasks]
02-17 07:57:34.083 I/input_focus( 1524): [Focus request 321be4b com.android.launcher3/com.android.launcher3.uioverrides.QuickstepLauncher,reason=UpdateInputWindows]
02-17 07:57:34.084 I/wm_on_paused_called( 2568): [128678138,com.android.launcher3.uioverrides.QuickstepLauncher,performPause]
02-17 07:57:34.085 I/sysui_multi_action( 1524): [757,128,758,1,793,13678696,794,0,795,13678696,796,26,798,0,806,android,857,DEVELOPER_IMPORTANT,858,4,947,0,1395,3,1500,13678489,1688,1]
02-17 07:57:34.085 I/sysui_multi_action( 1524): [757,804,799,note_freshness,801,13678696,802,1]
02-17 07:57:34.085 I/notification_visibility( 1524): [-1|android|26|null|1000,1,13678696,13678696,0,0]
02-17 07:57:34.085 I/sysui_multi_action( 1524): [757,128,758,1,793,13706928,794,0,795,581896,796,17303299,797,com.android.wifi,798,1,806,android,857,NETWORK_AVAILABLE,858,2,947,0,1395,3,1500,65410,1688,1]
02-17 07:57:34.085 I/sysui_multi_action( 1524): [757,1501,758,1,793,13706928,794,0,795,581896,796,17303299,797,com.android.wifi,806,android,857,NETWORK_AVAILABLE,858,2,947,0,1500,0,1688,1]
02-17 07:57:34.085 I/sysui_multi_action( 1524): [757,804,799,note_interruptive,801,0,802,1]
02-17 07:57:34.085 I/sysui_multi_action( 1524): [757,804,799,note_freshness,801,581896,802,1]
02-17 07:57:34.085 I/notification_visibility( 1524): [0|android|17303299|com.android.wifi|1000,1,13706928,581896,0,1]
02-17 07:57:34.085 I/sysui_multi_action( 1524): [757,128,758,1,793,14880630,794,0,795,14880630,796,32,798,2,806,android,857,USB,858,1,947,0,1395,3,1500,14880198,1688,1]
02-17 07:57:34.085 I/sysui_multi_action( 1524): [757,804,799,note_freshness,801,14880630,802,1]
02-17 07:57:34.085 I/notification_visibility( 1524): [-1|android|32|null|1000,1,14880630,14880630,0,2]
02-17 07:57:34.088 I/wm_add_to_stopping( 1524): [0,128678138,com.android.launcher3/.uioverrides.QuickstepLauncher,makeInvisible]
02-17 07:57:34.089 I/wm_restart_activity( 1524): [0,112314770,52,com.thundercomm.screensaver/android.service.dreams.DreamActivity]
02-17 07:57:34.091 I/wm_set_resumed_activity( 1524): [0,com.thundercomm.screensaver/android.service.dreams.DreamActivity,minimalResumeActivityLocked]
02-17 07:57:34.092 I/input_focus( 1524): [Focus leaving febc086 NotificationShade (server),reason=NOT_FOCUSABLE]
02-17 07:57:34.092 I/input_focus( 1524): [Focus entering 321be4b com.android.launcher3/com.android.launcher3.uioverrides.QuickstepLauncher (server),reason=setFocusedWindow]
02-17 07:57:34.095 I/sysui_multi_action( 1524): [757,803,799,window_time_0,802,163]
02-17 07:57:34.097 I/wm_on_create_called( 8649): [112314770,android.service.dreams.DreamActivity,performCreate]
02-17 07:57:34.097 I/wm_on_start_called( 8649): [112314770,android.service.dreams.DreamActivity,handleStartActivity]
02-17 07:57:34.099 I/wm_on_resume_called( 8649): [112314770,android.service.dreams.DreamActivity,RESUME_ACTIVITY]
02-17 07:57:34.102 I/wm_on_top_resumed_gained_called( 8649): [112314770,android.service.dreams.DreamActivity,topStateChangedWhenResumed]
02-17 07:57:34.104 I/input_focus( 1524): [Focus leaving 321be4b com.android.launcher3/com.android.launcher3.uioverrides.QuickstepLauncher (server),reason=NO_WINDOW]
02-17 07:57:34.112 I/input_focus( 1524): [Focus request f95b9b6 com.thundercomm.screensaver/android.service.dreams.DreamActivity,reason=UpdateInputWindows]
02-17 07:57:34.123 I/notification_enqueue( 1524): [10080,1999,com.android.systemui,2048,NULL,0,Notification(channel=updateNotification shortcut=null contentView=null vibrate=null sound=null defaults=0x0 flags=0x0 color=0x00000000 vis=PRIVATE),1]
02-17 07:57:34.123 I/sysui_multi_action( 1999): [757,111,758,2]
02-17 07:57:34.124 I/sysui_multi_action( 1524): [757,1696,758,6,759,3]
02-17 07:57:34.124 I/sysui_multi_action( 1524): [319,51,322,50,325,14891,757,761,758,8,759,2,806,com.thundercomm.screensaver,871,android.service.dreams.DreamActivity,904,com.thundercomm.screensaver,905,0,1320,4,1321,2]
02-17 07:57:34.124 I/wm_activity_launch_time( 1524): [0,112314770,com.thundercomm.screensaver/android.service.dreams.DreamActivity,50]
02-17 07:57:34.125 I/sysui_multi_action( 1999): [757,111,758,2]
02-17 07:57:34.135 I/am_wtf ( 1524): [0,1524,system_server,-1,DisplayDeviceConfig,requesting nits when no mapping exists.]
02-17 07:57:34.135 I/sysui_multi_action( 1999): [757,111,758,1]
02-17 07:57:34.135 I/sysui_multi_action( 1999): [757,126,758,1,759,126,927,0,928,1,1593,1]
02-17 07:57:34.135 I/sysui_multi_action( 1999): [757,113,758,1,759,113,927,1,928,1,1593,1]
02-17 07:57:34.135 I/sysui_multi_action( 1999): [757,0,758,1,759,0,927,2,928,0,1593,1]
02-17 07:57:34.135 I/sysui_multi_action( 1999): [757,0,758,1,759,0,927,3,928,0,1593,1]
02-17 07:57:34.135 I/sysui_multi_action( 1999): [757,491,758,1,759,491,927,4,928,0,1311,-1,1593,0]
02-17 07:57:34.135 I/sysui_multi_action( 1999): [757,0,758,1,759,0,927,5,928,0,1593,0]
02-17 07:57:34.136 I/sysui_multi_action( 1999): [757,111,758,1]
02-17 07:57:34.136 I/sysui_multi_action( 1999): [757,126,758,1,759,126,927,0,928,1,1593,1]
02-17 07:57:34.136 I/sysui_multi_action( 1999): [757,113,758,1,759,113,927,1,928,1,1593,1]
02-17 07:57:34.136 I/sysui_multi_action( 1999): [757,0,758,1,759,0,927,2,928,0,1593,1]
02-17 07:57:34.136 I/sysui_multi_action( 1999): [757,0,758,1,759,0,927,3,928,0,1593,1]
02-17 07:57:34.136 I/am_wtf ( 1524): [0,1524,system_server,-1,DisplayDeviceConfig,requesting nits when no mapping exists.]
02-17 07:57:34.152 I/am_wtf ( 1524): [0,1524,system_server,-1,DisplayDeviceConfig,requesting nits when no mapping exists.]
02-17 07:57:34.153 I/input_focus( 1524): [Focus entering f95b9b6 com.thundercomm.screensaver/android.service.dreams.DreamActivity (server),reason=Window became focusable. Previous reason: NOT_VISIBLE]
02-17 07:57:34.153 I/am_wtf ( 1524): [0,1524,system_server,-1,DisplayDeviceConfig,requesting nits when no mapping exists.]
02-17 07:57:34.168 I/am_wtf ( 1524): [0,1524,system_server,-1,DisplayDeviceConfig,requesting nits when no mapping exists.]
02-17 07:57:34.169 I/am_wtf ( 1524): [0,1524,system_server,-1,DisplayDeviceConfig,requesting nits when no mapping exists.]
02-17 07:57:34.185 I/am_wtf ( 1524): [0,1524,system_server,-1,DisplayDeviceConfig,requesting nits when no mapping exists.]
02-17 07:57:34.186 I/am_wtf ( 1524): [0,1524,system_server,-1,DisplayDeviceConfig,requesting nits when no mapping exists.]
02-17 07:57:34.202 I/am_wtf ( 1524): [0,1524,system_server,-1,DisplayDeviceConfig,requesting nits when no mapping exists.]
02-17 07:57:34.202 I/am_wtf ( 1524): [0,1524,system_server,-1,DisplayDeviceConfig,requesting nits when no mapping exists.]
02-17 07:57:34.218 I/am_wtf ( 1524): [0,1524,system_server,-1,DisplayDeviceConfig,requesting nits when no mapping exists.]
02-17 07:57:34.219 I/am_wtf ( 1524): [0,1524,system_server,-1,DisplayDeviceConfig,requesting nits when no mapping exists.]
02-17 07:57:34.236 I/am_wtf ( 1524): [0,1524,system_server,-1,DisplayDeviceConfig,requesting nits when no mapping exists.]
02-17 07:57:34.236 I/am_wtf ( 1524): [0,1524,system_server,-1,DisplayDeviceConfig,requesting nits when no mapping exists.]
02-17 07:57:34.252 I/am_wtf ( 1524): [0,1524,system_server,-1,DisplayDeviceConfig,requesting nits when no mapping exists.]
02-17 07:57:34.253 I/am_wtf ( 1524): [0,1524,system_server,-1,DisplayDeviceConfig,requesting nits when no mapping exists.]
02-17 07:57:34.269 I/am_wtf ( 1524): [0,1524,system_server,-1,DisplayDeviceConfig,requesting nits when no mapping exists.]
02-17 07:57:34.270 I/am_wtf ( 1524): [0,1524,system_server,-1,DisplayDeviceConfig,requesting nits when no mapping exists.]
02-17 07:57:34.285 I/am_wtf ( 1524): [0,1524,system_server,-1,DisplayDeviceConfig,requesting nits when no mapping exists.]
02-17 07:57:34.286 I/am_wtf ( 1524): [0,1524,system_server,-1,DisplayDeviceConfig,requesting nits when no mapping exists.]
02-17 07:57:34.302 I/am_wtf ( 1524): [0,1524,system_server,-1,DisplayDeviceConfig,requesting nits when no mapping exists.]
02-17 07:57:34.303 I/am_wtf ( 1524): [0,1524,system_server,-1,DisplayDeviceConfig,requesting nits when no mapping exists.]
02-17 07:57:34.319 I/am_wtf ( 1524): [0,1524,system_server,-1,DisplayDeviceConfig,requesting nits when no mapping exists.]
02-17 07:57:34.320 I/am_wtf ( 1524): [0,1524,system_server,-1,DisplayDeviceConfig,requesting nits when no mapping exists.]
02-17 07:57:34.335 I/am_wtf ( 1524): [0,1524,system_server,-1,DisplayDeviceConfig,requesting nits when no mapping exists.]
02-17 07:57:34.336 I/am_wtf ( 1524): [0,1524,system_server,-1,DisplayDeviceConfig,requesting nits when no mapping exists.]
02-17 07:57:34.353 I/am_wtf ( 1524): [0,1524,system_server,-1,DisplayDeviceConfig,requesting nits when no mapping exists.]
02-17 07:57:34.353 I/notification_enqueue( 1524): [10080,1999,com.android.systemui,2048,NULL,0,Notification(channel=updateNotification shortcut=null contentView=null vibrate=null sound=null defaults=0x0 flags=0x0 color=0x00000000 vis=PRIVATE),1]
02-17 07:57:34.353 I/am_wtf ( 1524): [0,1524,system_server,-1,DisplayDeviceConfig,requesting nits when no mapping exists.]
02-17 07:57:34.353 I/sysui_multi_action( 1999): [757,111,758,2]
02-17 07:57:34.353 I/sysui_multi_action( 1999): [757,111,758,2]
02-17 07:57:34.369 I/am_wtf ( 1524): [0,1524,system_server,-1,DisplayDeviceConfig,requesting nits when no mapping exists.]
02-17 07:57:34.369 I/am_wtf ( 1524): [0,1524,system_server,-1,DisplayDeviceConfig,requesting nits when no mapping exists.]
02-17 07:57:34.386 I/am_wtf ( 1524): [0,1524,system_server,-1,DisplayDeviceConfig,requesting nits when no mapping exists.]
02-17 07:57:34.386 I/am_wtf ( 1524): [0,1524,system_server,-1,DisplayDeviceConfig,requesting nits when no mapping exists.]
02-17 07:57:34.403 I/am_wtf ( 1524): [0,1524,system_server,-1,DisplayDeviceConfig,requesting nits when no mapping exists.]
02-17 07:57:34.403 I/am_wtf ( 1524): [0,1524,system_server,-1,DisplayDeviceConfig,requesting nits when no mapping exists.]
02-17 07:57:34.420 I/am_freeze( 1524): [13210,com.android.documentsui]
02-17 07:57:34.420 I/am_wtf ( 1524): [0,1524,system_server,-1,DisplayDeviceConfig,requesting nits when no mapping exists.]
02-17 07:57:34.420 I/am_wtf ( 1524): [0,1524,system_server,-1,DisplayDeviceConfig,requesting nits when no mapping exists.]
02-17 07:57:34.421 I/am_kill ( 1524): [0,13210,com.android.documentsui,910,Unable to freeze binder interface]
02-17 07:57:34.421 I/wm_stop_activity( 1524): [0,128678138,com.android.launcher3/.uioverrides.QuickstepLauncher]
02-17 07:57:34.436 I/am_wtf ( 1524): [0,1524,system_server,-1,DisplayDeviceConfig,requesting nits when no mapping exists.]
02-17 07:57:34.437 I/am_wtf ( 1524): [0,1524,system_server,-1,DisplayDeviceConfig,requesting nits when no mapping exists.]
02-17 07:57:34.440 I/wm_on_stop_called( 2568): [128678138,com.android.launcher3.uioverrides.QuickstepLauncher,STOP_ACTIVITY_ITEM]
02-17 07:57:34.447 I/am_proc_died( 1524): [0,13210,com.android.documentsui,910,16]
02-17 07:57:34.448 I/am_uid_stopped( 1524): 10030
02-17 07:57:34.452 I/am_wtf ( 1524): [0,1524,system_server,-1,DisplayDeviceConfig,requesting nits when no mapping exists.]
02-17 07:57:34.453 I/am_wtf ( 1524): [0,1524,system_server,-1,DisplayDeviceConfig,requesting nits when no mapping exists.]
02-17 07:57:34.469 I/am_wtf ( 1524): [0,1524,system_server,-1,DisplayDeviceConfig,requesting nits when no mapping exists.]
02-17 07:57:34.469 I/am_wtf ( 1524): [0,1524,system_server,-1,DisplayDeviceConfig,requesting nits when no mapping exists.]
02-17 07:57:34.485 I/am_wtf ( 1524): [0,1524,system_server,-1,DisplayDeviceConfig,requesting nits when no mapping exists.]
02-17 07:57:34.486 I/am_wtf ( 1524): [0,1524,system_server,-1,DisplayDeviceConfig,requesting nits when no mapping exists.]
02-17 07:57:34.502 I/am_wtf ( 1524): [0,1524,system_server,-1,DisplayDeviceConfig,requesting nits when no mapping exists.]
02-17 07:57:34.502 I/am_wtf ( 1524): [0,1524,system_server,-1,DisplayDeviceConfig,requesting nits when no mapping exists.]
02-17 07:57:34.520 I/am_wtf ( 1524): [0,1524,system_server,-1,DisplayDeviceConfig,requesting nits when no mapping exists.]
02-17 07:57:34.520 I/am_wtf ( 1524): [0,1524,system_server,-1,DisplayDeviceConfig,requesting nits when no mapping exists.]
02-17 07:57:34.536 I/am_wtf ( 1524): [0,1524,system_server,-1,DisplayDeviceConfig,requesting nits when no mapping exists.]
02-17 07:57:34.536 I/am_wtf ( 1524): [0,1524,system_server,-1,DisplayDeviceConfig,requesting nits when no mapping exists.]
02-17 07:57:34.553 I/am_wtf ( 1524): [0,1524,system_server,-1,DisplayDeviceConfig,requesting nits when no mapping exists.]
02-17 07:57:34.553 I/am_wtf ( 1524): [0,1524,system_server,-1,DisplayDeviceConfig,requesting nits when no mapping exists.]
02-17 07:57:34.563 I/sysui_multi_action( 1524): [757,128,758,2,793,13679174,794,478,795,13679174,796,26,798,0,806,android,857,DEVELOPER_IMPORTANT,858,4,947,0,1395,3,1500,13678967,1688,1]
02-17 07:57:34.563 I/notification_visibility( 1524): [-1|android|26|null|1000,0,13679174,13679174,0,0]
02-17 07:57:34.563 I/sysui_multi_action( 1524): [757,128,758,2,793,13707406,794,478,795,582374,796,17303299,797,com.android.wifi,798,1,806,android,857,NETWORK_AVAILABLE,858,2,947,0,1395,3,1500,478,1688,1]
02-17 07:57:34.563 I/notification_visibility( 1524): [0|android|17303299|com.android.wifi|1000,0,13707406,582374,0,1]
02-17 07:57:34.563 I/sysui_multi_action( 1524): [757,128,758,2,793,14881108,794,478,795,14881108,796,32,798,2,806,android,857,USB,858,1,947,0,1395,3,1500,14880676,1688,1]
02-17 07:57:34.563 I/notification_visibility( 1524): [-1|android|32|null|1000,0,14881108,14881108,0,2]
02-17 07:57:34.563 I/sysui_multi_action( 1524): [757,127,758,2]
02-17 07:57:34.564 I/notification_panel_hidden( 1524):
02-17 07:57:34.570 I/am_wtf ( 1524): [0,1524,system_server,-1,DisplayDeviceConfig,requesting nits when no mapping exists.]
02-17 07:57:34.570 I/am_wtf ( 1524): [0,1524,system_server,-1,DisplayDeviceConfig,requesting nits when no mapping exists.]
02-17 07:57:34.586 I/am_wtf ( 1524): [0,1524,system_server,-1,DisplayDeviceConfig,requesting nits when no mapping exists.]
02-17 07:57:34.587 I/am_wtf ( 1524): [0,1524,system_server,-1,DisplayDeviceConfig,requesting nits when no mapping exists.]
02-17 07:57:34.603 I/am_wtf ( 1524): [0,1524,system_server,-1,DisplayDeviceConfig,requesting nits when no mapping exists.]
02-17 07:57:34.604 I/am_wtf ( 1524): [0,1524,system_server,-1,DisplayDeviceConfig,requesting nits when no mapping exists.]
02-17 07:57:34.620 I/am_wtf ( 1524): [0,1524,system_server,-1,DisplayDeviceConfig,requesting nits when no mapping exists.]
02-17 07:57:34.620 I/am_wtf ( 1524): [0,1524,system_server,-1,DisplayDeviceConfig,requesting nits when no mapping exists.]
02-17 07:57:34.636 I/am_wtf ( 1524): [0,1524,system_server,-1,DisplayDeviceConfig,requesting nits when no mapping exists.]
02-17 07:57:34.637 I/am_wtf ( 1524): [0,1524,system_server,-1,DisplayDeviceConfig,requesting nits when no mapping exists.]
02-17 07:57:34.653 I/am_wtf ( 1524): [0,1524,system_server,-1,DisplayDeviceConfig,requesting nits when no mapping exists.]
02-17 07:57:34.653 I/am_wtf ( 1524): [0,1524,system_server,-1,DisplayDeviceConfig,requesting nits when no mapping exists.]
02-17 07:57:34.670 I/am_wtf ( 1524): [0,1524,system_server,-1,DisplayDeviceConfig,requesting nits when no mapping exists.]
02-17 07:57:34.670 I/am_wtf ( 1524): [0,1524,system_server,-1,DisplayDeviceConfig,requesting nits when no mapping exists.]
02-17 07:57:34.687 I/am_wtf ( 1524): [0,1524,system_server,-1,DisplayDeviceConfig,requesting nits when no mapping exists.]
02-17 07:57:34.687 I/am_wtf ( 1524): [0,1524,system_server,-1,DisplayDeviceConfig,requesting nits when no mapping exists.]
02-17 07:57:34.703 I/am_wtf ( 1524): [0,1524,system_server,-1,DisplayDeviceConfig,requesting nits when no mapping exists.]
02-17 07:57:34.703 I/am_wtf ( 1524): [0,1524,system_server,-1,DisplayDeviceConfig,requesting nits when no mapping exists.]
02-17 07:57:34.720 I/am_wtf ( 1524): [0,1524,system_server,-1,DisplayDeviceConfig,requesting nits when no mapping exists.]
02-17 07:57:34.721 I/service_manager_stats( 1524): [100,29,6950]
02-17 07:57:34.721 I/am_wtf ( 1524): [0,1524,system_server,-1,DisplayDeviceConfig,requesting nits when no mapping exists.]
02-17 07:57:34.737 I/am_wtf ( 1524): [0,1524,system_server,-1,DisplayDeviceConfig,requesting nits when no mapping exists.]
02-17 07:57:34.737 I/am_wtf ( 1524): [0,1524,system_server,-1,DisplayDeviceConfig,requesting nits when no mapping exists.]
02-17 07:57:34.753 I/am_wtf ( 1524): [0,1524,system_server,-1,DisplayDeviceConfig,requesting nits when no mapping exists.]
02-17 07:57:34.754 I/am_wtf ( 1524): [0,1524,system_server,-1,DisplayDeviceConfig,requesting nits when no mapping exists.]
02-17 07:57:34.770 I/am_wtf ( 1524): [0,1524,system_server,-1,DisplayDeviceConfig,requesting nits when no mapping exists.]
02-17 07:57:34.771 I/am_wtf ( 1524): [0,1524,system_server,-1,DisplayDeviceConfig,requesting nits when no mapping exists.]
02-17 07:57:34.787 I/am_wtf ( 1524): [0,1524,system_server,-1,DisplayDeviceConfig,requesting nits when no mapping exists.]
02-17 07:57:34.787 I/am_wtf ( 1524): [0,1524,system_server,-1,DisplayDeviceConfig,requesting nits when no mapping exists.]
02-17 07:57:34.804 I/am_wtf ( 1524): [0,1524,system_server,-1,DisplayDeviceConfig,requesting nits when no mapping exists.]
02-17 07:57:34.804 I/am_wtf ( 1524): [0,1524,system_server,-1,DisplayDeviceConfig,requesting nits when no mapping exists.]
02-17 07:57:34.820 I/am_wtf ( 1524): [0,1524,system_server,-1,DisplayDeviceConfig,requesting nits when no mapping exists.]
02-17 07:57:34.821 I/am_wtf ( 1524): [0,1524,system_server,-1,DisplayDeviceConfig,requesting nits when no mapping exists.]
02-17 07:57:34.837 I/am_wtf ( 1524): [0,1524,system_server,-1,DisplayDeviceConfig,requesting nits when no mapping exists.]
02-17 07:57:34.837 I/am_wtf ( 1524): [0,1524,system_server,-1,DisplayDeviceConfig,requesting nits when no mapping exists.]
02-17 07:57:34.854 I/am_wtf ( 1524): [0,1524,system_server,-1,DisplayDeviceConfig,requesting nits when no mapping exists.]
02-17 07:57:34.854 I/am_wtf ( 1524): [0,1524,system_server,-1,DisplayDeviceConfig,requesting nits when no mapping exists.]
02-17 07:57:34.871 I/am_wtf ( 1524): [0,1524,system_server,-1,DisplayDeviceConfig,requesting nits when no mapping exists.]
02-17 07:57:34.871 I/am_wtf ( 1524): [0,1524,system_server,-1,DisplayDeviceConfig,requesting nits when no mapping exists.]
02-17 07:57:34.888 I/am_wtf ( 1524): [0,1524,system_server,-1,DisplayDeviceConfig,requesting nits when no mapping exists.]
02-17 07:57:34.889 I/am_wtf ( 1524): [0,1524,system_server,-1,DisplayDeviceConfig,requesting nits when no mapping exists.]
02-17 07:57:34.904 I/am_wtf ( 1524): [0,1524,system_server,-1,DisplayDeviceConfig,requesting nits when no mapping exists.]
02-17 07:57:34.905 I/am_wtf ( 1524): [0,1524,system_server,-1,DisplayDeviceConfig,requesting nits when no mapping exists.]
02-17 07:57:34.921 I/am_wtf ( 1524): [0,1524,system_server,-1,DisplayDeviceConfig,requesting nits when no mapping exists.]
02-17 07:57:34.921 I/am_wtf ( 1524): [0,1524,system_server,-1,DisplayDeviceConfig,requesting nits when no mapping exists.]
02-17 07:57:34.937 I/am_wtf ( 1524): [0,1524,system_server,-1,DisplayDeviceConfig,requesting nits when no mapping exists.]
02-17 07:57:34.937 I/am_wtf ( 1524): [0,1524,system_server,-1,DisplayDeviceConfig,requesting nits when no mapping exists.]
02-17 07:57:34.935 I/auditd ( 0): type=1400 audit(0.0:16059): avc: denied { kill } for comm="swapper/1" capability=5 scontext=u:r:kernel:s0 tcontext=u:r:kernel:s0 tclass=capability permissive=0
02-17 07:57:34.954 I/am_wtf ( 1524): [0,1524,system_server,-1,DisplayDeviceConfig,requesting nits when no mapping exists.]
02-17 07:57:34.954 I/am_wtf ( 1524): [0,1524,system_server,-1,DisplayDeviceConfig,requesting nits when no mapping exists.]
02-17 07:57:34.971 I/am_wtf ( 1524): [0,1524,system_server,-1,DisplayDeviceConfig,requesting nits when no mapping exists.]
02-17 07:57:34.971 I/am_wtf ( 1524): [0,1524,system_server,-1,DisplayDeviceConfig,requesting nits when no mapping exists.]
02-17 07:57:34.987 I/am_wtf ( 1524): [0,1524,system_server,-1,DisplayDeviceConfig,requesting nits when no mapping exists.]
02-17 07:57:34.988 I/am_wtf ( 1524): [0,1524,system_server,-1,DisplayDeviceConfig,requesting nits when no mapping exists.]
02-17 07:57:35.004 I/am_wtf ( 1524): [0,1524,system_server,-1,DisplayDeviceConfig,requesting nits when no mapping exists.]
02-17 07:57:35.004 I/am_wtf ( 1524): [0,1524,system_server,-1,DisplayDeviceConfig,requesting nits when no mapping exists.]
02-17 07:57:35.021 I/am_wtf ( 1524): [0,1524,system_server,-1,DisplayDeviceConfig,requesting nits when no mapping exists.]
02-17 07:57:35.021 I/am_wtf ( 1524): [0,1524,system_server,-1,DisplayDeviceConfig,requesting nits when no mapping exists.]
02-17 07:57:35.038 I/am_wtf ( 1524): [0,1524,system_server,-1,DisplayDeviceConfig,requesting nits when no mapping exists.]
02-17 07:57:35.038 I/am_wtf ( 1524): [0,1524,system_server,-1,DisplayDeviceConfig,requesting nits when no mapping exists.]
02-17 07:57:35.054 I/am_wtf ( 1524): [0,1524,system_server,-1,DisplayDeviceConfig,requesting nits when no mapping exists.]
02-17 07:57:35.054 I/am_wtf ( 1524): [0,1524,system_server,-1,DisplayDeviceConfig,requesting nits when no mapping exists.]
02-17 07:57:35.071 I/am_wtf ( 1524): [0,1524,system_server,-1,DisplayDeviceConfig,requesting nits when no mapping exists.]
02-17 07:57:35.071 I/am_wtf ( 1524): [0,1524,system_server,-1,DisplayDeviceConfig,requesting nits when no mapping exists.]
02-17 07:57:35.087 I/am_wtf ( 1524): [0,1524,system_server,-1,DisplayDeviceConfig,requesting nits when no mapping exists.]
02-17 07:57:35.087 I/am_wtf ( 1524): [0,1524,system_server,-1,DisplayDeviceConfig,requesting nits when no mapping exists.]
02-17 07:57:35.935 I/auditd ( 0): type=1400 audit(0.0:16060): avc: denied { kill } for comm="swapper/1" capability=5 scontext=u:r:kernel:s0 tcontext=u:r:kernel:s0 tclass=capability permissive=0
02-17 07:57:36.935 I/auditd ( 0): type=1400 audit(0.0:16061): avc: denied { kill } for comm="swapper/1" capability=5 scontext=u:r:kernel:s0 tcontext=u:r:kernel:s0 tclass=capability permissive=0
02-17 07:57:37.935 I/auditd ( 0): type=1400 audit(0.0:16062): avc: denied { kill } for comm="swapper/1" capability=5 scontext=u:r:kernel:s0 tcontext=u:r:kernel:s0 tclass=capability permissive=0
02-17 07:57:38.935 I/auditd ( 0): type=1400 audit(0.0:16063): avc: denied { kill } for comm="swapper/1" capability=5 scontext=u:r:kernel:s0 tcontext=u:r:kernel:s0 tclass=capability permissive=0
02-17 07:57:39.935 I/auditd ( 0): type=1400 audit(0.0:16064): avc: denied { kill } for comm="swapper/1" capability=5 scontext=u:r:kernel:s0 tcontext=u:r:kernel:s0 tclass=capability permissive=0
02-17 07:57:40.939 I/auditd ( 0): type=1400 audit(0.0:16065): avc: denied { kill } for comm="swapper/1" capability=5 scontext=u:r:kernel:s0 tcontext=u:r:kernel:s0 tclass=capability permissive=0
02-17 07:57:41.939 I/auditd ( 0): type=1400 audit(0.0:16066): avc: denied { kill } for comm="swapper/1" capability=5 scontext=u:r:kernel:s0 tcontext=u:r:kernel:s0 tclass=capability permissive=0
02-17 07:57:42.939 I/auditd ( 0): type=1400 audit(0.0:16067): avc: denied { kill } for comm="swapper/1" capability=5 scontext=u:r:kernel:s0 tcontext=u:r:kernel:s0 tclass=capability permissive=0
02-17 07:57:43.939 I/auditd ( 0): type=1400 audit(0.0:16068): avc: denied { kill } for comm="swapper/1" capability=5 scontext=u:r:kernel:s0 tcontext=u:r:kernel:s0 tclass=capability permissive=0
02-17 07:57:44.939 I/auditd ( 0): type=1400 audit(0.0:16069): avc: denied { kill } for comm="swapper/1" capability=5 scontext=u:r:kernel:s0 tcontext=u:r:kernel:s0 tclass=capability permissive=0
02-17 07:57:45.935 I/auditd ( 0): type=1400 audit(0.0:16070): avc: denied { kill } for comm="swapper/1" capability=5 scontext=u:r:kernel:s0 tcontext=u:r:kernel:s0 tclass=capability permissive=0
02-17 07:57:46.935 I/auditd ( 0): type=1400 audit(0.0:16071): avc: denied { kill } for comm="swapper/1" capability=5 scontext=u:r:kernel:s0 tcontext=u:r:kernel:s0 tclass=capability permissive=0
02-17 07:57:47.939 I/auditd ( 0): type=1400 audit(0.0:16072): avc: denied { kill } for comm="swapper/1" capability=5 scontext=u:r:kernel:s0 tcontext=u:r:kernel:s0 tclass=capability permissive=0
02-17 07:57:48.935 I/auditd ( 0): type=1400 audit(0.0:16073): avc: denied { kill } for comm="swapper/1" capability=5 scontext=u:r:kernel:s0 tcontext=u:r:kernel:s0 tclass=capability permissive=0
02-17 07:57:49.939 I/auditd ( 0): type=1400 audit(0.0:16074): avc: denied { kill } for comm="swapper/1" capability=5 scontext=u:r:kernel:s0 tcontext=u:r:kernel:s0 tclass=capability permissive=0
02-17 07:57:50.935 I/auditd ( 0): type=1400 audit(0.0:16075): avc: denied { kill } for comm="swapper/1" capability=5 scontext=u:r:kernel:s0 tcontext=u:r:kernel:s0 tclass=capability permissive=0
02-17 07:57:51.935 I/auditd ( 0): type=1400 audit(0.0:16076): avc: denied { kill } for comm="swapper/1" capability=5 scontext=u:r:kernel:s0 tcontext=u:r:kernel:s0 tclass=capability permissive=0
02-17 07:57:52.939 I/auditd ( 0): type=1400 audit(0.0:16077): avc: denied { kill } for comm="swapper/1" capability=5 scontext=u:r:kernel:s0 tcontext=u:r:kernel:s0 tclass=capability permissive=0
02-17 07:57:53.939 I/auditd ( 0): type=1400 audit(0.0:16078): avc: denied { kill } for comm="swapper/1" capability=5 scontext=u:r:kernel:s0 tcontext=u:r:kernel:s0 tclass=capability permissive=0
02-17 07:57:54.935 I/auditd ( 0): type=1400 audit(0.0:16079): avc: denied { kill } for comm="swapper/1" capability=5 scontext=u:r:kernel:s0 tcontext=u:r:kernel:s0 tclass=capability permissive=0
02-17 07:57:55.939 I/auditd ( 0): type=1400 audit(0.0:16080): avc: denied { kill } for comm="swapper/1" capability=5 scontext=u:r:kernel:s0 tcontext=u:r:kernel:s0 tclass=capability permissive=0
02-17 07:57:56.935 I/auditd ( 0): type=1400 audit(0.0:16081): avc: denied { kill } for comm="swapper/1" capability=5 scontext=u:r:kernel:s0 tcontext=u:r:kernel:s0 tclass=capability permissive=0
02-17 07:57:57.935 I/auditd ( 0): type=1400 audit(0.0:16082): avc: denied { kill } for comm="swapper/1" capability=5 scontext=u:r:kernel:s0 tcontext=u:r:kernel:s0 tclass=capability permissive=0
02-17 07:57:58.935 I/auditd ( 0): type=1400 audit(0.0:16083): avc: denied { kill } for comm="swapper/1" capability=5 scontext=u:r:kernel:s0 tcontext=u:r:kernel:s0 tclass=capability permissive=0
02-17 07:57:59.935 I/auditd ( 0): type=1400 audit(0.0:16084): avc: denied { kill } for comm="swapper/1" capability=5 scontext=u:r:kernel:s0 tcontext=u:r:kernel:s0 tclass=capability permissive=0
02-17 07:58:00.935 I/auditd ( 0): type=1400 audit(0.0:16085): avc: denied { kill } for comm="swapper/1" capability=5 scontext=u:r:kernel:s0 tcontext=u:r:kernel:s0 tclass=capability permissive=0
02-17 07:58:01.935 I/auditd ( 0): type=1400 audit(0.0:16086): avc: denied { kill } for comm="swapper/1" capability=5 scontext=u:r:kernel:s0 tcontext=u:r:kernel:s0 tclass=capability permissive=0
02-17 07:58:02.935 I/auditd ( 0): type=1400 audit(0.0:16087): avc: denied { kill } for comm="swapper/1" capability=5 scontext=u:r:kernel:s0 tcontext=u:r:kernel:s0 tclass=capability permissive=0
02-17 07:58:03.935 I/auditd ( 0): type=1400 audit(0.0:16088): avc: denied { kill } for comm="swapper/1" capability=5 scontext=u:r:kernel:s0 tcontext=u:r:kernel:s0 tclass=capability permissive=0
02-17 07:58:04.935 I/auditd ( 0): type=1400 audit(0.0:16089): avc: denied { kill } for comm="swapper/1" capability=5 scontext=u:r:kernel:s0 tcontext=u:r:kernel:s0 tclass=capability permissive=0
02-17 07:58:05.935 I/auditd ( 0): type=1400 audit(0.0:16090): avc: denied { kill } for comm="swapper/1" capability=5 scontext=u:r:kernel:s0 tcontext=u:r:kernel:s0 tclass=capability permissive=0
02-17 07:58:06.935 I/auditd ( 0): type=1400 audit(0.0:16091): avc: denied { kill } for comm="swapper/1" capability=5 scontext=u:r:kernel:s0 tcontext=u:r:kernel:s0 tclass=capability permissive=0
02-17 07:58:07.939 I/auditd ( 0): type=1400 audit(0.0:16092): avc: denied { kill } for comm="swapper/1" capability=5 scontext=u:r:kernel:s0 tcontext=u:r:kernel:s0 tclass=capability permissive=0
02-17 07:58:08.939 I/auditd ( 0): type=1400 audit(0.0:16093): avc: denied { kill } for comm="swapper/1" capability=5 scontext=u:r:kernel:s0 tcontext=u:r:kernel:s0 tclass=capability permissive=0
02-17 07:58:09.939 I/auditd ( 0): type=1400 audit(0.0:16094): avc: denied { kill } for comm="swapper/1" capability=5 scontext=u:r:kernel:s0 tcontext=u:r:kernel:s0 tclass=capability permissive=0
02-17 07:58:10.935 I/auditd ( 0): type=1400 audit(0.0:16095): avc: denied { kill } for comm="swapper/1" capability=5 scontext=u:r:kernel:s0 tcontext=u:r:kernel:s0 tclass=capability permissive=0
02-17 07:58:11.935 I/auditd ( 0): type=1400 audit(0.0:16096): avc: denied { kill } for comm="swapper/1" capability=5 scontext=u:r:kernel:s0 tcontext=u:r:kernel:s0 tclass=capability permissive=0
02-17 07:58:12.935 I/auditd ( 0): type=1400 audit(0.0:16097): avc: denied { kill } for comm="swapper/1" capability=5 scontext=u:r:kernel:s0 tcontext=u:r:kernel:s0 tclass=capability permissive=0
02-17 07:58:13.935 I/auditd ( 0): type=1400 audit(0.0:16098): avc: denied { kill } for comm="swapper/1" capability=5 scontext=u:r:kernel:s0 tcontext=u:r:kernel:s0 tclass=capability permissive=0
02-17 07:58:14.939 I/auditd ( 0): type=1400 audit(0.0:16099): avc: denied { kill } for comm="swapper/1" capability=5 scontext=u:r:kernel:s0 tcontext=u:r:kernel:s0 tclass=capability permissive=0
02-17 07:58:15.939 I/auditd ( 0): type=1400 audit(0.0:16100): avc: denied { kill } for comm="swapper/1" capability=5 scontext=u:r:kernel:s0 tcontext=u:r:kernel:s0 tclass=capability permissive=0
02-17 07:58:16.939 I/auditd ( 0): type=1400 audit(0.0:16101): avc: denied { kill } for comm="swapper/1" capability=5 scontext=u:r:kernel:s0 tcontext=u:r:kernel:s0 tclass=capability permissive=0
02-17 07:58:17.939 I/auditd ( 0): type=1400 audit(0.0:16102): avc: denied { kill } for comm="swapper/1" capability=5 scontext=u:r:kernel:s0 tcontext=u:r:kernel:s0 tclass=capability permissive=0
02-17 07:58:18.935 I/auditd ( 0): type=1400 audit(0.0:16103): avc: denied { kill } for comm="swapper/1" capability=5 scontext=u:r:kernel:s0 tcontext=u:r:kernel:s0 tclass=capability permissive=0
02-17 07:58:19.939 I/auditd ( 0): type=1400 audit(0.0:16104): avc: denied { kill } for comm="swapper/1" capability=5 scontext=u:r:kernel:s0 tcontext=u:r:kernel:s0 tclass=capability permissive=0
02-17 07:58:20.935 I/auditd ( 0): type=1400 audit(0.0:16105): avc: denied { kill } for comm="swapper/1" capability=5 scontext=u:r:kernel:s0 tcontext=u:r:kernel:s0 tclass=capability permissive=0
02-17 07:58:21.935 I/auditd ( 0): type=1400 audit(0.0:16106): avc: denied { kill } for comm="swapper/1" capability=5 scontext=u:r:kernel:s0 tcontext=u:r:kernel:s0 tclass=capability permissive=0
02-17 07:58:22.935 I/auditd ( 0): type=1400 audit(0.0:16107): avc: denied { kill } for comm="swapper/1" capability=5 scontext=u:r:kernel:s0 tcontext=u:r:kernel:s0 tclass=capability permissive=0
02-17 07:58:23.939 I/auditd ( 0): type=1400 audit(0.0:16108): avc: denied { kill } for comm="swapper/1" capability=5 scontext=u:r:kernel:s0 tcontext=u:r:kernel:s0 tclass=capability permissive=0
02-17 07:58:24.935 I/auditd ( 0): type=1400 audit(0.0:16109): avc: denied { kill } for comm="swapper/1" capability=5 scontext=u:r:kernel:s0 tcontext=u:r:kernel:s0 tclass=capability permissive=0
02-17 07:58:25.939 I/auditd ( 0): type=1400 audit(0.0:16110): avc: denied { kill } for comm="swapper/1" capability=5 scontext=u:r:kernel:s0 tcontext=u:r:kernel:s0 tclass=capability permissive=0
02-17 07:58:26.935 I/auditd ( 0): type=1400 audit(0.0:16111): avc: denied { kill } for comm="swapper/1" capability=5 scontext=u:r:kernel:s0 tcontext=u:r:kernel:s0 tclass=capability permissive=0
02-17 07:58:27.939 I/auditd ( 0): type=1400 audit(0.0:16112): avc: denied { kill } for comm="swapper/1" capability=5 scontext=u:r:kernel:s0 tcontext=u:r:kernel:s0 tclass=capability permissive=0
02-17 07:58:28.939 I/auditd ( 0): type=1400 audit(0.0:16113): avc: denied { kill } for comm="swapper/1" capability=5 scontext=u:r:kernel:s0 tcontext=u:r:kernel:s0 tclass=capability permissive=0
02-17 07:58:29.935 I/auditd ( 0): type=1400 audit(0.0:16114): avc: denied { kill } for comm="swapper/1" capability=5 scontext=u:r:kernel:s0 tcontext=u:r:kernel:s0 tclass=capability permissive=0
02-17 07:58:30.939 I/auditd ( 0): type=1400 audit(0.0:16115): avc: denied { kill } for comm="swapper/1" capability=5 scontext=u:r:kernel:s0 tcontext=u:r:kernel:s0 tclass=capability permissive=0
02-17 07:58:31.939 I/auditd ( 0): type=1400 audit(0.0:16116): avc: denied { kill } for comm="swapper/1" capability=5 scontext=u:r:kernel:s0 tcontext=u:r:kernel:s0 tclass=capability permissive=0
02-17 07:58:32.935 I/auditd ( 0): type=1400 audit(0.0:16117): avc: denied { kill } for comm="swapper/1" capability=5 scontext=u:r:kernel:s0 tcontext=u:r:kernel:s0 tclass=capability permissive=0
02-17 07:58:33.939 I/auditd ( 0): type=1400 audit(0.0:16118): avc: denied { kill } for comm="swapper/1" capability=5 scontext=u:r:kernel:s0 tcontext=u:r:kernel:s0 tclass=capability permissive=0
02-17 07:58:34.935 I/auditd ( 0): type=1400 audit(0.0:16119): avc: denied { kill } for comm="swapper/1" capability=5 scontext=u:r:kernel:s0 tcontext=u:r:kernel:s0 tclass=capability permissive=0
02-17 07:58:35.939 I/auditd ( 0): type=1400 audit(0.0:16120): avc: denied { kill } for comm="swapper/1" capability=5 scontext=u:r:kernel:s0 tcontext=u:r:kernel:s0 tclass=capability permissive=0
02-17 07:58:36.939 I/auditd ( 0): type=1400 audit(0.0:16121): avc: denied { kill } for comm="swapper/1" capability=5 scontext=u:r:kernel:s0 tcontext=u:r:kernel:s0 tclass=capability permissive=0
02-17 07:58:37.935 I/auditd ( 0): type=1400 audit(0.0:16122): avc: denied { kill } for comm="swapper/1" capability=5 scontext=u:r:kernel:s0 tcontext=u:r:kernel:s0 tclass=capability permissive=0
02-17 07:58:38.939 I/auditd ( 0): type=1400 audit(0.0:16123): avc: denied { kill } for comm="swapper/1" capability=5 scontext=u:r:kernel:s0 tcontext=u:r:kernel:s0 tclass=capability permissive=0
02-17 07:58:39.939 I/auditd ( 0): type=1400 audit(0.0:16124): avc: denied { kill } for comm="swapper/1" capability=5 scontext=u:r:kernel:s0 tcontext=u:r:kernel:s0 tclass=capability permissive=0
02-17 07:58:40.504 I/am_uid_idle( 1524): 10062
02-17 07:58:40.939 I/auditd ( 0): type=1400 audit(0.0:16125): avc: denied { kill } for comm="swapper/1" capability=5 scontext=u:r:kernel:s0 tcontext=u:r:kernel:s0 tclass=capability permissive=0
02-17 07:58:41.939 I/auditd ( 0): type=1400 audit(0.0:16126): avc: denied { kill } for comm="swapper/1" capability=5 scontext=u:r:kernel:s0 tcontext=u:r:kernel:s0 tclass=capability permissive=0
02-17 07:58:42.935 I/auditd ( 0): type=1400 audit(0.0:16127): avc: denied { kill } for comm="swapper/1" capability=5 scontext=u:r:kernel:s0 tcontext=u:r:kernel:s0 tclass=capability permissive=0
02-17 07:58:43.939 I/auditd ( 0): type=1400 audit(0.0:16128): avc: denied { kill } for comm="swapper/1" capability=5 scontext=u:r:kernel:s0 tcontext=u:r:kernel:s0 tclass=capability permissive=0
02-17 07:58:44.935 I/auditd ( 0): type=1400 audit(0.0:16129): avc: denied { kill } for comm="swapper/1" capability=5 scontext=u:r:kernel:s0 tcontext=u:r:kernel:s0 tclass=capability permissive=0
02-17 07:58:45.939 I/auditd ( 0): type=1400 audit(0.0:16130): avc: denied { kill } for comm="swapper/1" capability=5 scontext=u:r:kernel:s0 tcontext=u:r:kernel:s0 tclass=capability permissive=0
02-17 07:58:46.935 I/auditd ( 0): type=1400 audit(0.0:16131): avc: denied { kill } for comm="swapper/1" capability=5 scontext=u:r:kernel:s0 tcontext=u:r:kernel:s0 tclass=capability permissive=0
02-17 07:58:47.007 I/input_interaction( 1524): Interaction with: f95b9b6 com.thundercomm.screensaver/android.service.dreams.DreamActivity (server), edge-swipe (server), swipe-up (server), PointerEventDispatcher0 (server),
02-17 07:58:47.009 I/wm_finish_activity( 1524): [0,112314770,52,com.thundercomm.screensaver/android.service.dreams.DreamActivity,finish-activity]
02-17 07:58:47.010 I/wm_task_moved( 1524): [1,1,13]
02-17 07:58:47.011 I/wm_task_moved( 1524): [9,1,2147483647]
02-17 07:58:47.011 I/wm_task_to_front( 1524): [0,9]
02-17 07:58:47.011 I/wm_focused_root_task( 1524): [0,0,1,52,finish-top adjustFocusToNextFocusableTask]
02-17 07:58:47.012 I/wm_set_resumed_activity( 1524): [0,com.android.launcher3/.uioverrides.QuickstepLauncher,finish-top adjustFocusToNextFocusableTask]
02-17 07:58:47.013 I/wm_pause_activity( 1524): [0,112314770,com.thundercomm.screensaver/android.service.dreams.DreamActivity,userLeaving=false,finish]
02-17 07:58:47.019 I/sysui_multi_action( 1524): [757,803,799,window_time_0,802,73]
02-17 07:58:47.020 I/wm_on_top_resumed_lost_called( 8649): [112314770,android.service.dreams.DreamActivity,topStateChangedWhenResumed]
02-17 07:58:47.021 I/wm_on_paused_called( 8649): [112314770,android.service.dreams.DreamActivity,performPause]
02-17 07:58:47.021 I/wm_add_to_stopping( 1524): [0,112314770,com.thundercomm.screensaver/android.service.dreams.DreamActivity,completeFinishing]
02-17 07:58:47.024 I/wm_set_resumed_activity( 1524): [0,com.android.launcher3/.uioverrides.QuickstepLauncher,resumeTopActivityInnerLocked]
02-17 07:58:47.027 I/wm_resume_activity( 1524): [0,128678138,9,com.android.launcher3/.uioverrides.QuickstepLauncher]
02-17 07:58:47.037 I/sysui_multi_action( 1524): [757,803,799,window_time_0,802,0]
02-17 07:58:47.039 I/am_uid_running( 1524): 10063
02-17 07:58:47.044 I/input_focus( 1524): [Focus leaving f95b9b6 com.thundercomm.screensaver/android.service.dreams.DreamActivity (server),reason=NO_WINDOW]
02-17 07:58:47.044 I/view_enqueue_input_event( 8649): [Motion - Cancel,com.thundercomm.screensaver/android.service.dreams.DreamActivity]
02-17 07:58:47.044 I/wm_on_restart_called( 2568): [128678138,com.android.launcher3.uioverrides.QuickstepLauncher,performRestartActivity]
02-17 07:58:47.044 I/wm_on_start_called( 2568): [128678138,com.android.launcher3.uioverrides.QuickstepLauncher,handleStartActivity]
02-17 07:58:47.045 I/am_uid_running( 1524): 10067
02-17 07:58:47.045 I/wm_on_resume_called( 2568): [128678138,com.android.launcher3.uioverrides.QuickstepLauncher,RESUME_ACTIVITY]
02-17 07:58:47.045 I/wm_on_top_resumed_gained_called( 2568): [128678138,com.android.launcher3.uioverrides.QuickstepLauncher,topWhenResuming]
02-17 07:58:47.047 I/am_proc_start( 1524): [0,14285,10063,com.android.calendar,NULL,]
02-17 07:58:47.049 I/am_uid_active( 1524): 10062
02-17 07:58:47.053 I/am_proc_start( 1524): [0,14286,10067,com.android.deskclock,NULL,]
02-17 07:58:47.054 I/am_pss ( 1524): [13834,10095,com.tencent.qqmusicpad:QQPlayerService,39849984,16494592,0,125091840,0,4,6]
02-17 07:58:47.061 I/am_pss ( 1524): [13361,10084,com.android.music,24921088,17891328,0,149970944,0,4,7]
02-17 07:58:47.065 I/input_focus( 1524): [Focus request 321be4b com.android.launcher3/com.android.launcher3.uioverrides.QuickstepLauncher,reason=UpdateInputWindows]
02-17 07:58:47.068 I/am_proc_bound( 1524): [0,14285,com.android.calendar]
02-17 07:58:47.068 I/am_pss ( 1524): [14151,1000,com.android.settings,34166784,32137216,0,118976512,0,19,6]
02-17 07:58:47.074 I/am_proc_bound( 1524): [0,14286,com.android.deskclock]
02-17 07:58:47.096 I/input_focus( 1524): [Focus entering 321be4b com.android.launcher3/com.android.launcher3.uioverrides.QuickstepLauncher (server),reason=Window became focusable. Previous reason: NOT_VISIBLE]
02-17 07:58:47.316 I/wm_destroy_activity( 1524): [0,112314770,52,com.thundercomm.screensaver/android.service.dreams.DreamActivity,finish-imm:idle]
02-17 07:58:47.318 I/wm_on_stop_called( 8649): [112314770,android.service.dreams.DreamActivity,LIFECYCLER_STOP_ACTIVITY]
02-17 07:58:47.318 I/wm_on_destroy_called( 8649): [112314770,android.service.dreams.DreamActivity,performDestroy]
02-17 07:58:47.322 I/sysui_multi_action( 1524): [757,222,758,2]
02-17 07:58:47.322 I/sysui_multi_action( 1524): [757,804,799,dreaming_minutes,801,1,802,1]
02-17 07:58:47.335 I/wm_task_removed( 1524): [52,removeChild:removeChild last r=ActivityRecord{6b1c992 u0 com.thundercomm.screensaver/android.service.dreams.DreamActivity t-1 f}} in t=Task{e73dcc1 #52 type=dream A=10040:android:com.thundercomm.screensaver/dream U=0 visible=false mode=fullscreen translucent=true sz=0}]
02-17 07:58:47.335 I/wm_task_removed( 1524): [52,removeChild]
02-17 07:58:47.935 I/auditd ( 0): type=1400 audit(0.0:16132): avc: denied { kill } for comm="swapper/1" capability=5 scontext=u:r:kernel:s0 tcontext=u:r:kernel:s0 tclass=capability permissive=0
02-17 07:58:47.981 I/input_interaction( 1524): Interaction with: d4326e3 StatusBar (server), edge-swipe (server), swipe-up (server), PointerEventDispatcher0 (server),
02-17 07:58:47.985 I/sysui_multi_action( 1999): [757,803,799,panel_open,802,1]
02-17 07:58:47.987 I/sysui_multi_action( 1999): [757,1328,758,4,1326,55,1327,1,1329,0]
02-17 07:58:48.052 I/sysui_multi_action( 1524): [757,127,758,1]
02-17 07:58:48.052 I/sysui_multi_action( 1524): [757,804,799,note_load,801,3,802,1]
02-17 07:58:48.052 I/notification_panel_revealed( 1524): 3
02-17 07:58:48.064 I/input_focus( 1524): [Focus request febc086 NotificationShade,reason=UpdateInputWindows]
02-17 07:58:48.075 I/sysui_multi_action( 1524): [757,128,758,1,793,13752686,794,0,795,13752686,796,26,798,0,806,android,857,DEVELOPER_IMPORTANT,858,4,947,0,1395,3,1500,13752479,1688,1]
02-17 07:58:48.075 I/sysui_multi_action( 1524): [757,804,799,note_freshness,801,13752686,802,1]
02-17 07:58:48.075 I/notification_visibility( 1524): [-1|android|26|null|1000,1,13752686,13752686,0,0]
02-17 07:58:48.075 I/sysui_multi_action( 1524): [757,128,758,1,793,13780918,794,0,795,655886,796,17303299,797,com.android.wifi,798,1,806,android,857,NETWORK_AVAILABLE,858,2,947,0,1395,3,1500,73990,1688,1]
02-17 07:58:48.076 I/sysui_multi_action( 1524): [757,1501,758,1,793,13780919,794,1,795,655887,796,17303299,797,com.android.wifi,806,android,857,NETWORK_AVAILABLE,858,2,947,0,1500,0,1688,1]
02-17 07:58:48.076 I/sysui_multi_action( 1524): [757,804,799,note_interruptive,801,0,802,1]
02-17 07:58:48.076 I/sysui_multi_action( 1524): [757,804,799,note_freshness,801,655886,802,1]
02-17 07:58:48.076 I/notification_visibility( 1524): [0|android|17303299|com.android.wifi|1000,1,13780918,655886,0,1]
02-17 07:58:48.076 I/sysui_multi_action( 1524): [757,128,758,1,793,14954621,794,0,795,14954621,796,32,798,2,806,android,857,USB,858,1,947,0,1395,3,1500,14954189,1688,1]
02-17 07:58:48.076 I/sysui_multi_action( 1524): [757,804,799,note_freshness,801,14954621,802,1]
02-17 07:58:48.076 I/notification_visibility( 1524): [-1|android|32|null|1000,1,14954621,14954621,0,2]
02-17 07:58:48.082 I/input_focus( 1524): [Focus leaving 321be4b com.android.launcher3/com.android.launcher3.uioverrides.QuickstepLauncher (server),reason=setFocusedWindow]
02-17 07:58:48.082 I/input_focus( 1524): [Focus entering febc086 NotificationShade (server),reason=setFocusedWindow]
02-17 07:58:48.148 I/sysui_multi_action( 1999): [757,111,758,1]
02-17 07:58:48.149 I/sysui_multi_action( 1999): [757,126,758,1,759,126,927,0,928,1,1593,0]
02-17 07:58:48.149 I/sysui_multi_action( 1999): [757,113,758,1,759,113,927,1,928,1,1593,0]
02-17 07:58:48.149 I/sysui_multi_action( 1999): [757,0,758,1,759,0,927,2,928,0,1593,0]
02-17 07:58:48.149 I/sysui_multi_action( 1999): [757,0,758,1,759,0,927,3,928,0,1593,0]
02-17 07:58:48.150 I/sysui_multi_action( 1999): [757,491,758,1,759,491,927,4,928,0,1311,-1,1593,0]
02-17 07:58:48.150 I/sysui_multi_action( 1999): [757,0,758,1,759,0,927,5,928,0,1593,0]
02-17 07:58:48.150 I/sysui_multi_action( 1999): [757,111,758,1]
02-17 07:58:48.150 I/sysui_multi_action( 1999): [757,126,758,1,759,126,927,0,928,1,1593,0]
02-17 07:58:48.151 I/sysui_multi_action( 1999): [757,113,758,1,759,113,927,1,928,1,1593,0]
02-17 07:58:48.151 I/sysui_multi_action( 1999): [757,0,758,1,759,0,927,2,928,0,1593,0]
02-17 07:58:48.151 I/sysui_multi_action( 1999): [757,0,758,1,759,0,927,3,928,0,1593,0]
02-17 07:58:48.939 I/auditd ( 0): type=1400 audit(0.0:16133): avc: denied { kill } for comm="swapper/1" capability=5 scontext=u:r:kernel:s0 tcontext=u:r:kernel:s0 tclass=capability permissive=0
