02-17 07:55:23.456 I/sysui_multi_action( 1999): [757,0,758,1,759,0,927,5,928,0,1593,0]
02-17 07:55:23.456 I/sysui_multi_action( 1999): [757,111,758,1]
02-17 07:55:23.456 I/sysui_multi_action( 1999): [757,126,758,1,759,126,927,0,928,1,1593,0]
02-17 07:55:23.456 I/sysui_multi_action( 1999): [757,113,758,1,759,113,927,1,928,1,1593,0]
02-17 07:55:23.457 I/sysui_multi_action( 1999): [757,0,758,1,759,0,927,2,928,0,1593,0]
02-17 07:55:23.457 I/sysui_multi_action( 1999): [757,0,758,1,759,0,927,3,928,0,1593,0]
02-17 07:55:23.935 I/auditd ( 0): type=1400 audit(0.0:15932): avc: denied { kill } for comm="swapper/3" capability=5 scontext=u:r:kernel:s0 tcontext=u:r:kernel:s0 tclass=capability permissive=0
02-17 07:55:24.124 I/input_interaction( 1524): Interaction with: febc086 NotificationShade (server), edge-swipe (server), swipe-up (server), PointerEventDispatcher0 (server),
02-17 07:55:24.546 I/notification_enqueue( 1524): [10080,1999,com.android.systemui,2048,NULL,0,Notification(channel=updateNotification shortcut=null contentView=null vibrate=null sound=null defaults=0x0 flags=0x0 color=0x00000000 vis=PRIVATE),1]
02-17 07:55:24.546 I/sysui_multi_action( 1999): [757,111,758,2]
02-17 07:55:24.546 I/sysui_multi_action( 1999): [757,111,758,2]
02-17 07:55:24.650 I/input_focus( 1524): [Focus request 321be4b com.android.launcher3/com.android.launcher3.uioverrides.QuickstepLauncher,reason=UpdateInputWindows]
02-17 07:55:24.653 I/sysui_multi_action( 1524): [757,128,758,2,793,13549264,794,1274,795,13549264,796,26,798,0,806,android,857,DEVELOPER_IMPORTANT,858,4,947,0,1395,3,1500,13549057,1688,1]
02-17 07:55:24.654 I/notification_visibility( 1524): [-1|android|26|null|1000,0,13549264,13549264,0,0]
02-17 07:55:24.654 I/sysui_multi_action( 1524): [757,128,758,2,793,13577497,794,1274,795,452465,796,17303299,797,com.android.wifi,798,1,806,android,857,NETWORK_AVAILABLE,858,2,947,0,1395,3,1500,1274,1688,1]
02-17 07:55:24.654 I/notification_visibility( 1524): [0|android|17303299|com.android.wifi|1000,0,13577497,452465,0,1]
02-17 07:55:24.655 I/sysui_multi_action( 1524): [757,128,758,2,793,14751200,794,1275,795,14751200,796,32,798,2,806,android,857,USB,858,1,947,0,1395,3,1500,14750768,1688,1]
02-17 07:55:24.655 I/notification_visibility( 1524): [-1|android|32|null|1000,0,14751200,14751200,0,2]
02-17 07:55:24.656 I/sysui_multi_action( 1524): [757,127,758,2]
02-17 07:55:24.656 I/notification_panel_hidden( 1524):
02-17 07:55:24.676 I/input_focus( 1524): [Focus leaving febc086 NotificationShade (server),reason=NO_WINDOW]
02-17 07:55:24.677 I/input_focus( 1524): [Focus entering 321be4b com.android.launcher3/com.android.launcher3.uioverrides.QuickstepLauncher (server),reason=setFocusedWindow]
02-17 07:55:24.809 I/input_interaction( 1524): Interaction with: d4326e3 StatusBar (server), edge-swipe (server), swipe-up (server), PointerEventDispatcher0 (server),
02-17 07:55:24.811 I/sysui_multi_action( 1999): [757,803,799,panel_open,802,1]
02-17 07:55:24.812 I/sysui_multi_action( 1999): [757,1328,758,4,1326,67,1327,2,1329,0]
02-17 07:55:24.877 I/sysui_multi_action( 1524): [757,127,758,1]
02-17 07:55:24.877 I/sysui_multi_action( 1524): [757,804,799,note_load,801,3,802,1]
02-17 07:55:24.877 I/notification_panel_revealed( 1524): 3
02-17 07:55:24.887 I/input_focus( 1524): [Focus request febc086 NotificationShade,reason=UpdateInputWindows]
02-17 07:55:24.903 I/sysui_multi_action( 1524): [757,128,758,1,793,13549514,794,0,795,13549514,796,26,798,0,806,android,857,DEVELOPER_IMPORTANT,858,4,947,0,1395,3,1500,13549307,1688,1]
02-17 07:55:24.904 I/sysui_multi_action( 1524): [757,804,799,note_freshness,801,13549514,802,1]
02-17 07:55:24.904 I/notification_visibility( 1524): [-1|android|26|null|1000,1,13549514,13549514,0,0]
02-17 07:55:24.904 I/sysui_multi_action( 1524): [757,128,758,1,793,13577747,794,0,795,452715,796,17303299,797,com.android.wifi,798,1,806,android,857,NETWORK_AVAILABLE,858,2,947,0,1395,3,1500,1524,1688,1]
02-17 07:55:24.904 I/sysui_multi_action( 1524): [757,1501,758,1,793,13577747,794,0,795,452715,796,17303299,797,com.android.wifi,806,android,857,NETWORK_AVAILABLE,858,2,947,0,1500,0,1688,1]
02-17 07:55:24.904 I/sysui_multi_action( 1524): [757,804,799,note_interruptive,801,0,802,1]
02-17 07:55:24.904 I/sysui_multi_action( 1524): [757,804,799,note_freshness,801,452715,802,1]
02-17 07:55:24.904 I/notification_visibility( 1524): [0|android|17303299|com.android.wifi|1000,1,13577747,452715,0,1]
02-17 07:55:24.904 I/sysui_multi_action( 1524): [757,128,758,1,793,14751449,794,0,795,14751449,796,32,798,2,806,android,857,USB,858,1,947,0,1395,3,1500,14751017,1688,1]
02-17 07:55:24.905 I/sysui_multi_action( 1524): [757,804,799,note_freshness,801,14751449,802,1]
02-17 07:55:24.905 I/notification_visibility( 1524): [-1|android|32|null|1000,1,14751449,14751449,0,2]
02-17 07:55:24.910 I/input_focus( 1524): [Focus leaving 321be4b com.android.launcher3/com.android.launcher3.uioverrides.QuickstepLauncher (server),reason=setFocusedWindow]
02-17 07:55:24.910 I/input_focus( 1524): [Focus entering febc086 NotificationShade (server),reason=setFocusedWindow]
02-17 07:55:24.935 I/auditd ( 0): type=1400 audit(0.0:15933): avc: denied { kill } for comm="swapper/3" capability=5 scontext=u:r:kernel:s0 tcontext=u:r:kernel:s0 tclass=capability permissive=0
02-17 07:55:24.993 I/sysui_multi_action( 1999): [757,111,758,1]
02-17 07:55:24.994 I/sysui_multi_action( 1999): [757,126,758,1,759,126,927,0,928,1,1593,0]
02-17 07:55:24.994 I/sysui_multi_action( 1999): [757,113,758,1,759,113,927,1,928,1,1593,0]
02-17 07:55:24.994 I/sysui_multi_action( 1999): [757,0,758,1,759,0,927,2,928,0,1593,0]
02-17 07:55:24.994 I/sysui_multi_action( 1999): [757,0,758,1,759,0,927,3,928,0,1593,0]
02-17 07:55:24.995 I/sysui_multi_action( 1999): [757,491,758,1,759,491,927,4,928,0,1311,-1,1593,0]
02-17 07:55:24.995 I/sysui_multi_action( 1999): [757,0,758,1,759,0,927,5,928,0,1593,0]
02-17 07:55:24.995 I/sysui_multi_action( 1999): [757,111,758,1]
02-17 07:55:24.995 I/sysui_multi_action( 1999): [757,126,758,1,759,126,927,0,928,1,1593,0]
02-17 07:55:24.995 I/sysui_multi_action( 1999): [757,113,758,1,759,113,927,1,928,1,1593,0]
02-17 07:55:24.995 I/sysui_multi_action( 1999): [757,0,758,1,759,0,927,2,928,0,1593,0]
02-17 07:55:24.995 I/sysui_multi_action( 1999): [757,0,758,1,759,0,927,3,928,0,1593,0]
02-17 07:55:25.688 I/input_interaction( 1524): Interaction with: febc086 NotificationShade (server), edge-swipe (server), swipe-up (server), PointerEventDispatcher0 (server),
02-17 07:55:25.935 I/auditd ( 0): type=1400 audit(0.0:15934): avc: denied { kill } for comm="swapper/3" capability=5 scontext=u:r:kernel:s0 tcontext=u:r:kernel:s0 tclass=capability permissive=0
02-17 07:55:26.098 I/notification_enqueue( 1524): [10080,1999,com.android.systemui,2048,NULL,0,Notification(channel=updateNotification shortcut=null contentView=null vibrate=null sound=null defaults=0x0 flags=0x0 color=0x00000000 vis=PRIVATE),1]
02-17 07:55:26.098 I/sysui_multi_action( 1999): [757,111,758,2]
02-17 07:55:26.098 I/sysui_multi_action( 1999): [757,111,758,2]
02-17 07:55:26.220 I/input_focus( 1524): [Focus request 321be4b com.android.launcher3/com.android.launcher3.uioverrides.QuickstepLauncher,reason=UpdateInputWindows]
02-17 07:55:26.224 I/sysui_multi_action( 1524): [757,128,758,2,793,13550835,794,1321,795,13550835,796,26,798,0,806,android,857,DEVELOPER_IMPORTANT,858,4,947,0,1395,3,1500,13550628,1688,1]
02-17 07:55:26.225 I/notification_visibility( 1524): [-1|android|26|null|1000,0,13550835,13550835,0,0]
02-17 07:55:26.226 I/sysui_multi_action( 1524): [757,128,758,2,793,13579069,794,1322,795,454037,796,17303299,797,com.android.wifi,798,1,806,android,857,NETWORK_AVAILABLE,858,2,947,0,1395,3,1500,1322,1688,1]
02-17 07:55:26.227 I/notification_visibility( 1524): [0|android|17303299|com.android.wifi|1000,0,13579069,454037,0,1]
02-17 07:55:26.228 I/sysui_multi_action( 1524): [757,128,758,2,793,14752772,794,1323,795,14752772,796,32,798,2,806,android,857,USB,858,1,947,0,1395,3,1500,14752340,1688,1]
02-17 07:55:26.228 I/notification_visibility( 1524): [-1|android|32|null|1000,0,14752772,14752772,0,2]
02-17 07:55:26.229 I/sysui_multi_action( 1524): [757,127,758,2]
02-17 07:55:26.229 I/notification_panel_hidden( 1524):
02-17 07:55:26.247 I/input_focus( 1524): [Focus leaving febc086 NotificationShade (server),reason=NO_WINDOW]
02-17 07:55:26.247 I/input_focus( 1524): [Focus entering 321be4b com.android.launcher3/com.android.launcher3.uioverrides.QuickstepLauncher (server),reason=setFocusedWindow]
02-17 07:55:26.377 I/input_interaction( 1524): Interaction with: d4326e3 StatusBar (server), edge-swipe (server), swipe-up (server), PointerEventDispatcher0 (server),
02-17 07:55:26.378 I/sysui_multi_action( 1999): [757,803,799,panel_open,802,1]
02-17 07:55:26.379 I/sysui_multi_action( 1999): [757,1328,758,4,1326,68,1327,4,1329,0]
02-17 07:55:26.465 I/sysui_multi_action( 1524): [757,127,758,1]
02-17 07:55:26.465 I/sysui_multi_action( 1524): [757,804,799,note_load,801,3,802,1]
02-17 07:55:26.465 I/notification_panel_revealed( 1524): 3
02-17 07:55:26.473 I/input_focus( 1524): [Focus request febc086 NotificationShade,reason=UpdateInputWindows]
02-17 07:55:26.484 I/sysui_multi_action( 1524): [757,128,758,1,793,13551095,794,0,795,13551095,796,26,798,0,806,android,857,DEVELOPER_IMPORTANT,858,4,947,0,1395,3,1500,13550888,1688,1]
02-17 07:55:26.484 I/sysui_multi_action( 1524): [757,804,799,note_freshness,801,13551095,802,1]
02-17 07:55:26.484 I/notification_visibility( 1524): [-1|android|26|null|1000,1,13551095,13551095,0,0]
02-17 07:55:26.485 I/sysui_multi_action( 1524): [757,128,758,1,793,13579328,794,0,795,454296,796,17303299,797,com.android.wifi,798,1,806,android,857,NETWORK_AVAILABLE,858,2,947,0,1395,3,1500,1581,1688,1]
02-17 07:55:26.485 I/sysui_multi_action( 1524): [757,1501,758,1,793,13579328,794,0,795,454296,796,17303299,797,com.android.wifi,806,android,857,NETWORK_AVAILABLE,858,2,947,0,1500,0,1688,1]
02-17 07:55:26.485 I/sysui_multi_action( 1524): [757,804,799,note_interruptive,801,0,802,1]
02-17 07:55:26.485 I/sysui_multi_action( 1524): [757,804,799,note_freshness,801,454296,802,1]
02-17 07:55:26.485 I/notification_visibility( 1524): [0|android|17303299|com.android.wifi|1000,1,13579328,454296,0,1]
02-17 07:55:26.485 I/sysui_multi_action( 1524): [757,128,758,1,793,14753030,794,0,795,14753030,796,32,798,2,806,android,857,USB,858,1,947,0,1395,3,1500,14752598,1688,1]
02-17 07:55:26.485 I/sysui_multi_action( 1524): [757,804,799,note_freshness,801,14753030,802,1]
02-17 07:55:26.485 I/notification_visibility( 1524): [-1|android|32|null|1000,1,14753030,14753030,0,2]
02-17 07:55:26.497 I/input_focus( 1524): [Focus leaving 321be4b com.android.launcher3/com.android.launcher3.uioverrides.QuickstepLauncher (server),reason=setFocusedWindow]
02-17 07:55:26.497 I/input_focus( 1524): [Focus entering febc086 NotificationShade (server),reason=setFocusedWindow]
02-17 07:55:26.580 I/sysui_multi_action( 1999): [757,111,758,1]
02-17 07:55:26.581 I/sysui_multi_action( 1999): [757,126,758,1,759,126,927,0,928,1,1593,0]
02-17 07:55:26.581 I/sysui_multi_action( 1999): [757,113,758,1,759,113,927,1,928,1,1593,0]
02-17 07:55:26.581 I/sysui_multi_action( 1999): [757,0,758,1,759,0,927,2,928,0,1593,0]
02-17 07:55:26.581 I/sysui_multi_action( 1999): [757,0,758,1,759,0,927,3,928,0,1593,0]
02-17 07:55:26.582 I/sysui_multi_action( 1999): [757,491,758,1,759,491,927,4,928,0,1311,-1,1593,0]
02-17 07:55:26.582 I/sysui_multi_action( 1999): [757,0,758,1,759,0,927,5,928,0,1593,0]
02-17 07:55:26.582 I/sysui_multi_action( 1999): [757,111,758,1]
02-17 07:55:26.582 I/sysui_multi_action( 1999): [757,126,758,1,759,126,927,0,928,1,1593,0]
02-17 07:55:26.582 I/sysui_multi_action( 1999): [757,113,758,1,759,113,927,1,928,1,1593,0]
02-17 07:55:26.582 I/sysui_multi_action( 1999): [757,0,758,1,759,0,927,2,928,0,1593,0]
02-17 07:55:26.583 I/sysui_multi_action( 1999): [757,0,758,1,759,0,927,3,928,0,1593,0]
02-17 07:55:26.935 I/auditd ( 0): type=1400 audit(0.0:15935): avc: denied { kill } for comm="swapper/3" capability=5 scontext=u:r:kernel:s0 tcontext=u:r:kernel:s0 tclass=capability permissive=0
02-17 07:55:27.286 I/input_interaction( 1524): Interaction with: febc086 NotificationShade (server), edge-swipe (server), swipe-up (server), PointerEventDispatcher0 (server),
02-17 07:55:27.717 I/sysui_multi_action( 1999): [757,111,758,2]
02-17 07:55:27.718 I/sysui_multi_action( 1999): [757,111,758,2]
02-17 07:55:27.718 I/notification_enqueue( 1524): [10080,1999,com.android.systemui,2048,NULL,0,Notification(channel=updateNotification shortcut=null contentView=null vibrate=null sound=null defaults=0x0 flags=0x0 color=0x00000000 vis=PRIVATE),1]
02-17 07:55:27.827 I/input_focus( 1524): [Focus request 321be4b com.android.launcher3/com.android.launcher3.uioverrides.QuickstepLauncher,reason=UpdateInputWindows]
02-17 07:55:27.831 I/sysui_multi_action( 1524): [757,128,758,2,793,13552442,794,1347,795,13552442,796,26,798,0,806,android,857,DEVELOPER_IMPORTANT,858,4,947,0,1395,3,1500,13552235,1688,1]
02-17 07:55:27.831 I/notification_visibility( 1524): [-1|android|26|null|1000,0,13552442,13552442,0,0]
02-17 07:55:27.832 I/sysui_multi_action( 1524): [757,128,758,2,793,13580675,794,1347,795,455643,796,17303299,797,com.android.wifi,798,1,806,android,857,NETWORK_AVAILABLE,858,2,947,0,1395,3,1500,1347,1688,1]
02-17 07:55:27.832 I/notification_visibility( 1524): [0|android|17303299|com.android.wifi|1000,0,13580675,455643,0,1]
02-17 07:55:27.832 I/sysui_multi_action( 1524): [757,128,758,2,793,14754377,794,1347,795,14754377,796,32,798,2,806,android,857,USB,858,1,947,0,1395,3,1500,14753945,1688,1]
02-17 07:55:27.832 I/notification_visibility( 1524): [-1|android|32|null|1000,0,14754377,14754377,0,2]
02-17 07:55:27.832 I/sysui_multi_action( 1524): [757,127,758,2]
02-17 07:55:27.832 I/notification_panel_hidden( 1524):
02-17 07:55:27.850 I/input_focus( 1524): [Focus leaving febc086 NotificationShade (server),reason=NOT_FOCUSABLE]
02-17 07:55:27.855 I/input_focus( 1524): [Focus entering 321be4b com.android.launcher3/com.android.launcher3.uioverrides.QuickstepLauncher (server),reason=setFocusedWindow]
02-17 07:55:27.935 I/auditd ( 0): type=1400 audit(0.0:15936): avc: denied { kill } for comm="swapper/3" capability=5 scontext=u:r:kernel:s0 tcontext=u:r:kernel:s0 tclass=capability permissive=0
02-17 07:55:28.065 I/input_interaction( 1524): Interaction with: d4326e3 StatusBar (server), edge-swipe (server), swipe-up (server), PointerEventDispatcher0 (server),
02-17 07:55:28.070 I/sysui_multi_action( 1999): [757,803,799,panel_open,802,1]
02-17 07:55:28.071 I/sysui_multi_action( 1999): [757,1328,758,4,1326,57,1327,2,1329,0]
02-17 07:55:28.125 I/sysui_multi_action( 1524): [757,127,758,1]
02-17 07:55:28.126 I/sysui_multi_action( 1524): [757,804,799,note_load,801,3,802,1]
02-17 07:55:28.126 I/notification_panel_revealed( 1524): 3
02-17 07:55:28.135 I/input_focus( 1524): [Focus request febc086 NotificationShade,reason=UpdateInputWindows]
02-17 07:55:28.144 I/sysui_multi_action( 1524): [757,128,758,1,793,13552755,794,0,795,13552755,796,26,798,0,806,android,857,DEVELOPER_IMPORTANT,858,4,947,0,1395,3,1500,13552548,1688,1]
02-17 07:55:28.144 I/sysui_multi_action( 1524): [757,804,799,note_freshness,801,13552755,802,1]
02-17 07:55:28.144 I/notification_visibility( 1524): [-1|android|26|null|1000,1,13552755,13552755,0,0]
02-17 07:55:28.144 I/sysui_multi_action( 1524): [757,128,758,1,793,13580987,794,0,795,455955,796,17303299,797,com.android.wifi,798,1,806,android,857,NETWORK_AVAILABLE,858,2,947,0,1395,3,1500,1659,1688,1]
02-17 07:55:28.144 I/sysui_multi_action( 1524): [757,1501,758,1,793,13580987,794,0,795,455955,796,17303299,797,com.android.wifi,806,android,857,NETWORK_AVAILABLE,858,2,947,0,1500,0,1688,1]
02-17 07:55:28.144 I/sysui_multi_action( 1524): [757,804,799,note_interruptive,801,0,802,1]
02-17 07:55:28.144 I/sysui_multi_action( 1524): [757,804,799,note_freshness,801,455955,802,1]
02-17 07:55:28.145 I/notification_visibility( 1524): [0|android|17303299|com.android.wifi|1000,1,13580987,455955,0,1]
02-17 07:55:28.145 I/sysui_multi_action( 1524): [757,128,758,1,793,14754690,794,0,795,14754690,796,32,798,2,806,android,857,USB,858,1,947,0,1395,3,1500,14754258,1688,1]
02-17 07:55:28.145 I/sysui_multi_action( 1524): [757,804,799,note_freshness,801,14754690,802,1]
02-17 07:55:28.145 I/notification_visibility( 1524): [-1|android|32|null|1000,1,14754690,14754690,0,2]
02-17 07:55:28.152 I/input_focus( 1524): [Focus leaving 321be4b com.android.launcher3/com.android.launcher3.uioverrides.QuickstepLauncher (server),reason=setFocusedWindow]
02-17 07:55:28.152 I/input_focus( 1524): [Focus entering febc086 NotificationShade (server),reason=setFocusedWindow]
02-17 07:55:28.216 I/sysui_multi_action( 1999): [757,111,758,1]
02-17 07:55:28.216 I/sysui_multi_action( 1999): [757,126,758,1,759,126,927,0,928,1,1593,0]
02-17 07:55:28.216 I/sysui_multi_action( 1999): [757,113,758,1,759,113,927,1,928,1,1593,0]
02-17 07:55:28.216 I/sysui_multi_action( 1999): [757,0,758,1,759,0,927,2,928,0,1593,0]
02-17 07:55:28.216 I/sysui_multi_action( 1999): [757,0,758,1,759,0,927,3,928,0,1593,0]
02-17 07:55:28.217 I/sysui_multi_action( 1999): [757,491,758,1,759,491,927,4,928,0,1311,-1,1593,0]
02-17 07:55:28.217 I/sysui_multi_action( 1999): [757,0,758,1,759,0,927,5,928,0,1593,0]
02-17 07:55:28.217 I/sysui_multi_action( 1999): [757,111,758,1]
02-17 07:55:28.217 I/sysui_multi_action( 1999): [757,126,758,1,759,126,927,0,928,1,1593,0]
02-17 07:55:28.217 I/sysui_multi_action( 1999): [757,113,758,1,759,113,927,1,928,1,1593,0]
02-17 07:55:28.217 I/sysui_multi_action( 1999): [757,0,758,1,759,0,927,2,928,0,1593,0]
02-17 07:55:28.217 I/sysui_multi_action( 1999): [757,0,758,1,759,0,927,3,928,0,1593,0]
02-17 07:55:28.876 I/input_interaction( 1524): Interaction with: febc086 NotificationShade (server), edge-swipe (server), swipe-up (server), PointerEventDispatcher0 (server),
02-17 07:55:28.935 I/auditd ( 0): type=1400 audit(0.0:15937): avc: denied { kill } for comm="swapper/3" capability=5 scontext=u:r:kernel:s0 tcontext=u:r:kernel:s0 tclass=capability permissive=0
02-17 07:55:29.255 I/notification_enqueue( 1524): [10080,1999,com.android.systemui,2048,NULL,0,Notification(channel=updateNotification shortcut=null contentView=null vibrate=null sound=null defaults=0x0 flags=0x0 color=0x00000000 vis=PRIVATE),1]
02-17 07:55:29.255 I/sysui_multi_action( 1999): [757,111,758,2]
02-17 07:55:29.255 I/sysui_multi_action( 1999): [757,111,758,2]
02-17 07:55:29.345 I/input_focus( 1524): [Focus request 321be4b com.android.launcher3/com.android.launcher3.uioverrides.QuickstepLauncher,reason=UpdateInputWindows]
02-17 07:55:29.349 I/sysui_multi_action( 1524): [757,128,758,2,793,13553960,794,1205,795,13553960,796,26,798,0,806,android,857,DEVELOPER_IMPORTANT,858,4,947,0,1395,3,1500,13553753,1688,1]
02-17 07:55:29.350 I/notification_visibility( 1524): [-1|android|26|null|1000,0,13553960,13553960,0,0]
02-17 07:55:29.350 I/sysui_multi_action( 1524): [757,128,758,2,793,13582193,794,1206,795,457161,796,17303299,797,com.android.wifi,798,1,806,android,857,NETWORK_AVAILABLE,858,2,947,0,1395,3,1500,1206,1688,1]
02-17 07:55:29.351 I/notification_visibility( 1524): [0|android|17303299|com.android.wifi|1000,0,13582193,457161,0,1]
02-17 07:55:29.351 I/sysui_multi_action( 1524): [757,128,758,2,793,14755896,794,1206,795,14755896,796,32,798,2,806,android,857,USB,858,1,947,0,1395,3,1500,14755464,1688,1]
02-17 07:55:29.352 I/notification_visibility( 1524): [-1|android|32|null|1000,0,14755896,14755896,0,2]
02-17 07:55:29.353 I/sysui_multi_action( 1524): [757,127,758,2]
02-17 07:55:29.353 I/notification_panel_hidden( 1524):
02-17 07:55:29.371 I/input_focus( 1524): [Focus leaving febc086 NotificationShade (server),reason=NO_WINDOW]
02-17 07:55:29.371 I/input_focus( 1524): [Focus entering 321be4b com.android.launcher3/com.android.launcher3.uioverrides.QuickstepLauncher (server),reason=setFocusedWindow]
02-17 07:55:29.619 I/input_interaction( 1524): Interaction with: d4326e3 StatusBar (server), edge-swipe (server), swipe-up (server), PointerEventDispatcher0 (server),
02-17 07:55:29.625 I/sysui_multi_action( 1999): [757,803,799,panel_open,802,1]
02-17 07:55:29.626 I/sysui_multi_action( 1999): [757,1328,758,4,1326,48,1327,1,1329,0]
02-17 07:55:29.672 I/sysui_multi_action( 1524): [757,127,758,1]
02-17 07:55:29.672 I/sysui_multi_action( 1524): [757,804,799,note_load,801,3,802,1]
02-17 07:55:29.673 I/notification_panel_revealed( 1524): 3
02-17 07:55:29.682 I/input_focus( 1524): [Focus request febc086 NotificationShade,reason=UpdateInputWindows]
02-17 07:55:29.694 I/sysui_multi_action( 1524): [757,128,758,1,793,13554305,794,0,795,13554305,796,26,798,0,806,android,857,DEVELOPER_IMPORTANT,858,4,947,0,1395,3,1500,13554098,1688,1]
02-17 07:55:29.695 I/sysui_multi_action( 1524): [757,804,799,note_freshness,801,13554305,802,1]
02-17 07:55:29.695 I/notification_visibility( 1524): [-1|android|26|null|1000,1,13554305,13554305,0,0]
02-17 07:55:29.695 I/sysui_multi_action( 1524): [757,128,758,1,793,13582538,794,0,795,457506,796,17303299,797,com.android.wifi,798,1,806,android,857,NETWORK_AVAILABLE,858,2,947,0,1395,3,1500,1551,1688,1]
02-17 07:55:29.695 I/sysui_multi_action( 1524): [757,1501,758,1,793,13582538,794,0,795,457506,796,17303299,797,com.android.wifi,806,android,857,NETWORK_AVAILABLE,858,2,947,0,1500,0,1688,1]
02-17 07:55:29.695 I/sysui_multi_action( 1524): [757,804,799,note_interruptive,801,0,802,1]
02-17 07:55:29.695 I/sysui_multi_action( 1524): [757,804,799,note_freshness,801,457506,802,1]
02-17 07:55:29.695 I/notification_visibility( 1524): [0|android|17303299|com.android.wifi|1000,1,13582538,457506,0,1]
02-17 07:55:29.695 I/sysui_multi_action( 1524): [757,128,758,1,793,14756240,794,0,795,14756240,796,32,798,2,806,android,857,USB,858,1,947,0,1395,3,1500,14755808,1688,1]
02-17 07:55:29.695 I/sysui_multi_action( 1524): [757,804,799,note_freshness,801,14756240,802,1]
02-17 07:55:29.696 I/notification_visibility( 1524): [-1|android|32|null|1000,1,14756240,14756240,0,2]
02-17 07:55:29.705 I/input_focus( 1524): [Focus leaving 321be4b com.android.launcher3/com.android.launcher3.uioverrides.QuickstepLauncher (server),reason=setFocusedWindow]
02-17 07:55:29.705 I/input_focus( 1524): [Focus entering febc086 NotificationShade (server),reason=setFocusedWindow]
02-17 07:55:29.755 I/sysui_multi_action( 1999): [757,111,758,1]
02-17 07:55:29.755 I/sysui_multi_action( 1999): [757,126,758,1,759,126,927,0,928,1,1593,0]
02-17 07:55:29.755 I/sysui_multi_action( 1999): [757,113,758,1,759,113,927,1,928,1,1593,0]
02-17 07:55:29.755 I/sysui_multi_action( 1999): [757,0,758,1,759,0,927,2,928,0,1593,0]
02-17 07:55:29.755 I/sysui_multi_action( 1999): [757,0,758,1,759,0,927,3,928,0,1593,0]
02-17 07:55:29.756 I/sysui_multi_action( 1999): [757,491,758,1,759,491,927,4,928,0,1311,-1,1593,0]
02-17 07:55:29.756 I/sysui_multi_action( 1999): [757,0,758,1,759,0,927,5,928,0,1593,0]
02-17 07:55:29.756 I/sysui_multi_action( 1999): [757,111,758,1]
02-17 07:55:29.756 I/sysui_multi_action( 1999): [757,126,758,1,759,126,927,0,928,1,1593,0]
02-17 07:55:29.756 I/sysui_multi_action( 1999): [757,113,758,1,759,113,927,1,928,1,1593,0]
02-17 07:55:29.757 I/sysui_multi_action( 1999): [757,0,758,1,759,0,927,2,928,0,1593,0]
02-17 07:55:29.757 I/sysui_multi_action( 1999): [757,0,758,1,759,0,927,3,928,0,1593,0]
02-17 07:55:30.416 I/input_interaction( 1524): Interaction with: febc086 NotificationShade (server), edge-swipe (server), swipe-up (server), PointerEventDispatcher0 (server),
02-17 07:55:30.826 I/sysui_multi_action( 1999): [757,111,758,2]
02-17 07:55:30.826 I/notification_enqueue( 1524): [10080,1999,com.android.systemui,2048,NULL,0,Notification(channel=updateNotification shortcut=null contentView=null vibrate=null sound=null defaults=0x0 flags=0x0 color=0x00000000 vis=PRIVATE),1]
02-17 07:55:30.826 I/sysui_multi_action( 1999): [757,111,758,2]
02-17 07:55:30.932 I/input_focus( 1524): [Focus request 321be4b com.android.launcher3/com.android.launcher3.uioverrides.QuickstepLauncher,reason=UpdateInputWindows]
02-17 07:55:30.936 I/sysui_multi_action( 1524): [757,128,758,2,793,13555546,794,1241,795,13555546,796,26,798,0,806,android,857,DEVELOPER_IMPORTANT,858,4,947,0,1395,3,1500,13555339,1688,1]
02-17 07:55:30.936 I/notification_visibility( 1524): [-1|android|26|null|1000,0,13555546,13555546,0,0]
02-17 07:55:30.936 I/sysui_multi_action( 1524): [757,128,758,2,793,13583779,794,1241,795,458747,796,17303299,797,com.android.wifi,798,1,806,android,857,NETWORK_AVAILABLE,858,2,947,0,1395,3,1500,1241,1688,1]
02-17 07:55:30.936 I/notification_visibility( 1524): [0|android|17303299|com.android.wifi|1000,0,13583779,458747,0,1]
02-17 07:55:30.936 I/sysui_multi_action( 1524): [757,128,758,2,793,14757481,794,1241,795,14757481,796,32,798,2,806,android,857,USB,858,1,947,0,1395,3,1500,14757049,1688,1]
02-17 07:55:30.936 I/notification_visibility( 1524): [-1|android|32|null|1000,0,14757481,14757481,0,2]
02-17 07:55:30.937 I/sysui_multi_action( 1524): [757,127,758,2]
02-17 07:55:30.937 I/notification_panel_hidden( 1524):
02-17 07:55:30.935 I/auditd (12538): type=1400 audit(0.0:15938): avc: denied { kill } for comm="kworker/u17:0" capability=5 scontext=u:r:kernel:s0 tcontext=u:r:kernel:s0 tclass=capability permissive=0
02-17 07:55:30.958 I/input_focus( 1524): [Focus leaving febc086 NotificationShade (server),reason=NO_WINDOW]
02-17 07:55:30.958 I/input_focus( 1524): [Focus entering 321be4b com.android.launcher3/com.android.launcher3.uioverrides.QuickstepLauncher (server),reason=setFocusedWindow]
02-17 07:55:31.184 I/input_interaction( 1524): Interaction with: d4326e3 StatusBar (server), edge-swipe (server), swipe-up (server), PointerEventDispatcher0 (server),
02-17 07:55:31.187 I/sysui_multi_action( 1999): [757,803,799,panel_open,802,1]
02-17 07:55:31.189 I/sysui_multi_action( 1999): [757,1328,758,4,1326,58,1327,1,1329,0]
02-17 07:55:31.260 I/sysui_multi_action( 1524): [757,127,758,1]
02-17 07:55:31.260 I/sysui_multi_action( 1524): [757,804,799,note_load,801,3,802,1]
02-17 07:55:31.261 I/notification_panel_revealed( 1524): 3
02-17 07:55:31.270 I/input_focus( 1524): [Focus request febc086 NotificationShade,reason=UpdateInputWindows]
02-17 07:55:31.282 I/sysui_multi_action( 1524): [757,128,758,1,793,13555892,794,0,795,13555892,796,26,798,0,806,android,857,DEVELOPER_IMPORTANT,858,4,947,0,1395,3,1500,13555685,1688,1]
02-17 07:55:31.282 I/sysui_multi_action( 1524): [757,804,799,note_freshness,801,13555892,802,1]
02-17 07:55:31.282 I/notification_visibility( 1524): [-1|android|26|null|1000,1,13555892,13555892,0,0]
02-17 07:55:31.282 I/sysui_multi_action( 1524): [757,128,758,1,793,13584125,794,0,795,459093,796,17303299,797,com.android.wifi,798,1,806,android,857,NETWORK_AVAILABLE,858,2,947,0,1395,3,1500,1587,1688,1]
02-17 07:55:31.282 I/sysui_multi_action( 1524): [757,1501,758,1,793,13584125,794,0,795,459093,796,17303299,797,com.android.wifi,806,android,857,NETWORK_AVAILABLE,858,2,947,0,1500,0,1688,1]
02-17 07:55:31.283 I/sysui_multi_action( 1524): [757,804,799,note_interruptive,801,0,802,1]
02-17 07:55:31.283 I/sysui_multi_action( 1524): [757,804,799,note_freshness,801,459093,802,1]
02-17 07:55:31.283 I/notification_visibility( 1524): [0|android|17303299|com.android.wifi|1000,1,13584125,459093,0,1]
02-17 07:55:31.283 I/sysui_multi_action( 1524): [757,128,758,1,793,14757828,794,0,795,14757828,796,32,798,2,806,android,857,USB,858,1,947,0,1395,3,1500,14757396,1688,1]
02-17 07:55:31.283 I/sysui_multi_action( 1524): [757,804,799,note_freshness,801,14757828,802,1]
02-17 07:55:31.283 I/notification_visibility( 1524): [-1|android|32|null|1000,1,14757828,14757828,0,2]
02-17 07:55:31.292 I/input_focus( 1524): [Focus leaving 321be4b com.android.launcher3/com.android.launcher3.uioverrides.QuickstepLauncher (server),reason=setFocusedWindow]
02-17 07:55:31.292 I/input_focus( 1524): [Focus entering febc086 NotificationShade (server),reason=setFocusedWindow]
02-17 07:55:31.359 I/sysui_multi_action( 1999): [757,111,758,1]
02-17 07:55:31.359 I/sysui_multi_action( 1999): [757,126,758,1,759,126,927,0,928,1,1593,0]
02-17 07:55:31.359 I/sysui_multi_action( 1999): [757,113,758,1,759,113,927,1,928,1,1593,0]
02-17 07:55:31.359 I/sysui_multi_action( 1999): [757,0,758,1,759,0,927,2,928,0,1593,0]
02-17 07:55:31.359 I/sysui_multi_action( 1999): [757,0,758,1,759,0,927,3,928,0,1593,0]
02-17 07:55:31.360 I/sysui_multi_action( 1999): [757,491,758,1,759,491,927,4,928,0,1311,-1,1593,0]
02-17 07:55:31.360 I/sysui_multi_action( 1999): [757,0,758,1,759,0,927,5,928,0,1593,0]
02-17 07:55:31.360 I/sysui_multi_action( 1999): [757,111,758,1]
02-17 07:55:31.360 I/sysui_multi_action( 1999): [757,126,758,1,759,126,927,0,928,1,1593,0]
02-17 07:55:31.360 I/sysui_multi_action( 1999): [757,113,758,1,759,113,927,1,928,1,1593,0]
02-17 07:55:31.360 I/sysui_multi_action( 1999): [757,0,758,1,759,0,927,2,928,0,1593,0]
02-17 07:55:31.361 I/sysui_multi_action( 1999): [757,0,758,1,759,0,927,3,928,0,1593,0]
02-17 07:55:31.935 I/auditd ( 0): type=1400 audit(0.0:15939): avc: denied { kill } for comm="swapper/2" capability=5 scontext=u:r:kernel:s0 tcontext=u:r:kernel:s0 tclass=capability permissive=0
02-17 07:55:32.147 I/input_interaction( 1524): Interaction with: febc086 NotificationShade (server), edge-swipe (server), swipe-up (server), PointerEventDispatcher0 (server),
02-17 07:55:32.149 I/service_manager_stats( 1524): [100,81,35200]
02-17 07:55:32.613 I/notification_enqueue( 1524): [10080,1999,com.android.systemui,2048,NULL,0,Notification(channel=updateNotification shortcut=null contentView=null vibrate=null sound=null defaults=0x0 flags=0x0 color=0x00000000 vis=PRIVATE),1]
02-17 07:55:32.613 I/sysui_multi_action( 1999): [757,111,758,2]
02-17 07:55:32.614 I/sysui_multi_action( 1999): [757,111,758,2]
02-17 07:55:32.777 I/input_focus( 1524): [Focus request 321be4b com.android.launcher3/com.android.launcher3.uioverrides.QuickstepLauncher,reason=UpdateInputWindows]
02-17 07:55:32.783 I/sysui_multi_action( 1524): [757,128,758,2,793,13557393,794,1501,795,13557393,796,26,798,0,806,android,857,DEVELOPER_IMPORTANT,858,4,947,0,1395,3,1500,13557186,1688,1]
02-17 07:55:32.783 I/notification_visibility( 1524): [-1|android|26|null|1000,0,13557393,13557393,0,0]
02-17 07:55:32.783 I/sysui_multi_action( 1524): [757,128,758,2,793,13585626,794,1501,795,460594,796,17303299,797,com.android.wifi,798,1,806,android,857,NETWORK_AVAILABLE,858,2,947,0,1395,3,1500,1501,1688,1]
02-17 07:55:32.783 I/notification_visibility( 1524): [0|android|17303299|com.android.wifi|1000,0,13585626,460594,0,1]
02-17 07:55:32.784 I/sysui_multi_action( 1524): [757,128,758,2,793,14759328,794,1500,795,14759328,796,32,798,2,806,android,857,USB,858,1,947,0,1395,3,1500,14758896,1688,1]
02-17 07:55:32.784 I/notification_visibility( 1524): [-1|android|32|null|1000,0,14759328,14759328,0,2]
02-17 07:55:32.784 I/sysui_multi_action( 1524): [757,127,758,2]
02-17 07:55:32.784 I/notification_panel_hidden( 1524):
02-17 07:55:32.796 I/input_focus( 1524): [Focus leaving febc086 NotificationShade (server),reason=NO_WINDOW]
02-17 07:55:32.796 I/input_focus( 1524): [Focus entering 321be4b com.android.launcher3/com.android.launcher3.uioverrides.QuickstepLauncher (server),reason=setFocusedWindow]
02-17 07:55:32.935 I/auditd ( 0): type=1400 audit(0.0:15940): avc: denied { kill } for comm="swapper/2" capability=5 scontext=u:r:kernel:s0 tcontext=u:r:kernel:s0 tclass=capability permissive=0
02-17 07:55:33.935 I/auditd ( 0): type=1400 audit(0.0:15941): avc: denied { kill } for comm="swapper/2" capability=5 scontext=u:r:kernel:s0 tcontext=u:r:kernel:s0 tclass=capability permissive=0
02-17 07:55:34.935 I/auditd ( 0): type=1400 audit(0.0:15942): avc: denied { kill } for comm="swapper/2" capability=5 scontext=u:r:kernel:s0 tcontext=u:r:kernel:s0 tclass=capability permissive=0
02-17 07:55:35.935 I/auditd ( 0): type=1400 audit(0.0:15943): avc: denied { kill } for comm="swapper/2" capability=5 scontext=u:r:kernel:s0 tcontext=u:r:kernel:s0 tclass=capability permissive=0
02-17 07:55:36.656 I/am_uid_idle( 1524): 10040
02-17 07:55:36.935 I/auditd ( 0): type=1400 audit(0.0:15944): avc: denied { kill } for comm="swapper/2" capability=5 scontext=u:r:kernel:s0 tcontext=u:r:kernel:s0 tclass=capability permissive=0
02-17 07:55:37.939 I/auditd ( 0): type=1400 audit(0.0:15945): avc: denied { kill } for comm="swapper/2" capability=5 scontext=u:r:kernel:s0 tcontext=u:r:kernel:s0 tclass=capability permissive=0
02-17 07:55:38.935 I/auditd ( 0): type=1400 audit(0.0:15946): avc: denied { kill } for comm="swapper/2" capability=5 scontext=u:r:kernel:s0 tcontext=u:r:kernel:s0 tclass=capability permissive=0
02-17 07:55:39.939 I/auditd ( 0): type=1400 audit(0.0:15947): avc: denied { kill } for comm="swapper/2" capability=5 scontext=u:r:kernel:s0 tcontext=u:r:kernel:s0 tclass=capability permissive=0
02-17 07:55:40.935 I/auditd ( 0): type=1400 audit(0.0:15948): avc: denied { kill } for comm="swapper/2" capability=5 scontext=u:r:kernel:s0 tcontext=u:r:kernel:s0 tclass=capability permissive=0
02-17 07:55:41.935 I/auditd ( 0): type=1400 audit(0.0:15949): avc: denied { kill } for comm="swapper/2" capability=5 scontext=u:r:kernel:s0 tcontext=u:r:kernel:s0 tclass=capability permissive=0
02-17 07:55:42.939 I/auditd ( 0): type=1400 audit(0.0:15950): avc: denied { kill } for comm="swapper/2" capability=5 scontext=u:r:kernel:s0 tcontext=u:r:kernel:s0 tclass=capability permissive=0
02-17 07:55:43.939 I/auditd ( 0): type=1400 audit(0.0:15951): avc: denied { kill } for comm="swapper/2" capability=5 scontext=u:r:kernel:s0 tcontext=u:r:kernel:s0 tclass=capability permissive=0
02-17 07:55:44.939 I/auditd ( 0): type=1400 audit(0.0:15952): avc: denied { kill } for comm="swapper/2" capability=5 scontext=u:r:kernel:s0 tcontext=u:r:kernel:s0 tclass=capability permissive=0
02-17 07:55:45.935 I/auditd ( 0): type=1400 audit(0.0:15953): avc: denied { kill } for comm="swapper/2" capability=5 scontext=u:r:kernel:s0 tcontext=u:r:kernel:s0 tclass=capability permissive=0
02-17 07:55:46.935 I/auditd ( 0): type=1400 audit(0.0:15954): avc: denied { kill } for comm="swapper/2" capability=5 scontext=u:r:kernel:s0 tcontext=u:r:kernel:s0 tclass=capability permissive=0
02-17 07:55:47.935 I/auditd ( 0): type=1400 audit(0.0:15955): avc: denied { kill } for comm="swapper/2" capability=5 scontext=u:r:kernel:s0 tcontext=u:r:kernel:s0 tclass=capability permissive=0
02-17 07:55:48.935 I/auditd ( 0): type=1400 audit(0.0:15956): avc: denied { kill } for comm="swapper/2" capability=5 scontext=u:r:kernel:s0 tcontext=u:r:kernel:s0 tclass=capability permissive=0
02-17 07:55:49.935 I/auditd ( 0): type=1400 audit(0.0:15957): avc: denied { kill } for comm="swapper/2" capability=5 scontext=u:r:kernel:s0 tcontext=u:r:kernel:s0 tclass=capability permissive=0
02-17 07:55:50.935 I/auditd ( 0): type=1400 audit(0.0:15958): avc: denied { kill } for comm="swapper/2" capability=5 scontext=u:r:kernel:s0 tcontext=u:r:kernel:s0 tclass=capability permissive=0
02-17 07:55:51.939 I/auditd ( 0): type=1400 audit(0.0:15959): avc: denied { kill } for comm="swapper/2" capability=5 scontext=u:r:kernel:s0 tcontext=u:r:kernel:s0 tclass=capability permissive=0
02-17 07:55:52.935 I/auditd ( 0): type=1400 audit(0.0:15960): avc: denied { kill } for comm="swapper/2" capability=5 scontext=u:r:kernel:s0 tcontext=u:r:kernel:s0 tclass=capability permissive=0
02-17 07:55:53.939 I/auditd ( 0): type=1400 audit(0.0:15961): avc: denied { kill } for comm="swapper/2" capability=5 scontext=u:r:kernel:s0 tcontext=u:r:kernel:s0 tclass=capability permissive=0
02-17 07:55:54.939 I/auditd ( 0): type=1400 audit(0.0:15962): avc: denied { kill } for comm="swapper/2" capability=5 scontext=u:r:kernel:s0 tcontext=u:r:kernel:s0 tclass=capability permissive=0
02-17 07:55:55.935 I/auditd ( 0): type=1400 audit(0.0:15963): avc: denied { kill } for comm="swapper/2" capability=5 scontext=u:r:kernel:s0 tcontext=u:r:kernel:s0 tclass=capability permissive=0
02-17 07:55:56.466 I/am_uid_idle( 1524): 10062
02-17 07:55:56.939 I/auditd ( 0): type=1400 audit(0.0:15964): avc: denied { kill } for comm="swapper/2" capability=5 scontext=u:r:kernel:s0 tcontext=u:r:kernel:s0 tclass=capability permissive=0
02-17 07:55:57.939 I/auditd ( 0): type=1400 audit(0.0:15965): avc: denied { kill } for comm="swapper/2" capability=5 scontext=u:r:kernel:s0 tcontext=u:r:kernel:s0 tclass=capability permissive=0
02-17 07:55:58.939 I/auditd ( 0): type=1400 audit(0.0:15966): avc: denied { kill } for comm="swapper/2" capability=5 scontext=u:r:kernel:s0 tcontext=u:r:kernel:s0 tclass=capability permissive=0
02-17 07:55:59.935 I/auditd ( 0): type=1400 audit(0.0:15967): avc: denied { kill } for comm="swapper/2" capability=5 scontext=u:r:kernel:s0 tcontext=u:r:kernel:s0 tclass=capability permissive=0
02-17 07:56:00.935 I/auditd ( 0): type=1400 audit(0.0:15968): avc: denied { kill } for comm="swapper/2" capability=5 scontext=u:r:kernel:s0 tcontext=u:r:kernel:s0 tclass=capability permissive=0
02-17 07:56:01.935 I/auditd ( 0): type=1400 audit(0.0:15969): avc: denied { kill } for comm="swapper/2" capability=5 scontext=u:r:kernel:s0 tcontext=u:r:kernel:s0 tclass=capability permissive=0
02-17 07:56:02.935 I/auditd ( 0): type=1400 audit(0.0:15970): avc: denied { kill } for comm="swapper/2" capability=5 scontext=u:r:kernel:s0 tcontext=u:r:kernel:s0 tclass=capability permissive=0
02-17 07:56:03.939 I/auditd ( 0): type=1400 audit(0.0:15971): avc: denied { kill } for comm="swapper/2" capability=5 scontext=u:r:kernel:s0 tcontext=u:r:kernel:s0 tclass=capability permissive=0
02-17 07:56:04.935 I/auditd ( 0): type=1400 audit(0.0:15972): avc: denied { kill } for comm="swapper/2" capability=5 scontext=u:r:kernel:s0 tcontext=u:r:kernel:s0 tclass=capability permissive=0
02-17 07:56:05.935 I/auditd ( 0): type=1400 audit(0.0:15973): avc: denied { kill } for comm="swapper/2" capability=5 scontext=u:r:kernel:s0 tcontext=u:r:kernel:s0 tclass=capability permissive=0
02-17 07:56:06.939 I/auditd ( 0): type=1400 audit(0.0:15974): avc: denied { kill } for comm="swapper/2" capability=5 scontext=u:r:kernel:s0 tcontext=u:r:kernel:s0 tclass=capability permissive=0
02-17 07:56:07.939 I/auditd ( 0): type=1400 audit(0.0:15975): avc: denied { kill } for comm="swapper/2" capability=5 scontext=u:r:kernel:s0 tcontext=u:r:kernel:s0 tclass=capability permissive=0
02-17 07:56:08.939 I/auditd ( 0): type=1400 audit(0.0:15976): avc: denied { kill } for comm="swapper/2" capability=5 scontext=u:r:kernel:s0 tcontext=u:r:kernel:s0 tclass=capability permissive=0
02-17 07:56:09.939 I/auditd ( 0): type=1400 audit(0.0:15977): avc: denied { kill } for comm="swapper/2" capability=5 scontext=u:r:kernel:s0 tcontext=u:r:kernel:s0 tclass=capability permissive=0
02-17 07:56:10.935 I/auditd ( 0): type=1400 audit(0.0:15978): avc: denied { kill } for comm="swapper/2" capability=5 scontext=u:r:kernel:s0 tcontext=u:r:kernel:s0 tclass=capability permissive=0
02-17 07:56:11.939 I/auditd ( 0): type=1400 audit(0.0:15979): avc: denied { kill } for comm="swapper/2" capability=5 scontext=u:r:kernel:s0 tcontext=u:r:kernel:s0 tclass=capability permissive=0
02-17 07:56:12.939 I/auditd ( 0): type=1400 audit(0.0:15980): avc: denied { kill } for comm="swapper/2" capability=5 scontext=u:r:kernel:s0 tcontext=u:r:kernel:s0 tclass=capability permissive=0
02-17 07:56:13.939 I/auditd ( 0): type=1400 audit(0.0:15981): avc: denied { kill } for comm="swapper/2" capability=5 scontext=u:r:kernel:s0 tcontext=u:r:kernel:s0 tclass=capability permissive=0
02-17 07:56:14.939 I/auditd ( 0): type=1400 audit(0.0:15982): avc: denied { kill } for comm="swapper/2" capability=5 scontext=u:r:kernel:s0 tcontext=u:r:kernel:s0 tclass=capability permissive=0
02-17 07:56:15.935 I/auditd ( 0): type=1400 audit(0.0:15983): avc: denied { kill } for comm="swapper/2" capability=5 scontext=u:r:kernel:s0 tcontext=u:r:kernel:s0 tclass=capability permissive=0
02-17 07:56:16.935 I/auditd ( 0): type=1400 audit(0.0:15984): avc: denied { kill } for comm="swapper/2" capability=5 scontext=u:r:kernel:s0 tcontext=u:r:kernel:s0 tclass=capability permissive=0
02-17 07:56:17.939 I/auditd ( 0): type=1400 audit(0.0:15985): avc: denied { kill } for comm="swapper/2" capability=5 scontext=u:r:kernel:s0 tcontext=u:r:kernel:s0 tclass=capability permissive=0
02-17 07:56:18.935 I/auditd ( 0): type=1400 audit(0.0:15986): avc: denied { kill } for comm="swapper/2" capability=5 scontext=u:r:kernel:s0 tcontext=u:r:kernel:s0 tclass=capability permissive=0
02-17 07:56:19.935 I/auditd ( 0): type=1400 audit(0.0:15987): avc: denied { kill } for comm="swapper/2" capability=5 scontext=u:r:kernel:s0 tcontext=u:r:kernel:s0 tclass=capability permissive=0
02-17 07:56:20.935 I/auditd ( 0): type=1400 audit(0.0:15988): avc: denied { kill } for comm="swapper/2" capability=5 scontext=u:r:kernel:s0 tcontext=u:r:kernel:s0 tclass=capability permissive=0
02-17 07:56:21.935 I/auditd ( 0): type=1400 audit(0.0:15989): avc: denied { kill } for comm="swapper/2" capability=5 scontext=u:r:kernel:s0 tcontext=u:r:kernel:s0 tclass=capability permissive=0
02-17 07:56:22.935 I/auditd ( 0): type=1400 audit(0.0:15990): avc: denied { kill } for comm="swapper/2" capability=5 scontext=u:r:kernel:s0 tcontext=u:r:kernel:s0 tclass=capability permissive=0
02-17 07:56:23.939 I/auditd ( 0): type=1400 audit(0.0:15991): avc: denied { kill } for comm="swapper/2" capability=5 scontext=u:r:kernel:s0 tcontext=u:r:kernel:s0 tclass=capability permissive=0
02-17 07:56:24.939 I/auditd ( 0): type=1400 audit(0.0:15992): avc: denied { kill } for comm="swapper/2" capability=5 scontext=u:r:kernel:s0 tcontext=u:r:kernel:s0 tclass=capability permissive=0
02-17 07:56:25.404 I/sysui_multi_action( 1524): [757,1696,758,6,759,2]
02-17 07:56:25.411 I/am_wtf ( 1524): [0,1524,system_server,-1,DisplayDeviceConfig,requesting nits when no mapping exists.]
02-17 07:56:25.414 I/am_wtf ( 1524): [0,1524,system_server,-1,DisplayDeviceConfig,requesting nits when no mapping exists.]
02-17 07:56:25.427 I/am_wtf ( 1524): [0,1524,system_server,-1,DisplayDeviceConfig,requesting nits when no mapping exists.]
02-17 07:56:25.429 I/am_wtf ( 1524): [0,1524,system_server,-1,DisplayDeviceConfig,requesting nits when no mapping exists.]
02-17 07:56:25.443 I/am_wtf ( 1524): [0,1524,system_server,-1,DisplayDeviceConfig,requesting nits when no mapping exists.]
02-17 07:56:25.445 I/am_wtf ( 1524): [0,1524,system_server,-1,DisplayDeviceConfig,requesting nits when no mapping exists.]
02-17 07:56:25.454 I/am_wtf ( 1524): [0,1524,system_server,-1,DisplayDeviceConfig,requesting nits when no mapping exists.]
02-17 07:56:25.455 I/am_wtf ( 1524): [0,1524,system_server,-1,DisplayDeviceConfig,requesting nits when no mapping exists.]
02-17 07:56:25.470 I/am_wtf ( 1524): [0,1524,system_server,-1,DisplayDeviceConfig,requesting nits when no mapping exists.]
02-17 07:56:25.471 I/am_wtf ( 1524): [0,1524,system_server,-1,DisplayDeviceConfig,requesting nits when no mapping exists.]
02-17 07:56:25.488 I/am_wtf ( 1524): [0,1524,system_server,-1,DisplayDeviceConfig,requesting nits when no mapping exists.]
02-17 07:56:25.488 I/am_wtf ( 1524): [0,1524,system_server,-1,DisplayDeviceConfig,requesting nits when no mapping exists.]
02-17 07:56:25.504 I/am_wtf ( 1524): [0,1524,system_server,-1,DisplayDeviceConfig,requesting nits when no mapping exists.]
02-17 07:56:25.505 I/am_wtf ( 1524): [0,1524,system_server,-1,DisplayDeviceConfig,requesting nits when no mapping exists.]
02-17 07:56:25.521 I/am_wtf ( 1524): [0,1524,system_server,-1,DisplayDeviceConfig,requesting nits when no mapping exists.]
02-17 07:56:25.521 I/am_wtf ( 1524): [0,1524,system_server,-1,DisplayDeviceConfig,requesting nits when no mapping exists.]
02-17 07:56:25.538 I/am_wtf ( 1524): [0,1524,system_server,-1,DisplayDeviceConfig,requesting nits when no mapping exists.]
02-17 07:56:25.538 I/am_wtf ( 1524): [0,1524,system_server,-1,DisplayDeviceConfig,requesting nits when no mapping exists.]
02-17 07:56:25.554 I/am_wtf ( 1524): [0,1524,system_server,-1,DisplayDeviceConfig,requesting nits when no mapping exists.]
02-17 07:56:25.556 I/am_wtf ( 1524): [0,1524,system_server,-1,DisplayDeviceConfig,requesting nits when no mapping exists.]
02-17 07:56:25.571 I/am_wtf ( 1524): [0,1524,system_server,-1,DisplayDeviceConfig,requesting nits when no mapping exists.]
02-17 07:56:25.572 I/am_wtf ( 1524): [0,1524,system_server,-1,DisplayDeviceConfig,requesting nits when no mapping exists.]
02-17 07:56:25.588 I/am_wtf ( 1524): [0,1524,system_server,-1,DisplayDeviceConfig,requesting nits when no mapping exists.]
02-17 07:56:25.589 I/am_wtf ( 1524): [0,1524,system_server,-1,DisplayDeviceConfig,requesting nits when no mapping exists.]
02-17 07:56:25.605 I/am_wtf ( 1524): [0,1524,system_server,-1,DisplayDeviceConfig,requesting nits when no mapping exists.]
02-17 07:56:25.605 I/am_wtf ( 1524): [0,1524,system_server,-1,DisplayDeviceConfig,requesting nits when no mapping exists.]
02-17 07:56:25.622 I/am_wtf ( 1524): [0,1524,system_server,-1,DisplayDeviceConfig,requesting nits when no mapping exists.]
02-17 07:56:25.623 I/am_wtf ( 1524): [0,1524,system_server,-1,DisplayDeviceConfig,requesting nits when no mapping exists.]
02-17 07:56:25.638 I/am_wtf ( 1524): [0,1524,system_server,-1,DisplayDeviceConfig,requesting nits when no mapping exists.]
02-17 07:56:25.639 I/am_wtf ( 1524): [0,1524,system_server,-1,DisplayDeviceConfig,requesting nits when no mapping exists.]
02-17 07:56:25.655 I/am_wtf ( 1524): [0,1524,system_server,-1,DisplayDeviceConfig,requesting nits when no mapping exists.]
02-17 07:56:25.656 I/am_wtf ( 1524): [0,1524,system_server,-1,DisplayDeviceConfig,requesting nits when no mapping exists.]
02-17 07:56:25.671 I/am_wtf ( 1524): [0,1524,system_server,-1,DisplayDeviceConfig,requesting nits when no mapping exists.]
02-17 07:56:25.672 I/am_wtf ( 1524): [0,1524,system_server,-1,DisplayDeviceConfig,requesting nits when no mapping exists.]
02-17 07:56:25.688 I/am_wtf ( 1524): [0,1524,system_server,-1,DisplayDeviceConfig,requesting nits when no mapping exists.]
02-17 07:56:25.689 I/am_wtf ( 1524): [0,1524,system_server,-1,DisplayDeviceConfig,requesting nits when no mapping exists.]
02-17 07:56:25.705 I/am_wtf ( 1524): [0,1524,system_server,-1,DisplayDeviceConfig,requesting nits when no mapping exists.]
02-17 07:56:25.705 I/am_wtf ( 1524): [0,1524,system_server,-1,DisplayDeviceConfig,requesting nits when no mapping exists.]
02-17 07:56:25.721 I/am_wtf ( 1524): [0,1524,system_server,-1,DisplayDeviceConfig,requesting nits when no mapping exists.]
02-17 07:56:25.722 I/am_wtf ( 1524): [0,1524,system_server,-1,DisplayDeviceConfig,requesting nits when no mapping exists.]
02-17 07:56:25.738 I/am_wtf ( 1524): [0,1524,system_server,-1,DisplayDeviceConfig,requesting nits when no mapping exists.]
02-17 07:56:25.739 I/am_wtf ( 1524): [0,1524,system_server,-1,DisplayDeviceConfig,requesting nits when no mapping exists.]
02-17 07:56:25.755 I/am_wtf ( 1524): [0,1524,system_server,-1,DisplayDeviceConfig,requesting nits when no mapping exists.]
02-17 07:56:25.756 I/am_wtf ( 1524): [0,1524,system_server,-1,DisplayDeviceConfig,requesting nits when no mapping exists.]
02-17 07:56:25.772 I/am_wtf ( 1524): [0,1524,system_server,-1,DisplayDeviceConfig,requesting nits when no mapping exists.]
02-17 07:56:25.773 I/am_wtf ( 1524): [0,1524,system_server,-1,DisplayDeviceConfig,requesting nits when no mapping exists.]
02-17 07:56:25.788 I/am_wtf ( 1524): [0,1524,system_server,-1,DisplayDeviceConfig,requesting nits when no mapping exists.]
02-17 07:56:25.789 I/am_wtf ( 1524): [0,1524,system_server,-1,DisplayDeviceConfig,requesting nits when no mapping exists.]
02-17 07:56:25.805 I/am_wtf ( 1524): [0,1524,system_server,-1,DisplayDeviceConfig,requesting nits when no mapping exists.]
02-17 07:56:25.806 I/am_wtf ( 1524): [0,1524,system_server,-1,DisplayDeviceConfig,requesting nits when no mapping exists.]
02-17 07:56:25.822 I/am_wtf ( 1524): [0,1524,system_server,-1,DisplayDeviceConfig,requesting nits when no mapping exists.]
02-17 07:56:25.823 I/am_wtf ( 1524): [0,1524,system_server,-1,DisplayDeviceConfig,requesting nits when no mapping exists.]
02-17 07:56:25.838 I/am_wtf ( 1524): [0,1524,system_server,-1,DisplayDeviceConfig,requesting nits when no mapping exists.]
02-17 07:56:25.839 I/am_wtf ( 1524): [0,1524,system_server,-1,DisplayDeviceConfig,requesting nits when no mapping exists.]
02-17 07:56:25.855 I/am_wtf ( 1524): [0,1524,system_server,-1,DisplayDeviceConfig,requesting nits when no mapping exists.]
02-17 07:56:25.856 I/am_wtf ( 1524): [0,1524,system_server,-1,DisplayDeviceConfig,requesting nits when no mapping exists.]
02-17 07:56:25.871 I/am_wtf ( 1524): [0,1524,system_server,-1,DisplayDeviceConfig,requesting nits when no mapping exists.]
02-17 07:56:25.872 I/am_wtf ( 1524): [0,1524,system_server,-1,DisplayDeviceConfig,requesting nits when no mapping exists.]
02-17 07:56:25.888 I/am_wtf ( 1524): [0,1524,system_server,-1,DisplayDeviceConfig,requesting nits when no mapping exists.]
02-17 07:56:25.889 I/am_wtf ( 1524): [0,1524,system_server,-1,DisplayDeviceConfig,requesting nits when no mapping exists.]
02-17 07:56:25.905 I/am_wtf ( 1524): [0,1524,system_server,-1,DisplayDeviceConfig,requesting nits when no mapping exists.]
02-17 07:56:25.906 I/am_wtf ( 1524): [0,1524,system_server,-1,DisplayDeviceConfig,requesting nits when no mapping exists.]
02-17 07:56:25.922 I/am_wtf ( 1524): [0,1524,system_server,-1,DisplayDeviceConfig,requesting nits when no mapping exists.]
02-17 07:56:25.923 I/am_wtf ( 1524): [0,1524,system_server,-1,DisplayDeviceConfig,requesting nits when no mapping exists.]
02-17 07:56:25.939 I/am_wtf ( 1524): [0,1524,system_server,-1,DisplayDeviceConfig,requesting nits when no mapping exists.]
02-17 07:56:25.940 I/am_wtf ( 1524): [0,1524,system_server,-1,DisplayDeviceConfig,requesting nits when no mapping exists.]
02-17 07:56:25.955 I/am_wtf ( 1524): [0,1524,system_server,-1,DisplayDeviceConfig,requesting nits when no mapping exists.]
