02-17 07:47:39.269 I/sysui_multi_action( 1524): [319,13,322,58,325,14296,757,761,758,9,759,5,806,com.android.launcher3,871,com.android.launcher3.uioverrides.QuickstepLauncher,904,com.android.launcher3,905,0,1320,8,1321,5]
02-17 07:47:39.450 I/commit_sys_config_file( 1524): [settings-1-0,3]
02-17 07:47:39.565 I/sysui_latency( 1524): [8,78]
02-17 07:47:39.935 I/auditd ( 0): type=1400 audit(0.0:15424): avc: denied { kill } for comm="swapper/2" capability=5 scontext=u:r:kernel:s0 tcontext=u:r:kernel:s0 tclass=capability permissive=0
02-17 07:47:40.027 I/wm_task_moved( 1524): [1,1,11]
02-17 07:47:40.027 I/wm_task_moved( 1524): [9,1,2147483647]
02-17 07:47:40.028 I/wm_task_to_front( 1524): [0,9]
02-17 07:47:40.028 I/wm_focused_root_task( 1524): [0,0,1,46,RecentsAnimation.onAnimationFinished()]
02-17 07:47:40.028 I/wm_set_resumed_activity( 1524): [0,com.android.launcher3/.uioverrides.QuickstepLauncher,RecentsAnimation.onAnimationFinished()]
02-17 07:47:40.028 I/wm_on_top_resumed_lost_called(13361): [36867196,com.android.music.MusicBrowserActivity,topStateChangedWhenResumed]
02-17 07:47:40.029 I/wm_pause_activity( 1524): [0,36867196,com.android.music/.MusicBrowserActivity,userLeaving=true,pauseBackTasks]
02-17 07:47:40.031 I/wm_add_to_stopping( 1524): [0,36867196,com.android.music/.MusicBrowserActivity,makeInvisible]
02-17 07:47:40.032 I/wm_set_resumed_activity( 1524): [0,com.android.launcher3/.uioverrides.QuickstepLauncher,resumeTopActivityInnerLocked]
02-17 07:47:40.034 I/service_manager_stats( 1524): [100,54,20092]
02-17 07:47:40.036 I/wm_resume_activity( 1524): [0,128678138,9,com.android.launcher3/.uioverrides.QuickstepLauncher]
02-17 07:47:40.036 I/wm_on_resume_called( 2568): [128678138,com.android.launcher3.uioverrides.QuickstepLauncher,RESUME_ACTIVITY]
02-17 07:47:40.042 I/input_focus( 1524): [Focus request 321be4b com.android.launcher3/com.android.launcher3.uioverrides.QuickstepLauncher,reason=UpdateInputWindows]
02-17 07:47:40.043 I/wm_on_top_resumed_gained_called( 2568): [128678138,com.android.launcher3.uioverrides.QuickstepLauncher,topStateChangedWhenResumed]
02-17 07:47:40.044 I/wm_on_paused_called(13361): [36867196,com.android.music.MusicBrowserActivity,performPause]
02-17 07:47:40.052 I/wm_stop_activity( 1524): [0,36867196,com.android.music/.MusicBrowserActivity]
02-17 07:47:40.053 I/sysui_multi_action( 1524): [757,803,799,window_time_0,802,4]
02-17 07:47:40.054 I/sysui_multi_action( 1524): [757,803,799,window_time_0,802,0]
02-17 07:47:40.059 I/input_focus( 1524): [Focus leaving recents_animation_input_consumer (server),reason=NOT_VISIBLE]
02-17 07:47:40.059 I/input_focus( 1524): [Focus entering 321be4b com.android.launcher3/com.android.launcher3.uioverrides.QuickstepLauncher (server),reason=setFocusedWindow]
02-17 07:47:40.070 I/wm_on_stop_called(13361): [36867196,com.android.music.MusicBrowserActivity,STOP_ACTIVITY_ITEM]
02-17 07:47:40.074 I/am_pss ( 1524): [13061,10063,com.android.calendar,19059712,13033472,0,142794752,0,16,8]
02-17 07:47:40.080 I/am_pss ( 1524): [13086,10028,com.android.providers.calendar,7300096,5111808,0,97370112,0,19,5]
02-17 07:47:40.732 I/input_interaction( 1524): Interaction with: 321be4b com.android.launcher3/com.android.launcher3.uioverrides.QuickstepLauncher (server), 8f82c51 com.android.systemui.ImageWallpaper (server), edge-swipe (server), swipe-up (server), PointerEventDispatcher0 (server),
02-17 07:47:40.923 I/wm_task_created( 1524): [47,-1]
02-17 07:47:40.926 I/wm_task_moved( 1524): [47,1,12]
02-17 07:47:40.926 I/wm_task_to_front( 1524): [0,47]
02-17 07:47:40.926 I/wm_create_task( 1524): [0,47]
02-17 07:47:40.926 I/wm_create_activity( 1524): [0,205029472,47,com.android.gallery3d/.app.GalleryActivity,android.intent.action.MAIN,NULL,NULL,270532608]
02-17 07:47:40.926 I/wm_task_moved( 1524): [47,1,12]
02-17 07:47:40.927 I/wm_pause_activity( 1524): [0,128678138,com.android.launcher3/.uioverrides.QuickstepLauncher,userLeaving=true,pauseBackTasks]
02-17 07:47:40.930 I/wm_on_top_resumed_lost_called( 2568): [128678138,com.android.launcher3.uioverrides.QuickstepLauncher,topStateChangedWhenResumed]
02-17 07:47:40.931 I/wm_on_paused_called( 2568): [128678138,com.android.launcher3.uioverrides.QuickstepLauncher,performPause]
02-17 07:47:40.932 I/wm_add_to_stopping( 1524): [0,128678138,com.android.launcher3/.uioverrides.QuickstepLauncher,makeInvisible]
02-17 07:47:40.934 I/am_uid_running( 1524): 10065
02-17 07:47:40.935 I/sysui_multi_action( 1524): [757,803,799,window_time_0,802,1]
02-17 07:47:40.940 I/am_proc_start( 1524): [0,13456,10065,com.android.gallery3d,pre-top-activity,{com.android.gallery3d/com.android.gallery3d.app.GalleryActivity}]
02-17 07:47:40.953 I/am_proc_bound( 1524): [0,13456,com.android.gallery3d]
02-17 07:47:40.955 I/wm_restart_activity( 1524): [0,205029472,47,com.android.gallery3d/.app.GalleryActivity]
02-17 07:47:40.955 I/wm_set_resumed_activity( 1524): [0,com.android.gallery3d/.app.GalleryActivity,minimalResumeActivityLocked]
02-17 07:47:40.956 I/am_uid_active( 1524): 10065
02-17 07:47:40.962 I/input_focus( 1524): [Focus leaving 321be4b com.android.launcher3/com.android.launcher3.uioverrides.QuickstepLauncher (server),reason=NO_WINDOW]
02-17 07:47:40.992 I/wm_on_create_called(13456): [205029472,com.android.gallery3d.app.GalleryActivity,performCreate]
02-17 07:47:40.994 I/wm_on_start_called(13456): [205029472,com.android.gallery3d.app.GalleryActivity,handleStartActivity]
02-17 07:47:40.997 I/wm_on_resume_called(13456): [205029472,com.android.gallery3d.app.GalleryActivity,RESUME_ACTIVITY]
02-17 07:47:41.001 I/wm_on_top_resumed_gained_called(13456): [205029472,com.android.gallery3d.app.GalleryActivity,topStateChangedWhenResumed]
02-17 07:47:41.013 I/input_focus( 1524): [Focus request 5257c16 com.android.gallery3d/com.android.gallery3d.app.GalleryActivity,reason=UpdateInputWindows]
02-17 07:47:41.068 I/sysui_multi_action( 1524): [319,32,321,30,322,149,325,14298,757,761,758,7,759,1,806,com.android.gallery3d,871,com.android.gallery3d.app.GalleryActivity,904,com.android.launcher3,905,0,945,37,1320,4,1321,1]
02-17 07:47:41.068 I/wm_activity_launch_time( 1524): [0,205029472,com.android.gallery3d/.app.GalleryActivity,149]
02-17 07:47:41.077 I/input_focus( 1524): [Focus entering 5257c16 com.android.gallery3d/com.android.gallery3d.app.GalleryActivity (server),reason=Window became focusable. Previous reason: NOT_VISIBLE]
02-17 07:47:41.478 I/wm_stop_activity( 1524): [0,128678138,com.android.launcher3/.uioverrides.QuickstepLauncher]
02-17 07:47:41.502 I/wm_on_stop_called( 2568): [128678138,com.android.launcher3.uioverrides.QuickstepLauncher,STOP_ACTIVITY_ITEM]
02-17 07:47:41.933 I/input_interaction( 1524): Interaction with: 5257c16 com.android.gallery3d/com.android.gallery3d.app.GalleryActivity (server), edge-swipe (server), swipe-up (server), PointerEventDispatcher0 (server),
02-17 07:47:41.935 I/auditd ( 0): type=1400 audit(0.0:15425): avc: denied { kill } for comm="swapper/6" capability=5 scontext=u:r:kernel:s0 tcontext=u:r:kernel:s0 tclass=capability permissive=0
02-17 07:47:42.935 I/auditd ( 0): type=1400 audit(0.0:15426): avc: denied { kill } for comm="swapper/6" capability=5 scontext=u:r:kernel:s0 tcontext=u:r:kernel:s0 tclass=capability permissive=0
02-17 07:47:43.185 I/input_interaction( 1524): Interaction with: d4326e3 StatusBar (server), edge-swipe (server), swipe-up (server), PointerEventDispatcher0 (server),
02-17 07:47:43.189 I/sysui_multi_action( 1999): [757,803,799,panel_open,802,1]
02-17 07:47:43.192 I/sysui_multi_action( 1999): [757,1328,758,4,1326,43,1327,1,1329,0]
02-17 07:47:43.236 I/sysui_multi_action( 1524): [757,127,758,1]
02-17 07:47:43.236 I/sysui_multi_action( 1524): [757,804,799,note_load,801,3,802,1]
02-17 07:47:43.236 I/notification_panel_revealed( 1524): 3
02-17 07:47:43.247 I/input_focus( 1524): [Focus request febc086 NotificationShade,reason=UpdateInputWindows]
02-17 07:47:43.257 I/sysui_multi_action( 1524): [757,128,758,1,793,13087868,794,0,795,13087868,796,26,798,0,806,android,857,DEVELOPER_IMPORTANT,858,4,947,0,1395,3,1500,13087661,1688,1]
02-17 07:47:43.257 I/sysui_multi_action( 1524): [757,804,799,note_freshness,801,13087868,802,1]
02-17 07:47:43.257 I/notification_visibility( 1524): [-1|android|26|null|1000,1,13087868,13087868,0,0]
02-17 07:47:43.257 I/sysui_multi_action( 1524): [757,128,758,1,793,13116100,794,0,795,271069,796,17303299,797,com.android.wifi,798,1,806,android,857,NETWORK_AVAILABLE,858,2,947,0,1395,3,1500,6030,1688,1]
02-17 07:47:43.257 I/sysui_multi_action( 1524): [757,1501,758,1,793,13116100,794,0,795,271069,796,17303299,797,com.android.wifi,806,android,857,NETWORK_AVAILABLE,858,2,947,0,1500,0,1688,1]
02-17 07:47:43.257 I/sysui_multi_action( 1524): [757,804,799,note_interruptive,801,0,802,1]
02-17 07:47:43.257 I/sysui_multi_action( 1524): [757,804,799,note_freshness,801,271069,802,1]
02-17 07:47:43.257 I/notification_visibility( 1524): [0|android|17303299|com.android.wifi|1000,1,13116100,271069,0,1]
02-17 07:47:43.257 I/sysui_multi_action( 1524): [757,128,758,1,793,14289802,794,0,795,14289802,796,32,798,2,806,android,857,USB,858,1,947,0,1395,3,1500,14289370,1688,1]
02-17 07:47:43.258 I/sysui_multi_action( 1524): [757,804,799,note_freshness,801,14289802,802,1]
02-17 07:47:43.258 I/notification_visibility( 1524): [-1|android|32|null|1000,1,14289802,14289802,0,2]
02-17 07:47:43.267 I/input_focus( 1524): [Focus leaving 5257c16 com.android.gallery3d/com.android.gallery3d.app.GalleryActivity (server),reason=setFocusedWindow]
02-17 07:47:43.267 I/input_focus( 1524): [Focus entering febc086 NotificationShade (server),reason=setFocusedWindow]
02-17 07:47:43.315 I/sysui_multi_action( 1999): [757,111,758,1]
02-17 07:47:43.315 I/sysui_multi_action( 1999): [757,126,758,1,759,126,927,0,928,1,1593,0]
02-17 07:47:43.315 I/sysui_multi_action( 1999): [757,113,758,1,759,113,927,1,928,1,1593,0]
02-17 07:47:43.315 I/sysui_multi_action( 1999): [757,0,758,1,759,0,927,2,928,0,1593,0]
02-17 07:47:43.316 I/sysui_multi_action( 1999): [757,0,758,1,759,0,927,3,928,0,1593,0]
02-17 07:47:43.316 I/sysui_multi_action( 1999): [757,491,758,1,759,491,927,4,928,0,1311,-1,1593,0]
02-17 07:47:43.316 I/sysui_multi_action( 1999): [757,0,758,1,759,0,927,5,928,0,1593,0]
02-17 07:47:43.316 I/sysui_multi_action( 1999): [757,111,758,1]
02-17 07:47:43.316 I/sysui_multi_action( 1999): [757,126,758,1,759,126,927,0,928,1,1593,0]
02-17 07:47:43.317 I/sysui_multi_action( 1999): [757,113,758,1,759,113,927,1,928,1,1593,0]
02-17 07:47:43.317 I/sysui_multi_action( 1999): [757,0,758,1,759,0,927,2,928,0,1593,0]
02-17 07:47:43.317 I/sysui_multi_action( 1999): [757,0,758,1,759,0,927,3,928,0,1593,0]
02-17 07:47:43.935 I/auditd ( 0): type=1400 audit(0.0:15427): avc: denied { kill } for comm="swapper/6" capability=5 scontext=u:r:kernel:s0 tcontext=u:r:kernel:s0 tclass=capability permissive=0
02-17 07:47:44.523 I/input_interaction( 1524): Interaction with: febc086 NotificationShade (server), edge-swipe (server), swipe-up (server), PointerEventDispatcher0 (server),
02-17 07:47:44.935 I/auditd ( 0): type=1400 audit(0.0:15428): avc: denied { kill } for comm="swapper/6" capability=5 scontext=u:r:kernel:s0 tcontext=u:r:kernel:s0 tclass=capability permissive=0
02-17 07:47:44.992 I/notification_enqueue( 1524): [10080,1999,com.android.systemui,2048,NULL,0,Notification(channel=updateNotification shortcut=null contentView=null vibrate=null sound=null defaults=0x0 flags=0x0 color=0x00000000 vis=PRIVATE),1]
02-17 07:47:44.993 I/sysui_multi_action( 1999): [757,111,758,2]
02-17 07:47:44.993 I/sysui_multi_action( 1999): [757,111,758,2]
02-17 07:47:45.211 I/input_focus( 1524): [Focus request 5257c16 com.android.gallery3d/com.android.gallery3d.app.GalleryActivity,reason=UpdateInputWindows]
02-17 07:47:45.219 I/sysui_multi_action( 1524): [757,128,758,2,793,13089830,794,1962,795,13089830,796,26,798,0,806,android,857,DEVELOPER_IMPORTANT,858,4,947,0,1395,3,1500,13089623,1688,1]
02-17 07:47:45.220 I/notification_visibility( 1524): [-1|android|26|null|1000,0,13089830,13089830,0,0]
02-17 07:47:45.220 I/sysui_multi_action( 1524): [757,128,758,2,793,13118063,794,1963,795,273032,796,17303299,797,com.android.wifi,798,1,806,android,857,NETWORK_AVAILABLE,858,2,947,0,1395,3,1500,1963,1688,1]
02-17 07:47:45.221 I/notification_visibility( 1524): [0|android|17303299|com.android.wifi|1000,0,13118063,273032,0,1]
02-17 07:47:45.221 I/sysui_multi_action( 1524): [757,128,758,2,793,14291766,794,1964,795,14291766,796,32,798,2,806,android,857,USB,858,1,947,0,1395,3,1500,14291334,1688,1]
02-17 07:47:45.221 I/notification_visibility( 1524): [-1|android|32|null|1000,0,14291766,14291766,0,2]
02-17 07:47:45.223 I/sysui_multi_action( 1524): [757,127,758,2]
02-17 07:47:45.223 I/notification_panel_hidden( 1524):
02-17 07:47:45.238 I/input_focus( 1524): [Focus leaving febc086 NotificationShade (server),reason=NOT_FOCUSABLE]
02-17 07:47:45.238 I/input_focus( 1524): [Focus entering 5257c16 com.android.gallery3d/com.android.gallery3d.app.GalleryActivity (server),reason=setFocusedWindow]
02-17 07:47:45.265 I/input_interaction( 1524): Interaction with: 5257c16 com.android.gallery3d/com.android.gallery3d.app.GalleryActivity (server), edge-swipe (server), swipe-up (server), PointerEventDispatcher0 (server),
02-17 07:47:45.283 I/wm_task_moved( 1524): [1,0,0]
02-17 07:47:45.283 I/wm_task_moved( 1524): [1,0,11]
02-17 07:47:45.307 I/view_enqueue_input_event(13456): [Motion - Cancel,com.android.gallery3d/com.android.gallery3d.app.GalleryActivity]
02-17 07:47:45.308 I/wm_on_restart_called( 2568): [128678138,com.android.launcher3.uioverrides.QuickstepLauncher,performRestartActivity]
02-17 07:47:45.309 I/input_focus( 1524): [Focus request recents_animation_input_consumer,reason=UpdateInputWindows]
02-17 07:47:45.317 I/input_interaction( 1524): Interaction with: edge-swipe (server), swipe-up (server), PointerEventDispatcher0 (server),
02-17 07:47:45.329 I/wm_on_start_called( 2568): [128678138,com.android.launcher3.uioverrides.QuickstepLauncher,handleStartActivity]
02-17 07:47:45.335 I/sysui_latency( 2568): [1,71]
02-17 07:47:45.338 I/input_focus( 1524): [Focus leaving 5257c16 com.android.gallery3d/com.android.gallery3d.app.GalleryActivity (server),reason=NOT_FOCUSABLE]
02-17 07:47:45.338 I/input_focus( 1524): [Focus entering recents_animation_input_consumer (server),reason=setFocusedWindow]
02-17 07:47:45.356 I/sysui_multi_action( 1524): [319,9,322,65,325,14303,757,761,758,9,759,5,806,com.android.launcher3,871,com.android.launcher3.uioverrides.QuickstepLauncher,904,com.android.launcher3,905,0,1320,8,1321,5]
02-17 07:47:45.531 I/commit_sys_config_file( 1524): [settings-1-0,4]
02-17 07:47:45.649 I/sysui_latency( 1524): [8,81]
02-17 07:47:45.768 I/commit_sys_config_file( 1524): [settings-1-0,4]
02-17 07:47:45.935 I/auditd ( 0): type=1400 audit(0.0:15429): avc: denied { kill } for comm="swapper/6" capability=5 scontext=u:r:kernel:s0 tcontext=u:r:kernel:s0 tclass=capability permissive=0
02-17 07:47:46.226 I/wm_task_moved( 1524): [1,1,12]
02-17 07:47:46.226 I/wm_task_moved( 1524): [9,1,2147483647]
02-17 07:47:46.226 I/wm_task_to_front( 1524): [0,9]
02-17 07:47:46.227 I/wm_on_top_resumed_lost_called(13456): [205029472,com.android.gallery3d.app.GalleryActivity,topStateChangedWhenResumed]
02-17 07:47:46.228 I/wm_focused_root_task( 1524): [0,0,1,47,RecentsAnimation.onAnimationFinished()]
02-17 07:47:46.228 I/wm_set_resumed_activity( 1524): [0,com.android.launcher3/.uioverrides.QuickstepLauncher,RecentsAnimation.onAnimationFinished()]
02-17 07:47:46.230 I/wm_pause_activity( 1524): [0,205029472,com.android.gallery3d/.app.GalleryActivity,userLeaving=true,pauseBackTasks]
02-17 07:47:46.231 I/wm_add_to_stopping( 1524): [0,205029472,com.android.gallery3d/.app.GalleryActivity,makeInvisible]
02-17 07:47:46.232 I/wm_set_resumed_activity( 1524): [0,com.android.launcher3/.uioverrides.QuickstepLauncher,resumeTopActivityInnerLocked]
02-17 07:47:46.235 I/wm_resume_activity( 1524): [0,128678138,9,com.android.launcher3/.uioverrides.QuickstepLauncher]
02-17 07:47:46.235 I/wm_on_resume_called( 2568): [128678138,com.android.launcher3.uioverrides.QuickstepLauncher,RESUME_ACTIVITY]
02-17 07:47:46.241 I/input_focus( 1524): [Focus request 321be4b com.android.launcher3/com.android.launcher3.uioverrides.QuickstepLauncher,reason=UpdateInputWindows]
02-17 07:47:46.246 I/wm_on_paused_called(13456): [205029472,com.android.gallery3d.app.GalleryActivity,performPause]
02-17 07:47:46.247 I/wm_on_top_resumed_gained_called( 2568): [128678138,com.android.launcher3.uioverrides.QuickstepLauncher,topStateChangedWhenResumed]
02-17 07:47:46.253 I/wm_stop_activity( 1524): [0,205029472,com.android.gallery3d/.app.GalleryActivity]
02-17 07:47:46.254 I/sysui_multi_action( 1524): [757,803,799,window_time_0,802,6]
02-17 07:47:46.257 I/sysui_multi_action( 1524): [757,803,799,window_time_0,802,0]
02-17 07:47:46.259 I/input_focus( 1524): [Focus leaving recents_animation_input_consumer (server),reason=NOT_VISIBLE]
02-17 07:47:46.259 I/input_focus( 1524): [Focus entering 321be4b com.android.launcher3/com.android.launcher3.uioverrides.QuickstepLauncher (server),reason=setFocusedWindow]
02-17 07:47:46.271 I/wm_on_stop_called(13456): [205029472,com.android.gallery3d.app.GalleryActivity,STOP_ACTIVITY_ITEM]
02-17 07:47:46.279 I/am_pss ( 1524): [13361,10084,com.android.music,23325696,17702912,0,149970944,0,4,9]
02-17 07:47:46.287 I/am_pss ( 1524): [13145,10067,com.android.deskclock,29622272,23474176,0,160878592,0,16,7]
02-17 07:47:46.939 I/auditd ( 0): type=1400 audit(0.0:15430): avc: denied { kill } for comm="swapper/1" capability=5 scontext=u:r:kernel:s0 tcontext=u:r:kernel:s0 tclass=capability permissive=0
02-17 07:47:47.939 I/auditd ( 0): type=1400 audit(0.0:15431): avc: denied { kill } for comm="swapper/1" capability=5 scontext=u:r:kernel:s0 tcontext=u:r:kernel:s0 tclass=capability permissive=0
02-17 07:47:48.935 I/auditd ( 0): type=1400 audit(0.0:15432): avc: denied { kill } for comm="swapper/1" capability=5 scontext=u:r:kernel:s0 tcontext=u:r:kernel:s0 tclass=capability permissive=0
02-17 07:47:49.935 I/auditd ( 0): type=1400 audit(0.0:15433): avc: denied { kill } for comm="swapper/1" capability=5 scontext=u:r:kernel:s0 tcontext=u:r:kernel:s0 tclass=capability permissive=0
02-17 07:47:50.935 I/auditd ( 0): type=1400 audit(0.0:15434): avc: denied { kill } for comm="swapper/1" capability=5 scontext=u:r:kernel:s0 tcontext=u:r:kernel:s0 tclass=capability permissive=0
02-17 07:47:51.935 I/auditd ( 0): type=1400 audit(0.0:15435): avc: denied { kill } for comm="swapper/1" capability=5 scontext=u:r:kernel:s0 tcontext=u:r:kernel:s0 tclass=capability permissive=0
02-17 07:47:52.190 I/notification_enqueue( 1524): [1000,1524,android,17303299,com.android.wifi,0,Notification(channel=NETWORK_AVAILABLE shortcut=null contentView=null vibrate=null sound=null tick defaults=0x0 flags=0x100 color=0x00000000 actions=2 vis=PRIVATE),1]
02-17 07:47:52.391 I/sysui_multi_action( 1524): [757,1501,758,1,793,13125234,794,9134,795,202,796,17303299,797,com.android.wifi,806,android,857,NETWORK_AVAILABLE,858,2,947,0,1500,0,1688,1]
02-17 07:47:52.391 I/sysui_multi_action( 1524): [757,804,799,note_interruptive,801,0,802,1]
02-17 07:47:52.939 I/auditd ( 0): type=1400 audit(0.0:15436): avc: denied { kill } for comm="swapper/1" capability=5 scontext=u:r:kernel:s0 tcontext=u:r:kernel:s0 tclass=capability permissive=0
02-17 07:47:53.939 I/auditd ( 0): type=1400 audit(0.0:15437): avc: denied { kill } for comm="swapper/1" capability=5 scontext=u:r:kernel:s0 tcontext=u:r:kernel:s0 tclass=capability permissive=0
02-17 07:47:54.935 I/auditd ( 0): type=1400 audit(0.0:15438): avc: denied { kill } for comm="swapper/1" capability=5 scontext=u:r:kernel:s0 tcontext=u:r:kernel:s0 tclass=capability permissive=0
02-17 07:47:55.939 I/auditd ( 0): type=1400 audit(0.0:15439): avc: denied { kill } for comm="swapper/1" capability=5 scontext=u:r:kernel:s0 tcontext=u:r:kernel:s0 tclass=capability permissive=0
02-17 07:47:56.939 I/auditd ( 0): type=1400 audit(0.0:15440): avc: denied { kill } for comm="swapper/1" capability=5 scontext=u:r:kernel:s0 tcontext=u:r:kernel:s0 tclass=capability permissive=0
02-17 07:47:57.935 I/auditd ( 0): type=1400 audit(0.0:15441): avc: denied { kill } for comm="swapper/1" capability=5 scontext=u:r:kernel:s0 tcontext=u:r:kernel:s0 tclass=capability permissive=0
02-17 07:47:58.939 I/auditd ( 0): type=1400 audit(0.0:15442): avc: denied { kill } for comm="swapper/1" capability=5 scontext=u:r:kernel:s0 tcontext=u:r:kernel:s0 tclass=capability permissive=0
02-17 07:47:59.939 I/auditd ( 0): type=1400 audit(0.0:15443): avc: denied { kill } for comm="swapper/1" capability=5 scontext=u:r:kernel:s0 tcontext=u:r:kernel:s0 tclass=capability permissive=0
02-17 07:48:00.935 I/auditd ( 0): type=1400 audit(0.0:15444): avc: denied { kill } for comm="swapper/1" capability=5 scontext=u:r:kernel:s0 tcontext=u:r:kernel:s0 tclass=capability permissive=0
02-17 07:48:01.939 I/auditd ( 0): type=1400 audit(0.0:15445): avc: denied { kill } for comm="swapper/1" capability=5 scontext=u:r:kernel:s0 tcontext=u:r:kernel:s0 tclass=capability permissive=0
02-17 07:48:02.939 I/auditd ( 0): type=1400 audit(0.0:15446): avc: denied { kill } for comm="swapper/1" capability=5 scontext=u:r:kernel:s0 tcontext=u:r:kernel:s0 tclass=capability permissive=0
02-17 07:48:03.935 I/auditd ( 0): type=1400 audit(0.0:15447): avc: denied { kill } for comm="swapper/1" capability=5 scontext=u:r:kernel:s0 tcontext=u:r:kernel:s0 tclass=capability permissive=0
02-17 07:48:04.935 I/auditd ( 0): type=1400 audit(0.0:15448): avc: denied { kill } for comm="swapper/1" capability=5 scontext=u:r:kernel:s0 tcontext=u:r:kernel:s0 tclass=capability permissive=0
02-17 07:48:05.939 I/auditd ( 0): type=1400 audit(0.0:15449): avc: denied { kill } for comm="swapper/1" capability=5 scontext=u:r:kernel:s0 tcontext=u:r:kernel:s0 tclass=capability permissive=0
02-17 07:48:06.935 I/auditd ( 0): type=1400 audit(0.0:15450): avc: denied { kill } for comm="swapper/1" capability=5 scontext=u:r:kernel:s0 tcontext=u:r:kernel:s0 tclass=capability permissive=0
02-17 07:48:07.939 I/auditd ( 0): type=1400 audit(0.0:15451): avc: denied { kill } for comm="swapper/1" capability=5 scontext=u:r:kernel:s0 tcontext=u:r:kernel:s0 tclass=capability permissive=0
02-17 07:48:08.939 I/auditd ( 0): type=1400 audit(0.0:15452): avc: denied { kill } for comm="swapper/1" capability=5 scontext=u:r:kernel:s0 tcontext=u:r:kernel:s0 tclass=capability permissive=0
02-17 07:48:09.939 I/auditd ( 0): type=1400 audit(0.0:15453): avc: denied { kill } for comm="swapper/1" capability=5 scontext=u:r:kernel:s0 tcontext=u:r:kernel:s0 tclass=capability permissive=0
02-17 07:48:10.475 I/am_uid_idle( 1524): 10040
02-17 07:48:10.939 I/auditd ( 0): type=1400 audit(0.0:15454): avc: denied { kill } for comm="swapper/1" capability=5 scontext=u:r:kernel:s0 tcontext=u:r:kernel:s0 tclass=capability permissive=0
02-17 07:48:11.939 I/auditd ( 0): type=1400 audit(0.0:15455): avc: denied { kill } for comm="swapper/1" capability=5 scontext=u:r:kernel:s0 tcontext=u:r:kernel:s0 tclass=capability permissive=0
02-17 07:48:12.935 I/auditd ( 0): type=1400 audit(0.0:15456): avc: denied { kill } for comm="swapper/1" capability=5 scontext=u:r:kernel:s0 tcontext=u:r:kernel:s0 tclass=capability permissive=0
02-17 07:48:13.935 I/auditd ( 0): type=1400 audit(0.0:15457): avc: denied { kill } for comm="swapper/1" capability=5 scontext=u:r:kernel:s0 tcontext=u:r:kernel:s0 tclass=capability permissive=0
02-17 07:48:14.939 I/auditd ( 0): type=1400 audit(0.0:15458): avc: denied { kill } for comm="swapper/1" capability=5 scontext=u:r:kernel:s0 tcontext=u:r:kernel:s0 tclass=capability permissive=0
02-17 07:48:15.935 I/auditd ( 0): type=1400 audit(0.0:15459): avc: denied { kill } for comm="swapper/1" capability=5 scontext=u:r:kernel:s0 tcontext=u:r:kernel:s0 tclass=capability permissive=0
02-17 07:48:16.935 I/auditd ( 0): type=1400 audit(0.0:15460): avc: denied { kill } for comm="swapper/1" capability=5 scontext=u:r:kernel:s0 tcontext=u:r:kernel:s0 tclass=capability permissive=0
02-17 07:48:17.637 I/am_uid_idle( 1524): 10063
02-17 07:48:17.638 I/am_uid_idle( 1524): 10028
02-17 07:48:17.939 I/auditd ( 0): type=1400 audit(0.0:15461): avc: denied { kill } for comm="swapper/1" capability=5 scontext=u:r:kernel:s0 tcontext=u:r:kernel:s0 tclass=capability permissive=0
02-17 07:48:18.939 I/auditd ( 0): type=1400 audit(0.0:15462): avc: denied { kill } for comm="swapper/1" capability=5 scontext=u:r:kernel:s0 tcontext=u:r:kernel:s0 tclass=capability permissive=0
02-17 07:48:19.939 I/auditd ( 0): type=1400 audit(0.0:15463): avc: denied { kill } for comm="swapper/1" capability=5 scontext=u:r:kernel:s0 tcontext=u:r:kernel:s0 tclass=capability permissive=0
02-17 07:48:20.935 I/auditd ( 0): type=1400 audit(0.0:15464): avc: denied { kill } for comm="swapper/1" capability=5 scontext=u:r:kernel:s0 tcontext=u:r:kernel:s0 tclass=capability permissive=0
02-17 07:48:21.939 I/auditd ( 0): type=1400 audit(0.0:15465): avc: denied { kill } for comm="swapper/1" capability=5 scontext=u:r:kernel:s0 tcontext=u:r:kernel:s0 tclass=capability permissive=0
02-17 07:48:22.939 I/auditd ( 0): type=1400 audit(0.0:15466): avc: denied { kill } for comm="swapper/1" capability=5 scontext=u:r:kernel:s0 tcontext=u:r:kernel:s0 tclass=capability permissive=0
02-17 07:48:23.605 I/am_uid_idle( 1524): 10067
02-17 07:48:23.939 I/auditd ( 0): type=1400 audit(0.0:15467): avc: denied { kill } for comm="swapper/1" capability=5 scontext=u:r:kernel:s0 tcontext=u:r:kernel:s0 tclass=capability permissive=0
02-17 07:48:24.939 I/auditd ( 0): type=1400 audit(0.0:15468): avc: denied { kill } for comm="swapper/1" capability=5 scontext=u:r:kernel:s0 tcontext=u:r:kernel:s0 tclass=capability permissive=0
02-17 07:48:25.939 I/auditd ( 0): type=1400 audit(0.0:15469): avc: denied { kill } for comm="swapper/1" capability=5 scontext=u:r:kernel:s0 tcontext=u:r:kernel:s0 tclass=capability permissive=0
02-17 07:48:26.935 I/auditd ( 0): type=1400 audit(0.0:15470): avc: denied { kill } for comm="swapper/1" capability=5 scontext=u:r:kernel:s0 tcontext=u:r:kernel:s0 tclass=capability permissive=0
02-17 07:48:27.939 I/auditd ( 0): type=1400 audit(0.0:15471): avc: denied { kill } for comm="swapper/1" capability=5 scontext=u:r:kernel:s0 tcontext=u:r:kernel:s0 tclass=capability permissive=0
02-17 07:48:28.767 I/am_uid_idle( 1524): 10030
02-17 07:48:28.767 I/am_uid_idle( 1524): 10027
02-17 07:48:28.767 I/am_uid_idle( 1524): 10021
02-17 07:48:28.767 I/am_uid_idle( 1524): 2000
02-17 07:48:28.935 I/auditd ( 0): type=1400 audit(0.0:15472): avc: denied { kill } for comm="swapper/1" capability=5 scontext=u:r:kernel:s0 tcontext=u:r:kernel:s0 tclass=capability permissive=0
02-17 07:48:29.939 I/auditd ( 0): type=1400 audit(0.0:15473): avc: denied { kill } for comm="swapper/1" capability=5 scontext=u:r:kernel:s0 tcontext=u:r:kernel:s0 tclass=capability permissive=0
02-17 07:48:30.939 I/auditd ( 0): type=1400 audit(0.0:15474): avc: denied { kill } for comm="swapper/1" capability=5 scontext=u:r:kernel:s0 tcontext=u:r:kernel:s0 tclass=capability permissive=0
02-17 07:48:31.939 I/auditd ( 0): type=1400 audit(0.0:15475): avc: denied { kill } for comm="swapper/1" capability=5 scontext=u:r:kernel:s0 tcontext=u:r:kernel:s0 tclass=capability permissive=0
02-17 07:48:32.935 I/auditd ( 0): type=1400 audit(0.0:15476): avc: denied { kill } for comm="swapper/1" capability=5 scontext=u:r:kernel:s0 tcontext=u:r:kernel:s0 tclass=capability permissive=0
02-17 07:48:33.939 I/auditd ( 0): type=1400 audit(0.0:15477): avc: denied { kill } for comm="swapper/1" capability=5 scontext=u:r:kernel:s0 tcontext=u:r:kernel:s0 tclass=capability permissive=0
02-17 07:48:34.935 I/auditd ( 0): type=1400 audit(0.0:15478): avc: denied { kill } for comm="swapper/1" capability=5 scontext=u:r:kernel:s0 tcontext=u:r:kernel:s0 tclass=capability permissive=0
02-17 07:48:35.939 I/auditd ( 0): type=1400 audit(0.0:15479): avc: denied { kill } for comm="swapper/1" capability=5 scontext=u:r:kernel:s0 tcontext=u:r:kernel:s0 tclass=capability permissive=0
02-17 07:48:36.939 I/auditd ( 0): type=1400 audit(0.0:15480): avc: denied { kill } for comm="swapper/1" capability=5 scontext=u:r:kernel:s0 tcontext=u:r:kernel:s0 tclass=capability permissive=0
02-17 07:48:37.939 I/auditd ( 0): type=1400 audit(0.0:15481): avc: denied { kill } for comm="swapper/1" capability=5 scontext=u:r:kernel:s0 tcontext=u:r:kernel:s0 tclass=capability permissive=0
02-17 07:48:38.513 I/sysui_multi_action( 1524): [757,1696,758,6,759,2]
02-17 07:48:38.524 I/am_wtf ( 1524): [0,1524,system_server,-1,DisplayDeviceConfig,requesting nits when no mapping exists.]
02-17 07:48:38.527 I/am_wtf ( 1524): [0,1524,system_server,-1,DisplayDeviceConfig,requesting nits when no mapping exists.]
02-17 07:48:38.540 I/am_wtf ( 1524): [0,1524,system_server,-1,DisplayDeviceConfig,requesting nits when no mapping exists.]
02-17 07:48:38.541 I/am_wtf ( 1524): [0,1524,system_server,-1,DisplayDeviceConfig,requesting nits when no mapping exists.]
02-17 07:48:38.548 I/am_wtf ( 1524): [0,1524,system_server,-1,DisplayDeviceConfig,requesting nits when no mapping exists.]
02-17 07:48:38.549 I/am_wtf ( 1524): [0,1524,system_server,-1,DisplayDeviceConfig,requesting nits when no mapping exists.]
02-17 07:48:38.565 I/am_wtf ( 1524): [0,1524,system_server,-1,DisplayDeviceConfig,requesting nits when no mapping exists.]
02-17 07:48:38.566 I/am_wtf ( 1524): [0,1524,system_server,-1,DisplayDeviceConfig,requesting nits when no mapping exists.]
02-17 07:48:38.581 I/am_wtf ( 1524): [0,1524,system_server,-1,DisplayDeviceConfig,requesting nits when no mapping exists.]
02-17 07:48:38.583 I/am_wtf ( 1524): [0,1524,system_server,-1,DisplayDeviceConfig,requesting nits when no mapping exists.]
02-17 07:48:38.598 I/am_wtf ( 1524): [0,1524,system_server,-1,DisplayDeviceConfig,requesting nits when no mapping exists.]
02-17 07:48:38.599 I/am_wtf ( 1524): [0,1524,system_server,-1,DisplayDeviceConfig,requesting nits when no mapping exists.]
02-17 07:48:38.615 I/am_wtf ( 1524): [0,1524,system_server,-1,DisplayDeviceConfig,requesting nits when no mapping exists.]
02-17 07:48:38.616 I/am_wtf ( 1524): [0,1524,system_server,-1,DisplayDeviceConfig,requesting nits when no mapping exists.]
02-17 07:48:38.632 I/am_wtf ( 1524): [0,1524,system_server,-1,DisplayDeviceConfig,requesting nits when no mapping exists.]
02-17 07:48:38.633 I/am_wtf ( 1524): [0,1524,system_server,-1,DisplayDeviceConfig,requesting nits when no mapping exists.]
02-17 07:48:38.649 I/am_wtf ( 1524): [0,1524,system_server,-1,DisplayDeviceConfig,requesting nits when no mapping exists.]
02-17 07:48:38.650 I/am_wtf ( 1524): [0,1524,system_server,-1,DisplayDeviceConfig,requesting nits when no mapping exists.]
02-17 07:48:38.665 I/am_wtf ( 1524): [0,1524,system_server,-1,DisplayDeviceConfig,requesting nits when no mapping exists.]
02-17 07:48:38.666 I/am_wtf ( 1524): [0,1524,system_server,-1,DisplayDeviceConfig,requesting nits when no mapping exists.]
02-17 07:48:38.683 I/am_wtf ( 1524): [0,1524,system_server,-1,DisplayDeviceConfig,requesting nits when no mapping exists.]
02-17 07:48:38.684 I/am_wtf ( 1524): [0,1524,system_server,-1,DisplayDeviceConfig,requesting nits when no mapping exists.]
02-17 07:48:38.699 I/am_wtf ( 1524): [0,1524,system_server,-1,DisplayDeviceConfig,requesting nits when no mapping exists.]
02-17 07:48:38.700 I/am_wtf ( 1524): [0,1524,system_server,-1,DisplayDeviceConfig,requesting nits when no mapping exists.]
02-17 07:48:38.716 I/am_wtf ( 1524): [0,1524,system_server,-1,DisplayDeviceConfig,requesting nits when no mapping exists.]
02-17 07:48:38.716 I/am_wtf ( 1524): [0,1524,system_server,-1,DisplayDeviceConfig,requesting nits when no mapping exists.]
02-17 07:48:38.733 I/am_wtf ( 1524): [0,1524,system_server,-1,DisplayDeviceConfig,requesting nits when no mapping exists.]
02-17 07:48:38.734 I/am_wtf ( 1524): [0,1524,system_server,-1,DisplayDeviceConfig,requesting nits when no mapping exists.]
02-17 07:48:38.749 I/am_wtf ( 1524): [0,1524,system_server,-1,DisplayDeviceConfig,requesting nits when no mapping exists.]
02-17 07:48:38.750 I/am_wtf ( 1524): [0,1524,system_server,-1,DisplayDeviceConfig,requesting nits when no mapping exists.]
02-17 07:48:38.766 I/am_wtf ( 1524): [0,1524,system_server,-1,DisplayDeviceConfig,requesting nits when no mapping exists.]
02-17 07:48:38.767 I/am_wtf ( 1524): [0,1524,system_server,-1,DisplayDeviceConfig,requesting nits when no mapping exists.]
02-17 07:48:38.783 I/am_wtf ( 1524): [0,1524,system_server,-1,DisplayDeviceConfig,requesting nits when no mapping exists.]
02-17 07:48:38.784 I/am_wtf ( 1524): [0,1524,system_server,-1,DisplayDeviceConfig,requesting nits when no mapping exists.]
02-17 07:48:38.799 I/am_wtf ( 1524): [0,1524,system_server,-1,DisplayDeviceConfig,requesting nits when no mapping exists.]
02-17 07:48:38.800 I/am_wtf ( 1524): [0,1524,system_server,-1,DisplayDeviceConfig,requesting nits when no mapping exists.]
02-17 07:48:38.816 I/am_wtf ( 1524): [0,1524,system_server,-1,DisplayDeviceConfig,requesting nits when no mapping exists.]
02-17 07:48:38.817 I/am_wtf ( 1524): [0,1524,system_server,-1,DisplayDeviceConfig,requesting nits when no mapping exists.]
02-17 07:48:38.833 I/am_wtf ( 1524): [0,1524,system_server,-1,DisplayDeviceConfig,requesting nits when no mapping exists.]
02-17 07:48:38.833 I/am_wtf ( 1524): [0,1524,system_server,-1,DisplayDeviceConfig,requesting nits when no mapping exists.]
02-17 07:48:38.849 I/am_wtf ( 1524): [0,1524,system_server,-1,DisplayDeviceConfig,requesting nits when no mapping exists.]
02-17 07:48:38.850 I/am_wtf ( 1524): [0,1524,system_server,-1,DisplayDeviceConfig,requesting nits when no mapping exists.]
02-17 07:48:38.866 I/am_wtf ( 1524): [0,1524,system_server,-1,DisplayDeviceConfig,requesting nits when no mapping exists.]
02-17 07:48:38.867 I/am_wtf ( 1524): [0,1524,system_server,-1,DisplayDeviceConfig,requesting nits when no mapping exists.]
02-17 07:48:38.883 I/am_wtf ( 1524): [0,1524,system_server,-1,DisplayDeviceConfig,requesting nits when no mapping exists.]
02-17 07:48:38.884 I/am_wtf ( 1524): [0,1524,system_server,-1,DisplayDeviceConfig,requesting nits when no mapping exists.]
02-17 07:48:38.900 I/am_wtf ( 1524): [0,1524,system_server,-1,DisplayDeviceConfig,requesting nits when no mapping exists.]
02-17 07:48:38.901 I/am_wtf ( 1524): [0,1524,system_server,-1,DisplayDeviceConfig,requesting nits when no mapping exists.]
02-17 07:48:38.916 I/am_wtf ( 1524): [0,1524,system_server,-1,DisplayDeviceConfig,requesting nits when no mapping exists.]
02-17 07:48:38.917 I/am_wtf ( 1524): [0,1524,system_server,-1,DisplayDeviceConfig,requesting nits when no mapping exists.]
02-17 07:48:38.933 I/am_wtf ( 1524): [0,1524,system_server,-1,DisplayDeviceConfig,requesting nits when no mapping exists.]
02-17 07:48:38.934 I/am_wtf ( 1524): [0,1524,system_server,-1,DisplayDeviceConfig,requesting nits when no mapping exists.]
02-17 07:48:38.935 I/auditd ( 476): type=1400 audit(0.0:15482): avc: denied { kill } for comm="ueventd" capability=5 scontext=u:r:ueventd:s0 tcontext=u:r:ueventd:s0 tclass=capability permissive=0
02-17 07:48:38.950 I/am_wtf ( 1524): [0,1524,system_server,-1,DisplayDeviceConfig,requesting nits when no mapping exists.]
02-17 07:48:38.951 I/am_wtf ( 1524): [0,1524,system_server,-1,DisplayDeviceConfig,requesting nits when no mapping exists.]
02-17 07:48:38.966 I/am_wtf ( 1524): [0,1524,system_server,-1,DisplayDeviceConfig,requesting nits when no mapping exists.]
02-17 07:48:38.967 I/am_wtf ( 1524): [0,1524,system_server,-1,DisplayDeviceConfig,requesting nits when no mapping exists.]
02-17 07:48:38.983 I/am_wtf ( 1524): [0,1524,system_server,-1,DisplayDeviceConfig,requesting nits when no mapping exists.]
02-17 07:48:38.984 I/am_wtf ( 1524): [0,1524,system_server,-1,DisplayDeviceConfig,requesting nits when no mapping exists.]
02-17 07:48:38.999 I/am_wtf ( 1524): [0,1524,system_server,-1,DisplayDeviceConfig,requesting nits when no mapping exists.]
02-17 07:48:39.000 I/am_wtf ( 1524): [0,1524,system_server,-1,DisplayDeviceConfig,requesting nits when no mapping exists.]
02-17 07:48:39.016 I/am_wtf ( 1524): [0,1524,system_server,-1,DisplayDeviceConfig,requesting nits when no mapping exists.]
02-17 07:48:39.017 I/am_wtf ( 1524): [0,1524,system_server,-1,DisplayDeviceConfig,requesting nits when no mapping exists.]
02-17 07:48:39.033 I/am_wtf ( 1524): [0,1524,system_server,-1,DisplayDeviceConfig,requesting nits when no mapping exists.]
02-17 07:48:39.034 I/am_wtf ( 1524): [0,1524,system_server,-1,DisplayDeviceConfig,requesting nits when no mapping exists.]
02-17 07:48:39.049 I/am_wtf ( 1524): [0,1524,system_server,-1,DisplayDeviceConfig,requesting nits when no mapping exists.]
02-17 07:48:39.050 I/am_wtf ( 1524): [0,1524,system_server,-1,DisplayDeviceConfig,requesting nits when no mapping exists.]
02-17 07:48:39.067 I/am_wtf ( 1524): [0,1524,system_server,-1,DisplayDeviceConfig,requesting nits when no mapping exists.]
02-17 07:48:39.068 I/am_wtf ( 1524): [0,1524,system_server,-1,DisplayDeviceConfig,requesting nits when no mapping exists.]
02-17 07:48:39.069 I/service_manager_stats( 1524): [100,46,59035]
02-17 07:48:39.083 I/am_wtf ( 1524): [0,1524,system_server,-1,DisplayDeviceConfig,requesting nits when no mapping exists.]
02-17 07:48:39.084 I/am_wtf ( 1524): [0,1524,system_server,-1,DisplayDeviceConfig,requesting nits when no mapping exists.]
02-17 07:48:39.100 I/am_wtf ( 1524): [0,1524,system_server,-1,DisplayDeviceConfig,requesting nits when no mapping exists.]
02-17 07:48:39.101 I/am_wtf ( 1524): [0,1524,system_server,-1,DisplayDeviceConfig,requesting nits when no mapping exists.]
02-17 07:48:39.116 I/am_wtf ( 1524): [0,1524,system_server,-1,DisplayDeviceConfig,requesting nits when no mapping exists.]
02-17 07:48:39.117 I/am_wtf ( 1524): [0,1524,system_server,-1,DisplayDeviceConfig,requesting nits when no mapping exists.]
02-17 07:48:39.133 I/am_wtf ( 1524): [0,1524,system_server,-1,DisplayDeviceConfig,requesting nits when no mapping exists.]
02-17 07:48:39.134 I/am_wtf ( 1524): [0,1524,system_server,-1,DisplayDeviceConfig,requesting nits when no mapping exists.]
02-17 07:48:39.150 I/am_wtf ( 1524): [0,1524,system_server,-1,DisplayDeviceConfig,requesting nits when no mapping exists.]
02-17 07:48:39.151 I/am_wtf ( 1524): [0,1524,system_server,-1,DisplayDeviceConfig,requesting nits when no mapping exists.]
02-17 07:48:39.167 I/am_wtf ( 1524): [0,1524,system_server,-1,DisplayDeviceConfig,requesting nits when no mapping exists.]
02-17 07:48:39.167 I/am_wtf ( 1524): [0,1524,system_server,-1,DisplayDeviceConfig,requesting nits when no mapping exists.]
02-17 07:48:39.183 I/am_wtf ( 1524): [0,1524,system_server,-1,DisplayDeviceConfig,requesting nits when no mapping exists.]
02-17 07:48:39.184 I/am_wtf ( 1524): [0,1524,system_server,-1,DisplayDeviceConfig,requesting nits when no mapping exists.]
02-17 07:48:39.200 I/am_wtf ( 1524): [0,1524,system_server,-1,DisplayDeviceConfig,requesting nits when no mapping exists.]
02-17 07:48:39.201 I/am_wtf ( 1524): [0,1524,system_server,-1,DisplayDeviceConfig,requesting nits when no mapping exists.]
02-17 07:48:39.216 I/am_wtf ( 1524): [0,1524,system_server,-1,DisplayDeviceConfig,requesting nits when no mapping exists.]
02-17 07:48:39.217 I/am_wtf ( 1524): [0,1524,system_server,-1,DisplayDeviceConfig,requesting nits when no mapping exists.]
02-17 07:48:39.233 I/am_wtf ( 1524): [0,1524,system_server,-1,DisplayDeviceConfig,requesting nits when no mapping exists.]
02-17 07:48:39.234 I/am_wtf ( 1524): [0,1524,system_server,-1,DisplayDeviceConfig,requesting nits when no mapping exists.]
02-17 07:48:39.250 I/am_wtf ( 1524): [0,1524,system_server,-1,DisplayDeviceConfig,requesting nits when no mapping exists.]
02-17 07:48:39.251 I/am_wtf ( 1524): [0,1524,system_server,-1,DisplayDeviceConfig,requesting nits when no mapping exists.]
02-17 07:48:39.267 I/am_wtf ( 1524): [0,1524,system_server,-1,DisplayDeviceConfig,requesting nits when no mapping exists.]
02-17 07:48:39.268 I/am_wtf ( 1524): [0,1524,system_server,-1,DisplayDeviceConfig,requesting nits when no mapping exists.]
02-17 07:48:39.284 I/am_wtf ( 1524): [0,1524,system_server,-1,DisplayDeviceConfig,requesting nits when no mapping exists.]
02-17 07:48:39.284 I/am_wtf ( 1524): [0,1524,system_server,-1,DisplayDeviceConfig,requesting nits when no mapping exists.]
02-17 07:48:39.300 I/am_wtf ( 1524): [0,1524,system_server,-1,DisplayDeviceConfig,requesting nits when no mapping exists.]
02-17 07:48:39.301 I/am_wtf ( 1524): [0,1524,system_server,-1,DisplayDeviceConfig,requesting nits when no mapping exists.]
02-17 07:48:39.317 I/am_wtf ( 1524): [0,1524,system_server,-1,DisplayDeviceConfig,requesting nits when no mapping exists.]
02-17 07:48:39.318 I/am_wtf ( 1524): [0,1524,system_server,-1,DisplayDeviceConfig,requesting nits when no mapping exists.]
02-17 07:48:39.334 I/am_wtf ( 1524): [0,1524,system_server,-1,DisplayDeviceConfig,requesting nits when no mapping exists.]
02-17 07:48:39.334 I/am_wtf ( 1524): [0,1524,system_server,-1,DisplayDeviceConfig,requesting nits when no mapping exists.]
02-17 07:48:39.350 I/am_wtf ( 1524): [0,1524,system_server,-1,DisplayDeviceConfig,requesting nits when no mapping exists.]
02-17 07:48:39.351 I/am_wtf ( 1524): [0,1524,system_server,-1,DisplayDeviceConfig,requesting nits when no mapping exists.]
02-17 07:48:39.367 I/am_wtf ( 1524): [0,1524,system_server,-1,DisplayDeviceConfig,requesting nits when no mapping exists.]
02-17 07:48:39.368 I/am_wtf ( 1524): [0,1524,system_server,-1,DisplayDeviceConfig,requesting nits when no mapping exists.]
02-17 07:48:39.384 I/am_wtf ( 1524): [0,1524,system_server,-1,DisplayDeviceConfig,requesting nits when no mapping exists.]
02-17 07:48:39.385 I/am_wtf ( 1524): [0,1524,system_server,-1,DisplayDeviceConfig,requesting nits when no mapping exists.]
02-17 07:48:39.400 I/am_wtf ( 1524): [0,1524,system_server,-1,DisplayDeviceConfig,requesting nits when no mapping exists.]
02-17 07:48:39.401 I/am_wtf ( 1524): [0,1524,system_server,-1,DisplayDeviceConfig,requesting nits when no mapping exists.]
02-17 07:48:39.417 I/am_wtf ( 1524): [0,1524,system_server,-1,DisplayDeviceConfig,requesting nits when no mapping exists.]
02-17 07:48:39.418 I/am_wtf ( 1524): [0,1524,system_server,-1,DisplayDeviceConfig,requesting nits when no mapping exists.]
02-17 07:48:39.434 I/am_wtf ( 1524): [0,1524,system_server,-1,DisplayDeviceConfig,requesting nits when no mapping exists.]
02-17 07:48:39.434 I/am_wtf ( 1524): [0,1524,system_server,-1,DisplayDeviceConfig,requesting nits when no mapping exists.]
02-17 07:48:39.451 I/am_wtf ( 1524): [0,1524,system_server,-1,DisplayDeviceConfig,requesting nits when no mapping exists.]
02-17 07:48:39.452 I/am_wtf ( 1524): [0,1524,system_server,-1,DisplayDeviceConfig,requesting nits when no mapping exists.]
02-17 07:48:39.467 I/am_wtf ( 1524): [0,1524,system_server,-1,DisplayDeviceConfig,requesting nits when no mapping exists.]
02-17 07:48:39.468 I/am_wtf ( 1524): [0,1524,system_server,-1,DisplayDeviceConfig,requesting nits when no mapping exists.]
02-17 07:48:39.939 I/auditd ( 0): type=1400 audit(0.0:15483): avc: denied { kill } for comm="swapper/1" capability=5 scontext=u:r:kernel:s0 tcontext=u:r:kernel:s0 tclass=capability permissive=0
02-17 07:48:40.935 I/auditd ( 0): type=1400 audit(0.0:15484): avc: denied { kill } for comm="swapper/1" capability=5 scontext=u:r:kernel:s0 tcontext=u:r:kernel:s0 tclass=capability permissive=0
02-17 07:48:41.939 I/auditd ( 0): type=1400 audit(0.0:15485): avc: denied { kill } for comm="swapper/1" capability=5 scontext=u:r:kernel:s0 tcontext=u:r:kernel:s0 tclass=capability permissive=0
02-17 07:48:42.939 I/auditd ( 0): type=1400 audit(0.0:15486): avc: denied { kill } for comm="swapper/1" capability=5 scontext=u:r:kernel:s0 tcontext=u:r:kernel:s0 tclass=capability permissive=0
02-17 07:48:43.939 I/auditd ( 0): type=1400 audit(0.0:15487): avc: denied { kill } for comm="swapper/1" capability=5 scontext=u:r:kernel:s0 tcontext=u:r:kernel:s0 tclass=capability permissive=0
02-17 07:48:44.939 I/auditd ( 0): type=1400 audit(0.0:15488): avc: denied { kill } for comm="swapper/1" capability=5 scontext=u:r:kernel:s0 tcontext=u:r:kernel:s0 tclass=capability permissive=0
02-17 07:48:45.496 I/sysui_multi_action( 1524): [757,222,758,1]
02-17 07:48:45.499 I/am_uid_active( 1524): 10040
02-17 07:48:45.509 I/am_pss ( 1524): [13456,10065,com.android.gallery3d,19304448,13750272,0,142258176,0,15,9]
02-17 07:48:45.513 I/wm_task_created( 1524): [48,-1]
02-17 07:48:45.516 I/wm_task_moved( 1524): [48,1,13]
02-17 07:48:45.516 I/wm_task_to_front( 1524): [0,48]
02-17 07:48:45.517 I/wm_create_task( 1524): [0,48]
02-17 07:48:45.517 I/wm_create_activity( 1524): [0,57556642,48,com.thundercomm.screensaver/android.service.dreams.DreamActivity,NULL,NULL,NULL,276824064]
02-17 07:48:45.517 I/wm_task_moved( 1524): [48,1,13]
02-17 07:48:45.517 I/wm_on_top_resumed_lost_called( 2568): [128678138,com.android.launcher3.uioverrides.QuickstepLauncher,topStateChangedWhenResumed]
02-17 07:48:45.517 I/am_pss ( 1524): [13361,10084,com.android.music,23360512,17772544,0,149970944,0,4,8]
02-17 07:48:45.518 I/wm_pause_activity( 1524): [0,128678138,com.android.launcher3/.uioverrides.QuickstepLauncher,userLeaving=true,pauseBackTasks]
02-17 07:48:45.519 I/wm_on_paused_called( 2568): [128678138,com.android.launcher3.uioverrides.QuickstepLauncher,performPause]
02-17 07:48:45.521 I/wm_add_to_stopping( 1524): [0,128678138,com.android.launcher3/.uioverrides.QuickstepLauncher,makeInvisible]
02-17 07:48:45.521 I/wm_restart_activity( 1524): [0,57556642,48,com.thundercomm.screensaver/android.service.dreams.DreamActivity]
02-17 07:48:45.522 I/wm_set_resumed_activity( 1524): [0,com.thundercomm.screensaver/android.service.dreams.DreamActivity,minimalResumeActivityLocked]
02-17 07:48:45.525 I/am_pss ( 1524): [13210,10030,com.android.documentsui,28550144,22401024,0,158265344,0,16,7]
02-17 07:48:45.527 I/wm_on_create_called( 8649): [57556642,android.service.dreams.DreamActivity,performCreate]
02-17 07:48:45.527 I/wm_on_start_called( 8649): [57556642,android.service.dreams.DreamActivity,handleStartActivity]
02-17 07:48:45.528 I/wm_on_resume_called( 8649): [57556642,android.service.dreams.DreamActivity,RESUME_ACTIVITY]
02-17 07:48:45.528 I/sysui_multi_action( 1524): [757,803,799,window_time_0,802,59]
02-17 07:48:45.530 I/wm_on_top_resumed_gained_called( 8649): [57556642,android.service.dreams.DreamActivity,topStateChangedWhenResumed]
02-17 07:48:45.535 I/am_pss ( 1524): [13145,10067,com.android.deskclock,29848576,23547904,0,160952320,0,16,7]
02-17 07:48:45.540 I/input_focus( 1524): [Focus request f0f6869 com.thundercomm.screensaver/android.service.dreams.DreamActivity,reason=UpdateInputWindows]
02-17 07:48:45.542 I/am_pss ( 1524): [13061,10063,com.android.calendar,18755584,13033472,0,142794752,0,16,7]
02-17 07:48:45.549 I/am_pss ( 1524): [13291,2000,com.android.shell,6134784,4259840,0,91893760,0,19,5]
02-17 07:48:45.549 I/sysui_multi_action( 1524): [319,40,322,39,325,14363,757,761,758,8,759,2,806,com.thundercomm.screensaver,871,android.service.dreams.DreamActivity,904,com.thundercomm.screensaver,905,0,1320,4,1321,2]
02-17 07:48:45.549 I/wm_activity_launch_time( 1524): [0,57556642,com.thundercomm.screensaver/android.service.dreams.DreamActivity,39]
02-17 07:48:45.551 I/input_focus( 1524): [Focus leaving 321be4b com.android.launcher3/com.android.launcher3.uioverrides.QuickstepLauncher (server),reason=NO_WINDOW]
02-17 07:48:45.551 I/sysui_multi_action( 1524): [757,1696,758,6,759,3]
02-17 07:48:45.554 I/am_pss ( 1524): [13271,10021,android.process.media,11980800,9830400,0,102100992,0,19,5]
02-17 07:48:45.559 I/am_pss ( 1524): [13240,10027,com.android.externalstorage,5852160,3940352,0,92123136,0,19,4]
02-17 07:48:45.563 I/am_pss ( 1524): [13086,10028,com.android.providers.calendar,7257088,5111808,0,97370112,0,19,4]
02-17 07:48:45.564 I/am_wtf ( 1524): [0,1524,system_server,-1,DisplayDeviceConfig,requesting nits when no mapping exists.]
02-17 07:48:45.564 I/am_wtf ( 1524): [0,1524,system_server,-1,DisplayDeviceConfig,requesting nits when no mapping exists.]
02-17 07:48:45.581 I/am_wtf ( 1524): [0,1524,system_server,-1,DisplayDeviceConfig,requesting nits when no mapping exists.]
02-17 07:48:45.581 I/am_wtf ( 1524): [0,1524,system_server,-1,DisplayDeviceConfig,requesting nits when no mapping exists.]
02-17 07:48:45.581 I/input_focus( 1524): [Focus entering f0f6869 com.thundercomm.screensaver/android.service.dreams.DreamActivity (server),reason=Window became focusable. Previous reason: NOT_VISIBLE]
02-17 07:48:45.598 I/am_wtf ( 1524): [0,1524,system_server,-1,DisplayDeviceConfig,requesting nits when no mapping exists.]
02-17 07:48:45.598 I/am_wtf ( 1524): [0,1524,system_server,-1,DisplayDeviceConfig,requesting nits when no mapping exists.]
02-17 07:48:45.614 I/am_wtf ( 1524): [0,1524,system_server,-1,DisplayDeviceConfig,requesting nits when no mapping exists.]
02-17 07:48:45.614 I/am_wtf ( 1524): [0,1524,system_server,-1,DisplayDeviceConfig,requesting nits when no mapping exists.]
02-17 07:48:45.631 I/am_wtf ( 1524): [0,1524,system_server,-1,DisplayDeviceConfig,requesting nits when no mapping exists.]
02-17 07:48:45.631 I/am_wtf ( 1524): [0,1524,system_server,-1,DisplayDeviceConfig,requesting nits when no mapping exists.]
02-17 07:48:45.648 I/am_wtf ( 1524): [0,1524,system_server,-1,DisplayDeviceConfig,requesting nits when no mapping exists.]
02-17 07:48:45.648 I/am_wtf ( 1524): [0,1524,system_server,-1,DisplayDeviceConfig,requesting nits when no mapping exists.]
02-17 07:48:45.665 I/am_wtf ( 1524): [0,1524,system_server,-1,DisplayDeviceConfig,requesting nits when no mapping exists.]
02-17 07:48:45.665 I/am_wtf ( 1524): [0,1524,system_server,-1,DisplayDeviceConfig,requesting nits when no mapping exists.]
02-17 07:48:45.681 I/am_wtf ( 1524): [0,1524,system_server,-1,DisplayDeviceConfig,requesting nits when no mapping exists.]
