02-17 07:48:45.681 I/am_wtf ( 1524): [0,1524,system_server,-1,DisplayDeviceConfig,requesting nits when no mapping exists.]
02-17 07:48:45.698 I/am_wtf ( 1524): [0,1524,system_server,-1,DisplayDeviceConfig,requesting nits when no mapping exists.]
02-17 07:48:45.698 I/am_wtf ( 1524): [0,1524,system_server,-1,DisplayDeviceConfig,requesting nits when no mapping exists.]
02-17 07:48:45.715 I/am_wtf ( 1524): [0,1524,system_server,-1,DisplayDeviceConfig,requesting nits when no mapping exists.]
02-17 07:48:45.715 I/am_wtf ( 1524): [0,1524,system_server,-1,DisplayDeviceConfig,requesting nits when no mapping exists.]
02-17 07:48:45.732 I/am_wtf ( 1524): [0,1524,system_server,-1,DisplayDeviceConfig,requesting nits when no mapping exists.]
02-17 07:48:45.732 I/am_wtf ( 1524): [0,1524,system_server,-1,DisplayDeviceConfig,requesting nits when no mapping exists.]
02-17 07:48:45.748 I/am_wtf ( 1524): [0,1524,system_server,-1,DisplayDeviceConfig,requesting nits when no mapping exists.]
02-17 07:48:45.748 I/am_wtf ( 1524): [0,1524,system_server,-1,DisplayDeviceConfig,requesting nits when no mapping exists.]
02-17 07:48:45.765 I/am_wtf ( 1524): [0,1524,system_server,-1,DisplayDeviceConfig,requesting nits when no mapping exists.]
02-17 07:48:45.765 I/am_wtf ( 1524): [0,1524,system_server,-1,DisplayDeviceConfig,requesting nits when no mapping exists.]
02-17 07:48:45.781 I/am_wtf ( 1524): [0,1524,system_server,-1,DisplayDeviceConfig,requesting nits when no mapping exists.]
02-17 07:48:45.782 I/am_wtf ( 1524): [0,1524,system_server,-1,DisplayDeviceConfig,requesting nits when no mapping exists.]
02-17 07:48:45.798 I/am_wtf ( 1524): [0,1524,system_server,-1,DisplayDeviceConfig,requesting nits when no mapping exists.]
02-17 07:48:45.798 I/am_wtf ( 1524): [0,1524,system_server,-1,DisplayDeviceConfig,requesting nits when no mapping exists.]
02-17 07:48:45.815 I/am_wtf ( 1524): [0,1524,system_server,-1,DisplayDeviceConfig,requesting nits when no mapping exists.]
02-17 07:48:45.815 I/am_wtf ( 1524): [0,1524,system_server,-1,DisplayDeviceConfig,requesting nits when no mapping exists.]
02-17 07:48:45.832 I/am_wtf ( 1524): [0,1524,system_server,-1,DisplayDeviceConfig,requesting nits when no mapping exists.]
02-17 07:48:45.832 I/am_wtf ( 1524): [0,1524,system_server,-1,DisplayDeviceConfig,requesting nits when no mapping exists.]
02-17 07:48:45.849 I/am_wtf ( 1524): [0,1524,system_server,-1,DisplayDeviceConfig,requesting nits when no mapping exists.]
02-17 07:48:45.849 I/am_wtf ( 1524): [0,1524,system_server,-1,DisplayDeviceConfig,requesting nits when no mapping exists.]
02-17 07:48:45.850 I/wm_stop_activity( 1524): [0,128678138,com.android.launcher3/.uioverrides.QuickstepLauncher]
02-17 07:48:45.865 I/am_wtf ( 1524): [0,1524,system_server,-1,DisplayDeviceConfig,requesting nits when no mapping exists.]
02-17 07:48:45.865 I/am_wtf ( 1524): [0,1524,system_server,-1,DisplayDeviceConfig,requesting nits when no mapping exists.]
02-17 07:48:45.870 I/wm_on_stop_called( 2568): [128678138,com.android.launcher3.uioverrides.QuickstepLauncher,STOP_ACTIVITY_ITEM]
02-17 07:48:45.881 I/am_wtf ( 1524): [0,1524,system_server,-1,DisplayDeviceConfig,requesting nits when no mapping exists.]
02-17 07:48:45.882 I/am_wtf ( 1524): [0,1524,system_server,-1,DisplayDeviceConfig,requesting nits when no mapping exists.]
02-17 07:48:45.898 I/am_wtf ( 1524): [0,1524,system_server,-1,DisplayDeviceConfig,requesting nits when no mapping exists.]
02-17 07:48:45.899 I/am_wtf ( 1524): [0,1524,system_server,-1,DisplayDeviceConfig,requesting nits when no mapping exists.]
02-17 07:48:45.915 I/am_wtf ( 1524): [0,1524,system_server,-1,DisplayDeviceConfig,requesting nits when no mapping exists.]
02-17 07:48:45.915 I/am_wtf ( 1524): [0,1524,system_server,-1,DisplayDeviceConfig,requesting nits when no mapping exists.]
02-17 07:48:45.931 I/am_wtf ( 1524): [0,1524,system_server,-1,DisplayDeviceConfig,requesting nits when no mapping exists.]
02-17 07:48:45.932 I/am_wtf ( 1524): [0,1524,system_server,-1,DisplayDeviceConfig,requesting nits when no mapping exists.]
02-17 07:48:45.932 I/service_manager_stats( 1524): [100,36,6863]
02-17 07:48:45.935 I/auditd ( 0): type=1400 audit(0.0:15489): avc: denied { kill } for comm="swapper/1" capability=5 scontext=u:r:kernel:s0 tcontext=u:r:kernel:s0 tclass=capability permissive=0
02-17 07:48:45.949 I/am_wtf ( 1524): [0,1524,system_server,-1,DisplayDeviceConfig,requesting nits when no mapping exists.]
02-17 07:48:45.950 I/am_wtf ( 1524): [0,1524,system_server,-1,DisplayDeviceConfig,requesting nits when no mapping exists.]
02-17 07:48:45.966 I/am_wtf ( 1524): [0,1524,system_server,-1,DisplayDeviceConfig,requesting nits when no mapping exists.]
02-17 07:48:45.966 I/am_wtf ( 1524): [0,1524,system_server,-1,DisplayDeviceConfig,requesting nits when no mapping exists.]
02-17 07:48:45.982 I/am_wtf ( 1524): [0,1524,system_server,-1,DisplayDeviceConfig,requesting nits when no mapping exists.]
02-17 07:48:45.983 I/am_wtf ( 1524): [0,1524,system_server,-1,DisplayDeviceConfig,requesting nits when no mapping exists.]
02-17 07:48:45.999 I/am_wtf ( 1524): [0,1524,system_server,-1,DisplayDeviceConfig,requesting nits when no mapping exists.]
02-17 07:48:46.000 I/am_wtf ( 1524): [0,1524,system_server,-1,DisplayDeviceConfig,requesting nits when no mapping exists.]
02-17 07:48:46.016 I/am_wtf ( 1524): [0,1524,system_server,-1,DisplayDeviceConfig,requesting nits when no mapping exists.]
02-17 07:48:46.016 I/am_wtf ( 1524): [0,1524,system_server,-1,DisplayDeviceConfig,requesting nits when no mapping exists.]
02-17 07:48:46.033 I/am_wtf ( 1524): [0,1524,system_server,-1,DisplayDeviceConfig,requesting nits when no mapping exists.]
02-17 07:48:46.033 I/am_wtf ( 1524): [0,1524,system_server,-1,DisplayDeviceConfig,requesting nits when no mapping exists.]
02-17 07:48:46.049 I/am_wtf ( 1524): [0,1524,system_server,-1,DisplayDeviceConfig,requesting nits when no mapping exists.]
02-17 07:48:46.049 I/am_wtf ( 1524): [0,1524,system_server,-1,DisplayDeviceConfig,requesting nits when no mapping exists.]
02-17 07:48:46.066 I/am_wtf ( 1524): [0,1524,system_server,-1,DisplayDeviceConfig,requesting nits when no mapping exists.]
02-17 07:48:46.066 I/am_wtf ( 1524): [0,1524,system_server,-1,DisplayDeviceConfig,requesting nits when no mapping exists.]
02-17 07:48:46.083 I/am_wtf ( 1524): [0,1524,system_server,-1,DisplayDeviceConfig,requesting nits when no mapping exists.]
02-17 07:48:46.083 I/am_wtf ( 1524): [0,1524,system_server,-1,DisplayDeviceConfig,requesting nits when no mapping exists.]
02-17 07:48:46.099 I/am_wtf ( 1524): [0,1524,system_server,-1,DisplayDeviceConfig,requesting nits when no mapping exists.]
02-17 07:48:46.099 I/am_wtf ( 1524): [0,1524,system_server,-1,DisplayDeviceConfig,requesting nits when no mapping exists.]
02-17 07:48:46.116 I/am_wtf ( 1524): [0,1524,system_server,-1,DisplayDeviceConfig,requesting nits when no mapping exists.]
02-17 07:48:46.116 I/am_wtf ( 1524): [0,1524,system_server,-1,DisplayDeviceConfig,requesting nits when no mapping exists.]
02-17 07:48:46.132 I/am_wtf ( 1524): [0,1524,system_server,-1,DisplayDeviceConfig,requesting nits when no mapping exists.]
02-17 07:48:46.133 I/am_wtf ( 1524): [0,1524,system_server,-1,DisplayDeviceConfig,requesting nits when no mapping exists.]
02-17 07:48:46.150 I/am_wtf ( 1524): [0,1524,system_server,-1,DisplayDeviceConfig,requesting nits when no mapping exists.]
02-17 07:48:46.150 I/am_wtf ( 1524): [0,1524,system_server,-1,DisplayDeviceConfig,requesting nits when no mapping exists.]
02-17 07:48:46.166 I/am_wtf ( 1524): [0,1524,system_server,-1,DisplayDeviceConfig,requesting nits when no mapping exists.]
02-17 07:48:46.166 I/am_wtf ( 1524): [0,1524,system_server,-1,DisplayDeviceConfig,requesting nits when no mapping exists.]
02-17 07:48:46.183 I/am_wtf ( 1524): [0,1524,system_server,-1,DisplayDeviceConfig,requesting nits when no mapping exists.]
02-17 07:48:46.183 I/am_wtf ( 1524): [0,1524,system_server,-1,DisplayDeviceConfig,requesting nits when no mapping exists.]
02-17 07:48:46.199 I/am_wtf ( 1524): [0,1524,system_server,-1,DisplayDeviceConfig,requesting nits when no mapping exists.]
02-17 07:48:46.199 I/am_wtf ( 1524): [0,1524,system_server,-1,DisplayDeviceConfig,requesting nits when no mapping exists.]
02-17 07:48:46.216 I/am_wtf ( 1524): [0,1524,system_server,-1,DisplayDeviceConfig,requesting nits when no mapping exists.]
02-17 07:48:46.217 I/am_wtf ( 1524): [0,1524,system_server,-1,DisplayDeviceConfig,requesting nits when no mapping exists.]
02-17 07:48:46.233 I/am_wtf ( 1524): [0,1524,system_server,-1,DisplayDeviceConfig,requesting nits when no mapping exists.]
02-17 07:48:46.233 I/am_wtf ( 1524): [0,1524,system_server,-1,DisplayDeviceConfig,requesting nits when no mapping exists.]
02-17 07:48:46.250 I/am_wtf ( 1524): [0,1524,system_server,-1,DisplayDeviceConfig,requesting nits when no mapping exists.]
02-17 07:48:46.250 I/am_wtf ( 1524): [0,1524,system_server,-1,DisplayDeviceConfig,requesting nits when no mapping exists.]
02-17 07:48:46.256 I/am_uid_idle( 1524): 10065
02-17 07:48:46.267 I/am_wtf ( 1524): [0,1524,system_server,-1,DisplayDeviceConfig,requesting nits when no mapping exists.]
02-17 07:48:46.267 I/am_wtf ( 1524): [0,1524,system_server,-1,DisplayDeviceConfig,requesting nits when no mapping exists.]
02-17 07:48:46.283 I/am_wtf ( 1524): [0,1524,system_server,-1,DisplayDeviceConfig,requesting nits when no mapping exists.]
02-17 07:48:46.283 I/am_wtf ( 1524): [0,1524,system_server,-1,DisplayDeviceConfig,requesting nits when no mapping exists.]
02-17 07:48:46.299 I/am_wtf ( 1524): [0,1524,system_server,-1,DisplayDeviceConfig,requesting nits when no mapping exists.]
02-17 07:48:46.300 I/am_wtf ( 1524): [0,1524,system_server,-1,DisplayDeviceConfig,requesting nits when no mapping exists.]
02-17 07:48:46.316 I/am_wtf ( 1524): [0,1524,system_server,-1,DisplayDeviceConfig,requesting nits when no mapping exists.]
02-17 07:48:46.317 I/am_wtf ( 1524): [0,1524,system_server,-1,DisplayDeviceConfig,requesting nits when no mapping exists.]
02-17 07:48:46.333 I/am_wtf ( 1524): [0,1524,system_server,-1,DisplayDeviceConfig,requesting nits when no mapping exists.]
02-17 07:48:46.333 I/am_wtf ( 1524): [0,1524,system_server,-1,DisplayDeviceConfig,requesting nits when no mapping exists.]
02-17 07:48:46.349 I/am_wtf ( 1524): [0,1524,system_server,-1,DisplayDeviceConfig,requesting nits when no mapping exists.]
02-17 07:48:46.350 I/am_wtf ( 1524): [0,1524,system_server,-1,DisplayDeviceConfig,requesting nits when no mapping exists.]
02-17 07:48:46.366 I/am_wtf ( 1524): [0,1524,system_server,-1,DisplayDeviceConfig,requesting nits when no mapping exists.]
02-17 07:48:46.366 I/am_wtf ( 1524): [0,1524,system_server,-1,DisplayDeviceConfig,requesting nits when no mapping exists.]
02-17 07:48:46.383 I/am_wtf ( 1524): [0,1524,system_server,-1,DisplayDeviceConfig,requesting nits when no mapping exists.]
02-17 07:48:46.383 I/am_wtf ( 1524): [0,1524,system_server,-1,DisplayDeviceConfig,requesting nits when no mapping exists.]
02-17 07:48:46.400 I/am_wtf ( 1524): [0,1524,system_server,-1,DisplayDeviceConfig,requesting nits when no mapping exists.]
02-17 07:48:46.400 I/am_wtf ( 1524): [0,1524,system_server,-1,DisplayDeviceConfig,requesting nits when no mapping exists.]
02-17 07:48:46.416 I/am_wtf ( 1524): [0,1524,system_server,-1,DisplayDeviceConfig,requesting nits when no mapping exists.]
02-17 07:48:46.416 I/am_wtf ( 1524): [0,1524,system_server,-1,DisplayDeviceConfig,requesting nits when no mapping exists.]
02-17 07:48:46.433 I/am_wtf ( 1524): [0,1524,system_server,-1,DisplayDeviceConfig,requesting nits when no mapping exists.]
02-17 07:48:46.433 I/am_wtf ( 1524): [0,1524,system_server,-1,DisplayDeviceConfig,requesting nits when no mapping exists.]
02-17 07:48:46.450 I/am_wtf ( 1524): [0,1524,system_server,-1,DisplayDeviceConfig,requesting nits when no mapping exists.]
02-17 07:48:46.450 I/am_wtf ( 1524): [0,1524,system_server,-1,DisplayDeviceConfig,requesting nits when no mapping exists.]
02-17 07:48:46.466 I/am_wtf ( 1524): [0,1524,system_server,-1,DisplayDeviceConfig,requesting nits when no mapping exists.]
02-17 07:48:46.467 I/am_wtf ( 1524): [0,1524,system_server,-1,DisplayDeviceConfig,requesting nits when no mapping exists.]
02-17 07:48:46.483 I/am_wtf ( 1524): [0,1524,system_server,-1,DisplayDeviceConfig,requesting nits when no mapping exists.]
02-17 07:48:46.483 I/am_wtf ( 1524): [0,1524,system_server,-1,DisplayDeviceConfig,requesting nits when no mapping exists.]
02-17 07:48:46.500 I/am_wtf ( 1524): [0,1524,system_server,-1,DisplayDeviceConfig,requesting nits when no mapping exists.]
02-17 07:48:46.500 I/am_wtf ( 1524): [0,1524,system_server,-1,DisplayDeviceConfig,requesting nits when no mapping exists.]
02-17 07:48:46.516 I/am_wtf ( 1524): [0,1524,system_server,-1,DisplayDeviceConfig,requesting nits when no mapping exists.]
02-17 07:48:46.517 I/am_wtf ( 1524): [0,1524,system_server,-1,DisplayDeviceConfig,requesting nits when no mapping exists.]
02-17 07:48:46.935 I/auditd ( 0): type=1400 audit(0.0:15490): avc: denied { kill } for comm="swapper/1" capability=5 scontext=u:r:kernel:s0 tcontext=u:r:kernel:s0 tclass=capability permissive=0
02-17 07:48:47.935 I/auditd ( 0): type=1400 audit(0.0:15491): avc: denied { kill } for comm="swapper/1" capability=5 scontext=u:r:kernel:s0 tcontext=u:r:kernel:s0 tclass=capability permissive=0
02-17 07:48:48.939 I/auditd ( 0): type=1400 audit(0.0:15492): avc: denied { kill } for comm="swapper/1" capability=5 scontext=u:r:kernel:s0 tcontext=u:r:kernel:s0 tclass=capability permissive=0
02-17 07:48:49.939 I/auditd ( 0): type=1400 audit(0.0:15493): avc: denied { kill } for comm="swapper/1" capability=5 scontext=u:r:kernel:s0 tcontext=u:r:kernel:s0 tclass=capability permissive=0
02-17 07:48:50.935 I/auditd ( 0): type=1400 audit(0.0:15494): avc: denied { kill } for comm="swapper/1" capability=5 scontext=u:r:kernel:s0 tcontext=u:r:kernel:s0 tclass=capability permissive=0
02-17 07:48:51.935 I/auditd ( 0): type=1400 audit(0.0:15495): avc: denied { kill } for comm="swapper/1" capability=5 scontext=u:r:kernel:s0 tcontext=u:r:kernel:s0 tclass=capability permissive=0
02-17 07:48:52.939 I/auditd ( 0): type=1400 audit(0.0:15496): avc: denied { kill } for comm="swapper/1" capability=5 scontext=u:r:kernel:s0 tcontext=u:r:kernel:s0 tclass=capability permissive=0
02-17 07:48:53.939 I/auditd ( 0): type=1400 audit(0.0:15497): avc: denied { kill } for comm="swapper/1" capability=5 scontext=u:r:kernel:s0 tcontext=u:r:kernel:s0 tclass=capability permissive=0
02-17 07:48:54.939 I/auditd ( 0): type=1400 audit(0.0:15498): avc: denied { kill } for comm="swapper/1" capability=5 scontext=u:r:kernel:s0 tcontext=u:r:kernel:s0 tclass=capability permissive=0
02-17 07:48:55.939 I/auditd ( 0): type=1400 audit(0.0:15499): avc: denied { kill } for comm="swapper/1" capability=5 scontext=u:r:kernel:s0 tcontext=u:r:kernel:s0 tclass=capability permissive=0
02-17 07:48:56.935 I/auditd ( 0): type=1400 audit(0.0:15500): avc: denied { kill } for comm="swapper/1" capability=5 scontext=u:r:kernel:s0 tcontext=u:r:kernel:s0 tclass=capability permissive=0
02-17 07:48:57.935 I/auditd ( 0): type=1400 audit(0.0:15501): avc: denied { kill } for comm="swapper/1" capability=5 scontext=u:r:kernel:s0 tcontext=u:r:kernel:s0 tclass=capability permissive=0
02-17 07:48:58.935 I/auditd ( 0): type=1400 audit(0.0:15502): avc: denied { kill } for comm="swapper/1" capability=5 scontext=u:r:kernel:s0 tcontext=u:r:kernel:s0 tclass=capability permissive=0
02-17 07:48:59.935 I/auditd ( 0): type=1400 audit(0.0:15503): avc: denied { kill } for comm="swapper/1" capability=5 scontext=u:r:kernel:s0 tcontext=u:r:kernel:s0 tclass=capability permissive=0
02-17 07:49:00.935 I/auditd ( 0): type=1400 audit(0.0:15504): avc: denied { kill } for comm="swapper/1" capability=5 scontext=u:r:kernel:s0 tcontext=u:r:kernel:s0 tclass=capability permissive=0
02-17 07:49:01.935 I/auditd ( 0): type=1400 audit(0.0:15505): avc: denied { kill } for comm="swapper/1" capability=5 scontext=u:r:kernel:s0 tcontext=u:r:kernel:s0 tclass=capability permissive=0
02-17 07:49:03.939 I/auditd ( 0): type=1400 audit(0.0:15506): avc: denied { kill } for comm="swapper/1" capability=5 scontext=u:r:kernel:s0 tcontext=u:r:kernel:s0 tclass=capability permissive=0
02-17 07:49:04.939 I/auditd ( 0): type=1400 audit(0.0:15507): avc: denied { kill } for comm="swapper/1" capability=5 scontext=u:r:kernel:s0 tcontext=u:r:kernel:s0 tclass=capability permissive=0
02-17 07:49:05.939 I/auditd ( 0): type=1400 audit(0.0:15508): avc: denied { kill } for comm="swapper/1" capability=5 scontext=u:r:kernel:s0 tcontext=u:r:kernel:s0 tclass=capability permissive=0
02-17 07:49:06.935 I/auditd ( 0): type=1400 audit(0.0:15509): avc: denied { kill } for comm="swapper/1" capability=5 scontext=u:r:kernel:s0 tcontext=u:r:kernel:s0 tclass=capability permissive=0
02-17 07:49:07.939 I/auditd ( 0): type=1400 audit(0.0:15510): avc: denied { kill } for comm="swapper/1" capability=5 scontext=u:r:kernel:s0 tcontext=u:r:kernel:s0 tclass=capability permissive=0
02-17 07:49:08.939 I/auditd ( 0): type=1400 audit(0.0:15511): avc: denied { kill } for comm="swapper/1" capability=5 scontext=u:r:kernel:s0 tcontext=u:r:kernel:s0 tclass=capability permissive=0
02-17 07:49:09.939 I/auditd ( 0): type=1400 audit(0.0:15512): avc: denied { kill } for comm="swapper/1" capability=5 scontext=u:r:kernel:s0 tcontext=u:r:kernel:s0 tclass=capability permissive=0
02-17 07:49:10.939 I/auditd ( 0): type=1400 audit(0.0:15513): avc: denied { kill } for comm="swapper/1" capability=5 scontext=u:r:kernel:s0 tcontext=u:r:kernel:s0 tclass=capability permissive=0
02-17 07:49:11.939 I/auditd ( 0): type=1400 audit(0.0:15514): avc: denied { kill } for comm="swapper/1" capability=5 scontext=u:r:kernel:s0 tcontext=u:r:kernel:s0 tclass=capability permissive=0
02-17 07:49:12.939 I/auditd ( 0): type=1400 audit(0.0:15515): avc: denied { kill } for comm="swapper/1" capability=5 scontext=u:r:kernel:s0 tcontext=u:r:kernel:s0 tclass=capability permissive=0
02-17 07:49:13.935 I/auditd ( 0): type=1400 audit(0.0:15516): avc: denied { kill } for comm="swapper/1" capability=5 scontext=u:r:kernel:s0 tcontext=u:r:kernel:s0 tclass=capability permissive=0
02-17 07:49:14.939 I/auditd ( 0): type=1400 audit(0.0:15517): avc: denied { kill } for comm="swapper/1" capability=5 scontext=u:r:kernel:s0 tcontext=u:r:kernel:s0 tclass=capability permissive=0
02-17 07:49:15.939 I/auditd ( 0): type=1400 audit(0.0:15518): avc: denied { kill } for comm="swapper/1" capability=5 scontext=u:r:kernel:s0 tcontext=u:r:kernel:s0 tclass=capability permissive=0
02-17 07:49:16.939 I/auditd ( 0): type=1400 audit(0.0:15519): avc: denied { kill } for comm="swapper/1" capability=5 scontext=u:r:kernel:s0 tcontext=u:r:kernel:s0 tclass=capability permissive=0
02-17 07:49:17.939 I/auditd ( 0): type=1400 audit(0.0:15520): avc: denied { kill } for comm="swapper/1" capability=5 scontext=u:r:kernel:s0 tcontext=u:r:kernel:s0 tclass=capability permissive=0
02-17 07:49:18.935 I/auditd ( 0): type=1400 audit(0.0:15521): avc: denied { kill } for comm="swapper/1" capability=5 scontext=u:r:kernel:s0 tcontext=u:r:kernel:s0 tclass=capability permissive=0
02-17 07:49:19.939 I/auditd ( 0): type=1400 audit(0.0:15522): avc: denied { kill } for comm="swapper/1" capability=5 scontext=u:r:kernel:s0 tcontext=u:r:kernel:s0 tclass=capability permissive=0
02-17 07:49:20.939 I/auditd ( 0): type=1400 audit(0.0:15523): avc: denied { kill } for comm="swapper/1" capability=5 scontext=u:r:kernel:s0 tcontext=u:r:kernel:s0 tclass=capability permissive=0
02-17 07:49:21.935 I/auditd ( 0): type=1400 audit(0.0:15524): avc: denied { kill } for comm="swapper/1" capability=5 scontext=u:r:kernel:s0 tcontext=u:r:kernel:s0 tclass=capability permissive=0
02-17 07:49:22.345 I/commit_sys_config_file( 1524): [appops,14380558]
02-17 07:49:22.355 I/auditd ( 568): type=1400 audit(0.0:15525): avc: denied { read } for comm="Binder:568_2" name="wakeup58" dev="sysfs" ino=71413 scontext=u:r:system_suspend:s0 tcontext=u:object_r:sysfs:s0 tclass=dir permissive=0
02-17 07:49:22.355 I/auditd ( 568): type=1400 audit(0.0:15526): avc: denied { read } for comm="Binder:568_2" name="wakeup4" dev="sysfs" ino=47054 scontext=u:r:system_suspend:s0 tcontext=u:object_r:sysfs:s0 tclass=dir permissive=0
02-17 07:49:22.355 I/auditd ( 568): type=1400 audit(0.0:15527): avc: denied { read } for comm="Binder:568_2" name="wakeup28" dev="sysfs" ino=53119 scontext=u:r:system_suspend:s0 tcontext=u:object_r:sysfs:s0 tclass=dir permissive=0
02-17 07:49:22.359 I/auditd ( 568): type=1400 audit(0.0:15528): avc: denied { read } for comm="Binder:568_2" name="wakeup56" dev="sysfs" ino=71341 scontext=u:r:system_suspend:s0 tcontext=u:object_r:sysfs:s0 tclass=dir permissive=0
02-17 07:49:22.359 I/auditd ( 568): type=1400 audit(0.0:15529): avc: denied { read } for comm="Binder:568_2" name="wakeup2" dev="sysfs" ino=46578 scontext=u:r:system_suspend:s0 tcontext=u:object_r:sysfs:s0 tclass=dir permissive=0
02-17 07:49:22.382 I/commit_sys_config_file( 1524): [batterystats,4]
02-17 07:49:22.383 I/commit_sys_config_file( 1524): [batterystats,2]
02-17 07:49:23.939 I/auditd ( 0): type=1400 audit(0.0:15576): avc: denied { kill } for comm="swapper/1" capability=5 scontext=u:r:kernel:s0 tcontext=u:r:kernel:s0 tclass=capability permissive=0
02-17 07:49:24.939 I/auditd ( 0): type=1400 audit(0.0:15577): avc: denied { kill } for comm="swapper/1" capability=5 scontext=u:r:kernel:s0 tcontext=u:r:kernel:s0 tclass=capability permissive=0
02-17 07:49:25.939 I/auditd ( 0): type=1400 audit(0.0:15578): avc: denied { kill } for comm="swapper/1" capability=5 scontext=u:r:kernel:s0 tcontext=u:r:kernel:s0 tclass=capability permissive=0
02-17 07:49:26.939 I/auditd ( 0): type=1400 audit(0.0:15579): avc: denied { kill } for comm="swapper/1" capability=5 scontext=u:r:kernel:s0 tcontext=u:r:kernel:s0 tclass=capability permissive=0
02-17 07:49:27.939 I/auditd ( 0): type=1400 audit(0.0:15580): avc: denied { kill } for comm="swapper/1" capability=5 scontext=u:r:kernel:s0 tcontext=u:r:kernel:s0 tclass=capability permissive=0
02-17 07:49:28.939 I/auditd ( 0): type=1400 audit(0.0:15581): avc: denied { kill } for comm="swapper/1" capability=5 scontext=u:r:kernel:s0 tcontext=u:r:kernel:s0 tclass=capability permissive=0
02-17 07:49:29.939 I/auditd ( 0): type=1400 audit(0.0:15582): avc: denied { kill } for comm="swapper/1" capability=5 scontext=u:r:kernel:s0 tcontext=u:r:kernel:s0 tclass=capability permissive=0
02-17 07:49:30.939 I/auditd ( 0): type=1400 audit(0.0:15583): avc: denied { kill } for comm="swapper/1" capability=5 scontext=u:r:kernel:s0 tcontext=u:r:kernel:s0 tclass=capability permissive=0
02-17 07:49:31.461 I/sysui_multi_action( 1524): [757,803,799,note_enqueued,802,51]
02-17 07:49:31.461 I/sysui_multi_action( 1524): [757,803,799,note_post,802,7]
02-17 07:49:31.461 I/sysui_multi_action( 1524): [757,803,799,note_update,802,38]
02-17 07:49:31.462 I/sysui_multi_action( 1524): [757,803,799,note_remove,802,3]
02-17 07:49:31.462 I/sysui_multi_action( 1524): [757,803,799,people_cache_hit,802,151]
02-17 07:49:31.462 I/sysui_multi_action( 1524): [757,803,799,note_with_actions,802,12]
02-17 07:49:31.463 I/sysui_multi_action( 1524): [757,803,799,note_private,802,43]
02-17 07:49:31.463 I/sysui_multi_action( 1524): [757,803,799,note_ongoing,802,2]
02-17 07:49:31.464 I/sysui_multi_action( 1524): [757,803,799,note_media,802,1]
02-17 07:49:31.464 I/sysui_multi_action( 1524): [757,803,799,note_title,802,14]
02-17 07:49:31.464 I/sysui_multi_action( 1524): [757,803,799,note_text,802,13]
02-17 07:49:31.464 I/sysui_multi_action( 1524): [757,803,799,note_imp_noisy_default,802,45]
02-17 07:49:31.465 I/sysui_multi_action( 1524): [757,803,799,note_importance_min,802,1]
02-17 07:49:31.465 I/sysui_multi_action( 1524): [757,803,799,note_importance_low,802,11]
02-17 07:49:31.465 I/sysui_multi_action( 1524): [757,803,799,note_importance_default,802,31]
02-17 07:49:31.465 I/sysui_multi_action( 1524): [757,803,799,note_importance_high,802,2]
02-17 07:49:31.939 I/auditd ( 0): type=1400 audit(0.0:15584): avc: denied { kill } for comm="swapper/1" capability=5 scontext=u:r:kernel:s0 tcontext=u:r:kernel:s0 tclass=capability permissive=0
02-17 07:49:32.939 I/auditd ( 0): type=1400 audit(0.0:15585): avc: denied { kill } for comm="swapper/1" capability=5 scontext=u:r:kernel:s0 tcontext=u:r:kernel:s0 tclass=capability permissive=0
02-17 07:49:33.939 I/auditd ( 0): type=1400 audit(0.0:15586): avc: denied { kill } for comm="swapper/1" capability=5 scontext=u:r:kernel:s0 tcontext=u:r:kernel:s0 tclass=capability permissive=0
02-17 07:49:34.939 I/auditd ( 0): type=1400 audit(0.0:15587): avc: denied { kill } for comm="swapper/1" capability=5 scontext=u:r:kernel:s0 tcontext=u:r:kernel:s0 tclass=capability permissive=0
02-17 07:49:35.939 I/auditd ( 0): type=1400 audit(0.0:15588): avc: denied { kill } for comm="swapper/1" capability=5 scontext=u:r:kernel:s0 tcontext=u:r:kernel:s0 tclass=capability permissive=0
02-17 07:49:36.939 I/auditd ( 0): type=1400 audit(0.0:15589): avc: denied { kill } for comm="swapper/1" capability=5 scontext=u:r:kernel:s0 tcontext=u:r:kernel:s0 tclass=capability permissive=0
02-17 07:49:37.939 I/auditd ( 0): type=1400 audit(0.0:15590): avc: denied { kill } for comm="swapper/1" capability=5 scontext=u:r:kernel:s0 tcontext=u:r:kernel:s0 tclass=capability permissive=0
02-17 07:49:38.939 I/auditd ( 0): type=1400 audit(0.0:15591): avc: denied { kill } for comm="swapper/2" capability=5 scontext=u:r:kernel:s0 tcontext=u:r:kernel:s0 tclass=capability permissive=0
02-17 07:49:39.935 I/auditd ( 0): type=1400 audit(0.0:15592): avc: denied { kill } for comm="swapper/2" capability=5 scontext=u:r:kernel:s0 tcontext=u:r:kernel:s0 tclass=capability permissive=0
02-17 07:49:40.935 I/auditd ( 0): type=1400 audit(0.0:15593): avc: denied { kill } for comm="swapper/2" capability=5 scontext=u:r:kernel:s0 tcontext=u:r:kernel:s0 tclass=capability permissive=0
02-17 07:49:41.939 I/auditd ( 0): type=1400 audit(0.0:15594): avc: denied { kill } for comm="swapper/2" capability=5 scontext=u:r:kernel:s0 tcontext=u:r:kernel:s0 tclass=capability permissive=0
02-17 07:49:42.939 I/auditd ( 0): type=1400 audit(0.0:15595): avc: denied { kill } for comm="swapper/2" capability=5 scontext=u:r:kernel:s0 tcontext=u:r:kernel:s0 tclass=capability permissive=0
02-17 07:49:43.935 I/auditd ( 0): type=1400 audit(0.0:15596): avc: denied { kill } for comm="swapper/2" capability=5 scontext=u:r:kernel:s0 tcontext=u:r:kernel:s0 tclass=capability permissive=0
02-17 07:49:43.947 I/auditd (13543): type=1400 audit(0.0:15597): avc: denied { read } for comm="ls" name="/" dev="dm-5" ino=2 scontext=u:r:system_app:s0 tcontext=u:object_r:rootfs:s0 tclass=dir permissive=0
02-17 07:49:43.991 I/auditd (13546): type=1400 audit(0.0:15598): avc: denied { read } for comm="ls" name="/" dev="dm-5" ino=2 scontext=u:r:system_app:s0 tcontext=u:object_r:rootfs:s0 tclass=dir permissive=0
02-17 07:49:44.111 I/auditd (13552): type=1400 audit(0.0:15599): avc: denied { read } for comm="ls" name="/" dev="dm-5" ino=2 scontext=u:r:system_app:s0 tcontext=u:object_r:rootfs:s0 tclass=dir permissive=0
02-17 07:49:44.939 I/auditd ( 0): type=1400 audit(0.0:15600): avc: denied { kill } for comm="swapper/2" capability=5 scontext=u:r:kernel:s0 tcontext=u:r:kernel:s0 tclass=capability permissive=0
02-17 07:49:45.935 I/auditd ( 0): type=1400 audit(0.0:15601): avc: denied { kill } for comm="swapper/2" capability=5 scontext=u:r:kernel:s0 tcontext=u:r:kernel:s0 tclass=capability permissive=0
02-17 07:49:46.939 I/auditd ( 0): type=1400 audit(0.0:15602): avc: denied { kill } for comm="swapper/2" capability=5 scontext=u:r:kernel:s0 tcontext=u:r:kernel:s0 tclass=capability permissive=0
02-17 07:49:47.939 I/auditd ( 0): type=1400 audit(0.0:15603): avc: denied { kill } for comm="swapper/2" capability=5 scontext=u:r:kernel:s0 tcontext=u:r:kernel:s0 tclass=capability permissive=0
02-17 07:49:48.935 I/auditd ( 0): type=1400 audit(0.0:15604): avc: denied { kill } for comm="swapper/2" capability=5 scontext=u:r:kernel:s0 tcontext=u:r:kernel:s0 tclass=capability permissive=0
02-17 07:49:49.935 I/auditd ( 0): type=1400 audit(0.0:15605): avc: denied { kill } for comm="swapper/2" capability=5 scontext=u:r:kernel:s0 tcontext=u:r:kernel:s0 tclass=capability permissive=0
02-17 07:49:50.935 I/auditd ( 0): type=1400 audit(0.0:15606): avc: denied { kill } for comm="swapper/2" capability=5 scontext=u:r:kernel:s0 tcontext=u:r:kernel:s0 tclass=capability permissive=0
02-17 07:49:51.912 I/am_uid_idle( 1524): 10062
02-17 07:49:51.935 I/auditd ( 0): type=1400 audit(0.0:15607): avc: denied { kill } for comm="swapper/2" capability=5 scontext=u:r:kernel:s0 tcontext=u:r:kernel:s0 tclass=capability permissive=0
02-17 07:49:52.935 I/auditd ( 0): type=1400 audit(0.0:15608): avc: denied { kill } for comm="swapper/2" capability=5 scontext=u:r:kernel:s0 tcontext=u:r:kernel:s0 tclass=capability permissive=0
02-17 07:49:53.939 I/auditd ( 0): type=1400 audit(0.0:15609): avc: denied { kill } for comm="swapper/2" capability=5 scontext=u:r:kernel:s0 tcontext=u:r:kernel:s0 tclass=capability permissive=0
02-17 07:49:54.939 I/auditd ( 0): type=1400 audit(0.0:15610): avc: denied { kill } for comm="swapper/2" capability=5 scontext=u:r:kernel:s0 tcontext=u:r:kernel:s0 tclass=capability permissive=0
02-17 07:49:55.939 I/auditd ( 0): type=1400 audit(0.0:15611): avc: denied { kill } for comm="swapper/2" capability=5 scontext=u:r:kernel:s0 tcontext=u:r:kernel:s0 tclass=capability permissive=0
02-17 07:49:56.935 I/auditd ( 0): type=1400 audit(0.0:15612): avc: denied { kill } for comm="swapper/2" capability=5 scontext=u:r:kernel:s0 tcontext=u:r:kernel:s0 tclass=capability permissive=0
02-17 07:49:58.935 I/auditd ( 0): type=1400 audit(0.0:15613): avc: denied { kill } for comm="swapper/1" capability=5 scontext=u:r:kernel:s0 tcontext=u:r:kernel:s0 tclass=capability permissive=0
02-17 07:49:59.935 I/auditd ( 0): type=1400 audit(0.0:15614): avc: denied { kill } for comm="swapper/1" capability=5 scontext=u:r:kernel:s0 tcontext=u:r:kernel:s0 tclass=capability permissive=0
02-17 07:50:00.935 I/auditd ( 0): type=1400 audit(0.0:15615): avc: denied { kill } for comm="swapper/1" capability=5 scontext=u:r:kernel:s0 tcontext=u:r:kernel:s0 tclass=capability permissive=0
02-17 07:50:01.935 I/auditd ( 0): type=1400 audit(0.0:15616): avc: denied { kill } for comm="swapper/1" capability=5 scontext=u:r:kernel:s0 tcontext=u:r:kernel:s0 tclass=capability permissive=0
02-17 07:50:02.935 I/auditd ( 0): type=1400 audit(0.0:15617): avc: denied { kill } for comm="swapper/1" capability=5 scontext=u:r:kernel:s0 tcontext=u:r:kernel:s0 tclass=capability permissive=0
02-17 07:50:03.935 I/auditd ( 0): type=1400 audit(0.0:15618): avc: denied { kill } for comm="swapper/1" capability=5 scontext=u:r:kernel:s0 tcontext=u:r:kernel:s0 tclass=capability permissive=0
02-17 07:50:04.939 I/auditd ( 0): type=1400 audit(0.0:15619): avc: denied { kill } for comm="swapper/1" capability=5 scontext=u:r:kernel:s0 tcontext=u:r:kernel:s0 tclass=capability permissive=0
02-17 07:50:05.939 I/auditd ( 0): type=1400 audit(0.0:15620): avc: denied { kill } for comm="swapper/1" capability=5 scontext=u:r:kernel:s0 tcontext=u:r:kernel:s0 tclass=capability permissive=0
02-17 07:50:06.939 I/auditd ( 0): type=1400 audit(0.0:15621): avc: denied { kill } for comm="swapper/1" capability=5 scontext=u:r:kernel:s0 tcontext=u:r:kernel:s0 tclass=capability permissive=0
02-17 07:50:07.939 I/auditd ( 0): type=1400 audit(0.0:15622): avc: denied { kill } for comm="swapper/1" capability=5 scontext=u:r:kernel:s0 tcontext=u:r:kernel:s0 tclass=capability permissive=0
02-17 07:50:08.939 I/auditd ( 0): type=1400 audit(0.0:15623): avc: denied { kill } for comm="swapper/1" capability=5 scontext=u:r:kernel:s0 tcontext=u:r:kernel:s0 tclass=capability permissive=0
02-17 07:50:09.939 I/auditd ( 0): type=1400 audit(0.0:15624): avc: denied { kill } for comm="swapper/1" capability=5 scontext=u:r:kernel:s0 tcontext=u:r:kernel:s0 tclass=capability permissive=0
02-17 07:50:10.939 I/auditd ( 0): type=1400 audit(0.0:15625): avc: denied { kill } for comm="swapper/1" capability=5 scontext=u:r:kernel:s0 tcontext=u:r:kernel:s0 tclass=capability permissive=0
02-17 07:50:11.939 I/auditd ( 0): type=1400 audit(0.0:15626): avc: denied { kill } for comm="swapper/1" capability=5 scontext=u:r:kernel:s0 tcontext=u:r:kernel:s0 tclass=capability permissive=0
02-17 07:50:12.935 I/auditd ( 0): type=1400 audit(0.0:15627): avc: denied { kill } for comm="swapper/1" capability=5 scontext=u:r:kernel:s0 tcontext=u:r:kernel:s0 tclass=capability permissive=0
02-17 07:50:13.935 I/auditd ( 0): type=1400 audit(0.0:15628): avc: denied { kill } for comm="swapper/1" capability=5 scontext=u:r:kernel:s0 tcontext=u:r:kernel:s0 tclass=capability permissive=0
02-17 07:50:14.939 I/auditd ( 0): type=1400 audit(0.0:15629): avc: denied { kill } for comm="swapper/1" capability=5 scontext=u:r:kernel:s0 tcontext=u:r:kernel:s0 tclass=capability permissive=0
02-17 07:50:15.939 I/auditd ( 0): type=1400 audit(0.0:15630): avc: denied { kill } for comm="swapper/1" capability=5 scontext=u:r:kernel:s0 tcontext=u:r:kernel:s0 tclass=capability permissive=0
02-17 07:50:16.935 I/auditd ( 0): type=1400 audit(0.0:15631): avc: denied { kill } for comm="swapper/1" capability=5 scontext=u:r:kernel:s0 tcontext=u:r:kernel:s0 tclass=capability permissive=0
02-17 07:50:17.939 I/auditd ( 0): type=1400 audit(0.0:15632): avc: denied { kill } for comm="swapper/1" capability=5 scontext=u:r:kernel:s0 tcontext=u:r:kernel:s0 tclass=capability permissive=0
02-17 07:50:18.935 I/auditd ( 0): type=1400 audit(0.0:15633): avc: denied { kill } for comm="swapper/1" capability=5 scontext=u:r:kernel:s0 tcontext=u:r:kernel:s0 tclass=capability permissive=0
02-17 07:50:19.939 I/auditd ( 0): type=1400 audit(0.0:15634): avc: denied { kill } for comm="swapper/1" capability=5 scontext=u:r:kernel:s0 tcontext=u:r:kernel:s0 tclass=capability permissive=0
02-17 07:50:20.939 I/auditd ( 0): type=1400 audit(0.0:15635): avc: denied { kill } for comm="swapper/1" capability=5 scontext=u:r:kernel:s0 tcontext=u:r:kernel:s0 tclass=capability permissive=0
02-17 07:50:21.939 I/auditd ( 0): type=1400 audit(0.0:15636): avc: denied { kill } for comm="swapper/1" capability=5 scontext=u:r:kernel:s0 tcontext=u:r:kernel:s0 tclass=capability permissive=0
02-17 07:50:22.939 I/auditd ( 0): type=1400 audit(0.0:15637): avc: denied { kill } for comm="swapper/1" capability=5 scontext=u:r:kernel:s0 tcontext=u:r:kernel:s0 tclass=capability permissive=0
02-17 07:50:23.939 I/auditd ( 0): type=1400 audit(0.0:15638): avc: denied { kill } for comm="swapper/1" capability=5 scontext=u:r:kernel:s0 tcontext=u:r:kernel:s0 tclass=capability permissive=0
02-17 07:50:24.935 I/auditd ( 0): type=1400 audit(0.0:15639): avc: denied { kill } for comm="swapper/1" capability=5 scontext=u:r:kernel:s0 tcontext=u:r:kernel:s0 tclass=capability permissive=0
02-17 07:50:25.939 I/auditd ( 0): type=1400 audit(0.0:15640): avc: denied { kill } for comm="swapper/1" capability=5 scontext=u:r:kernel:s0 tcontext=u:r:kernel:s0 tclass=capability permissive=0
02-17 07:50:26.939 I/auditd ( 0): type=1400 audit(0.0:15641): avc: denied { kill } for comm="swapper/1" capability=5 scontext=u:r:kernel:s0 tcontext=u:r:kernel:s0 tclass=capability permissive=0
02-17 07:50:27.939 I/auditd ( 0): type=1400 audit(0.0:15642): avc: denied { kill } for comm="swapper/1" capability=5 scontext=u:r:kernel:s0 tcontext=u:r:kernel:s0 tclass=capability permissive=0
02-17 07:50:28.935 I/auditd ( 0): type=1400 audit(0.0:15643): avc: denied { kill } for comm="swapper/1" capability=5 scontext=u:r:kernel:s0 tcontext=u:r:kernel:s0 tclass=capability permissive=0
02-17 07:50:29.939 I/auditd ( 0): type=1400 audit(0.0:15644): avc: denied { kill } for comm="swapper/1" capability=5 scontext=u:r:kernel:s0 tcontext=u:r:kernel:s0 tclass=capability permissive=0
02-17 07:50:30.939 I/auditd ( 0): type=1400 audit(0.0:15645): avc: denied { kill } for comm="swapper/1" capability=5 scontext=u:r:kernel:s0 tcontext=u:r:kernel:s0 tclass=capability permissive=0
02-17 07:50:31.939 I/auditd ( 0): type=1400 audit(0.0:15646): avc: denied { kill } for comm="swapper/1" capability=5 scontext=u:r:kernel:s0 tcontext=u:r:kernel:s0 tclass=capability permissive=0
02-17 07:50:32.935 I/auditd ( 0): type=1400 audit(0.0:15647): avc: denied { kill } for comm="swapper/1" capability=5 scontext=u:r:kernel:s0 tcontext=u:r:kernel:s0 tclass=capability permissive=0
02-17 07:50:33.939 I/auditd ( 0): type=1400 audit(0.0:15648): avc: denied { kill } for comm="swapper/1" capability=5 scontext=u:r:kernel:s0 tcontext=u:r:kernel:s0 tclass=capability permissive=0
02-17 07:50:34.939 I/auditd ( 0): type=1400 audit(0.0:15649): avc: denied { kill } for comm="swapper/1" capability=5 scontext=u:r:kernel:s0 tcontext=u:r:kernel:s0 tclass=capability permissive=0
02-17 07:50:35.939 I/auditd ( 0): type=1400 audit(0.0:15650): avc: denied { kill } for comm="swapper/1" capability=5 scontext=u:r:kernel:s0 tcontext=u:r:kernel:s0 tclass=capability permissive=0
02-17 07:50:36.939 I/auditd ( 0): type=1400 audit(0.0:15651): avc: denied { kill } for comm="swapper/1" capability=5 scontext=u:r:kernel:s0 tcontext=u:r:kernel:s0 tclass=capability permissive=0
02-17 07:50:37.935 I/auditd ( 0): type=1400 audit(0.0:15652): avc: denied { kill } for comm="swapper/1" capability=5 scontext=u:r:kernel:s0 tcontext=u:r:kernel:s0 tclass=capability permissive=0
02-17 07:50:38.939 I/auditd ( 0): type=1400 audit(0.0:15653): avc: denied { kill } for comm="swapper/1" capability=5 scontext=u:r:kernel:s0 tcontext=u:r:kernel:s0 tclass=capability permissive=0
02-17 07:50:39.939 I/auditd ( 0): type=1400 audit(0.0:15654): avc: denied { kill } for comm="swapper/1" capability=5 scontext=u:r:kernel:s0 tcontext=u:r:kernel:s0 tclass=capability permissive=0
02-17 07:50:40.939 I/auditd ( 0): type=1400 audit(0.0:15655): avc: denied { kill } for comm="swapper/1" capability=5 scontext=u:r:kernel:s0 tcontext=u:r:kernel:s0 tclass=capability permissive=0
02-17 07:50:41.935 I/auditd ( 0): type=1400 audit(0.0:15656): avc: denied { kill } for comm="swapper/1" capability=5 scontext=u:r:kernel:s0 tcontext=u:r:kernel:s0 tclass=capability permissive=0
02-17 07:50:42.939 I/auditd ( 0): type=1400 audit(0.0:15657): avc: denied { kill } for comm="swapper/1" capability=5 scontext=u:r:kernel:s0 tcontext=u:r:kernel:s0 tclass=capability permissive=0
02-17 07:50:43.939 I/auditd ( 0): type=1400 audit(0.0:15658): avc: denied { kill } for comm="swapper/1" capability=5 scontext=u:r:kernel:s0 tcontext=u:r:kernel:s0 tclass=capability permissive=0
02-17 07:50:44.939 I/auditd ( 0): type=1400 audit(0.0:15659): avc: denied { kill } for comm="swapper/1" capability=5 scontext=u:r:kernel:s0 tcontext=u:r:kernel:s0 tclass=capability permissive=0
02-17 07:50:45.939 I/auditd ( 0): type=1400 audit(0.0:15660): avc: denied { kill } for comm="swapper/1" capability=5 scontext=u:r:kernel:s0 tcontext=u:r:kernel:s0 tclass=capability permissive=0
02-17 07:50:46.939 I/auditd ( 0): type=1400 audit(0.0:15661): avc: denied { kill } for comm="swapper/1" capability=5 scontext=u:r:kernel:s0 tcontext=u:r:kernel:s0 tclass=capability permissive=0
02-17 07:50:47.935 I/auditd ( 0): type=1400 audit(0.0:15662): avc: denied { kill } for comm="swapper/1" capability=5 scontext=u:r:kernel:s0 tcontext=u:r:kernel:s0 tclass=capability permissive=0
02-17 07:50:48.939 I/auditd ( 0): type=1400 audit(0.0:15663): avc: denied { kill } for comm="swapper/1" capability=5 scontext=u:r:kernel:s0 tcontext=u:r:kernel:s0 tclass=capability permissive=0
02-17 07:50:49.939 I/auditd ( 0): type=1400 audit(0.0:15664): avc: denied { kill } for comm="swapper/1" capability=5 scontext=u:r:kernel:s0 tcontext=u:r:kernel:s0 tclass=capability permissive=0
02-17 07:50:50.935 I/auditd ( 0): type=1400 audit(0.0:15665): avc: denied { kill } for comm="swapper/1" capability=5 scontext=u:r:kernel:s0 tcontext=u:r:kernel:s0 tclass=capability permissive=0
02-17 07:50:51.939 I/auditd ( 0): type=1400 audit(0.0:15666): avc: denied { kill } for comm="swapper/1" capability=5 scontext=u:r:kernel:s0 tcontext=u:r:kernel:s0 tclass=capability permissive=0
02-17 07:50:52.935 I/auditd ( 0): type=1400 audit(0.0:15667): avc: denied { kill } for comm="swapper/1" capability=5 scontext=u:r:kernel:s0 tcontext=u:r:kernel:s0 tclass=capability permissive=0
02-17 07:50:53.939 I/auditd ( 0): type=1400 audit(0.0:15668): avc: denied { kill } for comm="swapper/1" capability=5 scontext=u:r:kernel:s0 tcontext=u:r:kernel:s0 tclass=capability permissive=0
02-17 07:50:54.939 I/auditd ( 0): type=1400 audit(0.0:15669): avc: denied { kill } for comm="swapper/1" capability=5 scontext=u:r:kernel:s0 tcontext=u:r:kernel:s0 tclass=capability permissive=0
02-17 07:50:55.935 I/auditd ( 0): type=1400 audit(0.0:15670): avc: denied { kill } for comm="swapper/1" capability=5 scontext=u:r:kernel:s0 tcontext=u:r:kernel:s0 tclass=capability permissive=0
02-17 07:50:56.939 I/auditd ( 0): type=1400 audit(0.0:15671): avc: denied { kill } for comm="swapper/1" capability=5 scontext=u:r:kernel:s0 tcontext=u:r:kernel:s0 tclass=capability permissive=0
02-17 07:50:58.935 I/auditd ( 0): type=1400 audit(0.0:15672): avc: denied { kill } for comm="swapper/1" capability=5 scontext=u:r:kernel:s0 tcontext=u:r:kernel:s0 tclass=capability permissive=0
02-17 07:50:59.783 I/input_interaction( 1524): Interaction with: f0f6869 com.thundercomm.screensaver/android.service.dreams.DreamActivity (server), edge-swipe (server), swipe-up (server), PointerEventDispatcher0 (server),
02-17 07:50:59.786 I/wm_finish_activity( 1524): [0,57556642,48,com.thundercomm.screensaver/android.service.dreams.DreamActivity,finish-activity]
02-17 07:50:59.787 I/wm_task_moved( 1524): [1,1,12]
02-17 07:50:59.787 I/wm_task_moved( 1524): [9,1,2147483647]
02-17 07:50:59.787 I/wm_task_to_front( 1524): [0,9]
02-17 07:50:59.788 I/wm_focused_root_task( 1524): [0,0,1,48,finish-top adjustFocusToNextFocusableTask]
02-17 07:50:59.788 I/wm_set_resumed_activity( 1524): [0,com.android.launcher3/.uioverrides.QuickstepLauncher,finish-top adjustFocusToNextFocusableTask]
02-17 07:50:59.789 I/wm_pause_activity( 1524): [0,57556642,com.thundercomm.screensaver/android.service.dreams.DreamActivity,userLeaving=false,finish]
02-17 07:50:59.797 I/sysui_multi_action( 1524): [757,803,799,window_time_0,802,134]
02-17 07:50:59.798 I/wm_on_top_resumed_lost_called( 8649): [57556642,android.service.dreams.DreamActivity,topStateChangedWhenResumed]
02-17 07:50:59.800 I/wm_on_paused_called( 8649): [57556642,android.service.dreams.DreamActivity,performPause]
02-17 07:50:59.801 I/wm_add_to_stopping( 1524): [0,57556642,com.thundercomm.screensaver/android.service.dreams.DreamActivity,completeFinishing]
02-17 07:50:59.804 I/wm_set_resumed_activity( 1524): [0,com.android.launcher3/.uioverrides.QuickstepLauncher,resumeTopActivityInnerLocked]
02-17 07:50:59.805 I/wm_resume_activity( 1524): [0,128678138,9,com.android.launcher3/.uioverrides.QuickstepLauncher]
02-17 07:50:59.814 I/sysui_multi_action( 1524): [757,803,799,window_time_0,802,0]
02-17 07:50:59.821 I/input_focus( 1524): [Focus leaving f0f6869 com.thundercomm.screensaver/android.service.dreams.DreamActivity (server),reason=NO_WINDOW]
02-17 07:50:59.822 I/view_enqueue_input_event( 8649): [Motion - Cancel,com.thundercomm.screensaver/android.service.dreams.DreamActivity]
02-17 07:50:59.822 I/wm_on_restart_called( 2568): [128678138,com.android.launcher3.uioverrides.QuickstepLauncher,performRestartActivity]
02-17 07:50:59.822 I/wm_on_start_called( 2568): [128678138,com.android.launcher3.uioverrides.QuickstepLauncher,handleStartActivity]
02-17 07:50:59.823 I/wm_on_resume_called( 2568): [128678138,com.android.launcher3.uioverrides.QuickstepLauncher,RESUME_ACTIVITY]
02-17 07:50:59.823 I/wm_on_top_resumed_gained_called( 2568): [128678138,com.android.launcher3.uioverrides.QuickstepLauncher,topWhenResuming]
02-17 07:50:59.825 I/am_pss ( 1524): [13456,10065,com.android.gallery3d,19304448,13750272,0,142258176,0,15,7]
02-17 07:50:59.828 I/am_uid_active( 1524): 10062
02-17 07:50:59.833 I/am_pss ( 1524): [13361,10084,com.android.music,23360512,17772544,0,149970944,0,4,7]
02-17 07:50:59.834 I/input_interaction( 1524): Interaction with: edge-swipe (server), swipe-up (server), PointerEventDispatcher0 (server),
02-17 07:50:59.841 I/am_pss ( 1524): [13210,10030,com.android.documentsui,28550144,22401024,0,158265344,0,16,7]
02-17 07:50:59.842 I/input_focus( 1524): [Focus request 321be4b com.android.launcher3/com.android.launcher3.uioverrides.QuickstepLauncher,reason=UpdateInputWindows]
02-17 07:50:59.847 I/am_pss ( 1524): [13291,2000,com.android.shell,6135808,4259840,0,91893760,0,19,6]
02-17 07:50:59.854 I/am_pss ( 1524): [13271,10021,android.process.media,11981824,9830400,0,102100992,0,19,5]
02-17 07:50:59.856 I/input_focus( 1524): [Focus entering 321be4b com.android.launcher3/com.android.launcher3.uioverrides.QuickstepLauncher (server),reason=setFocusedWindow]
02-17 07:50:59.859 I/am_pss ( 1524): [13240,10027,com.android.externalstorage,5852160,3940352,0,92123136,0,19,4]
02-17 07:51:00.092 I/wm_destroy_activity( 1524): [0,57556642,48,com.thundercomm.screensaver/android.service.dreams.DreamActivity,finish-imm:idle]
02-17 07:51:00.108 I/wm_on_stop_called( 8649): [57556642,android.service.dreams.DreamActivity,LIFECYCLER_STOP_ACTIVITY]
02-17 07:51:00.109 I/wm_on_destroy_called( 8649): [57556642,android.service.dreams.DreamActivity,performDestroy]
02-17 07:51:00.112 I/sysui_multi_action( 1524): [757,222,758,2]
02-17 07:51:00.112 I/sysui_multi_action( 1524): [757,804,799,dreaming_minutes,801,2,802,1]
02-17 07:51:00.120 I/wm_task_removed( 1524): [48,removeChild:removeChild last r=ActivityRecord{36e3ea2 u0 com.thundercomm.screensaver/android.service.dreams.DreamActivity t-1 f}} in t=Task{2a6a39e #48 type=dream A=10040:android:com.thundercomm.screensaver/dream U=0 visible=false mode=fullscreen translucent=true sz=0}]
02-17 07:51:00.120 I/wm_task_removed( 1524): [48,removeChild]
02-17 07:51:00.935 I/auditd ( 0): type=1400 audit(0.0:15673): avc: denied { kill } for comm="swapper/1" capability=5 scontext=u:r:kernel:s0 tcontext=u:r:kernel:s0 tclass=capability permissive=0
02-17 07:51:01.188 I/input_interaction( 1524): Interaction with: d4326e3 StatusBar (server), edge-swipe (server), swipe-up (server), PointerEventDispatcher0 (server),
02-17 07:51:01.193 I/sysui_multi_action( 1999): [757,803,799,panel_open,802,1]
02-17 07:51:01.194 I/sysui_multi_action( 1999): [757,1328,758,4,1326,41,1327,1,1329,0]
02-17 07:51:01.264 I/sysui_multi_action( 1524): [757,127,758,1]
02-17 07:51:01.264 I/sysui_multi_action( 1524): [757,804,799,note_load,801,3,802,1]
02-17 07:51:01.264 I/notification_panel_revealed( 1524): 3
02-17 07:51:01.279 I/input_focus( 1524): [Focus request febc086 NotificationShade,reason=UpdateInputWindows]
02-17 07:51:01.286 I/sysui_multi_action( 1524): [757,128,758,1,793,13285897,794,0,795,13285897,796,26,798,0,806,android,857,DEVELOPER_IMPORTANT,858,4,947,0,1395,3,1500,13285690,1688,1]
02-17 07:51:01.287 I/sysui_multi_action( 1524): [757,804,799,note_freshness,801,13285897,802,1]
02-17 07:51:01.287 I/notification_visibility( 1524): [-1|android|26|null|1000,1,13285897,13285897,0,0]
02-17 07:51:01.287 I/sysui_multi_action( 1524): [757,128,758,1,793,13314130,794,0,795,189098,796,17303299,797,com.android.wifi,798,1,806,android,857,NETWORK_AVAILABLE,858,2,947,0,1395,3,1500,188896,1688,1]
02-17 07:51:01.287 I/sysui_multi_action( 1524): [757,1501,758,1,793,13314130,794,0,795,189098,796,17303299,797,com.android.wifi,806,android,857,NETWORK_AVAILABLE,858,2,947,0,1500,0,1688,1]
02-17 07:51:01.287 I/sysui_multi_action( 1524): [757,804,799,note_interruptive,801,0,802,1]
02-17 07:51:01.287 I/sysui_multi_action( 1524): [757,804,799,note_freshness,801,189098,802,1]
02-17 07:51:01.287 I/notification_visibility( 1524): [0|android|17303299|com.android.wifi|1000,1,13314130,189098,0,1]
02-17 07:51:01.287 I/sysui_multi_action( 1524): [757,128,758,1,793,14487832,794,0,795,14487832,796,32,798,2,806,android,857,USB,858,1,947,0,1395,3,1500,14487400,1688,1]
02-17 07:51:01.288 I/sysui_multi_action( 1524): [757,804,799,note_freshness,801,14487832,802,1]
02-17 07:51:01.288 I/notification_visibility( 1524): [-1|android|32|null|1000,1,14487832,14487832,0,2]
02-17 07:51:01.294 I/input_focus( 1524): [Focus leaving 321be4b com.android.launcher3/com.android.launcher3.uioverrides.QuickstepLauncher (server),reason=setFocusedWindow]
02-17 07:51:01.294 I/input_focus( 1524): [Focus entering febc086 NotificationShade (server),reason=setFocusedWindow]
02-17 07:51:01.343 I/sysui_multi_action( 1999): [757,111,758,1]
02-17 07:51:01.343 I/sysui_multi_action( 1999): [757,126,758,1,759,126,927,0,928,1,1593,0]
02-17 07:51:01.343 I/sysui_multi_action( 1999): [757,113,758,1,759,113,927,1,928,1,1593,0]
02-17 07:51:01.343 I/sysui_multi_action( 1999): [757,0,758,1,759,0,927,2,928,0,1593,0]
02-17 07:51:01.343 I/sysui_multi_action( 1999): [757,0,758,1,759,0,927,3,928,0,1593,0]
02-17 07:51:01.344 I/sysui_multi_action( 1999): [757,491,758,1,759,491,927,4,928,0,1311,-1,1593,0]
02-17 07:51:01.344 I/sysui_multi_action( 1999): [757,0,758,1,759,0,927,5,928,0,1593,0]
02-17 07:51:01.344 I/sysui_multi_action( 1999): [757,111,758,1]
02-17 07:51:01.345 I/sysui_multi_action( 1999): [757,126,758,1,759,126,927,0,928,1,1593,0]
02-17 07:51:01.345 I/sysui_multi_action( 1999): [757,113,758,1,759,113,927,1,928,1,1593,0]
02-17 07:51:01.345 I/sysui_multi_action( 1999): [757,0,758,1,759,0,927,2,928,0,1593,0]
02-17 07:51:01.345 I/sysui_multi_action( 1999): [757,0,758,1,759,0,927,3,928,0,1593,0]
02-17 07:51:01.935 I/auditd ( 0): type=1400 audit(0.0:15674): avc: denied { kill } for comm="swapper/1" capability=5 scontext=u:r:kernel:s0 tcontext=u:r:kernel:s0 tclass=capability permissive=0
