02-17 07:47:21.755 I/sysui_multi_action( 1999): [757,111,758,2]
02-17 07:47:21.756 I/sysui_multi_action( 1999): [757,111,758,2]
02-17 07:47:21.935 I/auditd ( 0): type=1400 audit(0.0:15408): avc: denied { kill } for comm="swapper/1" capability=5 scontext=u:r:kernel:s0 tcontext=u:r:kernel:s0 tclass=capability permissive=0
02-17 07:47:21.974 I/input_focus( 1524): [Focus request afe46d3 com.android.deskclock/com.android.deskclock.DeskClock,reason=UpdateInputWindows]
02-17 07:47:21.985 I/sysui_multi_action( 1524): [757,128,758,2,793,13066596,794,1381,795,13066596,796,26,798,0,806,android,857,DEVELOPER_IMPORTANT,858,4,947,0,1395,3,1500,13066389,1688,1]
02-17 07:47:21.985 I/notification_visibility( 1524): [-1|android|26|null|1000,0,13066596,13066596,0,0]
02-17 07:47:21.986 I/sysui_multi_action( 1524): [757,128,758,2,793,13094829,794,1382,795,249798,796,17303299,797,com.android.wifi,798,1,806,android,857,NETWORK_AVAILABLE,858,2,947,0,1395,3,1500,1382,1688,1]
02-17 07:47:21.986 I/notification_visibility( 1524): [0|android|17303299|com.android.wifi|1000,0,13094829,249798,0,1]
02-17 07:47:21.986 I/sysui_multi_action( 1524): [757,128,758,2,793,14268531,794,1382,795,14268531,796,32,798,2,806,android,857,USB,858,1,947,0,1395,3,1500,14268099,1688,1]
02-17 07:47:21.986 I/notification_visibility( 1524): [-1|android|32|null|1000,0,14268531,14268531,0,2]
02-17 07:47:21.987 I/sysui_multi_action( 1524): [757,127,758,2]
02-17 07:47:21.987 I/notification_panel_hidden( 1524):
02-17 07:47:21.999 I/input_focus( 1524): [Focus leaving febc086 NotificationShade (server),reason=NOT_FOCUSABLE]
02-17 07:47:21.999 I/input_focus( 1524): [Focus entering afe46d3 com.android.deskclock/com.android.deskclock.DeskClock (server),reason=setFocusedWindow]
02-17 07:47:22.008 I/input_interaction( 1524): Interaction with: febc086 NotificationShade (server), 8f82c51 com.android.systemui.ImageWallpaper (server), edge-swipe (server), swipe-up (server), PointerEventDispatcher0 (server),
02-17 07:47:22.034 I/view_enqueue_input_event( 1999): [Motion - Cancel,NotificationShade]
02-17 07:47:22.043 I/input_interaction( 1524): Interaction with: 8f82c51 com.android.systemui.ImageWallpaper (server), edge-swipe (server), swipe-up (server), PointerEventDispatcher0 (server),
02-17 07:47:22.665 I/input_interaction( 1524): Interaction with: afe46d3 com.android.deskclock/com.android.deskclock.DeskClock (server), edge-swipe (server), swipe-up (server), PointerEventDispatcher0 (server),
02-17 07:47:22.683 I/wm_task_moved( 1524): [1,0,0]
02-17 07:47:22.684 I/wm_task_moved( 1524): [1,0,7]
02-17 07:47:22.699 I/wm_on_restart_called( 2568): [128678138,com.android.launcher3.uioverrides.QuickstepLauncher,performRestartActivity]
02-17 07:47:22.731 I/wm_on_start_called( 2568): [128678138,com.android.launcher3.uioverrides.QuickstepLauncher,handleStartActivity]
02-17 07:47:22.731 I/view_enqueue_input_event(13145): [Motion - Cancel,com.android.deskclock/com.android.deskclock.DeskClock]
02-17 07:47:22.734 I/input_focus( 1524): [Focus request recents_animation_input_consumer,reason=UpdateInputWindows]
02-17 07:47:22.739 I/sysui_latency( 2568): [1,74]
02-17 07:47:22.744 I/input_interaction( 1524): Interaction with: edge-swipe (server), swipe-up (server), PointerEventDispatcher0 (server),
02-17 07:47:22.750 I/input_focus( 1524): [Focus leaving afe46d3 com.android.deskclock/com.android.deskclock.DeskClock (server),reason=NOT_FOCUSABLE]
02-17 07:47:22.750 I/input_focus( 1524): [Focus entering recents_animation_input_consumer (server),reason=setFocusedWindow]
02-17 07:47:22.754 I/sysui_multi_action( 1524): [319,7,322,61,325,14280,757,761,758,9,759,5,806,com.android.launcher3,871,com.android.launcher3.uioverrides.QuickstepLauncher,904,com.android.launcher3,905,0,1320,8,1321,5]
02-17 07:47:22.906 I/commit_sys_config_file( 1524): [settings-1-0,3]
02-17 07:47:23.046 I/sysui_latency( 1524): [8,75]
02-17 07:47:23.127 I/commit_sys_config_file( 1524): [settings-1-0,4]
02-17 07:47:23.575 I/wm_task_moved( 1524): [1,1,8]
02-17 07:47:23.575 I/wm_task_moved( 1524): [9,1,2147483647]
02-17 07:47:23.575 I/wm_task_to_front( 1524): [0,9]
02-17 07:47:23.575 I/wm_focused_root_task( 1524): [0,0,1,42,RecentsAnimation.onAnimationFinished()]
02-17 07:47:23.575 I/wm_on_top_resumed_lost_called(13145): [234919770,com.android.deskclock.DeskClock,topStateChangedWhenResumed]
02-17 07:47:23.576 I/wm_set_resumed_activity( 1524): [0,com.android.launcher3/.uioverrides.QuickstepLauncher,RecentsAnimation.onAnimationFinished()]
02-17 07:47:23.576 I/wm_pause_activity( 1524): [0,234919770,com.android.deskclock/.DeskClock,userLeaving=true,pauseBackTasks]
02-17 07:47:23.577 I/wm_add_to_stopping( 1524): [0,234919770,com.android.deskclock/.DeskClock,makeInvisible]
02-17 07:47:23.578 I/wm_set_resumed_activity( 1524): [0,com.android.launcher3/.uioverrides.QuickstepLauncher,resumeTopActivityInnerLocked]
02-17 07:47:23.580 I/wm_resume_activity( 1524): [0,128678138,9,com.android.launcher3/.uioverrides.QuickstepLauncher]
02-17 07:47:23.580 I/wm_on_resume_called( 2568): [128678138,com.android.launcher3.uioverrides.QuickstepLauncher,RESUME_ACTIVITY]
02-17 07:47:23.586 I/input_focus( 1524): [Focus request 321be4b com.android.launcher3/com.android.launcher3.uioverrides.QuickstepLauncher,reason=UpdateInputWindows]
02-17 07:47:23.586 I/wm_on_top_resumed_gained_called( 2568): [128678138,com.android.launcher3.uioverrides.QuickstepLauncher,topStateChangedWhenResumed]
02-17 07:47:23.588 I/wm_on_paused_called(13145): [234919770,com.android.deskclock.DeskClock,performPause]
02-17 07:47:23.592 I/wm_stop_activity( 1524): [0,234919770,com.android.deskclock/.DeskClock]
02-17 07:47:23.598 I/sysui_multi_action( 1524): [757,803,799,window_time_0,802,5]
02-17 07:47:23.599 I/sysui_multi_action( 1524): [757,803,799,window_time_0,802,0]
02-17 07:47:23.613 I/input_focus( 1524): [Focus leaving recents_animation_input_consumer (server),reason=NOT_VISIBLE]
02-17 07:47:23.613 I/input_focus( 1524): [Focus entering 321be4b com.android.launcher3/com.android.launcher3.uioverrides.QuickstepLauncher (server),reason=setFocusedWindow]
02-17 07:47:23.623 I/wm_on_stop_called(13145): [234919770,com.android.deskclock.DeskClock,STOP_ACTIVITY_ITEM]
02-17 07:47:23.792 I/input_interaction( 1524): Interaction with: 321be4b com.android.launcher3/com.android.launcher3.uioverrides.QuickstepLauncher (server), 8f82c51 com.android.systemui.ImageWallpaper (server), edge-swipe (server), swipe-up (server), PointerEventDispatcher0 (server),
02-17 07:47:23.935 I/auditd ( 0): type=1400 audit(0.0:15409): avc: denied { kill } for comm="swapper/0" capability=5 scontext=u:r:kernel:s0 tcontext=u:r:kernel:s0 tclass=capability permissive=0
02-17 07:47:24.175 I/commit_sys_config_file( 1524): [settings-1-0,6]
02-17 07:47:24.842 I/wm_task_created( 1524): [43,-1]
02-17 07:47:24.845 I/wm_task_moved( 1524): [43,1,9]
02-17 07:47:24.845 I/wm_task_to_front( 1524): [0,43]
02-17 07:47:24.845 I/wm_create_task( 1524): [0,43]
02-17 07:47:24.845 I/wm_create_activity( 1524): [0,6321747,43,com.android.documentsui/.LauncherActivity,android.intent.action.MAIN,NULL,NULL,270532608]
02-17 07:47:24.845 I/wm_task_moved( 1524): [43,1,9]
02-17 07:47:24.846 I/wm_pause_activity( 1524): [0,128678138,com.android.launcher3/.uioverrides.QuickstepLauncher,userLeaving=true,pauseBackTasks]
02-17 07:47:24.849 I/am_uid_running( 1524): 10030
02-17 07:47:24.849 I/wm_on_top_resumed_lost_called( 2568): [128678138,com.android.launcher3.uioverrides.QuickstepLauncher,topStateChangedWhenResumed]
02-17 07:47:24.849 I/wm_on_paused_called( 2568): [128678138,com.android.launcher3.uioverrides.QuickstepLauncher,performPause]
02-17 07:47:24.852 I/sysui_multi_action( 1524): [757,803,799,window_time_0,802,1]
02-17 07:47:24.855 I/am_proc_start( 1524): [0,13210,10030,com.android.documentsui,pre-top-activity,{com.android.documentsui/com.android.documentsui.LauncherActivity}]
02-17 07:47:24.865 I/am_proc_bound( 1524): [0,13210,com.android.documentsui]
02-17 07:47:24.867 I/wm_restart_activity( 1524): [0,6321747,43,com.android.documentsui/.LauncherActivity]
02-17 07:47:24.868 I/wm_set_resumed_activity( 1524): [0,com.android.documentsui/.LauncherActivity,minimalResumeActivityLocked]
02-17 07:47:24.868 I/am_uid_active( 1524): 10030
02-17 07:47:24.895 I/am_uid_running( 1524): 10027
02-17 07:47:24.900 I/am_proc_start( 1524): [0,13240,10027,com.android.externalstorage,content provider,{com.android.externalstorage/com.android.externalstorage.ExternalStorageProvider}]
02-17 07:47:24.909 I/am_proc_bound( 1524): [0,13240,com.android.externalstorage]
02-17 07:47:24.911 I/wm_task_created( 1524): [44,-1]
02-17 07:47:24.913 I/wm_task_moved( 1524): [44,1,10]
02-17 07:47:24.913 I/wm_task_to_front( 1524): [0,44]
02-17 07:47:24.913 I/wm_create_task( 1524): [0,44]
02-17 07:47:24.913 I/wm_create_activity( 1524): [0,32479795,44,com.android.documentsui/.files.FilesActivity,NULL,NULL,//com.android.documentsui.launchControl,271056896]
02-17 07:47:24.913 I/wm_task_moved( 1524): [44,1,10]
02-17 07:47:24.914 I/wm_pause_activity( 1524): [0,6321747,com.android.documentsui/.LauncherActivity,userLeaving=true,pauseBackTasks]
02-17 07:47:24.918 I/wm_add_to_stopping( 1524): [0,6321747,com.android.documentsui/.LauncherActivity,makeInvisible]
02-17 07:47:24.918 I/wm_add_to_stopping( 1524): [0,128678138,com.android.launcher3/.uioverrides.QuickstepLauncher,makeInvisible]
02-17 07:47:24.919 I/am_uid_active( 1524): 10027
02-17 07:47:24.919 I/wm_finish_activity( 1524): [0,6321747,43,com.android.documentsui/.LauncherActivity,app-request]
02-17 07:47:24.919 I/wm_on_create_called(13210): [6321747,com.android.documentsui.LauncherActivity,performCreate]
02-17 07:47:24.925 I/wm_restart_activity( 1524): [0,32479795,44,com.android.documentsui/.files.FilesActivity]
02-17 07:47:24.925 I/wm_set_resumed_activity( 1524): [0,com.android.documentsui/.files.FilesActivity,minimalResumeActivityLocked]
02-17 07:47:24.927 I/wm_destroy_activity( 1524): [0,6321747,43,com.android.documentsui/.LauncherActivity,finish-imm:idle]
02-17 07:47:24.929 I/sysui_multi_action( 1524): [757,803,799,window_time_0,802,0]
02-17 07:47:24.939 I/input_focus( 1524): [Focus leaving 321be4b com.android.launcher3/com.android.launcher3.uioverrides.QuickstepLauncher (server),reason=NO_WINDOW]
02-17 07:47:24.935 I/auditd ( 0): type=1400 audit(0.0:15410): avc: denied { kill } for comm="swapper/0" capability=5 scontext=u:r:kernel:s0 tcontext=u:r:kernel:s0 tclass=capability permissive=0
02-17 07:47:24.946 I/am_uid_running( 1524): 10021
02-17 07:47:24.951 I/am_proc_start( 1524): [0,13271,10021,android.process.media,content provider,{com.android.providers.downloads/com.android.providers.downloads.DownloadStorageProvider}]
02-17 07:47:24.960 I/am_proc_bound( 1524): [0,13271,android.process.media]
02-17 07:47:24.961 I/am_uid_active( 1524): 10021
02-17 07:47:24.979 I/wm_on_create_called(13210): [32479795,com.android.documentsui.files.FilesActivity,performCreate]
02-17 07:47:24.982 I/wm_on_start_called(13210): [32479795,com.android.documentsui.files.FilesActivity,handleStartActivity]
02-17 07:47:24.989 I/am_uid_running( 1524): 2000
02-17 07:47:24.994 I/am_proc_start( 1524): [0,13291,2000,com.android.shell,content provider,{com.android.shell/com.android.shell.BugreportStorageProvider}]
02-17 07:47:25.001 I/am_proc_bound( 1524): [0,13291,com.android.shell]
02-17 07:47:25.002 I/am_uid_active( 1524): 2000
02-17 07:47:25.019 I/wm_on_resume_called(13210): [32479795,com.android.documentsui.files.FilesActivity,RESUME_ACTIVITY]
02-17 07:47:25.025 I/wm_on_top_resumed_gained_called(13210): [32479795,com.android.documentsui.files.FilesActivity,topStateChangedWhenResumed]
02-17 07:47:25.025 I/wm_on_destroy_called(13210): [6321747,com.android.documentsui.LauncherActivity,performDestroy]
02-17 07:47:25.025 I/wm_task_removed( 1524): [43,removeChild:removeChild last r=ActivityRecord{607653 u0 com.android.documentsui/.LauncherActivity t-1 f}} in t=Task{233ad1c #43 type=standard A=10030:com.android.documentsui U=0 visible=false mode=fullscreen translucent=true sz=0}]
02-17 07:47:25.025 I/wm_task_removed( 1524): [43,removeChild]
02-17 07:47:25.045 I/input_focus( 1524): [Focus request 6a7b580 com.android.documentsui/com.android.documentsui.files.FilesActivity,reason=UpdateInputWindows]
02-17 07:47:25.091 I/sysui_multi_action( 1524): [319,97,321,95,322,254,325,14282,757,761,758,7,759,1,806,com.android.documentsui,871,com.android.documentsui.files.FilesActivity,904,com.android.documentsui,905,0,945,31,1320,4,1321,1]
02-17 07:47:25.091 I/wm_activity_launch_time( 1524): [0,32479795,com.android.documentsui/.files.FilesActivity,254]
02-17 07:47:25.105 I/input_focus( 1524): [Focus entering 6a7b580 com.android.documentsui/com.android.documentsui.files.FilesActivity (server),reason=Window became focusable. Previous reason: NOT_VISIBLE]
02-17 07:47:25.456 I/wm_stop_activity( 1524): [0,128678138,com.android.launcher3/.uioverrides.QuickstepLauncher]
02-17 07:47:25.474 I/wm_on_stop_called( 2568): [128678138,com.android.launcher3.uioverrides.QuickstepLauncher,STOP_ACTIVITY_ITEM]
02-17 07:47:25.949 I/input_interaction( 1524): Interaction with: d4326e3 StatusBar (server), edge-swipe (server), swipe-up (server), PointerEventDispatcher0 (server),
02-17 07:47:25.950 I/sysui_multi_action( 1999): [757,803,799,panel_open,802,1]
02-17 07:47:25.950 I/sysui_multi_action( 1999): [757,1328,758,4,1326,42,1327,5,1329,0]
02-17 07:47:25.991 I/sysui_multi_action( 1524): [757,127,758,1]
02-17 07:47:25.991 I/sysui_multi_action( 1524): [757,804,799,note_load,801,3,802,1]
02-17 07:47:25.991 I/notification_panel_revealed( 1524): 3
02-17 07:47:25.996 I/input_focus( 1524): [Focus request febc086 NotificationShade,reason=UpdateInputWindows]
02-17 07:47:26.001 I/sysui_multi_action( 1524): [757,128,758,1,793,13070612,794,0,795,13070612,796,26,798,0,806,android,857,DEVELOPER_IMPORTANT,858,4,947,0,1395,3,1500,13070405,1688,1]
02-17 07:47:26.001 I/sysui_multi_action( 1524): [757,804,799,note_freshness,801,13070612,802,1]
02-17 07:47:26.001 I/notification_visibility( 1524): [-1|android|26|null|1000,1,13070612,13070612,0,0]
02-17 07:47:26.001 I/sysui_multi_action( 1524): [757,128,758,1,793,13098844,794,0,795,253813,796,17303299,797,com.android.wifi,798,1,806,android,857,NETWORK_AVAILABLE,858,2,947,0,1395,3,1500,5397,1688,1]
02-17 07:47:26.001 I/sysui_multi_action( 1524): [757,1501,758,1,793,13098844,794,0,795,253813,796,17303299,797,com.android.wifi,806,android,857,NETWORK_AVAILABLE,858,2,947,0,1500,0,1688,1]
02-17 07:47:26.001 I/sysui_multi_action( 1524): [757,804,799,note_interruptive,801,0,802,1]
02-17 07:47:26.001 I/sysui_multi_action( 1524): [757,804,799,note_freshness,801,253813,802,1]
02-17 07:47:26.001 I/notification_visibility( 1524): [0|android|17303299|com.android.wifi|1000,1,13098844,253813,0,1]
02-17 07:47:26.001 I/sysui_multi_action( 1524): [757,128,758,1,793,14272546,794,0,795,14272546,796,32,798,2,806,android,857,USB,858,1,947,0,1395,3,1500,14272114,1688,1]
02-17 07:47:26.001 I/sysui_multi_action( 1524): [757,804,799,note_freshness,801,14272546,802,1]
02-17 07:47:26.001 I/notification_visibility( 1524): [-1|android|32|null|1000,1,14272546,14272546,0,2]
02-17 07:47:26.008 I/input_focus( 1524): [Focus leaving 6a7b580 com.android.documentsui/com.android.documentsui.files.FilesActivity (server),reason=setFocusedWindow]
02-17 07:47:26.008 I/input_focus( 1524): [Focus entering febc086 NotificationShade (server),reason=setFocusedWindow]
02-17 07:47:26.073 I/sysui_multi_action( 1999): [757,111,758,1]
02-17 07:47:26.073 I/sysui_multi_action( 1999): [757,126,758,1,759,126,927,0,928,1,1593,0]
02-17 07:47:26.073 I/sysui_multi_action( 1999): [757,113,758,1,759,113,927,1,928,1,1593,0]
02-17 07:47:26.073 I/sysui_multi_action( 1999): [757,0,758,1,759,0,927,2,928,0,1593,0]
02-17 07:47:26.073 I/sysui_multi_action( 1999): [757,0,758,1,759,0,927,3,928,0,1593,0]
02-17 07:47:26.074 I/sysui_multi_action( 1999): [757,491,758,1,759,491,927,4,928,0,1311,-1,1593,0]
02-17 07:47:26.074 I/sysui_multi_action( 1999): [757,0,758,1,759,0,927,5,928,0,1593,0]
02-17 07:47:26.074 I/sysui_multi_action( 1999): [757,111,758,1]
02-17 07:47:26.074 I/sysui_multi_action( 1999): [757,126,758,1,759,126,927,0,928,1,1593,0]
02-17 07:47:26.074 I/sysui_multi_action( 1999): [757,113,758,1,759,113,927,1,928,1,1593,0]
02-17 07:47:26.074 I/sysui_multi_action( 1999): [757,0,758,1,759,0,927,2,928,0,1593,0]
02-17 07:47:26.074 I/sysui_multi_action( 1999): [757,0,758,1,759,0,927,3,928,0,1593,0]
02-17 07:47:26.935 I/auditd ( 0): type=1400 audit(0.0:15411): avc: denied { kill } for comm="swapper/6" capability=5 scontext=u:r:kernel:s0 tcontext=u:r:kernel:s0 tclass=capability permissive=0
02-17 07:47:26.979 I/input_interaction( 1524): Interaction with: febc086 NotificationShade (server), edge-swipe (server), swipe-up (server), PointerEventDispatcher0 (server),
02-17 07:47:27.448 I/notification_enqueue( 1524): [10080,1999,com.android.systemui,2048,NULL,0,Notification(channel=updateNotification shortcut=null contentView=null vibrate=null sound=null defaults=0x0 flags=0x0 color=0x00000000 vis=PRIVATE),1]
02-17 07:47:27.448 I/sysui_multi_action( 1999): [757,111,758,2]
02-17 07:47:27.449 I/sysui_multi_action( 1999): [757,111,758,2]
02-17 07:47:27.658 I/input_focus( 1524): [Focus request 6a7b580 com.android.documentsui/com.android.documentsui.files.FilesActivity,reason=UpdateInputWindows]
02-17 07:47:27.665 I/sysui_multi_action( 1524): [757,128,758,2,793,13072276,794,1664,795,13072276,796,26,798,0,806,android,857,DEVELOPER_IMPORTANT,858,4,947,0,1395,3,1500,13072069,1688,1]
02-17 07:47:27.666 I/notification_visibility( 1524): [-1|android|26|null|1000,0,13072276,13072276,0,0]
02-17 07:47:27.666 I/sysui_multi_action( 1524): [757,128,758,2,793,13100509,794,1665,795,255478,796,17303299,797,com.android.wifi,798,1,806,android,857,NETWORK_AVAILABLE,858,2,947,0,1395,3,1500,1665,1688,1]
02-17 07:47:27.666 I/notification_visibility( 1524): [0|android|17303299|com.android.wifi|1000,0,13100509,255478,0,1]
02-17 07:47:27.667 I/sysui_multi_action( 1524): [757,128,758,2,793,14274212,794,1666,795,14274212,796,32,798,2,806,android,857,USB,858,1,947,0,1395,3,1500,14273780,1688,1]
02-17 07:47:27.667 I/notification_visibility( 1524): [-1|android|32|null|1000,0,14274212,14274212,0,2]
02-17 07:47:27.668 I/sysui_multi_action( 1524): [757,127,758,2]
02-17 07:47:27.668 I/notification_panel_hidden( 1524):
02-17 07:47:27.679 I/input_focus( 1524): [Focus leaving febc086 NotificationShade (server),reason=NO_WINDOW]
02-17 07:47:27.679 I/input_focus( 1524): [Focus entering 6a7b580 com.android.documentsui/com.android.documentsui.files.FilesActivity (server),reason=setFocusedWindow]
02-17 07:47:27.828 I/input_interaction( 1524): Interaction with: 6a7b580 com.android.documentsui/com.android.documentsui.files.FilesActivity (server), edge-swipe (server), swipe-up (server), PointerEventDispatcher0 (server),
02-17 07:47:27.850 I/wm_task_moved( 1524): [1,0,0]
02-17 07:47:27.851 I/wm_task_moved( 1524): [1,0,8]
02-17 07:47:27.868 I/wm_on_restart_called( 2568): [128678138,com.android.launcher3.uioverrides.QuickstepLauncher,performRestartActivity]
02-17 07:47:27.890 I/wm_on_start_called( 2568): [128678138,com.android.launcher3.uioverrides.QuickstepLauncher,handleStartActivity]
02-17 07:47:27.891 I/view_enqueue_input_event(13210): [Motion - Cancel,com.android.documentsui/com.android.documentsui.files.FilesActivity]
02-17 07:47:27.892 I/input_focus( 1524): [Focus request recents_animation_input_consumer,reason=UpdateInputWindows]
02-17 07:47:27.894 I/input_interaction( 1524): Interaction with: edge-swipe (server), swipe-up (server), PointerEventDispatcher0 (server),
02-17 07:47:27.898 I/sysui_latency( 2568): [1,70]
02-17 07:47:27.913 I/input_focus( 1524): [Focus leaving 6a7b580 com.android.documentsui/com.android.documentsui.files.FilesActivity (server),reason=NOT_FOCUSABLE]
02-17 07:47:27.914 I/input_focus( 1524): [Focus entering recents_animation_input_consumer (server),reason=setFocusedWindow]
02-17 07:47:27.916 I/sysui_multi_action( 1524): [319,12,322,55,325,14285,757,761,758,9,759,5,806,com.android.launcher3,871,com.android.launcher3.uioverrides.QuickstepLauncher,904,com.android.launcher3,905,0,1320,8,1321,5]
02-17 07:47:27.935 I/auditd ( 0): type=1400 audit(0.0:15412): avc: denied { kill } for comm="swapper/6" capability=5 scontext=u:r:kernel:s0 tcontext=u:r:kernel:s0 tclass=capability permissive=0
02-17 07:47:28.087 I/commit_sys_config_file( 1524): [settings-1-0,16]
02-17 07:47:28.206 I/sysui_latency( 1524): [8,69]
02-17 07:47:28.292 I/commit_sys_config_file( 1524): [settings-1-0,4]
02-17 07:47:28.734 I/wm_task_moved( 1524): [1,1,9]
02-17 07:47:28.735 I/wm_task_moved( 1524): [9,1,2147483647]
02-17 07:47:28.735 I/wm_task_to_front( 1524): [0,9]
02-17 07:47:28.735 I/wm_focused_root_task( 1524): [0,0,1,44,RecentsAnimation.onAnimationFinished()]
02-17 07:47:28.735 I/wm_on_top_resumed_lost_called(13210): [32479795,com.android.documentsui.files.FilesActivity,topStateChangedWhenResumed]
02-17 07:47:28.735 I/wm_set_resumed_activity( 1524): [0,com.android.launcher3/.uioverrides.QuickstepLauncher,RecentsAnimation.onAnimationFinished()]
02-17 07:47:28.737 I/wm_pause_activity( 1524): [0,32479795,com.android.documentsui/.files.FilesActivity,userLeaving=true,pauseBackTasks]
02-17 07:47:28.739 I/wm_add_to_stopping( 1524): [0,32479795,com.android.documentsui/.files.FilesActivity,makeInvisible]
02-17 07:47:28.739 I/wm_set_resumed_activity( 1524): [0,com.android.launcher3/.uioverrides.QuickstepLauncher,resumeTopActivityInnerLocked]
02-17 07:47:28.743 I/wm_resume_activity( 1524): [0,128678138,9,com.android.launcher3/.uioverrides.QuickstepLauncher]
02-17 07:47:28.743 I/wm_on_resume_called( 2568): [128678138,com.android.launcher3.uioverrides.QuickstepLauncher,RESUME_ACTIVITY]
02-17 07:47:28.746 I/input_focus( 1524): [Focus request 321be4b com.android.launcher3/com.android.launcher3.uioverrides.QuickstepLauncher,reason=UpdateInputWindows]
02-17 07:47:28.747 I/wm_on_top_resumed_gained_called( 2568): [128678138,com.android.launcher3.uioverrides.QuickstepLauncher,topStateChangedWhenResumed]
02-17 07:47:28.748 I/input_focus( 1524): [Focus leaving recents_animation_input_consumer (server),reason=NOT_VISIBLE]
02-17 07:47:28.749 I/wm_on_paused_called(13210): [32479795,com.android.documentsui.files.FilesActivity,performPause]
02-17 07:47:28.753 I/wm_stop_activity( 1524): [0,32479795,com.android.documentsui/.files.FilesActivity]
02-17 07:47:28.753 I/sysui_multi_action( 1524): [757,803,799,window_time_0,802,4]
02-17 07:47:28.761 I/sysui_multi_action( 1524): [757,803,799,window_time_0,802,0]
02-17 07:47:28.767 I/input_focus( 1524): [Focus entering 321be4b com.android.launcher3/com.android.launcher3.uioverrides.QuickstepLauncher (server),reason=setFocusedWindow]
02-17 07:47:28.780 I/wm_on_stop_called(13210): [32479795,com.android.documentsui.files.FilesActivity,STOP_ACTIVITY_ITEM]
02-17 07:47:28.935 I/auditd ( 0): type=1400 audit(0.0:15413): avc: denied { kill } for comm="swapper/6" capability=5 scontext=u:r:kernel:s0 tcontext=u:r:kernel:s0 tclass=capability permissive=0
02-17 07:47:29.616 I/input_interaction( 1524): Interaction with: 321be4b com.android.launcher3/com.android.launcher3.uioverrides.QuickstepLauncher (server), 8f82c51 com.android.systemui.ImageWallpaper (server), edge-swipe (server), swipe-up (server), PointerEventDispatcher0 (server),
02-17 07:47:29.754 I/wm_task_created( 1524): [45,-1]
02-17 07:47:29.757 I/wm_task_moved( 1524): [45,1,10]
02-17 07:47:29.757 I/wm_task_to_front( 1524): [0,45]
02-17 07:47:29.757 I/wm_create_task( 1524): [0,45]
02-17 07:47:29.757 I/wm_create_activity( 1524): [0,120676314,45,com.android.music/.VideoBrowserActivity,android.intent.action.MAIN,NULL,NULL,270532608]
02-17 07:47:29.757 I/wm_task_moved( 1524): [45,1,10]
02-17 07:47:29.758 I/wm_pause_activity( 1524): [0,128678138,com.android.launcher3/.uioverrides.QuickstepLauncher,userLeaving=true,pauseBackTasks]
02-17 07:47:29.760 I/am_uid_running( 1524): 10084
02-17 07:47:29.761 I/wm_on_top_resumed_lost_called( 2568): [128678138,com.android.launcher3.uioverrides.QuickstepLauncher,topStateChangedWhenResumed]
02-17 07:47:29.761 I/wm_on_paused_called( 2568): [128678138,com.android.launcher3.uioverrides.QuickstepLauncher,performPause]
02-17 07:47:29.764 I/wm_add_to_stopping( 1524): [0,128678138,com.android.launcher3/.uioverrides.QuickstepLauncher,makeInvisible]
02-17 07:47:29.766 I/sysui_multi_action( 1524): [757,803,799,window_time_0,802,1]
02-17 07:47:29.766 I/am_proc_start( 1524): [0,13361,10084,com.android.music,pre-top-activity,{com.android.music/com.android.music.VideoBrowserActivity}]
02-17 07:47:29.778 I/am_proc_bound( 1524): [0,13361,com.android.music]
02-17 07:47:29.780 I/wm_restart_activity( 1524): [0,120676314,45,com.android.music/.VideoBrowserActivity]
02-17 07:47:29.780 I/wm_set_resumed_activity( 1524): [0,com.android.music/.VideoBrowserActivity,minimalResumeActivityLocked]
02-17 07:47:29.781 I/am_uid_active( 1524): 10084
02-17 07:47:29.785 I/input_focus( 1524): [Focus leaving 321be4b com.android.launcher3/com.android.launcher3.uioverrides.QuickstepLauncher (server),reason=NO_WINDOW]
02-17 07:47:29.809 I/wm_on_create_called(13361): [120676314,com.android.music.VideoBrowserActivity,performCreate]
02-17 07:47:29.809 I/wm_on_start_called(13361): [120676314,com.android.music.VideoBrowserActivity,handleStartActivity]
02-17 07:47:29.809 I/wm_on_resume_called(13361): [120676314,com.android.music.VideoBrowserActivity,RESUME_ACTIVITY]
02-17 07:47:29.812 I/wm_on_top_resumed_gained_called(13361): [120676314,com.android.music.VideoBrowserActivity,topStateChangedWhenResumed]
02-17 07:47:29.819 I/input_focus( 1524): [Focus request 5fe1cf com.android.music/com.android.music.VideoBrowserActivity,reason=UpdateInputWindows]
02-17 07:47:29.855 I/sysui_multi_action( 1524): [319,24,321,22,322,104,325,14287,757,761,758,7,759,1,806,com.android.music,871,com.android.music.VideoBrowserActivity,904,com.android.launcher3,905,0,945,30,1320,4,1321,1]
02-17 07:47:29.855 I/wm_activity_launch_time( 1524): [0,120676314,com.android.music/.VideoBrowserActivity,104]
02-17 07:47:29.867 I/input_focus( 1524): [Focus entering 5fe1cf com.android.music/com.android.music.VideoBrowserActivity (server),reason=Window became focusable. Previous reason: NOT_VISIBLE]
02-17 07:47:29.874 I/am_pss ( 1524): [12837,10062,com.thundercomm.gamemode.provider,8412160,6361088,0,95588352,0,5,5]
02-17 07:47:29.935 I/auditd ( 0): type=1400 audit(0.0:15414): avc: denied { kill } for comm="swapper/6" capability=5 scontext=u:r:kernel:s0 tcontext=u:r:kernel:s0 tclass=capability permissive=0
02-17 07:47:30.301 I/wm_stop_activity( 1524): [0,128678138,com.android.launcher3/.uioverrides.QuickstepLauncher]
02-17 07:47:30.319 I/wm_on_stop_called( 2568): [128678138,com.android.launcher3.uioverrides.QuickstepLauncher,STOP_ACTIVITY_ITEM]
02-17 07:47:30.756 I/input_interaction( 1524): Interaction with: d4326e3 StatusBar (server), edge-swipe (server), swipe-up (server), PointerEventDispatcher0 (server),
02-17 07:47:30.757 I/sysui_multi_action( 1999): [757,803,799,panel_open,802,1]
02-17 07:47:30.757 I/sysui_multi_action( 1999): [757,1328,758,4,1326,46,1327,3,1329,0]
02-17 07:47:30.803 I/sysui_multi_action( 1524): [757,127,758,1]
02-17 07:47:30.803 I/sysui_multi_action( 1524): [757,804,799,note_load,801,3,802,1]
02-17 07:47:30.803 I/notification_panel_revealed( 1524): 3
02-17 07:47:30.807 I/input_focus( 1524): [Focus request febc086 NotificationShade,reason=UpdateInputWindows]
02-17 07:47:30.811 I/sysui_multi_action( 1524): [757,128,758,1,793,13075422,794,0,795,13075422,796,26,798,0,806,android,857,DEVELOPER_IMPORTANT,858,4,947,0,1395,3,1500,13075215,1688,1]
02-17 07:47:30.811 I/sysui_multi_action( 1524): [757,804,799,note_freshness,801,13075422,802,1]
02-17 07:47:30.811 I/notification_visibility( 1524): [-1|android|26|null|1000,1,13075422,13075422,0,0]
02-17 07:47:30.811 I/sysui_multi_action( 1524): [757,128,758,1,793,13103654,794,0,795,258623,796,17303299,797,com.android.wifi,798,1,806,android,857,NETWORK_AVAILABLE,858,2,947,0,1395,3,1500,4810,1688,1]
02-17 07:47:30.811 I/sysui_multi_action( 1524): [757,1501,758,1,793,13103654,794,0,795,258623,796,17303299,797,com.android.wifi,806,android,857,NETWORK_AVAILABLE,858,2,947,0,1500,0,1688,1]
02-17 07:47:30.811 I/sysui_multi_action( 1524): [757,804,799,note_interruptive,801,0,802,1]
02-17 07:47:30.811 I/sysui_multi_action( 1524): [757,804,799,note_freshness,801,258623,802,1]
02-17 07:47:30.811 I/notification_visibility( 1524): [0|android|17303299|com.android.wifi|1000,1,13103654,258623,0,1]
02-17 07:47:30.812 I/sysui_multi_action( 1524): [757,128,758,1,793,14277357,794,0,795,14277357,796,32,798,2,806,android,857,USB,858,1,947,0,1395,3,1500,14276925,1688,1]
02-17 07:47:30.812 I/sysui_multi_action( 1524): [757,804,799,note_freshness,801,14277357,802,1]
02-17 07:47:30.812 I/notification_visibility( 1524): [-1|android|32|null|1000,1,14277357,14277357,0,2]
02-17 07:47:30.819 I/input_focus( 1524): [Focus leaving 5fe1cf com.android.music/com.android.music.VideoBrowserActivity (server),reason=setFocusedWindow]
02-17 07:47:30.819 I/input_focus( 1524): [Focus entering febc086 NotificationShade (server),reason=setFocusedWindow]
02-17 07:47:30.868 I/sysui_multi_action( 1999): [757,111,758,1]
02-17 07:47:30.868 I/sysui_multi_action( 1999): [757,126,758,1,759,126,927,0,928,1,1593,0]
02-17 07:47:30.868 I/sysui_multi_action( 1999): [757,113,758,1,759,113,927,1,928,1,1593,0]
02-17 07:47:30.868 I/sysui_multi_action( 1999): [757,0,758,1,759,0,927,2,928,0,1593,0]
02-17 07:47:30.868 I/sysui_multi_action( 1999): [757,0,758,1,759,0,927,3,928,0,1593,0]
02-17 07:47:30.868 I/sysui_multi_action( 1999): [757,491,758,1,759,491,927,4,928,0,1311,-1,1593,0]
02-17 07:47:30.868 I/sysui_multi_action( 1999): [757,0,758,1,759,0,927,5,928,0,1593,0]
02-17 07:47:30.868 I/sysui_multi_action( 1999): [757,111,758,1]
02-17 07:47:30.869 I/sysui_multi_action( 1999): [757,126,758,1,759,126,927,0,928,1,1593,0]
02-17 07:47:30.869 I/sysui_multi_action( 1999): [757,113,758,1,759,113,927,1,928,1,1593,0]
02-17 07:47:30.869 I/sysui_multi_action( 1999): [757,0,758,1,759,0,927,2,928,0,1593,0]
02-17 07:47:30.869 I/sysui_multi_action( 1999): [757,0,758,1,759,0,927,3,928,0,1593,0]
02-17 07:47:30.935 I/auditd ( 0): type=1400 audit(0.0:15415): avc: denied { kill } for comm="swapper/6" capability=5 scontext=u:r:kernel:s0 tcontext=u:r:kernel:s0 tclass=capability permissive=0
02-17 07:47:31.836 I/input_interaction( 1524): Interaction with: febc086 NotificationShade (server), edge-swipe (server), swipe-up (server), PointerEventDispatcher0 (server),
02-17 07:47:31.935 I/auditd ( 0): type=1400 audit(0.0:15416): avc: denied { kill } for comm="swapper/6" capability=5 scontext=u:r:kernel:s0 tcontext=u:r:kernel:s0 tclass=capability permissive=0
02-17 07:47:32.275 I/notification_enqueue( 1524): [10080,1999,com.android.systemui,2048,NULL,0,Notification(channel=updateNotification shortcut=null contentView=null vibrate=null sound=null defaults=0x0 flags=0x0 color=0x00000000 vis=PRIVATE),1]
02-17 07:47:32.275 I/sysui_multi_action( 1999): [757,111,758,2]
02-17 07:47:32.275 I/sysui_multi_action( 1999): [757,111,758,2]
02-17 07:47:32.487 I/input_focus( 1524): [Focus request 5fe1cf com.android.music/com.android.music.VideoBrowserActivity,reason=UpdateInputWindows]
02-17 07:47:32.491 I/sysui_multi_action( 1524): [757,128,758,2,793,13077102,794,1680,795,13077102,796,26,798,0,806,android,857,DEVELOPER_IMPORTANT,858,4,947,0,1395,3,1500,13076895,1688,1]
02-17 07:47:32.492 I/notification_visibility( 1524): [-1|android|26|null|1000,0,13077102,13077102,0,0]
02-17 07:47:32.493 I/sysui_multi_action( 1524): [757,128,758,2,793,13105336,794,1682,795,260305,796,17303299,797,com.android.wifi,798,1,806,android,857,NETWORK_AVAILABLE,858,2,947,0,1395,3,1500,1682,1688,1]
02-17 07:47:32.493 I/notification_visibility( 1524): [0|android|17303299|com.android.wifi|1000,0,13105336,260305,0,1]
02-17 07:47:32.493 I/sysui_multi_action( 1524): [757,128,758,2,793,14279038,794,1681,795,14279038,796,32,798,2,806,android,857,USB,858,1,947,0,1395,3,1500,14278606,1688,1]
02-17 07:47:32.493 I/notification_visibility( 1524): [-1|android|32|null|1000,0,14279038,14279038,0,2]
02-17 07:47:32.495 I/sysui_multi_action( 1524): [757,127,758,2]
02-17 07:47:32.495 I/notification_panel_hidden( 1524):
02-17 07:47:32.508 I/input_focus( 1524): [Focus leaving febc086 NotificationShade (server),reason=NO_WINDOW]
02-17 07:47:32.508 I/input_focus( 1524): [Focus entering 5fe1cf com.android.music/com.android.music.VideoBrowserActivity (server),reason=setFocusedWindow]
02-17 07:47:32.534 I/input_interaction( 1524): Interaction with: 5fe1cf com.android.music/com.android.music.VideoBrowserActivity (server), edge-swipe (server), swipe-up (server), PointerEventDispatcher0 (server),
02-17 07:47:32.935 I/auditd ( 0): type=1400 audit(0.0:15417): avc: denied { kill } for comm="swapper/6" capability=5 scontext=u:r:kernel:s0 tcontext=u:r:kernel:s0 tclass=capability permissive=0
02-17 07:47:33.433 I/wm_task_moved( 1524): [1,0,0]
02-17 07:47:33.434 I/wm_task_moved( 1524): [1,0,9]
02-17 07:47:33.441 I/view_enqueue_input_event(13361): [Motion - Cancel,com.android.music/com.android.music.VideoBrowserActivity]
02-17 07:47:33.452 I/input_interaction( 1524): Interaction with: edge-swipe (server), swipe-up (server), PointerEventDispatcher0 (server),
02-17 07:47:33.455 I/input_focus( 1524): [Focus request recents_animation_input_consumer,reason=UpdateInputWindows]
02-17 07:47:33.461 I/wm_on_restart_called( 2568): [128678138,com.android.launcher3.uioverrides.QuickstepLauncher,performRestartActivity]
02-17 07:47:33.475 I/input_focus( 1524): [Focus leaving 5fe1cf com.android.music/com.android.music.VideoBrowserActivity (server),reason=NOT_FOCUSABLE]
02-17 07:47:33.475 I/input_focus( 1524): [Focus entering recents_animation_input_consumer (server),reason=setFocusedWindow]
02-17 07:47:33.482 I/wm_on_start_called( 2568): [128678138,com.android.launcher3.uioverrides.QuickstepLauncher,handleStartActivity]
02-17 07:47:33.489 I/sysui_latency( 2568): [1,77]
02-17 07:47:33.501 I/sysui_multi_action( 1524): [319,15,322,63,325,14291,757,761,758,9,759,5,806,com.android.launcher3,871,com.android.launcher3.uioverrides.QuickstepLauncher,904,com.android.launcher3,905,0,1320,8,1321,5]
02-17 07:47:33.684 I/commit_sys_config_file( 1524): [settings-1-0,4]
02-17 07:47:33.801 I/sysui_latency( 1524): [8,80]
02-17 07:47:33.935 I/auditd ( 0): type=1400 audit(0.0:15418): avc: denied { kill } for comm="swapper/6" capability=5 scontext=u:r:kernel:s0 tcontext=u:r:kernel:s0 tclass=capability permissive=0
02-17 07:47:34.316 I/wm_task_moved( 1524): [1,1,10]
02-17 07:47:34.316 I/wm_task_moved( 1524): [9,1,2147483647]
02-17 07:47:34.316 I/wm_task_to_front( 1524): [0,9]
02-17 07:47:34.317 I/wm_focused_root_task( 1524): [0,0,1,45,RecentsAnimation.onAnimationFinished()]
02-17 07:47:34.317 I/wm_on_top_resumed_lost_called(13361): [120676314,com.android.music.VideoBrowserActivity,topStateChangedWhenResumed]
02-17 07:47:34.317 I/wm_set_resumed_activity( 1524): [0,com.android.launcher3/.uioverrides.QuickstepLauncher,RecentsAnimation.onAnimationFinished()]
02-17 07:47:34.319 I/wm_pause_activity( 1524): [0,120676314,com.android.music/.VideoBrowserActivity,userLeaving=true,pauseBackTasks]
02-17 07:47:34.321 I/wm_add_to_stopping( 1524): [0,120676314,com.android.music/.VideoBrowserActivity,makeInvisible]
02-17 07:47:34.322 I/wm_set_resumed_activity( 1524): [0,com.android.launcher3/.uioverrides.QuickstepLauncher,resumeTopActivityInnerLocked]
02-17 07:47:34.326 I/wm_resume_activity( 1524): [0,128678138,9,com.android.launcher3/.uioverrides.QuickstepLauncher]
02-17 07:47:34.326 I/wm_on_resume_called( 2568): [128678138,com.android.launcher3.uioverrides.QuickstepLauncher,RESUME_ACTIVITY]
02-17 07:47:34.332 I/input_focus( 1524): [Focus request 321be4b com.android.launcher3/com.android.launcher3.uioverrides.QuickstepLauncher,reason=UpdateInputWindows]
02-17 07:47:34.333 I/wm_on_top_resumed_gained_called( 2568): [128678138,com.android.launcher3.uioverrides.QuickstepLauncher,topStateChangedWhenResumed]
02-17 07:47:34.333 I/wm_on_paused_called(13361): [120676314,com.android.music.VideoBrowserActivity,performPause]
02-17 07:47:34.335 I/input_interaction( 1524): Interaction with: recents_animation_input_consumer (server), edge-swipe (server), swipe-up (server), PointerEventDispatcher0 (server),
02-17 07:47:34.340 I/wm_stop_activity( 1524): [0,120676314,com.android.music/.VideoBrowserActivity]
02-17 07:47:34.344 I/sysui_multi_action( 1524): [757,803,799,window_time_0,802,5]
02-17 07:47:34.345 I/input_focus( 1524): [Focus leaving recents_animation_input_consumer (server),reason=NOT_VISIBLE]
02-17 07:47:34.345 I/input_focus( 1524): [Focus entering 321be4b com.android.launcher3/com.android.launcher3.uioverrides.QuickstepLauncher (server),reason=setFocusedWindow]
02-17 07:47:34.354 I/sysui_multi_action( 1524): [757,803,799,window_time_0,802,0]
02-17 07:47:34.363 I/wm_on_stop_called(13361): [120676314,com.android.music.VideoBrowserActivity,STOP_ACTIVITY_ITEM]
02-17 07:47:34.939 I/auditd ( 0): type=1400 audit(0.0:15419): avc: denied { kill } for comm="swapper/6" capability=5 scontext=u:r:kernel:s0 tcontext=u:r:kernel:s0 tclass=capability permissive=0
02-17 07:47:35.742 I/input_interaction( 1524): Interaction with: 321be4b com.android.launcher3/com.android.launcher3.uioverrides.QuickstepLauncher (server), 8f82c51 com.android.systemui.ImageWallpaper (server), edge-swipe (server), swipe-up (server), PointerEventDispatcher0 (server),
02-17 07:47:35.932 I/wm_task_created( 1524): [46,-1]
02-17 07:47:35.935 I/wm_task_moved( 1524): [46,1,11]
02-17 07:47:35.935 I/wm_task_to_front( 1524): [0,46]
02-17 07:47:35.935 I/wm_create_task( 1524): [0,46]
02-17 07:47:35.935 I/wm_create_activity( 1524): [0,36867196,46,com.android.music/.MusicBrowserActivity,android.intent.action.MAIN,NULL,NULL,270532608]
02-17 07:47:35.935 I/wm_task_moved( 1524): [46,1,11]
02-17 07:47:35.936 I/wm_pause_activity( 1524): [0,128678138,com.android.launcher3/.uioverrides.QuickstepLauncher,userLeaving=true,pauseBackTasks]
02-17 07:47:35.939 I/wm_on_top_resumed_lost_called( 2568): [128678138,com.android.launcher3.uioverrides.QuickstepLauncher,topStateChangedWhenResumed]
02-17 07:47:35.940 I/wm_on_paused_called( 2568): [128678138,com.android.launcher3.uioverrides.QuickstepLauncher,performPause]
02-17 07:47:35.935 I/auditd ( 0): type=1400 audit(0.0:15420): avc: denied { kill } for comm="swapper/2" capability=5 scontext=u:r:kernel:s0 tcontext=u:r:kernel:s0 tclass=capability permissive=0
02-17 07:47:35.941 I/wm_add_to_stopping( 1524): [0,128678138,com.android.launcher3/.uioverrides.QuickstepLauncher,makeInvisible]
02-17 07:47:35.942 I/wm_restart_activity( 1524): [0,36867196,46,com.android.music/.MusicBrowserActivity]
02-17 07:47:35.942 I/wm_set_resumed_activity( 1524): [0,com.android.music/.MusicBrowserActivity,minimalResumeActivityLocked]
02-17 07:47:35.946 I/sysui_multi_action( 1524): [757,803,799,window_time_0,802,1]
02-17 07:47:35.965 I/input_focus( 1524): [Focus leaving 321be4b com.android.launcher3/com.android.launcher3.uioverrides.QuickstepLauncher (server),reason=NO_WINDOW]
02-17 07:47:35.966 I/wm_on_create_called(13361): [36867196,com.android.music.MusicBrowserActivity,performCreate]
02-17 07:47:35.973 I/wm_on_start_called(13361): [36867196,com.android.music.MusicBrowserActivity,handleStartActivity]
02-17 07:47:35.973 I/wm_on_resume_called(13361): [36867196,com.android.music.MusicBrowserActivity,RESUME_ACTIVITY]
02-17 07:47:35.975 I/wm_on_top_resumed_gained_called(13361): [36867196,com.android.music.MusicBrowserActivity,topStateChangedWhenResumed]
02-17 07:47:35.991 I/sysui_multi_action( 1524): [757,856,758,1,806,com.android.music,857,Channel-music,858,2]
02-17 07:47:35.993 I/notification_enqueue( 1524): [10084,13361,com.android.music,1,NULL,0,Notification(channel=Channel-music shortcut=null contentView=null vibrate=null sound=null defaults=0x0 flags=0x0 color=0x00000000 category=transport actions=4 vis=PRIVATE),0]
02-17 07:47:35.995 I/notification_enqueue( 1524): [10084,13361,com.android.music,1,NULL,0,Notification(channel=Channel-music shortcut=null contentView=null vibrate=null sound=null defaults=0x0 flags=0x40 color=0x00000000 category=transport actions=4 vis=PRIVATE),0]
02-17 07:47:35.995 I/notification_enqueue( 1524): [10084,13361,com.android.music,1,NULL,0,Notification(channel=Channel-music shortcut=null contentView=null vibrate=null sound=null defaults=0x0 flags=0x40 color=0x00000000 category=transport actions=4 vis=PRIVATE),0]
02-17 07:47:35.996 I/notification_enqueue( 1524): [10084,13361,com.android.music,1,NULL,0,Notification(channel=Channel-music shortcut=null contentView=null vibrate=null sound=null defaults=0x0 flags=0x40 color=0x00000000 category=transport actions=4 vis=PRIVATE),0]
02-17 07:47:35.999 I/notification_enqueue( 1524): [10084,13361,com.android.music,1,NULL,0,Notification(channel=Channel-music shortcut=null contentView=null vibrate=null sound=null defaults=0x0 flags=0x40 color=0x00000000 category=transport actions=4 vis=PRIVATE),0]
02-17 07:47:35.999 I/notification_enqueue( 1524): [10084,13361,com.android.music,1,NULL,0,Notification(channel=Channel-music shortcut=null contentView=null vibrate=null sound=null defaults=0x0 flags=0x40 color=0x00000000 category=transport actions=4 vis=PRIVATE),0]
02-17 07:47:36.005 I/input_focus( 1524): [Focus request 669347 com.android.music/com.android.music.MusicBrowserActivity,reason=UpdateInputWindows]
02-17 07:47:36.017 I/sysui_multi_action( 1524): [757,128,758,5,759,8,793,24,794,0,795,24,796,1,806,com.android.music,857,Channel-music,858,2,947,0,1500,24,1641,transport,1688,1,1745,1043716538]
02-17 07:47:36.017 I/notification_canceled( 1524): [0|com.android.music|1|null|10084,8,24,24,0,-1,-1,NULL]
02-17 07:47:36.018 I/sysui_multi_action( 1524): [319,25,321,23,322,88,325,14293,757,761,758,8,759,1,806,com.android.music,871,com.android.music.MusicBrowserActivity,904,com.android.launcher3,905,0,1320,4,1321,1]
02-17 07:47:36.019 I/wm_activity_launch_time( 1524): [0,36867196,com.android.music/.MusicBrowserActivity,88]
02-17 07:47:36.032 I/input_focus( 1524): [Focus entering 669347 com.android.music/com.android.music.MusicBrowserActivity (server),reason=setFocusedWindow]
02-17 07:47:36.243 I/commit_sys_config_file( 1524): [notification-policy,14284511]
02-17 07:47:36.483 I/wm_stop_activity( 1524): [0,128678138,com.android.launcher3/.uioverrides.QuickstepLauncher]
02-17 07:47:36.501 I/wm_on_stop_called( 2568): [128678138,com.android.launcher3.uioverrides.QuickstepLauncher,STOP_ACTIVITY_ITEM]
02-17 07:47:36.935 I/auditd ( 0): type=1400 audit(0.0:15421): avc: denied { kill } for comm="swapper/2" capability=5 scontext=u:r:kernel:s0 tcontext=u:r:kernel:s0 tclass=capability permissive=0
02-17 07:47:37.137 I/input_interaction( 1524): Interaction with: d4326e3 StatusBar (server), edge-swipe (server), swipe-up (server), PointerEventDispatcher0 (server),
02-17 07:47:37.138 I/sysui_multi_action( 1999): [757,803,799,panel_open,802,1]
02-17 07:47:37.138 I/sysui_multi_action( 1999): [757,1328,758,4,1326,45,1327,1,1329,0]
02-17 07:47:37.218 I/sysui_multi_action( 1524): [757,127,758,1]
02-17 07:47:37.218 I/sysui_multi_action( 1524): [757,804,799,note_load,801,3,802,1]
02-17 07:47:37.218 I/notification_panel_revealed( 1524): 3
02-17 07:47:37.223 I/input_focus( 1524): [Focus request febc086 NotificationShade,reason=UpdateInputWindows]
02-17 07:47:37.226 I/sysui_multi_action( 1524): [757,128,758,1,793,13081837,794,0,795,13081837,796,26,798,0,806,android,857,DEVELOPER_IMPORTANT,858,4,947,0,1395,3,1500,13081630,1688,1]
02-17 07:47:37.227 I/sysui_multi_action( 1524): [757,804,799,note_freshness,801,13081837,802,1]
02-17 07:47:37.227 I/notification_visibility( 1524): [-1|android|26|null|1000,1,13081837,13081837,0,0]
02-17 07:47:37.227 I/sysui_multi_action( 1524): [757,128,758,1,793,13110070,794,0,795,265039,796,17303299,797,com.android.wifi,798,1,806,android,857,NETWORK_AVAILABLE,858,2,947,0,1395,3,1500,6416,1688,1]
02-17 07:47:37.227 I/sysui_multi_action( 1524): [757,1501,758,1,793,13110070,794,0,795,265039,796,17303299,797,com.android.wifi,806,android,857,NETWORK_AVAILABLE,858,2,947,0,1500,0,1688,1]
02-17 07:47:37.227 I/sysui_multi_action( 1524): [757,804,799,note_interruptive,801,0,802,1]
02-17 07:47:37.227 I/sysui_multi_action( 1524): [757,804,799,note_freshness,801,265039,802,1]
02-17 07:47:37.227 I/notification_visibility( 1524): [0|android|17303299|com.android.wifi|1000,1,13110070,265039,0,1]
02-17 07:47:37.227 I/sysui_multi_action( 1524): [757,128,758,1,793,14283772,794,0,795,14283772,796,32,798,2,806,android,857,USB,858,1,947,0,1395,3,1500,14283340,1688,1]
02-17 07:47:37.227 I/sysui_multi_action( 1524): [757,804,799,note_freshness,801,14283772,802,1]
02-17 07:47:37.227 I/notification_visibility( 1524): [-1|android|32|null|1000,1,14283772,14283772,0,2]
02-17 07:47:37.235 I/input_focus( 1524): [Focus leaving 669347 com.android.music/com.android.music.MusicBrowserActivity (server),reason=setFocusedWindow]
02-17 07:47:37.235 I/input_focus( 1524): [Focus entering febc086 NotificationShade (server),reason=setFocusedWindow]
02-17 07:47:37.317 I/sysui_multi_action( 1999): [757,111,758,1]
02-17 07:47:37.317 I/sysui_multi_action( 1999): [757,126,758,1,759,126,927,0,928,1,1593,0]
02-17 07:47:37.317 I/sysui_multi_action( 1999): [757,113,758,1,759,113,927,1,928,1,1593,0]
02-17 07:47:37.317 I/sysui_multi_action( 1999): [757,0,758,1,759,0,927,2,928,0,1593,0]
02-17 07:47:37.318 I/sysui_multi_action( 1999): [757,0,758,1,759,0,927,3,928,0,1593,0]
02-17 07:47:37.318 I/sysui_multi_action( 1999): [757,491,758,1,759,491,927,4,928,0,1311,-1,1593,0]
02-17 07:47:37.318 I/sysui_multi_action( 1999): [757,0,758,1,759,0,927,5,928,0,1593,0]
02-17 07:47:37.318 I/sysui_multi_action( 1999): [757,111,758,1]
02-17 07:47:37.318 I/sysui_multi_action( 1999): [757,126,758,1,759,126,927,0,928,1,1593,0]
02-17 07:47:37.318 I/sysui_multi_action( 1999): [757,113,758,1,759,113,927,1,928,1,1593,0]
02-17 07:47:37.318 I/sysui_multi_action( 1999): [757,0,758,1,759,0,927,2,928,0,1593,0]
02-17 07:47:37.318 I/sysui_multi_action( 1999): [757,0,758,1,759,0,927,3,928,0,1593,0]
02-17 07:47:37.935 I/auditd ( 0): type=1400 audit(0.0:15422): avc: denied { kill } for comm="swapper/2" capability=5 scontext=u:r:kernel:s0 tcontext=u:r:kernel:s0 tclass=capability permissive=0
02-17 07:47:38.391 I/input_interaction( 1524): Interaction with: febc086 NotificationShade (server), edge-swipe (server), swipe-up (server), PointerEventDispatcher0 (server),
02-17 07:47:38.875 I/notification_enqueue( 1524): [10080,1999,com.android.systemui,2048,NULL,0,Notification(channel=updateNotification shortcut=null contentView=null vibrate=null sound=null defaults=0x0 flags=0x0 color=0x00000000 vis=PRIVATE),1]
02-17 07:47:38.875 I/sysui_multi_action( 1999): [757,111,758,2]
02-17 07:47:38.876 I/sysui_multi_action( 1999): [757,111,758,2]
02-17 07:47:38.935 I/auditd ( 0): type=1400 audit(0.0:15423): avc: denied { kill } for comm="swapper/2" capability=5 scontext=u:r:kernel:s0 tcontext=u:r:kernel:s0 tclass=capability permissive=0
02-17 07:47:39.085 I/input_focus( 1524): [Focus request 669347 com.android.music/com.android.music.MusicBrowserActivity,reason=UpdateInputWindows]
02-17 07:47:39.091 I/sysui_multi_action( 1524): [757,128,758,2,793,13083702,794,1865,795,13083702,796,26,798,0,806,android,857,DEVELOPER_IMPORTANT,858,4,947,0,1395,3,1500,13083495,1688,1]
02-17 07:47:39.091 I/notification_visibility( 1524): [-1|android|26|null|1000,0,13083702,13083702,0,0]
02-17 07:47:39.092 I/sysui_multi_action( 1524): [757,128,758,2,793,13111935,794,1865,795,266904,796,17303299,797,com.android.wifi,798,1,806,android,857,NETWORK_AVAILABLE,858,2,947,0,1395,3,1500,1865,1688,1]
02-17 07:47:39.092 I/notification_visibility( 1524): [0|android|17303299|com.android.wifi|1000,0,13111935,266904,0,1]
02-17 07:47:39.092 I/sysui_multi_action( 1524): [757,128,758,2,793,14285637,794,1865,795,14285637,796,32,798,2,806,android,857,USB,858,1,947,0,1395,3,1500,14285205,1688,1]
02-17 07:47:39.093 I/notification_visibility( 1524): [-1|android|32|null|1000,0,14285637,14285637,0,2]
02-17 07:47:39.093 I/sysui_multi_action( 1524): [757,127,758,2]
02-17 07:47:39.093 I/notification_panel_hidden( 1524):
02-17 07:47:39.107 I/input_focus( 1524): [Focus leaving febc086 NotificationShade (server),reason=NO_WINDOW]
02-17 07:47:39.107 I/input_focus( 1524): [Focus entering 669347 com.android.music/com.android.music.MusicBrowserActivity (server),reason=setFocusedWindow]
02-17 07:47:39.187 I/input_interaction( 1524): Interaction with: 669347 com.android.music/com.android.music.MusicBrowserActivity (server), edge-swipe (server), swipe-up (server), PointerEventDispatcher0 (server),
02-17 07:47:39.210 I/wm_task_moved( 1524): [1,0,0]
02-17 07:47:39.211 I/wm_task_moved( 1524): [1,0,10]
02-17 07:47:39.226 I/wm_on_restart_called( 2568): [128678138,com.android.launcher3.uioverrides.QuickstepLauncher,performRestartActivity]
02-17 07:47:39.249 I/wm_on_start_called( 2568): [128678138,com.android.launcher3.uioverrides.QuickstepLauncher,handleStartActivity]
02-17 07:47:39.249 I/view_enqueue_input_event(13361): [Motion - Cancel,com.android.music/com.android.music.MusicBrowserActivity]
02-17 07:47:39.250 I/input_focus( 1524): [Focus request recents_animation_input_consumer,reason=UpdateInputWindows]
02-17 07:47:39.253 I/input_interaction( 1524): Interaction with: edge-swipe (server), swipe-up (server), PointerEventDispatcher0 (server),
02-17 07:47:39.256 I/input_focus( 1524): [Focus leaving 669347 com.android.music/com.android.music.MusicBrowserActivity (server),reason=NOT_FOCUSABLE]
02-17 07:47:39.256 I/input_focus( 1524): [Focus entering recents_animation_input_consumer (server),reason=setFocusedWindow]
02-17 07:47:39.257 I/sysui_latency( 2568): [1,71]
