02-17 08:19:34.534 W/View ( 1999): requestLayout() improperly called by android.widget.FrameLayout{d368225 I.E...... ......ID 0,0-780,179 #2bc} during second layout pass: posting in next frame
02-17 08:19:34.534 W/View ( 1999): requestLayout() improperly called by com.android.systemui.statusbar.AlphaOptimizedImageView{f2df61c VFED..C.. ......ID 0,0-140,84} during second layout pass: posting in next frame
02-17 08:19:34.535 I/DreamManagerService( 1524): Leaving dreamland.
02-17 08:19:34.537 I/DreamManagerService( 1524): Performing gentle wake from dream.
02-17 08:19:34.537 I/DreamController( 1524): Stopping dream: name=ComponentInfo{com.thundercomm.screensaver/com.thundercomm.saverclock.service.ClockScreensaver}, isTest=false, canDoze=false, userId=0, reason='finished self'(from 'finished self')
02-17 08:19:34.537 I/sysui_multi_action( 1524): [757,222,758,2]
02-17 08:19:34.537 I/sysui_multi_action( 1524): [757,804,799,dreaming_minutes,801,2,802,1]
02-17 08:19:34.537 W/InputManager-JNI( 1524): Input channel object '1bc04af com.thundercomm.screensaver/android.service.dreams.DreamActivity (client)' was disposed without first being removed with the input manager!
02-17 08:19:34.544 I/wm_task_removed( 1524): [60,removeChild:removeChild last r=ActivityRecord{5ef3124 u0 com.thundercomm.screensaver/android.service.dreams.DreamActivity t-1 f}} in t=Task{7d779f #60 type=dream A=10040:android:com.thundercomm.screensaver/dream U=0 visible=false mode=fullscreen translucent=true sz=0}]
02-17 08:19:34.544 I/wm_task_removed( 1524): [60,removeChild]
02-17 08:19:34.544 W/View ( 1999): requestLayout() improperly called by android.widget.FrameLayout{d368225 I.E...... ......ID 0,0-780,179 #2bc} during layout: running second layout pass
02-17 08:19:34.544 W/View ( 1999): requestLayout() improperly called by com.android.systemui.statusbar.AlphaOptimizedImageView{f2df61c VFED..C.. ......ID 0,0-140,84} during layout: running second layout pass
02-17 08:19:34.545 W/ActivityTaskManager( 1524): Can't find TaskDisplayArea to determine support for multi window. Task id=60 attached=false
02-17 08:19:34.549 W/View ( 1999): requestLayout() improperly called by android.widget.FrameLayout{d368225 I.E...... ......ID 0,0-780,179 #2bc} during second layout pass: posting in next frame
02-17 08:19:34.549 W/View ( 1999): requestLayout() improperly called by com.android.systemui.statusbar.AlphaOptimizedImageView{f2df61c VFED..C.. ......ID 0,0-140,84} during second layout pass: posting in next frame
02-17 08:19:34.560 W/View ( 1999): requestLayout() improperly called by android.widget.FrameLayout{d368225 I.E...... ......ID 0,0-780,179 #2bc} during layout: running second layout pass
02-17 08:19:34.560 W/View ( 1999): requestLayout() improperly called by com.android.systemui.statusbar.AlphaOptimizedImageView{f2df61c VFED..C.. ......ID 0,0-140,84} during layout: running second layout pass
02-17 08:19:34.562 W/View ( 1999): requestLayout() improperly called by android.widget.FrameLayout{d368225 I.E...... ......ID 0,0-780,179 #2bc} during second layout pass: posting in next frame
02-17 08:19:34.562 W/View ( 1999): requestLayout() improperly called by com.android.systemui.statusbar.AlphaOptimizedImageView{f2df61c VFED..C.. ......ID 0,0-140,84} during second layout pass: posting in next frame
02-17 08:19:34.575 W/Choreographer( 1524): Frame time is 0.201354 ms in the future! Check that graphics HAL is generating vsync timestamps using the correct timebase.
02-17 08:19:34.575 W/Choreographer( 2568): Frame time is 0.077656 ms in the future! Check that graphics HAL is generating vsync timestamps using the correct timebase.
02-17 08:19:34.577 W/View ( 1999): requestLayout() improperly called by android.widget.FrameLayout{d368225 I.E...... ......ID 0,0-780,179 #2bc} during layout: running second layout pass
02-17 08:19:34.577 W/View ( 1999): requestLayout() improperly called by com.android.systemui.statusbar.AlphaOptimizedImageView{f2df61c VFED..C.. ......ID 0,0-140,84} during layout: running second layout pass
02-17 08:19:34.579 W/View ( 1999): requestLayout() improperly called by android.widget.FrameLayout{d368225 I.E...... ......ID 0,0-780,179 #2bc} during second layout pass: posting in next frame
02-17 08:19:34.579 W/View ( 1999): requestLayout() improperly called by com.android.systemui.statusbar.AlphaOptimizedImageView{f2df61c VFED..C.. ......ID 0,0-140,84} during second layout pass: posting in next frame
02-17 08:19:34.594 W/View ( 1999): requestLayout() improperly called by android.widget.FrameLayout{d368225 I.E...... ......ID 0,0-780,179 #2bc} during layout: running second layout pass
02-17 08:19:34.594 W/View ( 1999): requestLayout() improperly called by com.android.systemui.statusbar.AlphaOptimizedImageView{f2df61c VFED..C.. ......ID 0,0-140,84} during layout: running second layout pass
02-17 08:19:34.595 W/View ( 1999): requestLayout() improperly called by android.widget.FrameLayout{d368225 I.E...... ......ID 0,0-780,179 #2bc} during second layout pass: posting in next frame
02-17 08:19:34.595 W/View ( 1999): requestLayout() improperly called by com.android.systemui.statusbar.AlphaOptimizedImageView{f2df61c VFED..C.. ......ID 0,0-140,84} during second layout pass: posting in next frame
02-17 08:19:34.610 W/View ( 1999): requestLayout() improperly called by android.widget.FrameLayout{d368225 I.E...... ......ID 0,0-780,179 #2bc} during layout: running second layout pass
02-17 08:19:34.610 W/View ( 1999): requestLayout() improperly called by com.android.systemui.statusbar.AlphaOptimizedImageView{f2df61c VFED..C.. ......ID 0,0-140,84} during layout: running second layout pass --------- beginning of kernel
01-01 12:30:14.846 E/DTC_ETH,link_delay_work_func( 0): 3003, SQI=0, link=0
02-17 08:19:34.724 I/mpu_uart( 648): [MSG-P:RECV]:No message received in 1000 ms
02-17 08:19:34.935 I/auditd ( 0): type=1400 audit(0.0:17350): avc: denied { kill } for comm="swapper/0" capability=5 scontext=u:r:kernel:s0 tcontext=u:r:kernel:s0 tclass=capability permissive=0
02-17 08:19:34.935 W/swapper/0( 0): type=1400 audit(0.0:17350): avc: denied { kill } for capability=5 scontext=u:r:kernel:s0 tcontext=u:r:kernel:s0 tclass=capability permissive=0
02-17 08:19:35.724 I/mpu_uart( 648): [MSG-P:RECV]:No message received in 1000 ms
02-17 08:19:35.935 I/auditd ( 0): type=1400 audit(0.0:17351): avc: denied { kill } for comm="swapper/0" capability=5 scontext=u:r:kernel:s0 tcontext=u:r:kernel:s0 tclass=capability permissive=0
02-17 08:19:35.935 W/swapper/0( 0): type=1400 audit(0.0:17351): avc: denied { kill } for capability=5 scontext=u:r:kernel:s0 tcontext=u:r:kernel:s0 tclass=capability permissive=0
02-17 08:19:36.084 E/tlogd ( 1294): [TzLogger](isPathReadable) file /sys/kernel/debug/tzdbg/qsee_log isn't exist or no permission, err: No such file or directory
02-17 08:19:36.084 E/tlogd ( 1294): [TzLogger](saveTzlogAsync) /sys/kernel/debug/tzdbg/qsee_log can not read.
02-17 08:19:36.084 E/tlogd ( 1294): [TzLogger](isPathReadable) file /sys/kernel/debug/tzdbg/log isn't exist or no permission, err: No such file or directory
02-17 08:19:36.084 E/tlogd ( 1294): [TzLogger](saveTzlogAsync) /sys/kernel/debug/tzdbg/log can not read.
02-17 08:19:36.227 D/RemoteControlService( 2321): startVlanDispatchThread
02-17 08:19:36.725 I/mpu_uart( 648): [MSG-P:RECV]:No message received in 1000 ms
02-17 08:19:36.935 I/auditd ( 0): type=1400 audit(0.0:17352): avc: denied { kill } for comm="swapper/0" capability=5 scontext=u:r:kernel:s0 tcontext=u:r:kernel:s0 tclass=capability permissive=0
02-17 08:19:36.935 W/swapper/0( 0): type=1400 audit(0.0:17352): avc: denied { kill } for capability=5 scontext=u:r:kernel:s0 tcontext=u:r:kernel:s0 tclass=capability permissive=0
02-17 08:19:37.426 I/mpu_uart( 648): [MSG-P:R]:recv sync frame timeout
02-17 08:19:37.725 I/mpu_uart( 648): [MSG-P:RECV]:No message received in 1000 ms
02-17 08:19:37.935 I/auditd ( 0): type=1400 audit(0.0:17353): avc: denied { kill } for comm="swapper/0" capability=5 scontext=u:r:kernel:s0 tcontext=u:r:kernel:s0 tclass=capability permissive=0
02-17 08:19:37.935 W/swapper/0( 0): type=1400 audit(0.0:17353): avc: denied { kill } for capability=5 scontext=u:r:kernel:s0 tcontext=u:r:kernel:s0 tclass=capability permissive=0
02-17 08:19:38.725 I/mpu_uart( 648): [MSG-P:RECV]:No message received in 1000 ms
02-17 08:19:38.935 I/auditd ( 0): type=1400 audit(0.0:17354): avc: denied { kill } for comm="swapper/0" capability=5 scontext=u:r:kernel:s0 tcontext=u:r:kernel:s0 tclass=capability permissive=0
02-17 08:19:38.935 W/swapper/0( 0): type=1400 audit(0.0:17354): avc: denied { kill } for capability=5 scontext=u:r:kernel:s0 tcontext=u:r:kernel:s0 tclass=capability permissive=0
02-17 08:19:39.725 I/mpu_uart( 648): [MSG-P:RECV]:No message received in 1000 ms
01-01 12:30:19.965 E/DTC_ETH,link_delay_work_func( 0): 3003, SQI=0, link=0
02-17 08:19:39.939 I/auditd ( 0): type=1400 audit(0.0:17355): avc: denied { kill } for comm="swapper/0" capability=5 scontext=u:r:kernel:s0 tcontext=u:r:kernel:s0 tclass=capability permissive=0
02-17 08:19:39.939 W/swapper/0( 0): type=1400 audit(0.0:17355): avc: denied { kill } for capability=5 scontext=u:r:kernel:s0 tcontext=u:r:kernel:s0 tclass=capability permissive=0
02-17 08:19:40.430 I/mpu_uart( 648): [MSG-P:R]:recv sync frame timeout
02-17 08:19:40.726 I/mpu_uart( 648): [MSG-P:RECV]:No message received in 1000 ms
02-17 08:19:40.935 I/auditd ( 0): type=1400 audit(0.0:17356): avc: denied { kill } for comm="swapper/0" capability=5 scontext=u:r:kernel:s0 tcontext=u:r:kernel:s0 tclass=capability permissive=0
02-17 08:19:40.935 W/swapper/0( 0): type=1400 audit(0.0:17356): avc: denied { kill } for capability=5 scontext=u:r:kernel:s0 tcontext=u:r:kernel:s0 tclass=capability permissive=0
02-17 08:19:41.085 E/tlogd ( 1294): [TzLogger](isPathReadable) file /sys/kernel/debug/tzdbg/qsee_log isn't exist or no permission, err: No such file or directory
02-17 08:19:41.085 E/tlogd ( 1294): [TzLogger](saveTzlogAsync) /sys/kernel/debug/tzdbg/qsee_log can not read.
02-17 08:19:41.085 E/tlogd ( 1294): [TzLogger](isPathReadable) file /sys/kernel/debug/tzdbg/log isn't exist or no permission, err: No such file or directory
02-17 08:19:41.085 E/tlogd ( 1294): [TzLogger](saveTzlogAsync) /sys/kernel/debug/tzdbg/log can not read.
02-17 08:19:41.236 D/RemoteControlService( 2321): startVlanDispatchThread
02-17 08:19:41.726 I/mpu_uart( 648): [MSG-P:RECV]:No message received in 1000 ms
02-17 08:19:41.939 I/auditd ( 0): type=1400 audit(0.0:17357): avc: denied { kill } for comm="swapper/0" capability=5 scontext=u:r:kernel:s0 tcontext=u:r:kernel:s0 tclass=capability permissive=0
02-17 08:19:41.939 W/swapper/0( 0): type=1400 audit(0.0:17357): avc: denied { kill } for capability=5 scontext=u:r:kernel:s0 tcontext=u:r:kernel:s0 tclass=capability permissive=0
02-17 08:19:42.580 D/TlogClient_LogCollectService( 2199): === START to package logs ===
02-17 08:19:42.591 D/TlogClient_LogCollectService( 2199): mCommand: [/system/bin/sh, /data/user_de/0/com.tc.logclient/files/package_log.sh, 002, 0010, 0]
02-17 08:19:42.726 I/mpu_uart( 648): [MSG-P:RECV]:No message received in 1000 ms
01-01 12:30:23.010 I/init ( 0): Untracked pid 14929 exited with status 0
02-17 08:19:42.939 I/auditd ( 0): type=1400 audit(0.0:17358): avc: denied { kill } for comm="swapper/0" capability=5 scontext=u:r:kernel:s0 tcontext=u:r:kernel:s0 tclass=capability permissive=0
02-17 08:19:42.939 W/swapper/0( 0): type=1400 audit(0.0:17358): avc: denied { kill } for capability=5 scontext=u:r:kernel:s0 tcontext=u:r:kernel:s0 tclass=capability permissive=0
02-17 08:19:43.433 I/mpu_uart( 648): [MSG-P:R]:recv sync frame timeout
02-17 08:19:43.726 I/mpu_uart( 648): [MSG-P:RECV]:No message received in 1000 ms
02-17 08:19:43.987 I/auditd (14936): type=1400 audit(0.0:17359): avc: denied { read } for comm="ls" name="/" dev="dm-5" ino=2 scontext=u:r:system_app:s0 tcontext=u:object_r:rootfs:s0 tclass=dir permissive=0
02-17 08:19:43.987 W/ls (14936): type=1400 audit(0.0:17359): avc: denied { read } for name="/" dev="dm-5" ino=2 scontext=u:r:system_app:s0 tcontext=u:object_r:rootfs:s0 tclass=dir permissive=0
02-17 08:19:44.031 I/auditd (14939): type=1400 audit(0.0:17360): avc: denied { read } for comm="ls" name="/" dev="dm-5" ino=2 scontext=u:r:system_app:s0 tcontext=u:object_r:rootfs:s0 tclass=dir permissive=0
02-17 08:19:44.031 W/ls (14939): type=1400 audit(0.0:17360): avc: denied { read } for name="/" dev="dm-5" ino=2 scontext=u:r:system_app:s0 tcontext=u:object_r:rootfs:s0 tclass=dir permissive=0
02-17 08:19:44.155 I/auditd (14945): type=1400 audit(0.0:17361): avc: denied { read } for comm="ls" name="/" dev="dm-5" ino=2 scontext=u:r:system_app:s0 tcontext=u:object_r:rootfs:s0 tclass=dir permissive=0
02-17 08:19:44.155 W/ls (14945): type=1400 audit(0.0:17361): avc: denied { read } for name="/" dev="dm-5" ino=2 scontext=u:r:system_app:s0 tcontext=u:object_r:rootfs:s0 tclass=dir permissive=0
02-17 08:19:44.200 D/TlogClient_LogCollectService( 2199): === FINISH to package logs ===
02-17 08:19:44.301 D/ActivityManager( 1524): freezing 14629 com.android.calendar
02-17 08:19:44.301 E/ActivityManager( 1524): Unable to freeze binder for 14629 com.android.calendar
01-01 12:30:24.447 I/binder ( 0): 1524:1735 ioctl 400c620e 7a5c9705d8 returned -22
01-01 12:30:24.449 I/binder ( 0): 1524:1735 ioctl c00c620f 7a5c9705b8 returned -22
02-17 08:19:44.302 D/ActivityManager( 1524): froze 14629 com.android.calendar
02-17 08:19:44.302 I/am_freeze( 1524): [14629,com.android.calendar]
02-17 08:19:44.303 E/ActivityManager( 1524): Unable to freeze binder for 14629 com.android.calendar
01-01 12:30:24.452 I/binder ( 0): 1524:1735 ioctl 400c620e 7a5c9705d8 returned -22
02-17 08:19:44.305 D/ActivityManager( 1524): freezing 14632 com.android.deskclock
02-17 08:19:44.306 E/ActivityManager( 1524): Unable to freeze binder for 14632 com.android.deskclock
02-17 08:19:44.306 D/ActivityManager( 1524): froze 14632 com.android.deskclock
02-17 08:19:44.306 I/am_freeze( 1524): [14632,com.android.deskclock]
02-17 08:19:44.307 E/ActivityManager( 1524): Unable to freeze binder for 14632 com.android.deskclock
02-17 08:19:44.308 I/ActivityManager( 1524): Killing 14629:com.android.calendar/u0a63 (adj 935): Unable to freeze binder interface
02-17 08:19:44.308 I/am_kill ( 1524): [0,14629,com.android.calendar,935,Unable to freeze binder interface]
02-17 08:19:44.311 I/ActivityManager( 1524): Killing 14632:com.android.deskclock/u0a67 (adj 925): Unable to freeze binder interface
02-17 08:19:44.311 I/am_kill ( 1524): [0,14632,com.android.deskclock,925,Unable to freeze binder interface]
02-17 08:19:44.315 I/libprocessgroup( 1524): Successfully killed process cgroup uid 10063 pid 14629 in 5ms
01-01 12:30:24.453 I/binder ( 0): 1524:1735 ioctl c00c620f 7a5c9705b8 returned -22
02-17 08:19:44.348 I/am_proc_died( 1524): [0,14629,com.android.calendar,935,19]
02-17 08:19:44.349 I/am_uid_stopped( 1524): 10063
02-17 08:19:44.349 I/Zygote ( 669): Process 14629 exited due to signal 9 (Killed)
02-17 08:19:44.349 I/Zygote ( 669): Process 14632 exited due to signal 9 (Killed)
02-17 08:19:44.351 I/am_proc_died( 1524): [0,14632,com.android.deskclock,925,19]
02-17 08:19:44.351 I/libprocessgroup( 1524): Successfully killed process cgroup uid 10067 pid 14632 in 0ms
02-17 08:19:44.351 I/am_uid_stopped( 1524): 10067
02-17 08:19:44.727 I/mpu_uart( 648): [MSG-P:RECV]:No message received in 1000 ms
02-17 08:19:44.935 I/auditd ( 0): type=1400 audit(0.0:17362): avc: denied { kill } for comm="swapper/0" capability=5 scontext=u:r:kernel:s0 tcontext=u:r:kernel:s0 tclass=capability permissive=0
02-17 08:19:44.935 W/swapper/0( 0): type=1400 audit(0.0:17362): avc: denied { kill } for capability=5 scontext=u:r:kernel:s0 tcontext=u:r:kernel:s0 tclass=capability permissive=0
01-01 12:30:25.085 E/DTC_ETH,link_delay_work_func( 0): 3003, SQI=0, link=0
02-17 08:19:45.727 I/mpu_uart( 648): [MSG-P:RECV]:No message received in 1000 ms
02-17 08:19:45.939 I/auditd ( 0): type=1400 audit(0.0:17363): avc: denied { kill } for comm="swapper/0" capability=5 scontext=u:r:kernel:s0 tcontext=u:r:kernel:s0 tclass=capability permissive=0
02-17 08:19:45.939 W/swapper/0( 0): type=1400 audit(0.0:17363): avc: denied { kill } for capability=5 scontext=u:r:kernel:s0 tcontext=u:r:kernel:s0 tclass=capability permissive=0
02-17 08:19:46.085 E/tlogd ( 1294): [TzLogger](isPathReadable) file /sys/kernel/debug/tzdbg/qsee_log isn't exist or no permission, err: No such file or directory
02-17 08:19:46.085 E/tlogd ( 1294): [TzLogger](saveTzlogAsync) /sys/kernel/debug/tzdbg/qsee_log can not read.
02-17 08:19:46.086 E/tlogd ( 1294): [TzLogger](isPathReadable) file /sys/kernel/debug/tzdbg/log isn't exist or no permission, err: No such file or directory
02-17 08:19:46.086 E/tlogd ( 1294): [TzLogger](saveTzlogAsync) /sys/kernel/debug/tzdbg/log can not read.
02-17 08:19:46.247 D/RemoteControlService( 2321): startVlanDispatchThread
02-17 08:19:46.436 I/mpu_uart( 648): [MSG-P:R]:recv sync frame timeout
02-17 08:19:46.727 I/mpu_uart( 648): [MSG-P:RECV]:No message received in 1000 ms
02-17 08:19:46.935 I/auditd ( 0): type=1400 audit(0.0:17364): avc: denied { kill } for comm="swapper/0" capability=5 scontext=u:r:kernel:s0 tcontext=u:r:kernel:s0 tclass=capability permissive=0
02-17 08:19:46.935 W/swapper/0( 0): type=1400 audit(0.0:17364): avc: denied { kill } for capability=5 scontext=u:r:kernel:s0 tcontext=u:r:kernel:s0 tclass=capability permissive=0
02-17 08:19:47.727 I/mpu_uart( 648): [MSG-P:RECV]:No message received in 1000 ms
01-01 12:30:27.878 I/logd ( 0): logdr: UID=2000 GID=2000 PID=14952 b tail=0 logMask=bf pid=0 start=0ns deadline=0ns
02-17 08:19:47.935 I/auditd ( 0): type=1400 audit(0.0:17365): avc: denied { kill } for comm="swapper/0" capability=5 scontext=u:r:kernel:s0 tcontext=u:r:kernel:s0 tclass=capability permissive=0
02-17 08:19:47.935 W/swapper/0( 0): type=1400 audit(0.0:17365): avc: denied { kill } for capability=5 scontext=u:r:kernel:s0 tcontext=u:r:kernel:s0 tclass=capability permissive=0
02-17 08:19:48.727 I/mpu_uart( 648): [MSG-P:RECV]:No message received in 1000 ms
02-17 08:19:48.935 I/auditd ( 0): type=1400 audit(0.0:17366): avc: denied { kill } for comm="swapper/0" capability=5 scontext=u:r:kernel:s0 tcontext=u:r:kernel:s0 tclass=capability permissive=0
02-17 08:19:48.935 W/swapper/0( 0): type=1400 audit(0.0:17366): avc: denied { kill } for capability=5 scontext=u:r:kernel:s0 tcontext=u:r:kernel:s0 tclass=capability permissive=0
02-17 08:19:49.133 I/input_interaction( 1524): Interaction with: d4326e3 StatusBar (server), edge-swipe (server), swipe-up (server), PointerEventDispatcher0 (server),
02-17 08:19:49.139 I/sysui_multi_action( 1999): [757,803,799,panel_open,802,1]
02-17 08:19:49.140 I/sysui_multi_action( 1999): [757,1328,758,4,1326,50,1327,3,1329,0]
02-17 08:19:49.183 D/StatusBar( 1999): disable disable2
02-17 08:19:49.183 I/sysui_multi_action( 1524): [757,127,758,1]
02-17 08:19:49.183 I/sysui_multi_action( 1524): [757,804,799,note_load,801,4,802,1]
02-17 08:19:49.184 I/notification_panel_revealed( 1524): 4
02-17 08:19:49.197 I/input_focus( 1524): [Focus request febc086 NotificationShade,reason=UpdateInputWindows]
02-17 08:19:49.205 I/sysui_multi_action( 1524): [757,128,758,1,793,15013816,794,0,795,15013816,796,26,798,0,806,android,857,DEVELOPER_IMPORTANT,858,4,947,0,1395,4,1500,15013609,1688,1]
02-17 08:19:49.205 W/View ( 1999): requestLayout() improperly called by android.widget.FrameLayout{d368225 I.E...... ......ID 0,0-780,179 #2bc} during second layout pass: posting in next frame
02-17 08:19:49.205 W/View ( 1999): requestLayout() improperly called by com.android.systemui.statusbar.AlphaOptimizedImageView{f2df61c VFED..C.. ......ID 0,0-140,84} during second layout pass: posting in next frame
02-17 08:19:49.205 I/sysui_multi_action( 1524): [757,804,799,note_freshness,801,15013816,802,1]
02-17 08:19:49.205 I/notification_visibility( 1524): [-1|android|26|null|1000,1,15013816,15013816,0,0]
02-17 08:19:49.206 I/sysui_multi_action( 1524): [757,128,758,1,793,15042049,794,0,795,1917017,796,17303299,797,com.android.wifi,798,2,806,android,857,NETWORK_AVAILABLE,858,2,947,0,1395,4,1500,240118,1688,1]
02-17 08:19:49.206 I/sysui_multi_action( 1524): [757,1501,758,1,793,15042049,794,0,795,1917017,796,17303299,797,com.android.wifi,806,android,857,NETWORK_AVAILABLE,858,2,947,0,1500,0,1688,1]
02-17 08:19:49.206 I/sysui_multi_action( 1524): [757,804,799,note_interruptive,801,0,802,1]
02-17 08:19:49.206 I/sysui_multi_action( 1524): [757,804,799,note_freshness,801,1917017,802,1]
02-17 08:19:49.206 I/notification_visibility( 1524): [0|android|17303299|com.android.wifi|1000,1,15042049,1917017,0,2]
02-17 08:19:49.206 I/sysui_multi_action( 1524): [757,128,758,1,793,246740,794,0,795,246740,796,4273,798,1,806,com.android.systemui,857,screen_record,858,3,947,0,1395,4,1500,246536,1688,1,1745,680407814]
02-17 08:19:49.206 I/sysui_multi_action( 1524): [757,804,799,note_freshness,801,246740,802,1]
02-17 08:19:49.207 I/notification_visibility( 1524): [0|com.android.systemui|4273|null|10080,1,246740,246740,0,1]
02-17 08:19:49.207 I/sysui_multi_action( 1524): [757,128,758,1,793,16215752,794,0,795,16215752,796,32,798,3,806,android,857,USB,858,1,947,0,1395,4,1500,16215320,1688,1]
02-17 08:19:49.207 I/sysui_multi_action( 1524): [757,804,799,note_freshness,801,16215752,802,1]
02-17 08:19:49.207 I/notification_visibility( 1524): [-1|android|32|null|1000,1,16215752,16215752,0,3]
02-17 08:19:49.207 W/View ( 1999): requestLayout() improperly called by android.widget.FrameLayout{d368225 I.E...... ......ID 0,0-780,179 #2bc} during layout: running second layout pass
02-17 08:19:49.207 W/View ( 1999): requestLayout() improperly called by com.android.systemui.statusbar.AlphaOptimizedImageView{f2df61c VFED..C.. ......ID 0,0-140,84} during layout: running second layout pass
02-17 08:19:49.214 I/input_focus( 1524): [Focus leaving 321be4b com.android.launcher3/com.android.launcher3.uioverrides.QuickstepLauncher (server),reason=setFocusedWindow]
02-17 08:19:49.214 I/input_focus( 1524): [Focus entering febc086 NotificationShade (server),reason=setFocusedWindow]
02-17 08:19:49.218 W/View ( 1999): requestLayout() improperly called by android.widget.FrameLayout{d368225 I.E...... ......ID 0,0-780,179 #2bc} during second layout pass: posting in next frame
02-17 08:19:49.218 W/View ( 1999): requestLayout() improperly called by com.android.systemui.statusbar.AlphaOptimizedImageView{f2df61c VFED..C.. ......ID 0,0-140,84} during second layout pass: posting in next frame
02-17 08:19:49.221 I/OpenGLRenderer( 1999): Davey! duration=9223355809911ms; Flags=0, FrameTimelineVsyncId=248314, IntendedVsync=16226943157998, Vsync=16226943157998, InputEventId=0, HandleInputStart=16226955146152, AnimationStart=16226955990995, PerformTraversalsStart=16226956250631, DrawStart=16226958008443, FrameDeadline=16226976491330, FrameInterval=16226955142454, FrameStartTime=16666666, SyncQueued=16226958171152, SyncStart=16226958236308, IssueDrawCommandsStart=16226958429798, SwapBuffers=16226959168548, FrameCompleted=9223372036854775807, DequeueBufferDuration=13541, QueueBufferDuration=524687, GpuCompleted=9223372036854775807, SwapBuffersCompleted=16226959980266, DisplayPresentTime=0,
02-17 08:19:49.228 W/View ( 1999): requestLayout() improperly called by android.widget.FrameLayout{d368225 I.E...... ......ID 0,0-780,179 #2bc} during layout: running second layout pass
02-17 08:19:49.228 W/View ( 1999): requestLayout() improperly called by com.android.systemui.statusbar.AlphaOptimizedImageView{f2df61c VFED..C.. ......ID 0,0-140,84} during layout: running second layout pass
02-17 08:19:49.244 I/sysui_multi_action( 1999): [757,111,758,1]
02-17 08:19:49.245 I/sysui_multi_action( 1999): [757,126,758,1,759,126,927,0,928,1,1593,0]
02-17 08:19:49.245 I/sysui_multi_action( 1999): [757,113,758,1,759,113,927,1,928,1,1593,0]
02-17 08:19:49.245 I/sysui_multi_action( 1999): [757,0,758,1,759,0,927,2,928,0,1593,0]
02-17 08:19:49.245 I/sysui_multi_action( 1999): [757,0,758,1,759,0,927,3,928,0,1593,0]
02-17 08:19:49.245 I/sysui_multi_action( 1999): [757,491,758,1,759,491,927,4,928,0,1311,-1,1593,0]
02-17 08:19:49.245 I/sysui_multi_action( 1999): [757,0,758,1,759,0,927,5,928,0,1593,0]
02-17 08:19:49.245 I/sysui_multi_action( 1999): [757,111,758,1]
02-17 08:19:49.246 I/sysui_multi_action( 1999): [757,126,758,1,759,126,927,0,928,1,1593,0]
02-17 08:19:49.246 I/sysui_multi_action( 1999): [757,113,758,1,759,113,927,1,928,1,1593,0]
02-17 08:19:49.246 I/sysui_multi_action( 1999): [757,0,758,1,759,0,927,2,928,0,1593,0]
02-17 08:19:49.246 I/sysui_multi_action( 1999): [757,0,758,1,759,0,927,3,928,0,1593,0]
02-17 08:19:49.254 W/View ( 1999): requestLayout() improperly called by android.widget.FrameLayout{d368225 I.E...... ......ID 0,0-780,179 #2bc} during second layout pass: posting in next frame
02-17 08:19:49.254 W/View ( 1999): requestLayout() improperly called by com.android.systemui.statusbar.AlphaOptimizedImageView{f2df61c VFED..C.. ......ID 0,0-140,84} during second layout pass: posting in next frame
02-17 08:19:49.263 W/View ( 1999): requestLayout() improperly called by android.widget.FrameLayout{d368225 I.E...... ......ID 0,0-780,179 #2bc} during layout: running second layout pass
02-17 08:19:49.263 W/View ( 1999): requestLayout() improperly called by com.android.systemui.statusbar.AlphaOptimizedImageView{f2df61c VFED..C.. ......ID 0,0-140,84} during layout: running second layout pass
02-17 08:19:49.281 W/View ( 1999): requestLayout() improperly called by android.widget.FrameLayout{d368225 I.E...... ......ID 0,0-780,179 #2bc} during second layout pass: posting in next frame
02-17 08:19:49.281 W/View ( 1999): requestLayout() improperly called by com.android.systemui.statusbar.AlphaOptimizedImageView{f2df61c VFED..C.. ......ID 0,0-140,84} during second layout pass: posting in next frame
02-17 08:19:49.296 W/View ( 1999): requestLayout() improperly called by android.widget.FrameLayout{d368225 I.E...... ......ID 0,0-780,179 #2bc} during layout: running second layout pass
02-17 08:19:49.296 W/View ( 1999): requestLayout() improperly called by com.android.systemui.statusbar.AlphaOptimizedImageView{f2df61c VFED..C.. ......ID 0,0-140,84} during layout: running second layout pass
02-17 08:19:49.315 W/View ( 1999): requestLayout() improperly called by android.widget.FrameLayout{d368225 I.E...... ......ID 0,0-780,179 #2bc} during second layout pass: posting in next frame
02-17 08:19:49.315 W/View ( 1999): requestLayout() improperly called by com.android.systemui.statusbar.AlphaOptimizedImageView{f2df61c VFED..C.. ......ID 0,0-140,84} during second layout pass: posting in next frame
02-17 08:19:49.329 W/View ( 1999): requestLayout() improperly called by android.widget.FrameLayout{d368225 I.E...... ......ID 0,0-780,179 #2bc} during layout: running second layout pass
02-17 08:19:49.330 W/View ( 1999): requestLayout() improperly called by com.android.systemui.statusbar.AlphaOptimizedImageView{f2df61c VFED..C.. ......ID 0,0-140,84} during layout: running second layout pass
02-17 08:19:49.349 W/View ( 1999): requestLayout() improperly called by android.widget.FrameLayout{d368225 I.E...... ......ID 0,0-780,179 #2bc} during second layout pass: posting in next frame
02-17 08:19:49.349 W/View ( 1999): requestLayout() improperly called by com.android.systemui.statusbar.AlphaOptimizedImageView{f2df61c VFED..C.. ......ID 0,0-140,84} during second layout pass: posting in next frame
02-17 08:19:49.363 W/View ( 1999): requestLayout() improperly called by android.widget.FrameLayout{d368225 I.E...... ......ID 0,0-780,179 #2bc} during layout: running second layout pass
02-17 08:19:49.363 W/View ( 1999): requestLayout() improperly called by com.android.systemui.statusbar.AlphaOptimizedImageView{f2df61c VFED..C.. ......ID 0,0-140,84} during layout: running second layout pass
02-17 08:19:49.379 W/View ( 1999): requestLayout() improperly called by android.widget.FrameLayout{d368225 I.E...... ......ID 0,0-780,179 #2bc} during second layout pass: posting in next frame
02-17 08:19:49.379 W/View ( 1999): requestLayout() improperly called by com.android.systemui.statusbar.AlphaOptimizedImageView{f2df61c VFED..C.. ......ID 0,0-140,84} during second layout pass: posting in next frame
02-17 08:19:49.396 W/View ( 1999): requestLayout() improperly called by android.widget.FrameLayout{d368225 I.E...... ......ID 0,0-780,179 #2bc} during layout: running second layout pass
02-17 08:19:49.396 W/View ( 1999): requestLayout() improperly called by com.android.systemui.statusbar.AlphaOptimizedImageView{f2df61c VFED..C.. ......ID 0,0-140,84} during layout: running second layout pass
02-17 08:19:49.413 W/View ( 1999): requestLayout() improperly called by android.widget.FrameLayout{d368225 I.E...... ......ID 0,0-780,179 #2bc} during second layout pass: posting in next frame
02-17 08:19:49.413 W/View ( 1999): requestLayout() improperly called by com.android.systemui.statusbar.AlphaOptimizedImageView{f2df61c VFED..C.. ......ID 0,0-140,84} during second layout pass: posting in next frame
02-17 08:19:49.429 W/View ( 1999): requestLayout() improperly called by android.widget.FrameLayout{d368225 I.E...... ......ID 0,0-780,179 #2bc} during layout: running second layout pass
02-17 08:19:49.429 W/View ( 1999): requestLayout() improperly called by com.android.systemui.statusbar.AlphaOptimizedImageView{f2df61c VFED..C.. ......ID 0,0-140,84} during layout: running second layout pass
02-17 08:19:49.439 I/mpu_uart( 648): [MSG-P:R]:recv sync frame timeout
02-17 08:19:49.445 W/View ( 1999): requestLayout() improperly called by android.widget.FrameLayout{d368225 I.E...... ......ID 0,0-780,179 #2bc} during second layout pass: posting in next frame
02-17 08:19:49.445 W/View ( 1999): requestLayout() improperly called by com.android.systemui.statusbar.AlphaOptimizedImageView{f2df61c VFED..C.. ......ID 0,0-140,84} during second layout pass: posting in next frame
02-17 08:19:49.465 W/View ( 1999): requestLayout() improperly called by android.widget.FrameLayout{d368225 I.E...... ......ID 0,0-780,179 #2bc} during layout: running second layout pass
02-17 08:19:49.465 W/View ( 1999): requestLayout() improperly called by com.android.systemui.statusbar.AlphaOptimizedImageView{f2df61c VFED..C.. ......ID 0,0-140,84} during layout: running second layout pass
02-17 08:19:49.480 W/View ( 1999): requestLayout() improperly called by android.widget.FrameLayout{d368225 I.E...... ......ID 0,0-780,179 #2bc} during second layout pass: posting in next frame
02-17 08:19:49.480 W/View ( 1999): requestLayout() improperly called by com.android.systemui.statusbar.AlphaOptimizedImageView{f2df61c VFED..C.. ......ID 0,0-140,84} during second layout pass: posting in next frame
02-17 08:19:49.498 W/View ( 1999): requestLayout() improperly called by android.widget.FrameLayout{d368225 I.E...... ......ID 0,0-780,179 #2bc} during layout: running second layout pass
02-17 08:19:49.498 W/View ( 1999): requestLayout() improperly called by com.android.systemui.statusbar.AlphaOptimizedImageView{f2df61c VFED..C.. ......ID 0,0-140,84} during layout: running second layout pass
02-17 08:19:49.513 W/View ( 1999): requestLayout() improperly called by android.widget.FrameLayout{d368225 I.E...... ......ID 0,0-780,179 #2bc} during second layout pass: posting in next frame
02-17 08:19:49.513 W/View ( 1999): requestLayout() improperly called by com.android.systemui.statusbar.AlphaOptimizedImageView{f2df61c VFED..C.. ......ID 0,0-140,84} during second layout pass: posting in next frame
02-17 08:19:49.530 W/View ( 1999): requestLayout() improperly called by android.widget.FrameLayout{d368225 I.E...... ......ID 0,0-780,179 #2bc} during layout: running second layout pass
02-17 08:19:49.530 W/View ( 1999): requestLayout() improperly called by com.android.systemui.statusbar.AlphaOptimizedImageView{f2df61c VFED..C.. ......ID 0,0-140,84} during layout: running second layout pass
02-17 08:19:49.546 W/View ( 1999): requestLayout() improperly called by android.widget.FrameLayout{d368225 I.E...... ......ID 0,0-780,179 #2bc} during second layout pass: posting in next frame
02-17 08:19:49.546 W/View ( 1999): requestLayout() improperly called by com.android.systemui.statusbar.AlphaOptimizedImageView{f2df61c VFED..C.. ......ID 0,0-140,84} during second layout pass: posting in next frame
02-17 08:19:49.565 W/View ( 1999): requestLayout() improperly called by android.widget.FrameLayout{d368225 I.E...... ......ID 0,0-780,179 #2bc} during layout: running second layout pass
02-17 08:19:49.565 W/View ( 1999): requestLayout() improperly called by com.android.systemui.statusbar.AlphaOptimizedImageView{f2df61c VFED..C.. ......ID 0,0-140,84} during layout: running second layout pass
02-17 08:19:49.580 W/View ( 1999): requestLayout() improperly called by android.widget.FrameLayout{d368225 I.E...... ......ID 0,0-780,179 #2bc} during second layout pass: posting in next frame
02-17 08:19:49.580 W/View ( 1999): requestLayout() improperly called by com.android.systemui.statusbar.AlphaOptimizedImageView{f2df61c VFED..C.. ......ID 0,0-140,84} during second layout pass: posting in next frame
02-17 08:19:49.597 W/View ( 1999): requestLayout() improperly called by android.widget.FrameLayout{d368225 I.E...... ......ID 0,0-780,179 #2bc} during layout: running second layout pass
02-17 08:19:49.598 W/View ( 1999): requestLayout() improperly called by com.android.systemui.statusbar.AlphaOptimizedImageView{f2df61c VFED..C.. ......ID 0,0-140,84} during layout: running second layout pass
02-17 08:19:49.613 W/View ( 1999): requestLayout() improperly called by android.widget.FrameLayout{d368225 I.E...... ......ID 0,0-780,179 #2bc} during second layout pass: posting in next frame
02-17 08:19:49.613 W/View ( 1999): requestLayout() improperly called by com.android.systemui.statusbar.AlphaOptimizedImageView{f2df61c VFED..C.. ......ID 0,0-140,84} during second layout pass: posting in next frame
02-17 08:19:49.630 W/View ( 1999): requestLayout() improperly called by android.widget.FrameLayout{d368225 I.E...... ......ID 0,0-780,179 #2bc} during layout: running second layout pass
02-17 08:19:49.630 W/View ( 1999): requestLayout() improperly called by com.android.systemui.statusbar.AlphaOptimizedImageView{f2df61c VFED..C.. ......ID 0,0-140,84} during layout: running second layout pass
02-17 08:19:49.646 W/View ( 1999): requestLayout() improperly called by android.widget.FrameLayout{d368225 I.E...... ......ID 0,0-780,179 #2bc} during second layout pass: posting in next frame
02-17 08:19:49.646 W/View ( 1999): requestLayout() improperly called by com.android.systemui.statusbar.AlphaOptimizedImageView{f2df61c VFED..C.. ......ID 0,0-140,84} during second layout pass: posting in next frame
02-17 08:19:49.663 W/View ( 1999): requestLayout() improperly called by android.widget.FrameLayout{d368225 I.E...... ......ID 0,0-780,179 #2bc} during layout: running second layout pass
02-17 08:19:49.663 W/View ( 1999): requestLayout() improperly called by com.android.systemui.statusbar.AlphaOptimizedImageView{f2df61c VFED..C.. ......ID 0,0-140,84} during layout: running second layout pass
02-17 08:19:49.679 W/View ( 1999): requestLayout() improperly called by android.widget.FrameLayout{d368225 I.E...... ......ID 0,0-780,179 #2bc} during second layout pass: posting in next frame
02-17 08:19:49.679 W/View ( 1999): requestLayout() improperly called by com.android.systemui.statusbar.AlphaOptimizedImageView{f2df61c VFED..C.. ......ID 0,0-140,84} during second layout pass: posting in next frame
02-17 08:19:49.698 W/View ( 1999): requestLayout() improperly called by android.widget.FrameLayout{d368225 I.E...... ......ID 0,0-780,179 #2bc} during layout: running second layout pass
02-17 08:19:49.698 W/View ( 1999): requestLayout() improperly called by com.android.systemui.statusbar.AlphaOptimizedImageView{f2df61c VFED..C.. ......ID 0,0-140,84} during layout: running second layout pass
02-17 08:19:49.713 W/View ( 1999): requestLayout() improperly called by android.widget.FrameLayout{d368225 I.E...... ......ID 0,0-780,179 #2bc} during second layout pass: posting in next frame
02-17 08:19:49.713 W/View ( 1999): requestLayout() improperly called by com.android.systemui.statusbar.AlphaOptimizedImageView{f2df61c VFED..C.. ......ID 0,0-140,84} during second layout pass: posting in next frame
02-17 08:19:49.728 I/mpu_uart( 648): [MSG-P:RECV]:No message received in 1000 ms
02-17 08:19:49.732 W/View ( 1999): requestLayout() improperly called by android.widget.FrameLayout{d368225 I.E...... ......ID 0,0-780,179 #2bc} during layout: running second layout pass
02-17 08:19:49.732 W/View ( 1999): requestLayout() improperly called by com.android.systemui.statusbar.AlphaOptimizedImageView{f2df61c VFED..C.. ......ID 0,0-140,84} during layout: running second layout pass
02-17 08:19:49.747 W/View ( 1999): requestLayout() improperly called by android.widget.FrameLayout{d368225 I.E...... ......ID 0,0-780,179 #2bc} during second layout pass: posting in next frame
02-17 08:19:49.747 W/View ( 1999): requestLayout() improperly called by com.android.systemui.statusbar.AlphaOptimizedImageView{f2df61c VFED..C.. ......ID 0,0-140,84} during second layout pass: posting in next frame
02-17 08:19:49.765 W/View ( 1999): requestLayout() improperly called by android.widget.FrameLayout{d368225 I.E...... ......ID 0,0-780,179 #2bc} during layout: running second layout pass
02-17 08:19:49.765 W/View ( 1999): requestLayout() improperly called by com.android.systemui.statusbar.AlphaOptimizedImageView{f2df61c VFED..C.. ......ID 0,0-140,84} during layout: running second layout pass
02-17 08:19:49.780 W/View ( 1999): requestLayout() improperly called by android.widget.FrameLayout{d368225 I.E...... ......ID 0,0-780,179 #2bc} during second layout pass: posting in next frame
02-17 08:19:49.780 W/View ( 1999): requestLayout() improperly called by com.android.systemui.statusbar.AlphaOptimizedImageView{f2df61c VFED..C.. ......ID 0,0-140,84} during second layout pass: posting in next frame
02-17 08:19:49.798 W/View ( 1999): requestLayout() improperly called by android.widget.FrameLayout{d368225 I.E...... ......ID 0,0-780,179 #2bc} during layout: running second layout pass
02-17 08:19:49.798 W/View ( 1999): requestLayout() improperly called by com.android.systemui.statusbar.AlphaOptimizedImageView{f2df61c VFED..C.. ......ID 0,0-140,84} during layout: running second layout pass
02-17 08:19:49.814 W/View ( 1999): requestLayout() improperly called by android.widget.FrameLayout{d368225 I.E...... ......ID 0,0-780,179 #2bc} during second layout pass: posting in next frame
02-17 08:19:49.814 W/View ( 1999): requestLayout() improperly called by com.android.systemui.statusbar.AlphaOptimizedImageView{f2df61c VFED..C.. ......ID 0,0-140,84} during second layout pass: posting in next frame
02-17 08:19:49.832 W/View ( 1999): requestLayout() improperly called by android.widget.FrameLayout{d368225 I.E...... ......ID 0,0-780,179 #2bc} during layout: running second layout pass
02-17 08:19:49.832 W/View ( 1999): requestLayout() improperly called by com.android.systemui.statusbar.AlphaOptimizedImageView{f2df61c VFED..C.. ......ID 0,0-140,84} during layout: running second layout pass
02-17 08:19:49.847 W/View ( 1999): requestLayout() improperly called by android.widget.FrameLayout{d368225 I.E...... ......ID 0,0-780,179 #2bc} during second layout pass: posting in next frame
02-17 08:19:49.847 W/View ( 1999): requestLayout() improperly called by com.android.systemui.statusbar.AlphaOptimizedImageView{f2df61c VFED..C.. ......ID 0,0-140,84} during second layout pass: posting in next frame
02-17 08:19:49.864 W/View ( 1999): requestLayout() improperly called by android.widget.FrameLayout{d368225 I.E...... ......ID 0,0-780,179 #2bc} during layout: running second layout pass
02-17 08:19:49.864 W/View ( 1999): requestLayout() improperly called by com.android.systemui.statusbar.AlphaOptimizedImageView{f2df61c VFED..C.. ......ID 0,0-140,84} during layout: running second layout pass
02-17 08:19:49.880 W/View ( 1999): requestLayout() improperly called by android.widget.FrameLayout{d368225 I.E...... ......ID 0,0-780,179 #2bc} during second layout pass: posting in next frame
02-17 08:19:49.880 W/View ( 1999): requestLayout() improperly called by com.android.systemui.statusbar.AlphaOptimizedImageView{f2df61c VFED..C.. ......ID 0,0-140,84} during second layout pass: posting in next frame
02-17 08:19:49.898 W/View ( 1999): requestLayout() improperly called by android.widget.FrameLayout{d368225 I.E...... ......ID 0,0-780,179 #2bc} during layout: running second layout pass
02-17 08:19:49.898 W/View ( 1999): requestLayout() improperly called by com.android.systemui.statusbar.AlphaOptimizedImageView{f2df61c VFED..C.. ......ID 0,0-140,84} during layout: running second layout pass
02-17 08:19:49.913 W/View ( 1999): requestLayout() improperly called by android.widget.FrameLayout{d368225 I.E...... ......ID 0,0-780,179 #2bc} during second layout pass: posting in next frame
02-17 08:19:49.913 W/View ( 1999): requestLayout() improperly called by com.android.systemui.statusbar.AlphaOptimizedImageView{f2df61c VFED..C.. ......ID 0,0-140,84} during second layout pass: posting in next frame
02-17 08:19:49.932 W/View ( 1999): requestLayout() improperly called by android.widget.FrameLayout{d368225 I.E...... ......ID 0,0-780,179 #2bc} during layout: running second layout pass
02-17 08:19:49.932 W/View ( 1999): requestLayout() improperly called by com.android.systemui.statusbar.AlphaOptimizedImageView{f2df61c VFED..C.. ......ID 0,0-140,84} during layout: running second layout pass
02-17 08:19:49.935 I/auditd ( 0): type=1400 audit(0.0:17367): avc: denied { kill } for comm="swapper/0" capability=5 scontext=u:r:kernel:s0 tcontext=u:r:kernel:s0 tclass=capability permissive=0
02-17 08:19:49.935 W/swapper/0( 0): type=1400 audit(0.0:17367): avc: denied { kill } for capability=5 scontext=u:r:kernel:s0 tcontext=u:r:kernel:s0 tclass=capability permissive=0
02-17 08:19:49.948 W/View ( 1999): requestLayout() improperly called by android.widget.FrameLayout{d368225 I.E...... ......ID 0,0-780,179 #2bc} during second layout pass: posting in next frame
02-17 08:19:49.948 W/View ( 1999): requestLayout() improperly called by com.android.systemui.statusbar.AlphaOptimizedImageView{f2df61c VFED..C.. ......ID 0,0-140,84} during second layout pass: posting in next frame
02-17 08:19:49.965 W/View ( 1999): requestLayout() improperly called by android.widget.FrameLayout{d368225 I.E...... ......ID 0,0-780,179 #2bc} during layout: running second layout pass
02-17 08:19:49.965 W/View ( 1999): requestLayout() improperly called by com.android.systemui.statusbar.AlphaOptimizedImageView{f2df61c VFED..C.. ......ID 0,0-140,84} during layout: running second layout pass
02-17 08:19:49.981 W/View ( 1999): requestLayout() improperly called by android.widget.FrameLayout{d368225 I.E...... ......ID 0,0-780,179 #2bc} during second layout pass: posting in next frame
02-17 08:19:49.981 W/View ( 1999): requestLayout() improperly called by com.android.systemui.statusbar.AlphaOptimizedImageView{f2df61c VFED..C.. ......ID 0,0-140,84} during second layout pass: posting in next frame
02-17 08:19:49.999 W/View ( 1999): requestLayout() improperly called by android.widget.FrameLayout{d368225 I.E...... ......ID 0,0-780,179 #2bc} during layout: running second layout pass
02-17 08:19:49.999 W/View ( 1999): requestLayout() improperly called by com.android.systemui.statusbar.AlphaOptimizedImageView{f2df61c VFED..C.. ......ID 0,0-140,84} during layout: running second layout pass
02-17 08:19:50.015 W/View ( 1999): requestLayout() improperly called by android.widget.FrameLayout{d368225 I.E...... ......ID 0,0-780,179 #2bc} during second layout pass: posting in next frame
02-17 08:19:50.015 W/View ( 1999): requestLayout() improperly called by com.android.systemui.statusbar.AlphaOptimizedImageView{f2df61c VFED..C.. ......ID 0,0-140,84} during second layout pass: posting in next frame
02-17 08:19:50.032 W/View ( 1999): requestLayout() improperly called by android.widget.FrameLayout{d368225 I.E...... ......ID 0,0-780,179 #2bc} during layout: running second layout pass
02-17 08:19:50.032 W/View ( 1999): requestLayout() improperly called by com.android.systemui.statusbar.AlphaOptimizedImageView{f2df61c VFED..C.. ......ID 0,0-140,84} during layout: running second layout pass
02-17 08:19:50.046 W/View ( 1999): requestLayout() improperly called by android.widget.FrameLayout{d368225 I.E...... ......ID 0,0-780,179 #2bc} during second layout pass: posting in next frame
02-17 08:19:50.047 W/View ( 1999): requestLayout() improperly called by com.android.systemui.statusbar.AlphaOptimizedImageView{f2df61c VFED..C.. ......ID 0,0-140,84} during second layout pass: posting in next frame
01-01 12:30:30.205 E/DTC_ETH,link_delay_work_func( 0): 3003, SQI=0, link=0
02-17 08:19:50.066 W/View ( 1999): requestLayout() improperly called by android.widget.FrameLayout{d368225 I.E...... ......ID 0,0-780,179 #2bc} during layout: running second layout pass
02-17 08:19:50.066 W/View ( 1999): requestLayout() improperly called by com.android.systemui.statusbar.AlphaOptimizedImageView{f2df61c VFED..C.. ......ID 0,0-140,84} during layout: running second layout pass
02-17 08:19:50.728 I/mpu_uart( 648): [MSG-P:RECV]:No message received in 1000 ms
02-17 08:19:50.935 I/auditd ( 0): type=1400 audit(0.0:17368): avc: denied { kill } for comm="swapper/0" capability=5 scontext=u:r:kernel:s0 tcontext=u:r:kernel:s0 tclass=capability permissive=0
02-17 08:19:50.935 W/swapper/0( 0): type=1400 audit(0.0:17368): avc: denied { kill } for capability=5 scontext=u:r:kernel:s0 tcontext=u:r:kernel:s0 tclass=capability permissive=0
02-17 08:19:50.978 I/input_interaction( 1524): Interaction with: febc086 NotificationShade (server), edge-swipe (server), swipe-up (server), PointerEventDispatcher0 (server),
02-17 08:19:51.086 E/tlogd ( 1294): [TzLogger](isPathReadable) file /sys/kernel/debug/tzdbg/qsee_log isn't exist or no permission, err: No such file or directory
02-17 08:19:51.086 E/tlogd ( 1294): [TzLogger](saveTzlogAsync) /sys/kernel/debug/tzdbg/qsee_log can not read.
02-17 08:19:51.086 E/tlogd ( 1294): [TzLogger](isPathReadable) file /sys/kernel/debug/tzdbg/log isn't exist or no permission, err: No such file or directory
02-17 08:19:51.086 E/tlogd ( 1294): [TzLogger](saveTzlogAsync) /sys/kernel/debug/tzdbg/log can not read.
02-17 08:19:51.100 W/View ( 1999): requestLayout() improperly called by android.widget.FrameLayout{d368225 I.E...... ......ID 0,0-780,179 #2bc} during second layout pass: posting in next frame
02-17 08:19:51.100 W/View ( 1999): requestLayout() improperly called by com.android.systemui.statusbar.AlphaOptimizedImageView{f2df61c VFED..C.. ......ID 0,0-140,84} during second layout pass: posting in next frame
02-17 08:19:51.119 W/View ( 1999): requestLayout() improperly called by android.widget.FrameLayout{d368225 I.E...... ......ID 0,0-780,179 #2bc} during layout: running second layout pass
02-17 08:19:51.119 W/View ( 1999): requestLayout() improperly called by com.android.systemui.statusbar.AlphaOptimizedImageView{f2df61c VFED..C.. ......ID 0,0-140,84} during layout: running second layout pass
02-17 08:19:51.125 I/OpenGLRenderer( 1999): Davey! duration=9223355808006ms; Flags=0, FrameTimelineVsyncId=248443, IntendedVsync=16228847863046, Vsync=16228847863046, InputEventId=164948260, HandleInputStart=16228848190682, AnimationStart=16228848191932, PerformTraversalsStart=16228848193339, DrawStart=16228848276359, FrameDeadline=16228881196378, FrameInterval=16228848188547, FrameStartTime=16666666, SyncQueued=16228848578703, SyncStart=16228848642818, IssueDrawCommandsStart=16228849694172, SwapBuffers=16228856825891, FrameCompleted=9223372036854775807, DequeueBufferDuration=39792, QueueBufferDuration=1255729, GpuCompleted=9223372036854775807, SwapBuffersCompleted=16228858759016, DisplayPresentTime=0,
02-17 08:19:51.135 W/View ( 1999): requestLayout() improperly called by android.widget.FrameLayout{d368225 I.E...... ......ID 0,0-780,179 #2bc} during second layout pass: posting in next frame
02-17 08:19:51.136 W/View ( 1999): requestLayout() improperly called by com.android.systemui.statusbar.AlphaOptimizedImageView{f2df61c VFED..C.. ......ID 0,0-140,84} during second layout pass: posting in next frame
02-17 08:19:51.140 I/OpenGLRenderer( 1999): Davey! duration=9223355807990ms; Flags=0, FrameTimelineVsyncId=248445, IntendedVsync=16228864566617, Vsync=16228864566617, InputEventId=5708115, HandleInputStart=16228865050474, AnimationStart=16228865052193, PerformTraversalsStart=16228865054016, DrawStart=16228871067609, FrameDeadline=16228897899949, FrameInterval=16228865047297, FrameStartTime=16666666, SyncQueued=16228871455526, SyncStart=16228871540943, IssueDrawCommandsStart=16228872710526, SwapBuffers=16228878964901, FrameCompleted=9223372036854775807, DequeueBufferDuration=32916, QueueBufferDuration=2066510, GpuCompleted=9223372036854775807, SwapBuffersCompleted=16228881718599, DisplayPresentTime=0,
02-17 08:19:51.146 D/GameModeIF_GameModeSettings( 1999): getUriFor setting_content_uri_root = content://com.thundercomm.gamemode.api/gamemode_settings , name = gamemode_enable
02-17 08:19:51.160 W/View ( 1999): requestLayout() improperly called by android.widget.FrameLayout{d368225 I.E...... ......ID 0,0-780,179 #2bc} during layout: running second layout pass
02-17 08:19:51.160 W/View ( 1999): requestLayout() improperly called by com.android.systemui.statusbar.AlphaOptimizedImageView{f2df61c VFED..C.. ......ID 0,0-140,84} during layout: running second layout pass
02-17 08:19:51.186 W/View ( 1999): requestLayout() improperly called by android.widget.FrameLayout{d368225 I.E...... ......ID 0,0-780,179 #2bc} during second layout pass: posting in next frame
