02-17 07:26:52.944 I/sysui_multi_action( 1999): [757,0,758,1,759,0,927,2,928,0,1593,0]
02-17 07:26:52.944 I/sysui_multi_action( 1999): [757,0,758,1,759,0,927,3,928,0,1593,0]
02-17 07:26:52.945 I/sysui_multi_action( 1999): [757,491,758,1,759,491,927,4,928,0,1311,-1,1593,0]
02-17 07:26:52.945 I/sysui_multi_action( 1999): [757,0,758,1,759,0,927,5,928,0,1593,0]
02-17 07:26:52.945 I/sysui_multi_action( 1999): [757,111,758,1]
02-17 07:26:52.945 I/sysui_multi_action( 1999): [757,126,758,1,759,126,927,0,928,1,1593,0]
02-17 07:26:52.945 I/sysui_multi_action( 1999): [757,113,758,1,759,113,927,1,928,1,1593,0]
02-17 07:26:52.945 I/sysui_multi_action( 1999): [757,0,758,1,759,0,927,2,928,0,1593,0]
02-17 07:26:52.945 I/sysui_multi_action( 1999): [757,0,758,1,759,0,927,3,928,0,1593,0]
02-17 07:26:53.939 I/auditd ( 0): type=1400 audit(0.0:14216): avc: denied { kill } for comm="swapper/3" capability=5 scontext=u:r:kernel:s0 tcontext=u:r:kernel:s0 tclass=capability permissive=0
02-17 07:26:54.415 I/input_interaction( 1524): Interaction with: febc086 NotificationShade (server), edge-swipe (server), swipe-up (server), PointerEventDispatcher0 (server),
02-17 07:26:54.888 I/notification_enqueue( 1524): [10080,1999,com.android.systemui,2048,NULL,0,Notification(channel=updateNotification shortcut=null contentView=null vibrate=null sound=null defaults=0x0 flags=0x0 color=0x00000000 vis=PRIVATE),1]
02-17 07:26:54.889 I/sysui_multi_action( 1999): [757,111,758,2]
02-17 07:26:54.890 I/sysui_multi_action( 1999): [757,111,758,2]
02-17 07:26:54.935 I/auditd ( 0): type=1400 audit(0.0:14217): avc: denied { kill } for comm="swapper/3" capability=5 scontext=u:r:kernel:s0 tcontext=u:r:kernel:s0 tclass=capability permissive=0
02-17 07:26:55.096 I/input_focus( 1524): [Focus request 321be4b com.android.launcher3/com.android.launcher3.uioverrides.QuickstepLauncher,reason=UpdateInputWindows]
02-17 07:26:55.104 I/sysui_multi_action( 1524): [757,128,758,2,793,11839715,794,2199,795,11839715,796,26,798,0,806,android,857,DEVELOPER_IMPORTANT,858,4,947,0,1395,3,1500,11839508,1688,1]
02-17 07:26:55.105 I/notification_visibility( 1524): [-1|android|26|null|1000,0,11839715,11839715,0,0]
02-17 07:26:55.105 I/sysui_multi_action( 1524): [757,128,758,2,793,11867948,794,2200,795,4062996,796,17303299,797,com.android.wifi,798,1,806,android,857,NETWORK_AVAILABLE,858,2,947,0,1395,3,1500,2200,1688,1]
02-17 07:26:55.105 I/notification_visibility( 1524): [0|android|17303299|com.android.wifi|1000,0,11867948,4062996,0,1]
02-17 07:26:55.106 I/sysui_multi_action( 1524): [757,128,758,2,793,13041651,794,2200,795,13041651,796,32,798,2,806,android,857,USB,858,1,947,0,1395,3,1500,13041219,1688,1]
02-17 07:26:55.106 I/notification_visibility( 1524): [-1|android|32|null|1000,0,13041651,13041651,0,2]
02-17 07:26:55.107 I/sysui_multi_action( 1524): [757,127,758,2]
02-17 07:26:55.107 I/notification_panel_hidden( 1524):
02-17 07:26:55.116 I/input_focus( 1524): [Focus leaving febc086 NotificationShade (server),reason=NO_WINDOW]
02-17 07:26:55.116 I/input_focus( 1524): [Focus entering 321be4b com.android.launcher3/com.android.launcher3.uioverrides.QuickstepLauncher (server),reason=setFocusedWindow]
02-17 07:26:55.939 I/auditd ( 0): type=1400 audit(0.0:14218): avc: denied { kill } for comm="swapper/3" capability=5 scontext=u:r:kernel:s0 tcontext=u:r:kernel:s0 tclass=capability permissive=0
02-17 07:26:56.631 I/input_interaction( 1524): Interaction with: d4326e3 StatusBar (server), edge-swipe (server), swipe-up (server), PointerEventDispatcher0 (server),
02-17 07:26:56.636 I/sysui_multi_action( 1999): [757,803,799,panel_open,802,1]
02-17 07:26:56.637 I/sysui_multi_action( 1999): [757,1328,758,4,1326,57,1327,4,1329,0]
02-17 07:26:56.670 I/sysui_multi_action( 1524): [757,127,758,1]
02-17 07:26:56.670 I/sysui_multi_action( 1524): [757,804,799,note_load,801,3,802,1]
02-17 07:26:56.670 I/notification_panel_revealed( 1524): 3
02-17 07:26:56.680 I/input_focus( 1524): [Focus request febc086 NotificationShade,reason=UpdateInputWindows]
02-17 07:26:56.690 I/sysui_multi_action( 1524): [757,128,758,1,793,11841300,794,0,795,11841300,796,26,798,0,806,android,857,DEVELOPER_IMPORTANT,858,4,947,0,1395,3,1500,11841093,1688,1]
02-17 07:26:56.690 I/sysui_multi_action( 1524): [757,804,799,note_freshness,801,11841300,802,1]
02-17 07:26:56.690 I/notification_visibility( 1524): [-1|android|26|null|1000,1,11841300,11841300,0,0]
02-17 07:26:56.690 I/sysui_multi_action( 1524): [757,128,758,1,793,11869533,794,0,795,4064581,796,17303299,797,com.android.wifi,798,1,806,android,857,NETWORK_AVAILABLE,858,2,947,0,1395,3,1500,3785,1688,1]
02-17 07:26:56.690 I/sysui_multi_action( 1524): [757,1501,758,1,793,11869533,794,0,795,4064581,796,17303299,797,com.android.wifi,806,android,857,NETWORK_AVAILABLE,858,2,947,0,1500,0,1688,1]
02-17 07:26:56.690 I/sysui_multi_action( 1524): [757,804,799,note_interruptive,801,0,802,1]
02-17 07:26:56.690 I/sysui_multi_action( 1524): [757,804,799,note_freshness,801,4064581,802,1]
02-17 07:26:56.690 I/notification_visibility( 1524): [0|android|17303299|com.android.wifi|1000,1,11869533,4064581,0,1]
02-17 07:26:56.691 I/sysui_multi_action( 1524): [757,128,758,1,793,13043235,794,0,795,13043235,796,32,798,2,806,android,857,USB,858,1,947,0,1395,3,1500,13042803,1688,1]
02-17 07:26:56.691 I/sysui_multi_action( 1524): [757,804,799,note_freshness,801,13043235,802,1]
02-17 07:26:56.691 I/notification_visibility( 1524): [-1|android|32|null|1000,1,13043235,13043235,0,2]
02-17 07:26:56.703 I/input_focus( 1524): [Focus leaving 321be4b com.android.launcher3/com.android.launcher3.uioverrides.QuickstepLauncher (server),reason=setFocusedWindow]
02-17 07:26:56.703 I/input_focus( 1524): [Focus entering febc086 NotificationShade (server),reason=setFocusedWindow]
02-17 07:26:56.718 I/sysui_multi_action( 1999): [757,111,758,1]
02-17 07:26:56.718 I/sysui_multi_action( 1999): [757,126,758,1,759,126,927,0,928,1,1593,0]
02-17 07:26:56.719 I/sysui_multi_action( 1999): [757,113,758,1,759,113,927,1,928,1,1593,0]
02-17 07:26:56.719 I/sysui_multi_action( 1999): [757,0,758,1,759,0,927,2,928,0,1593,0]
02-17 07:26:56.719 I/sysui_multi_action( 1999): [757,0,758,1,759,0,927,3,928,0,1593,0]
02-17 07:26:56.719 I/sysui_multi_action( 1999): [757,491,758,1,759,491,927,4,928,0,1311,-1,1593,0]
02-17 07:26:56.719 I/sysui_multi_action( 1999): [757,0,758,1,759,0,927,5,928,0,1593,0]
02-17 07:26:56.719 I/sysui_multi_action( 1999): [757,111,758,1]
02-17 07:26:56.720 I/sysui_multi_action( 1999): [757,126,758,1,759,126,927,0,928,1,1593,0]
02-17 07:26:56.720 I/sysui_multi_action( 1999): [757,113,758,1,759,113,927,1,928,1,1593,0]
02-17 07:26:56.720 I/sysui_multi_action( 1999): [757,0,758,1,759,0,927,2,928,0,1593,0]
02-17 07:26:56.720 I/sysui_multi_action( 1999): [757,0,758,1,759,0,927,3,928,0,1593,0]
02-17 07:26:56.935 I/auditd ( 0): type=1400 audit(0.0:14219): avc: denied { kill } for comm="swapper/0" capability=5 scontext=u:r:kernel:s0 tcontext=u:r:kernel:s0 tclass=capability permissive=0
02-17 07:26:57.722 I/input_interaction( 1524): Interaction with: febc086 NotificationShade (server), edge-swipe (server), swipe-up (server), PointerEventDispatcher0 (server),
02-17 07:26:58.193 I/sysui_multi_action( 1524): [757,128,758,2,793,11842804,794,1504,795,11842804,796,26,798,0,806,android,857,DEVELOPER_IMPORTANT,858,4,947,0,1395,3,1500,11842597,1688,1]
02-17 07:26:58.194 I/notification_visibility( 1524): [-1|android|26|null|1000,0,11842804,11842804,0,0]
02-17 07:26:58.194 I/sysui_multi_action( 1524): [757,128,758,2,793,11871037,794,1504,795,4066085,796,17303299,797,com.android.wifi,798,1,806,android,857,NETWORK_AVAILABLE,858,2,947,0,1395,3,1500,1504,1688,1]
02-17 07:26:58.194 I/notification_visibility( 1524): [0|android|17303299|com.android.wifi|1000,0,11871037,4066085,0,1]
02-17 07:26:58.195 I/sysui_multi_action( 1524): [757,128,758,2,793,13044740,794,1505,795,13044740,796,32,798,2,806,android,857,USB,858,1,947,0,1395,3,1500,13044308,1688,1]
02-17 07:26:58.195 I/notification_visibility( 1524): [-1|android|32|null|1000,0,13044740,13044740,0,2]
02-17 07:26:58.939 I/auditd ( 0): type=1400 audit(0.0:14220): avc: denied { kill } for comm="swapper/0" capability=5 scontext=u:r:kernel:s0 tcontext=u:r:kernel:s0 tclass=capability permissive=0
02-17 07:26:59.935 I/auditd ( 0): type=1400 audit(0.0:14221): avc: denied { kill } for comm="swapper/0" capability=5 scontext=u:r:kernel:s0 tcontext=u:r:kernel:s0 tclass=capability permissive=0
02-17 07:27:00.935 I/auditd ( 0): type=1400 audit(0.0:14222): avc: denied { kill } for comm="swapper/0" capability=5 scontext=u:r:kernel:s0 tcontext=u:r:kernel:s0 tclass=capability permissive=0
02-17 07:27:01.935 I/auditd ( 0): type=1400 audit(0.0:14223): avc: denied { kill } for comm="swapper/0" capability=5 scontext=u:r:kernel:s0 tcontext=u:r:kernel:s0 tclass=capability permissive=0
02-17 07:27:02.145 I/commit_sys_config_file( 1524): [settings-2-0,5]
02-17 07:27:02.939 I/auditd ( 0): type=1400 audit(0.0:14224): avc: denied { kill } for comm="swapper/0" capability=5 scontext=u:r:kernel:s0 tcontext=u:r:kernel:s0 tclass=capability permissive=0
02-17 07:27:03.451 I/commit_sys_config_file( 1524): [settings-2-0,4]
02-17 07:27:03.935 I/auditd ( 0): type=1400 audit(0.0:14225): avc: denied { kill } for comm="swapper/0" capability=5 scontext=u:r:kernel:s0 tcontext=u:r:kernel:s0 tclass=capability permissive=0
02-17 07:27:04.939 I/auditd ( 0): type=1400 audit(0.0:14226): avc: denied { kill } for comm="swapper/0" capability=5 scontext=u:r:kernel:s0 tcontext=u:r:kernel:s0 tclass=capability permissive=0
02-17 07:27:05.248 I/service_manager_stats( 1524): [100,41,262790]
02-17 07:27:05.582 I/commit_sys_config_file( 1524): [settings-2-0,5]
02-17 07:27:05.939 I/auditd ( 0): type=1400 audit(0.0:14227): avc: denied { kill } for comm="swapper/0" capability=5 scontext=u:r:kernel:s0 tcontext=u:r:kernel:s0 tclass=capability permissive=0
02-17 07:27:06.623 I/commit_sys_config_file( 1524): [settings-2-0,5]
02-17 07:27:06.935 I/auditd ( 0): type=1400 audit(0.0:14228): avc: denied { kill } for comm="swapper/0" capability=5 scontext=u:r:kernel:s0 tcontext=u:r:kernel:s0 tclass=capability permissive=0
02-17 07:27:07.939 I/auditd ( 0): type=1400 audit(0.0:14229): avc: denied { kill } for comm="swapper/0" capability=5 scontext=u:r:kernel:s0 tcontext=u:r:kernel:s0 tclass=capability permissive=0
02-17 07:27:08.700 I/commit_sys_config_file( 1524): [settings-2-0,5]
02-17 07:27:08.939 I/auditd ( 0): type=1400 audit(0.0:14230): avc: denied { kill } for comm="swapper/0" capability=5 scontext=u:r:kernel:s0 tcontext=u:r:kernel:s0 tclass=capability permissive=0
02-17 07:27:09.702 I/commit_sys_config_file( 1524): [settings-2-0,5]
02-17 07:27:09.939 I/auditd ( 0): type=1400 audit(0.0:14231): avc: denied { kill } for comm="swapper/0" capability=5 scontext=u:r:kernel:s0 tcontext=u:r:kernel:s0 tclass=capability permissive=0
02-17 07:27:10.939 I/auditd ( 0): type=1400 audit(0.0:14232): avc: denied { kill } for comm="swapper/0" capability=5 scontext=u:r:kernel:s0 tcontext=u:r:kernel:s0 tclass=capability permissive=0
02-17 07:27:11.935 I/auditd ( 0): type=1400 audit(0.0:14233): avc: denied { kill } for comm="swapper/0" capability=5 scontext=u:r:kernel:s0 tcontext=u:r:kernel:s0 tclass=capability permissive=0
02-17 07:27:12.935 I/auditd ( 0): type=1400 audit(0.0:14234): avc: denied { kill } for comm="swapper/0" capability=5 scontext=u:r:kernel:s0 tcontext=u:r:kernel:s0 tclass=capability permissive=0
02-17 07:27:13.421 I/commit_sys_config_file( 1524): [settings-2-0,6]
02-17 07:27:13.939 I/auditd ( 0): type=1400 audit(0.0:14235): avc: denied { kill } for comm="swapper/0" capability=5 scontext=u:r:kernel:s0 tcontext=u:r:kernel:s0 tclass=capability permissive=0
02-17 07:27:14.566 I/commit_sys_config_file( 1524): [settings-2-0,5]
02-17 07:27:14.935 I/auditd ( 0): type=1400 audit(0.0:14236): avc: denied { kill } for comm="swapper/0" capability=5 scontext=u:r:kernel:s0 tcontext=u:r:kernel:s0 tclass=capability permissive=0
02-17 07:27:15.939 I/auditd ( 0): type=1400 audit(0.0:14237): avc: denied { kill } for comm="swapper/0" capability=5 scontext=u:r:kernel:s0 tcontext=u:r:kernel:s0 tclass=capability permissive=0
02-17 07:27:16.935 I/auditd ( 0): type=1400 audit(0.0:14238): avc: denied { kill } for comm="swapper/2" capability=5 scontext=u:r:kernel:s0 tcontext=u:r:kernel:s0 tclass=capability permissive=0
02-17 07:27:17.935 I/auditd ( 0): type=1400 audit(0.0:14239): avc: denied { kill } for comm="swapper/2" capability=5 scontext=u:r:kernel:s0 tcontext=u:r:kernel:s0 tclass=capability permissive=0
02-17 07:27:18.935 I/auditd ( 0): type=1400 audit(0.0:14240): avc: denied { kill } for comm="swapper/2" capability=5 scontext=u:r:kernel:s0 tcontext=u:r:kernel:s0 tclass=capability permissive=0
02-17 07:27:19.935 I/auditd ( 0): type=1400 audit(0.0:14241): avc: denied { kill } for comm="swapper/2" capability=5 scontext=u:r:kernel:s0 tcontext=u:r:kernel:s0 tclass=capability permissive=0
02-17 07:27:20.935 I/auditd ( 0): type=1400 audit(0.0:14242): avc: denied { kill } for comm="swapper/2" capability=5 scontext=u:r:kernel:s0 tcontext=u:r:kernel:s0 tclass=capability permissive=0
02-17 07:27:21.935 I/auditd ( 0): type=1400 audit(0.0:14243): avc: denied { kill } for comm="swapper/2" capability=5 scontext=u:r:kernel:s0 tcontext=u:r:kernel:s0 tclass=capability permissive=0
02-17 07:27:22.939 I/auditd ( 0): type=1400 audit(0.0:14244): avc: denied { kill } for comm="swapper/2" capability=5 scontext=u:r:kernel:s0 tcontext=u:r:kernel:s0 tclass=capability permissive=0
02-17 07:27:23.939 I/auditd ( 0): type=1400 audit(0.0:14245): avc: denied { kill } for comm="swapper/2" capability=5 scontext=u:r:kernel:s0 tcontext=u:r:kernel:s0 tclass=capability permissive=0
02-17 07:27:24.935 I/auditd ( 0): type=1400 audit(0.0:14246): avc: denied { kill } for comm="swapper/2" capability=5 scontext=u:r:kernel:s0 tcontext=u:r:kernel:s0 tclass=capability permissive=0
02-17 07:27:25.935 I/auditd ( 0): type=1400 audit(0.0:14247): avc: denied { kill } for comm="swapper/2" capability=5 scontext=u:r:kernel:s0 tcontext=u:r:kernel:s0 tclass=capability permissive=0
02-17 07:27:26.935 I/auditd ( 0): type=1400 audit(0.0:14248): avc: denied { kill } for comm="swapper/2" capability=5 scontext=u:r:kernel:s0 tcontext=u:r:kernel:s0 tclass=capability permissive=0
02-17 07:27:28.939 I/auditd ( 0): type=1400 audit(0.0:14249): avc: denied { kill } for comm="swapper/3" capability=5 scontext=u:r:kernel:s0 tcontext=u:r:kernel:s0 tclass=capability permissive=0
02-17 07:27:29.935 I/auditd ( 0): type=1400 audit(0.0:14250): avc: denied { kill } for comm="swapper/3" capability=5 scontext=u:r:kernel:s0 tcontext=u:r:kernel:s0 tclass=capability permissive=0
02-17 07:27:31.935 I/auditd ( 0): type=1400 audit(0.0:14251): avc: denied { kill } for comm="swapper/3" capability=5 scontext=u:r:kernel:s0 tcontext=u:r:kernel:s0 tclass=capability permissive=0
02-17 07:27:33.935 I/auditd ( 0): type=1400 audit(0.0:14252): avc: denied { kill } for comm="swapper/3" capability=5 scontext=u:r:kernel:s0 tcontext=u:r:kernel:s0 tclass=capability permissive=0
02-17 07:27:34.939 I/auditd ( 0): type=1400 audit(0.0:14253): avc: denied { kill } for comm="swapper/3" capability=5 scontext=u:r:kernel:s0 tcontext=u:r:kernel:s0 tclass=capability permissive=0
02-17 07:27:35.939 I/auditd ( 0): type=1400 audit(0.0:14254): avc: denied { kill } for comm="swapper/3" capability=5 scontext=u:r:kernel:s0 tcontext=u:r:kernel:s0 tclass=capability permissive=0
02-17 07:27:36.939 I/auditd ( 0): type=1400 audit(0.0:14255): avc: denied { kill } for comm="swapper/3" capability=5 scontext=u:r:kernel:s0 tcontext=u:r:kernel:s0 tclass=capability permissive=0
02-17 07:27:37.939 I/auditd ( 0): type=1400 audit(0.0:14256): avc: denied { kill } for comm="swapper/3" capability=5 scontext=u:r:kernel:s0 tcontext=u:r:kernel:s0 tclass=capability permissive=0
02-17 07:27:38.939 I/auditd ( 0): type=1400 audit(0.0:14257): avc: denied { kill } for comm="swapper/3" capability=5 scontext=u:r:kernel:s0 tcontext=u:r:kernel:s0 tclass=capability permissive=0
02-17 07:27:39.939 I/auditd ( 0): type=1400 audit(0.0:14258): avc: denied { kill } for comm="swapper/3" capability=5 scontext=u:r:kernel:s0 tcontext=u:r:kernel:s0 tclass=capability permissive=0
02-17 07:27:40.935 I/auditd ( 0): type=1400 audit(0.0:14259): avc: denied { kill } for comm="swapper/3" capability=5 scontext=u:r:kernel:s0 tcontext=u:r:kernel:s0 tclass=capability permissive=0
02-17 07:27:41.939 I/auditd ( 0): type=1400 audit(0.0:14260): avc: denied { kill } for comm="swapper/3" capability=5 scontext=u:r:kernel:s0 tcontext=u:r:kernel:s0 tclass=capability permissive=0
02-17 07:27:42.935 I/auditd ( 0): type=1400 audit(0.0:14261): avc: denied { kill } for comm="swapper/3" capability=5 scontext=u:r:kernel:s0 tcontext=u:r:kernel:s0 tclass=capability permissive=0
02-17 07:27:43.939 I/auditd ( 0): type=1400 audit(0.0:14262): avc: denied { kill } for comm="swapper/3" capability=5 scontext=u:r:kernel:s0 tcontext=u:r:kernel:s0 tclass=capability permissive=0
02-17 07:27:44.939 I/auditd ( 0): type=1400 audit(0.0:14263): avc: denied { kill } for comm="swapper/3" capability=5 scontext=u:r:kernel:s0 tcontext=u:r:kernel:s0 tclass=capability permissive=0
02-17 07:27:45.939 I/auditd ( 0): type=1400 audit(0.0:14264): avc: denied { kill } for comm="swapper/3" capability=5 scontext=u:r:kernel:s0 tcontext=u:r:kernel:s0 tclass=capability permissive=0
02-17 07:27:46.939 I/auditd ( 0): type=1400 audit(0.0:14265): avc: denied { kill } for comm="swapper/3" capability=5 scontext=u:r:kernel:s0 tcontext=u:r:kernel:s0 tclass=capability permissive=0
02-17 07:27:47.504 I/am_uid_idle( 1524): 10040
02-17 07:27:47.939 I/auditd ( 0): type=1400 audit(0.0:14266): avc: denied { kill } for comm="swapper/3" capability=5 scontext=u:r:kernel:s0 tcontext=u:r:kernel:s0 tclass=capability permissive=0
02-17 07:27:48.939 I/auditd ( 0): type=1400 audit(0.0:14267): avc: denied { kill } for comm="swapper/3" capability=5 scontext=u:r:kernel:s0 tcontext=u:r:kernel:s0 tclass=capability permissive=0
02-17 07:27:49.939 I/auditd ( 0): type=1400 audit(0.0:14268): avc: denied { kill } for comm="swapper/3" capability=5 scontext=u:r:kernel:s0 tcontext=u:r:kernel:s0 tclass=capability permissive=0
02-17 07:27:50.939 I/auditd ( 0): type=1400 audit(0.0:14269): avc: denied { kill } for comm="swapper/3" capability=5 scontext=u:r:kernel:s0 tcontext=u:r:kernel:s0 tclass=capability permissive=0
02-17 07:27:51.939 I/auditd ( 0): type=1400 audit(0.0:14270): avc: denied { kill } for comm="swapper/3" capability=5 scontext=u:r:kernel:s0 tcontext=u:r:kernel:s0 tclass=capability permissive=0
02-17 07:27:52.939 I/auditd ( 0): type=1400 audit(0.0:14271): avc: denied { kill } for comm="swapper/3" capability=5 scontext=u:r:kernel:s0 tcontext=u:r:kernel:s0 tclass=capability permissive=0
02-17 07:27:53.939 I/auditd ( 0): type=1400 audit(0.0:14272): avc: denied { kill } for comm="swapper/3" capability=5 scontext=u:r:kernel:s0 tcontext=u:r:kernel:s0 tclass=capability permissive=0
02-17 07:27:54.939 I/auditd ( 0): type=1400 audit(0.0:14273): avc: denied { kill } for comm="swapper/3" capability=5 scontext=u:r:kernel:s0 tcontext=u:r:kernel:s0 tclass=capability permissive=0
02-17 07:27:55.935 I/auditd ( 0): type=1400 audit(0.0:14274): avc: denied { kill } for comm="swapper/3" capability=5 scontext=u:r:kernel:s0 tcontext=u:r:kernel:s0 tclass=capability permissive=0
02-17 07:27:56.939 I/auditd ( 0): type=1400 audit(0.0:14275): avc: denied { kill } for comm="swapper/3" capability=5 scontext=u:r:kernel:s0 tcontext=u:r:kernel:s0 tclass=capability permissive=0
02-17 07:27:57.939 I/auditd ( 0): type=1400 audit(0.0:14276): avc: denied { kill } for comm="swapper/3" capability=5 scontext=u:r:kernel:s0 tcontext=u:r:kernel:s0 tclass=capability permissive=0
02-17 07:27:58.939 I/auditd ( 0): type=1400 audit(0.0:14277): avc: denied { kill } for comm="swapper/3" capability=5 scontext=u:r:kernel:s0 tcontext=u:r:kernel:s0 tclass=capability permissive=0
02-17 07:27:59.939 I/auditd ( 0): type=1400 audit(0.0:14278): avc: denied { kill } for comm="swapper/3" capability=5 scontext=u:r:kernel:s0 tcontext=u:r:kernel:s0 tclass=capability permissive=0
02-17 07:28:00.939 I/auditd ( 0): type=1400 audit(0.0:14279): avc: denied { kill } for comm="swapper/3" capability=5 scontext=u:r:kernel:s0 tcontext=u:r:kernel:s0 tclass=capability permissive=0
02-17 07:28:01.939 I/auditd ( 0): type=1400 audit(0.0:14280): avc: denied { kill } for comm="swapper/3" capability=5 scontext=u:r:kernel:s0 tcontext=u:r:kernel:s0 tclass=capability permissive=0
02-17 07:28:02.939 I/auditd ( 0): type=1400 audit(0.0:14281): avc: denied { kill } for comm="swapper/3" capability=5 scontext=u:r:kernel:s0 tcontext=u:r:kernel:s0 tclass=capability permissive=0
02-17 07:28:03.939 I/auditd ( 0): type=1400 audit(0.0:14282): avc: denied { kill } for comm="swapper/3" capability=5 scontext=u:r:kernel:s0 tcontext=u:r:kernel:s0 tclass=capability permissive=0
02-17 07:28:03.952 I/am_uid_idle( 1524): 10062
02-17 07:28:04.939 I/auditd ( 0): type=1400 audit(0.0:14283): avc: denied { kill } for comm="swapper/3" capability=5 scontext=u:r:kernel:s0 tcontext=u:r:kernel:s0 tclass=capability permissive=0
02-17 07:28:05.939 I/auditd ( 0): type=1400 audit(0.0:14284): avc: denied { kill } for comm="swapper/3" capability=5 scontext=u:r:kernel:s0 tcontext=u:r:kernel:s0 tclass=capability permissive=0
02-17 07:28:06.935 I/auditd ( 0): type=1400 audit(0.0:14285): avc: denied { kill } for comm="swapper/3" capability=5 scontext=u:r:kernel:s0 tcontext=u:r:kernel:s0 tclass=capability permissive=0
02-17 07:28:07.935 I/auditd ( 0): type=1400 audit(0.0:14286): avc: denied { kill } for comm="swapper/3" capability=5 scontext=u:r:kernel:s0 tcontext=u:r:kernel:s0 tclass=capability permissive=0
02-17 07:28:08.259 I/sysui_multi_action( 1524): [757,128,758,1,793,11912870,794,0,795,11912870,796,26,798,0,806,android,857,DEVELOPER_IMPORTANT,858,4,947,0,1395,3,1500,11912663,1688,1]
02-17 07:28:08.259 I/sysui_multi_action( 1524): [757,804,799,note_freshness,801,11912870,802,1]
02-17 07:28:08.259 I/notification_visibility( 1524): [-1|android|26|null|1000,1,11912870,11912870,0,0]
02-17 07:28:08.260 I/sysui_multi_action( 1524): [757,128,758,1,793,11941102,794,0,795,4136150,796,17303299,797,com.android.wifi,798,1,806,android,857,NETWORK_AVAILABLE,858,2,947,0,1395,3,1500,71569,1688,1]
02-17 07:28:08.260 I/sysui_multi_action( 1524): [757,1501,758,1,793,11941103,794,1,795,4136151,796,17303299,797,com.android.wifi,806,android,857,NETWORK_AVAILABLE,858,2,947,0,1500,0,1688,1]
02-17 07:28:08.260 I/sysui_multi_action( 1524): [757,804,799,note_interruptive,801,0,802,1]
02-17 07:28:08.260 I/sysui_multi_action( 1524): [757,804,799,note_freshness,801,4136150,802,1]
02-17 07:28:08.260 I/notification_visibility( 1524): [0|android|17303299|com.android.wifi|1000,1,11941102,4136150,0,1]
02-17 07:28:08.260 I/sysui_multi_action( 1524): [757,128,758,1,793,13114805,794,0,795,13114805,796,32,798,2,806,android,857,USB,858,1,947,0,1395,3,1500,13114373,1688,1]
02-17 07:28:08.260 I/sysui_multi_action( 1524): [757,804,799,note_freshness,801,13114805,802,1]
02-17 07:28:08.260 I/notification_visibility( 1524): [-1|android|32|null|1000,1,13114805,13114805,0,2]
02-17 07:28:08.935 I/auditd ( 0): type=1400 audit(0.0:14287): avc: denied { kill } for comm="swapper/3" capability=5 scontext=u:r:kernel:s0 tcontext=u:r:kernel:s0 tclass=capability permissive=0
02-17 07:28:09.935 I/auditd ( 0): type=1400 audit(0.0:14288): avc: denied { kill } for comm="swapper/3" capability=5 scontext=u:r:kernel:s0 tcontext=u:r:kernel:s0 tclass=capability permissive=0
02-17 07:28:10.935 I/auditd ( 0): type=1400 audit(0.0:14289): avc: denied { kill } for comm="swapper/3" capability=5 scontext=u:r:kernel:s0 tcontext=u:r:kernel:s0 tclass=capability permissive=0
02-17 07:28:11.935 I/auditd ( 0): type=1400 audit(0.0:14290): avc: denied { kill } for comm="swapper/3" capability=5 scontext=u:r:kernel:s0 tcontext=u:r:kernel:s0 tclass=capability permissive=0
02-17 07:28:14.935 I/auditd ( 0): type=1400 audit(0.0:14291): avc: denied { kill } for comm="swapper/3" capability=5 scontext=u:r:kernel:s0 tcontext=u:r:kernel:s0 tclass=capability permissive=0
02-17 07:28:15.935 I/auditd ( 0): type=1400 audit(0.0:14292): avc: denied { kill } for comm="swapper/3" capability=5 scontext=u:r:kernel:s0 tcontext=u:r:kernel:s0 tclass=capability permissive=0
02-17 07:28:16.935 I/auditd ( 0): type=1400 audit(0.0:14293): avc: denied { kill } for comm="swapper/3" capability=5 scontext=u:r:kernel:s0 tcontext=u:r:kernel:s0 tclass=capability permissive=0
02-17 07:28:18.935 I/auditd ( 0): type=1400 audit(0.0:14294): avc: denied { kill } for comm="swapper/3" capability=5 scontext=u:r:kernel:s0 tcontext=u:r:kernel:s0 tclass=capability permissive=0
02-17 07:28:19.935 I/auditd ( 0): type=1400 audit(0.0:14295): avc: denied { kill } for comm="swapper/3" capability=5 scontext=u:r:kernel:s0 tcontext=u:r:kernel:s0 tclass=capability permissive=0
02-17 07:28:20.935 I/auditd ( 0): type=1400 audit(0.0:14296): avc: denied { kill } for comm="swapper/3" capability=5 scontext=u:r:kernel:s0 tcontext=u:r:kernel:s0 tclass=capability permissive=0
02-17 07:28:21.935 I/auditd ( 0): type=1400 audit(0.0:14297): avc: denied { kill } for comm="swapper/3" capability=5 scontext=u:r:kernel:s0 tcontext=u:r:kernel:s0 tclass=capability permissive=0
02-17 07:28:22.935 I/auditd ( 0): type=1400 audit(0.0:14298): avc: denied { kill } for comm="swapper/3" capability=5 scontext=u:r:kernel:s0 tcontext=u:r:kernel:s0 tclass=capability permissive=0
02-17 07:28:23.935 I/auditd ( 0): type=1400 audit(0.0:14299): avc: denied { kill } for comm="swapper/3" capability=5 scontext=u:r:kernel:s0 tcontext=u:r:kernel:s0 tclass=capability permissive=0
02-17 07:28:24.935 I/auditd ( 0): type=1400 audit(0.0:14300): avc: denied { kill } for comm="swapper/3" capability=5 scontext=u:r:kernel:s0 tcontext=u:r:kernel:s0 tclass=capability permissive=0
02-17 07:28:26.935 I/auditd (12548): type=1400 audit(0.0:14301): avc: denied { kill } for comm="kworker/u16:9" capability=5 scontext=u:r:kernel:s0 tcontext=u:r:kernel:s0 tclass=capability permissive=0
02-17 07:28:28.935 I/auditd ( 0): type=1400 audit(0.0:14302): avc: denied { kill } for comm="swapper/0" capability=5 scontext=u:r:kernel:s0 tcontext=u:r:kernel:s0 tclass=capability permissive=0
02-17 07:28:29.935 I/auditd ( 0): type=1400 audit(0.0:14303): avc: denied { kill } for comm="swapper/0" capability=5 scontext=u:r:kernel:s0 tcontext=u:r:kernel:s0 tclass=capability permissive=0
02-17 07:28:30.935 I/auditd ( 0): type=1400 audit(0.0:14304): avc: denied { kill } for comm="swapper/0" capability=5 scontext=u:r:kernel:s0 tcontext=u:r:kernel:s0 tclass=capability permissive=0
02-17 07:28:32.935 I/auditd ( 0): type=1400 audit(0.0:14305): avc: denied { kill } for comm="swapper/0" capability=5 scontext=u:r:kernel:s0 tcontext=u:r:kernel:s0 tclass=capability permissive=0
02-17 07:28:37.935 I/auditd ( 0): type=1400 audit(0.0:14306): avc: denied { kill } for comm="swapper/0" capability=5 scontext=u:r:kernel:s0 tcontext=u:r:kernel:s0 tclass=capability permissive=0
02-17 07:28:38.935 I/auditd ( 0): type=1400 audit(0.0:14307): avc: denied { kill } for comm="swapper/0" capability=5 scontext=u:r:kernel:s0 tcontext=u:r:kernel:s0 tclass=capability permissive=0
02-17 07:28:39.935 I/auditd ( 0): type=1400 audit(0.0:14308): avc: denied { kill } for comm="swapper/0" capability=5 scontext=u:r:kernel:s0 tcontext=u:r:kernel:s0 tclass=capability permissive=0
02-17 07:28:41.935 I/auditd ( 0): type=1400 audit(0.0:14309): avc: denied { kill } for comm="swapper/2" capability=5 scontext=u:r:kernel:s0 tcontext=u:r:kernel:s0 tclass=capability permissive=0
02-17 07:28:43.935 I/auditd ( 0): type=1400 audit(0.0:14310): avc: denied { kill } for comm="swapper/1" capability=5 scontext=u:r:kernel:s0 tcontext=u:r:kernel:s0 tclass=capability permissive=0
02-17 07:28:44.935 I/auditd ( 0): type=1400 audit(0.0:14311): avc: denied { kill } for comm="swapper/1" capability=5 scontext=u:r:kernel:s0 tcontext=u:r:kernel:s0 tclass=capability permissive=0
02-17 07:28:45.935 I/auditd ( 0): type=1400 audit(0.0:14312): avc: denied { kill } for comm="swapper/1" capability=5 scontext=u:r:kernel:s0 tcontext=u:r:kernel:s0 tclass=capability permissive=0
02-17 07:28:46.935 I/auditd ( 0): type=1400 audit(0.0:14313): avc: denied { kill } for comm="swapper/1" capability=5 scontext=u:r:kernel:s0 tcontext=u:r:kernel:s0 tclass=capability permissive=0
02-17 07:28:48.935 I/auditd ( 0): type=1400 audit(0.0:14314): avc: denied { kill } for comm="swapper/1" capability=5 scontext=u:r:kernel:s0 tcontext=u:r:kernel:s0 tclass=capability permissive=0
02-17 07:28:50.935 I/auditd ( 0): type=1400 audit(0.0:14315): avc: denied { kill } for comm="swapper/1" capability=5 scontext=u:r:kernel:s0 tcontext=u:r:kernel:s0 tclass=capability permissive=0
02-17 07:28:51.935 I/auditd ( 0): type=1400 audit(0.0:14316): avc: denied { kill } for comm="swapper/1" capability=5 scontext=u:r:kernel:s0 tcontext=u:r:kernel:s0 tclass=capability permissive=0
02-17 07:28:52.935 I/auditd ( 0): type=1400 audit(0.0:14317): avc: denied { kill } for comm="swapper/1" capability=5 scontext=u:r:kernel:s0 tcontext=u:r:kernel:s0 tclass=capability permissive=0
02-17 07:28:53.935 I/auditd ( 0): type=1400 audit(0.0:14318): avc: denied { kill } for comm="swapper/1" capability=5 scontext=u:r:kernel:s0 tcontext=u:r:kernel:s0 tclass=capability permissive=0
02-17 07:28:54.935 I/auditd ( 0): type=1400 audit(0.0:14319): avc: denied { kill } for comm="swapper/1" capability=5 scontext=u:r:kernel:s0 tcontext=u:r:kernel:s0 tclass=capability permissive=0
02-17 07:28:55.935 I/auditd ( 0): type=1400 audit(0.0:14320): avc: denied { kill } for comm="swapper/1" capability=5 scontext=u:r:kernel:s0 tcontext=u:r:kernel:s0 tclass=capability permissive=0
02-17 07:28:57.935 I/auditd ( 0): type=1400 audit(0.0:14321): avc: denied { kill } for comm="swapper/1" capability=5 scontext=u:r:kernel:s0 tcontext=u:r:kernel:s0 tclass=capability permissive=0
02-17 07:29:00.935 I/auditd ( 0): type=1400 audit(0.0:14322): avc: denied { kill } for comm="swapper/3" capability=5 scontext=u:r:kernel:s0 tcontext=u:r:kernel:s0 tclass=capability permissive=0
02-17 07:29:01.137 I/sysui_multi_action( 1524): [757,1696,758,6,759,2]
02-17 07:29:01.150 I/am_wtf ( 1524): [0,1524,system_server,-1,DisplayDeviceConfig,requesting nits when no mapping exists.]
02-17 07:29:01.154 I/am_wtf ( 1524): [0,1524,system_server,-1,DisplayDeviceConfig,requesting nits when no mapping exists.]
02-17 07:29:01.166 I/am_wtf ( 1524): [0,1524,system_server,-1,DisplayDeviceConfig,requesting nits when no mapping exists.]
02-17 07:29:01.168 I/am_wtf ( 1524): [0,1524,system_server,-1,DisplayDeviceConfig,requesting nits when no mapping exists.]
02-17 07:29:01.182 I/am_wtf ( 1524): [0,1524,system_server,-1,DisplayDeviceConfig,requesting nits when no mapping exists.]
02-17 07:29:01.184 I/am_wtf ( 1524): [0,1524,system_server,-1,DisplayDeviceConfig,requesting nits when no mapping exists.]
02-17 07:29:01.202 I/am_wtf ( 1524): [0,1524,system_server,-1,DisplayDeviceConfig,requesting nits when no mapping exists.]
02-17 07:29:01.203 I/am_wtf ( 1524): [0,1524,system_server,-1,DisplayDeviceConfig,requesting nits when no mapping exists.]
02-17 07:29:01.218 I/am_wtf ( 1524): [0,1524,system_server,-1,DisplayDeviceConfig,requesting nits when no mapping exists.]
02-17 07:29:01.219 I/am_wtf ( 1524): [0,1524,system_server,-1,DisplayDeviceConfig,requesting nits when no mapping exists.]
02-17 07:29:01.235 I/am_wtf ( 1524): [0,1524,system_server,-1,DisplayDeviceConfig,requesting nits when no mapping exists.]
02-17 07:29:01.236 I/am_wtf ( 1524): [0,1524,system_server,-1,DisplayDeviceConfig,requesting nits when no mapping exists.]
02-17 07:29:01.252 I/am_wtf ( 1524): [0,1524,system_server,-1,DisplayDeviceConfig,requesting nits when no mapping exists.]
02-17 07:29:01.253 I/am_wtf ( 1524): [0,1524,system_server,-1,DisplayDeviceConfig,requesting nits when no mapping exists.]
02-17 07:29:01.268 I/am_wtf ( 1524): [0,1524,system_server,-1,DisplayDeviceConfig,requesting nits when no mapping exists.]
02-17 07:29:01.269 I/am_wtf ( 1524): [0,1524,system_server,-1,DisplayDeviceConfig,requesting nits when no mapping exists.]
02-17 07:29:01.285 I/am_wtf ( 1524): [0,1524,system_server,-1,DisplayDeviceConfig,requesting nits when no mapping exists.]
02-17 07:29:01.286 I/am_wtf ( 1524): [0,1524,system_server,-1,DisplayDeviceConfig,requesting nits when no mapping exists.]
02-17 07:29:01.302 I/am_wtf ( 1524): [0,1524,system_server,-1,DisplayDeviceConfig,requesting nits when no mapping exists.]
02-17 07:29:01.302 I/am_wtf ( 1524): [0,1524,system_server,-1,DisplayDeviceConfig,requesting nits when no mapping exists.]
02-17 07:29:01.319 I/am_wtf ( 1524): [0,1524,system_server,-1,DisplayDeviceConfig,requesting nits when no mapping exists.]
02-17 07:29:01.320 I/am_wtf ( 1524): [0,1524,system_server,-1,DisplayDeviceConfig,requesting nits when no mapping exists.]
02-17 07:29:01.335 I/am_wtf ( 1524): [0,1524,system_server,-1,DisplayDeviceConfig,requesting nits when no mapping exists.]
02-17 07:29:01.336 I/am_wtf ( 1524): [0,1524,system_server,-1,DisplayDeviceConfig,requesting nits when no mapping exists.]
02-17 07:29:01.352 I/am_wtf ( 1524): [0,1524,system_server,-1,DisplayDeviceConfig,requesting nits when no mapping exists.]
02-17 07:29:01.352 I/am_wtf ( 1524): [0,1524,system_server,-1,DisplayDeviceConfig,requesting nits when no mapping exists.]
02-17 07:29:01.369 I/am_wtf ( 1524): [0,1524,system_server,-1,DisplayDeviceConfig,requesting nits when no mapping exists.]
02-17 07:29:01.370 I/am_wtf ( 1524): [0,1524,system_server,-1,DisplayDeviceConfig,requesting nits when no mapping exists.]
02-17 07:29:01.385 I/am_wtf ( 1524): [0,1524,system_server,-1,DisplayDeviceConfig,requesting nits when no mapping exists.]
02-17 07:29:01.386 I/am_wtf ( 1524): [0,1524,system_server,-1,DisplayDeviceConfig,requesting nits when no mapping exists.]
02-17 07:29:01.402 I/am_wtf ( 1524): [0,1524,system_server,-1,DisplayDeviceConfig,requesting nits when no mapping exists.]
02-17 07:29:01.403 I/am_wtf ( 1524): [0,1524,system_server,-1,DisplayDeviceConfig,requesting nits when no mapping exists.]
02-17 07:29:01.418 I/am_wtf ( 1524): [0,1524,system_server,-1,DisplayDeviceConfig,requesting nits when no mapping exists.]
02-17 07:29:01.419 I/am_wtf ( 1524): [0,1524,system_server,-1,DisplayDeviceConfig,requesting nits when no mapping exists.]
02-17 07:29:01.436 I/am_wtf ( 1524): [0,1524,system_server,-1,DisplayDeviceConfig,requesting nits when no mapping exists.]
02-17 07:29:01.437 I/am_wtf ( 1524): [0,1524,system_server,-1,DisplayDeviceConfig,requesting nits when no mapping exists.]
02-17 07:29:01.438 I/service_manager_stats( 1524): [100,72,116190]
02-17 07:29:01.452 I/am_wtf ( 1524): [0,1524,system_server,-1,DisplayDeviceConfig,requesting nits when no mapping exists.]
02-17 07:29:01.453 I/am_wtf ( 1524): [0,1524,system_server,-1,DisplayDeviceConfig,requesting nits when no mapping exists.]
02-17 07:29:01.469 I/am_wtf ( 1524): [0,1524,system_server,-1,DisplayDeviceConfig,requesting nits when no mapping exists.]
02-17 07:29:01.469 I/am_wtf ( 1524): [0,1524,system_server,-1,DisplayDeviceConfig,requesting nits when no mapping exists.]
02-17 07:29:01.485 I/am_wtf ( 1524): [0,1524,system_server,-1,DisplayDeviceConfig,requesting nits when no mapping exists.]
02-17 07:29:01.487 I/am_wtf ( 1524): [0,1524,system_server,-1,DisplayDeviceConfig,requesting nits when no mapping exists.]
02-17 07:29:01.502 I/am_wtf ( 1524): [0,1524,system_server,-1,DisplayDeviceConfig,requesting nits when no mapping exists.]
02-17 07:29:01.503 I/am_wtf ( 1524): [0,1524,system_server,-1,DisplayDeviceConfig,requesting nits when no mapping exists.]
02-17 07:29:01.518 I/am_wtf ( 1524): [0,1524,system_server,-1,DisplayDeviceConfig,requesting nits when no mapping exists.]
02-17 07:29:01.519 I/am_wtf ( 1524): [0,1524,system_server,-1,DisplayDeviceConfig,requesting nits when no mapping exists.]
02-17 07:29:01.536 I/am_wtf ( 1524): [0,1524,system_server,-1,DisplayDeviceConfig,requesting nits when no mapping exists.]
02-17 07:29:01.536 I/am_wtf ( 1524): [0,1524,system_server,-1,DisplayDeviceConfig,requesting nits when no mapping exists.]
02-17 07:29:01.552 I/am_wtf ( 1524): [0,1524,system_server,-1,DisplayDeviceConfig,requesting nits when no mapping exists.]
02-17 07:29:01.552 I/am_wtf ( 1524): [0,1524,system_server,-1,DisplayDeviceConfig,requesting nits when no mapping exists.]
02-17 07:29:01.569 I/am_wtf ( 1524): [0,1524,system_server,-1,DisplayDeviceConfig,requesting nits when no mapping exists.]
02-17 07:29:01.569 I/am_wtf ( 1524): [0,1524,system_server,-1,DisplayDeviceConfig,requesting nits when no mapping exists.]
02-17 07:29:01.586 I/am_wtf ( 1524): [0,1524,system_server,-1,DisplayDeviceConfig,requesting nits when no mapping exists.]
02-17 07:29:01.588 I/am_wtf ( 1524): [0,1524,system_server,-1,DisplayDeviceConfig,requesting nits when no mapping exists.]
02-17 07:29:01.602 I/am_wtf ( 1524): [0,1524,system_server,-1,DisplayDeviceConfig,requesting nits when no mapping exists.]
02-17 07:29:01.603 I/am_wtf ( 1524): [0,1524,system_server,-1,DisplayDeviceConfig,requesting nits when no mapping exists.]
02-17 07:29:01.620 I/am_wtf ( 1524): [0,1524,system_server,-1,DisplayDeviceConfig,requesting nits when no mapping exists.]
02-17 07:29:01.621 I/am_wtf ( 1524): [0,1524,system_server,-1,DisplayDeviceConfig,requesting nits when no mapping exists.]
02-17 07:29:01.638 I/am_wtf ( 1524): [0,1524,system_server,-1,DisplayDeviceConfig,requesting nits when no mapping exists.]
02-17 07:29:01.639 I/am_wtf ( 1524): [0,1524,system_server,-1,DisplayDeviceConfig,requesting nits when no mapping exists.]
02-17 07:29:01.652 I/am_wtf ( 1524): [0,1524,system_server,-1,DisplayDeviceConfig,requesting nits when no mapping exists.]
02-17 07:29:01.653 I/am_wtf ( 1524): [0,1524,system_server,-1,DisplayDeviceConfig,requesting nits when no mapping exists.]
02-17 07:29:01.669 I/am_wtf ( 1524): [0,1524,system_server,-1,DisplayDeviceConfig,requesting nits when no mapping exists.]
02-17 07:29:01.670 I/am_wtf ( 1524): [0,1524,system_server,-1,DisplayDeviceConfig,requesting nits when no mapping exists.]
02-17 07:29:01.685 I/am_wtf ( 1524): [0,1524,system_server,-1,DisplayDeviceConfig,requesting nits when no mapping exists.]
02-17 07:29:01.685 I/am_wtf ( 1524): [0,1524,system_server,-1,DisplayDeviceConfig,requesting nits when no mapping exists.]
02-17 07:29:01.702 I/am_wtf ( 1524): [0,1524,system_server,-1,DisplayDeviceConfig,requesting nits when no mapping exists.]
02-17 07:29:01.702 I/am_wtf ( 1524): [0,1524,system_server,-1,DisplayDeviceConfig,requesting nits when no mapping exists.]
02-17 07:29:01.719 I/am_wtf ( 1524): [0,1524,system_server,-1,DisplayDeviceConfig,requesting nits when no mapping exists.]
02-17 07:29:01.720 I/am_wtf ( 1524): [0,1524,system_server,-1,DisplayDeviceConfig,requesting nits when no mapping exists.]
02-17 07:29:01.735 I/am_wtf ( 1524): [0,1524,system_server,-1,DisplayDeviceConfig,requesting nits when no mapping exists.]
02-17 07:29:01.736 I/am_wtf ( 1524): [0,1524,system_server,-1,DisplayDeviceConfig,requesting nits when no mapping exists.]
02-17 07:29:01.753 I/am_wtf ( 1524): [0,1524,system_server,-1,DisplayDeviceConfig,requesting nits when no mapping exists.]
02-17 07:29:01.753 I/am_wtf ( 1524): [0,1524,system_server,-1,DisplayDeviceConfig,requesting nits when no mapping exists.]
02-17 07:29:01.769 I/am_wtf ( 1524): [0,1524,system_server,-1,DisplayDeviceConfig,requesting nits when no mapping exists.]
02-17 07:29:01.770 I/am_wtf ( 1524): [0,1524,system_server,-1,DisplayDeviceConfig,requesting nits when no mapping exists.]
02-17 07:29:01.786 I/am_wtf ( 1524): [0,1524,system_server,-1,DisplayDeviceConfig,requesting nits when no mapping exists.]
02-17 07:29:01.787 I/am_wtf ( 1524): [0,1524,system_server,-1,DisplayDeviceConfig,requesting nits when no mapping exists.]
02-17 07:29:01.802 I/am_wtf ( 1524): [0,1524,system_server,-1,DisplayDeviceConfig,requesting nits when no mapping exists.]
02-17 07:29:01.803 I/am_wtf ( 1524): [0,1524,system_server,-1,DisplayDeviceConfig,requesting nits when no mapping exists.]
02-17 07:29:01.819 I/am_wtf ( 1524): [0,1524,system_server,-1,DisplayDeviceConfig,requesting nits when no mapping exists.]
02-17 07:29:01.820 I/am_wtf ( 1524): [0,1524,system_server,-1,DisplayDeviceConfig,requesting nits when no mapping exists.]
02-17 07:29:01.835 I/am_wtf ( 1524): [0,1524,system_server,-1,DisplayDeviceConfig,requesting nits when no mapping exists.]
02-17 07:29:01.836 I/am_wtf ( 1524): [0,1524,system_server,-1,DisplayDeviceConfig,requesting nits when no mapping exists.]
02-17 07:29:01.852 I/am_wtf ( 1524): [0,1524,system_server,-1,DisplayDeviceConfig,requesting nits when no mapping exists.]
02-17 07:29:01.853 I/am_wtf ( 1524): [0,1524,system_server,-1,DisplayDeviceConfig,requesting nits when no mapping exists.]
02-17 07:29:01.869 I/am_wtf ( 1524): [0,1524,system_server,-1,DisplayDeviceConfig,requesting nits when no mapping exists.]
02-17 07:29:01.870 I/am_wtf ( 1524): [0,1524,system_server,-1,DisplayDeviceConfig,requesting nits when no mapping exists.]
02-17 07:29:01.885 I/am_wtf ( 1524): [0,1524,system_server,-1,DisplayDeviceConfig,requesting nits when no mapping exists.]
02-17 07:29:01.886 I/am_wtf ( 1524): [0,1524,system_server,-1,DisplayDeviceConfig,requesting nits when no mapping exists.]
02-17 07:29:01.902 I/am_wtf ( 1524): [0,1524,system_server,-1,DisplayDeviceConfig,requesting nits when no mapping exists.]
02-17 07:29:01.903 I/am_wtf ( 1524): [0,1524,system_server,-1,DisplayDeviceConfig,requesting nits when no mapping exists.]
02-17 07:29:01.919 I/am_wtf ( 1524): [0,1524,system_server,-1,DisplayDeviceConfig,requesting nits when no mapping exists.]
02-17 07:29:01.920 I/am_wtf ( 1524): [0,1524,system_server,-1,DisplayDeviceConfig,requesting nits when no mapping exists.]
02-17 07:29:01.936 I/am_wtf ( 1524): [0,1524,system_server,-1,DisplayDeviceConfig,requesting nits when no mapping exists.]
02-17 07:29:01.937 I/am_wtf ( 1524): [0,1524,system_server,-1,DisplayDeviceConfig,requesting nits when no mapping exists.]
02-17 07:29:01.935 I/auditd ( 0): type=1400 audit(0.0:14323): avc: denied { kill } for comm="swapper/3" capability=5 scontext=u:r:kernel:s0 tcontext=u:r:kernel:s0 tclass=capability permissive=0
02-17 07:29:01.952 I/am_wtf ( 1524): [0,1524,system_server,-1,DisplayDeviceConfig,requesting nits when no mapping exists.]
02-17 07:29:01.953 I/am_wtf ( 1524): [0,1524,system_server,-1,DisplayDeviceConfig,requesting nits when no mapping exists.]
02-17 07:29:01.969 I/am_wtf ( 1524): [0,1524,system_server,-1,DisplayDeviceConfig,requesting nits when no mapping exists.]
02-17 07:29:01.970 I/am_wtf ( 1524): [0,1524,system_server,-1,DisplayDeviceConfig,requesting nits when no mapping exists.]
02-17 07:29:01.986 I/am_wtf ( 1524): [0,1524,system_server,-1,DisplayDeviceConfig,requesting nits when no mapping exists.]
02-17 07:29:01.986 I/am_wtf ( 1524): [0,1524,system_server,-1,DisplayDeviceConfig,requesting nits when no mapping exists.]
02-17 07:29:02.002 I/am_wtf ( 1524): [0,1524,system_server,-1,DisplayDeviceConfig,requesting nits when no mapping exists.]
02-17 07:29:02.004 I/am_wtf ( 1524): [0,1524,system_server,-1,DisplayDeviceConfig,requesting nits when no mapping exists.]
02-17 07:29:02.019 I/am_wtf ( 1524): [0,1524,system_server,-1,DisplayDeviceConfig,requesting nits when no mapping exists.]
02-17 07:29:02.019 I/am_wtf ( 1524): [0,1524,system_server,-1,DisplayDeviceConfig,requesting nits when no mapping exists.]
02-17 07:29:02.036 I/am_wtf ( 1524): [0,1524,system_server,-1,DisplayDeviceConfig,requesting nits when no mapping exists.]
02-17 07:29:02.037 I/am_wtf ( 1524): [0,1524,system_server,-1,DisplayDeviceConfig,requesting nits when no mapping exists.]
02-17 07:29:02.052 I/am_wtf ( 1524): [0,1524,system_server,-1,DisplayDeviceConfig,requesting nits when no mapping exists.]
02-17 07:29:02.053 I/am_wtf ( 1524): [0,1524,system_server,-1,DisplayDeviceConfig,requesting nits when no mapping exists.]
02-17 07:29:02.069 I/am_wtf ( 1524): [0,1524,system_server,-1,DisplayDeviceConfig,requesting nits when no mapping exists.]
02-17 07:29:02.070 I/am_wtf ( 1524): [0,1524,system_server,-1,DisplayDeviceConfig,requesting nits when no mapping exists.]
02-17 07:29:02.086 I/am_wtf ( 1524): [0,1524,system_server,-1,DisplayDeviceConfig,requesting nits when no mapping exists.]
02-17 07:29:02.086 I/am_wtf ( 1524): [0,1524,system_server,-1,DisplayDeviceConfig,requesting nits when no mapping exists.]
02-17 07:29:02.102 I/am_wtf ( 1524): [0,1524,system_server,-1,DisplayDeviceConfig,requesting nits when no mapping exists.]
02-17 07:29:02.103 I/am_wtf ( 1524): [0,1524,system_server,-1,DisplayDeviceConfig,requesting nits when no mapping exists.]
02-17 07:29:02.939 I/auditd ( 0): type=1400 audit(0.0:14324): avc: denied { kill } for comm="swapper/3" capability=5 scontext=u:r:kernel:s0 tcontext=u:r:kernel:s0 tclass=capability permissive=0
02-17 07:29:03.939 I/auditd ( 0): type=1400 audit(0.0:14325): avc: denied { kill } for comm="swapper/3" capability=5 scontext=u:r:kernel:s0 tcontext=u:r:kernel:s0 tclass=capability permissive=0
02-17 07:29:04.935 I/auditd ( 0): type=1400 audit(0.0:14326): avc: denied { kill } for comm="swapper/3" capability=5 scontext=u:r:kernel:s0 tcontext=u:r:kernel:s0 tclass=capability permissive=0
02-17 07:29:05.939 I/auditd ( 0): type=1400 audit(0.0:14327): avc: denied { kill } for comm="swapper/3" capability=5 scontext=u:r:kernel:s0 tcontext=u:r:kernel:s0 tclass=capability permissive=0
02-17 07:29:06.939 I/auditd ( 0): type=1400 audit(0.0:14328): avc: denied { kill } for comm="swapper/3" capability=5 scontext=u:r:kernel:s0 tcontext=u:r:kernel:s0 tclass=capability permissive=0
02-17 07:29:07.935 I/auditd ( 0): type=1400 audit(0.0:14329): avc: denied { kill } for comm="swapper/3" capability=5 scontext=u:r:kernel:s0 tcontext=u:r:kernel:s0 tclass=capability permissive=0
02-17 07:29:08.142 I/sysui_multi_action( 1524): [757,222,758,1]
02-17 07:29:08.144 I/am_uid_active( 1524): 10040
02-17 07:29:08.155 I/am_pss ( 1524): [12755,1000,com.qti.diagservices,6487040,3883008,0,93528064,0,10,9]
02-17 07:29:08.160 I/input_focus( 1524): [Focus request 321be4b com.android.launcher3/com.android.launcher3.uioverrides.QuickstepLauncher,reason=UpdateInputWindows]
02-17 07:29:08.162 I/wm_task_created( 1524): [38,-1]
02-17 07:29:08.166 I/wm_task_moved( 1524): [38,1,7]
02-17 07:29:08.166 I/wm_task_to_front( 1524): [0,38]
02-17 07:29:08.166 I/wm_create_task( 1524): [0,38]
02-17 07:29:08.166 I/wm_create_activity( 1524): [0,252841018,38,com.thundercomm.screensaver/android.service.dreams.DreamActivity,NULL,NULL,NULL,276824064]
02-17 07:29:08.166 I/wm_task_moved( 1524): [38,1,7]
02-17 07:29:08.167 I/wm_on_top_resumed_lost_called( 2568): [128678138,com.android.launcher3.uioverrides.QuickstepLauncher,topStateChangedWhenResumed]
02-17 07:29:08.167 I/wm_pause_activity( 1524): [0,128678138,com.android.launcher3/.uioverrides.QuickstepLauncher,userLeaving=true,pauseBackTasks]
02-17 07:29:08.169 I/wm_on_paused_called( 2568): [128678138,com.android.launcher3.uioverrides.QuickstepLauncher,performPause]
02-17 07:29:08.172 I/wm_add_to_stopping( 1524): [0,128678138,com.android.launcher3/.uioverrides.QuickstepLauncher,makeInvisible]
02-17 07:29:08.173 I/wm_restart_activity( 1524): [0,252841018,38,com.thundercomm.screensaver/android.service.dreams.DreamActivity]
02-17 07:29:08.174 I/wm_set_resumed_activity( 1524): [0,com.thundercomm.screensaver/android.service.dreams.DreamActivity,minimalResumeActivityLocked]
02-17 07:29:08.178 I/sysui_multi_action( 1524): [757,803,799,window_time_0,802,141]
02-17 07:29:08.179 I/wm_on_create_called( 8649): [252841018,android.service.dreams.DreamActivity,performCreate]
02-17 07:29:08.179 I/wm_on_start_called( 8649): [252841018,android.service.dreams.DreamActivity,handleStartActivity]
02-17 07:29:08.180 I/wm_on_resume_called( 8649): [252841018,android.service.dreams.DreamActivity,RESUME_ACTIVITY]
02-17 07:29:08.182 I/wm_on_top_resumed_gained_called( 8649): [252841018,android.service.dreams.DreamActivity,topStateChangedWhenResumed]
02-17 07:29:08.184 I/am_uid_active( 1524): 10062
02-17 07:29:08.185 I/input_focus( 1524): [Focus leaving febc086 NotificationShade (server),reason=NOT_FOCUSABLE]
02-17 07:29:08.185 I/input_focus( 1524): [Focus entering 321be4b com.android.launcher3/com.android.launcher3.uioverrides.QuickstepLauncher (server),reason=setFocusedWindow]
02-17 07:29:08.194 I/input_focus( 1524): [Focus request 4b206 com.thundercomm.screensaver/android.service.dreams.DreamActivity,reason=UpdateInputWindows]
02-17 07:29:08.202 I/sysui_multi_action( 1524): [319,39,322,38,325,13185,757,761,758,8,759,2,806,com.thundercomm.screensaver,871,android.service.dreams.DreamActivity,904,com.thundercomm.screensaver,905,0,1320,4,1321,2]
02-17 07:29:08.203 I/input_focus( 1524): [Focus leaving 321be4b com.android.launcher3/com.android.launcher3.uioverrides.QuickstepLauncher (server),reason=NO_WINDOW]
02-17 07:29:08.203 I/wm_activity_launch_time( 1524): [0,252841018,com.thundercomm.screensaver/android.service.dreams.DreamActivity,38]
02-17 07:29:08.203 I/sysui_multi_action( 1524): [757,1696,758,6,759,3]
02-17 07:29:08.205 I/notification_enqueue( 1524): [10080,1999,com.android.systemui,2048,NULL,0,Notification(channel=updateNotification shortcut=null contentView=null vibrate=null sound=null defaults=0x0 flags=0x0 color=0x00000000 vis=PRIVATE),1]
02-17 07:29:08.205 I/sysui_multi_action( 1999): [757,111,758,2]
02-17 07:29:08.206 I/sysui_multi_action( 1999): [757,111,758,2]
02-17 07:29:08.217 I/sysui_multi_action( 1999): [757,111,758,1]
02-17 07:29:08.217 I/sysui_multi_action( 1999): [757,126,758,1,759,126,927,0,928,1,1593,1]
02-17 07:29:08.217 I/am_wtf ( 1524): [0,1524,system_server,-1,DisplayDeviceConfig,requesting nits when no mapping exists.]
02-17 07:29:08.217 I/sysui_multi_action( 1999): [757,113,758,1,759,113,927,1,928,1,1593,1]
