02-17 08:03:21.939 I/auditd ( 0): type=1400 audit(0.0:16359): avc: denied { kill } for comm="swapper/2" capability=5 scontext=u:r:kernel:s0 tcontext=u:r:kernel:s0 tclass=capability permissive=0
02-17 08:03:22.935 I/auditd ( 0): type=1400 audit(0.0:16360): avc: denied { kill } for comm="swapper/2" capability=5 scontext=u:r:kernel:s0 tcontext=u:r:kernel:s0 tclass=capability permissive=0
02-17 08:03:23.935 I/auditd ( 0): type=1400 audit(0.0:16361): avc: denied { kill } for comm="swapper/2" capability=5 scontext=u:r:kernel:s0 tcontext=u:r:kernel:s0 tclass=capability permissive=0
02-17 08:03:24.939 I/auditd ( 0): type=1400 audit(0.0:16362): avc: denied { kill } for comm="swapper/2" capability=5 scontext=u:r:kernel:s0 tcontext=u:r:kernel:s0 tclass=capability permissive=0
02-17 08:03:25.935 I/auditd ( 0): type=1400 audit(0.0:16363): avc: denied { kill } for comm="swapper/2" capability=5 scontext=u:r:kernel:s0 tcontext=u:r:kernel:s0 tclass=capability permissive=0
02-17 08:03:26.935 I/auditd ( 0): type=1400 audit(0.0:16364): avc: denied { kill } for comm="swapper/2" capability=5 scontext=u:r:kernel:s0 tcontext=u:r:kernel:s0 tclass=capability permissive=0
02-17 08:03:27.935 I/auditd ( 0): type=1400 audit(0.0:16365): avc: denied { kill } for comm="swapper/2" capability=5 scontext=u:r:kernel:s0 tcontext=u:r:kernel:s0 tclass=capability permissive=0
02-17 08:03:28.935 I/auditd ( 0): type=1400 audit(0.0:16366): avc: denied { kill } for comm="swapper/2" capability=5 scontext=u:r:kernel:s0 tcontext=u:r:kernel:s0 tclass=capability permissive=0
02-17 08:03:29.939 I/auditd ( 0): type=1400 audit(0.0:16367): avc: denied { kill } for comm="swapper/2" capability=5 scontext=u:r:kernel:s0 tcontext=u:r:kernel:s0 tclass=capability permissive=0
02-17 08:03:30.939 I/auditd ( 0): type=1400 audit(0.0:16368): avc: denied { kill } for comm="swapper/2" capability=5 scontext=u:r:kernel:s0 tcontext=u:r:kernel:s0 tclass=capability permissive=0
02-17 08:03:31.939 I/auditd ( 0): type=1400 audit(0.0:16369): avc: denied { kill } for comm="swapper/2" capability=5 scontext=u:r:kernel:s0 tcontext=u:r:kernel:s0 tclass=capability permissive=0
02-17 08:03:32.935 I/auditd ( 0): type=1400 audit(0.0:16370): avc: denied { kill } for comm="swapper/2" capability=5 scontext=u:r:kernel:s0 tcontext=u:r:kernel:s0 tclass=capability permissive=0
02-17 08:03:33.523 I/am_freeze( 1524): [13456,com.android.gallery3d]
02-17 08:03:33.524 I/am_kill ( 1524): [0,13456,com.android.gallery3d,900,Unable to freeze binder interface]
02-17 08:03:33.561 I/am_proc_died( 1524): [0,13456,com.android.gallery3d,900,16]
02-17 08:03:33.566 I/am_uid_stopped( 1524): 10065
02-17 08:03:33.580 I/am_pss ( 1524): [2568,10073,com.android.launcher3,111045632,98377728,0,248422400,0,2,10]
02-17 08:03:33.589 I/am_pss ( 1524): [13716,10095,com.tencent.qqmusicpad,72997888,40996864,0,177393664,0,4,8]
02-17 08:03:33.596 I/am_pss ( 1524): [13834,10095,com.tencent.qqmusicpad:QQPlayerService,40055808,16695296,0,125288448,0,4,6]
02-17 08:03:33.604 I/am_pss ( 1524): [1982,1002,com.android.bluetooth,27085824,22065152,0,137359360,0,0,8]
02-17 08:03:33.613 I/am_pss ( 1524): [8649,10040,com.thundercomm.screensaver,31423488,23588864,0,155770880,0,19,8]
02-17 08:03:33.620 I/am_pss ( 1524): [14286,10067,com.android.deskclock,9039872,6057984,0,95301632,0,19,6]
02-17 08:03:33.625 I/am_pss ( 1524): [14285,10063,com.android.calendar,6800384,4820992,0,91095040,0,19,5]
02-17 08:03:33.630 I/am_pss ( 1524): [14037,1000,com.qti.diagservices,6088704,3772416,0,93446144,0,10,5]
02-17 08:03:33.638 I/am_pss ( 1524): [2883,10093,com.android.providers.media.module,20152320,16072704,0,125423616,0,0,7]
02-17 08:03:33.643 I/am_pss ( 1524): [3705,10019,com.android.packageinstaller,7445504,5533696,0,90800128,0,19,5]
02-17 08:03:33.648 I/am_pss ( 1524): [13291,2000,com.android.shell,6299648,4259840,0,91893760,0,19,4]
02-17 08:03:33.655 I/am_pss ( 1524): [2418,10094,android.ext.services,19579904,8433664,0,139481088,0,5,6]
02-17 08:03:33.661 I/am_pss ( 1524): [3008,10078,com.qualcomm.location.XT,6661120,4591616,0,92958720,0,6,5]
02-17 08:03:33.666 I/am_pss ( 1524): [3654,10026,com.android.managedprovisioning,9035776,7061504,0,93487104,0,19,5]
02-17 08:03:33.675 I/am_pss ( 1524): [3141,10034,com.baidu.input,81931264,75218944,0,200323072,0,7,9]
02-17 08:03:33.681 I/am_pss ( 1524): [2861,10075,com.qualcomm.location,10883072,7954432,0,104648704,0,0,5]
02-17 08:03:33.687 I/am_pss ( 1524): [2850,10087,com.qualcomm.qti.workloadclassifier,17251328,14524416,0,109441024,0,0,6]
02-17 08:03:33.692 I/am_pss ( 1524): [2835,10086,com.qualcomm.qti.qccnetstat,6329344,4296704,0,91242496,0,0,5]
02-17 08:03:33.698 I/am_pss ( 1524): [2816,10071,com.qualcomm.qti.services.systemhelper:systemhelper_service,6557696,4452352,0,93212672,0,0,4]
02-17 08:03:33.703 I/am_pss ( 1524): [2743,10058,ts.car.uart,6407168,4476928,0,89927680,0,0,4]
02-17 08:03:33.707 I/am_pss ( 1524): [2756,1000,com.hryt.hiphishowfsecontrol,14445568,12083200,0,105345024,0,0,4]
02-17 08:03:33.712 I/am_pss ( 1524): [2763,10054,.pasr,5569536,3641344,0,88739840,0,0,5]
02-17 08:03:33.719 I/am_pss ( 1524): [2733,10083,com.hht.lebocast,33004544,19185664,0,106266624,0,0,6]
02-17 08:03:33.725 I/am_pss ( 1524): [2373,1000,com.qualcomm.qti.qdma,16223232,12095488,0,118738944,0,0,5]
02-17 08:03:33.729 I/am_pss ( 1524): [3253,10066,com.qualcomm.qti.devicestatisticsservice,5475328,3547136,0,88535040,0,0,4]
02-17 08:03:33.735 I/am_pss ( 1524): [2340,1000,com.thundercomm.tcservice,18134016,15912960,0,106844160,0,0,5]
02-17 08:03:33.740 I/am_pss ( 1524): [2321,1000,com.thundercomm.remotecontrolservice,10048512,7270400,0,103546880,0,0,5]
02-17 08:03:33.745 I/am_pss ( 1524): [2254,10081,com.qti.qualcomm.mstatssystemservice,5643264,3710976,0,89296896,0,0,4]
02-17 08:03:33.752 I/am_pss ( 1524): [2212,1000,com.thundercomm.tcsetupwizard,54280192,48615424,0,172007424,0,0,7]
02-17 08:03:33.757 I/am_pss ( 1524): [2271,1068,com.android.se,5911552,3919872,0,90824704,0,0,5]
02-17 08:03:33.762 I/am_pss ( 1524): [2240,1000,vendor.qti.qesdk.sysservice,5680128,3694592,0,90505216,0,0,4]
02-17 08:03:33.767 I/am_pss ( 1524): [2186,1000,com.thundercomm.tchttpserver,8214528,6119424,0,94355456,0,0,5]
02-17 08:03:33.773 I/am_pss ( 1524): [2199,1000,com.tc.logclient,8122368,5783552,0,98738176,0,0,5]
02-17 08:03:33.778 I/am_pss ( 1524): [2136,1001,.dataservices,8477696,6352896,0,94916608,0,0,5]
02-17 08:03:33.783 I/am_pss ( 1524): [2166,10052,.qtidataservices,6119424,4132864,0,90886144,0,0,4]
02-17 08:03:33.790 I/am_pss ( 1524): [2121,1000,com.thundercomm.gamemode,27464704,23011328,0,134500352,0,0,6]
02-17 08:03:33.795 I/am_pss ( 1524): [2127,1000,com.thundercomm.microservice,9104384,7036928,0,95252480,0,0,4]
02-17 08:03:33.801 I/am_pss ( 1524): [2131,1000,com.thundercomm.microsettings,35911680,32587776,0,128159744,0,0,5]
02-17 08:03:33.807 I/am_pss ( 1524): [2059,1073,com.android.networkstack.process,28291072,25276416,0,124739584,0,0,6]
02-17 08:03:33.827 I/am_pss ( 1524): [1999,10080,com.android.systemui,319846400,296374272,0,495480832,0,1,18]
02-17 08:03:33.847 I/am_pss ( 1524): [1524,1000,system,245531648,154857472,0,576950272,0,0,19]
02-17 08:03:33.935 I/auditd ( 0): type=1400 audit(0.0:16371): avc: denied { kill } for comm="swapper/2" capability=5 scontext=u:r:kernel:s0 tcontext=u:r:kernel:s0 tclass=capability permissive=0
02-17 08:03:34.935 I/auditd ( 0): type=1400 audit(0.0:16372): avc: denied { kill } for comm="swapper/2" capability=5 scontext=u:r:kernel:s0 tcontext=u:r:kernel:s0 tclass=capability permissive=0
02-17 08:03:35.935 I/auditd ( 0): type=1400 audit(0.0:16373): avc: denied { kill } for comm="swapper/2" capability=5 scontext=u:r:kernel:s0 tcontext=u:r:kernel:s0 tclass=capability permissive=0
02-17 08:03:36.939 I/auditd ( 0): type=1400 audit(0.0:16374): avc: denied { kill } for comm="swapper/2" capability=5 scontext=u:r:kernel:s0 tcontext=u:r:kernel:s0 tclass=capability permissive=0
02-17 08:03:37.939 I/auditd ( 0): type=1400 audit(0.0:16375): avc: denied { kill } for comm="swapper/2" capability=5 scontext=u:r:kernel:s0 tcontext=u:r:kernel:s0 tclass=capability permissive=0
02-17 08:03:38.939 I/auditd ( 0): type=1400 audit(0.0:16376): avc: denied { kill } for comm="swapper/2" capability=5 scontext=u:r:kernel:s0 tcontext=u:r:kernel:s0 tclass=capability permissive=0
02-17 08:03:39.935 I/auditd ( 0): type=1400 audit(0.0:16377): avc: denied { kill } for comm="swapper/2" capability=5 scontext=u:r:kernel:s0 tcontext=u:r:kernel:s0 tclass=capability permissive=0
02-17 08:03:40.935 I/auditd ( 0): type=1400 audit(0.0:16378): avc: denied { kill } for comm="swapper/2" capability=5 scontext=u:r:kernel:s0 tcontext=u:r:kernel:s0 tclass=capability permissive=0
02-17 08:03:41.939 I/auditd ( 0): type=1400 audit(0.0:16379): avc: denied { kill } for comm="swapper/2" capability=5 scontext=u:r:kernel:s0 tcontext=u:r:kernel:s0 tclass=capability permissive=0
02-17 08:03:42.939 I/auditd ( 0): type=1400 audit(0.0:16380): avc: denied { kill } for comm="swapper/2" capability=5 scontext=u:r:kernel:s0 tcontext=u:r:kernel:s0 tclass=capability permissive=0
02-17 08:03:43.939 I/auditd ( 0): type=1400 audit(0.0:16381): avc: denied { kill } for comm="swapper/2" capability=5 scontext=u:r:kernel:s0 tcontext=u:r:kernel:s0 tclass=capability permissive=0
02-17 08:03:44.174 I/sysui_multi_action( 1524): [757,1696,758,6,759,2]
02-17 08:03:44.184 I/am_wtf ( 1524): [0,1524,system_server,-1,DisplayDeviceConfig,requesting nits when no mapping exists.]
02-17 08:03:44.188 I/am_wtf ( 1524): [0,1524,system_server,-1,DisplayDeviceConfig,requesting nits when no mapping exists.]
02-17 08:03:44.200 I/am_wtf ( 1524): [0,1524,system_server,-1,DisplayDeviceConfig,requesting nits when no mapping exists.]
02-17 08:03:44.202 I/am_wtf ( 1524): [0,1524,system_server,-1,DisplayDeviceConfig,requesting nits when no mapping exists.]
02-17 08:03:44.208 I/am_wtf ( 1524): [0,1524,system_server,-1,DisplayDeviceConfig,requesting nits when no mapping exists.]
02-17 08:03:44.209 I/am_wtf ( 1524): [0,1524,system_server,-1,DisplayDeviceConfig,requesting nits when no mapping exists.]
02-17 08:03:44.225 I/am_wtf ( 1524): [0,1524,system_server,-1,DisplayDeviceConfig,requesting nits when no mapping exists.]
02-17 08:03:44.225 I/am_wtf ( 1524): [0,1524,system_server,-1,DisplayDeviceConfig,requesting nits when no mapping exists.]
02-17 08:03:44.226 I/service_manager_stats( 1524): [100,60,86935]
02-17 08:03:44.243 I/am_wtf ( 1524): [0,1524,system_server,-1,DisplayDeviceConfig,requesting nits when no mapping exists.]
02-17 08:03:44.244 I/am_wtf ( 1524): [0,1524,system_server,-1,DisplayDeviceConfig,requesting nits when no mapping exists.]
02-17 08:03:44.258 I/am_wtf ( 1524): [0,1524,system_server,-1,DisplayDeviceConfig,requesting nits when no mapping exists.]
02-17 08:03:44.259 I/am_wtf ( 1524): [0,1524,system_server,-1,DisplayDeviceConfig,requesting nits when no mapping exists.]
02-17 08:03:44.276 I/am_wtf ( 1524): [0,1524,system_server,-1,DisplayDeviceConfig,requesting nits when no mapping exists.]
02-17 08:03:44.277 I/am_wtf ( 1524): [0,1524,system_server,-1,DisplayDeviceConfig,requesting nits when no mapping exists.]
02-17 08:03:44.292 I/am_wtf ( 1524): [0,1524,system_server,-1,DisplayDeviceConfig,requesting nits when no mapping exists.]
02-17 08:03:44.293 I/am_wtf ( 1524): [0,1524,system_server,-1,DisplayDeviceConfig,requesting nits when no mapping exists.]
02-17 08:03:44.309 I/am_wtf ( 1524): [0,1524,system_server,-1,DisplayDeviceConfig,requesting nits when no mapping exists.]
02-17 08:03:44.310 I/am_wtf ( 1524): [0,1524,system_server,-1,DisplayDeviceConfig,requesting nits when no mapping exists.]
02-17 08:03:44.326 I/am_wtf ( 1524): [0,1524,system_server,-1,DisplayDeviceConfig,requesting nits when no mapping exists.]
02-17 08:03:44.327 I/am_wtf ( 1524): [0,1524,system_server,-1,DisplayDeviceConfig,requesting nits when no mapping exists.]
02-17 08:03:44.343 I/am_wtf ( 1524): [0,1524,system_server,-1,DisplayDeviceConfig,requesting nits when no mapping exists.]
02-17 08:03:44.343 I/am_wtf ( 1524): [0,1524,system_server,-1,DisplayDeviceConfig,requesting nits when no mapping exists.]
02-17 08:03:44.359 I/am_wtf ( 1524): [0,1524,system_server,-1,DisplayDeviceConfig,requesting nits when no mapping exists.]
02-17 08:03:44.360 I/am_wtf ( 1524): [0,1524,system_server,-1,DisplayDeviceConfig,requesting nits when no mapping exists.]
02-17 08:03:44.376 I/am_wtf ( 1524): [0,1524,system_server,-1,DisplayDeviceConfig,requesting nits when no mapping exists.]
02-17 08:03:44.377 I/am_wtf ( 1524): [0,1524,system_server,-1,DisplayDeviceConfig,requesting nits when no mapping exists.]
02-17 08:03:44.393 I/am_wtf ( 1524): [0,1524,system_server,-1,DisplayDeviceConfig,requesting nits when no mapping exists.]
02-17 08:03:44.393 I/am_wtf ( 1524): [0,1524,system_server,-1,DisplayDeviceConfig,requesting nits when no mapping exists.]
02-17 08:03:44.409 I/am_wtf ( 1524): [0,1524,system_server,-1,DisplayDeviceConfig,requesting nits when no mapping exists.]
02-17 08:03:44.410 I/am_wtf ( 1524): [0,1524,system_server,-1,DisplayDeviceConfig,requesting nits when no mapping exists.]
02-17 08:03:44.426 I/am_wtf ( 1524): [0,1524,system_server,-1,DisplayDeviceConfig,requesting nits when no mapping exists.]
02-17 08:03:44.427 I/am_wtf ( 1524): [0,1524,system_server,-1,DisplayDeviceConfig,requesting nits when no mapping exists.]
02-17 08:03:44.443 I/am_wtf ( 1524): [0,1524,system_server,-1,DisplayDeviceConfig,requesting nits when no mapping exists.]
02-17 08:03:44.444 I/am_wtf ( 1524): [0,1524,system_server,-1,DisplayDeviceConfig,requesting nits when no mapping exists.]
02-17 08:03:44.460 I/am_wtf ( 1524): [0,1524,system_server,-1,DisplayDeviceConfig,requesting nits when no mapping exists.]
02-17 08:03:44.461 I/am_wtf ( 1524): [0,1524,system_server,-1,DisplayDeviceConfig,requesting nits when no mapping exists.]
02-17 08:03:44.476 I/am_wtf ( 1524): [0,1524,system_server,-1,DisplayDeviceConfig,requesting nits when no mapping exists.]
02-17 08:03:44.477 I/am_wtf ( 1524): [0,1524,system_server,-1,DisplayDeviceConfig,requesting nits when no mapping exists.]
02-17 08:03:44.493 I/am_wtf ( 1524): [0,1524,system_server,-1,DisplayDeviceConfig,requesting nits when no mapping exists.]
02-17 08:03:44.494 I/am_wtf ( 1524): [0,1524,system_server,-1,DisplayDeviceConfig,requesting nits when no mapping exists.]
02-17 08:03:44.510 I/am_wtf ( 1524): [0,1524,system_server,-1,DisplayDeviceConfig,requesting nits when no mapping exists.]
02-17 08:03:44.510 I/am_wtf ( 1524): [0,1524,system_server,-1,DisplayDeviceConfig,requesting nits when no mapping exists.]
02-17 08:03:44.526 I/am_wtf ( 1524): [0,1524,system_server,-1,DisplayDeviceConfig,requesting nits when no mapping exists.]
02-17 08:03:44.527 I/am_wtf ( 1524): [0,1524,system_server,-1,DisplayDeviceConfig,requesting nits when no mapping exists.]
02-17 08:03:44.543 I/am_wtf ( 1524): [0,1524,system_server,-1,DisplayDeviceConfig,requesting nits when no mapping exists.]
02-17 08:03:44.543 I/am_wtf ( 1524): [0,1524,system_server,-1,DisplayDeviceConfig,requesting nits when no mapping exists.]
02-17 08:03:44.560 I/am_wtf ( 1524): [0,1524,system_server,-1,DisplayDeviceConfig,requesting nits when no mapping exists.]
02-17 08:03:44.561 I/am_wtf ( 1524): [0,1524,system_server,-1,DisplayDeviceConfig,requesting nits when no mapping exists.]
02-17 08:03:44.577 I/am_wtf ( 1524): [0,1524,system_server,-1,DisplayDeviceConfig,requesting nits when no mapping exists.]
02-17 08:03:44.578 I/am_wtf ( 1524): [0,1524,system_server,-1,DisplayDeviceConfig,requesting nits when no mapping exists.]
02-17 08:03:44.593 I/am_wtf ( 1524): [0,1524,system_server,-1,DisplayDeviceConfig,requesting nits when no mapping exists.]
02-17 08:03:44.594 I/am_wtf ( 1524): [0,1524,system_server,-1,DisplayDeviceConfig,requesting nits when no mapping exists.]
02-17 08:03:44.611 I/am_wtf ( 1524): [0,1524,system_server,-1,DisplayDeviceConfig,requesting nits when no mapping exists.]
02-17 08:03:44.612 I/am_wtf ( 1524): [0,1524,system_server,-1,DisplayDeviceConfig,requesting nits when no mapping exists.]
02-17 08:03:44.626 I/am_wtf ( 1524): [0,1524,system_server,-1,DisplayDeviceConfig,requesting nits when no mapping exists.]
02-17 08:03:44.627 I/am_wtf ( 1524): [0,1524,system_server,-1,DisplayDeviceConfig,requesting nits when no mapping exists.]
02-17 08:03:44.643 I/am_wtf ( 1524): [0,1524,system_server,-1,DisplayDeviceConfig,requesting nits when no mapping exists.]
02-17 08:03:44.644 I/am_wtf ( 1524): [0,1524,system_server,-1,DisplayDeviceConfig,requesting nits when no mapping exists.]
02-17 08:03:44.659 I/am_wtf ( 1524): [0,1524,system_server,-1,DisplayDeviceConfig,requesting nits when no mapping exists.]
02-17 08:03:44.660 I/am_wtf ( 1524): [0,1524,system_server,-1,DisplayDeviceConfig,requesting nits when no mapping exists.]
02-17 08:03:44.676 I/am_wtf ( 1524): [0,1524,system_server,-1,DisplayDeviceConfig,requesting nits when no mapping exists.]
02-17 08:03:44.677 I/am_wtf ( 1524): [0,1524,system_server,-1,DisplayDeviceConfig,requesting nits when no mapping exists.]
02-17 08:03:44.693 I/am_wtf ( 1524): [0,1524,system_server,-1,DisplayDeviceConfig,requesting nits when no mapping exists.]
02-17 08:03:44.694 I/am_wtf ( 1524): [0,1524,system_server,-1,DisplayDeviceConfig,requesting nits when no mapping exists.]
02-17 08:03:44.710 I/am_wtf ( 1524): [0,1524,system_server,-1,DisplayDeviceConfig,requesting nits when no mapping exists.]
02-17 08:03:44.711 I/am_wtf ( 1524): [0,1524,system_server,-1,DisplayDeviceConfig,requesting nits when no mapping exists.]
02-17 08:03:44.726 I/am_wtf ( 1524): [0,1524,system_server,-1,DisplayDeviceConfig,requesting nits when no mapping exists.]
02-17 08:03:44.727 I/am_wtf ( 1524): [0,1524,system_server,-1,DisplayDeviceConfig,requesting nits when no mapping exists.]
02-17 08:03:44.743 I/am_wtf ( 1524): [0,1524,system_server,-1,DisplayDeviceConfig,requesting nits when no mapping exists.]
02-17 08:03:44.744 I/am_wtf ( 1524): [0,1524,system_server,-1,DisplayDeviceConfig,requesting nits when no mapping exists.]
02-17 08:03:44.760 I/am_wtf ( 1524): [0,1524,system_server,-1,DisplayDeviceConfig,requesting nits when no mapping exists.]
02-17 08:03:44.760 I/am_wtf ( 1524): [0,1524,system_server,-1,DisplayDeviceConfig,requesting nits when no mapping exists.]
02-17 08:03:44.777 I/am_wtf ( 1524): [0,1524,system_server,-1,DisplayDeviceConfig,requesting nits when no mapping exists.]
02-17 08:03:44.777 I/am_wtf ( 1524): [0,1524,system_server,-1,DisplayDeviceConfig,requesting nits when no mapping exists.]
02-17 08:03:44.793 I/am_wtf ( 1524): [0,1524,system_server,-1,DisplayDeviceConfig,requesting nits when no mapping exists.]
02-17 08:03:44.795 I/am_wtf ( 1524): [0,1524,system_server,-1,DisplayDeviceConfig,requesting nits when no mapping exists.]
02-17 08:03:44.810 I/am_wtf ( 1524): [0,1524,system_server,-1,DisplayDeviceConfig,requesting nits when no mapping exists.]
02-17 08:03:44.811 I/am_wtf ( 1524): [0,1524,system_server,-1,DisplayDeviceConfig,requesting nits when no mapping exists.]
02-17 08:03:44.827 I/am_wtf ( 1524): [0,1524,system_server,-1,DisplayDeviceConfig,requesting nits when no mapping exists.]
02-17 08:03:44.828 I/am_wtf ( 1524): [0,1524,system_server,-1,DisplayDeviceConfig,requesting nits when no mapping exists.]
02-17 08:03:44.844 I/am_wtf ( 1524): [0,1524,system_server,-1,DisplayDeviceConfig,requesting nits when no mapping exists.]
02-17 08:03:44.845 I/am_wtf ( 1524): [0,1524,system_server,-1,DisplayDeviceConfig,requesting nits when no mapping exists.]
02-17 08:03:44.860 I/am_wtf ( 1524): [0,1524,system_server,-1,DisplayDeviceConfig,requesting nits when no mapping exists.]
02-17 08:03:44.861 I/am_wtf ( 1524): [0,1524,system_server,-1,DisplayDeviceConfig,requesting nits when no mapping exists.]
02-17 08:03:44.877 I/am_wtf ( 1524): [0,1524,system_server,-1,DisplayDeviceConfig,requesting nits when no mapping exists.]
02-17 08:03:44.878 I/am_wtf ( 1524): [0,1524,system_server,-1,DisplayDeviceConfig,requesting nits when no mapping exists.]
02-17 08:03:44.894 I/am_wtf ( 1524): [0,1524,system_server,-1,DisplayDeviceConfig,requesting nits when no mapping exists.]
02-17 08:03:44.895 I/am_wtf ( 1524): [0,1524,system_server,-1,DisplayDeviceConfig,requesting nits when no mapping exists.]
02-17 08:03:44.910 I/am_wtf ( 1524): [0,1524,system_server,-1,DisplayDeviceConfig,requesting nits when no mapping exists.]
02-17 08:03:44.911 I/am_wtf ( 1524): [0,1524,system_server,-1,DisplayDeviceConfig,requesting nits when no mapping exists.]
02-17 08:03:44.927 I/am_wtf ( 1524): [0,1524,system_server,-1,DisplayDeviceConfig,requesting nits when no mapping exists.]
02-17 08:03:44.928 I/am_wtf ( 1524): [0,1524,system_server,-1,DisplayDeviceConfig,requesting nits when no mapping exists.]
02-17 08:03:44.935 I/auditd ( 0): type=1400 audit(0.0:16382): avc: denied { kill } for comm="swapper/2" capability=5 scontext=u:r:kernel:s0 tcontext=u:r:kernel:s0 tclass=capability permissive=0
02-17 08:03:44.944 I/am_wtf ( 1524): [0,1524,system_server,-1,DisplayDeviceConfig,requesting nits when no mapping exists.]
02-17 08:03:44.945 I/am_wtf ( 1524): [0,1524,system_server,-1,DisplayDeviceConfig,requesting nits when no mapping exists.]
02-17 08:03:44.960 I/am_wtf ( 1524): [0,1524,system_server,-1,DisplayDeviceConfig,requesting nits when no mapping exists.]
02-17 08:03:44.961 I/am_wtf ( 1524): [0,1524,system_server,-1,DisplayDeviceConfig,requesting nits when no mapping exists.]
02-17 08:03:44.977 I/am_wtf ( 1524): [0,1524,system_server,-1,DisplayDeviceConfig,requesting nits when no mapping exists.]
02-17 08:03:44.978 I/am_wtf ( 1524): [0,1524,system_server,-1,DisplayDeviceConfig,requesting nits when no mapping exists.]
02-17 08:03:44.994 I/am_wtf ( 1524): [0,1524,system_server,-1,DisplayDeviceConfig,requesting nits when no mapping exists.]
02-17 08:03:44.995 I/am_wtf ( 1524): [0,1524,system_server,-1,DisplayDeviceConfig,requesting nits when no mapping exists.]
02-17 08:03:45.010 I/am_wtf ( 1524): [0,1524,system_server,-1,DisplayDeviceConfig,requesting nits when no mapping exists.]
02-17 08:03:45.011 I/am_wtf ( 1524): [0,1524,system_server,-1,DisplayDeviceConfig,requesting nits when no mapping exists.]
02-17 08:03:45.027 I/am_wtf ( 1524): [0,1524,system_server,-1,DisplayDeviceConfig,requesting nits when no mapping exists.]
02-17 08:03:45.028 I/am_wtf ( 1524): [0,1524,system_server,-1,DisplayDeviceConfig,requesting nits when no mapping exists.]
02-17 08:03:45.044 I/am_wtf ( 1524): [0,1524,system_server,-1,DisplayDeviceConfig,requesting nits when no mapping exists.]
02-17 08:03:45.045 I/am_wtf ( 1524): [0,1524,system_server,-1,DisplayDeviceConfig,requesting nits when no mapping exists.]
02-17 08:03:45.061 I/am_wtf ( 1524): [0,1524,system_server,-1,DisplayDeviceConfig,requesting nits when no mapping exists.]
02-17 08:03:45.062 I/am_wtf ( 1524): [0,1524,system_server,-1,DisplayDeviceConfig,requesting nits when no mapping exists.]
02-17 08:03:45.077 I/am_wtf ( 1524): [0,1524,system_server,-1,DisplayDeviceConfig,requesting nits when no mapping exists.]
02-17 08:03:45.078 I/am_wtf ( 1524): [0,1524,system_server,-1,DisplayDeviceConfig,requesting nits when no mapping exists.]
02-17 08:03:45.094 I/am_wtf ( 1524): [0,1524,system_server,-1,DisplayDeviceConfig,requesting nits when no mapping exists.]
02-17 08:03:45.095 I/am_wtf ( 1524): [0,1524,system_server,-1,DisplayDeviceConfig,requesting nits when no mapping exists.]
02-17 08:03:45.110 I/am_wtf ( 1524): [0,1524,system_server,-1,DisplayDeviceConfig,requesting nits when no mapping exists.]
02-17 08:03:45.111 I/am_wtf ( 1524): [0,1524,system_server,-1,DisplayDeviceConfig,requesting nits when no mapping exists.]
02-17 08:03:45.127 I/am_wtf ( 1524): [0,1524,system_server,-1,DisplayDeviceConfig,requesting nits when no mapping exists.]
02-17 08:03:45.128 I/am_wtf ( 1524): [0,1524,system_server,-1,DisplayDeviceConfig,requesting nits when no mapping exists.]
02-17 08:03:45.151 I/am_freeze( 1524): [13617,com.android.permissioncontroller]
02-17 08:03:45.154 I/am_kill ( 1524): [0,13617,com.android.permissioncontroller,955,Unable to freeze binder interface]
02-17 08:03:45.189 I/am_proc_died( 1524): [0,13617,com.android.permissioncontroller,955,19]
02-17 08:03:45.190 I/am_uid_stopped( 1524): 10092
02-17 08:03:45.939 I/auditd ( 0): type=1400 audit(0.0:16383): avc: denied { kill } for comm="swapper/2" capability=5 scontext=u:r:kernel:s0 tcontext=u:r:kernel:s0 tclass=capability permissive=0
02-17 08:03:46.939 I/auditd ( 0): type=1400 audit(0.0:16384): avc: denied { kill } for comm="swapper/2" capability=5 scontext=u:r:kernel:s0 tcontext=u:r:kernel:s0 tclass=capability permissive=0
02-17 08:03:47.939 I/auditd ( 0): type=1400 audit(0.0:16385): avc: denied { kill } for comm="swapper/2" capability=5 scontext=u:r:kernel:s0 tcontext=u:r:kernel:s0 tclass=capability permissive=0
02-17 08:03:48.939 I/auditd ( 0): type=1400 audit(0.0:16386): avc: denied { kill } for comm="swapper/2" capability=5 scontext=u:r:kernel:s0 tcontext=u:r:kernel:s0 tclass=capability permissive=0
02-17 08:03:49.939 I/auditd ( 0): type=1400 audit(0.0:16387): avc: denied { kill } for comm="swapper/2" capability=5 scontext=u:r:kernel:s0 tcontext=u:r:kernel:s0 tclass=capability permissive=0
02-17 08:03:50.373 I/service_manager_stats( 1524): [109,53,6147]
02-17 08:03:50.939 I/auditd ( 0): type=1400 audit(0.0:16388): avc: denied { kill } for comm="swapper/2" capability=5 scontext=u:r:kernel:s0 tcontext=u:r:kernel:s0 tclass=capability permissive=0
02-17 08:03:51.159 I/sysui_multi_action( 1524): [757,222,758,1]
02-17 08:03:51.161 I/am_uid_active( 1524): 10040
02-17 08:03:51.171 I/am_pss ( 1524): [13361,10084,com.android.music,25648128,17895424,0,149975040,0,4,12]
02-17 08:03:51.173 I/wm_task_created( 1524): [53,-1]
02-17 08:03:51.178 I/wm_task_moved( 1524): [53,1,14]
02-17 08:03:51.178 I/wm_task_to_front( 1524): [0,53]
02-17 08:03:51.178 I/wm_create_task( 1524): [0,53]
02-17 08:03:51.178 I/wm_create_activity( 1524): [0,48712218,53,com.thundercomm.screensaver/android.service.dreams.DreamActivity,NULL,NULL,NULL,276824064]
02-17 08:03:51.178 I/wm_task_moved( 1524): [53,1,14]
02-17 08:03:51.178 I/wm_on_top_resumed_lost_called( 2568): [128678138,com.android.launcher3.uioverrides.QuickstepLauncher,topStateChangedWhenResumed]
02-17 08:03:51.179 I/wm_pause_activity( 1524): [0,128678138,com.android.launcher3/.uioverrides.QuickstepLauncher,userLeaving=true,pauseBackTasks]
02-17 08:03:51.182 I/wm_on_paused_called( 2568): [128678138,com.android.launcher3.uioverrides.QuickstepLauncher,performPause]
02-17 08:03:51.185 I/wm_add_to_stopping( 1524): [0,128678138,com.android.launcher3/.uioverrides.QuickstepLauncher,makeInvisible]
02-17 08:03:51.185 I/wm_restart_activity( 1524): [0,48712218,53,com.thundercomm.screensaver/android.service.dreams.DreamActivity]
02-17 08:03:51.186 I/wm_set_resumed_activity( 1524): [0,com.thundercomm.screensaver/android.service.dreams.DreamActivity,minimalResumeActivityLocked]
02-17 08:03:51.190 I/wm_on_create_called( 8649): [48712218,android.service.dreams.DreamActivity,performCreate]
02-17 08:03:51.190 I/wm_on_start_called( 8649): [48712218,android.service.dreams.DreamActivity,handleStartActivity]
02-17 08:03:51.192 I/wm_on_resume_called( 8649): [48712218,android.service.dreams.DreamActivity,RESUME_ACTIVITY]
02-17 08:03:51.193 I/sysui_multi_action( 1524): [757,803,799,window_time_0,802,304]
02-17 08:03:51.195 I/am_uid_active( 1524): 10062
02-17 08:03:51.198 I/wm_on_top_resumed_gained_called( 8649): [48712218,android.service.dreams.DreamActivity,topStateChangedWhenResumed]
02-17 08:03:51.209 I/input_focus( 1524): [Focus leaving febc086 NotificationShade (server),reason=NOT_FOCUSABLE]
02-17 08:03:51.218 I/input_focus( 1524): [Focus request 4ed0272 com.thundercomm.screensaver/android.service.dreams.DreamActivity,reason=UpdateInputWindows]
02-17 08:03:51.226 I/sysui_multi_action( 1524): [319,54,322,53,325,15268,757,761,758,8,759,2,806,com.thundercomm.screensaver,871,android.service.dreams.DreamActivity,904,com.thundercomm.screensaver,905,0,1320,4,1321,2]
02-17 08:03:51.227 I/wm_activity_launch_time( 1524): [0,48712218,com.thundercomm.screensaver/android.service.dreams.DreamActivity,53]
02-17 08:03:51.227 I/sysui_multi_action( 1524): [757,1696,758,6,759,3]
02-17 08:03:51.231 I/notification_enqueue( 1524): [10080,1999,com.android.systemui,2048,NULL,0,Notification(channel=updateNotification shortcut=null contentView=null vibrate=null sound=null defaults=0x0 flags=0x0 color=0x00000000 vis=PRIVATE),1]
02-17 08:03:51.231 I/sysui_multi_action( 1999): [757,111,758,2]
02-17 08:03:51.231 I/sysui_multi_action( 1999): [757,111,758,2]
02-17 08:03:51.241 I/sysui_multi_action( 1999): [757,111,758,1]
02-17 08:03:51.241 I/sysui_multi_action( 1999): [757,126,758,1,759,126,927,0,928,1,1593,0]
02-17 08:03:51.241 I/am_wtf ( 1524): [0,1524,system_server,-1,DisplayDeviceConfig,requesting nits when no mapping exists.]
02-17 08:03:51.241 I/sysui_multi_action( 1999): [757,113,758,1,759,113,927,1,928,1,1593,0]
02-17 08:03:51.241 I/sysui_multi_action( 1999): [757,0,758,1,759,0,927,2,928,0,1593,0]
02-17 08:03:51.241 I/sysui_multi_action( 1999): [757,0,758,1,759,0,927,3,928,0,1593,0]
02-17 08:03:51.241 I/sysui_multi_action( 1999): [757,491,758,1,759,491,927,4,928,0,1311,-1,1593,0]
02-17 08:03:51.241 I/am_wtf ( 1524): [0,1524,system_server,-1,DisplayDeviceConfig,requesting nits when no mapping exists.]
02-17 08:03:51.241 I/sysui_multi_action( 1999): [757,0,758,1,759,0,927,5,928,0,1593,0]
02-17 08:03:51.241 I/sysui_multi_action( 1999): [757,111,758,1]
02-17 08:03:51.241 I/sysui_multi_action( 1999): [757,126,758,1,759,126,927,0,928,1,1593,0]
02-17 08:03:51.241 I/sysui_multi_action( 1999): [757,113,758,1,759,113,927,1,928,1,1593,0]
02-17 08:03:51.241 I/sysui_multi_action( 1999): [757,0,758,1,759,0,927,2,928,0,1593,0]
02-17 08:03:51.241 I/sysui_multi_action( 1999): [757,0,758,1,759,0,927,3,928,0,1593,0]
02-17 08:03:51.242 I/input_focus( 1524): [Focus entering 4ed0272 com.thundercomm.screensaver/android.service.dreams.DreamActivity (server),reason=Window became focusable. Previous reason: NOT_VISIBLE]
02-17 08:03:51.258 I/am_wtf ( 1524): [0,1524,system_server,-1,DisplayDeviceConfig,requesting nits when no mapping exists.]
02-17 08:03:51.258 I/am_wtf ( 1524): [0,1524,system_server,-1,DisplayDeviceConfig,requesting nits when no mapping exists.]
02-17 08:03:51.275 I/am_wtf ( 1524): [0,1524,system_server,-1,DisplayDeviceConfig,requesting nits when no mapping exists.]
02-17 08:03:51.276 I/am_wtf ( 1524): [0,1524,system_server,-1,DisplayDeviceConfig,requesting nits when no mapping exists.]
02-17 08:03:51.292 I/am_wtf ( 1524): [0,1524,system_server,-1,DisplayDeviceConfig,requesting nits when no mapping exists.]
02-17 08:03:51.293 I/am_wtf ( 1524): [0,1524,system_server,-1,DisplayDeviceConfig,requesting nits when no mapping exists.]
02-17 08:03:51.308 I/am_wtf ( 1524): [0,1524,system_server,-1,DisplayDeviceConfig,requesting nits when no mapping exists.]
02-17 08:03:51.308 I/am_wtf ( 1524): [0,1524,system_server,-1,DisplayDeviceConfig,requesting nits when no mapping exists.]
02-17 08:03:51.325 I/am_wtf ( 1524): [0,1524,system_server,-1,DisplayDeviceConfig,requesting nits when no mapping exists.]
02-17 08:03:51.325 I/am_wtf ( 1524): [0,1524,system_server,-1,DisplayDeviceConfig,requesting nits when no mapping exists.]
02-17 08:03:51.343 I/am_wtf ( 1524): [0,1524,system_server,-1,DisplayDeviceConfig,requesting nits when no mapping exists.]
02-17 08:03:51.344 I/am_wtf ( 1524): [0,1524,system_server,-1,DisplayDeviceConfig,requesting nits when no mapping exists.]
02-17 08:03:51.358 I/am_wtf ( 1524): [0,1524,system_server,-1,DisplayDeviceConfig,requesting nits when no mapping exists.]
02-17 08:03:51.358 I/am_wtf ( 1524): [0,1524,system_server,-1,DisplayDeviceConfig,requesting nits when no mapping exists.]
02-17 08:03:51.375 I/am_wtf ( 1524): [0,1524,system_server,-1,DisplayDeviceConfig,requesting nits when no mapping exists.]
02-17 08:03:51.376 I/am_wtf ( 1524): [0,1524,system_server,-1,DisplayDeviceConfig,requesting nits when no mapping exists.]
02-17 08:03:51.393 I/am_wtf ( 1524): [0,1524,system_server,-1,DisplayDeviceConfig,requesting nits when no mapping exists.]
02-17 08:03:51.393 I/am_wtf ( 1524): [0,1524,system_server,-1,DisplayDeviceConfig,requesting nits when no mapping exists.]
02-17 08:03:51.409 I/am_wtf ( 1524): [0,1524,system_server,-1,DisplayDeviceConfig,requesting nits when no mapping exists.]
02-17 08:03:51.409 I/am_wtf ( 1524): [0,1524,system_server,-1,DisplayDeviceConfig,requesting nits when no mapping exists.]
02-17 08:03:51.425 I/am_wtf ( 1524): [0,1524,system_server,-1,DisplayDeviceConfig,requesting nits when no mapping exists.]
02-17 08:03:51.425 I/am_wtf ( 1524): [0,1524,system_server,-1,DisplayDeviceConfig,requesting nits when no mapping exists.]
02-17 08:03:51.442 I/am_wtf ( 1524): [0,1524,system_server,-1,DisplayDeviceConfig,requesting nits when no mapping exists.]
02-17 08:03:51.443 I/am_wtf ( 1524): [0,1524,system_server,-1,DisplayDeviceConfig,requesting nits when no mapping exists.]
02-17 08:03:51.459 I/am_wtf ( 1524): [0,1524,system_server,-1,DisplayDeviceConfig,requesting nits when no mapping exists.]
02-17 08:03:51.459 I/am_wtf ( 1524): [0,1524,system_server,-1,DisplayDeviceConfig,requesting nits when no mapping exists.]
02-17 08:03:51.475 I/am_wtf ( 1524): [0,1524,system_server,-1,DisplayDeviceConfig,requesting nits when no mapping exists.]
02-17 08:03:51.476 I/am_wtf ( 1524): [0,1524,system_server,-1,DisplayDeviceConfig,requesting nits when no mapping exists.]
02-17 08:03:51.476 I/notification_enqueue( 1524): [10080,1999,com.android.systemui,2048,NULL,0,Notification(channel=updateNotification shortcut=null contentView=null vibrate=null sound=null defaults=0x0 flags=0x0 color=0x00000000 vis=PRIVATE),1]
02-17 08:03:51.476 I/sysui_multi_action( 1999): [757,111,758,2]
02-17 08:03:51.476 I/sysui_multi_action( 1999): [757,111,758,2]
02-17 08:03:51.492 I/am_wtf ( 1524): [0,1524,system_server,-1,DisplayDeviceConfig,requesting nits when no mapping exists.]
02-17 08:03:51.492 I/am_wtf ( 1524): [0,1524,system_server,-1,DisplayDeviceConfig,requesting nits when no mapping exists.]
02-17 08:03:51.508 I/am_wtf ( 1524): [0,1524,system_server,-1,DisplayDeviceConfig,requesting nits when no mapping exists.]
02-17 08:03:51.509 I/am_wtf ( 1524): [0,1524,system_server,-1,DisplayDeviceConfig,requesting nits when no mapping exists.]
02-17 08:03:51.526 I/am_wtf ( 1524): [0,1524,system_server,-1,DisplayDeviceConfig,requesting nits when no mapping exists.]
02-17 08:03:51.527 I/am_wtf ( 1524): [0,1524,system_server,-1,DisplayDeviceConfig,requesting nits when no mapping exists.]
02-17 08:03:51.527 I/wm_stop_activity( 1524): [0,128678138,com.android.launcher3/.uioverrides.QuickstepLauncher]
02-17 08:03:51.542 I/am_wtf ( 1524): [0,1524,system_server,-1,DisplayDeviceConfig,requesting nits when no mapping exists.]
02-17 08:03:51.543 I/am_wtf ( 1524): [0,1524,system_server,-1,DisplayDeviceConfig,requesting nits when no mapping exists.]
02-17 08:03:51.545 I/wm_on_stop_called( 2568): [128678138,com.android.launcher3.uioverrides.QuickstepLauncher,STOP_ACTIVITY_ITEM]
02-17 08:03:51.559 I/am_wtf ( 1524): [0,1524,system_server,-1,DisplayDeviceConfig,requesting nits when no mapping exists.]
02-17 08:03:51.561 I/am_wtf ( 1524): [0,1524,system_server,-1,DisplayDeviceConfig,requesting nits when no mapping exists.]
02-17 08:03:51.575 I/am_wtf ( 1524): [0,1524,system_server,-1,DisplayDeviceConfig,requesting nits when no mapping exists.]
02-17 08:03:51.576 I/am_wtf ( 1524): [0,1524,system_server,-1,DisplayDeviceConfig,requesting nits when no mapping exists.]
02-17 08:03:51.592 I/am_wtf ( 1524): [0,1524,system_server,-1,DisplayDeviceConfig,requesting nits when no mapping exists.]
02-17 08:03:51.592 I/am_wtf ( 1524): [0,1524,system_server,-1,DisplayDeviceConfig,requesting nits when no mapping exists.]
02-17 08:03:51.609 I/am_wtf ( 1524): [0,1524,system_server,-1,DisplayDeviceConfig,requesting nits when no mapping exists.]
02-17 08:03:51.609 I/am_wtf ( 1524): [0,1524,system_server,-1,DisplayDeviceConfig,requesting nits when no mapping exists.]
02-17 08:03:51.626 I/am_wtf ( 1524): [0,1524,system_server,-1,DisplayDeviceConfig,requesting nits when no mapping exists.]
02-17 08:03:51.626 I/am_wtf ( 1524): [0,1524,system_server,-1,DisplayDeviceConfig,requesting nits when no mapping exists.]
02-17 08:03:51.643 I/am_wtf ( 1524): [0,1524,system_server,-1,DisplayDeviceConfig,requesting nits when no mapping exists.]
02-17 08:03:51.643 I/am_wtf ( 1524): [0,1524,system_server,-1,DisplayDeviceConfig,requesting nits when no mapping exists.]
02-17 08:03:51.659 I/am_wtf ( 1524): [0,1524,system_server,-1,DisplayDeviceConfig,requesting nits when no mapping exists.]
02-17 08:03:51.660 I/am_wtf ( 1524): [0,1524,system_server,-1,DisplayDeviceConfig,requesting nits when no mapping exists.]
02-17 08:03:51.677 I/am_wtf ( 1524): [0,1524,system_server,-1,DisplayDeviceConfig,requesting nits when no mapping exists.]
02-17 08:03:51.678 I/am_wtf ( 1524): [0,1524,system_server,-1,DisplayDeviceConfig,requesting nits when no mapping exists.]
02-17 08:03:51.686 I/sysui_multi_action( 1524): [757,128,758,2,793,14056297,794,60513,795,14056297,796,26,798,0,806,android,857,DEVELOPER_IMPORTANT,858,4,947,0,1395,3,1500,14056090,1688,1]
02-17 08:03:51.686 I/notification_visibility( 1524): [-1|android|26|null|1000,0,14056297,14056297,0,0]
02-17 08:03:51.686 I/sysui_multi_action( 1524): [757,128,758,2,793,14084529,794,60513,795,959497,796,17303299,797,com.android.wifi,798,1,806,android,857,NETWORK_AVAILABLE,858,2,947,0,1395,3,1500,60512,1688,1]
02-17 08:03:51.686 I/notification_visibility( 1524): [0|android|17303299|com.android.wifi|1000,0,14084529,959497,0,1]
02-17 08:03:51.687 I/sysui_multi_action( 1524): [757,128,758,2,793,15258232,794,60513,795,15258232,796,32,798,2,806,android,857,USB,858,1,947,0,1395,3,1500,15257800,1688,1]
02-17 08:03:51.687 I/notification_visibility( 1524): [-1|android|32|null|1000,0,15258232,15258232,0,2]
02-17 08:03:51.687 I/sysui_multi_action( 1524): [757,127,758,2]
02-17 08:03:51.688 I/notification_panel_hidden( 1524):
02-17 08:03:51.693 I/am_wtf ( 1524): [0,1524,system_server,-1,DisplayDeviceConfig,requesting nits when no mapping exists.]
02-17 08:03:51.693 I/am_wtf ( 1524): [0,1524,system_server,-1,DisplayDeviceConfig,requesting nits when no mapping exists.]
02-17 08:03:51.709 I/am_wtf ( 1524): [0,1524,system_server,-1,DisplayDeviceConfig,requesting nits when no mapping exists.]
02-17 08:03:51.710 I/am_wtf ( 1524): [0,1524,system_server,-1,DisplayDeviceConfig,requesting nits when no mapping exists.]
02-17 08:03:51.726 I/am_wtf ( 1524): [0,1524,system_server,-1,DisplayDeviceConfig,requesting nits when no mapping exists.]
02-17 08:03:51.727 I/am_wtf ( 1524): [0,1524,system_server,-1,DisplayDeviceConfig,requesting nits when no mapping exists.]
02-17 08:03:51.743 I/am_wtf ( 1524): [0,1524,system_server,-1,DisplayDeviceConfig,requesting nits when no mapping exists.]
02-17 08:03:51.743 I/am_wtf ( 1524): [0,1524,system_server,-1,DisplayDeviceConfig,requesting nits when no mapping exists.]
02-17 08:03:51.759 I/am_wtf ( 1524): [0,1524,system_server,-1,DisplayDeviceConfig,requesting nits when no mapping exists.]
02-17 08:03:51.760 I/am_wtf ( 1524): [0,1524,system_server,-1,DisplayDeviceConfig,requesting nits when no mapping exists.]
02-17 08:03:51.776 I/am_wtf ( 1524): [0,1524,system_server,-1,DisplayDeviceConfig,requesting nits when no mapping exists.]
02-17 08:03:51.776 I/am_wtf ( 1524): [0,1524,system_server,-1,DisplayDeviceConfig,requesting nits when no mapping exists.]
02-17 08:03:51.793 I/am_wtf ( 1524): [0,1524,system_server,-1,DisplayDeviceConfig,requesting nits when no mapping exists.]
02-17 08:03:51.793 I/am_wtf ( 1524): [0,1524,system_server,-1,DisplayDeviceConfig,requesting nits when no mapping exists.]
02-17 08:03:51.810 I/am_wtf ( 1524): [0,1524,system_server,-1,DisplayDeviceConfig,requesting nits when no mapping exists.]
02-17 08:03:51.810 I/am_wtf ( 1524): [0,1524,system_server,-1,DisplayDeviceConfig,requesting nits when no mapping exists.]
02-17 08:03:51.826 I/am_wtf ( 1524): [0,1524,system_server,-1,DisplayDeviceConfig,requesting nits when no mapping exists.]
02-17 08:03:51.827 I/am_wtf ( 1524): [0,1524,system_server,-1,DisplayDeviceConfig,requesting nits when no mapping exists.]
02-17 08:03:51.843 I/am_wtf ( 1524): [0,1524,system_server,-1,DisplayDeviceConfig,requesting nits when no mapping exists.]
02-17 08:03:51.843 I/am_wtf ( 1524): [0,1524,system_server,-1,DisplayDeviceConfig,requesting nits when no mapping exists.]
02-17 08:03:51.860 I/am_wtf ( 1524): [0,1524,system_server,-1,DisplayDeviceConfig,requesting nits when no mapping exists.]
02-17 08:03:51.860 I/am_wtf ( 1524): [0,1524,system_server,-1,DisplayDeviceConfig,requesting nits when no mapping exists.]
02-17 08:03:51.877 I/am_wtf ( 1524): [0,1524,system_server,-1,DisplayDeviceConfig,requesting nits when no mapping exists.]
02-17 08:03:51.877 I/am_wtf ( 1524): [0,1524,system_server,-1,DisplayDeviceConfig,requesting nits when no mapping exists.]
02-17 08:03:51.893 I/am_wtf ( 1524): [0,1524,system_server,-1,DisplayDeviceConfig,requesting nits when no mapping exists.]
02-17 08:03:51.894 I/am_wtf ( 1524): [0,1524,system_server,-1,DisplayDeviceConfig,requesting nits when no mapping exists.]
02-17 08:03:51.910 I/am_wtf ( 1524): [0,1524,system_server,-1,DisplayDeviceConfig,requesting nits when no mapping exists.]
02-17 08:03:51.910 I/am_wtf ( 1524): [0,1524,system_server,-1,DisplayDeviceConfig,requesting nits when no mapping exists.]
02-17 08:03:51.927 I/am_wtf ( 1524): [0,1524,system_server,-1,DisplayDeviceConfig,requesting nits when no mapping exists.]
02-17 08:03:51.927 I/am_wtf ( 1524): [0,1524,system_server,-1,DisplayDeviceConfig,requesting nits when no mapping exists.]
02-17 08:03:51.935 I/auditd ( 0): type=1400 audit(0.0:16389): avc: denied { kill } for comm="swapper/2" capability=5 scontext=u:r:kernel:s0 tcontext=u:r:kernel:s0 tclass=capability permissive=0
02-17 08:03:51.943 I/am_wtf ( 1524): [0,1524,system_server,-1,DisplayDeviceConfig,requesting nits when no mapping exists.]
02-17 08:03:51.943 I/am_wtf ( 1524): [0,1524,system_server,-1,DisplayDeviceConfig,requesting nits when no mapping exists.]
02-17 08:03:51.960 I/am_wtf ( 1524): [0,1524,system_server,-1,DisplayDeviceConfig,requesting nits when no mapping exists.]
02-17 08:03:51.960 I/am_wtf ( 1524): [0,1524,system_server,-1,DisplayDeviceConfig,requesting nits when no mapping exists.]
02-17 08:03:51.977 I/am_wtf ( 1524): [0,1524,system_server,-1,DisplayDeviceConfig,requesting nits when no mapping exists.]
02-17 08:03:51.977 I/am_wtf ( 1524): [0,1524,system_server,-1,DisplayDeviceConfig,requesting nits when no mapping exists.]
02-17 08:03:51.993 I/am_wtf ( 1524): [0,1524,system_server,-1,DisplayDeviceConfig,requesting nits when no mapping exists.]
02-17 08:03:51.994 I/am_wtf ( 1524): [0,1524,system_server,-1,DisplayDeviceConfig,requesting nits when no mapping exists.]
02-17 08:03:52.011 I/am_wtf ( 1524): [0,1524,system_server,-1,DisplayDeviceConfig,requesting nits when no mapping exists.]
02-17 08:03:52.011 I/am_wtf ( 1524): [0,1524,system_server,-1,DisplayDeviceConfig,requesting nits when no mapping exists.]
02-17 08:03:52.027 I/am_wtf ( 1524): [0,1524,system_server,-1,DisplayDeviceConfig,requesting nits when no mapping exists.]
02-17 08:03:52.027 I/am_wtf ( 1524): [0,1524,system_server,-1,DisplayDeviceConfig,requesting nits when no mapping exists.]
02-17 08:03:52.044 I/am_wtf ( 1524): [0,1524,system_server,-1,DisplayDeviceConfig,requesting nits when no mapping exists.]
02-17 08:03:52.044 I/am_wtf ( 1524): [0,1524,system_server,-1,DisplayDeviceConfig,requesting nits when no mapping exists.]
02-17 08:03:52.060 I/am_wtf ( 1524): [0,1524,system_server,-1,DisplayDeviceConfig,requesting nits when no mapping exists.]
02-17 08:03:52.060 I/am_wtf ( 1524): [0,1524,system_server,-1,DisplayDeviceConfig,requesting nits when no mapping exists.]
02-17 08:03:52.077 I/am_wtf ( 1524): [0,1524,system_server,-1,DisplayDeviceConfig,requesting nits when no mapping exists.]
02-17 08:03:52.077 I/am_wtf ( 1524): [0,1524,system_server,-1,DisplayDeviceConfig,requesting nits when no mapping exists.]
02-17 08:03:52.094 I/am_wtf ( 1524): [0,1524,system_server,-1,DisplayDeviceConfig,requesting nits when no mapping exists.]
02-17 08:03:52.094 I/am_wtf ( 1524): [0,1524,system_server,-1,DisplayDeviceConfig,requesting nits when no mapping exists.]
02-17 08:03:52.111 I/am_wtf ( 1524): [0,1524,system_server,-1,DisplayDeviceConfig,requesting nits when no mapping exists.]
02-17 08:03:52.111 I/am_wtf ( 1524): [0,1524,system_server,-1,DisplayDeviceConfig,requesting nits when no mapping exists.]
02-17 08:03:52.127 I/am_wtf ( 1524): [0,1524,system_server,-1,DisplayDeviceConfig,requesting nits when no mapping exists.]
02-17 08:03:52.127 I/am_wtf ( 1524): [0,1524,system_server,-1,DisplayDeviceConfig,requesting nits when no mapping exists.]
02-17 08:03:52.144 I/am_wtf ( 1524): [0,1524,system_server,-1,DisplayDeviceConfig,requesting nits when no mapping exists.]
02-17 08:03:52.144 I/am_wtf ( 1524): [0,1524,system_server,-1,DisplayDeviceConfig,requesting nits when no mapping exists.]
02-17 08:03:52.161 I/am_wtf ( 1524): [0,1524,system_server,-1,DisplayDeviceConfig,requesting nits when no mapping exists.]
02-17 08:03:52.161 I/am_wtf ( 1524): [0,1524,system_server,-1,DisplayDeviceConfig,requesting nits when no mapping exists.]
02-17 08:03:52.177 I/am_wtf ( 1524): [0,1524,system_server,-1,DisplayDeviceConfig,requesting nits when no mapping exists.]
02-17 08:03:52.177 I/am_wtf ( 1524): [0,1524,system_server,-1,DisplayDeviceConfig,requesting nits when no mapping exists.]
02-17 08:03:52.935 I/auditd ( 0): type=1400 audit(0.0:16390): avc: denied { kill } for comm="swapper/2" capability=5 scontext=u:r:kernel:s0 tcontext=u:r:kernel:s0 tclass=capability permissive=0
02-17 08:03:53.935 I/auditd ( 0): type=1400 audit(0.0:16391): avc: denied { kill } for comm="swapper/2" capability=5 scontext=u:r:kernel:s0 tcontext=u:r:kernel:s0 tclass=capability permissive=0
02-17 08:03:54.935 I/auditd ( 0): type=1400 audit(0.0:16392): avc: denied { kill } for comm="swapper/7" capability=5 scontext=u:r:kernel:s0 tcontext=u:r:kernel:s0 tclass=capability permissive=0
02-17 08:03:55.935 I/auditd ( 0): type=1400 audit(0.0:16393): avc: denied { kill } for comm="swapper/2" capability=5 scontext=u:r:kernel:s0 tcontext=u:r:kernel:s0 tclass=capability permissive=0
02-17 08:03:56.935 I/auditd ( 0): type=1400 audit(0.0:16394): avc: denied { kill } for comm="swapper/2" capability=5 scontext=u:r:kernel:s0 tcontext=u:r:kernel:s0 tclass=capability permissive=0
02-17 08:03:57.935 I/auditd ( 0): type=1400 audit(0.0:16395): avc: denied { kill } for comm="swapper/2" capability=5 scontext=u:r:kernel:s0 tcontext=u:r:kernel:s0 tclass=capability permissive=0
02-17 08:03:58.935 I/auditd ( 0): type=1400 audit(0.0:16396): avc: denied { kill } for comm="swapper/2" capability=5 scontext=u:r:kernel:s0 tcontext=u:r:kernel:s0 tclass=capability permissive=0
02-17 08:03:59.935 I/auditd ( 0): type=1400 audit(0.0:16397): avc: denied { kill } for comm="swapper/2" capability=5 scontext=u:r:kernel:s0 tcontext=u:r:kernel:s0 tclass=capability permissive=0
02-17 08:04:01.935 I/auditd ( 0): type=1400 audit(0.0:16398): avc: denied { kill } for comm="swapper/2" capability=5 scontext=u:r:kernel:s0 tcontext=u:r:kernel:s0 tclass=capability permissive=0
02-17 08:04:02.935 I/auditd ( 0): type=1400 audit(0.0:16399): avc: denied { kill } for comm="swapper/2" capability=5 scontext=u:r:kernel:s0 tcontext=u:r:kernel:s0 tclass=capability permissive=0
02-17 08:04:03.939 I/auditd ( 0): type=1400 audit(0.0:16400): avc: denied { kill } for comm="swapper/2" capability=5 scontext=u:r:kernel:s0 tcontext=u:r:kernel:s0 tclass=capability permissive=0
02-17 08:04:04.939 I/auditd ( 0): type=1400 audit(0.0:16401): avc: denied { kill } for comm="swapper/2" capability=5 scontext=u:r:kernel:s0 tcontext=u:r:kernel:s0 tclass=capability permissive=0
02-17 08:04:05.935 I/auditd ( 0): type=1400 audit(0.0:16402): avc: denied { kill } for comm="swapper/2" capability=5 scontext=u:r:kernel:s0 tcontext=u:r:kernel:s0 tclass=capability permissive=0
02-17 08:04:06.935 I/auditd ( 0): type=1400 audit(0.0:16403): avc: denied { kill } for comm="swapper/2" capability=5 scontext=u:r:kernel:s0 tcontext=u:r:kernel:s0 tclass=capability permissive=0
02-17 08:04:07.939 I/auditd ( 0): type=1400 audit(0.0:16404): avc: denied { kill } for comm="swapper/2" capability=5 scontext=u:r:kernel:s0 tcontext=u:r:kernel:s0 tclass=capability permissive=0
02-17 08:04:08.935 I/auditd ( 0): type=1400 audit(0.0:16405): avc: denied { kill } for comm="swapper/2" capability=5 scontext=u:r:kernel:s0 tcontext=u:r:kernel:s0 tclass=capability permissive=0
02-17 08:04:09.939 I/auditd ( 0): type=1400 audit(0.0:16406): avc: denied { kill } for comm="swapper/2" capability=5 scontext=u:r:kernel:s0 tcontext=u:r:kernel:s0 tclass=capability permissive=0
02-17 08:04:10.935 I/auditd ( 0): type=1400 audit(0.0:16407): avc: denied { kill } for comm="swapper/2" capability=5 scontext=u:r:kernel:s0 tcontext=u:r:kernel:s0 tclass=capability permissive=0
02-17 08:04:11.935 I/auditd ( 0): type=1400 audit(0.0:16408): avc: denied { kill } for comm="swapper/2" capability=5 scontext=u:r:kernel:s0 tcontext=u:r:kernel:s0 tclass=capability permissive=0
02-17 08:04:12.935 I/auditd ( 0): type=1400 audit(0.0:16409): avc: denied { kill } for comm="swapper/2" capability=5 scontext=u:r:kernel:s0 tcontext=u:r:kernel:s0 tclass=capability permissive=0
02-17 08:04:13.935 I/auditd ( 0): type=1400 audit(0.0:16410): avc: denied { kill } for comm="swapper/2" capability=5 scontext=u:r:kernel:s0 tcontext=u:r:kernel:s0 tclass=capability permissive=0
02-17 08:04:14.935 I/auditd ( 0): type=1400 audit(0.0:16411): avc: denied { kill } for comm="swapper/2" capability=5 scontext=u:r:kernel:s0 tcontext=u:r:kernel:s0 tclass=capability permissive=0
