02-17 07:45:25.939 I/auditd ( 0): type=1400 audit(0.0:15294): avc: denied { kill } for comm="swapper/1" capability=5 scontext=u:r:kernel:s0 tcontext=u:r:kernel:s0 tclass=capability permissive=0
02-17 07:45:26.939 I/auditd ( 0): type=1400 audit(0.0:15295): avc: denied { kill } for comm="swapper/1" capability=5 scontext=u:r:kernel:s0 tcontext=u:r:kernel:s0 tclass=capability permissive=0
02-17 07:45:27.935 I/auditd ( 0): type=1400 audit(0.0:15296): avc: denied { kill } for comm="swapper/1" capability=5 scontext=u:r:kernel:s0 tcontext=u:r:kernel:s0 tclass=capability permissive=0
02-17 07:45:28.939 I/auditd ( 0): type=1400 audit(0.0:15297): avc: denied { kill } for comm="swapper/1" capability=5 scontext=u:r:kernel:s0 tcontext=u:r:kernel:s0 tclass=capability permissive=0
02-17 07:45:29.939 I/auditd ( 0): type=1400 audit(0.0:15298): avc: denied { kill } for comm="swapper/1" capability=5 scontext=u:r:kernel:s0 tcontext=u:r:kernel:s0 tclass=capability permissive=0
02-17 07:45:30.935 I/auditd ( 0): type=1400 audit(0.0:15299): avc: denied { kill } for comm="swapper/1" capability=5 scontext=u:r:kernel:s0 tcontext=u:r:kernel:s0 tclass=capability permissive=0
02-17 07:45:31.935 I/auditd ( 0): type=1400 audit(0.0:15300): avc: denied { kill } for comm="swapper/1" capability=5 scontext=u:r:kernel:s0 tcontext=u:r:kernel:s0 tclass=capability permissive=0
02-17 07:45:32.935 I/auditd ( 0): type=1400 audit(0.0:15301): avc: denied { kill } for comm="swapper/1" capability=5 scontext=u:r:kernel:s0 tcontext=u:r:kernel:s0 tclass=capability permissive=0
02-17 07:45:33.935 I/auditd ( 0): type=1400 audit(0.0:15302): avc: denied { kill } for comm="swapper/1" capability=5 scontext=u:r:kernel:s0 tcontext=u:r:kernel:s0 tclass=capability permissive=0
02-17 07:45:34.935 I/auditd ( 0): type=1400 audit(0.0:15303): avc: denied { kill } for comm="swapper/1" capability=5 scontext=u:r:kernel:s0 tcontext=u:r:kernel:s0 tclass=capability permissive=0
02-17 07:45:35.939 I/auditd ( 0): type=1400 audit(0.0:15304): avc: denied { kill } for comm="swapper/1" capability=5 scontext=u:r:kernel:s0 tcontext=u:r:kernel:s0 tclass=capability permissive=0
02-17 07:45:36.935 I/auditd ( 0): type=1400 audit(0.0:15305): avc: denied { kill } for comm="swapper/1" capability=5 scontext=u:r:kernel:s0 tcontext=u:r:kernel:s0 tclass=capability permissive=0
02-17 07:45:37.935 I/auditd ( 0): type=1400 audit(0.0:15306): avc: denied { kill } for comm="swapper/1" capability=5 scontext=u:r:kernel:s0 tcontext=u:r:kernel:s0 tclass=capability permissive=0
02-17 07:45:38.939 I/auditd ( 0): type=1400 audit(0.0:15307): avc: denied { kill } for comm="swapper/1" capability=5 scontext=u:r:kernel:s0 tcontext=u:r:kernel:s0 tclass=capability permissive=0
02-17 07:45:40.939 I/auditd ( 0): type=1400 audit(0.0:15308): avc: denied { kill } for comm="swapper/1" capability=5 scontext=u:r:kernel:s0 tcontext=u:r:kernel:s0 tclass=capability permissive=0
02-17 07:45:41.935 I/auditd ( 0): type=1400 audit(0.0:15309): avc: denied { kill } for comm="swapper/1" capability=5 scontext=u:r:kernel:s0 tcontext=u:r:kernel:s0 tclass=capability permissive=0
02-17 07:45:42.939 I/auditd ( 0): type=1400 audit(0.0:15310): avc: denied { kill } for comm="swapper/1" capability=5 scontext=u:r:kernel:s0 tcontext=u:r:kernel:s0 tclass=capability permissive=0
02-17 07:45:43.935 I/auditd ( 0): type=1400 audit(0.0:15311): avc: denied { kill } for comm="swapper/1" capability=5 scontext=u:r:kernel:s0 tcontext=u:r:kernel:s0 tclass=capability permissive=0
02-17 07:45:44.939 I/auditd ( 0): type=1400 audit(0.0:15312): avc: denied { kill } for comm="swapper/1" capability=5 scontext=u:r:kernel:s0 tcontext=u:r:kernel:s0 tclass=capability permissive=0
02-17 07:45:45.939 I/auditd ( 0): type=1400 audit(0.0:15313): avc: denied { kill } for comm="swapper/1" capability=5 scontext=u:r:kernel:s0 tcontext=u:r:kernel:s0 tclass=capability permissive=0
02-17 07:45:46.935 I/auditd ( 0): type=1400 audit(0.0:15314): avc: denied { kill } for comm="swapper/1" capability=5 scontext=u:r:kernel:s0 tcontext=u:r:kernel:s0 tclass=capability permissive=0
02-17 07:45:47.935 I/auditd ( 0): type=1400 audit(0.0:15315): avc: denied { kill } for comm="swapper/1" capability=5 scontext=u:r:kernel:s0 tcontext=u:r:kernel:s0 tclass=capability permissive=0
02-17 07:45:48.935 I/auditd ( 0): type=1400 audit(0.0:15316): avc: denied { kill } for comm="swapper/1" capability=5 scontext=u:r:kernel:s0 tcontext=u:r:kernel:s0 tclass=capability permissive=0
02-17 07:45:49.939 I/auditd ( 0): type=1400 audit(0.0:15317): avc: denied { kill } for comm="swapper/1" capability=5 scontext=u:r:kernel:s0 tcontext=u:r:kernel:s0 tclass=capability permissive=0
02-17 07:45:50.939 I/auditd ( 0): type=1400 audit(0.0:15318): avc: denied { kill } for comm="swapper/1" capability=5 scontext=u:r:kernel:s0 tcontext=u:r:kernel:s0 tclass=capability permissive=0
02-17 07:45:51.939 I/auditd ( 0): type=1400 audit(0.0:15319): avc: denied { kill } for comm="swapper/1" capability=5 scontext=u:r:kernel:s0 tcontext=u:r:kernel:s0 tclass=capability permissive=0
02-17 07:45:52.939 I/auditd ( 0): type=1400 audit(0.0:15320): avc: denied { kill } for comm="swapper/1" capability=5 scontext=u:r:kernel:s0 tcontext=u:r:kernel:s0 tclass=capability permissive=0
02-17 07:45:53.939 I/auditd ( 0): type=1400 audit(0.0:15321): avc: denied { kill } for comm="swapper/1" capability=5 scontext=u:r:kernel:s0 tcontext=u:r:kernel:s0 tclass=capability permissive=0
02-17 07:45:54.939 I/auditd ( 0): type=1400 audit(0.0:15322): avc: denied { kill } for comm="swapper/1" capability=5 scontext=u:r:kernel:s0 tcontext=u:r:kernel:s0 tclass=capability permissive=0
02-17 07:45:55.939 I/auditd ( 0): type=1400 audit(0.0:15323): avc: denied { kill } for comm="swapper/1" capability=5 scontext=u:r:kernel:s0 tcontext=u:r:kernel:s0 tclass=capability permissive=0
02-17 07:45:56.935 I/auditd ( 0): type=1400 audit(0.0:15324): avc: denied { kill } for comm="swapper/1" capability=5 scontext=u:r:kernel:s0 tcontext=u:r:kernel:s0 tclass=capability permissive=0
02-17 07:45:57.935 I/auditd ( 0): type=1400 audit(0.0:15325): avc: denied { kill } for comm="swapper/1" capability=5 scontext=u:r:kernel:s0 tcontext=u:r:kernel:s0 tclass=capability permissive=0
02-17 07:45:58.935 I/auditd ( 0): type=1400 audit(0.0:15326): avc: denied { kill } for comm="swapper/1" capability=5 scontext=u:r:kernel:s0 tcontext=u:r:kernel:s0 tclass=capability permissive=0
02-17 07:45:59.935 I/auditd ( 0): type=1400 audit(0.0:15327): avc: denied { kill } for comm="swapper/1" capability=5 scontext=u:r:kernel:s0 tcontext=u:r:kernel:s0 tclass=capability permissive=0
02-17 07:46:00.935 I/auditd ( 0): type=1400 audit(0.0:15328): avc: denied { kill } for comm="swapper/1" capability=5 scontext=u:r:kernel:s0 tcontext=u:r:kernel:s0 tclass=capability permissive=0
02-17 07:46:02.935 I/auditd ( 0): type=1400 audit(0.0:15329): avc: denied { kill } for comm="swapper/1" capability=5 scontext=u:r:kernel:s0 tcontext=u:r:kernel:s0 tclass=capability permissive=0
02-17 07:46:03.939 I/auditd ( 0): type=1400 audit(0.0:15330): avc: denied { kill } for comm="swapper/1" capability=5 scontext=u:r:kernel:s0 tcontext=u:r:kernel:s0 tclass=capability permissive=0
02-17 07:46:04.935 I/auditd ( 0): type=1400 audit(0.0:15331): avc: denied { kill } for comm="swapper/1" capability=5 scontext=u:r:kernel:s0 tcontext=u:r:kernel:s0 tclass=capability permissive=0
02-17 07:46:05.939 I/auditd ( 0): type=1400 audit(0.0:15332): avc: denied { kill } for comm="swapper/1" capability=5 scontext=u:r:kernel:s0 tcontext=u:r:kernel:s0 tclass=capability permissive=0
02-17 07:46:06.935 I/auditd ( 0): type=1400 audit(0.0:15333): avc: denied { kill } for comm="swapper/1" capability=5 scontext=u:r:kernel:s0 tcontext=u:r:kernel:s0 tclass=capability permissive=0
02-17 07:46:07.939 I/auditd ( 0): type=1400 audit(0.0:15334): avc: denied { kill } for comm="swapper/1" capability=5 scontext=u:r:kernel:s0 tcontext=u:r:kernel:s0 tclass=capability permissive=0
02-17 07:46:08.935 I/auditd (13026): type=1400 audit(0.0:15335): avc: denied { kill } for comm="kworker/1:1" capability=5 scontext=u:r:kernel:s0 tcontext=u:r:kernel:s0 tclass=capability permissive=0
02-17 07:46:09.939 I/auditd ( 0): type=1400 audit(0.0:15336): avc: denied { kill } for comm="swapper/1" capability=5 scontext=u:r:kernel:s0 tcontext=u:r:kernel:s0 tclass=capability permissive=0
02-17 07:46:10.935 I/auditd ( 0): type=1400 audit(0.0:15337): avc: denied { kill } for comm="swapper/1" capability=5 scontext=u:r:kernel:s0 tcontext=u:r:kernel:s0 tclass=capability permissive=0
02-17 07:46:11.939 I/auditd ( 0): type=1400 audit(0.0:15338): avc: denied { kill } for comm="swapper/1" capability=5 scontext=u:r:kernel:s0 tcontext=u:r:kernel:s0 tclass=capability permissive=0
02-17 07:46:12.935 I/auditd ( 0): type=1400 audit(0.0:15339): avc: denied { kill } for comm="swapper/1" capability=5 scontext=u:r:kernel:s0 tcontext=u:r:kernel:s0 tclass=capability permissive=0
02-17 07:46:13.939 I/auditd ( 0): type=1400 audit(0.0:15340): avc: denied { kill } for comm="swapper/1" capability=5 scontext=u:r:kernel:s0 tcontext=u:r:kernel:s0 tclass=capability permissive=0
02-17 07:46:14.939 I/auditd ( 0): type=1400 audit(0.0:15341): avc: denied { kill } for comm="swapper/1" capability=5 scontext=u:r:kernel:s0 tcontext=u:r:kernel:s0 tclass=capability permissive=0
02-17 07:46:15.939 I/auditd ( 0): type=1400 audit(0.0:15342): avc: denied { kill } for comm="swapper/1" capability=5 scontext=u:r:kernel:s0 tcontext=u:r:kernel:s0 tclass=capability permissive=0
02-17 07:46:16.939 I/auditd ( 0): type=1400 audit(0.0:15343): avc: denied { kill } for comm="swapper/1" capability=5 scontext=u:r:kernel:s0 tcontext=u:r:kernel:s0 tclass=capability permissive=0
02-17 07:46:17.935 I/auditd ( 0): type=1400 audit(0.0:15344): avc: denied { kill } for comm="swapper/1" capability=5 scontext=u:r:kernel:s0 tcontext=u:r:kernel:s0 tclass=capability permissive=0
02-17 07:46:18.939 I/auditd ( 0): type=1400 audit(0.0:15345): avc: denied { kill } for comm="swapper/1" capability=5 scontext=u:r:kernel:s0 tcontext=u:r:kernel:s0 tclass=capability permissive=0
02-17 07:46:19.216 I/am_uid_idle( 1524): 10062
02-17 07:46:19.939 I/auditd ( 0): type=1400 audit(0.0:15346): avc: denied { kill } for comm="swapper/1" capability=5 scontext=u:r:kernel:s0 tcontext=u:r:kernel:s0 tclass=capability permissive=0
02-17 07:46:20.939 I/auditd ( 0): type=1400 audit(0.0:15347): avc: denied { kill } for comm="swapper/1" capability=5 scontext=u:r:kernel:s0 tcontext=u:r:kernel:s0 tclass=capability permissive=0
02-17 07:46:21.935 I/auditd ( 0): type=1400 audit(0.0:15348): avc: denied { kill } for comm="swapper/1" capability=5 scontext=u:r:kernel:s0 tcontext=u:r:kernel:s0 tclass=capability permissive=0
02-17 07:46:22.939 I/auditd ( 0): type=1400 audit(0.0:15349): avc: denied { kill } for comm="swapper/1" capability=5 scontext=u:r:kernel:s0 tcontext=u:r:kernel:s0 tclass=capability permissive=0
02-17 07:46:23.939 I/auditd ( 0): type=1400 audit(0.0:15350): avc: denied { kill } for comm="swapper/1" capability=5 scontext=u:r:kernel:s0 tcontext=u:r:kernel:s0 tclass=capability permissive=0
02-17 07:46:24.935 I/auditd ( 0): type=1400 audit(0.0:15351): avc: denied { kill } for comm="swapper/1" capability=5 scontext=u:r:kernel:s0 tcontext=u:r:kernel:s0 tclass=capability permissive=0
02-17 07:46:25.939 I/auditd ( 0): type=1400 audit(0.0:15352): avc: denied { kill } for comm="swapper/1" capability=5 scontext=u:r:kernel:s0 tcontext=u:r:kernel:s0 tclass=capability permissive=0
02-17 07:46:26.939 I/auditd ( 0): type=1400 audit(0.0:15353): avc: denied { kill } for comm="swapper/1" capability=5 scontext=u:r:kernel:s0 tcontext=u:r:kernel:s0 tclass=capability permissive=0
02-17 07:46:27.939 I/auditd ( 0): type=1400 audit(0.0:15354): avc: denied { kill } for comm="swapper/1" capability=5 scontext=u:r:kernel:s0 tcontext=u:r:kernel:s0 tclass=capability permissive=0
02-17 07:46:28.939 I/auditd ( 0): type=1400 audit(0.0:15355): avc: denied { kill } for comm="swapper/1" capability=5 scontext=u:r:kernel:s0 tcontext=u:r:kernel:s0 tclass=capability permissive=0
02-17 07:46:29.939 I/auditd ( 0): type=1400 audit(0.0:15356): avc: denied { kill } for comm="swapper/1" capability=5 scontext=u:r:kernel:s0 tcontext=u:r:kernel:s0 tclass=capability permissive=0
02-17 07:46:30.939 I/auditd ( 0): type=1400 audit(0.0:15357): avc: denied { kill } for comm="swapper/1" capability=5 scontext=u:r:kernel:s0 tcontext=u:r:kernel:s0 tclass=capability permissive=0
02-17 07:46:31.939 I/auditd ( 0): type=1400 audit(0.0:15358): avc: denied { kill } for comm="swapper/1" capability=5 scontext=u:r:kernel:s0 tcontext=u:r:kernel:s0 tclass=capability permissive=0
02-17 07:46:32.939 I/auditd ( 0): type=1400 audit(0.0:15359): avc: denied { kill } for comm="swapper/1" capability=5 scontext=u:r:kernel:s0 tcontext=u:r:kernel:s0 tclass=capability permissive=0
02-17 07:46:33.939 I/auditd ( 0): type=1400 audit(0.0:15360): avc: denied { kill } for comm="swapper/1" capability=5 scontext=u:r:kernel:s0 tcontext=u:r:kernel:s0 tclass=capability permissive=0
02-17 07:46:34.935 I/auditd ( 0): type=1400 audit(0.0:15361): avc: denied { kill } for comm="swapper/1" capability=5 scontext=u:r:kernel:s0 tcontext=u:r:kernel:s0 tclass=capability permissive=0
02-17 07:46:35.939 I/auditd ( 0): type=1400 audit(0.0:15362): avc: denied { kill } for comm="swapper/1" capability=5 scontext=u:r:kernel:s0 tcontext=u:r:kernel:s0 tclass=capability permissive=0
02-17 07:46:36.935 I/auditd ( 0): type=1400 audit(0.0:15363): avc: denied { kill } for comm="swapper/1" capability=5 scontext=u:r:kernel:s0 tcontext=u:r:kernel:s0 tclass=capability permissive=0
02-17 07:46:37.935 I/auditd ( 0): type=1400 audit(0.0:15364): avc: denied { kill } for comm="swapper/1" capability=5 scontext=u:r:kernel:s0 tcontext=u:r:kernel:s0 tclass=capability permissive=0
02-17 07:46:38.939 I/auditd ( 0): type=1400 audit(0.0:15365): avc: denied { kill } for comm="swapper/1" capability=5 scontext=u:r:kernel:s0 tcontext=u:r:kernel:s0 tclass=capability permissive=0
02-17 07:46:39.935 I/auditd ( 0): type=1400 audit(0.0:15366): avc: denied { kill } for comm="swapper/1" capability=5 scontext=u:r:kernel:s0 tcontext=u:r:kernel:s0 tclass=capability permissive=0
02-17 07:46:40.935 I/auditd ( 0): type=1400 audit(0.0:15367): avc: denied { kill } for comm="swapper/1" capability=5 scontext=u:r:kernel:s0 tcontext=u:r:kernel:s0 tclass=capability permissive=0
02-17 07:46:41.939 I/auditd ( 0): type=1400 audit(0.0:15368): avc: denied { kill } for comm="swapper/1" capability=5 scontext=u:r:kernel:s0 tcontext=u:r:kernel:s0 tclass=capability permissive=0
02-17 07:46:42.939 I/auditd ( 0): type=1400 audit(0.0:15369): avc: denied { kill } for comm="swapper/1" capability=5 scontext=u:r:kernel:s0 tcontext=u:r:kernel:s0 tclass=capability permissive=0
02-17 07:46:43.939 I/auditd ( 0): type=1400 audit(0.0:15370): avc: denied { kill } for comm="swapper/1" capability=5 scontext=u:r:kernel:s0 tcontext=u:r:kernel:s0 tclass=capability permissive=0
02-17 07:46:44.939 I/auditd ( 0): type=1400 audit(0.0:15371): avc: denied { kill } for comm="swapper/1" capability=5 scontext=u:r:kernel:s0 tcontext=u:r:kernel:s0 tclass=capability permissive=0
02-17 07:46:45.939 I/auditd ( 0): type=1400 audit(0.0:15372): avc: denied { kill } for comm="swapper/1" capability=5 scontext=u:r:kernel:s0 tcontext=u:r:kernel:s0 tclass=capability permissive=0
02-17 07:46:46.939 I/auditd ( 0): type=1400 audit(0.0:15373): avc: denied { kill } for comm="swapper/1" capability=5 scontext=u:r:kernel:s0 tcontext=u:r:kernel:s0 tclass=capability permissive=0
02-17 07:46:47.939 I/auditd ( 0): type=1400 audit(0.0:15374): avc: denied { kill } for comm="swapper/1" capability=5 scontext=u:r:kernel:s0 tcontext=u:r:kernel:s0 tclass=capability permissive=0
02-17 07:46:48.935 I/auditd ( 0): type=1400 audit(0.0:15375): avc: denied { kill } for comm="swapper/1" capability=5 scontext=u:r:kernel:s0 tcontext=u:r:kernel:s0 tclass=capability permissive=0
02-17 07:46:49.939 I/auditd ( 0): type=1400 audit(0.0:15376): avc: denied { kill } for comm="swapper/1" capability=5 scontext=u:r:kernel:s0 tcontext=u:r:kernel:s0 tclass=capability permissive=0
02-17 07:46:50.935 I/auditd ( 0): type=1400 audit(0.0:15377): avc: denied { kill } for comm="swapper/1" capability=5 scontext=u:r:kernel:s0 tcontext=u:r:kernel:s0 tclass=capability permissive=0
02-17 07:46:51.939 I/auditd ( 0): type=1400 audit(0.0:15378): avc: denied { kill } for comm="swapper/1" capability=5 scontext=u:r:kernel:s0 tcontext=u:r:kernel:s0 tclass=capability permissive=0
02-17 07:46:52.939 I/auditd ( 0): type=1400 audit(0.0:15379): avc: denied { kill } for comm="swapper/1" capability=5 scontext=u:r:kernel:s0 tcontext=u:r:kernel:s0 tclass=capability permissive=0
02-17 07:46:53.939 I/auditd ( 0): type=1400 audit(0.0:15380): avc: denied { kill } for comm="swapper/1" capability=5 scontext=u:r:kernel:s0 tcontext=u:r:kernel:s0 tclass=capability permissive=0
02-17 07:46:54.935 I/auditd ( 0): type=1400 audit(0.0:15381): avc: denied { kill } for comm="swapper/1" capability=5 scontext=u:r:kernel:s0 tcontext=u:r:kernel:s0 tclass=capability permissive=0
02-17 07:46:55.935 I/auditd ( 0): type=1400 audit(0.0:15382): avc: denied { kill } for comm="swapper/1" capability=5 scontext=u:r:kernel:s0 tcontext=u:r:kernel:s0 tclass=capability permissive=0
02-17 07:46:56.939 I/auditd ( 0): type=1400 audit(0.0:15383): avc: denied { kill } for comm="swapper/1" capability=5 scontext=u:r:kernel:s0 tcontext=u:r:kernel:s0 tclass=capability permissive=0
02-17 07:46:57.935 I/auditd ( 0): type=1400 audit(0.0:15384): avc: denied { kill } for comm="swapper/1" capability=5 scontext=u:r:kernel:s0 tcontext=u:r:kernel:s0 tclass=capability permissive=0
02-17 07:46:58.935 I/auditd ( 0): type=1400 audit(0.0:15385): avc: denied { kill } for comm="swapper/1" capability=5 scontext=u:r:kernel:s0 tcontext=u:r:kernel:s0 tclass=capability permissive=0
02-17 07:46:59.935 I/auditd ( 0): type=1400 audit(0.0:15386): avc: denied { kill } for comm="swapper/1" capability=5 scontext=u:r:kernel:s0 tcontext=u:r:kernel:s0 tclass=capability permissive=0
02-17 07:47:00.935 I/auditd ( 0): type=1400 audit(0.0:15387): avc: denied { kill } for comm="swapper/1" capability=5 scontext=u:r:kernel:s0 tcontext=u:r:kernel:s0 tclass=capability permissive=0
02-17 07:47:01.935 I/auditd ( 0): type=1400 audit(0.0:15388): avc: denied { kill } for comm="swapper/1" capability=5 scontext=u:r:kernel:s0 tcontext=u:r:kernel:s0 tclass=capability permissive=0
02-17 07:47:02.935 I/auditd ( 0): type=1400 audit(0.0:15389): avc: denied { kill } for comm="swapper/1" capability=5 scontext=u:r:kernel:s0 tcontext=u:r:kernel:s0 tclass=capability permissive=0
02-17 07:47:03.939 I/auditd ( 0): type=1400 audit(0.0:15390): avc: denied { kill } for comm="swapper/1" capability=5 scontext=u:r:kernel:s0 tcontext=u:r:kernel:s0 tclass=capability permissive=0
02-17 07:47:04.939 I/auditd ( 0): type=1400 audit(0.0:15391): avc: denied { kill } for comm="swapper/1" capability=5 scontext=u:r:kernel:s0 tcontext=u:r:kernel:s0 tclass=capability permissive=0
02-17 07:47:05.939 I/auditd ( 0): type=1400 audit(0.0:15392): avc: denied { kill } for comm="swapper/1" capability=5 scontext=u:r:kernel:s0 tcontext=u:r:kernel:s0 tclass=capability permissive=0
02-17 07:47:06.935 I/auditd ( 0): type=1400 audit(0.0:15393): avc: denied { kill } for comm="swapper/1" capability=5 scontext=u:r:kernel:s0 tcontext=u:r:kernel:s0 tclass=capability permissive=0
02-17 07:47:07.939 I/auditd ( 0): type=1400 audit(0.0:15394): avc: denied { kill } for comm="swapper/1" capability=5 scontext=u:r:kernel:s0 tcontext=u:r:kernel:s0 tclass=capability permissive=0
02-17 07:47:08.939 I/auditd ( 0): type=1400 audit(0.0:15395): avc: denied { kill } for comm="swapper/1" capability=5 scontext=u:r:kernel:s0 tcontext=u:r:kernel:s0 tclass=capability permissive=0
02-17 07:47:09.818 I/input_interaction( 1524): Interaction with: 4459a64 com.thundercomm.screensaver/android.service.dreams.DreamActivity (server), edge-swipe (server), swipe-up (server), PointerEventDispatcher0 (server),
02-17 07:47:09.821 I/wm_finish_activity( 1524): [0,99311052,40,com.thundercomm.screensaver/android.service.dreams.DreamActivity,finish-activity]
02-17 07:47:09.821 I/wm_task_moved( 1524): [39,1,7]
02-17 07:47:09.821 I/wm_task_to_front( 1524): [0,39]
02-17 07:47:09.822 I/wm_focused_root_task( 1524): [0,0,39,40,finish-top adjustFocusToNextFocusableTask]
02-17 07:47:09.823 I/wm_pause_activity( 1524): [0,99311052,com.thundercomm.screensaver/android.service.dreams.DreamActivity,userLeaving=false,finish]
02-17 07:47:09.830 I/sysui_multi_action( 1524): [757,803,799,window_time_0,802,117]
02-17 07:47:09.830 I/wm_on_top_resumed_lost_called( 8649): [99311052,android.service.dreams.DreamActivity,topStateChangedWhenResumed]
02-17 07:47:09.831 I/wm_on_paused_called( 8649): [99311052,android.service.dreams.DreamActivity,performPause]
02-17 07:47:09.831 I/wm_add_to_stopping( 1524): [0,99311052,com.thundercomm.screensaver/android.service.dreams.DreamActivity,completeFinishing]
02-17 07:47:09.834 I/wm_set_resumed_activity( 1524): [0,com.android.systemui/.screenrecord.ScreenRecordDialog,resumeTopActivityInnerLocked]
02-17 07:47:09.836 I/wm_resume_activity( 1524): [0,101714586,39,com.android.systemui/.screenrecord.ScreenRecordDialog]
02-17 07:47:09.843 I/sysui_multi_action( 1524): [757,803,799,window_time_0,802,0]
02-17 07:47:09.845 I/wm_on_restart_called( 1999): [101714586,com.android.systemui.screenrecord.ScreenRecordDialog,performRestartActivity]
02-17 07:47:09.846 I/wm_on_start_called( 1999): [101714586,com.android.systemui.screenrecord.ScreenRecordDialog,handleStartActivity]
02-17 07:47:09.846 I/wm_on_resume_called( 1999): [101714586,com.android.systemui.screenrecord.ScreenRecordDialog,RESUME_ACTIVITY]
02-17 07:47:09.846 I/wm_on_top_resumed_gained_called( 1999): [101714586,com.android.systemui.screenrecord.ScreenRecordDialog,topWhenResuming]
02-17 07:47:09.853 I/input_focus( 1524): [Focus leaving 4459a64 com.thundercomm.screensaver/android.service.dreams.DreamActivity (server),reason=NO_WINDOW]
02-17 07:47:09.855 I/view_enqueue_input_event( 8649): [Motion - Cancel,com.thundercomm.screensaver/android.service.dreams.DreamActivity]
02-17 07:47:09.856 I/input_interaction( 1524): Interaction with: edge-swipe (server), swipe-up (server), PointerEventDispatcher0 (server),
02-17 07:47:09.858 I/input_focus( 1524): [Focus request f2e3d43 com.android.systemui/com.android.systemui.screenrecord.ScreenRecordDialog,reason=UpdateInputWindows]
02-17 07:47:09.863 I/am_uid_active( 1524): 10062
02-17 07:47:09.869 I/wm_on_restart_called( 2568): [128678138,com.android.launcher3.uioverrides.QuickstepLauncher,performRestartActivity]
02-17 07:47:09.870 I/wm_on_start_called( 2568): [128678138,com.android.launcher3.uioverrides.QuickstepLauncher,handleStartActivity]
02-17 07:47:09.936 I/input_focus( 1524): [Focus entering f2e3d43 com.android.systemui/com.android.systemui.screenrecord.ScreenRecordDialog (server),reason=Window became focusable. Previous reason: NOT_VISIBLE]
02-17 07:47:09.935 I/auditd ( 0): type=1400 audit(0.0:15396): avc: denied { kill } for comm="swapper/1" capability=5 scontext=u:r:kernel:s0 tcontext=u:r:kernel:s0 tclass=capability permissive=0
02-17 07:47:10.445 I/wm_destroy_activity( 1524): [0,99311052,40,com.thundercomm.screensaver/android.service.dreams.DreamActivity,finish-imm:idle]
02-17 07:47:10.465 I/wm_on_stop_called( 8649): [99311052,android.service.dreams.DreamActivity,LIFECYCLER_STOP_ACTIVITY]
02-17 07:47:10.466 I/wm_on_destroy_called( 8649): [99311052,android.service.dreams.DreamActivity,performDestroy]
02-17 07:47:10.470 I/sysui_multi_action( 1524): [757,222,758,2]
02-17 07:47:10.470 I/sysui_multi_action( 1524): [757,804,799,dreaming_minutes,801,1,802,1]
02-17 07:47:10.482 I/wm_task_removed( 1524): [40,removeChild:removeChild last r=ActivityRecord{5eb5dcc u0 com.thundercomm.screensaver/android.service.dreams.DreamActivity t-1 f}} in t=Task{7861b3d #40 type=dream A=10040:android:com.thundercomm.screensaver/dream U=0 visible=false mode=fullscreen translucent=true sz=0}]
02-17 07:47:10.482 I/wm_task_removed( 1524): [40,removeChild]
02-17 07:47:10.935 I/auditd ( 0): type=1400 audit(0.0:15397): avc: denied { kill } for comm="swapper/1" capability=5 scontext=u:r:kernel:s0 tcontext=u:r:kernel:s0 tclass=capability permissive=0
02-17 07:47:11.099 I/input_interaction( 1524): Interaction with: f2e3d43 com.android.systemui/com.android.systemui.screenrecord.ScreenRecordDialog (server), edge-swipe (server), swipe-up (server), PointerEventDispatcher0 (server),
02-17 07:47:11.277 I/wm_finish_activity( 1524): [0,101714586,39,com.android.systemui/.screenrecord.ScreenRecordDialog,app-request]
02-17 07:47:11.277 I/wm_task_moved( 1524): [1,1,7]
02-17 07:47:11.279 I/wm_task_moved( 1524): [9,1,2147483647]
02-17 07:47:11.279 I/wm_task_to_front( 1524): [0,9]
02-17 07:47:11.279 I/wm_focused_root_task( 1524): [0,0,1,-1,finish-top adjustFocusToNextFocusableTask]
02-17 07:47:11.290 I/wm_pause_activity( 1524): [0,101714586,com.android.systemui/.screenrecord.ScreenRecordDialog,userLeaving=false,finish]
02-17 07:47:11.293 I/wm_on_top_resumed_lost_called( 1999): [101714586,com.android.systemui.screenrecord.ScreenRecordDialog,topStateChangedWhenResumed]
02-17 07:47:11.294 I/input_focus( 1524): [Focus request 321be4b com.android.launcher3/com.android.launcher3.uioverrides.QuickstepLauncher,reason=UpdateInputWindows]
02-17 07:47:11.294 I/wm_on_paused_called( 1999): [101714586,com.android.systemui.screenrecord.ScreenRecordDialog,performPause]
02-17 07:47:11.296 I/wm_set_resumed_activity( 1524): [0,com.android.launcher3/.uioverrides.QuickstepLauncher,resumeTopActivityInnerLocked]
02-17 07:47:11.301 I/wm_resume_activity( 1524): [0,128678138,9,com.android.launcher3/.uioverrides.QuickstepLauncher]
02-17 07:47:11.304 I/wm_on_resume_called( 2568): [128678138,com.android.launcher3.uioverrides.QuickstepLauncher,RESUME_ACTIVITY]
02-17 07:47:11.304 I/wm_on_top_resumed_gained_called( 2568): [128678138,com.android.launcher3.uioverrides.QuickstepLauncher,topWhenResuming]
02-17 07:47:11.306 I/input_focus( 1524): [Focus leaving f2e3d43 com.android.systemui/com.android.systemui.screenrecord.ScreenRecordDialog (server),reason=NO_WINDOW]
02-17 07:47:11.306 I/input_focus( 1524): [Focus entering 321be4b com.android.launcher3/com.android.launcher3.uioverrides.QuickstepLauncher (server),reason=setFocusedWindow]
02-17 07:47:11.310 I/sysui_multi_action( 1524): [757,803,799,window_time_0,802,2]
02-17 07:47:11.326 I/wm_destroy_activity( 1524): [0,101714586,39,com.android.systemui/.screenrecord.ScreenRecordDialog,finish-idle]
02-17 07:47:11.329 I/wm_on_stop_called( 1999): [101714586,com.android.systemui.screenrecord.ScreenRecordDialog,LIFECYCLER_STOP_ACTIVITY]
02-17 07:47:11.330 I/wm_on_destroy_called( 1999): [101714586,com.android.systemui.screenrecord.ScreenRecordDialog,performDestroy]
02-17 07:47:11.571 I/wm_task_removed( 1524): [39,removeChild:removeChild last r=ActivityRecord{6100a9a u0 com.android.systemui/.screenrecord.ScreenRecordDialog t-1 f}} in t=Task{26d6a9f #39 type=standard A=10080:com.android.systemui U=0 visible=false mode=fullscreen translucent=true sz=0}]
02-17 07:47:11.571 I/wm_task_removed( 1524): [39,removeChild]
02-17 07:47:11.939 I/auditd ( 0): type=1400 audit(0.0:15398): avc: denied { kill } for comm="swapper/1" capability=5 scontext=u:r:kernel:s0 tcontext=u:r:kernel:s0 tclass=capability permissive=0
02-17 07:47:11.966 I/input_interaction( 1524): Interaction with: 321be4b com.android.launcher3/com.android.launcher3.uioverrides.QuickstepLauncher (server), 8f82c51 com.android.systemui.ImageWallpaper (server), edge-swipe (server), swipe-up (server), PointerEventDispatcher0 (server),
02-17 07:47:12.351 I/commit_sys_config_file( 1524): [settings-1-0,4]
02-17 07:47:12.935 I/auditd ( 0): type=1400 audit(0.0:15399): avc: denied { kill } for comm="swapper/1" capability=5 scontext=u:r:kernel:s0 tcontext=u:r:kernel:s0 tclass=capability permissive=0
02-17 07:47:13.060 I/wm_task_created( 1524): [41,-1]
02-17 07:47:13.063 I/wm_task_moved( 1524): [41,1,7]
02-17 07:47:13.063 I/wm_task_to_front( 1524): [0,41]
02-17 07:47:13.063 I/wm_create_task( 1524): [0,41]
02-17 07:47:13.063 I/wm_create_activity( 1524): [0,206913332,41,com.android.calendar/.AllInOneActivity,android.intent.action.MAIN,NULL,NULL,270532608]
02-17 07:47:13.063 I/wm_task_moved( 1524): [41,1,7]
02-17 07:47:13.064 I/wm_pause_activity( 1524): [0,128678138,com.android.launcher3/.uioverrides.QuickstepLauncher,userLeaving=true,pauseBackTasks]
02-17 07:47:13.067 I/am_uid_running( 1524): 10063
02-17 07:47:13.067 I/wm_on_top_resumed_lost_called( 2568): [128678138,com.android.launcher3.uioverrides.QuickstepLauncher,topStateChangedWhenResumed]
02-17 07:47:13.068 I/wm_on_paused_called( 2568): [128678138,com.android.launcher3.uioverrides.QuickstepLauncher,performPause]
02-17 07:47:13.069 I/wm_add_to_stopping( 1524): [0,128678138,com.android.launcher3/.uioverrides.QuickstepLauncher,makeInvisible]
02-17 07:47:13.070 I/sysui_multi_action( 1524): [757,803,799,window_time_0,802,1]
02-17 07:47:13.072 I/am_proc_start( 1524): [0,13061,10063,com.android.calendar,pre-top-activity,{com.android.calendar/com.android.calendar.AllInOneActivity}]
02-17 07:47:13.084 I/am_proc_bound( 1524): [0,13061,com.android.calendar]
02-17 07:47:13.087 I/wm_restart_activity( 1524): [0,206913332,41,com.android.calendar/.AllInOneActivity]
02-17 07:47:13.088 I/wm_set_resumed_activity( 1524): [0,com.android.calendar/.AllInOneActivity,minimalResumeActivityLocked]
02-17 07:47:13.088 I/am_uid_active( 1524): 10063
02-17 07:47:13.100 I/input_focus( 1524): [Focus leaving 321be4b com.android.launcher3/com.android.launcher3.uioverrides.QuickstepLauncher (server),reason=NO_WINDOW]
02-17 07:47:13.103 I/am_uid_running( 1524): 10028
02-17 07:47:13.108 I/am_proc_start( 1524): [0,13086,10028,com.android.providers.calendar,content provider,{com.android.providers.calendar/com.android.providers.calendar.CalendarProvider2}]
02-17 07:47:13.115 I/wm_on_create_called(13061): [206913332,com.android.calendar.AllInOneActivity,performCreate]
02-17 07:47:13.117 I/am_proc_bound( 1524): [0,13086,com.android.providers.calendar]
02-17 07:47:13.118 I/am_uid_active( 1524): 10028
02-17 07:47:13.128 I/wm_on_start_called(13061): [206913332,com.android.calendar.AllInOneActivity,handleStartActivity]
02-17 07:47:13.129 I/wm_on_resume_called(13061): [206913332,com.android.calendar.AllInOneActivity,RESUME_ACTIVITY]
02-17 07:47:13.134 I/wm_on_top_resumed_gained_called(13061): [206913332,com.android.calendar.AllInOneActivity,topStateChangedWhenResumed]
02-17 07:47:13.147 I/input_focus( 1524): [Focus request 4419bf5 com.android.calendar/com.android.calendar.AllInOneActivity,reason=UpdateInputWindows]
02-17 07:47:13.197 I/sysui_multi_action( 1524): [319,29,321,28,322,142,325,14270,757,761,758,7,759,1,806,com.android.calendar,871,com.android.calendar.AllInOneActivity,904,com.android.launcher3,905,0,945,33,1320,4,1321,1]
02-17 07:47:13.197 I/wm_activity_launch_time( 1524): [0,206913332,com.android.calendar/.AllInOneActivity,142]
02-17 07:47:13.210 I/input_focus( 1524): [Focus entering 4419bf5 com.android.calendar/com.android.calendar.AllInOneActivity (server),reason=Window became focusable. Previous reason: NOT_VISIBLE]
02-17 07:47:13.612 I/wm_stop_activity( 1524): [0,128678138,com.android.launcher3/.uioverrides.QuickstepLauncher]
02-17 07:47:13.629 I/wm_on_stop_called( 2568): [128678138,com.android.launcher3.uioverrides.QuickstepLauncher,STOP_ACTIVITY_ITEM]
02-17 07:47:13.935 I/auditd ( 0): type=1400 audit(0.0:15400): avc: denied { kill } for comm="swapper/1" capability=5 scontext=u:r:kernel:s0 tcontext=u:r:kernel:s0 tclass=capability permissive=0
02-17 07:47:14.106 I/input_interaction( 1524): Interaction with: d4326e3 StatusBar (server), edge-swipe (server), swipe-up (server), PointerEventDispatcher0 (server),
02-17 07:47:14.107 I/sysui_multi_action( 1999): [757,803,799,panel_open,802,1]
02-17 07:47:14.107 I/sysui_multi_action( 1999): [757,1328,758,4,1326,23,1327,1,1329,0]
02-17 07:47:14.146 I/sysui_multi_action( 1524): [757,127,758,1]
02-17 07:47:14.146 I/sysui_multi_action( 1524): [757,804,799,note_load,801,3,802,1]
02-17 07:47:14.146 I/notification_panel_revealed( 1524): 3
02-17 07:47:14.151 I/input_focus( 1524): [Focus request febc086 NotificationShade,reason=UpdateInputWindows]
02-17 07:47:14.154 I/sysui_multi_action( 1524): [757,128,758,1,793,13058765,794,0,795,13058765,796,26,798,0,806,android,857,DEVELOPER_IMPORTANT,858,4,947,0,1395,3,1500,13058558,1688,1]
02-17 07:47:14.154 I/sysui_multi_action( 1524): [757,804,799,note_freshness,801,13058765,802,1]
02-17 07:47:14.154 I/notification_visibility( 1524): [-1|android|26|null|1000,1,13058765,13058765,0,0]
02-17 07:47:14.154 I/sysui_multi_action( 1524): [757,128,758,1,793,13086997,794,0,795,241966,796,17303299,797,com.android.wifi,798,1,806,android,857,NETWORK_AVAILABLE,858,2,947,0,1395,3,1500,183004,1688,1]
02-17 07:47:14.154 I/sysui_multi_action( 1524): [757,1501,758,1,793,13086997,794,0,795,241966,796,17303299,797,com.android.wifi,806,android,857,NETWORK_AVAILABLE,858,2,947,0,1500,0,1688,1]
02-17 07:47:14.154 I/sysui_multi_action( 1524): [757,804,799,note_interruptive,801,0,802,1]
02-17 07:47:14.154 I/sysui_multi_action( 1524): [757,804,799,note_freshness,801,241966,802,1]
02-17 07:47:14.154 I/notification_visibility( 1524): [0|android|17303299|com.android.wifi|1000,1,13086997,241966,0,1]
02-17 07:47:14.155 I/sysui_multi_action( 1524): [757,128,758,1,793,14260700,794,0,795,14260700,796,32,798,2,806,android,857,USB,858,1,947,0,1395,3,1500,14260268,1688,1]
02-17 07:47:14.155 I/sysui_multi_action( 1524): [757,804,799,note_freshness,801,14260700,802,1]
02-17 07:47:14.155 I/notification_visibility( 1524): [-1|android|32|null|1000,1,14260700,14260700,0,2]
02-17 07:47:14.162 I/input_focus( 1524): [Focus leaving 4419bf5 com.android.calendar/com.android.calendar.AllInOneActivity (server),reason=setFocusedWindow]
02-17 07:47:14.162 I/input_focus( 1524): [Focus entering febc086 NotificationShade (server),reason=setFocusedWindow]
02-17 07:47:14.228 I/sysui_multi_action( 1999): [757,111,758,1]
02-17 07:47:14.228 I/sysui_multi_action( 1999): [757,126,758,1,759,126,927,0,928,1,1593,0]
02-17 07:47:14.229 I/sysui_multi_action( 1999): [757,113,758,1,759,113,927,1,928,1,1593,0]
02-17 07:47:14.229 I/sysui_multi_action( 1999): [757,0,758,1,759,0,927,2,928,0,1593,0]
02-17 07:47:14.229 I/sysui_multi_action( 1999): [757,0,758,1,759,0,927,3,928,0,1593,0]
02-17 07:47:14.229 I/sysui_multi_action( 1999): [757,491,758,1,759,491,927,4,928,0,1311,-1,1593,0]
02-17 07:47:14.229 I/sysui_multi_action( 1999): [757,0,758,1,759,0,927,5,928,0,1593,0]
02-17 07:47:14.229 I/sysui_multi_action( 1999): [757,111,758,1]
02-17 07:47:14.229 I/sysui_multi_action( 1999): [757,126,758,1,759,126,927,0,928,1,1593,0]
02-17 07:47:14.229 I/sysui_multi_action( 1999): [757,113,758,1,759,113,927,1,928,1,1593,0]
02-17 07:47:14.229 I/sysui_multi_action( 1999): [757,0,758,1,759,0,927,2,928,0,1593,0]
02-17 07:47:14.229 I/sysui_multi_action( 1999): [757,0,758,1,759,0,927,3,928,0,1593,0]
02-17 07:47:14.935 I/auditd ( 0): type=1400 audit(0.0:15401): avc: denied { kill } for comm="swapper/1" capability=5 scontext=u:r:kernel:s0 tcontext=u:r:kernel:s0 tclass=capability permissive=0
02-17 07:47:15.429 I/input_interaction( 1524): Interaction with: febc086 NotificationShade (server), edge-swipe (server), swipe-up (server), PointerEventDispatcher0 (server),
02-17 07:47:15.871 I/notification_enqueue( 1524): [10080,1999,com.android.systemui,2048,NULL,0,Notification(channel=updateNotification shortcut=null contentView=null vibrate=null sound=null defaults=0x0 flags=0x0 color=0x00000000 vis=PRIVATE),1]
02-17 07:47:15.872 I/sysui_multi_action( 1999): [757,111,758,2]
02-17 07:47:15.873 I/sysui_multi_action( 1999): [757,111,758,2]
02-17 07:47:15.935 I/auditd ( 0): type=1400 audit(0.0:15402): avc: denied { kill } for comm="swapper/1" capability=5 scontext=u:r:kernel:s0 tcontext=u:r:kernel:s0 tclass=capability permissive=0
02-17 07:47:16.091 I/input_focus( 1524): [Focus request 4419bf5 com.android.calendar/com.android.calendar.AllInOneActivity,reason=UpdateInputWindows]
02-17 07:47:16.100 I/sysui_multi_action( 1524): [757,128,758,2,793,13060711,794,1946,795,13060711,796,26,798,0,806,android,857,DEVELOPER_IMPORTANT,858,4,947,0,1395,3,1500,13060504,1688,1]
02-17 07:47:16.101 I/notification_visibility( 1524): [-1|android|26|null|1000,0,13060711,13060711,0,0]
02-17 07:47:16.101 I/sysui_multi_action( 1524): [757,128,758,2,793,13088944,794,1947,795,243913,796,17303299,797,com.android.wifi,798,1,806,android,857,NETWORK_AVAILABLE,858,2,947,0,1395,3,1500,1947,1688,1]
02-17 07:47:16.101 I/notification_visibility( 1524): [0|android|17303299|com.android.wifi|1000,0,13088944,243913,0,1]
02-17 07:47:16.101 I/sysui_multi_action( 1524): [757,128,758,2,793,14262646,794,1946,795,14262646,796,32,798,2,806,android,857,USB,858,1,947,0,1395,3,1500,14262214,1688,1]
02-17 07:47:16.102 I/notification_visibility( 1524): [-1|android|32|null|1000,0,14262646,14262646,0,2]
02-17 07:47:16.103 I/sysui_multi_action( 1524): [757,127,758,2]
02-17 07:47:16.103 I/notification_panel_hidden( 1524):
02-17 07:47:16.117 I/input_focus( 1524): [Focus leaving febc086 NotificationShade (server),reason=NOT_FOCUSABLE]
02-17 07:47:16.117 I/input_focus( 1524): [Focus entering 4419bf5 com.android.calendar/com.android.calendar.AllInOneActivity (server),reason=setFocusedWindow]
02-17 07:47:16.652 I/input_interaction( 1524): Interaction with: 4419bf5 com.android.calendar/com.android.calendar.AllInOneActivity (server), edge-swipe (server), swipe-up (server), PointerEventDispatcher0 (server),
02-17 07:47:16.672 I/wm_task_moved( 1524): [1,0,0]
02-17 07:47:16.673 I/wm_task_moved( 1524): [1,0,6]
02-17 07:47:16.680 I/view_enqueue_input_event(13061): [Motion - Cancel,com.android.calendar/com.android.calendar.AllInOneActivity]
02-17 07:47:16.691 I/wm_on_restart_called( 2568): [128678138,com.android.launcher3.uioverrides.QuickstepLauncher,performRestartActivity]
02-17 07:47:16.691 I/input_interaction( 1524): Interaction with: edge-swipe (server), swipe-up (server), PointerEventDispatcher0 (server),
02-17 07:47:16.717 I/wm_on_start_called( 2568): [128678138,com.android.launcher3.uioverrides.QuickstepLauncher,handleStartActivity]
02-17 07:47:16.719 I/input_focus( 1524): [Focus request recents_animation_input_consumer,reason=UpdateInputWindows]
02-17 07:47:16.728 I/sysui_latency( 2568): [1,76]
02-17 07:47:16.735 I/input_focus( 1524): [Focus leaving 4419bf5 com.android.calendar/com.android.calendar.AllInOneActivity (server),reason=NOT_FOCUSABLE]
02-17 07:47:16.735 I/input_focus( 1524): [Focus entering recents_animation_input_consumer (server),reason=setFocusedWindow]
02-17 07:47:16.743 I/sysui_multi_action( 1524): [319,9,322,63,325,14274,757,761,758,9,759,5,806,com.android.launcher3,871,com.android.launcher3.uioverrides.QuickstepLauncher,904,com.android.launcher3,905,0,1320,8,1321,5]
02-17 07:47:16.900 I/commit_sys_config_file( 1524): [settings-1-0,6]
02-17 07:47:16.935 I/auditd ( 0): type=1400 audit(0.0:15403): avc: denied { kill } for comm="swapper/7" capability=5 scontext=u:r:kernel:s0 tcontext=u:r:kernel:s0 tclass=capability permissive=0
02-17 07:47:17.038 I/sysui_latency( 1524): [8,79]
02-17 07:47:17.605 I/wm_task_moved( 1524): [1,1,7]
02-17 07:47:17.606 I/wm_task_moved( 1524): [9,1,2147483647]
02-17 07:47:17.606 I/wm_task_to_front( 1524): [0,9]
02-17 07:47:17.606 I/wm_focused_root_task( 1524): [0,0,1,41,RecentsAnimation.onAnimationFinished()]
02-17 07:47:17.606 I/wm_set_resumed_activity( 1524): [0,com.android.launcher3/.uioverrides.QuickstepLauncher,RecentsAnimation.onAnimationFinished()]
02-17 07:47:17.606 I/wm_on_top_resumed_lost_called(13061): [206913332,com.android.calendar.AllInOneActivity,topStateChangedWhenResumed]
02-17 07:47:17.607 I/wm_pause_activity( 1524): [0,206913332,com.android.calendar/.AllInOneActivity,userLeaving=true,pauseBackTasks]
02-17 07:47:17.608 I/wm_add_to_stopping( 1524): [0,206913332,com.android.calendar/.AllInOneActivity,makeInvisible]
02-17 07:47:17.609 I/wm_set_resumed_activity( 1524): [0,com.android.launcher3/.uioverrides.QuickstepLauncher,resumeTopActivityInnerLocked]
02-17 07:47:17.611 I/wm_resume_activity( 1524): [0,128678138,9,com.android.launcher3/.uioverrides.QuickstepLauncher]
02-17 07:47:17.612 I/wm_on_resume_called( 2568): [128678138,com.android.launcher3.uioverrides.QuickstepLauncher,RESUME_ACTIVITY]
02-17 07:47:17.616 I/input_focus( 1524): [Focus request 321be4b com.android.launcher3/com.android.launcher3.uioverrides.QuickstepLauncher,reason=UpdateInputWindows]
02-17 07:47:17.616 I/wm_on_top_resumed_gained_called( 2568): [128678138,com.android.launcher3.uioverrides.QuickstepLauncher,topStateChangedWhenResumed]
02-17 07:47:17.621 I/wm_on_paused_called(13061): [206913332,com.android.calendar.AllInOneActivity,performPause]
02-17 07:47:17.622 I/input_focus( 1524): [Focus leaving recents_animation_input_consumer (server),reason=NOT_VISIBLE]
02-17 07:47:17.623 I/wm_stop_activity( 1524): [0,206913332,com.android.calendar/.AllInOneActivity]
02-17 07:47:17.629 I/sysui_multi_action( 1524): [757,803,799,window_time_0,802,5]
02-17 07:47:17.630 I/sysui_multi_action( 1524): [757,803,799,window_time_0,802,0]
02-17 07:47:17.637 I/input_focus( 1524): [Focus entering 321be4b com.android.launcher3/com.android.launcher3.uioverrides.QuickstepLauncher (server),reason=setFocusedWindow]
02-17 07:47:17.647 I/wm_on_stop_called(13061): [206913332,com.android.calendar.AllInOneActivity,STOP_ACTIVITY_ITEM]
02-17 07:47:17.672 I/input_interaction( 1524): Interaction with: 321be4b com.android.launcher3/com.android.launcher3.uioverrides.QuickstepLauncher (server), 8f82c51 com.android.systemui.ImageWallpaper (server), edge-swipe (server), swipe-up (server), PointerEventDispatcher0 (server),
02-17 07:47:17.935 I/auditd ( 0): type=1400 audit(0.0:15404): avc: denied { kill } for comm="swapper/7" capability=5 scontext=u:r:kernel:s0 tcontext=u:r:kernel:s0 tclass=capability permissive=0
02-17 07:47:18.039 I/commit_sys_config_file( 1524): [settings-1-0,6]
02-17 07:47:18.701 I/wm_task_created( 1524): [42,-1]
02-17 07:47:18.704 I/wm_task_moved( 1524): [42,1,8]
02-17 07:47:18.704 I/wm_task_to_front( 1524): [0,42]
02-17 07:47:18.704 I/wm_create_task( 1524): [0,42]
02-17 07:47:18.704 I/wm_create_activity( 1524): [0,234919770,42,com.android.deskclock/.DeskClock,android.intent.action.MAIN,NULL,NULL,270532608]
02-17 07:47:18.704 I/wm_task_moved( 1524): [42,1,8]
02-17 07:47:18.705 I/wm_pause_activity( 1524): [0,128678138,com.android.launcher3/.uioverrides.QuickstepLauncher,userLeaving=true,pauseBackTasks]
02-17 07:47:18.708 I/wm_on_top_resumed_lost_called( 2568): [128678138,com.android.launcher3.uioverrides.QuickstepLauncher,topStateChangedWhenResumed]
02-17 07:47:18.708 I/am_uid_running( 1524): 10067
02-17 07:47:18.709 I/wm_on_paused_called( 2568): [128678138,com.android.launcher3.uioverrides.QuickstepLauncher,performPause]
02-17 07:47:18.710 I/wm_add_to_stopping( 1524): [0,128678138,com.android.launcher3/.uioverrides.QuickstepLauncher,makeInvisible]
02-17 07:47:18.712 I/sysui_multi_action( 1524): [757,803,799,window_time_0,802,1]
02-17 07:47:18.716 I/am_proc_start( 1524): [0,13145,10067,com.android.deskclock,pre-top-activity,{com.android.deskclock/com.android.deskclock.DeskClock}]
02-17 07:47:18.728 I/am_proc_bound( 1524): [0,13145,com.android.deskclock]
02-17 07:47:18.732 I/wm_restart_activity( 1524): [0,234919770,42,com.android.deskclock/.DeskClock]
02-17 07:47:18.733 I/wm_set_resumed_activity( 1524): [0,com.android.deskclock/.DeskClock,minimalResumeActivityLocked]
02-17 07:47:18.734 I/am_uid_active( 1524): 10067
02-17 07:47:18.740 I/input_focus( 1524): [Focus leaving 321be4b com.android.launcher3/com.android.launcher3.uioverrides.QuickstepLauncher (server),reason=NO_WINDOW]
02-17 07:47:18.781 I/wm_on_create_called(13145): [234919770,com.android.deskclock.DeskClock,performCreate]
02-17 07:47:18.782 I/wm_on_start_called(13145): [234919770,com.android.deskclock.DeskClock,handleStartActivity]
02-17 07:47:18.783 I/wm_on_resume_called(13145): [234919770,com.android.deskclock.DeskClock,RESUME_ACTIVITY]
02-17 07:47:18.786 I/wm_on_top_resumed_gained_called(13145): [234919770,com.android.deskclock.DeskClock,topStateChangedWhenResumed]
02-17 07:47:18.869 I/input_focus( 1524): [Focus request afe46d3 com.android.deskclock/com.android.deskclock.DeskClock,reason=UpdateInputWindows]
02-17 07:47:18.918 I/sysui_multi_action( 1524): [319,35,321,33,322,222,325,14276,757,761,758,7,759,1,806,com.android.deskclock,871,com.android.deskclock.DeskClock,904,com.android.launcher3,905,0,945,37,1320,4,1321,1]
02-17 07:47:18.919 I/wm_activity_launch_time( 1524): [0,234919770,com.android.deskclock/.DeskClock,222]
02-17 07:47:18.923 I/input_focus( 1524): [Focus entering afe46d3 com.android.deskclock/com.android.deskclock.DeskClock (server),reason=Window became focusable. Previous reason: NOT_VISIBLE]
02-17 07:47:18.935 I/auditd ( 0): type=1400 audit(0.0:15405): avc: denied { kill } for comm="swapper/1" capability=5 scontext=u:r:kernel:s0 tcontext=u:r:kernel:s0 tclass=capability permissive=0
02-17 07:47:19.258 I/wm_stop_activity( 1524): [0,128678138,com.android.launcher3/.uioverrides.QuickstepLauncher]
02-17 07:47:19.276 I/wm_on_stop_called( 2568): [128678138,com.android.launcher3.uioverrides.QuickstepLauncher,STOP_ACTIVITY_ITEM]
02-17 07:47:19.600 I/input_interaction( 1524): Interaction with: afe46d3 com.android.deskclock/com.android.deskclock.DeskClock (server), edge-swipe (server), swipe-up (server), PointerEventDispatcher0 (server),
02-17 07:47:19.939 I/auditd ( 0): type=1400 audit(0.0:15406): avc: denied { kill } for comm="swapper/1" capability=5 scontext=u:r:kernel:s0 tcontext=u:r:kernel:s0 tclass=capability permissive=0
02-17 07:47:19.942 I/service_manager_stats( 1524): [100,29,126737]
02-17 07:47:20.547 I/input_interaction( 1524): Interaction with: d4326e3 StatusBar (server), edge-swipe (server), swipe-up (server), PointerEventDispatcher0 (server),
02-17 07:47:20.548 I/sysui_multi_action( 1999): [757,803,799,panel_open,802,1]
02-17 07:47:20.549 I/sysui_multi_action( 1999): [757,1328,758,4,1326,42,1327,5,1329,0]
02-17 07:47:20.595 I/sysui_multi_action( 1524): [757,127,758,1]
02-17 07:47:20.595 I/sysui_multi_action( 1524): [757,804,799,note_load,801,3,802,1]
02-17 07:47:20.595 I/notification_panel_revealed( 1524): 3
02-17 07:47:20.599 I/input_focus( 1524): [Focus request febc086 NotificationShade,reason=UpdateInputWindows]
02-17 07:47:20.604 I/sysui_multi_action( 1524): [757,128,758,1,793,13065215,794,0,795,13065215,796,26,798,0,806,android,857,DEVELOPER_IMPORTANT,858,4,947,0,1395,3,1500,13065008,1688,1]
02-17 07:47:20.604 I/sysui_multi_action( 1524): [757,804,799,note_freshness,801,13065215,802,1]
02-17 07:47:20.604 I/notification_visibility( 1524): [-1|android|26|null|1000,1,13065215,13065215,0,0]
02-17 07:47:20.604 I/sysui_multi_action( 1524): [757,128,758,1,793,13093447,794,0,795,248416,796,17303299,797,com.android.wifi,798,1,806,android,857,NETWORK_AVAILABLE,858,2,947,0,1395,3,1500,6450,1688,1]
02-17 07:47:20.604 I/sysui_multi_action( 1524): [757,1501,758,1,793,13093447,794,0,795,248416,796,17303299,797,com.android.wifi,806,android,857,NETWORK_AVAILABLE,858,2,947,0,1500,0,1688,1]
02-17 07:47:20.604 I/sysui_multi_action( 1524): [757,804,799,note_interruptive,801,0,802,1]
02-17 07:47:20.604 I/sysui_multi_action( 1524): [757,804,799,note_freshness,801,248416,802,1]
02-17 07:47:20.604 I/notification_visibility( 1524): [0|android|17303299|com.android.wifi|1000,1,13093447,248416,0,1]
02-17 07:47:20.604 I/sysui_multi_action( 1524): [757,128,758,1,793,14267149,794,0,795,14267149,796,32,798,2,806,android,857,USB,858,1,947,0,1395,3,1500,14266717,1688,1]
02-17 07:47:20.604 I/sysui_multi_action( 1524): [757,804,799,note_freshness,801,14267149,802,1]
02-17 07:47:20.604 I/notification_visibility( 1524): [-1|android|32|null|1000,1,14267149,14267149,0,2]
02-17 07:47:20.611 I/input_focus( 1524): [Focus leaving afe46d3 com.android.deskclock/com.android.deskclock.DeskClock (server),reason=setFocusedWindow]
02-17 07:47:20.611 I/input_focus( 1524): [Focus entering febc086 NotificationShade (server),reason=setFocusedWindow]
02-17 07:47:20.643 I/sysui_multi_action( 1999): [757,111,758,1]
02-17 07:47:20.644 I/sysui_multi_action( 1999): [757,126,758,1,759,126,927,0,928,1,1593,0]
02-17 07:47:20.644 I/sysui_multi_action( 1999): [757,113,758,1,759,113,927,1,928,1,1593,0]
02-17 07:47:20.644 I/sysui_multi_action( 1999): [757,0,758,1,759,0,927,2,928,0,1593,0]
02-17 07:47:20.644 I/sysui_multi_action( 1999): [757,0,758,1,759,0,927,3,928,0,1593,0]
02-17 07:47:20.644 I/sysui_multi_action( 1999): [757,491,758,1,759,491,927,4,928,0,1311,-1,1593,0]
02-17 07:47:20.644 I/sysui_multi_action( 1999): [757,0,758,1,759,0,927,5,928,0,1593,0]
02-17 07:47:20.644 I/sysui_multi_action( 1999): [757,111,758,1]
02-17 07:47:20.644 I/sysui_multi_action( 1999): [757,126,758,1,759,126,927,0,928,1,1593,0]
02-17 07:47:20.644 I/sysui_multi_action( 1999): [757,113,758,1,759,113,927,1,928,1,1593,0]
02-17 07:47:20.644 I/sysui_multi_action( 1999): [757,0,758,1,759,0,927,2,928,0,1593,0]
02-17 07:47:20.644 I/sysui_multi_action( 1999): [757,0,758,1,759,0,927,3,928,0,1593,0]
02-17 07:47:20.935 I/auditd ( 0): type=1400 audit(0.0:15407): avc: denied { kill } for comm="swapper/1" capability=5 scontext=u:r:kernel:s0 tcontext=u:r:kernel:s0 tclass=capability permissive=0
02-17 07:47:21.387 I/input_interaction( 1524): Interaction with: febc086 NotificationShade (server), edge-swipe (server), swipe-up (server), PointerEventDispatcher0 (server),
02-17 07:47:21.753 I/notification_enqueue( 1524): [10080,1999,com.android.systemui,2048,NULL,0,Notification(channel=updateNotification shortcut=null contentView=null vibrate=null sound=null defaults=0x0 flags=0x0 color=0x00000000 vis=PRIVATE),1]
