02-17 07:56:25.956 I/am_wtf ( 1524): [0,1524,system_server,-1,DisplayDeviceConfig,requesting nits when no mapping exists.]
02-17 07:56:25.972 I/am_wtf ( 1524): [0,1524,system_server,-1,DisplayDeviceConfig,requesting nits when no mapping exists.]
02-17 07:56:25.974 I/am_wtf ( 1524): [0,1524,system_server,-1,DisplayDeviceConfig,requesting nits when no mapping exists.]
02-17 07:56:25.988 I/am_wtf ( 1524): [0,1524,system_server,-1,DisplayDeviceConfig,requesting nits when no mapping exists.]
02-17 07:56:25.989 I/am_wtf ( 1524): [0,1524,system_server,-1,DisplayDeviceConfig,requesting nits when no mapping exists.]
02-17 07:56:26.005 I/am_wtf ( 1524): [0,1524,system_server,-1,DisplayDeviceConfig,requesting nits when no mapping exists.]
02-17 07:56:26.006 I/am_wtf ( 1524): [0,1524,system_server,-1,DisplayDeviceConfig,requesting nits when no mapping exists.]
02-17 07:56:26.022 I/am_wtf ( 1524): [0,1524,system_server,-1,DisplayDeviceConfig,requesting nits when no mapping exists.]
02-17 07:56:26.023 I/am_wtf ( 1524): [0,1524,system_server,-1,DisplayDeviceConfig,requesting nits when no mapping exists.]
02-17 07:56:26.039 I/am_wtf ( 1524): [0,1524,system_server,-1,DisplayDeviceConfig,requesting nits when no mapping exists.]
02-17 07:56:26.040 I/am_wtf ( 1524): [0,1524,system_server,-1,DisplayDeviceConfig,requesting nits when no mapping exists.]
02-17 07:56:26.056 I/am_wtf ( 1524): [0,1524,system_server,-1,DisplayDeviceConfig,requesting nits when no mapping exists.]
02-17 07:56:26.056 I/am_wtf ( 1524): [0,1524,system_server,-1,DisplayDeviceConfig,requesting nits when no mapping exists.]
02-17 07:56:26.072 I/am_wtf ( 1524): [0,1524,system_server,-1,DisplayDeviceConfig,requesting nits when no mapping exists.]
02-17 07:56:26.073 I/am_wtf ( 1524): [0,1524,system_server,-1,DisplayDeviceConfig,requesting nits when no mapping exists.]
02-17 07:56:26.089 I/am_wtf ( 1524): [0,1524,system_server,-1,DisplayDeviceConfig,requesting nits when no mapping exists.]
02-17 07:56:26.090 I/am_wtf ( 1524): [0,1524,system_server,-1,DisplayDeviceConfig,requesting nits when no mapping exists.]
02-17 07:56:26.105 I/am_wtf ( 1524): [0,1524,system_server,-1,DisplayDeviceConfig,requesting nits when no mapping exists.]
02-17 07:56:26.106 I/am_wtf ( 1524): [0,1524,system_server,-1,DisplayDeviceConfig,requesting nits when no mapping exists.]
02-17 07:56:26.122 I/am_wtf ( 1524): [0,1524,system_server,-1,DisplayDeviceConfig,requesting nits when no mapping exists.]
02-17 07:56:26.123 I/am_wtf ( 1524): [0,1524,system_server,-1,DisplayDeviceConfig,requesting nits when no mapping exists.]
02-17 07:56:26.139 I/am_wtf ( 1524): [0,1524,system_server,-1,DisplayDeviceConfig,requesting nits when no mapping exists.]
02-17 07:56:26.140 I/am_wtf ( 1524): [0,1524,system_server,-1,DisplayDeviceConfig,requesting nits when no mapping exists.]
02-17 07:56:26.156 I/am_wtf ( 1524): [0,1524,system_server,-1,DisplayDeviceConfig,requesting nits when no mapping exists.]
02-17 07:56:26.157 I/am_wtf ( 1524): [0,1524,system_server,-1,DisplayDeviceConfig,requesting nits when no mapping exists.]
02-17 07:56:26.173 I/am_wtf ( 1524): [0,1524,system_server,-1,DisplayDeviceConfig,requesting nits when no mapping exists.]
02-17 07:56:26.174 I/am_wtf ( 1524): [0,1524,system_server,-1,DisplayDeviceConfig,requesting nits when no mapping exists.]
02-17 07:56:26.189 I/am_wtf ( 1524): [0,1524,system_server,-1,DisplayDeviceConfig,requesting nits when no mapping exists.]
02-17 07:56:26.190 I/am_wtf ( 1524): [0,1524,system_server,-1,DisplayDeviceConfig,requesting nits when no mapping exists.]
02-17 07:56:26.206 I/am_wtf ( 1524): [0,1524,system_server,-1,DisplayDeviceConfig,requesting nits when no mapping exists.]
02-17 07:56:26.207 I/am_wtf ( 1524): [0,1524,system_server,-1,DisplayDeviceConfig,requesting nits when no mapping exists.]
02-17 07:56:26.208 I/service_manager_stats( 1524): [100,47,54059]
02-17 07:56:26.222 I/am_wtf ( 1524): [0,1524,system_server,-1,DisplayDeviceConfig,requesting nits when no mapping exists.]
02-17 07:56:26.223 I/am_wtf ( 1524): [0,1524,system_server,-1,DisplayDeviceConfig,requesting nits when no mapping exists.]
02-17 07:56:26.239 I/am_wtf ( 1524): [0,1524,system_server,-1,DisplayDeviceConfig,requesting nits when no mapping exists.]
02-17 07:56:26.240 I/am_wtf ( 1524): [0,1524,system_server,-1,DisplayDeviceConfig,requesting nits when no mapping exists.]
02-17 07:56:26.256 I/am_wtf ( 1524): [0,1524,system_server,-1,DisplayDeviceConfig,requesting nits when no mapping exists.]
02-17 07:56:26.257 I/am_wtf ( 1524): [0,1524,system_server,-1,DisplayDeviceConfig,requesting nits when no mapping exists.]
02-17 07:56:26.273 I/am_wtf ( 1524): [0,1524,system_server,-1,DisplayDeviceConfig,requesting nits when no mapping exists.]
02-17 07:56:26.274 I/am_wtf ( 1524): [0,1524,system_server,-1,DisplayDeviceConfig,requesting nits when no mapping exists.]
02-17 07:56:26.289 I/am_wtf ( 1524): [0,1524,system_server,-1,DisplayDeviceConfig,requesting nits when no mapping exists.]
02-17 07:56:26.290 I/am_wtf ( 1524): [0,1524,system_server,-1,DisplayDeviceConfig,requesting nits when no mapping exists.]
02-17 07:56:26.306 I/am_wtf ( 1524): [0,1524,system_server,-1,DisplayDeviceConfig,requesting nits when no mapping exists.]
02-17 07:56:26.307 I/am_wtf ( 1524): [0,1524,system_server,-1,DisplayDeviceConfig,requesting nits when no mapping exists.]
02-17 07:56:26.323 I/am_wtf ( 1524): [0,1524,system_server,-1,DisplayDeviceConfig,requesting nits when no mapping exists.]
02-17 07:56:26.324 I/am_wtf ( 1524): [0,1524,system_server,-1,DisplayDeviceConfig,requesting nits when no mapping exists.]
02-17 07:56:26.340 I/am_wtf ( 1524): [0,1524,system_server,-1,DisplayDeviceConfig,requesting nits when no mapping exists.]
02-17 07:56:26.341 I/am_wtf ( 1524): [0,1524,system_server,-1,DisplayDeviceConfig,requesting nits when no mapping exists.]
02-17 07:56:26.356 I/am_wtf ( 1524): [0,1524,system_server,-1,DisplayDeviceConfig,requesting nits when no mapping exists.]
02-17 07:56:26.357 I/am_wtf ( 1524): [0,1524,system_server,-1,DisplayDeviceConfig,requesting nits when no mapping exists.]
02-17 07:56:26.935 I/auditd ( 0): type=1400 audit(0.0:15993): avc: denied { kill } for comm="swapper/2" capability=5 scontext=u:r:kernel:s0 tcontext=u:r:kernel:s0 tclass=capability permissive=0
02-17 07:56:27.939 I/auditd ( 0): type=1400 audit(0.0:15994): avc: denied { kill } for comm="swapper/2" capability=5 scontext=u:r:kernel:s0 tcontext=u:r:kernel:s0 tclass=capability permissive=0
02-17 07:56:28.596 I/input_interaction( 1524): Interaction with: d4326e3 StatusBar (server), edge-swipe (server), swipe-up (server), PointerEventDispatcher0 (server),
02-17 07:56:28.598 I/sysui_multi_action( 1524): [757,1696,758,6,759,3]
02-17 07:56:28.601 I/sysui_multi_action( 1999): [757,803,799,panel_open,802,1]
02-17 07:56:28.602 I/sysui_multi_action( 1999): [757,1328,758,4,1326,48,1327,1,1329,0]
02-17 07:56:28.604 I/am_wtf ( 1524): [0,1524,system_server,-1,DisplayDeviceConfig,requesting nits when no mapping exists.]
02-17 07:56:28.604 I/am_wtf ( 1524): [0,1524,system_server,-1,DisplayDeviceConfig,requesting nits when no mapping exists.]
02-17 07:56:28.624 I/am_wtf ( 1524): [0,1524,system_server,-1,DisplayDeviceConfig,requesting nits when no mapping exists.]
02-17 07:56:28.625 I/am_wtf ( 1524): [0,1524,system_server,-1,DisplayDeviceConfig,requesting nits when no mapping exists.]
02-17 07:56:28.637 I/am_wtf ( 1524): [0,1524,system_server,-1,DisplayDeviceConfig,requesting nits when no mapping exists.]
02-17 07:56:28.637 I/am_wtf ( 1524): [0,1524,system_server,-1,DisplayDeviceConfig,requesting nits when no mapping exists.]
02-17 07:56:28.644 I/am_wtf ( 1524): [0,1524,system_server,-1,DisplayDeviceConfig,requesting nits when no mapping exists.]
02-17 07:56:28.645 I/am_wtf ( 1524): [0,1524,system_server,-1,DisplayDeviceConfig,requesting nits when no mapping exists.]
02-17 07:56:28.654 I/sysui_multi_action( 1524): [757,127,758,1]
02-17 07:56:28.654 I/sysui_multi_action( 1524): [757,804,799,note_load,801,3,802,1]
02-17 07:56:28.655 I/notification_panel_revealed( 1524): 3
02-17 07:56:28.664 I/am_wtf ( 1524): [0,1524,system_server,-1,DisplayDeviceConfig,requesting nits when no mapping exists.]
02-17 07:56:28.664 I/am_wtf ( 1524): [0,1524,system_server,-1,DisplayDeviceConfig,requesting nits when no mapping exists.]
02-17 07:56:28.665 I/input_focus( 1524): [Focus request febc086 NotificationShade,reason=UpdateInputWindows]
02-17 07:56:28.674 I/sysui_multi_action( 1524): [757,128,758,1,793,13613285,794,0,795,13613285,796,26,798,0,806,android,857,DEVELOPER_IMPORTANT,858,4,947,0,1395,3,1500,13613078,1688,1]
02-17 07:56:28.674 I/sysui_multi_action( 1524): [757,804,799,note_freshness,801,13613285,802,1]
02-17 07:56:28.674 I/notification_visibility( 1524): [-1|android|26|null|1000,1,13613285,13613285,0,0]
02-17 07:56:28.675 I/sysui_multi_action( 1524): [757,128,758,1,793,13641518,794,0,795,516486,796,17303299,797,com.android.wifi,798,1,806,android,857,NETWORK_AVAILABLE,858,2,947,0,1395,3,1500,57393,1688,1]
02-17 07:56:28.675 I/sysui_multi_action( 1524): [757,1501,758,1,793,13641518,794,0,795,516486,796,17303299,797,com.android.wifi,806,android,857,NETWORK_AVAILABLE,858,2,947,0,1500,0,1688,1]
02-17 07:56:28.675 I/sysui_multi_action( 1524): [757,804,799,note_interruptive,801,0,802,1]
02-17 07:56:28.675 I/sysui_multi_action( 1524): [757,804,799,note_freshness,801,516486,802,1]
02-17 07:56:28.675 I/notification_visibility( 1524): [0|android|17303299|com.android.wifi|1000,1,13641518,516486,0,1]
02-17 07:56:28.675 I/sysui_multi_action( 1524): [757,128,758,1,793,14815220,794,0,795,14815220,796,32,798,2,806,android,857,USB,858,1,947,0,1395,3,1500,14814788,1688,1]
02-17 07:56:28.675 I/sysui_multi_action( 1524): [757,804,799,note_freshness,801,14815220,802,1]
02-17 07:56:28.675 I/notification_visibility( 1524): [-1|android|32|null|1000,1,14815220,14815220,0,2]
02-17 07:56:28.679 I/am_wtf ( 1524): [0,1524,system_server,-1,DisplayDeviceConfig,requesting nits when no mapping exists.]
02-17 07:56:28.680 I/am_wtf ( 1524): [0,1524,system_server,-1,DisplayDeviceConfig,requesting nits when no mapping exists.]
02-17 07:56:28.695 I/am_wtf ( 1524): [0,1524,system_server,-1,DisplayDeviceConfig,requesting nits when no mapping exists.]
02-17 07:56:28.695 I/am_wtf ( 1524): [0,1524,system_server,-1,DisplayDeviceConfig,requesting nits when no mapping exists.]
02-17 07:56:28.696 I/input_focus( 1524): [Focus leaving 321be4b com.android.launcher3/com.android.launcher3.uioverrides.QuickstepLauncher (server),reason=setFocusedWindow]
02-17 07:56:28.696 I/input_focus( 1524): [Focus entering febc086 NotificationShade (server),reason=setFocusedWindow]
02-17 07:56:28.712 I/am_wtf ( 1524): [0,1524,system_server,-1,DisplayDeviceConfig,requesting nits when no mapping exists.]
02-17 07:56:28.713 I/am_wtf ( 1524): [0,1524,system_server,-1,DisplayDeviceConfig,requesting nits when no mapping exists.]
02-17 07:56:28.730 I/am_wtf ( 1524): [0,1524,system_server,-1,DisplayDeviceConfig,requesting nits when no mapping exists.]
02-17 07:56:28.731 I/am_wtf ( 1524): [0,1524,system_server,-1,DisplayDeviceConfig,requesting nits when no mapping exists.]
02-17 07:56:28.746 I/am_wtf ( 1524): [0,1524,system_server,-1,DisplayDeviceConfig,requesting nits when no mapping exists.]
02-17 07:56:28.747 I/am_wtf ( 1524): [0,1524,system_server,-1,DisplayDeviceConfig,requesting nits when no mapping exists.]
02-17 07:56:28.763 I/sysui_multi_action( 1999): [757,111,758,1]
02-17 07:56:28.763 I/sysui_multi_action( 1999): [757,126,758,1,759,126,927,0,928,1,1593,0]
02-17 07:56:28.764 I/sysui_multi_action( 1999): [757,113,758,1,759,113,927,1,928,1,1593,0]
02-17 07:56:28.764 I/sysui_multi_action( 1999): [757,0,758,1,759,0,927,2,928,0,1593,0]
02-17 07:56:28.764 I/sysui_multi_action( 1999): [757,0,758,1,759,0,927,3,928,0,1593,0]
02-17 07:56:28.764 I/am_wtf ( 1524): [0,1524,system_server,-1,DisplayDeviceConfig,requesting nits when no mapping exists.]
02-17 07:56:28.764 I/sysui_multi_action( 1999): [757,491,758,1,759,491,927,4,928,0,1311,-1,1593,0]
02-17 07:56:28.765 I/sysui_multi_action( 1999): [757,0,758,1,759,0,927,5,928,0,1593,0]
02-17 07:56:28.765 I/sysui_multi_action( 1999): [757,111,758,1]
02-17 07:56:28.765 I/sysui_multi_action( 1999): [757,126,758,1,759,126,927,0,928,1,1593,0]
02-17 07:56:28.765 I/sysui_multi_action( 1999): [757,113,758,1,759,113,927,1,928,1,1593,0]
02-17 07:56:28.765 I/sysui_multi_action( 1999): [757,0,758,1,759,0,927,2,928,0,1593,0]
02-17 07:56:28.765 I/sysui_multi_action( 1999): [757,0,758,1,759,0,927,3,928,0,1593,0]
02-17 07:56:28.765 I/am_wtf ( 1524): [0,1524,system_server,-1,DisplayDeviceConfig,requesting nits when no mapping exists.]
02-17 07:56:28.780 I/am_wtf ( 1524): [0,1524,system_server,-1,DisplayDeviceConfig,requesting nits when no mapping exists.]
02-17 07:56:28.781 I/am_wtf ( 1524): [0,1524,system_server,-1,DisplayDeviceConfig,requesting nits when no mapping exists.]
02-17 07:56:28.797 I/am_wtf ( 1524): [0,1524,system_server,-1,DisplayDeviceConfig,requesting nits when no mapping exists.]
02-17 07:56:28.798 I/am_wtf ( 1524): [0,1524,system_server,-1,DisplayDeviceConfig,requesting nits when no mapping exists.]
02-17 07:56:28.815 I/am_wtf ( 1524): [0,1524,system_server,-1,DisplayDeviceConfig,requesting nits when no mapping exists.]
02-17 07:56:28.815 I/am_wtf ( 1524): [0,1524,system_server,-1,DisplayDeviceConfig,requesting nits when no mapping exists.]
02-17 07:56:28.831 I/am_wtf ( 1524): [0,1524,system_server,-1,DisplayDeviceConfig,requesting nits when no mapping exists.]
02-17 07:56:28.832 I/am_wtf ( 1524): [0,1524,system_server,-1,DisplayDeviceConfig,requesting nits when no mapping exists.]
02-17 07:56:28.848 I/am_wtf ( 1524): [0,1524,system_server,-1,DisplayDeviceConfig,requesting nits when no mapping exists.]
02-17 07:56:28.849 I/am_wtf ( 1524): [0,1524,system_server,-1,DisplayDeviceConfig,requesting nits when no mapping exists.]
02-17 07:56:28.864 I/am_wtf ( 1524): [0,1524,system_server,-1,DisplayDeviceConfig,requesting nits when no mapping exists.]
02-17 07:56:28.865 I/am_wtf ( 1524): [0,1524,system_server,-1,DisplayDeviceConfig,requesting nits when no mapping exists.]
02-17 07:56:28.881 I/am_wtf ( 1524): [0,1524,system_server,-1,DisplayDeviceConfig,requesting nits when no mapping exists.]
02-17 07:56:28.882 I/am_wtf ( 1524): [0,1524,system_server,-1,DisplayDeviceConfig,requesting nits when no mapping exists.]
02-17 07:56:28.897 I/am_wtf ( 1524): [0,1524,system_server,-1,DisplayDeviceConfig,requesting nits when no mapping exists.]
02-17 07:56:28.898 I/am_wtf ( 1524): [0,1524,system_server,-1,DisplayDeviceConfig,requesting nits when no mapping exists.]
02-17 07:56:28.915 I/am_wtf ( 1524): [0,1524,system_server,-1,DisplayDeviceConfig,requesting nits when no mapping exists.]
02-17 07:56:28.916 I/am_wtf ( 1524): [0,1524,system_server,-1,DisplayDeviceConfig,requesting nits when no mapping exists.]
02-17 07:56:28.930 I/am_wtf ( 1524): [0,1524,system_server,-1,DisplayDeviceConfig,requesting nits when no mapping exists.]
02-17 07:56:28.931 I/am_wtf ( 1524): [0,1524,system_server,-1,DisplayDeviceConfig,requesting nits when no mapping exists.]
02-17 07:56:28.935 I/auditd ( 476): type=1400 audit(0.0:15995): avc: denied { kill } for comm="ueventd" capability=5 scontext=u:r:ueventd:s0 tcontext=u:r:ueventd:s0 tclass=capability permissive=0
02-17 07:56:28.947 I/am_wtf ( 1524): [0,1524,system_server,-1,DisplayDeviceConfig,requesting nits when no mapping exists.]
02-17 07:56:28.948 I/am_wtf ( 1524): [0,1524,system_server,-1,DisplayDeviceConfig,requesting nits when no mapping exists.]
02-17 07:56:28.964 I/am_wtf ( 1524): [0,1524,system_server,-1,DisplayDeviceConfig,requesting nits when no mapping exists.]
02-17 07:56:28.965 I/am_wtf ( 1524): [0,1524,system_server,-1,DisplayDeviceConfig,requesting nits when no mapping exists.]
02-17 07:56:28.981 I/am_wtf ( 1524): [0,1524,system_server,-1,DisplayDeviceConfig,requesting nits when no mapping exists.]
02-17 07:56:28.982 I/am_wtf ( 1524): [0,1524,system_server,-1,DisplayDeviceConfig,requesting nits when no mapping exists.]
02-17 07:56:28.997 I/am_wtf ( 1524): [0,1524,system_server,-1,DisplayDeviceConfig,requesting nits when no mapping exists.]
02-17 07:56:28.999 I/am_wtf ( 1524): [0,1524,system_server,-1,DisplayDeviceConfig,requesting nits when no mapping exists.]
02-17 07:56:29.014 I/am_wtf ( 1524): [0,1524,system_server,-1,DisplayDeviceConfig,requesting nits when no mapping exists.]
02-17 07:56:29.016 I/am_wtf ( 1524): [0,1524,system_server,-1,DisplayDeviceConfig,requesting nits when no mapping exists.]
02-17 07:56:29.031 I/am_wtf ( 1524): [0,1524,system_server,-1,DisplayDeviceConfig,requesting nits when no mapping exists.]
02-17 07:56:29.032 I/am_wtf ( 1524): [0,1524,system_server,-1,DisplayDeviceConfig,requesting nits when no mapping exists.]
02-17 07:56:29.048 I/am_wtf ( 1524): [0,1524,system_server,-1,DisplayDeviceConfig,requesting nits when no mapping exists.]
02-17 07:56:29.053 I/am_wtf ( 1524): [0,1524,system_server,-1,DisplayDeviceConfig,requesting nits when no mapping exists.]
02-17 07:56:29.064 I/am_wtf ( 1524): [0,1524,system_server,-1,DisplayDeviceConfig,requesting nits when no mapping exists.]
02-17 07:56:29.065 I/am_wtf ( 1524): [0,1524,system_server,-1,DisplayDeviceConfig,requesting nits when no mapping exists.]
02-17 07:56:29.081 I/am_wtf ( 1524): [0,1524,system_server,-1,DisplayDeviceConfig,requesting nits when no mapping exists.]
02-17 07:56:29.082 I/am_wtf ( 1524): [0,1524,system_server,-1,DisplayDeviceConfig,requesting nits when no mapping exists.]
02-17 07:56:29.098 I/am_wtf ( 1524): [0,1524,system_server,-1,DisplayDeviceConfig,requesting nits when no mapping exists.]
02-17 07:56:29.098 I/am_wtf ( 1524): [0,1524,system_server,-1,DisplayDeviceConfig,requesting nits when no mapping exists.]
02-17 07:56:29.115 I/am_wtf ( 1524): [0,1524,system_server,-1,DisplayDeviceConfig,requesting nits when no mapping exists.]
02-17 07:56:29.117 I/am_wtf ( 1524): [0,1524,system_server,-1,DisplayDeviceConfig,requesting nits when no mapping exists.]
02-17 07:56:29.131 I/am_wtf ( 1524): [0,1524,system_server,-1,DisplayDeviceConfig,requesting nits when no mapping exists.]
02-17 07:56:29.132 I/am_wtf ( 1524): [0,1524,system_server,-1,DisplayDeviceConfig,requesting nits when no mapping exists.]
02-17 07:56:29.148 I/am_wtf ( 1524): [0,1524,system_server,-1,DisplayDeviceConfig,requesting nits when no mapping exists.]
02-17 07:56:29.148 I/am_wtf ( 1524): [0,1524,system_server,-1,DisplayDeviceConfig,requesting nits when no mapping exists.]
02-17 07:56:29.163 I/am_wtf ( 1524): [0,1524,system_server,-1,DisplayDeviceConfig,requesting nits when no mapping exists.]
02-17 07:56:29.163 I/am_wtf ( 1524): [0,1524,system_server,-1,DisplayDeviceConfig,requesting nits when no mapping exists.]
02-17 07:56:29.179 I/am_wtf ( 1524): [0,1524,system_server,-1,DisplayDeviceConfig,requesting nits when no mapping exists.]
02-17 07:56:29.180 I/am_wtf ( 1524): [0,1524,system_server,-1,DisplayDeviceConfig,requesting nits when no mapping exists.]
02-17 07:56:29.196 I/am_wtf ( 1524): [0,1524,system_server,-1,DisplayDeviceConfig,requesting nits when no mapping exists.]
02-17 07:56:29.197 I/am_wtf ( 1524): [0,1524,system_server,-1,DisplayDeviceConfig,requesting nits when no mapping exists.]
02-17 07:56:29.213 I/am_wtf ( 1524): [0,1524,system_server,-1,DisplayDeviceConfig,requesting nits when no mapping exists.]
02-17 07:56:29.214 I/am_wtf ( 1524): [0,1524,system_server,-1,DisplayDeviceConfig,requesting nits when no mapping exists.]
02-17 07:56:29.230 I/am_wtf ( 1524): [0,1524,system_server,-1,DisplayDeviceConfig,requesting nits when no mapping exists.]
02-17 07:56:29.230 I/am_wtf ( 1524): [0,1524,system_server,-1,DisplayDeviceConfig,requesting nits when no mapping exists.]
02-17 07:56:29.246 I/am_wtf ( 1524): [0,1524,system_server,-1,DisplayDeviceConfig,requesting nits when no mapping exists.]
02-17 07:56:29.247 I/am_wtf ( 1524): [0,1524,system_server,-1,DisplayDeviceConfig,requesting nits when no mapping exists.]
02-17 07:56:29.263 I/am_wtf ( 1524): [0,1524,system_server,-1,DisplayDeviceConfig,requesting nits when no mapping exists.]
02-17 07:56:29.264 I/am_wtf ( 1524): [0,1524,system_server,-1,DisplayDeviceConfig,requesting nits when no mapping exists.]
02-17 07:56:29.280 I/am_wtf ( 1524): [0,1524,system_server,-1,DisplayDeviceConfig,requesting nits when no mapping exists.]
02-17 07:56:29.281 I/am_wtf ( 1524): [0,1524,system_server,-1,DisplayDeviceConfig,requesting nits when no mapping exists.]
02-17 07:56:29.297 I/am_wtf ( 1524): [0,1524,system_server,-1,DisplayDeviceConfig,requesting nits when no mapping exists.]
02-17 07:56:29.297 I/am_wtf ( 1524): [0,1524,system_server,-1,DisplayDeviceConfig,requesting nits when no mapping exists.]
02-17 07:56:29.313 I/am_wtf ( 1524): [0,1524,system_server,-1,DisplayDeviceConfig,requesting nits when no mapping exists.]
02-17 07:56:29.314 I/am_wtf ( 1524): [0,1524,system_server,-1,DisplayDeviceConfig,requesting nits when no mapping exists.]
02-17 07:56:29.330 I/am_wtf ( 1524): [0,1524,system_server,-1,DisplayDeviceConfig,requesting nits when no mapping exists.]
02-17 07:56:29.331 I/am_wtf ( 1524): [0,1524,system_server,-1,DisplayDeviceConfig,requesting nits when no mapping exists.]
02-17 07:56:29.347 I/am_wtf ( 1524): [0,1524,system_server,-1,DisplayDeviceConfig,requesting nits when no mapping exists.]
02-17 07:56:29.347 I/am_wtf ( 1524): [0,1524,system_server,-1,DisplayDeviceConfig,requesting nits when no mapping exists.]
02-17 07:56:29.363 I/am_wtf ( 1524): [0,1524,system_server,-1,DisplayDeviceConfig,requesting nits when no mapping exists.]
02-17 07:56:29.364 I/am_wtf ( 1524): [0,1524,system_server,-1,DisplayDeviceConfig,requesting nits when no mapping exists.]
02-17 07:56:29.380 I/am_wtf ( 1524): [0,1524,system_server,-1,DisplayDeviceConfig,requesting nits when no mapping exists.]
02-17 07:56:29.381 I/am_wtf ( 1524): [0,1524,system_server,-1,DisplayDeviceConfig,requesting nits when no mapping exists.]
02-17 07:56:29.397 I/am_wtf ( 1524): [0,1524,system_server,-1,DisplayDeviceConfig,requesting nits when no mapping exists.]
02-17 07:56:29.397 I/am_wtf ( 1524): [0,1524,system_server,-1,DisplayDeviceConfig,requesting nits when no mapping exists.]
02-17 07:56:29.413 I/am_wtf ( 1524): [0,1524,system_server,-1,DisplayDeviceConfig,requesting nits when no mapping exists.]
02-17 07:56:29.414 I/am_wtf ( 1524): [0,1524,system_server,-1,DisplayDeviceConfig,requesting nits when no mapping exists.]
02-17 07:56:29.430 I/am_wtf ( 1524): [0,1524,system_server,-1,DisplayDeviceConfig,requesting nits when no mapping exists.]
02-17 07:56:29.431 I/am_wtf ( 1524): [0,1524,system_server,-1,DisplayDeviceConfig,requesting nits when no mapping exists.]
02-17 07:56:29.447 I/am_wtf ( 1524): [0,1524,system_server,-1,DisplayDeviceConfig,requesting nits when no mapping exists.]
02-17 07:56:29.448 I/am_wtf ( 1524): [0,1524,system_server,-1,DisplayDeviceConfig,requesting nits when no mapping exists.]
02-17 07:56:29.464 I/am_wtf ( 1524): [0,1524,system_server,-1,DisplayDeviceConfig,requesting nits when no mapping exists.]
02-17 07:56:29.464 I/am_wtf ( 1524): [0,1524,system_server,-1,DisplayDeviceConfig,requesting nits when no mapping exists.]
02-17 07:56:29.480 I/am_wtf ( 1524): [0,1524,system_server,-1,DisplayDeviceConfig,requesting nits when no mapping exists.]
02-17 07:56:29.481 I/am_wtf ( 1524): [0,1524,system_server,-1,DisplayDeviceConfig,requesting nits when no mapping exists.]
02-17 07:56:29.497 I/am_wtf ( 1524): [0,1524,system_server,-1,DisplayDeviceConfig,requesting nits when no mapping exists.]
02-17 07:56:29.502 I/am_wtf ( 1524): [0,1524,system_server,-1,DisplayDeviceConfig,requesting nits when no mapping exists.]
02-17 07:56:29.514 I/am_wtf ( 1524): [0,1524,system_server,-1,DisplayDeviceConfig,requesting nits when no mapping exists.]
02-17 07:56:29.514 I/am_wtf ( 1524): [0,1524,system_server,-1,DisplayDeviceConfig,requesting nits when no mapping exists.]
02-17 07:56:29.530 I/am_wtf ( 1524): [0,1524,system_server,-1,DisplayDeviceConfig,requesting nits when no mapping exists.]
02-17 07:56:29.531 I/am_wtf ( 1524): [0,1524,system_server,-1,DisplayDeviceConfig,requesting nits when no mapping exists.]
02-17 07:56:29.547 I/am_wtf ( 1524): [0,1524,system_server,-1,DisplayDeviceConfig,requesting nits when no mapping exists.]
02-17 07:56:29.548 I/am_wtf ( 1524): [0,1524,system_server,-1,DisplayDeviceConfig,requesting nits when no mapping exists.]
02-17 07:56:29.564 I/am_wtf ( 1524): [0,1524,system_server,-1,DisplayDeviceConfig,requesting nits when no mapping exists.]
02-17 07:56:29.564 I/am_wtf ( 1524): [0,1524,system_server,-1,DisplayDeviceConfig,requesting nits when no mapping exists.]
02-17 07:56:29.939 I/auditd ( 0): type=1400 audit(0.0:15996): avc: denied { kill } for comm="swapper/2" capability=5 scontext=u:r:kernel:s0 tcontext=u:r:kernel:s0 tclass=capability permissive=0
02-17 07:56:30.183 I/input_interaction( 1524): Interaction with: febc086 NotificationShade (server), edge-swipe (server), swipe-up (server), PointerEventDispatcher0 (server),
02-17 07:56:30.367 I/am_uid_active( 1524): 10062
02-17 07:56:30.686 I/sysui_multi_action( 1524): [757,128,758,2,793,13615297,794,2012,795,13615297,796,26,798,0,806,android,857,DEVELOPER_IMPORTANT,858,4,947,0,1395,3,1500,13615090,1688,1]
02-17 07:56:30.687 I/notification_visibility( 1524): [-1|android|26|null|1000,0,13615297,13615297,0,0]
02-17 07:56:30.688 I/sysui_multi_action( 1524): [757,128,758,2,793,13643531,794,2013,795,518499,796,17303299,797,com.android.wifi,798,1,806,android,857,NETWORK_AVAILABLE,858,2,947,0,1395,3,1500,2013,1688,1]
02-17 07:56:30.688 I/notification_visibility( 1524): [0|android|17303299|com.android.wifi|1000,0,13643531,518499,0,1]
02-17 07:56:30.689 I/sysui_multi_action( 1524): [757,128,758,2,793,14817234,794,2014,795,14817234,796,32,798,2,806,android,857,USB,858,1,947,0,1395,3,1500,14816802,1688,1]
02-17 07:56:30.690 I/notification_visibility( 1524): [-1|android|32|null|1000,0,14817234,14817234,0,2]
02-17 07:56:30.935 I/auditd ( 0): type=1400 audit(0.0:15997): avc: denied { kill } for comm="swapper/2" capability=5 scontext=u:r:kernel:s0 tcontext=u:r:kernel:s0 tclass=capability permissive=0
02-17 07:56:31.935 I/auditd ( 0): type=1400 audit(0.0:15998): avc: denied { kill } for comm="swapper/1" capability=5 scontext=u:r:kernel:s0 tcontext=u:r:kernel:s0 tclass=capability permissive=0
02-17 07:56:31.967 I/service_manager_stats( 1524): [145,74,5759]
02-17 07:56:32.935 I/auditd ( 0): type=1400 audit(0.0:15999): avc: denied { kill } for comm="swapper/1" capability=5 scontext=u:r:kernel:s0 tcontext=u:r:kernel:s0 tclass=capability permissive=0
02-17 07:56:34.939 I/auditd ( 0): type=1400 audit(0.0:16000): avc: denied { kill } for comm="swapper/1" capability=5 scontext=u:r:kernel:s0 tcontext=u:r:kernel:s0 tclass=capability permissive=0
02-17 07:56:35.935 I/auditd ( 0): type=1400 audit(0.0:16001): avc: denied { kill } for comm="swapper/1" capability=5 scontext=u:r:kernel:s0 tcontext=u:r:kernel:s0 tclass=capability permissive=0
02-17 07:56:36.935 I/auditd ( 0): type=1400 audit(0.0:16002): avc: denied { kill } for comm="swapper/1" capability=5 scontext=u:r:kernel:s0 tcontext=u:r:kernel:s0 tclass=capability permissive=0
02-17 07:56:37.935 I/auditd ( 0): type=1400 audit(0.0:16003): avc: denied { kill } for comm="swapper/1" capability=5 scontext=u:r:kernel:s0 tcontext=u:r:kernel:s0 tclass=capability permissive=0
02-17 07:56:38.935 I/auditd ( 0): type=1400 audit(0.0:16004): avc: denied { kill } for comm="swapper/1" capability=5 scontext=u:r:kernel:s0 tcontext=u:r:kernel:s0 tclass=capability permissive=0
02-17 07:56:39.939 I/auditd ( 0): type=1400 audit(0.0:16005): avc: denied { kill } for comm="swapper/1" capability=5 scontext=u:r:kernel:s0 tcontext=u:r:kernel:s0 tclass=capability permissive=0
02-17 07:56:41.935 I/auditd ( 0): type=1400 audit(0.0:16006): avc: denied { kill } for comm="swapper/1" capability=5 scontext=u:r:kernel:s0 tcontext=u:r:kernel:s0 tclass=capability permissive=0
02-17 07:56:42.939 I/auditd ( 0): type=1400 audit(0.0:16007): avc: denied { kill } for comm="swapper/1" capability=5 scontext=u:r:kernel:s0 tcontext=u:r:kernel:s0 tclass=capability permissive=0
02-17 07:56:43.935 I/auditd ( 0): type=1400 audit(0.0:16008): avc: denied { kill } for comm="swapper/1" capability=5 scontext=u:r:kernel:s0 tcontext=u:r:kernel:s0 tclass=capability permissive=0
02-17 07:56:44.939 I/auditd ( 0): type=1400 audit(0.0:16009): avc: denied { kill } for comm="swapper/1" capability=5 scontext=u:r:kernel:s0 tcontext=u:r:kernel:s0 tclass=capability permissive=0
02-17 07:56:45.935 I/auditd ( 0): type=1400 audit(0.0:16010): avc: denied { kill } for comm="swapper/1" capability=5 scontext=u:r:kernel:s0 tcontext=u:r:kernel:s0 tclass=capability permissive=0
02-17 07:56:46.939 I/auditd ( 0): type=1400 audit(0.0:16011): avc: denied { kill } for comm="swapper/1" capability=5 scontext=u:r:kernel:s0 tcontext=u:r:kernel:s0 tclass=capability permissive=0
02-17 07:56:47.935 I/auditd ( 0): type=1400 audit(0.0:16012): avc: denied { kill } for comm="swapper/1" capability=5 scontext=u:r:kernel:s0 tcontext=u:r:kernel:s0 tclass=capability permissive=0
02-17 07:56:48.935 I/auditd ( 0): type=1400 audit(0.0:16013): avc: denied { kill } for comm="swapper/1" capability=5 scontext=u:r:kernel:s0 tcontext=u:r:kernel:s0 tclass=capability permissive=0
02-17 07:56:49.939 I/auditd ( 0): type=1400 audit(0.0:16014): avc: denied { kill } for comm="swapper/1" capability=5 scontext=u:r:kernel:s0 tcontext=u:r:kernel:s0 tclass=capability permissive=0
02-17 07:56:50.939 I/auditd ( 0): type=1400 audit(0.0:16015): avc: denied { kill } for comm="swapper/1" capability=5 scontext=u:r:kernel:s0 tcontext=u:r:kernel:s0 tclass=capability permissive=0
02-17 07:56:51.935 I/auditd ( 0): type=1400 audit(0.0:16016): avc: denied { kill } for comm="swapper/1" capability=5 scontext=u:r:kernel:s0 tcontext=u:r:kernel:s0 tclass=capability permissive=0
02-17 07:56:52.935 I/auditd ( 0): type=1400 audit(0.0:16017): avc: denied { kill } for comm="swapper/1" capability=5 scontext=u:r:kernel:s0 tcontext=u:r:kernel:s0 tclass=capability permissive=0
02-17 07:56:53.939 I/auditd ( 0): type=1400 audit(0.0:16018): avc: denied { kill } for comm="swapper/1" capability=5 scontext=u:r:kernel:s0 tcontext=u:r:kernel:s0 tclass=capability permissive=0
02-17 07:56:54.935 I/auditd ( 0): type=1400 audit(0.0:16019): avc: denied { kill } for comm="swapper/1" capability=5 scontext=u:r:kernel:s0 tcontext=u:r:kernel:s0 tclass=capability permissive=0
02-17 07:56:55.935 I/auditd ( 0): type=1400 audit(0.0:16020): avc: denied { kill } for comm="swapper/1" capability=5 scontext=u:r:kernel:s0 tcontext=u:r:kernel:s0 tclass=capability permissive=0
02-17 07:56:56.935 I/auditd ( 0): type=1400 audit(0.0:16021): avc: denied { kill } for comm="swapper/1" capability=5 scontext=u:r:kernel:s0 tcontext=u:r:kernel:s0 tclass=capability permissive=0
02-17 07:56:57.939 I/auditd ( 0): type=1400 audit(0.0:16022): avc: denied { kill } for comm="swapper/1" capability=5 scontext=u:r:kernel:s0 tcontext=u:r:kernel:s0 tclass=capability permissive=0
02-17 07:56:58.939 I/auditd ( 0): type=1400 audit(0.0:16023): avc: denied { kill } for comm="swapper/1" capability=5 scontext=u:r:kernel:s0 tcontext=u:r:kernel:s0 tclass=capability permissive=0
02-17 07:56:59.935 I/auditd ( 0): type=1400 audit(0.0:16024): avc: denied { kill } for comm="swapper/1" capability=5 scontext=u:r:kernel:s0 tcontext=u:r:kernel:s0 tclass=capability permissive=0
02-17 07:57:00.939 I/auditd ( 0): type=1400 audit(0.0:16025): avc: denied { kill } for comm="swapper/1" capability=5 scontext=u:r:kernel:s0 tcontext=u:r:kernel:s0 tclass=capability permissive=0
02-17 07:57:01.935 I/auditd ( 0): type=1400 audit(0.0:16026): avc: denied { kill } for comm="swapper/1" capability=5 scontext=u:r:kernel:s0 tcontext=u:r:kernel:s0 tclass=capability permissive=0
02-17 07:57:02.939 I/auditd ( 0): type=1400 audit(0.0:16027): avc: denied { kill } for comm="swapper/1" capability=5 scontext=u:r:kernel:s0 tcontext=u:r:kernel:s0 tclass=capability permissive=0
02-17 07:57:03.939 I/auditd ( 0): type=1400 audit(0.0:16028): avc: denied { kill } for comm="swapper/1" capability=5 scontext=u:r:kernel:s0 tcontext=u:r:kernel:s0 tclass=capability permissive=0
02-17 07:57:04.935 I/auditd ( 0): type=1400 audit(0.0:16029): avc: denied { kill } for comm="swapper/1" capability=5 scontext=u:r:kernel:s0 tcontext=u:r:kernel:s0 tclass=capability permissive=0
02-17 07:57:05.935 I/auditd ( 0): type=1400 audit(0.0:16030): avc: denied { kill } for comm="swapper/1" capability=5 scontext=u:r:kernel:s0 tcontext=u:r:kernel:s0 tclass=capability permissive=0
02-17 07:57:06.939 I/auditd ( 0): type=1400 audit(0.0:16031): avc: denied { kill } for comm="swapper/1" capability=5 scontext=u:r:kernel:s0 tcontext=u:r:kernel:s0 tclass=capability permissive=0
02-17 07:57:07.939 I/auditd ( 0): type=1400 audit(0.0:16032): avc: denied { kill } for comm="swapper/1" capability=5 scontext=u:r:kernel:s0 tcontext=u:r:kernel:s0 tclass=capability permissive=0
02-17 07:57:08.939 I/auditd ( 0): type=1400 audit(0.0:16033): avc: denied { kill } for comm="swapper/1" capability=5 scontext=u:r:kernel:s0 tcontext=u:r:kernel:s0 tclass=capability permissive=0
02-17 07:57:09.939 I/auditd ( 0): type=1400 audit(0.0:16034): avc: denied { kill } for comm="swapper/1" capability=5 scontext=u:r:kernel:s0 tcontext=u:r:kernel:s0 tclass=capability permissive=0
02-17 07:57:10.935 I/auditd ( 0): type=1400 audit(0.0:16035): avc: denied { kill } for comm="swapper/1" capability=5 scontext=u:r:kernel:s0 tcontext=u:r:kernel:s0 tclass=capability permissive=0
02-17 07:57:11.935 I/auditd ( 0): type=1400 audit(0.0:16036): avc: denied { kill } for comm="swapper/1" capability=5 scontext=u:r:kernel:s0 tcontext=u:r:kernel:s0 tclass=capability permissive=0
02-17 07:57:12.935 I/auditd ( 0): type=1400 audit(0.0:16037): avc: denied { kill } for comm="swapper/1" capability=5 scontext=u:r:kernel:s0 tcontext=u:r:kernel:s0 tclass=capability permissive=0
02-17 07:57:13.939 I/auditd ( 0): type=1400 audit(0.0:16038): avc: denied { kill } for comm="swapper/1" capability=5 scontext=u:r:kernel:s0 tcontext=u:r:kernel:s0 tclass=capability permissive=0
02-17 07:57:14.935 I/auditd ( 0): type=1400 audit(0.0:16039): avc: denied { kill } for comm="swapper/1" capability=5 scontext=u:r:kernel:s0 tcontext=u:r:kernel:s0 tclass=capability permissive=0
02-17 07:57:15.939 I/auditd ( 0): type=1400 audit(0.0:16040): avc: denied { kill } for comm="swapper/1" capability=5 scontext=u:r:kernel:s0 tcontext=u:r:kernel:s0 tclass=capability permissive=0
02-17 07:57:16.935 I/auditd ( 0): type=1400 audit(0.0:16041): avc: denied { kill } for comm="swapper/1" capability=5 scontext=u:r:kernel:s0 tcontext=u:r:kernel:s0 tclass=capability permissive=0
02-17 07:57:17.935 I/auditd ( 0): type=1400 audit(0.0:16042): avc: denied { kill } for comm="swapper/1" capability=5 scontext=u:r:kernel:s0 tcontext=u:r:kernel:s0 tclass=capability permissive=0
02-17 07:57:18.939 I/auditd ( 0): type=1400 audit(0.0:16043): avc: denied { kill } for comm="swapper/1" capability=5 scontext=u:r:kernel:s0 tcontext=u:r:kernel:s0 tclass=capability permissive=0
02-17 07:57:19.215 I/am_freeze( 1524): [13086,com.android.providers.calendar]
02-17 07:57:19.217 I/am_kill ( 1524): [0,13086,com.android.providers.calendar,965,Unable to freeze binder interface]
02-17 07:57:19.244 I/am_proc_died( 1524): [0,13086,com.android.providers.calendar,965,19]
02-17 07:57:19.245 I/am_uid_stopped( 1524): 10028
02-17 07:57:19.256 I/am_pss ( 1524): [13716,10095,com.tencent.qqmusicpad,72327168,40747008,0,177147904,0,4,9]
02-17 07:57:19.262 I/am_pss ( 1524): [13834,10095,com.tencent.qqmusicpad:QQPlayerService,39689216,16445440,0,125042688,0,4,6]
02-17 07:57:19.269 I/am_pss ( 1524): [14151,1000,com.android.settings,34023424,32137216,0,118976512,0,19,6]
02-17 07:57:19.939 I/auditd ( 0): type=1400 audit(0.0:16044): avc: denied { kill } for comm="swapper/1" capability=5 scontext=u:r:kernel:s0 tcontext=u:r:kernel:s0 tclass=capability permissive=0
02-17 07:57:20.939 I/auditd ( 0): type=1400 audit(0.0:16045): avc: denied { kill } for comm="swapper/1" capability=5 scontext=u:r:kernel:s0 tcontext=u:r:kernel:s0 tclass=capability permissive=0
02-17 07:57:21.939 I/auditd ( 0): type=1400 audit(0.0:16046): avc: denied { kill } for comm="swapper/1" capability=5 scontext=u:r:kernel:s0 tcontext=u:r:kernel:s0 tclass=capability permissive=0
02-17 07:57:22.935 I/auditd ( 0): type=1400 audit(0.0:16047): avc: denied { kill } for comm="swapper/1" capability=5 scontext=u:r:kernel:s0 tcontext=u:r:kernel:s0 tclass=capability permissive=0
02-17 07:57:23.645 I/am_freeze( 1524): [13061,com.android.calendar]
02-17 07:57:23.648 I/am_kill ( 1524): [0,13061,com.android.calendar,930,Unable to freeze binder interface]
02-17 07:57:23.686 I/am_proc_died( 1524): [0,13061,com.android.calendar,930,16]
02-17 07:57:23.694 I/am_uid_stopped( 1524): 10063
02-17 07:57:23.935 I/auditd ( 0): type=1400 audit(0.0:16048): avc: denied { kill } for comm="swapper/1" capability=5 scontext=u:r:kernel:s0 tcontext=u:r:kernel:s0 tclass=capability permissive=0
02-17 07:57:24.935 I/auditd ( 0): type=1400 audit(0.0:16049): avc: denied { kill } for comm="swapper/1" capability=5 scontext=u:r:kernel:s0 tcontext=u:r:kernel:s0 tclass=capability permissive=0
02-17 07:57:25.939 I/auditd ( 0): type=1400 audit(0.0:16050): avc: denied { kill } for comm="swapper/1" capability=5 scontext=u:r:kernel:s0 tcontext=u:r:kernel:s0 tclass=capability permissive=0
02-17 07:57:26.935 I/auditd ( 0): type=1400 audit(0.0:16051): avc: denied { kill } for comm="swapper/1" capability=5 scontext=u:r:kernel:s0 tcontext=u:r:kernel:s0 tclass=capability permissive=0
02-17 07:57:27.041 I/sysui_multi_action( 1524): [757,1696,758,6,759,2]
02-17 07:57:27.045 I/am_wtf ( 1524): [0,1524,system_server,-1,DisplayDeviceConfig,requesting nits when no mapping exists.]
02-17 07:57:27.048 I/am_wtf ( 1524): [0,1524,system_server,-1,DisplayDeviceConfig,requesting nits when no mapping exists.]
02-17 07:57:27.061 I/am_wtf ( 1524): [0,1524,system_server,-1,DisplayDeviceConfig,requesting nits when no mapping exists.]
02-17 07:57:27.063 I/am_wtf ( 1524): [0,1524,system_server,-1,DisplayDeviceConfig,requesting nits when no mapping exists.]
02-17 07:57:27.077 I/am_wtf ( 1524): [0,1524,system_server,-1,DisplayDeviceConfig,requesting nits when no mapping exists.]
02-17 07:57:27.079 I/am_wtf ( 1524): [0,1524,system_server,-1,DisplayDeviceConfig,requesting nits when no mapping exists.]
02-17 07:57:27.085 I/am_wtf ( 1524): [0,1524,system_server,-1,DisplayDeviceConfig,requesting nits when no mapping exists.]
02-17 07:57:27.086 I/am_wtf ( 1524): [0,1524,system_server,-1,DisplayDeviceConfig,requesting nits when no mapping exists.]
02-17 07:57:27.102 I/am_wtf ( 1524): [0,1524,system_server,-1,DisplayDeviceConfig,requesting nits when no mapping exists.]
02-17 07:57:27.102 I/am_wtf ( 1524): [0,1524,system_server,-1,DisplayDeviceConfig,requesting nits when no mapping exists.]
02-17 07:57:27.119 I/am_wtf ( 1524): [0,1524,system_server,-1,DisplayDeviceConfig,requesting nits when no mapping exists.]
02-17 07:57:27.119 I/am_wtf ( 1524): [0,1524,system_server,-1,DisplayDeviceConfig,requesting nits when no mapping exists.]
02-17 07:57:27.136 I/am_wtf ( 1524): [0,1524,system_server,-1,DisplayDeviceConfig,requesting nits when no mapping exists.]
02-17 07:57:27.137 I/am_wtf ( 1524): [0,1524,system_server,-1,DisplayDeviceConfig,requesting nits when no mapping exists.]
02-17 07:57:27.152 I/am_wtf ( 1524): [0,1524,system_server,-1,DisplayDeviceConfig,requesting nits when no mapping exists.]
02-17 07:57:27.153 I/am_wtf ( 1524): [0,1524,system_server,-1,DisplayDeviceConfig,requesting nits when no mapping exists.]
02-17 07:57:27.170 I/am_wtf ( 1524): [0,1524,system_server,-1,DisplayDeviceConfig,requesting nits when no mapping exists.]
02-17 07:57:27.171 I/am_wtf ( 1524): [0,1524,system_server,-1,DisplayDeviceConfig,requesting nits when no mapping exists.]
02-17 07:57:27.186 I/am_wtf ( 1524): [0,1524,system_server,-1,DisplayDeviceConfig,requesting nits when no mapping exists.]
02-17 07:57:27.186 I/am_wtf ( 1524): [0,1524,system_server,-1,DisplayDeviceConfig,requesting nits when no mapping exists.]
02-17 07:57:27.203 I/am_wtf ( 1524): [0,1524,system_server,-1,DisplayDeviceConfig,requesting nits when no mapping exists.]
02-17 07:57:27.204 I/am_wtf ( 1524): [0,1524,system_server,-1,DisplayDeviceConfig,requesting nits when no mapping exists.]
02-17 07:57:27.219 I/am_wtf ( 1524): [0,1524,system_server,-1,DisplayDeviceConfig,requesting nits when no mapping exists.]
02-17 07:57:27.220 I/am_wtf ( 1524): [0,1524,system_server,-1,DisplayDeviceConfig,requesting nits when no mapping exists.]
02-17 07:57:27.236 I/am_wtf ( 1524): [0,1524,system_server,-1,DisplayDeviceConfig,requesting nits when no mapping exists.]
02-17 07:57:27.237 I/am_wtf ( 1524): [0,1524,system_server,-1,DisplayDeviceConfig,requesting nits when no mapping exists.]
02-17 07:57:27.252 I/am_wtf ( 1524): [0,1524,system_server,-1,DisplayDeviceConfig,requesting nits when no mapping exists.]
02-17 07:57:27.253 I/am_wtf ( 1524): [0,1524,system_server,-1,DisplayDeviceConfig,requesting nits when no mapping exists.]
02-17 07:57:27.269 I/am_wtf ( 1524): [0,1524,system_server,-1,DisplayDeviceConfig,requesting nits when no mapping exists.]
02-17 07:57:27.270 I/am_wtf ( 1524): [0,1524,system_server,-1,DisplayDeviceConfig,requesting nits when no mapping exists.]
02-17 07:57:27.286 I/am_wtf ( 1524): [0,1524,system_server,-1,DisplayDeviceConfig,requesting nits when no mapping exists.]
02-17 07:57:27.287 I/am_wtf ( 1524): [0,1524,system_server,-1,DisplayDeviceConfig,requesting nits when no mapping exists.]
02-17 07:57:27.303 I/am_wtf ( 1524): [0,1524,system_server,-1,DisplayDeviceConfig,requesting nits when no mapping exists.]
02-17 07:57:27.304 I/am_wtf ( 1524): [0,1524,system_server,-1,DisplayDeviceConfig,requesting nits when no mapping exists.]
02-17 07:57:27.320 I/am_wtf ( 1524): [0,1524,system_server,-1,DisplayDeviceConfig,requesting nits when no mapping exists.]
02-17 07:57:27.321 I/am_wtf ( 1524): [0,1524,system_server,-1,DisplayDeviceConfig,requesting nits when no mapping exists.]
02-17 07:57:27.336 I/am_wtf ( 1524): [0,1524,system_server,-1,DisplayDeviceConfig,requesting nits when no mapping exists.]
02-17 07:57:27.337 I/am_wtf ( 1524): [0,1524,system_server,-1,DisplayDeviceConfig,requesting nits when no mapping exists.]
02-17 07:57:27.353 I/am_wtf ( 1524): [0,1524,system_server,-1,DisplayDeviceConfig,requesting nits when no mapping exists.]
02-17 07:57:27.353 I/am_wtf ( 1524): [0,1524,system_server,-1,DisplayDeviceConfig,requesting nits when no mapping exists.]
02-17 07:57:27.369 I/am_wtf ( 1524): [0,1524,system_server,-1,DisplayDeviceConfig,requesting nits when no mapping exists.]
02-17 07:57:27.370 I/am_wtf ( 1524): [0,1524,system_server,-1,DisplayDeviceConfig,requesting nits when no mapping exists.]
02-17 07:57:27.386 I/am_wtf ( 1524): [0,1524,system_server,-1,DisplayDeviceConfig,requesting nits when no mapping exists.]
02-17 07:57:27.387 I/am_wtf ( 1524): [0,1524,system_server,-1,DisplayDeviceConfig,requesting nits when no mapping exists.]
02-17 07:57:27.403 I/am_wtf ( 1524): [0,1524,system_server,-1,DisplayDeviceConfig,requesting nits when no mapping exists.]
02-17 07:57:27.404 I/am_wtf ( 1524): [0,1524,system_server,-1,DisplayDeviceConfig,requesting nits when no mapping exists.]
02-17 07:57:27.420 I/am_wtf ( 1524): [0,1524,system_server,-1,DisplayDeviceConfig,requesting nits when no mapping exists.]
02-17 07:57:27.421 I/am_wtf ( 1524): [0,1524,system_server,-1,DisplayDeviceConfig,requesting nits when no mapping exists.]
02-17 07:57:27.436 I/am_wtf ( 1524): [0,1524,system_server,-1,DisplayDeviceConfig,requesting nits when no mapping exists.]
02-17 07:57:27.437 I/am_wtf ( 1524): [0,1524,system_server,-1,DisplayDeviceConfig,requesting nits when no mapping exists.]
02-17 07:57:27.453 I/am_wtf ( 1524): [0,1524,system_server,-1,DisplayDeviceConfig,requesting nits when no mapping exists.]
02-17 07:57:27.454 I/am_wtf ( 1524): [0,1524,system_server,-1,DisplayDeviceConfig,requesting nits when no mapping exists.]
02-17 07:57:27.470 I/am_wtf ( 1524): [0,1524,system_server,-1,DisplayDeviceConfig,requesting nits when no mapping exists.]
02-17 07:57:27.470 I/am_wtf ( 1524): [0,1524,system_server,-1,DisplayDeviceConfig,requesting nits when no mapping exists.]
02-17 07:57:27.487 I/am_wtf ( 1524): [0,1524,system_server,-1,DisplayDeviceConfig,requesting nits when no mapping exists.]
02-17 07:57:27.488 I/am_wtf ( 1524): [0,1524,system_server,-1,DisplayDeviceConfig,requesting nits when no mapping exists.]
02-17 07:57:27.503 I/am_wtf ( 1524): [0,1524,system_server,-1,DisplayDeviceConfig,requesting nits when no mapping exists.]
02-17 07:57:27.504 I/am_wtf ( 1524): [0,1524,system_server,-1,DisplayDeviceConfig,requesting nits when no mapping exists.]
02-17 07:57:27.520 I/am_wtf ( 1524): [0,1524,system_server,-1,DisplayDeviceConfig,requesting nits when no mapping exists.]
02-17 07:57:27.521 I/am_wtf ( 1524): [0,1524,system_server,-1,DisplayDeviceConfig,requesting nits when no mapping exists.]
02-17 07:57:27.537 I/am_wtf ( 1524): [0,1524,system_server,-1,DisplayDeviceConfig,requesting nits when no mapping exists.]
02-17 07:57:27.538 I/am_wtf ( 1524): [0,1524,system_server,-1,DisplayDeviceConfig,requesting nits when no mapping exists.]
02-17 07:57:27.553 I/am_wtf ( 1524): [0,1524,system_server,-1,DisplayDeviceConfig,requesting nits when no mapping exists.]
02-17 07:57:27.554 I/am_wtf ( 1524): [0,1524,system_server,-1,DisplayDeviceConfig,requesting nits when no mapping exists.]
02-17 07:57:27.570 I/am_wtf ( 1524): [0,1524,system_server,-1,DisplayDeviceConfig,requesting nits when no mapping exists.]
02-17 07:57:27.571 I/am_wtf ( 1524): [0,1524,system_server,-1,DisplayDeviceConfig,requesting nits when no mapping exists.]
02-17 07:57:27.587 I/am_wtf ( 1524): [0,1524,system_server,-1,DisplayDeviceConfig,requesting nits when no mapping exists.]
02-17 07:57:27.587 I/am_wtf ( 1524): [0,1524,system_server,-1,DisplayDeviceConfig,requesting nits when no mapping exists.]
02-17 07:57:27.603 I/am_wtf ( 1524): [0,1524,system_server,-1,DisplayDeviceConfig,requesting nits when no mapping exists.]
02-17 07:57:27.604 I/am_wtf ( 1524): [0,1524,system_server,-1,DisplayDeviceConfig,requesting nits when no mapping exists.]
02-17 07:57:27.620 I/am_wtf ( 1524): [0,1524,system_server,-1,DisplayDeviceConfig,requesting nits when no mapping exists.]
02-17 07:57:27.621 I/am_wtf ( 1524): [0,1524,system_server,-1,DisplayDeviceConfig,requesting nits when no mapping exists.]
02-17 07:57:27.637 I/am_wtf ( 1524): [0,1524,system_server,-1,DisplayDeviceConfig,requesting nits when no mapping exists.]
02-17 07:57:27.638 I/am_wtf ( 1524): [0,1524,system_server,-1,DisplayDeviceConfig,requesting nits when no mapping exists.]
02-17 07:57:27.654 I/am_wtf ( 1524): [0,1524,system_server,-1,DisplayDeviceConfig,requesting nits when no mapping exists.]
02-17 07:57:27.655 I/am_wtf ( 1524): [0,1524,system_server,-1,DisplayDeviceConfig,requesting nits when no mapping exists.]
02-17 07:57:27.671 I/am_wtf ( 1524): [0,1524,system_server,-1,DisplayDeviceConfig,requesting nits when no mapping exists.]
02-17 07:57:27.672 I/am_wtf ( 1524): [0,1524,system_server,-1,DisplayDeviceConfig,requesting nits when no mapping exists.]
02-17 07:57:27.687 I/am_wtf ( 1524): [0,1524,system_server,-1,DisplayDeviceConfig,requesting nits when no mapping exists.]
02-17 07:57:27.688 I/am_wtf ( 1524): [0,1524,system_server,-1,DisplayDeviceConfig,requesting nits when no mapping exists.]
02-17 07:57:27.705 I/am_wtf ( 1524): [0,1524,system_server,-1,DisplayDeviceConfig,requesting nits when no mapping exists.]
02-17 07:57:27.706 I/am_wtf ( 1524): [0,1524,system_server,-1,DisplayDeviceConfig,requesting nits when no mapping exists.]
02-17 07:57:27.720 I/am_wtf ( 1524): [0,1524,system_server,-1,DisplayDeviceConfig,requesting nits when no mapping exists.]
02-17 07:57:27.720 I/am_wtf ( 1524): [0,1524,system_server,-1,DisplayDeviceConfig,requesting nits when no mapping exists.]
02-17 07:57:27.738 I/am_wtf ( 1524): [0,1524,system_server,-1,DisplayDeviceConfig,requesting nits when no mapping exists.]
02-17 07:57:27.739 I/am_wtf ( 1524): [0,1524,system_server,-1,DisplayDeviceConfig,requesting nits when no mapping exists.]
02-17 07:57:27.754 I/am_wtf ( 1524): [0,1524,system_server,-1,DisplayDeviceConfig,requesting nits when no mapping exists.]
02-17 07:57:27.755 I/am_wtf ( 1524): [0,1524,system_server,-1,DisplayDeviceConfig,requesting nits when no mapping exists.]
02-17 07:57:27.771 I/am_wtf ( 1524): [0,1524,system_server,-1,DisplayDeviceConfig,requesting nits when no mapping exists.]
02-17 07:57:27.771 I/service_manager_stats( 1524): [100,51,55804]
02-17 07:57:27.771 I/am_wtf ( 1524): [0,1524,system_server,-1,DisplayDeviceConfig,requesting nits when no mapping exists.]
02-17 07:57:27.787 I/am_wtf ( 1524): [0,1524,system_server,-1,DisplayDeviceConfig,requesting nits when no mapping exists.]
02-17 07:57:27.788 I/am_wtf ( 1524): [0,1524,system_server,-1,DisplayDeviceConfig,requesting nits when no mapping exists.]
02-17 07:57:27.804 I/am_wtf ( 1524): [0,1524,system_server,-1,DisplayDeviceConfig,requesting nits when no mapping exists.]
02-17 07:57:27.805 I/am_wtf ( 1524): [0,1524,system_server,-1,DisplayDeviceConfig,requesting nits when no mapping exists.]
02-17 07:57:27.821 I/am_wtf ( 1524): [0,1524,system_server,-1,DisplayDeviceConfig,requesting nits when no mapping exists.]
02-17 07:57:27.821 I/am_wtf ( 1524): [0,1524,system_server,-1,DisplayDeviceConfig,requesting nits when no mapping exists.]
02-17 07:57:27.837 I/am_wtf ( 1524): [0,1524,system_server,-1,DisplayDeviceConfig,requesting nits when no mapping exists.]
02-17 07:57:27.838 I/am_wtf ( 1524): [0,1524,system_server,-1,DisplayDeviceConfig,requesting nits when no mapping exists.]
