02-17 07:18:24.935 I/auditd ( 0): type=1400 audit(0.0:13661): avc: denied { kill } for comm="swapper/0" capability=5 scontext=u:r:kernel:s0 tcontext=u:r:kernel:s0 tclass=capability permissive=0
02-17 07:18:25.939 I/auditd ( 0): type=1400 audit(0.0:13662): avc: denied { kill } for comm="swapper/0" capability=5 scontext=u:r:kernel:s0 tcontext=u:r:kernel:s0 tclass=capability permissive=0
02-17 07:18:26.935 I/auditd ( 0): type=1400 audit(0.0:13663): avc: denied { kill } for comm="swapper/0" capability=5 scontext=u:r:kernel:s0 tcontext=u:r:kernel:s0 tclass=capability permissive=0
02-17 07:18:27.935 I/auditd ( 0): type=1400 audit(0.0:13664): avc: denied { kill } for comm="swapper/0" capability=5 scontext=u:r:kernel:s0 tcontext=u:r:kernel:s0 tclass=capability permissive=0
02-17 07:18:28.939 I/auditd ( 0): type=1400 audit(0.0:13665): avc: denied { kill } for comm="swapper/0" capability=5 scontext=u:r:kernel:s0 tcontext=u:r:kernel:s0 tclass=capability permissive=0
02-17 07:18:29.939 I/auditd ( 0): type=1400 audit(0.0:13666): avc: denied { kill } for comm="swapper/0" capability=5 scontext=u:r:kernel:s0 tcontext=u:r:kernel:s0 tclass=capability permissive=0
02-17 07:18:30.939 I/auditd ( 0): type=1400 audit(0.0:13667): avc: denied { kill } for comm="swapper/0" capability=5 scontext=u:r:kernel:s0 tcontext=u:r:kernel:s0 tclass=capability permissive=0
02-17 07:18:31.939 I/auditd ( 0): type=1400 audit(0.0:13668): avc: denied { kill } for comm="swapper/0" capability=5 scontext=u:r:kernel:s0 tcontext=u:r:kernel:s0 tclass=capability permissive=0
02-17 07:18:32.939 I/auditd ( 0): type=1400 audit(0.0:13669): avc: denied { kill } for comm="swapper/0" capability=5 scontext=u:r:kernel:s0 tcontext=u:r:kernel:s0 tclass=capability permissive=0
02-17 07:18:33.939 I/auditd ( 0): type=1400 audit(0.0:13670): avc: denied { kill } for comm="swapper/0" capability=5 scontext=u:r:kernel:s0 tcontext=u:r:kernel:s0 tclass=capability permissive=0
02-17 07:18:34.939 I/auditd ( 0): type=1400 audit(0.0:13671): avc: denied { kill } for comm="swapper/0" capability=5 scontext=u:r:kernel:s0 tcontext=u:r:kernel:s0 tclass=capability permissive=0
02-17 07:18:35.939 I/auditd ( 0): type=1400 audit(0.0:13672): avc: denied { kill } for comm="swapper/0" capability=5 scontext=u:r:kernel:s0 tcontext=u:r:kernel:s0 tclass=capability permissive=0
02-17 07:18:36.939 I/auditd ( 0): type=1400 audit(0.0:13673): avc: denied { kill } for comm="swapper/0" capability=5 scontext=u:r:kernel:s0 tcontext=u:r:kernel:s0 tclass=capability permissive=0
02-17 07:18:37.939 I/auditd ( 0): type=1400 audit(0.0:13674): avc: denied { kill } for comm="swapper/0" capability=5 scontext=u:r:kernel:s0 tcontext=u:r:kernel:s0 tclass=capability permissive=0
02-17 07:18:38.939 I/auditd ( 0): type=1400 audit(0.0:13675): avc: denied { kill } for comm="swapper/0" capability=5 scontext=u:r:kernel:s0 tcontext=u:r:kernel:s0 tclass=capability permissive=0
02-17 07:18:39.939 I/auditd ( 0): type=1400 audit(0.0:13676): avc: denied { kill } for comm="swapper/0" capability=5 scontext=u:r:kernel:s0 tcontext=u:r:kernel:s0 tclass=capability permissive=0
02-17 07:18:40.939 I/auditd ( 0): type=1400 audit(0.0:13677): avc: denied { kill } for comm="swapper/0" capability=5 scontext=u:r:kernel:s0 tcontext=u:r:kernel:s0 tclass=capability permissive=0
02-17 07:18:41.939 I/auditd ( 0): type=1400 audit(0.0:13678): avc: denied { kill } for comm="swapper/0" capability=5 scontext=u:r:kernel:s0 tcontext=u:r:kernel:s0 tclass=capability permissive=0
02-17 07:18:42.939 I/auditd ( 0): type=1400 audit(0.0:13679): avc: denied { kill } for comm="swapper/0" capability=5 scontext=u:r:kernel:s0 tcontext=u:r:kernel:s0 tclass=capability permissive=0
02-17 07:18:43.939 I/auditd ( 0): type=1400 audit(0.0:13680): avc: denied { kill } for comm="swapper/0" capability=5 scontext=u:r:kernel:s0 tcontext=u:r:kernel:s0 tclass=capability permissive=0
02-17 07:18:44.939 I/auditd ( 0): type=1400 audit(0.0:13681): avc: denied { kill } for comm="swapper/0" capability=5 scontext=u:r:kernel:s0 tcontext=u:r:kernel:s0 tclass=capability permissive=0
02-17 07:18:45.935 I/auditd ( 0): type=1400 audit(0.0:13682): avc: denied { kill } for comm="swapper/0" capability=5 scontext=u:r:kernel:s0 tcontext=u:r:kernel:s0 tclass=capability permissive=0
02-17 07:18:46.939 I/auditd ( 0): type=1400 audit(0.0:13683): avc: denied { kill } for comm="swapper/0" capability=5 scontext=u:r:kernel:s0 tcontext=u:r:kernel:s0 tclass=capability permissive=0
02-17 07:18:47.939 I/auditd ( 0): type=1400 audit(0.0:13684): avc: denied { kill } for comm="swapper/0" capability=5 scontext=u:r:kernel:s0 tcontext=u:r:kernel:s0 tclass=capability permissive=0
02-17 07:18:48.939 I/auditd ( 0): type=1400 audit(0.0:13685): avc: denied { kill } for comm="swapper/0" capability=5 scontext=u:r:kernel:s0 tcontext=u:r:kernel:s0 tclass=capability permissive=0
02-17 07:18:49.939 I/auditd ( 0): type=1400 audit(0.0:13686): avc: denied { kill } for comm="swapper/0" capability=5 scontext=u:r:kernel:s0 tcontext=u:r:kernel:s0 tclass=capability permissive=0
02-17 07:18:50.939 I/auditd ( 0): type=1400 audit(0.0:13687): avc: denied { kill } for comm="swapper/0" capability=5 scontext=u:r:kernel:s0 tcontext=u:r:kernel:s0 tclass=capability permissive=0
02-17 07:18:51.935 I/auditd ( 0): type=1400 audit(0.0:13688): avc: denied { kill } for comm="swapper/0" capability=5 scontext=u:r:kernel:s0 tcontext=u:r:kernel:s0 tclass=capability permissive=0
02-17 07:18:52.939 I/auditd ( 0): type=1400 audit(0.0:13689): avc: denied { kill } for comm="swapper/0" capability=5 scontext=u:r:kernel:s0 tcontext=u:r:kernel:s0 tclass=capability permissive=0
02-17 07:18:53.935 I/auditd ( 0): type=1400 audit(0.0:13690): avc: denied { kill } for comm="swapper/0" capability=5 scontext=u:r:kernel:s0 tcontext=u:r:kernel:s0 tclass=capability permissive=0
02-17 07:18:54.939 I/auditd ( 0): type=1400 audit(0.0:13691): avc: denied { kill } for comm="swapper/0" capability=5 scontext=u:r:kernel:s0 tcontext=u:r:kernel:s0 tclass=capability permissive=0
02-17 07:18:55.939 I/auditd ( 0): type=1400 audit(0.0:13692): avc: denied { kill } for comm="swapper/0" capability=5 scontext=u:r:kernel:s0 tcontext=u:r:kernel:s0 tclass=capability permissive=0
02-17 07:18:56.935 I/auditd ( 0): type=1400 audit(0.0:13693): avc: denied { kill } for comm="swapper/0" capability=5 scontext=u:r:kernel:s0 tcontext=u:r:kernel:s0 tclass=capability permissive=0
02-17 07:18:57.935 I/auditd ( 0): type=1400 audit(0.0:13694): avc: denied { kill } for comm="swapper/0" capability=5 scontext=u:r:kernel:s0 tcontext=u:r:kernel:s0 tclass=capability permissive=0
02-17 07:18:58.935 I/auditd ( 0): type=1400 audit(0.0:13695): avc: denied { kill } for comm="swapper/0" capability=5 scontext=u:r:kernel:s0 tcontext=u:r:kernel:s0 tclass=capability permissive=0
02-17 07:18:59.935 I/auditd ( 0): type=1400 audit(0.0:13696): avc: denied { kill } for comm="swapper/0" capability=5 scontext=u:r:kernel:s0 tcontext=u:r:kernel:s0 tclass=capability permissive=0
02-17 07:19:00.935 I/auditd ( 0): type=1400 audit(0.0:13697): avc: denied { kill } for comm="swapper/0" capability=5 scontext=u:r:kernel:s0 tcontext=u:r:kernel:s0 tclass=capability permissive=0
02-17 07:19:01.935 I/auditd ( 0): type=1400 audit(0.0:13698): avc: denied { kill } for comm="swapper/0" capability=5 scontext=u:r:kernel:s0 tcontext=u:r:kernel:s0 tclass=capability permissive=0
02-17 07:19:02.935 I/auditd ( 0): type=1400 audit(0.0:13699): avc: denied { kill } for comm="swapper/0" capability=5 scontext=u:r:kernel:s0 tcontext=u:r:kernel:s0 tclass=capability permissive=0
02-17 07:19:03.939 I/auditd ( 0): type=1400 audit(0.0:13700): avc: denied { kill } for comm="swapper/0" capability=5 scontext=u:r:kernel:s0 tcontext=u:r:kernel:s0 tclass=capability permissive=0
02-17 07:19:04.935 I/auditd ( 0): type=1400 audit(0.0:13701): avc: denied { kill } for comm="swapper/0" capability=5 scontext=u:r:kernel:s0 tcontext=u:r:kernel:s0 tclass=capability permissive=0
02-17 07:19:05.935 I/auditd ( 0): type=1400 audit(0.0:13702): avc: denied { kill } for comm="swapper/0" capability=5 scontext=u:r:kernel:s0 tcontext=u:r:kernel:s0 tclass=capability permissive=0
02-17 07:19:06.939 I/auditd ( 0): type=1400 audit(0.0:13703): avc: denied { kill } for comm="swapper/0" capability=5 scontext=u:r:kernel:s0 tcontext=u:r:kernel:s0 tclass=capability permissive=0
02-17 07:19:07.939 I/auditd ( 0): type=1400 audit(0.0:13704): avc: denied { kill } for comm="swapper/0" capability=5 scontext=u:r:kernel:s0 tcontext=u:r:kernel:s0 tclass=capability permissive=0
02-17 07:19:08.935 I/auditd ( 0): type=1400 audit(0.0:13705): avc: denied { kill } for comm="swapper/0" capability=5 scontext=u:r:kernel:s0 tcontext=u:r:kernel:s0 tclass=capability permissive=0
02-17 07:19:09.939 I/auditd ( 0): type=1400 audit(0.0:13706): avc: denied { kill } for comm="swapper/0" capability=5 scontext=u:r:kernel:s0 tcontext=u:r:kernel:s0 tclass=capability permissive=0
02-17 07:19:10.939 I/auditd ( 0): type=1400 audit(0.0:13707): avc: denied { kill } for comm="swapper/0" capability=5 scontext=u:r:kernel:s0 tcontext=u:r:kernel:s0 tclass=capability permissive=0
02-17 07:19:11.935 I/auditd ( 0): type=1400 audit(0.0:13708): avc: denied { kill } for comm="swapper/0" capability=5 scontext=u:r:kernel:s0 tcontext=u:r:kernel:s0 tclass=capability permissive=0
02-17 07:19:12.939 I/auditd ( 0): type=1400 audit(0.0:13709): avc: denied { kill } for comm="swapper/0" capability=5 scontext=u:r:kernel:s0 tcontext=u:r:kernel:s0 tclass=capability permissive=0
02-17 07:19:13.939 I/auditd ( 0): type=1400 audit(0.0:13710): avc: denied { kill } for comm="swapper/0" capability=5 scontext=u:r:kernel:s0 tcontext=u:r:kernel:s0 tclass=capability permissive=0
02-17 07:19:14.935 I/auditd ( 0): type=1400 audit(0.0:13711): avc: denied { kill } for comm="swapper/0" capability=5 scontext=u:r:kernel:s0 tcontext=u:r:kernel:s0 tclass=capability permissive=0
02-17 07:19:15.939 I/auditd ( 0): type=1400 audit(0.0:13712): avc: denied { kill } for comm="swapper/0" capability=5 scontext=u:r:kernel:s0 tcontext=u:r:kernel:s0 tclass=capability permissive=0
02-17 07:19:16.939 I/auditd ( 0): type=1400 audit(0.0:13713): avc: denied { kill } for comm="swapper/0" capability=5 scontext=u:r:kernel:s0 tcontext=u:r:kernel:s0 tclass=capability permissive=0
02-17 07:19:17.939 I/auditd ( 0): type=1400 audit(0.0:13714): avc: denied { kill } for comm="swapper/0" capability=5 scontext=u:r:kernel:s0 tcontext=u:r:kernel:s0 tclass=capability permissive=0
02-17 07:19:18.939 I/auditd ( 0): type=1400 audit(0.0:13715): avc: denied { kill } for comm="swapper/0" capability=5 scontext=u:r:kernel:s0 tcontext=u:r:kernel:s0 tclass=capability permissive=0
02-17 07:19:19.935 I/auditd ( 0): type=1400 audit(0.0:13716): avc: denied { kill } for comm="swapper/0" capability=5 scontext=u:r:kernel:s0 tcontext=u:r:kernel:s0 tclass=capability permissive=0
02-17 07:19:20.939 I/auditd ( 0): type=1400 audit(0.0:13717): avc: denied { kill } for comm="swapper/0" capability=5 scontext=u:r:kernel:s0 tcontext=u:r:kernel:s0 tclass=capability permissive=0
02-17 07:19:21.939 I/auditd ( 0): type=1400 audit(0.0:13718): avc: denied { kill } for comm="swapper/0" capability=5 scontext=u:r:kernel:s0 tcontext=u:r:kernel:s0 tclass=capability permissive=0
02-17 07:19:22.343 I/auditd ( 568): type=1400 audit(0.0:13719): avc: denied { read } for comm="Binder:568_2" name="wakeup58" dev="sysfs" ino=71413 scontext=u:r:system_suspend:s0 tcontext=u:object_r:sysfs:s0 tclass=dir permissive=0
02-17 07:19:22.343 I/auditd ( 568): type=1400 audit(0.0:13720): avc: denied { read } for comm="Binder:568_2" name="wakeup4" dev="sysfs" ino=47054 scontext=u:r:system_suspend:s0 tcontext=u:object_r:sysfs:s0 tclass=dir permissive=0
02-17 07:19:22.343 I/auditd ( 568): type=1400 audit(0.0:13721): avc: denied { read } for comm="Binder:568_2" name="wakeup28" dev="sysfs" ino=53119 scontext=u:r:system_suspend:s0 tcontext=u:object_r:sysfs:s0 tclass=dir permissive=0
02-17 07:19:22.343 I/auditd ( 568): type=1400 audit(0.0:13722): avc: denied { read } for comm="Binder:568_2" name="wakeup56" dev="sysfs" ino=71341 scontext=u:r:system_suspend:s0 tcontext=u:object_r:sysfs:s0 tclass=dir permissive=0
02-17 07:19:22.382 I/commit_sys_config_file( 1524): [batterystats,3]
02-17 07:19:22.382 I/commit_sys_config_file( 1524): [batterystats,1]
02-17 07:19:23.939 I/auditd ( 0): type=1400 audit(0.0:13770): avc: denied { kill } for comm="swapper/0" capability=5 scontext=u:r:kernel:s0 tcontext=u:r:kernel:s0 tclass=capability permissive=0
02-17 07:19:24.935 I/auditd ( 0): type=1400 audit(0.0:13771): avc: denied { kill } for comm="swapper/0" capability=5 scontext=u:r:kernel:s0 tcontext=u:r:kernel:s0 tclass=capability permissive=0
02-17 07:19:25.935 I/auditd ( 0): type=1400 audit(0.0:13772): avc: denied { kill } for comm="swapper/0" capability=5 scontext=u:r:kernel:s0 tcontext=u:r:kernel:s0 tclass=capability permissive=0
02-17 07:19:26.939 I/auditd ( 0): type=1400 audit(0.0:13773): avc: denied { kill } for comm="swapper/0" capability=5 scontext=u:r:kernel:s0 tcontext=u:r:kernel:s0 tclass=capability permissive=0
02-17 07:19:27.939 I/auditd ( 0): type=1400 audit(0.0:13774): avc: denied { kill } for comm="swapper/0" capability=5 scontext=u:r:kernel:s0 tcontext=u:r:kernel:s0 tclass=capability permissive=0
02-17 07:19:28.939 I/auditd ( 0): type=1400 audit(0.0:13775): avc: denied { kill } for comm="swapper/0" capability=5 scontext=u:r:kernel:s0 tcontext=u:r:kernel:s0 tclass=capability permissive=0
02-17 07:19:29.939 I/auditd ( 0): type=1400 audit(0.0:13776): avc: denied { kill } for comm="swapper/0" capability=5 scontext=u:r:kernel:s0 tcontext=u:r:kernel:s0 tclass=capability permissive=0
02-17 07:19:30.939 I/auditd ( 0): type=1400 audit(0.0:13777): avc: denied { kill } for comm="swapper/0" capability=5 scontext=u:r:kernel:s0 tcontext=u:r:kernel:s0 tclass=capability permissive=0
02-17 07:19:31.939 I/auditd ( 0): type=1400 audit(0.0:13778): avc: denied { kill } for comm="swapper/0" capability=5 scontext=u:r:kernel:s0 tcontext=u:r:kernel:s0 tclass=capability permissive=0
02-17 07:19:32.939 I/auditd ( 0): type=1400 audit(0.0:13779): avc: denied { kill } for comm="swapper/0" capability=5 scontext=u:r:kernel:s0 tcontext=u:r:kernel:s0 tclass=capability permissive=0
02-17 07:19:33.939 I/auditd ( 0): type=1400 audit(0.0:13780): avc: denied { kill } for comm="swapper/0" capability=5 scontext=u:r:kernel:s0 tcontext=u:r:kernel:s0 tclass=capability permissive=0
02-17 07:19:34.935 I/auditd ( 0): type=1400 audit(0.0:13781): avc: denied { kill } for comm="swapper/0" capability=5 scontext=u:r:kernel:s0 tcontext=u:r:kernel:s0 tclass=capability permissive=0
02-17 07:19:35.935 I/auditd ( 0): type=1400 audit(0.0:13782): avc: denied { kill } for comm="swapper/0" capability=5 scontext=u:r:kernel:s0 tcontext=u:r:kernel:s0 tclass=capability permissive=0
02-17 07:19:36.935 I/auditd ( 0): type=1400 audit(0.0:13783): avc: denied { kill } for comm="swapper/0" capability=5 scontext=u:r:kernel:s0 tcontext=u:r:kernel:s0 tclass=capability permissive=0
02-17 07:19:37.939 I/auditd ( 0): type=1400 audit(0.0:13784): avc: denied { kill } for comm="swapper/0" capability=5 scontext=u:r:kernel:s0 tcontext=u:r:kernel:s0 tclass=capability permissive=0
02-17 07:19:38.939 I/auditd ( 0): type=1400 audit(0.0:13785): avc: denied { kill } for comm="swapper/0" capability=5 scontext=u:r:kernel:s0 tcontext=u:r:kernel:s0 tclass=capability permissive=0
02-17 07:19:39.935 I/auditd ( 0): type=1400 audit(0.0:13786): avc: denied { kill } for comm="swapper/0" capability=5 scontext=u:r:kernel:s0 tcontext=u:r:kernel:s0 tclass=capability permissive=0
02-17 07:19:40.939 I/auditd ( 0): type=1400 audit(0.0:13787): avc: denied { kill } for comm="swapper/0" capability=5 scontext=u:r:kernel:s0 tcontext=u:r:kernel:s0 tclass=capability permissive=0
02-17 07:19:41.939 I/auditd ( 0): type=1400 audit(0.0:13788): avc: denied { kill } for comm="swapper/0" capability=5 scontext=u:r:kernel:s0 tcontext=u:r:kernel:s0 tclass=capability permissive=0
02-17 07:19:42.939 I/auditd ( 0): type=1400 audit(0.0:13789): avc: denied { kill } for comm="swapper/0" capability=5 scontext=u:r:kernel:s0 tcontext=u:r:kernel:s0 tclass=capability permissive=0
02-17 07:19:43.887 I/auditd (12815): type=1400 audit(0.0:13790): avc: denied { read } for comm="ls" name="/" dev="dm-5" ino=2 scontext=u:r:system_app:s0 tcontext=u:object_r:rootfs:s0 tclass=dir permissive=0
02-17 07:19:43.931 I/auditd (12818): type=1400 audit(0.0:13791): avc: denied { read } for comm="ls" name="/" dev="dm-5" ino=2 scontext=u:r:system_app:s0 tcontext=u:object_r:rootfs:s0 tclass=dir permissive=0
02-17 07:19:43.935 I/auditd ( 0): type=1400 audit(0.0:13792): avc: denied { kill } for comm="swapper/0" capability=5 scontext=u:r:kernel:s0 tcontext=u:r:kernel:s0 tclass=capability permissive=0
02-17 07:19:44.031 I/auditd (12824): type=1400 audit(0.0:13793): avc: denied { read } for comm="ls" name="/" dev="dm-5" ino=2 scontext=u:r:system_app:s0 tcontext=u:object_r:rootfs:s0 tclass=dir permissive=0
02-17 07:19:44.935 I/auditd ( 0): type=1400 audit(0.0:13794): avc: denied { kill } for comm="swapper/0" capability=5 scontext=u:r:kernel:s0 tcontext=u:r:kernel:s0 tclass=capability permissive=0
02-17 07:19:45.939 I/auditd ( 0): type=1400 audit(0.0:13795): avc: denied { kill } for comm="swapper/0" capability=5 scontext=u:r:kernel:s0 tcontext=u:r:kernel:s0 tclass=capability permissive=0
02-17 07:19:46.939 I/auditd ( 0): type=1400 audit(0.0:13796): avc: denied { kill } for comm="swapper/0" capability=5 scontext=u:r:kernel:s0 tcontext=u:r:kernel:s0 tclass=capability permissive=0
02-17 07:19:47.939 I/auditd ( 0): type=1400 audit(0.0:13797): avc: denied { kill } for comm="swapper/0" capability=5 scontext=u:r:kernel:s0 tcontext=u:r:kernel:s0 tclass=capability permissive=0
02-17 07:19:48.935 I/auditd ( 0): type=1400 audit(0.0:13798): avc: denied { kill } for comm="swapper/0" capability=5 scontext=u:r:kernel:s0 tcontext=u:r:kernel:s0 tclass=capability permissive=0
02-17 07:19:49.935 I/auditd ( 0): type=1400 audit(0.0:13799): avc: denied { kill } for comm="swapper/0" capability=5 scontext=u:r:kernel:s0 tcontext=u:r:kernel:s0 tclass=capability permissive=0
02-17 07:19:50.868 I/netstats_mobile_sample( 1524): [0,0,0,0,0,0,0,0,0,0,0,0,1676589590868]
02-17 07:19:50.868 I/netstats_wifi_sample( 1524): [40989621,45063,10726303,33604,40989621,45063,10726303,33604,44035960,65464,5643889,21526,1676589590868]
02-17 07:19:50.935 I/auditd ( 0): type=1400 audit(0.0:13800): avc: denied { kill } for comm="swapper/0" capability=5 scontext=u:r:kernel:s0 tcontext=u:r:kernel:s0 tclass=capability permissive=0
02-17 07:19:51.935 I/auditd ( 0): type=1400 audit(0.0:13801): avc: denied { kill } for comm="swapper/0" capability=5 scontext=u:r:kernel:s0 tcontext=u:r:kernel:s0 tclass=capability permissive=0
02-17 07:19:52.939 I/auditd ( 0): type=1400 audit(0.0:13802): avc: denied { kill } for comm="swapper/0" capability=5 scontext=u:r:kernel:s0 tcontext=u:r:kernel:s0 tclass=capability permissive=0
02-17 07:19:53.939 I/auditd ( 0): type=1400 audit(0.0:13803): avc: denied { kill } for comm="swapper/0" capability=5 scontext=u:r:kernel:s0 tcontext=u:r:kernel:s0 tclass=capability permissive=0
02-17 07:19:54.939 I/auditd ( 0): type=1400 audit(0.0:13804): avc: denied { kill } for comm="swapper/0" capability=5 scontext=u:r:kernel:s0 tcontext=u:r:kernel:s0 tclass=capability permissive=0
02-17 07:19:55.939 I/auditd ( 0): type=1400 audit(0.0:13805): avc: denied { kill } for comm="swapper/0" capability=5 scontext=u:r:kernel:s0 tcontext=u:r:kernel:s0 tclass=capability permissive=0
02-17 07:19:56.939 I/auditd ( 0): type=1400 audit(0.0:13806): avc: denied { kill } for comm="swapper/0" capability=5 scontext=u:r:kernel:s0 tcontext=u:r:kernel:s0 tclass=capability permissive=0
02-17 07:19:57.935 I/auditd ( 0): type=1400 audit(0.0:13807): avc: denied { kill } for comm="swapper/0" capability=5 scontext=u:r:kernel:s0 tcontext=u:r:kernel:s0 tclass=capability permissive=0
02-17 07:19:58.935 I/auditd ( 0): type=1400 audit(0.0:13808): avc: denied { kill } for comm="swapper/0" capability=5 scontext=u:r:kernel:s0 tcontext=u:r:kernel:s0 tclass=capability permissive=0
02-17 07:19:59.935 I/auditd ( 0): type=1400 audit(0.0:13809): avc: denied { kill } for comm="swapper/0" capability=5 scontext=u:r:kernel:s0 tcontext=u:r:kernel:s0 tclass=capability permissive=0
02-17 07:20:00.935 I/auditd ( 0): type=1400 audit(0.0:13810): avc: denied { kill } for comm="swapper/0" capability=5 scontext=u:r:kernel:s0 tcontext=u:r:kernel:s0 tclass=capability permissive=0
02-17 07:20:02.935 I/auditd ( 0): type=1400 audit(0.0:13811): avc: denied { kill } for comm="swapper/3" capability=5 scontext=u:r:kernel:s0 tcontext=u:r:kernel:s0 tclass=capability permissive=0
02-17 07:20:03.939 I/auditd ( 0): type=1400 audit(0.0:13812): avc: denied { kill } for comm="swapper/3" capability=5 scontext=u:r:kernel:s0 tcontext=u:r:kernel:s0 tclass=capability permissive=0
02-17 07:20:04.939 I/auditd ( 0): type=1400 audit(0.0:13813): avc: denied { kill } for comm="swapper/3" capability=5 scontext=u:r:kernel:s0 tcontext=u:r:kernel:s0 tclass=capability permissive=0
02-17 07:20:05.939 I/auditd ( 0): type=1400 audit(0.0:13814): avc: denied { kill } for comm="swapper/3" capability=5 scontext=u:r:kernel:s0 tcontext=u:r:kernel:s0 tclass=capability permissive=0
02-17 07:20:06.939 I/auditd ( 0): type=1400 audit(0.0:13815): avc: denied { kill } for comm="swapper/3" capability=5 scontext=u:r:kernel:s0 tcontext=u:r:kernel:s0 tclass=capability permissive=0
02-17 07:20:07.939 I/auditd ( 0): type=1400 audit(0.0:13816): avc: denied { kill } for comm="swapper/3" capability=5 scontext=u:r:kernel:s0 tcontext=u:r:kernel:s0 tclass=capability permissive=0
02-17 07:20:08.939 I/auditd ( 0): type=1400 audit(0.0:13817): avc: denied { kill } for comm="swapper/3" capability=5 scontext=u:r:kernel:s0 tcontext=u:r:kernel:s0 tclass=capability permissive=0
02-17 07:20:09.935 I/auditd ( 0): type=1400 audit(0.0:13818): avc: denied { kill } for comm="swapper/3" capability=5 scontext=u:r:kernel:s0 tcontext=u:r:kernel:s0 tclass=capability permissive=0
02-17 07:20:10.939 I/auditd ( 0): type=1400 audit(0.0:13819): avc: denied { kill } for comm="swapper/3" capability=5 scontext=u:r:kernel:s0 tcontext=u:r:kernel:s0 tclass=capability permissive=0
02-17 07:20:11.935 I/auditd ( 0): type=1400 audit(0.0:13820): avc: denied { kill } for comm="swapper/3" capability=5 scontext=u:r:kernel:s0 tcontext=u:r:kernel:s0 tclass=capability permissive=0
02-17 07:20:12.939 I/auditd ( 0): type=1400 audit(0.0:13821): avc: denied { kill } for comm="swapper/3" capability=5 scontext=u:r:kernel:s0 tcontext=u:r:kernel:s0 tclass=capability permissive=0
02-17 07:20:13.939 I/auditd ( 0): type=1400 audit(0.0:13822): avc: denied { kill } for comm="swapper/3" capability=5 scontext=u:r:kernel:s0 tcontext=u:r:kernel:s0 tclass=capability permissive=0
02-17 07:20:14.939 I/auditd ( 0): type=1400 audit(0.0:13823): avc: denied { kill } for comm="swapper/3" capability=5 scontext=u:r:kernel:s0 tcontext=u:r:kernel:s0 tclass=capability permissive=0
02-17 07:20:15.935 I/auditd ( 0): type=1400 audit(0.0:13824): avc: denied { kill } for comm="swapper/3" capability=5 scontext=u:r:kernel:s0 tcontext=u:r:kernel:s0 tclass=capability permissive=0
02-17 07:20:16.939 I/auditd ( 0): type=1400 audit(0.0:13825): avc: denied { kill } for comm="swapper/3" capability=5 scontext=u:r:kernel:s0 tcontext=u:r:kernel:s0 tclass=capability permissive=0
02-17 07:20:17.939 I/auditd ( 0): type=1400 audit(0.0:13826): avc: denied { kill } for comm="swapper/3" capability=5 scontext=u:r:kernel:s0 tcontext=u:r:kernel:s0 tclass=capability permissive=0
02-17 07:20:18.939 I/auditd ( 0): type=1400 audit(0.0:13827): avc: denied { kill } for comm="swapper/3" capability=5 scontext=u:r:kernel:s0 tcontext=u:r:kernel:s0 tclass=capability permissive=0
02-17 07:20:19.939 I/auditd ( 0): type=1400 audit(0.0:13828): avc: denied { kill } for comm="swapper/3" capability=5 scontext=u:r:kernel:s0 tcontext=u:r:kernel:s0 tclass=capability permissive=0
02-17 07:20:20.935 I/auditd ( 0): type=1400 audit(0.0:13829): avc: denied { kill } for comm="swapper/3" capability=5 scontext=u:r:kernel:s0 tcontext=u:r:kernel:s0 tclass=capability permissive=0
02-17 07:20:21.939 I/auditd ( 0): type=1400 audit(0.0:13830): avc: denied { kill } for comm="swapper/3" capability=5 scontext=u:r:kernel:s0 tcontext=u:r:kernel:s0 tclass=capability permissive=0
02-17 07:20:22.935 I/auditd ( 0): type=1400 audit(0.0:13831): avc: denied { kill } for comm="swapper/3" capability=5 scontext=u:r:kernel:s0 tcontext=u:r:kernel:s0 tclass=capability permissive=0
02-17 07:20:23.939 I/auditd ( 0): type=1400 audit(0.0:13832): avc: denied { kill } for comm="swapper/3" capability=5 scontext=u:r:kernel:s0 tcontext=u:r:kernel:s0 tclass=capability permissive=0
02-17 07:20:24.939 I/auditd ( 0): type=1400 audit(0.0:13833): avc: denied { kill } for comm="swapper/3" capability=5 scontext=u:r:kernel:s0 tcontext=u:r:kernel:s0 tclass=capability permissive=0
02-17 07:20:25.939 I/auditd ( 0): type=1400 audit(0.0:13834): avc: denied { kill } for comm="swapper/3" capability=5 scontext=u:r:kernel:s0 tcontext=u:r:kernel:s0 tclass=capability permissive=0
02-17 07:20:26.939 I/auditd ( 0): type=1400 audit(0.0:13835): avc: denied { kill } for comm="swapper/3" capability=5 scontext=u:r:kernel:s0 tcontext=u:r:kernel:s0 tclass=capability permissive=0
02-17 07:20:27.935 I/auditd ( 0): type=1400 audit(0.0:13836): avc: denied { kill } for comm="swapper/3" capability=5 scontext=u:r:kernel:s0 tcontext=u:r:kernel:s0 tclass=capability permissive=0
02-17 07:20:28.939 I/auditd ( 0): type=1400 audit(0.0:13837): avc: denied { kill } for comm="swapper/3" capability=5 scontext=u:r:kernel:s0 tcontext=u:r:kernel:s0 tclass=capability permissive=0
02-17 07:20:29.939 I/auditd ( 0): type=1400 audit(0.0:13838): avc: denied { kill } for comm="swapper/3" capability=5 scontext=u:r:kernel:s0 tcontext=u:r:kernel:s0 tclass=capability permissive=0
02-17 07:20:30.939 I/auditd ( 0): type=1400 audit(0.0:13839): avc: denied { kill } for comm="swapper/3" capability=5 scontext=u:r:kernel:s0 tcontext=u:r:kernel:s0 tclass=capability permissive=0
02-17 07:20:31.939 I/auditd ( 0): type=1400 audit(0.0:13840): avc: denied { kill } for comm="swapper/3" capability=5 scontext=u:r:kernel:s0 tcontext=u:r:kernel:s0 tclass=capability permissive=0
02-17 07:20:32.935 I/auditd ( 0): type=1400 audit(0.0:13841): avc: denied { kill } for comm="swapper/3" capability=5 scontext=u:r:kernel:s0 tcontext=u:r:kernel:s0 tclass=capability permissive=0
02-17 07:20:33.939 I/auditd ( 0): type=1400 audit(0.0:13842): avc: denied { kill } for comm="swapper/3" capability=5 scontext=u:r:kernel:s0 tcontext=u:r:kernel:s0 tclass=capability permissive=0
02-17 07:20:34.939 I/auditd ( 0): type=1400 audit(0.0:13843): avc: denied { kill } for comm="swapper/3" capability=5 scontext=u:r:kernel:s0 tcontext=u:r:kernel:s0 tclass=capability permissive=0
02-17 07:20:35.939 I/auditd ( 0): type=1400 audit(0.0:13844): avc: denied { kill } for comm="swapper/3" capability=5 scontext=u:r:kernel:s0 tcontext=u:r:kernel:s0 tclass=capability permissive=0
02-17 07:20:36.939 I/auditd ( 0): type=1400 audit(0.0:13845): avc: denied { kill } for comm="swapper/3" capability=5 scontext=u:r:kernel:s0 tcontext=u:r:kernel:s0 tclass=capability permissive=0
02-17 07:20:37.939 I/auditd ( 0): type=1400 audit(0.0:13846): avc: denied { kill } for comm="swapper/3" capability=5 scontext=u:r:kernel:s0 tcontext=u:r:kernel:s0 tclass=capability permissive=0
02-17 07:20:38.939 I/auditd ( 0): type=1400 audit(0.0:13847): avc: denied { kill } for comm="swapper/3" capability=5 scontext=u:r:kernel:s0 tcontext=u:r:kernel:s0 tclass=capability permissive=0
02-17 07:20:39.939 I/auditd ( 0): type=1400 audit(0.0:13848): avc: denied { kill } for comm="swapper/3" capability=5 scontext=u:r:kernel:s0 tcontext=u:r:kernel:s0 tclass=capability permissive=0
02-17 07:20:40.939 I/auditd ( 0): type=1400 audit(0.0:13849): avc: denied { kill } for comm="swapper/3" capability=5 scontext=u:r:kernel:s0 tcontext=u:r:kernel:s0 tclass=capability permissive=0
02-17 07:20:41.939 I/auditd ( 0): type=1400 audit(0.0:13850): avc: denied { kill } for comm="swapper/3" capability=5 scontext=u:r:kernel:s0 tcontext=u:r:kernel:s0 tclass=capability permissive=0
02-17 07:20:42.939 I/auditd ( 0): type=1400 audit(0.0:13851): avc: denied { kill } for comm="swapper/3" capability=5 scontext=u:r:kernel:s0 tcontext=u:r:kernel:s0 tclass=capability permissive=0
02-17 07:20:43.939 I/auditd ( 0): type=1400 audit(0.0:13852): avc: denied { kill } for comm="swapper/3" capability=5 scontext=u:r:kernel:s0 tcontext=u:r:kernel:s0 tclass=capability permissive=0
02-17 07:20:44.939 I/auditd ( 0): type=1400 audit(0.0:13853): avc: denied { kill } for comm="swapper/3" capability=5 scontext=u:r:kernel:s0 tcontext=u:r:kernel:s0 tclass=capability permissive=0
02-17 07:20:45.939 I/auditd ( 0): type=1400 audit(0.0:13854): avc: denied { kill } for comm="swapper/3" capability=5 scontext=u:r:kernel:s0 tcontext=u:r:kernel:s0 tclass=capability permissive=0
02-17 07:20:46.939 I/auditd ( 0): type=1400 audit(0.0:13855): avc: denied { kill } for comm="swapper/3" capability=5 scontext=u:r:kernel:s0 tcontext=u:r:kernel:s0 tclass=capability permissive=0
02-17 07:20:47.939 I/auditd ( 0): type=1400 audit(0.0:13856): avc: denied { kill } for comm="swapper/3" capability=5 scontext=u:r:kernel:s0 tcontext=u:r:kernel:s0 tclass=capability permissive=0
02-17 07:20:48.939 I/auditd ( 0): type=1400 audit(0.0:13857): avc: denied { kill } for comm="swapper/3" capability=5 scontext=u:r:kernel:s0 tcontext=u:r:kernel:s0 tclass=capability permissive=0
02-17 07:20:49.939 I/auditd ( 0): type=1400 audit(0.0:13858): avc: denied { kill } for comm="swapper/3" capability=5 scontext=u:r:kernel:s0 tcontext=u:r:kernel:s0 tclass=capability permissive=0
02-17 07:20:50.939 I/auditd ( 0): type=1400 audit(0.0:13859): avc: denied { kill } for comm="swapper/3" capability=5 scontext=u:r:kernel:s0 tcontext=u:r:kernel:s0 tclass=capability permissive=0
02-17 07:20:51.935 I/auditd ( 0): type=1400 audit(0.0:13860): avc: denied { kill } for comm="swapper/3" capability=5 scontext=u:r:kernel:s0 tcontext=u:r:kernel:s0 tclass=capability permissive=0
02-17 07:20:52.939 I/auditd ( 0): type=1400 audit(0.0:13861): avc: denied { kill } for comm="swapper/3" capability=5 scontext=u:r:kernel:s0 tcontext=u:r:kernel:s0 tclass=capability permissive=0
02-17 07:20:53.939 I/auditd ( 0): type=1400 audit(0.0:13862): avc: denied { kill } for comm="swapper/3" capability=5 scontext=u:r:kernel:s0 tcontext=u:r:kernel:s0 tclass=capability permissive=0
02-17 07:20:54.939 I/auditd ( 0): type=1400 audit(0.0:13863): avc: denied { kill } for comm="swapper/3" capability=5 scontext=u:r:kernel:s0 tcontext=u:r:kernel:s0 tclass=capability permissive=0
02-17 07:20:55.939 I/auditd ( 0): type=1400 audit(0.0:13864): avc: denied { kill } for comm="swapper/3" capability=5 scontext=u:r:kernel:s0 tcontext=u:r:kernel:s0 tclass=capability permissive=0
02-17 07:20:56.935 I/auditd ( 0): type=1400 audit(0.0:13865): avc: denied { kill } for comm="swapper/3" capability=5 scontext=u:r:kernel:s0 tcontext=u:r:kernel:s0 tclass=capability permissive=0
02-17 07:20:57.935 I/auditd ( 0): type=1400 audit(0.0:13866): avc: denied { kill } for comm="swapper/3" capability=5 scontext=u:r:kernel:s0 tcontext=u:r:kernel:s0 tclass=capability permissive=0
02-17 07:20:58.935 I/auditd ( 0): type=1400 audit(0.0:13867): avc: denied { kill } for comm="swapper/3" capability=5 scontext=u:r:kernel:s0 tcontext=u:r:kernel:s0 tclass=capability permissive=0
02-17 07:20:59.935 I/auditd ( 0): type=1400 audit(0.0:13868): avc: denied { kill } for comm="swapper/3" capability=5 scontext=u:r:kernel:s0 tcontext=u:r:kernel:s0 tclass=capability permissive=0
02-17 07:21:00.935 I/auditd ( 0): type=1400 audit(0.0:13869): avc: denied { kill } for comm="swapper/3" capability=5 scontext=u:r:kernel:s0 tcontext=u:r:kernel:s0 tclass=capability permissive=0
02-17 07:21:01.935 I/auditd ( 0): type=1400 audit(0.0:13870): avc: denied { kill } for comm="swapper/3" capability=5 scontext=u:r:kernel:s0 tcontext=u:r:kernel:s0 tclass=capability permissive=0
02-17 07:21:02.935 I/auditd ( 0): type=1400 audit(0.0:13871): avc: denied { kill } for comm="swapper/3" capability=5 scontext=u:r:kernel:s0 tcontext=u:r:kernel:s0 tclass=capability permissive=0
02-17 07:21:03.935 I/auditd ( 0): type=1400 audit(0.0:13872): avc: denied { kill } for comm="swapper/3" capability=5 scontext=u:r:kernel:s0 tcontext=u:r:kernel:s0 tclass=capability permissive=0
02-17 07:21:04.939 I/auditd ( 0): type=1400 audit(0.0:13873): avc: denied { kill } for comm="swapper/3" capability=5 scontext=u:r:kernel:s0 tcontext=u:r:kernel:s0 tclass=capability permissive=0
02-17 07:21:05.939 I/auditd ( 0): type=1400 audit(0.0:13874): avc: denied { kill } for comm="swapper/3" capability=5 scontext=u:r:kernel:s0 tcontext=u:r:kernel:s0 tclass=capability permissive=0
02-17 07:21:06.939 I/auditd ( 0): type=1400 audit(0.0:13875): avc: denied { kill } for comm="swapper/3" capability=5 scontext=u:r:kernel:s0 tcontext=u:r:kernel:s0 tclass=capability permissive=0
02-17 07:21:07.939 I/auditd ( 0): type=1400 audit(0.0:13876): avc: denied { kill } for comm="swapper/3" capability=5 scontext=u:r:kernel:s0 tcontext=u:r:kernel:s0 tclass=capability permissive=0
02-17 07:21:08.873 I/input_interaction( 1524): Interaction with: 2628e58 com.thundercomm.screensaver/android.service.dreams.DreamActivity (server), edge-swipe (server), swipe-up (server), PointerEventDispatcher0 (server),
02-17 07:21:08.876 I/wm_finish_activity( 1524): [0,35678060,36,com.thundercomm.screensaver/android.service.dreams.DreamActivity,finish-activity]
02-17 07:21:08.877 I/wm_task_moved( 1524): [1,1,6]
02-17 07:21:08.877 I/wm_task_moved( 1524): [9,1,2147483647]
02-17 07:21:08.878 I/wm_task_to_front( 1524): [0,9]
02-17 07:21:08.878 I/wm_focused_root_task( 1524): [0,0,1,36,finish-top adjustFocusToNextFocusableTask]
02-17 07:21:08.878 I/wm_set_resumed_activity( 1524): [0,com.android.launcher3/.uioverrides.QuickstepLauncher,finish-top adjustFocusToNextFocusableTask]
02-17 07:21:08.879 I/wm_pause_activity( 1524): [0,35678060,com.thundercomm.screensaver/android.service.dreams.DreamActivity,userLeaving=false,finish]
02-17 07:21:08.887 I/wm_on_top_resumed_lost_called( 8649): [35678060,android.service.dreams.DreamActivity,topStateChangedWhenResumed]
02-17 07:21:08.888 I/sysui_multi_action( 1524): [757,803,799,window_time_0,802,5216]
02-17 07:21:08.889 I/wm_on_paused_called( 8649): [35678060,android.service.dreams.DreamActivity,performPause]
02-17 07:21:08.890 I/wm_add_to_stopping( 1524): [0,35678060,com.thundercomm.screensaver/android.service.dreams.DreamActivity,completeFinishing]
02-17 07:21:08.892 I/wm_set_resumed_activity( 1524): [0,com.android.launcher3/.uioverrides.QuickstepLauncher,resumeTopActivityInnerLocked]
02-17 07:21:08.894 I/wm_resume_activity( 1524): [0,128678138,9,com.android.launcher3/.uioverrides.QuickstepLauncher]
02-17 07:21:08.902 I/view_enqueue_input_event( 8649): [Motion - Cancel,com.thundercomm.screensaver/android.service.dreams.DreamActivity]
02-17 07:21:08.902 I/input_focus( 1524): [Focus leaving 2628e58 com.thundercomm.screensaver/android.service.dreams.DreamActivity (server),reason=NO_WINDOW]
02-17 07:21:08.907 I/sysui_multi_action( 1524): [757,803,799,window_time_0,802,0]
02-17 07:21:08.910 I/input_interaction( 1524): Interaction with: edge-swipe (server), swipe-up (server), PointerEventDispatcher0 (server),
02-17 07:21:08.913 I/wm_on_restart_called( 2568): [128678138,com.android.launcher3.uioverrides.QuickstepLauncher,performRestartActivity]
02-17 07:21:08.913 I/wm_on_start_called( 2568): [128678138,com.android.launcher3.uioverrides.QuickstepLauncher,handleStartActivity]
02-17 07:21:08.914 I/wm_on_resume_called( 2568): [128678138,com.android.launcher3.uioverrides.QuickstepLauncher,RESUME_ACTIVITY]
02-17 07:21:08.914 I/wm_on_top_resumed_gained_called( 2568): [128678138,com.android.launcher3.uioverrides.QuickstepLauncher,topWhenResuming]
02-17 07:21:08.918 I/am_pss ( 1524): [12755,1000,com.qti.diagservices,6551552,3887104,0,93528064,0,10,6]
02-17 07:21:08.919 I/am_uid_running( 1524): 10062
02-17 07:21:08.924 I/input_focus( 1524): [Focus request 321be4b com.android.launcher3/com.android.launcher3.uioverrides.QuickstepLauncher,reason=UpdateInputWindows]
02-17 07:21:08.926 I/am_proc_start( 1524): [0,12837,10062,com.thundercomm.gamemode.provider,content provider,{com.thundercomm.gamemode.provider/com.thundercomm.gamemode.provider.SettingsProvider}]
02-17 07:21:08.939 I/am_proc_bound( 1524): [0,12837,com.thundercomm.gamemode.provider]
02-17 07:21:08.940 I/am_uid_active( 1524): 10062
02-17 07:21:08.950 I/input_focus( 1524): [Focus entering 321be4b com.android.launcher3/com.android.launcher3.uioverrides.QuickstepLauncher (server),reason=Window became focusable. Previous reason: NOT_VISIBLE]
02-17 07:21:09.186 I/wm_destroy_activity( 1524): [0,35678060,36,com.thundercomm.screensaver/android.service.dreams.DreamActivity,finish-imm:idle]
02-17 07:21:09.190 I/wm_on_stop_called( 8649): [35678060,android.service.dreams.DreamActivity,LIFECYCLER_STOP_ACTIVITY]
02-17 07:21:09.190 I/wm_on_destroy_called( 8649): [35678060,android.service.dreams.DreamActivity,performDestroy]
02-17 07:21:09.198 I/sysui_multi_action( 1524): [757,222,758,2]
02-17 07:21:09.198 I/sysui_multi_action( 1524): [757,804,799,dreaming_minutes,801,86,802,1]
02-17 07:21:09.210 I/wm_task_removed( 1524): [36,removeChild:removeChild last r=ActivityRecord{220676c u0 com.thundercomm.screensaver/android.service.dreams.DreamActivity t-1 f}} in t=Task{e23d321 #36 type=dream A=10040:android:com.thundercomm.screensaver/dream U=0 visible=false mode=fullscreen translucent=true sz=0}]
02-17 07:21:09.210 I/wm_task_removed( 1524): [36,removeChild]
02-17 07:21:09.939 I/auditd ( 0): type=1400 audit(0.0:13878): avc: denied { kill } for comm="swapper/3" capability=5 scontext=u:r:kernel:s0 tcontext=u:r:kernel:s0 tclass=capability permissive=0
02-17 07:21:11.939 I/auditd ( 0): type=1400 audit(0.0:13879): avc: denied { kill } for comm="swapper/3" capability=5 scontext=u:r:kernel:s0 tcontext=u:r:kernel:s0 tclass=capability permissive=0
02-17 07:21:12.939 I/auditd ( 0): type=1400 audit(0.0:13880): avc: denied { kill } for comm="swapper/3" capability=5 scontext=u:r:kernel:s0 tcontext=u:r:kernel:s0 tclass=capability permissive=0
02-17 07:21:13.939 I/auditd ( 0): type=1400 audit(0.0:13881): avc: denied { kill } for comm="swapper/3" capability=5 scontext=u:r:kernel:s0 tcontext=u:r:kernel:s0 tclass=capability permissive=0
02-17 07:21:14.939 I/auditd ( 0): type=1400 audit(0.0:13882): avc: denied { kill } for comm="swapper/3" capability=5 scontext=u:r:kernel:s0 tcontext=u:r:kernel:s0 tclass=capability permissive=0
02-17 07:21:15.935 I/auditd ( 0): type=1400 audit(0.0:13883): avc: denied { kill } for comm="swapper/3" capability=5 scontext=u:r:kernel:s0 tcontext=u:r:kernel:s0 tclass=capability permissive=0
02-17 07:21:16.939 I/auditd ( 0): type=1400 audit(0.0:13884): avc: denied { kill } for comm="swapper/3" capability=5 scontext=u:r:kernel:s0 tcontext=u:r:kernel:s0 tclass=capability permissive=0
02-17 07:21:17.939 I/auditd ( 0): type=1400 audit(0.0:13885): avc: denied { kill } for comm="swapper/3" capability=5 scontext=u:r:kernel:s0 tcontext=u:r:kernel:s0 tclass=capability permissive=0
02-17 07:21:18.935 I/auditd ( 0): type=1400 audit(0.0:13886): avc: denied { kill } for comm="swapper/3" capability=5 scontext=u:r:kernel:s0 tcontext=u:r:kernel:s0 tclass=capability permissive=0
02-17 07:21:19.939 I/auditd ( 0): type=1400 audit(0.0:13887): avc: denied { kill } for comm="swapper/3" capability=5 scontext=u:r:kernel:s0 tcontext=u:r:kernel:s0 tclass=capability permissive=0
02-17 07:21:20.939 I/auditd ( 0): type=1400 audit(0.0:13888): avc: denied { kill } for comm="swapper/3" capability=5 scontext=u:r:kernel:s0 tcontext=u:r:kernel:s0 tclass=capability permissive=0
02-17 07:21:21.939 I/auditd ( 0): type=1400 audit(0.0:13889): avc: denied { kill } for comm="swapper/3" capability=5 scontext=u:r:kernel:s0 tcontext=u:r:kernel:s0 tclass=capability permissive=0
02-17 07:21:22.939 I/auditd ( 0): type=1400 audit(0.0:13890): avc: denied { kill } for comm="swapper/3" capability=5 scontext=u:r:kernel:s0 tcontext=u:r:kernel:s0 tclass=capability permissive=0
02-17 07:21:24.935 I/auditd ( 0): type=1400 audit(0.0:13891): avc: denied { kill } for comm="swapper/3" capability=5 scontext=u:r:kernel:s0 tcontext=u:r:kernel:s0 tclass=capability permissive=0
02-17 07:21:25.935 I/auditd ( 0): type=1400 audit(0.0:13892): avc: denied { kill } for comm="swapper/3" capability=5 scontext=u:r:kernel:s0 tcontext=u:r:kernel:s0 tclass=capability permissive=0
02-17 07:21:26.935 I/auditd ( 0): type=1400 audit(0.0:13893): avc: denied { kill } for comm="swapper/3" capability=5 scontext=u:r:kernel:s0 tcontext=u:r:kernel:s0 tclass=capability permissive=0
02-17 07:21:27.939 I/auditd ( 0): type=1400 audit(0.0:13894): avc: denied { kill } for comm="swapper/3" capability=5 scontext=u:r:kernel:s0 tcontext=u:r:kernel:s0 tclass=capability permissive=0
02-17 07:21:28.939 I/auditd ( 0): type=1400 audit(0.0:13895): avc: denied { kill } for comm="swapper/3" capability=5 scontext=u:r:kernel:s0 tcontext=u:r:kernel:s0 tclass=capability permissive=0
02-17 07:21:29.939 I/auditd ( 0): type=1400 audit(0.0:13896): avc: denied { kill } for comm="swapper/3" capability=5 scontext=u:r:kernel:s0 tcontext=u:r:kernel:s0 tclass=capability permissive=0
02-17 07:21:30.939 I/auditd ( 0): type=1400 audit(0.0:13897): avc: denied { kill } for comm="swapper/3" capability=5 scontext=u:r:kernel:s0 tcontext=u:r:kernel:s0 tclass=capability permissive=0
02-17 07:21:31.939 I/auditd ( 0): type=1400 audit(0.0:13898): avc: denied { kill } for comm="swapper/3" capability=5 scontext=u:r:kernel:s0 tcontext=u:r:kernel:s0 tclass=capability permissive=0
02-17 07:21:32.935 I/auditd ( 0): type=1400 audit(0.0:13899): avc: denied { kill } for comm="swapper/3" capability=5 scontext=u:r:kernel:s0 tcontext=u:r:kernel:s0 tclass=capability permissive=0
02-17 07:21:33.939 I/auditd ( 0): type=1400 audit(0.0:13900): avc: denied { kill } for comm="swapper/3" capability=5 scontext=u:r:kernel:s0 tcontext=u:r:kernel:s0 tclass=capability permissive=0
02-17 07:21:34.939 I/auditd ( 0): type=1400 audit(0.0:13901): avc: denied { kill } for comm="swapper/3" capability=5 scontext=u:r:kernel:s0 tcontext=u:r:kernel:s0 tclass=capability permissive=0
02-17 07:21:35.939 I/auditd ( 0): type=1400 audit(0.0:13902): avc: denied { kill } for comm="swapper/3" capability=5 scontext=u:r:kernel:s0 tcontext=u:r:kernel:s0 tclass=capability permissive=0
02-17 07:21:36.935 I/auditd ( 0): type=1400 audit(0.0:13903): avc: denied { kill } for comm="swapper/3" capability=5 scontext=u:r:kernel:s0 tcontext=u:r:kernel:s0 tclass=capability permissive=0
02-17 07:21:37.939 I/auditd ( 0): type=1400 audit(0.0:13904): avc: denied { kill } for comm="swapper/3" capability=5 scontext=u:r:kernel:s0 tcontext=u:r:kernel:s0 tclass=capability permissive=0
02-17 07:21:38.939 I/auditd ( 0): type=1400 audit(0.0:13905): avc: denied { kill } for comm="swapper/3" capability=5 scontext=u:r:kernel:s0 tcontext=u:r:kernel:s0 tclass=capability permissive=0
02-17 07:21:39.939 I/auditd ( 0): type=1400 audit(0.0:13906): avc: denied { kill } for comm="swapper/3" capability=5 scontext=u:r:kernel:s0 tcontext=u:r:kernel:s0 tclass=capability permissive=0
02-17 07:21:40.530 I/input_interaction( 1524): Interaction with: 321be4b com.android.launcher3/com.android.launcher3.uioverrides.QuickstepLauncher (server), 8f82c51 com.android.systemui.ImageWallpaper (server), edge-swipe (server), swipe-up (server), PointerEventDispatcher0 (server),
02-17 07:21:40.939 I/auditd ( 0): type=1400 audit(0.0:13907): avc: denied { kill } for comm="swapper/3" capability=5 scontext=u:r:kernel:s0 tcontext=u:r:kernel:s0 tclass=capability permissive=0
02-17 07:21:41.614 I/input_interaction( 1524): Interaction with: d4326e3 StatusBar (server), edge-swipe (server), swipe-up (server), PointerEventDispatcher0 (server),
02-17 07:21:41.617 I/sysui_multi_action( 1999): [757,803,799,panel_open,802,1]
02-17 07:21:41.619 I/sysui_multi_action( 1999): [757,1328,758,4,1326,41,1327,1,1329,0]
02-17 07:21:41.699 I/sysui_multi_action( 1524): [757,127,758,1]
02-17 07:21:41.699 I/sysui_multi_action( 1524): [757,804,799,note_load,801,3,802,1]
02-17 07:21:41.699 I/notification_panel_revealed( 1524): 3
02-17 07:21:41.712 I/input_focus( 1524): [Focus request febc086 NotificationShade,reason=UpdateInputWindows]
02-17 07:21:41.721 I/sysui_multi_action( 1524): [757,128,758,1,793,11526332,794,0,795,11526332,796,26,798,0,806,android,857,DEVELOPER_IMPORTANT,858,4,947,0,1395,3,1500,11526125,1688,1]
02-17 07:21:41.721 I/sysui_multi_action( 1524): [757,804,799,note_freshness,801,11526332,802,1]
02-17 07:21:41.721 I/notification_visibility( 1524): [-1|android|26|null|1000,1,11526332,11526332,0,0]
02-17 07:21:41.721 I/sysui_multi_action( 1524): [757,128,758,1,793,11554564,794,0,795,3749612,796,17303299,797,com.android.wifi,798,1,806,android,857,NETWORK_AVAILABLE,858,2,947,0,1395,3,1500,3749410,1688,1]
02-17 07:21:41.721 I/sysui_multi_action( 1524): [757,1501,758,1,793,11554564,794,0,795,3749612,796,17303299,797,com.android.wifi,806,android,857,NETWORK_AVAILABLE,858,2,947,0,1500,0,1688,1]
02-17 07:21:41.722 I/sysui_multi_action( 1524): [757,804,799,note_interruptive,801,0,802,1]
02-17 07:21:41.722 I/sysui_multi_action( 1524): [757,804,799,note_freshness,801,3749612,802,1]
02-17 07:21:41.722 I/notification_visibility( 1524): [0|android|17303299|com.android.wifi|1000,1,11554564,3749612,0,1]
02-17 07:21:41.722 I/sysui_multi_action( 1524): [757,128,758,1,793,12728267,794,0,795,12728267,796,32,798,2,806,android,857,USB,858,1,947,0,1395,3,1500,12727835,1688,1]
02-17 07:21:41.722 I/sysui_multi_action( 1524): [757,804,799,note_freshness,801,12728267,802,1]
02-17 07:21:41.722 I/notification_visibility( 1524): [-1|android|32|null|1000,1,12728267,12728267,0,2]
02-17 07:21:41.730 I/input_focus( 1524): [Focus leaving 321be4b com.android.launcher3/com.android.launcher3.uioverrides.QuickstepLauncher (server),reason=setFocusedWindow]
02-17 07:21:41.731 I/input_focus( 1524): [Focus entering febc086 NotificationShade (server),reason=setFocusedWindow]
02-17 07:21:41.795 I/sysui_multi_action( 1999): [757,111,758,1]
02-17 07:21:41.795 I/sysui_multi_action( 1999): [757,126,758,1,759,126,927,0,928,1,1593,1]
02-17 07:21:41.796 I/sysui_multi_action( 1999): [757,113,758,1,759,113,927,1,928,1,1593,1]
02-17 07:21:41.796 I/sysui_multi_action( 1999): [757,0,758,1,759,0,927,2,928,0,1593,1]
02-17 07:21:41.796 I/sysui_multi_action( 1999): [757,0,758,1,759,0,927,3,928,0,1593,1]
02-17 07:21:41.796 I/sysui_multi_action( 1999): [757,491,758,1,759,491,927,4,928,0,1311,-1,1593,0]
02-17 07:21:41.796 I/sysui_multi_action( 1999): [757,0,758,1,759,0,927,5,928,0,1593,0]
02-17 07:21:41.796 I/sysui_multi_action( 1999): [757,111,758,1]
02-17 07:21:41.797 I/sysui_multi_action( 1999): [757,126,758,1,759,126,927,0,928,1,1593,1]
02-17 07:21:41.797 I/sysui_multi_action( 1999): [757,113,758,1,759,113,927,1,928,1,1593,1]
02-17 07:21:41.797 I/sysui_multi_action( 1999): [757,0,758,1,759,0,927,2,928,0,1593,1]
02-17 07:21:41.797 I/sysui_multi_action( 1999): [757,0,758,1,759,0,927,3,928,0,1593,1]
02-17 07:21:41.935 I/auditd ( 0): type=1400 audit(0.0:13908): avc: denied { kill } for comm="swapper/3" capability=5 scontext=u:r:kernel:s0 tcontext=u:r:kernel:s0 tclass=capability permissive=0
02-17 07:21:42.939 I/auditd ( 0): type=1400 audit(0.0:13909): avc: denied { kill } for comm="swapper/3" capability=5 scontext=u:r:kernel:s0 tcontext=u:r:kernel:s0 tclass=capability permissive=0
02-17 07:21:43.939 I/auditd ( 0): type=1400 audit(0.0:13910): avc: denied { kill } for comm="swapper/3" capability=5 scontext=u:r:kernel:s0 tcontext=u:r:kernel:s0 tclass=capability permissive=0
02-17 07:21:44.939 I/auditd ( 0): type=1400 audit(0.0:13911): avc: denied { kill } for comm="swapper/3" capability=5 scontext=u:r:kernel:s0 tcontext=u:r:kernel:s0 tclass=capability permissive=0
02-17 07:21:45.939 I/auditd ( 0): type=1400 audit(0.0:13912): avc: denied { kill } for comm="swapper/3" capability=5 scontext=u:r:kernel:s0 tcontext=u:r:kernel:s0 tclass=capability permissive=0
02-17 07:21:46.939 I/auditd ( 0): type=1400 audit(0.0:13913): avc: denied { kill } for comm="swapper/3" capability=5 scontext=u:r:kernel:s0 tcontext=u:r:kernel:s0 tclass=capability permissive=0
02-17 07:21:47.939 I/auditd ( 0): type=1400 audit(0.0:13914): avc: denied { kill } for comm="swapper/3" capability=5 scontext=u:r:kernel:s0 tcontext=u:r:kernel:s0 tclass=capability permissive=0
02-17 07:21:48.939 I/auditd ( 0): type=1400 audit(0.0:13915): avc: denied { kill } for comm="swapper/3" capability=5 scontext=u:r:kernel:s0 tcontext=u:r:kernel:s0 tclass=capability permissive=0
02-17 07:21:49.939 I/auditd ( 0): type=1400 audit(0.0:13916): avc: denied { kill } for comm="swapper/3" capability=5 scontext=u:r:kernel:s0 tcontext=u:r:kernel:s0 tclass=capability permissive=0
02-17 07:21:50.935 I/auditd ( 0): type=1400 audit(0.0:13917): avc: denied { kill } for comm="swapper/3" capability=5 scontext=u:r:kernel:s0 tcontext=u:r:kernel:s0 tclass=capability permissive=0
02-17 07:21:51.939 I/auditd ( 0): type=1400 audit(0.0:13918): avc: denied { kill } for comm="swapper/3" capability=5 scontext=u:r:kernel:s0 tcontext=u:r:kernel:s0 tclass=capability permissive=0
02-17 07:21:52.939 I/auditd ( 0): type=1400 audit(0.0:13919): avc: denied { kill } for comm="swapper/3" capability=5 scontext=u:r:kernel:s0 tcontext=u:r:kernel:s0 tclass=capability permissive=0
02-17 07:21:53.939 I/auditd ( 0): type=1400 audit(0.0:13920): avc: denied { kill } for comm="swapper/3" capability=5 scontext=u:r:kernel:s0 tcontext=u:r:kernel:s0 tclass=capability permissive=0
