02-17 08:19:51.186 W/View ( 1999): requestLayout() improperly called by com.android.systemui.statusbar.AlphaOptimizedImageView{f2df61c VFED..C.. ......ID 0,0-140,84} during second layout pass: posting in next frame
02-17 08:19:51.220 W/View ( 1999): requestLayout() improperly called by android.widget.FrameLayout{d368225 I.E...... ......ID 0,0-780,179 #2bc} during layout: running second layout pass
02-17 08:19:51.220 W/View ( 1999): requestLayout() improperly called by com.android.systemui.statusbar.AlphaOptimizedImageView{f2df61c VFED..C.. ......ID 0,0-140,84} during layout: running second layout pass
02-17 08:19:51.228 W/View ( 1999): requestLayout() improperly called by android.widget.FrameLayout{d368225 I.E...... ......ID 0,0-780,179 #2bc} during second layout pass: posting in next frame
02-17 08:19:51.228 W/View ( 1999): requestLayout() improperly called by com.android.systemui.statusbar.AlphaOptimizedImageView{f2df61c VFED..C.. ......ID 0,0-140,84} during second layout pass: posting in next frame
02-17 08:19:51.234 W/View ( 1999): requestLayout() improperly called by android.widget.FrameLayout{d368225 I.E...... ......ID 0,0-780,179 #2bc} during layout: running second layout pass
02-17 08:19:51.234 W/View ( 1999): requestLayout() improperly called by com.android.systemui.statusbar.AlphaOptimizedImageView{f2df61c VFED..C.. ......ID 0,0-140,84} during layout: running second layout pass
02-17 08:19:51.250 W/View ( 1999): requestLayout() improperly called by android.widget.FrameLayout{d368225 I.E...... ......ID 0,0-780,179 #2bc} during second layout pass: posting in next frame
02-17 08:19:51.250 W/View ( 1999): requestLayout() improperly called by com.android.systemui.statusbar.AlphaOptimizedImageView{f2df61c VFED..C.. ......ID 0,0-140,84} during second layout pass: posting in next frame
02-17 08:19:51.258 D/RemoteControlService( 2321): startVlanDispatchThread
02-17 08:19:51.268 W/View ( 1999): requestLayout() improperly called by android.widget.FrameLayout{d368225 I.E...... ......ID 0,0-780,179 #2bc} during layout: running second layout pass
02-17 08:19:51.268 W/View ( 1999): requestLayout() improperly called by com.android.systemui.statusbar.AlphaOptimizedImageView{f2df61c VFED..C.. ......ID 0,0-140,84} during layout: running second layout pass
02-17 08:19:51.284 W/View ( 1999): requestLayout() improperly called by android.widget.FrameLayout{d368225 I.E...... ......ID 0,0-780,179 #2bc} during second layout pass: posting in next frame
02-17 08:19:51.284 W/View ( 1999): requestLayout() improperly called by com.android.systemui.statusbar.AlphaOptimizedImageView{f2df61c VFED..C.. ......ID 0,0-140,84} during second layout pass: posting in next frame
02-17 08:19:51.302 W/View ( 1999): requestLayout() improperly called by android.widget.FrameLayout{d368225 I.E...... ......ID 0,0-780,179 #2bc} during layout: running second layout pass
02-17 08:19:51.302 W/View ( 1999): requestLayout() improperly called by com.android.systemui.statusbar.AlphaOptimizedImageView{f2df61c VFED..C.. ......ID 0,0-140,84} during layout: running second layout pass
02-17 08:19:51.625 I/sysui_multi_action( 1524): [757,128,758,2,793,15016236,794,2420,795,15016236,796,26,798,0,806,android,857,DEVELOPER_IMPORTANT,858,4,947,0,1395,4,1500,15016029,1688,1]
02-17 08:19:51.625 I/notification_visibility( 1524): [-1|android|26|null|1000,0,15016236,15016236,0,0]
02-17 08:19:51.626 I/sysui_multi_action( 1524): [757,128,758,2,793,15044469,794,2420,795,1919437,796,17303299,797,com.android.wifi,798,2,806,android,857,NETWORK_AVAILABLE,858,2,947,0,1395,4,1500,2420,1688,1]
02-17 08:19:51.626 I/notification_visibility( 1524): [0|android|17303299|com.android.wifi|1000,0,15044469,1919437,0,2]
02-17 08:19:51.626 I/sysui_multi_action( 1524): [757,128,758,2,793,249160,794,2420,795,249160,796,4273,798,1,806,com.android.systemui,857,screen_record,858,3,947,0,1395,4,1500,248956,1688,1,1745,680407814]
02-17 08:19:51.626 I/notification_visibility( 1524): [0|com.android.systemui|4273|null|10080,0,249160,249160,0,1]
02-17 08:19:51.627 I/sysui_multi_action( 1524): [757,128,758,2,793,16218172,794,2420,795,16218172,796,32,798,3,806,android,857,USB,858,1,947,0,1395,4,1500,16217740,1688,1]
02-17 08:19:51.627 I/notification_visibility( 1524): [-1|android|32|null|1000,0,16218172,16218172,0,3]
02-17 08:19:51.728 I/mpu_uart( 648): [MSG-P:RECV]:No message received in 1000 ms
02-17 08:19:51.935 I/auditd ( 0): type=1400 audit(0.0:17369): avc: denied { kill } for comm="swapper/0" capability=5 scontext=u:r:kernel:s0 tcontext=u:r:kernel:s0 tclass=capability permissive=0
02-17 08:19:51.935 W/swapper/0( 0): type=1400 audit(0.0:17369): avc: denied { kill } for capability=5 scontext=u:r:kernel:s0 tcontext=u:r:kernel:s0 tclass=capability permissive=0
02-17 08:19:52.443 I/mpu_uart( 648): [MSG-P:R]:recv sync frame timeout
02-17 08:19:52.728 I/mpu_uart( 648): [MSG-P:RECV]:No message received in 1000 ms
02-17 08:19:52.768 W/View ( 1999): requestLayout() improperly called by android.widget.FrameLayout{d368225 I.E...... ......ID 0,0-780,179 #2bc} during second layout pass: posting in next frame
02-17 08:19:52.768 W/View ( 1999): requestLayout() improperly called by com.android.systemui.statusbar.AlphaOptimizedImageView{f2df61c VFED..C.. ......ID 0,0-140,84} during second layout pass: posting in next frame
02-17 08:19:52.790 W/View ( 1999): requestLayout() improperly called by android.widget.FrameLayout{d368225 I.E...... ......ID 0,0-780,179 #2bc} during layout: running second layout pass
02-17 08:19:52.790 W/View ( 1999): requestLayout() improperly called by com.android.systemui.statusbar.AlphaOptimizedImageView{f2df61c VFED..C.. ......ID 0,0-140,84} during layout: running second layout pass
02-17 08:19:52.799 I/OpenGLRenderer( 1999): Davey! duration=9223355806339ms; Flags=0, FrameTimelineVsyncId=248469, IntendedVsync=16230515075729, Vsync=16230515075729, InputEventId=0, HandleInputStart=16230515687921, AnimationStart=16230515692140, PerformTraversalsStart=16230515696255, DrawStart=16230515830161, FrameDeadline=16230531742395, FrameInterval=16230515677400, FrameStartTime=16666666, SyncQueued=16230516772713, SyncStart=16230516921255, IssueDrawCommandsStart=16230517878130, SwapBuffers=16230523112557, FrameCompleted=9223372036854775807, DequeueBufferDuration=55573, QueueBufferDuration=1495625, GpuCompleted=9223372036854775807, SwapBuffersCompleted=16230525307765, DisplayPresentTime=0,
02-17 08:19:52.807 W/View ( 1999): requestLayout() improperly called by android.widget.FrameLayout{d368225 I.E...... ......ID 0,0-780,179 #2bc} during second layout pass: posting in next frame
02-17 08:19:52.807 W/View ( 1999): requestLayout() improperly called by com.android.systemui.statusbar.AlphaOptimizedImageView{f2df61c VFED..C.. ......ID 0,0-140,84} during second layout pass: posting in next frame
02-17 08:19:52.816 I/OpenGLRenderer( 1999): Davey! duration=9223355806322ms; Flags=0, FrameTimelineVsyncId=248470, IntendedVsync=16230531742395, Vsync=16230531742395, InputEventId=0, HandleInputStart=16230532519484, AnimationStart=16230532526515, PerformTraversalsStart=16230532535942, DrawStart=16230542954744, FrameDeadline=16230565075727, FrameInterval=16230532504588, FrameStartTime=16666666, SyncQueued=16230543828338, SyncStart=16230543907609, IssueDrawCommandsStart=16230544867296, SwapBuffers=16230549165838, FrameCompleted=9223372036854775807, DequeueBufferDuration=35417, QueueBufferDuration=2321354, GpuCompleted=9223372036854775807, SwapBuffersCompleted=16230552457661, DisplayPresentTime=0,
02-17 08:19:52.821 W/View ( 1999): requestLayout() improperly called by android.widget.FrameLayout{d368225 I.E...... ......ID 0,0-780,179 #2bc} during layout: running second layout pass
02-17 08:19:52.821 W/View ( 1999): requestLayout() improperly called by com.android.systemui.statusbar.AlphaOptimizedImageView{f2df61c VFED..C.. ......ID 0,0-140,84} during layout: running second layout pass
02-17 08:19:52.837 W/View ( 1999): requestLayout() improperly called by android.widget.FrameLayout{d368225 I.E...... ......ID 0,0-780,179 #2bc} during second layout pass: posting in next frame
02-17 08:19:52.837 W/View ( 1999): requestLayout() improperly called by com.android.systemui.statusbar.AlphaOptimizedImageView{f2df61c VFED..C.. ......ID 0,0-140,84} during second layout pass: posting in next frame
02-17 08:19:52.856 W/View ( 1999): requestLayout() improperly called by android.widget.FrameLayout{d368225 I.E...... ......ID 0,0-780,179 #2bc} during layout: running second layout pass
02-17 08:19:52.857 W/View ( 1999): requestLayout() improperly called by com.android.systemui.statusbar.AlphaOptimizedImageView{f2df61c VFED..C.. ......ID 0,0-140,84} during layout: running second layout pass
02-17 08:19:52.871 W/View ( 1999): requestLayout() improperly called by android.widget.FrameLayout{d368225 I.E...... ......ID 0,0-780,179 #2bc} during second layout pass: posting in next frame
02-17 08:19:52.871 W/View ( 1999): requestLayout() improperly called by com.android.systemui.statusbar.AlphaOptimizedImageView{f2df61c VFED..C.. ......ID 0,0-140,84} during second layout pass: posting in next frame
02-17 08:19:52.880 I/OpenGLRenderer( 1999): Davey! duration=9223355806252ms; Flags=0, FrameTimelineVsyncId=248480, IntendedVsync=16230602205334, Vsync=16230602205334, InputEventId=0, HandleInputStart=16230602933390, AnimationStart=16230602936202, PerformTraversalsStart=16230602938859, DrawStart=16230610001984, FrameDeadline=16230635538666, FrameInterval=16230602927452, FrameStartTime=16666666, SyncQueued=16230610722452, SyncStart=16230610794432, IssueDrawCommandsStart=16230611319119, SwapBuffers=16230615147765, FrameCompleted=9223372036854775807, DequeueBufferDuration=30208, QueueBufferDuration=1633958, GpuCompleted=9223372036854775807, SwapBuffersCompleted=16230617504171, DisplayPresentTime=0,
02-17 08:19:52.889 W/View ( 1999): requestLayout() improperly called by android.widget.FrameLayout{d368225 I.E...... ......ID 0,0-780,179 #2bc} during layout: running second layout pass
02-17 08:19:52.889 W/View ( 1999): requestLayout() improperly called by com.android.systemui.statusbar.AlphaOptimizedImageView{f2df61c VFED..C.. ......ID 0,0-140,84} during layout: running second layout pass
02-17 08:19:52.904 W/View ( 1999): requestLayout() improperly called by android.widget.FrameLayout{d368225 I.E...... ......ID 0,0-780,179 #2bc} during second layout pass: posting in next frame
02-17 08:19:52.904 W/View ( 1999): requestLayout() improperly called by com.android.systemui.statusbar.AlphaOptimizedImageView{f2df61c VFED..C.. ......ID 0,0-140,84} during second layout pass: posting in next frame
02-17 08:19:52.923 W/View ( 1999): requestLayout() improperly called by android.widget.FrameLayout{d368225 I.E...... ......ID 0,0-780,179 #2bc} during layout: running second layout pass
02-17 08:19:52.923 W/View ( 1999): requestLayout() improperly called by com.android.systemui.statusbar.AlphaOptimizedImageView{f2df61c VFED..C.. ......ID 0,0-140,84} during layout: running second layout pass
02-17 08:19:52.938 W/View ( 1999): requestLayout() improperly called by android.widget.FrameLayout{d368225 I.E...... ......ID 0,0-780,179 #2bc} during second layout pass: posting in next frame
02-17 08:19:52.938 W/View ( 1999): requestLayout() improperly called by com.android.systemui.statusbar.AlphaOptimizedImageView{f2df61c VFED..C.. ......ID 0,0-140,84} during second layout pass: posting in next frame
02-17 08:19:52.947 I/OpenGLRenderer( 1999): Davey! duration=9223355806185ms; Flags=0, FrameTimelineVsyncId=248488, IntendedVsync=16230669015624, Vsync=16230669015624, InputEventId=0, HandleInputStart=16230669606567, AnimationStart=16230669609692, PerformTraversalsStart=16230669612557, DrawStart=16230676392036, FrameDeadline=16230702348956, FrameInterval=16230669599900, FrameStartTime=16666666, SyncQueued=16230677224900, SyncStart=16230677309900, IssueDrawCommandsStart=16230677872452, SwapBuffers=16230681865734, FrameCompleted=9223372036854775807, DequeueBufferDuration=31875, QueueBufferDuration=1264739, GpuCompleted=9223372036854775807, SwapBuffersCompleted=16230683821411, DisplayPresentTime=0,
02-17 08:19:52.956 W/View ( 1999): requestLayout() improperly called by android.widget.FrameLayout{d368225 I.E...... ......ID 0,0-780,179 #2bc} during layout: running second layout pass
02-17 08:19:52.957 W/View ( 1999): requestLayout() improperly called by com.android.systemui.statusbar.AlphaOptimizedImageView{f2df61c VFED..C.. ......ID 0,0-140,84} during layout: running second layout pass
02-17 08:19:52.971 W/View ( 1999): requestLayout() improperly called by android.widget.FrameLayout{d368225 I.E...... ......ID 0,0-780,179 #2bc} during second layout pass: posting in next frame
02-17 08:19:52.972 W/View ( 1999): requestLayout() improperly called by com.android.systemui.statusbar.AlphaOptimizedImageView{f2df61c VFED..C.. ......ID 0,0-140,84} during second layout pass: posting in next frame
02-17 08:19:52.990 W/View ( 1999): requestLayout() improperly called by android.widget.FrameLayout{d368225 I.E...... ......ID 0,0-780,179 #2bc} during layout: running second layout pass
02-17 08:19:52.990 W/View ( 1999): requestLayout() improperly called by com.android.systemui.statusbar.AlphaOptimizedImageView{f2df61c VFED..C.. ......ID 0,0-140,84} during layout: running second layout pass
02-17 08:19:53.004 W/View ( 1999): requestLayout() improperly called by android.widget.FrameLayout{d368225 I.E...... ......ID 0,0-780,179 #2bc} during second layout pass: posting in next frame
02-17 08:19:53.004 W/View ( 1999): requestLayout() improperly called by com.android.systemui.statusbar.AlphaOptimizedImageView{f2df61c VFED..C.. ......ID 0,0-140,84} during second layout pass: posting in next frame
02-17 08:19:53.023 W/View ( 1999): requestLayout() improperly called by android.widget.FrameLayout{d368225 I.E...... ......ID 0,0-780,179 #2bc} during layout: running second layout pass
02-17 08:19:53.023 W/View ( 1999): requestLayout() improperly called by com.android.systemui.statusbar.AlphaOptimizedImageView{f2df61c VFED..C.. ......ID 0,0-140,84} during layout: running second layout pass
02-17 08:19:53.075 W/View ( 1999): requestLayout() improperly called by android.widget.FrameLayout{d368225 I.E...... ......ID 0,0-780,179 #2bc} during second layout pass: posting in next frame
02-17 08:19:53.075 W/View ( 1999): requestLayout() improperly called by com.android.systemui.statusbar.AlphaOptimizedImageView{f2df61c VFED..C.. ......ID 0,0-140,84} during second layout pass: posting in next frame
02-17 08:19:53.089 W/View ( 1999): requestLayout() improperly called by android.widget.FrameLayout{d368225 I.E...... ......ID 0,0-780,179 #2bc} during layout: running second layout pass
02-17 08:19:53.090 W/View ( 1999): requestLayout() improperly called by com.android.systemui.statusbar.AlphaOptimizedImageView{f2df61c VFED..C.. ......ID 0,0-140,84} during layout: running second layout pass
02-17 08:19:53.104 W/View ( 1999): requestLayout() improperly called by android.widget.FrameLayout{d368225 I.E...... ......ID 0,0-780,179 #2bc} during second layout pass: posting in next frame
02-17 08:19:53.104 W/View ( 1999): requestLayout() improperly called by com.android.systemui.statusbar.AlphaOptimizedImageView{f2df61c VFED..C.. ......ID 0,0-140,84} during second layout pass: posting in next frame
02-17 08:19:53.123 W/View ( 1999): requestLayout() improperly called by android.widget.FrameLayout{d368225 I.E...... ......ID 0,0-780,179 #2bc} during layout: running second layout pass
02-17 08:19:53.124 W/View ( 1999): requestLayout() improperly called by com.android.systemui.statusbar.AlphaOptimizedImageView{f2df61c VFED..C.. ......ID 0,0-140,84} during layout: running second layout pass
02-17 08:19:53.139 W/View ( 1999): requestLayout() improperly called by android.widget.FrameLayout{d368225 I.E...... ......ID 0,0-780,179 #2bc} during second layout pass: posting in next frame
02-17 08:19:53.139 W/View ( 1999): requestLayout() improperly called by com.android.systemui.statusbar.AlphaOptimizedImageView{f2df61c VFED..C.. ......ID 0,0-140,84} during second layout pass: posting in next frame
02-17 08:19:53.150 I/OpenGLRenderer( 1999): Davey! duration=9223355805985ms; Flags=2, FrameTimelineVsyncId=248510, IntendedVsync=16230869477534, Vsync=16230869477534, InputEventId=0, HandleInputStart=16230869477534, AnimationStart=16230869477534, PerformTraversalsStart=16230869477534, DrawStart=16230869477534, FrameDeadline=16230902810866, FrameInterval=0, FrameStartTime=16666666, SyncQueued=16230873843129, SyncStart=16230873845369, IssueDrawCommandsStart=16230874377504, SwapBuffers=16230878907088, FrameCompleted=9223372036854775807, DequeueBufferDuration=35937, QueueBufferDuration=2268438, GpuCompleted=9223372036854775807, SwapBuffersCompleted=16230882134796, DisplayPresentTime=0,
02-17 08:19:53.157 W/View ( 1999): requestLayout() improperly called by android.widget.FrameLayout{d368225 I.E...... ......ID 0,0-780,179 #2bc} during layout: running second layout pass
02-17 08:19:53.157 W/View ( 1999): requestLayout() improperly called by com.android.systemui.statusbar.AlphaOptimizedImageView{f2df61c VFED..C.. ......ID 0,0-140,84} during layout: running second layout pass
02-17 08:19:53.171 W/View ( 1999): requestLayout() improperly called by android.widget.FrameLayout{d368225 I.E...... ......ID 0,0-780,179 #2bc} during second layout pass: posting in next frame
02-17 08:19:53.171 W/View ( 1999): requestLayout() improperly called by com.android.systemui.statusbar.AlphaOptimizedImageView{f2df61c VFED..C.. ......ID 0,0-140,84} during second layout pass: posting in next frame
02-17 08:19:53.191 W/View ( 1999): requestLayout() improperly called by android.widget.FrameLayout{d368225 I.E...... ......ID 0,0-780,179 #2bc} during layout: running second layout pass
02-17 08:19:53.191 W/View ( 1999): requestLayout() improperly called by com.android.systemui.statusbar.AlphaOptimizedImageView{f2df61c VFED..C.. ......ID 0,0-140,84} during layout: running second layout pass
02-17 08:19:53.205 W/View ( 1999): requestLayout() improperly called by android.widget.FrameLayout{d368225 I.E...... ......ID 0,0-780,179 #2bc} during second layout pass: posting in next frame
02-17 08:19:53.205 W/View ( 1999): requestLayout() improperly called by com.android.systemui.statusbar.AlphaOptimizedImageView{f2df61c VFED..C.. ......ID 0,0-140,84} during second layout pass: posting in next frame
02-17 08:19:53.224 W/View ( 1999): requestLayout() improperly called by android.widget.FrameLayout{d368225 I.E...... ......ID 0,0-780,179 #2bc} during layout: running second layout pass
02-17 08:19:53.224 W/View ( 1999): requestLayout() improperly called by com.android.systemui.statusbar.AlphaOptimizedImageView{f2df61c VFED..C.. ......ID 0,0-140,84} during layout: running second layout pass
02-17 08:19:53.238 W/View ( 1999): requestLayout() improperly called by android.widget.FrameLayout{d368225 I.E...... ......ID 0,0-780,179 #2bc} during second layout pass: posting in next frame
02-17 08:19:53.238 W/View ( 1999): requestLayout() improperly called by com.android.systemui.statusbar.AlphaOptimizedImageView{f2df61c VFED..C.. ......ID 0,0-140,84} during second layout pass: posting in next frame
02-17 08:19:53.257 W/View ( 1999): requestLayout() improperly called by android.widget.FrameLayout{d368225 I.E...... ......ID 0,0-780,179 #2bc} during layout: running second layout pass
02-17 08:19:53.258 W/View ( 1999): requestLayout() improperly called by com.android.systemui.statusbar.AlphaOptimizedImageView{f2df61c VFED..C.. ......ID 0,0-140,84} during layout: running second layout pass
02-17 08:19:53.539 W/View ( 1999): requestLayout() improperly called by android.widget.FrameLayout{d368225 I.E...... ......ID 0,0-780,179 #2bc} during second layout pass: posting in next frame
02-17 08:19:53.540 W/View ( 1999): requestLayout() improperly called by com.android.systemui.statusbar.AlphaOptimizedImageView{f2df61c VFED..C.. ......ID 0,0-140,84} during second layout pass: posting in next frame
02-17 08:19:53.559 W/View ( 1999): requestLayout() improperly called by android.widget.FrameLayout{d368225 I.E...... ......ID 0,0-780,179 #2bc} during layout: running second layout pass
02-17 08:19:53.559 W/View ( 1999): requestLayout() improperly called by com.android.systemui.statusbar.AlphaOptimizedImageView{f2df61c VFED..C.. ......ID 0,0-140,84} during layout: running second layout pass
02-17 08:19:53.599 I/OpenGLRenderer( 1999): Davey! duration=9223355805534ms; Flags=2, FrameTimelineVsyncId=248564, IntendedVsync=16231320546457, Vsync=16231320546457, InputEventId=0, HandleInputStart=16231320546457, AnimationStart=16231320546457, PerformTraversalsStart=16231320546457, DrawStart=16231320546457, FrameDeadline=16231353879789, FrameInterval=0, FrameStartTime=16666666, SyncQueued=16231324832660, SyncStart=16231324834275, IssueDrawCommandsStart=16231325131879, SwapBuffers=16231329756515, FrameCompleted=9223372036854775807, DequeueBufferDuration=34427, QueueBufferDuration=1434271, GpuCompleted=9223372036854775807, SwapBuffersCompleted=16231331925838, DisplayPresentTime=0,
02-17 08:19:53.626 I/OpenGLRenderer( 1999): Davey! duration=9223355805500ms; Flags=2, FrameTimelineVsyncId=248568, IntendedVsync=16231353995025, Vsync=16231353995025, InputEventId=0, HandleInputStart=16231353995025, AnimationStart=16231353995025, PerformTraversalsStart=16231353995025, DrawStart=16231353995025, FrameDeadline=16231387328357, FrameInterval=0, FrameStartTime=16666666, SyncQueued=16231358265160, SyncStart=16231358266567, IssueDrawCommandsStart=16231358537452, SwapBuffers=16231362456567, FrameCompleted=9223372036854775807, DequeueBufferDuration=29062, QueueBufferDuration=1538958, GpuCompleted=9223372036854775807, SwapBuffersCompleted=16231364699327, DisplayPresentTime=0,
02-17 08:19:53.728 I/mpu_uart( 648): [MSG-P:RECV]:No message received in 1000 ms
02-17 08:19:53.923 W/View ( 1999): requestLayout() improperly called by android.widget.FrameLayout{d368225 I.E...... ......ID 0,0-780,179 #2bc} during second layout pass: posting in next frame
02-17 08:19:53.924 W/View ( 1999): requestLayout() improperly called by com.android.systemui.statusbar.AlphaOptimizedImageView{f2df61c VFED..C.. ......ID 0,0-140,84} during second layout pass: posting in next frame
02-17 08:19:53.935 I/auditd ( 0): type=1400 audit(0.0:17370): avc: denied { kill } for comm="swapper/0" capability=5 scontext=u:r:kernel:s0 tcontext=u:r:kernel:s0 tclass=capability permissive=0
02-17 08:19:53.935 W/swapper/0( 0): type=1400 audit(0.0:17370): avc: denied { kill } for capability=5 scontext=u:r:kernel:s0 tcontext=u:r:kernel:s0 tclass=capability permissive=0
02-17 08:19:53.944 W/View ( 1999): requestLayout() improperly called by android.widget.FrameLayout{d368225 I.E...... ......ID 0,0-780,179 #2bc} during layout: running second layout pass
02-17 08:19:53.944 W/View ( 1999): requestLayout() improperly called by com.android.systemui.statusbar.AlphaOptimizedImageView{f2df61c VFED..C.. ......ID 0,0-140,84} during layout: running second layout pass
02-17 08:19:54.428 W/View ( 1999): requestLayout() improperly called by android.widget.FrameLayout{d368225 I.E...... ......ID 0,0-780,179 #2bc} during second layout pass: posting in next frame
02-17 08:19:54.428 W/View ( 1999): requestLayout() improperly called by com.android.systemui.statusbar.AlphaOptimizedImageView{f2df61c VFED..C.. ......ID 0,0-140,84} during second layout pass: posting in next frame
02-17 08:19:54.447 W/View ( 1999): requestLayout() improperly called by android.widget.FrameLayout{d368225 I.E...... ......ID 0,0-780,179 #2bc} during layout: running second layout pass
02-17 08:19:54.447 W/View ( 1999): requestLayout() improperly called by com.android.systemui.statusbar.AlphaOptimizedImageView{f2df61c VFED..C.. ......ID 0,0-140,84} during layout: running second layout pass
02-17 08:19:54.456 I/OpenGLRenderer( 1999): Davey! duration=9223355804682ms; Flags=0, FrameTimelineVsyncId=248617, IntendedVsync=16232172458391, Vsync=16232172458391, InputEventId=297803218, HandleInputStart=16232173002348, AnimationStart=16232173042296, PerformTraversalsStart=16232173044223, DrawStart=16232173147191, FrameDeadline=16232205791723, FrameInterval=16232172998754, FrameStartTime=16666666, SyncQueued=16232176205889, SyncStart=16232176303754, IssueDrawCommandsStart=16232176974535, SwapBuffers=16232181875160, FrameCompleted=9223372036854775807, DequeueBufferDuration=39583, QueueBufferDuration=1077761, GpuCompleted=9223372036854775807, SwapBuffersCompleted=16232183498754, DisplayPresentTime=0,
02-17 08:19:54.461 I/OpenGLRenderer( 1999): Davey! duration=9223355804665ms; Flags=2, FrameTimelineVsyncId=248619, IntendedVsync=16232189161166, Vsync=16232189161166, InputEventId=0, HandleInputStart=16232189161166, AnimationStart=16232189161166, PerformTraversalsStart=16232189161166, DrawStart=16232189161166, FrameDeadline=16232222494498, FrameInterval=0, FrameStartTime=16666666, SyncQueued=16232193416202, SyncStart=16232193420421, IssueDrawCommandsStart=16232193930525, SwapBuffers=16232197756306, FrameCompleted=9223372036854775807, DequeueBufferDuration=109271, QueueBufferDuration=1569063, GpuCompleted=9223372036854775807, SwapBuffersCompleted=16232199898546, DisplayPresentTime=0,
02-17 08:19:54.717 D/vendor.qti.vibrator( 876): Vibrator perform effect 5
02-17 08:19:54.726 W/View ( 1999): requestLayout() improperly called by android.widget.FrameLayout{d368225 I.E...... ......ID 0,0-780,179 #2bc} during second layout pass: posting in next frame
02-17 08:19:54.727 W/View ( 1999): requestLayout() improperly called by com.android.systemui.statusbar.AlphaOptimizedImageView{f2df61c VFED..C.. ......ID 0,0-140,84} during second layout pass: posting in next frame
02-17 08:19:54.729 I/mpu_uart( 648): [MSG-P:RECV]:No message received in 1000 ms
02-17 08:19:54.738 D/vendor.qti.vibrator( 876): Vibrator on for timeoutMs: 21
02-17 08:19:54.739 D/vendor.qti.vibrator( 876): Starting on on another thread
02-17 08:19:54.757 W/View ( 1999): requestLayout() improperly called by android.widget.FrameLayout{d368225 I.E...... ......ID 0,0-780,179 #2bc} during layout: running second layout pass
02-17 08:19:54.758 W/View ( 1999): requestLayout() improperly called by com.android.systemui.statusbar.AlphaOptimizedImageView{f2df61c VFED..C.. ......ID 0,0-140,84} during layout: running second layout pass
02-17 08:19:54.760 D/vendor.qti.vibrator( 876): Notifying on complete
02-17 08:19:54.760 D/vendor.qti.vibrator( 876): QTI Vibrator off
02-17 08:19:54.773 W/View ( 1999): requestLayout() improperly called by android.widget.FrameLayout{d368225 I.E...... ......ID 0,0-780,179 #2bc} during second layout pass: posting in next frame
02-17 08:19:54.773 W/View ( 1999): requestLayout() improperly called by com.android.systemui.statusbar.AlphaOptimizedImageView{f2df61c VFED..C.. ......ID 0,0-140,84} during second layout pass: posting in next frame
02-17 08:19:54.776 W/View ( 1999): requestLayout() improperly called by android.widget.FrameLayout{d368225 I.E...... ......ID 0,0-780,179 #2bc} during layout: running second layout pass
02-17 08:19:54.776 W/View ( 1999): requestLayout() improperly called by com.android.systemui.statusbar.AlphaOptimizedImageView{f2df61c VFED..C.. ......ID 0,0-140,84} during layout: running second layout pass
02-17 08:19:54.792 W/View ( 1999): requestLayout() improperly called by android.widget.FrameLayout{d368225 I.E...... ......ID 0,0-780,179 #2bc} during second layout pass: posting in next frame
02-17 08:19:54.792 W/View ( 1999): requestLayout() improperly called by com.android.systemui.statusbar.AlphaOptimizedImageView{f2df61c VFED..C.. ......ID 0,0-140,84} during second layout pass: posting in next frame
02-17 08:19:54.811 W/View ( 1999): requestLayout() improperly called by android.widget.FrameLayout{d368225 I.E...... ......ID 0,0-780,179 #2bc} during layout: running second layout pass
02-17 08:19:54.811 W/View ( 1999): requestLayout() improperly called by com.android.systemui.statusbar.AlphaOptimizedImageView{f2df61c VFED..C.. ......ID 0,0-140,84} during layout: running second layout pass
02-17 08:19:54.826 W/View ( 1999): requestLayout() improperly called by android.widget.FrameLayout{d368225 I.E...... ......ID 0,0-780,179 #2bc} during second layout pass: posting in next frame
02-17 08:19:54.826 W/View ( 1999): requestLayout() improperly called by com.android.systemui.statusbar.AlphaOptimizedImageView{f2df61c VFED..C.. ......ID 0,0-140,84} during second layout pass: posting in next frame
02-17 08:19:54.844 W/View ( 1999): requestLayout() improperly called by android.widget.FrameLayout{d368225 I.E...... ......ID 0,0-780,179 #2bc} during layout: running second layout pass
02-17 08:19:54.844 W/View ( 1999): requestLayout() improperly called by com.android.systemui.statusbar.AlphaOptimizedImageView{f2df61c VFED..C.. ......ID 0,0-140,84} during layout: running second layout pass
02-17 08:19:54.859 W/View ( 1999): requestLayout() improperly called by android.widget.FrameLayout{d368225 I.E...... ......ID 0,0-780,179 #2bc} during second layout pass: posting in next frame
02-17 08:19:54.859 W/View ( 1999): requestLayout() improperly called by com.android.systemui.statusbar.AlphaOptimizedImageView{f2df61c VFED..C.. ......ID 0,0-140,84} during second layout pass: posting in next frame
02-17 08:19:54.877 W/View ( 1999): requestLayout() improperly called by android.widget.FrameLayout{d368225 I.E...... ......ID 0,0-780,179 #2bc} during layout: running second layout pass
02-17 08:19:54.877 W/View ( 1999): requestLayout() improperly called by com.android.systemui.statusbar.AlphaOptimizedImageView{f2df61c VFED..C.. ......ID 0,0-140,84} during layout: running second layout pass
02-17 08:19:54.892 W/View ( 1999): requestLayout() improperly called by android.widget.FrameLayout{d368225 I.E...... ......ID 0,0-780,179 #2bc} during second layout pass: posting in next frame
02-17 08:19:54.892 W/View ( 1999): requestLayout() improperly called by com.android.systemui.statusbar.AlphaOptimizedImageView{f2df61c VFED..C.. ......ID 0,0-140,84} during second layout pass: posting in next frame
02-17 08:19:54.911 W/View ( 1999): requestLayout() improperly called by android.widget.FrameLayout{d368225 I.E...... ......ID 0,0-780,179 #2bc} during layout: running second layout pass
02-17 08:19:54.911 W/View ( 1999): requestLayout() improperly called by com.android.systemui.statusbar.AlphaOptimizedImageView{f2df61c VFED..C.. ......ID 0,0-140,84} during layout: running second layout pass
02-17 08:19:54.930 W/View ( 1999): requestLayout() improperly called by android.widget.FrameLayout{d368225 I.E...... ......ID 0,0-780,179 #2bc} during second layout pass: posting in next frame
02-17 08:19:54.930 W/View ( 1999): requestLayout() improperly called by com.android.systemui.statusbar.AlphaOptimizedImageView{f2df61c VFED..C.. ......ID 0,0-140,84} during second layout pass: posting in next frame
02-17 08:19:54.935 I/auditd ( 0): type=1400 audit(0.0:17371): avc: denied { kill } for comm="swapper/0" capability=5 scontext=u:r:kernel:s0 tcontext=u:r:kernel:s0 tclass=capability permissive=0
02-17 08:19:54.935 W/swapper/0( 0): type=1400 audit(0.0:17371): avc: denied { kill } for capability=5 scontext=u:r:kernel:s0 tcontext=u:r:kernel:s0 tclass=capability permissive=0
02-17 08:19:54.944 W/View ( 1999): requestLayout() improperly called by android.widget.FrameLayout{d368225 I.E...... ......ID 0,0-780,179 #2bc} during layout: running second layout pass
02-17 08:19:54.944 W/View ( 1999): requestLayout() improperly called by com.android.systemui.statusbar.AlphaOptimizedImageView{f2df61c VFED..C.. ......ID 0,0-140,84} during layout: running second layout pass
02-17 08:19:54.959 W/View ( 1999): requestLayout() improperly called by android.widget.FrameLayout{d368225 I.E...... ......ID 0,0-780,179 #2bc} during second layout pass: posting in next frame
02-17 08:19:54.959 W/View ( 1999): requestLayout() improperly called by com.android.systemui.statusbar.AlphaOptimizedImageView{f2df61c VFED..C.. ......ID 0,0-140,84} during second layout pass: posting in next frame
02-17 08:19:54.978 W/View ( 1999): requestLayout() improperly called by android.widget.FrameLayout{d368225 I.E...... ......ID 0,0-780,179 #2bc} during layout: running second layout pass
02-17 08:19:54.978 W/View ( 1999): requestLayout() improperly called by com.android.systemui.statusbar.AlphaOptimizedImageView{f2df61c VFED..C.. ......ID 0,0-140,84} during layout: running second layout pass
02-17 08:19:54.993 W/View ( 1999): requestLayout() improperly called by android.widget.FrameLayout{d368225 I.E...... ......ID 0,0-780,179 #2bc} during second layout pass: posting in next frame
02-17 08:19:54.993 W/View ( 1999): requestLayout() improperly called by com.android.systemui.statusbar.AlphaOptimizedImageView{f2df61c VFED..C.. ......ID 0,0-140,84} during second layout pass: posting in next frame
02-17 08:19:55.002 I/OpenGLRenderer( 1999): Davey! duration=9223355804130ms; Flags=0, FrameTimelineVsyncId=248683, IntendedVsync=16232723953774, Vsync=16232723953774, InputEventId=0, HandleInputStart=16232724480525, AnimationStart=16232724483129, PerformTraversalsStart=16232724678806, DrawStart=16232730517972, FrameDeadline=16232757287106, FrameInterval=16232724475056, FrameStartTime=16666666, SyncQueued=16232731181514, SyncStart=16232731274639, IssueDrawCommandsStart=16232731799535, SwapBuffers=16232735646618, FrameCompleted=9223372036854775807, DequeueBufferDuration=29375, QueueBufferDuration=1355469, GpuCompleted=9223372036854775807, SwapBuffersCompleted=16232737816045, DisplayPresentTime=0,
02-17 08:19:55.012 W/View ( 1999): requestLayout() improperly called by android.widget.FrameLayout{d368225 I.E...... ......ID 0,0-780,179 #2bc} during layout: running second layout pass
02-17 08:19:55.012 W/View ( 1999): requestLayout() improperly called by com.android.systemui.statusbar.AlphaOptimizedImageView{f2df61c VFED..C.. ......ID 0,0-140,84} during layout: running second layout pass
02-17 08:19:55.027 W/View ( 1999): requestLayout() improperly called by android.widget.FrameLayout{d368225 I.E...... ......ID 0,0-780,179 #2bc} during second layout pass: posting in next frame
02-17 08:19:55.027 W/View ( 1999): requestLayout() improperly called by com.android.systemui.statusbar.AlphaOptimizedImageView{f2df61c VFED..C.. ......ID 0,0-140,84} during second layout pass: posting in next frame
02-17 08:19:55.035 I/OpenGLRenderer( 1999): Davey! duration=9223355804097ms; Flags=0, FrameTimelineVsyncId=248687, IntendedVsync=16232757340135, Vsync=16232757340135, InputEventId=0, HandleInputStart=16232757930004, AnimationStart=16232757932764, PerformTraversalsStart=16232758164535, DrawStart=16232765330108, FrameDeadline=16232790673467, FrameInterval=16232757923858, FrameStartTime=16666666, SyncQueued=16232766011202, SyncStart=16232766186931, IssueDrawCommandsStart=16232766957347, SwapBuffers=16232770732243, FrameCompleted=9223372036854775807, DequeueBufferDuration=84635, QueueBufferDuration=1508958, GpuCompleted=9223372036854775807, SwapBuffersCompleted=16232773093077, DisplayPresentTime=0,
02-17 08:19:55.045 W/View ( 1999): requestLayout() improperly called by android.widget.FrameLayout{d368225 I.E...... ......ID 0,0-780,179 #2bc} during layout: running second layout pass
02-17 08:19:55.045 W/View ( 1999): requestLayout() improperly called by com.android.systemui.statusbar.AlphaOptimizedImageView{f2df61c VFED..C.. ......ID 0,0-140,84} during layout: running second layout pass
02-17 08:19:55.069 I/OpenGLRenderer( 1999): Davey! duration=9223355804063ms; Flags=0, FrameTimelineVsyncId=248691, IntendedVsync=16232790750344, Vsync=16232790750344, InputEventId=0, HandleInputStart=16232791426045, AnimationStart=16232791428806, PerformTraversalsStart=16232791431931, DrawStart=16232798523702, FrameDeadline=16232824083676, FrameInterval=16232791420368, FrameStartTime=16666666, SyncQueued=16232798804327, SyncStart=16232798921566, IssueDrawCommandsStart=16232799450577, SwapBuffers=16232804104795, FrameCompleted=9223372036854775807, DequeueBufferDuration=34010, QueueBufferDuration=1370469, GpuCompleted=9223372036854775807, SwapBuffersCompleted=16232806246150, DisplayPresentTime=0,
02-17 08:19:55.094 W/View ( 1999): requestLayout() improperly called by android.widget.FrameLayout{d368225 I.E...... ......ID 0,0-780,179 #2bc} during second layout pass: posting in next frame
02-17 08:19:55.094 W/View ( 1999): requestLayout() improperly called by com.android.systemui.statusbar.AlphaOptimizedImageView{f2df61c VFED..C.. ......ID 0,0-140,84} during second layout pass: posting in next frame
02-17 08:19:55.111 W/View ( 1999): requestLayout() improperly called by android.widget.FrameLayout{d368225 I.E...... ......ID 0,0-780,179 #2bc} during layout: running second layout pass
02-17 08:19:55.111 W/View ( 1999): requestLayout() improperly called by com.android.systemui.statusbar.AlphaOptimizedImageView{f2df61c VFED..C.. ......ID 0,0-140,84} during layout: running second layout pass
02-17 08:19:55.168 W/View ( 1999): requestLayout() improperly called by android.widget.FrameLayout{d368225 I.E...... ......ID 0,0-780,179 #2bc} during second layout pass: posting in next frame
02-17 08:19:55.168 W/View ( 1999): requestLayout() improperly called by com.android.systemui.statusbar.AlphaOptimizedImageView{f2df61c VFED..C.. ......ID 0,0-140,84} during second layout pass: posting in next frame
02-17 08:19:55.171 W/View ( 1999): requestLayout() improperly called by android.widget.FrameLayout{d368225 I.E...... ......ID 0,0-780,179 #2bc} during layout: running second layout pass
02-17 08:19:55.171 W/View ( 1999): requestLayout() improperly called by com.android.systemui.statusbar.AlphaOptimizedImageView{f2df61c VFED..C.. ......ID 0,0-140,84} during layout: running second layout pass
01-01 12:30:35.325 E/DTC_ETH,link_delay_work_func( 0): 3003, SQI=0, link=0
02-17 08:19:55.185 W/View ( 1999): requestLayout() improperly called by android.widget.FrameLayout{d368225 I.E...... ......ID 0,0-780,179 #2bc} during second layout pass: posting in next frame
02-17 08:19:55.185 W/View ( 1999): requestLayout() improperly called by com.android.systemui.statusbar.AlphaOptimizedImageView{f2df61c VFED..C.. ......ID 0,0-140,84} during second layout pass: posting in next frame
02-17 08:19:55.194 W/View ( 1999): requestLayout() improperly called by android.widget.FrameLayout{d368225 I.E...... ......ID 0,0-780,179 #2bc} during layout: running second layout pass
02-17 08:19:55.194 W/View ( 1999): requestLayout() improperly called by com.android.systemui.statusbar.AlphaOptimizedImageView{f2df61c VFED..C.. ......ID 0,0-140,84} during layout: running second layout pass
02-17 08:19:55.225 W/View ( 1999): requestLayout() improperly called by android.widget.FrameLayout{d368225 I.E...... ......ID 0,0-780,179 #2bc} during second layout pass: posting in next frame
02-17 08:19:55.225 W/View ( 1999): requestLayout() improperly called by com.android.systemui.statusbar.AlphaOptimizedImageView{f2df61c VFED..C.. ......ID 0,0-140,84} during second layout pass: posting in next frame
02-17 08:19:55.231 W/View ( 1999): requestLayout() improperly called by android.widget.FrameLayout{d368225 I.E...... ......ID 0,0-780,179 #2bc} during layout: running second layout pass
02-17 08:19:55.231 W/View ( 1999): requestLayout() improperly called by com.android.systemui.statusbar.AlphaOptimizedImageView{f2df61c VFED..C.. ......ID 0,0-140,84} during layout: running second layout pass
02-17 08:19:55.254 W/View ( 1999): requestLayout() improperly called by android.widget.FrameLayout{d368225 I.E...... ......ID 0,0-780,179 #2bc} during second layout pass: posting in next frame
02-17 08:19:55.254 W/View ( 1999): requestLayout() improperly called by com.android.systemui.statusbar.AlphaOptimizedImageView{f2df61c VFED..C.. ......ID 0,0-140,84} during second layout pass: posting in next frame
02-17 08:19:55.262 W/View ( 1999): requestLayout() improperly called by android.widget.FrameLayout{d368225 I.E...... ......ID 0,0-780,179 #2bc} during layout: running second layout pass
02-17 08:19:55.262 W/View ( 1999): requestLayout() improperly called by com.android.systemui.statusbar.AlphaOptimizedImageView{f2df61c VFED..C.. ......ID 0,0-140,84} during layout: running second layout pass
02-17 08:19:55.288 W/View ( 1999): requestLayout() improperly called by android.widget.FrameLayout{d368225 I.E...... ......ID 0,0-780,179 #2bc} during second layout pass: posting in next frame
02-17 08:19:55.288 W/View ( 1999): requestLayout() improperly called by com.android.systemui.statusbar.AlphaOptimizedImageView{f2df61c VFED..C.. ......ID 0,0-140,84} during second layout pass: posting in next frame
02-17 08:19:55.296 W/View ( 1999): requestLayout() improperly called by android.widget.FrameLayout{d368225 I.E...... ......ID 0,0-780,179 #2bc} during layout: running second layout pass
02-17 08:19:55.296 W/View ( 1999): requestLayout() improperly called by com.android.systemui.statusbar.AlphaOptimizedImageView{f2df61c VFED..C.. ......ID 0,0-140,84} during layout: running second layout pass
02-17 08:19:55.323 W/View ( 1999): requestLayout() improperly called by android.widget.FrameLayout{d368225 I.E...... ......ID 0,0-780,179 #2bc} during second layout pass: posting in next frame
02-17 08:19:55.323 W/View ( 1999): requestLayout() improperly called by com.android.systemui.statusbar.AlphaOptimizedImageView{f2df61c VFED..C.. ......ID 0,0-140,84} during second layout pass: posting in next frame
02-17 08:19:55.328 W/View ( 1999): requestLayout() improperly called by android.widget.FrameLayout{d368225 I.E...... ......ID 0,0-780,179 #2bc} during layout: running second layout pass
02-17 08:19:55.328 W/View ( 1999): requestLayout() improperly called by com.android.systemui.statusbar.AlphaOptimizedImageView{f2df61c VFED..C.. ......ID 0,0-140,84} during layout: running second layout pass
02-17 08:19:55.355 W/View ( 1999): requestLayout() improperly called by android.widget.FrameLayout{d368225 I.E...... ......ID 0,0-780,179 #2bc} during second layout pass: posting in next frame
02-17 08:19:55.356 W/View ( 1999): requestLayout() improperly called by com.android.systemui.statusbar.AlphaOptimizedImageView{f2df61c VFED..C.. ......ID 0,0-140,84} during second layout pass: posting in next frame
02-17 08:19:55.363 W/View ( 1999): requestLayout() improperly called by android.widget.FrameLayout{d368225 I.E...... ......ID 0,0-780,179 #2bc} during layout: running second layout pass
02-17 08:19:55.363 W/View ( 1999): requestLayout() improperly called by com.android.systemui.statusbar.AlphaOptimizedImageView{f2df61c VFED..C.. ......ID 0,0-140,84} during layout: running second layout pass
02-17 08:19:55.393 W/View ( 1999): requestLayout() improperly called by android.widget.FrameLayout{d368225 I.E...... ......ID 0,0-780,179 #2bc} during second layout pass: posting in next frame
02-17 08:19:55.394 W/View ( 1999): requestLayout() improperly called by com.android.systemui.statusbar.AlphaOptimizedImageView{f2df61c VFED..C.. ......ID 0,0-140,84} during second layout pass: posting in next frame
02-17 08:19:55.397 W/View ( 1999): requestLayout() improperly called by android.widget.FrameLayout{d368225 I.E...... ......ID 0,0-780,179 #2bc} during layout: running second layout pass
02-17 08:19:55.397 W/View ( 1999): requestLayout() improperly called by com.android.systemui.statusbar.AlphaOptimizedImageView{f2df61c VFED..C.. ......ID 0,0-140,84} during layout: running second layout pass
02-17 08:19:55.427 W/View ( 1999): requestLayout() improperly called by android.widget.FrameLayout{d368225 I.E...... ......ID 0,0-780,179 #2bc} during second layout pass: posting in next frame
02-17 08:19:55.427 W/View ( 1999): requestLayout() improperly called by com.android.systemui.statusbar.AlphaOptimizedImageView{f2df61c VFED..C.. ......ID 0,0-140,84} during second layout pass: posting in next frame
02-17 08:19:55.430 W/View ( 1999): requestLayout() improperly called by android.widget.FrameLayout{d368225 I.E...... ......ID 0,0-780,179 #2bc} during layout: running second layout pass
02-17 08:19:55.430 W/View ( 1999): requestLayout() improperly called by com.android.systemui.statusbar.AlphaOptimizedImageView{f2df61c VFED..C.. ......ID 0,0-140,84} during layout: running second layout pass
02-17 08:19:55.445 I/mpu_uart( 648): [MSG-P:R]:recv sync frame timeout
02-17 08:19:55.454 W/View ( 1999): requestLayout() improperly called by android.widget.FrameLayout{d368225 I.E...... ......ID 0,0-780,179 #2bc} during second layout pass: posting in next frame
02-17 08:19:55.454 W/View ( 1999): requestLayout() improperly called by com.android.systemui.statusbar.AlphaOptimizedImageView{f2df61c VFED..C.. ......ID 0,0-140,84} during second layout pass: posting in next frame
02-17 08:19:55.463 W/View ( 1999): requestLayout() improperly called by android.widget.FrameLayout{d368225 I.E...... ......ID 0,0-780,179 #2bc} during layout: running second layout pass
02-17 08:19:55.463 W/View ( 1999): requestLayout() improperly called by com.android.systemui.statusbar.AlphaOptimizedImageView{f2df61c VFED..C.. ......ID 0,0-140,84} during layout: running second layout pass
02-17 08:19:55.729 I/mpu_uart( 648): [MSG-P:RECV]:No message received in 1000 ms
02-17 08:19:55.939 I/auditd ( 0): type=1400 audit(0.0:17372): avc: denied { kill } for comm="swapper/0" capability=5 scontext=u:r:kernel:s0 tcontext=u:r:kernel:s0 tclass=capability permissive=0
02-17 08:19:55.939 W/swapper/0( 0): type=1400 audit(0.0:17372): avc: denied { kill } for capability=5 scontext=u:r:kernel:s0 tcontext=u:r:kernel:s0 tclass=capability permissive=0
02-17 08:19:56.087 E/tlogd ( 1294): [TzLogger](isPathReadable) file /sys/kernel/debug/tzdbg/qsee_log isn't exist or no permission, err: No such file or directory
02-17 08:19:56.087 E/tlogd ( 1294): [TzLogger](saveTzlogAsync) /sys/kernel/debug/tzdbg/qsee_log can not read.
02-17 08:19:56.087 E/tlogd ( 1294): [TzLogger](isPathReadable) file /sys/kernel/debug/tzdbg/log isn't exist or no permission, err: No such file or directory
02-17 08:19:56.087 E/tlogd ( 1294): [TzLogger](saveTzlogAsync) /sys/kernel/debug/tzdbg/log can not read.
02-17 08:19:56.266 D/RemoteControlService( 2321): startVlanDispatchThread
02-17 08:19:56.729 I/mpu_uart( 648): [MSG-P:RECV]:No message received in 1000 ms
02-17 08:19:56.778 W/View ( 1999): requestLayout() improperly called by android.widget.FrameLayout{d368225 I.E...... ......ID 0,0-780,179 #2bc} during second layout pass: posting in next frame
02-17 08:19:56.778 W/View ( 1999): requestLayout() improperly called by com.android.systemui.statusbar.AlphaOptimizedImageView{f2df61c VFED..C.. ......ID 0,0-140,84} during second layout pass: posting in next frame
02-17 08:19:56.800 W/View ( 1999): requestLayout() improperly called by android.widget.FrameLayout{d368225 I.E...... ......ID 0,0-780,179 #2bc} during layout: running second layout pass
02-17 08:19:56.800 W/View ( 1999): requestLayout() improperly called by com.android.systemui.statusbar.AlphaOptimizedImageView{f2df61c VFED..C.. ......ID 0,0-140,84} during layout: running second layout pass
02-17 08:19:56.809 I/OpenGLRenderer( 1999): Davey! duration=9223355802329ms; Flags=0, FrameTimelineVsyncId=248740, IntendedVsync=16234525121099, Vsync=16234525121099, InputEventId=0, HandleInputStart=16234526007347, AnimationStart=16234526011722, PerformTraversalsStart=16234526015941, DrawStart=16234526147763, FrameDeadline=16234541787765, FrameInterval=16234525997607, FrameStartTime=16666666, SyncQueued=16234527002607, SyncStart=16234527231566, IssueDrawCommandsStart=16234527865576, SwapBuffers=16234533125524, FrameCompleted=9223372036854775807, DequeueBufferDuration=51822, QueueBufferDuration=1483490, GpuCompleted=9223372036854775807, SwapBuffersCompleted=16234535402138, DisplayPresentTime=0,
02-17 08:19:56.816 W/View ( 1999): requestLayout() improperly called by android.widget.FrameLayout{d368225 I.E...... ......ID 0,0-780,179 #2bc} during second layout pass: posting in next frame
02-17 08:19:56.816 W/View ( 1999): requestLayout() improperly called by com.android.systemui.statusbar.AlphaOptimizedImageView{f2df61c VFED..C.. ......ID 0,0-140,84} during second layout pass: posting in next frame
02-17 08:19:56.831 W/View ( 1999): requestLayout() improperly called by android.widget.FrameLayout{d368225 I.E...... ......ID 0,0-780,179 #2bc} during layout: running second layout pass
02-17 08:19:56.831 W/View ( 1999): requestLayout() improperly called by com.android.systemui.statusbar.AlphaOptimizedImageView{f2df61c VFED..C.. ......ID 0,0-140,84} during layout: running second layout pass
02-17 08:19:56.847 W/View ( 1999): requestLayout() improperly called by android.widget.FrameLayout{d368225 I.E...... ......ID 0,0-780,179 #2bc} during second layout pass: posting in next frame
02-17 08:19:56.848 W/View ( 1999): requestLayout() improperly called by com.android.systemui.statusbar.AlphaOptimizedImageView{f2df61c VFED..C.. ......ID 0,0-140,84} during second layout pass: posting in next frame
02-17 08:19:56.867 W/View ( 1999): requestLayout() improperly called by android.widget.FrameLayout{d368225 I.E...... ......ID 0,0-780,179 #2bc} during layout: running second layout pass
02-17 08:19:56.867 W/View ( 1999): requestLayout() improperly called by com.android.systemui.statusbar.AlphaOptimizedImageView{f2df61c VFED..C.. ......ID 0,0-140,84} during layout: running second layout pass
02-17 08:19:56.882 W/View ( 1999): requestLayout() improperly called by android.widget.FrameLayout{d368225 I.E...... ......ID 0,0-780,179 #2bc} during second layout pass: posting in next frame
02-17 08:19:56.882 W/View ( 1999): requestLayout() improperly called by com.android.systemui.statusbar.AlphaOptimizedImageView{f2df61c VFED..C.. ......ID 0,0-140,84} during second layout pass: posting in next frame
