02-17 08:14:55.939 I/auditd ( 0): type=1400 audit(0.0:17040): avc: denied { kill } for comm="swapper/3" capability=5 scontext=u:r:kernel:s0 tcontext=u:r:kernel:s0 tclass=capability permissive=0
02-17 08:14:56.935 I/auditd ( 0): type=1400 audit(0.0:17041): avc: denied { kill } for comm="swapper/3" capability=5 scontext=u:r:kernel:s0 tcontext=u:r:kernel:s0 tclass=capability permissive=0
02-17 08:14:57.935 I/auditd ( 0): type=1400 audit(0.0:17042): avc: denied { kill } for comm="swapper/3" capability=5 scontext=u:r:kernel:s0 tcontext=u:r:kernel:s0 tclass=capability permissive=0
02-17 08:14:58.935 I/auditd ( 0): type=1400 audit(0.0:17043): avc: denied { kill } for comm="swapper/3" capability=5 scontext=u:r:kernel:s0 tcontext=u:r:kernel:s0 tclass=capability permissive=0
02-17 08:14:59.935 I/auditd ( 0): type=1400 audit(0.0:17044): avc: denied { kill } for comm="swapper/3" capability=5 scontext=u:r:kernel:s0 tcontext=u:r:kernel:s0 tclass=capability permissive=0
02-17 08:15:00.935 I/auditd ( 0): type=1400 audit(0.0:17045): avc: denied { kill } for comm="swapper/3" capability=5 scontext=u:r:kernel:s0 tcontext=u:r:kernel:s0 tclass=capability permissive=0
02-17 08:15:01.808 I/input_interaction( 1524): Interaction with: 33ca41c com.thundercomm.screensaver/android.service.dreams.DreamActivity (server), edge-swipe (server), swipe-up (server), PointerEventDispatcher0 (server),
02-17 08:15:01.810 I/service_manager_stats( 1524): [114,23,48840]
02-17 08:15:01.811 I/wm_finish_activity( 1524): [0,201976048,58,com.thundercomm.screensaver/android.service.dreams.DreamActivity,finish-activity]
02-17 08:15:01.811 I/wm_task_moved( 1524): [1,1,13]
02-17 08:15:01.812 I/wm_task_moved( 1524): [9,1,2147483647]
02-17 08:15:01.812 I/wm_task_to_front( 1524): [0,9]
02-17 08:15:01.812 I/wm_focused_root_task( 1524): [0,0,1,58,finish-top adjustFocusToNextFocusableTask]
02-17 08:15:01.812 I/wm_set_resumed_activity( 1524): [0,com.android.launcher3/.uioverrides.QuickstepLauncher,finish-top adjustFocusToNextFocusableTask]
02-17 08:15:01.814 I/wm_pause_activity( 1524): [0,201976048,com.thundercomm.screensaver/android.service.dreams.DreamActivity,userLeaving=false,finish]
02-17 08:15:01.820 I/wm_on_top_resumed_lost_called( 8649): [201976048,android.service.dreams.DreamActivity,topStateChangedWhenResumed]
02-17 08:15:01.820 I/sysui_multi_action( 1524): [757,803,799,window_time_0,802,49]
02-17 08:15:01.822 I/wm_on_paused_called( 8649): [201976048,android.service.dreams.DreamActivity,performPause]
02-17 08:15:01.822 I/wm_add_to_stopping( 1524): [0,201976048,com.thundercomm.screensaver/android.service.dreams.DreamActivity,completeFinishing]
02-17 08:15:01.828 I/wm_set_resumed_activity( 1524): [0,com.android.launcher3/.uioverrides.QuickstepLauncher,resumeTopActivityInnerLocked]
02-17 08:15:01.829 I/wm_resume_activity( 1524): [0,128678138,9,com.android.launcher3/.uioverrides.QuickstepLauncher]
02-17 08:15:01.835 I/sysui_multi_action( 1524): [757,803,799,window_time_0,802,0]
02-17 08:15:01.838 I/input_focus( 1524): [Focus leaving 33ca41c com.thundercomm.screensaver/android.service.dreams.DreamActivity (server),reason=NO_WINDOW]
02-17 08:15:01.840 I/view_enqueue_input_event( 8649): [Motion - Cancel,com.thundercomm.screensaver/android.service.dreams.DreamActivity]
02-17 08:15:01.844 I/wm_on_restart_called( 2568): [128678138,com.android.launcher3.uioverrides.QuickstepLauncher,performRestartActivity]
02-17 08:15:01.844 I/wm_on_start_called( 2568): [128678138,com.android.launcher3.uioverrides.QuickstepLauncher,handleStartActivity]
02-17 08:15:01.844 I/wm_on_resume_called( 2568): [128678138,com.android.launcher3.uioverrides.QuickstepLauncher,RESUME_ACTIVITY]
02-17 08:15:01.844 I/wm_on_top_resumed_gained_called( 2568): [128678138,com.android.launcher3.uioverrides.QuickstepLauncher,topWhenResuming]
02-17 08:15:01.846 I/input_interaction( 1524): Interaction with: edge-swipe (server), swipe-up (server), PointerEventDispatcher0 (server),
02-17 08:15:01.854 I/am_pss ( 1524): [13834,10095,com.tencent.qqmusicpad:QQPlayerService,39498752,16130048,0,124723200,0,4,7]
02-17 08:15:01.857 I/input_focus( 1524): [Focus request 321be4b com.android.launcher3/com.android.launcher3.uioverrides.QuickstepLauncher,reason=UpdateInputWindows]
02-17 08:15:01.872 I/input_focus( 1524): [Focus entering 321be4b com.android.launcher3/com.android.launcher3.uioverrides.QuickstepLauncher (server),reason=setFocusedWindow]
02-17 08:15:02.107 I/wm_destroy_activity( 1524): [0,201976048,58,com.thundercomm.screensaver/android.service.dreams.DreamActivity,finish-imm:idle]
02-17 08:15:02.112 I/wm_on_stop_called( 8649): [201976048,android.service.dreams.DreamActivity,LIFECYCLER_STOP_ACTIVITY]
02-17 08:15:02.113 I/wm_on_destroy_called( 8649): [201976048,android.service.dreams.DreamActivity,performDestroy]
02-17 08:15:02.117 I/sysui_multi_action( 1524): [757,222,758,2]
02-17 08:15:02.117 I/sysui_multi_action( 1524): [757,804,799,dreaming_minutes,801,0,802,1]
02-17 08:15:02.130 I/wm_task_removed( 1524): [58,removeChild:removeChild last r=ActivityRecord{c09e8f0 u0 com.thundercomm.screensaver/android.service.dreams.DreamActivity t-1 f}} in t=Task{53ad495 #58 type=dream A=10040:android:com.thundercomm.screensaver/dream U=0 visible=false mode=fullscreen translucent=true sz=0}]
02-17 08:15:02.130 I/wm_task_removed( 1524): [58,removeChild]
02-17 08:15:02.939 I/auditd ( 0): type=1400 audit(0.0:17046): avc: denied { kill } for comm="swapper/3" capability=5 scontext=u:r:kernel:s0 tcontext=u:r:kernel:s0 tclass=capability permissive=0
02-17 08:15:03.935 I/auditd ( 0): type=1400 audit(0.0:17047): avc: denied { kill } for comm="swapper/3" capability=5 scontext=u:r:kernel:s0 tcontext=u:r:kernel:s0 tclass=capability permissive=0
02-17 08:15:04.935 I/auditd ( 0): type=1400 audit(0.0:17048): avc: denied { kill } for comm="swapper/3" capability=5 scontext=u:r:kernel:s0 tcontext=u:r:kernel:s0 tclass=capability permissive=0
02-17 08:15:05.656 I/input_interaction( 1524): Interaction with: d4326e3 StatusBar (server), edge-swipe (server), swipe-up (server), PointerEventDispatcher0 (server),
02-17 08:15:05.660 I/sysui_multi_action( 1999): [757,803,799,panel_open,802,1]
02-17 08:15:05.662 I/sysui_multi_action( 1999): [757,1328,758,4,1326,62,1327,1,1329,0]
02-17 08:15:05.719 I/sysui_multi_action( 1524): [757,127,758,1]
02-17 08:15:05.719 I/sysui_multi_action( 1524): [757,804,799,note_load,801,3,802,1]
02-17 08:15:05.719 I/notification_panel_revealed( 1524): 3
02-17 08:15:05.729 I/input_focus( 1524): [Focus request febc086 NotificationShade,reason=UpdateInputWindows]
02-17 08:15:05.740 I/sysui_multi_action( 1524): [757,128,758,1,793,14730351,794,0,795,14730351,796,26,798,0,806,android,857,DEVELOPER_IMPORTANT,858,4,947,0,1395,3,1500,14730144,1688,1]
02-17 08:15:05.740 I/sysui_multi_action( 1524): [757,804,799,note_freshness,801,14730351,802,1]
02-17 08:15:05.740 I/notification_visibility( 1524): [-1|android|26|null|1000,1,14730351,14730351,0,0]
02-17 08:15:05.740 I/sysui_multi_action( 1524): [757,128,758,1,793,14758583,794,0,795,1633551,796,17303299,797,com.android.wifi,798,1,806,android,857,NETWORK_AVAILABLE,858,2,947,0,1395,3,1500,115928,1688,1]
02-17 08:15:05.740 I/sysui_multi_action( 1524): [757,1501,758,1,793,14758583,794,0,795,1633551,796,17303299,797,com.android.wifi,806,android,857,NETWORK_AVAILABLE,858,2,947,0,1500,0,1688,1]
02-17 08:15:05.740 I/sysui_multi_action( 1524): [757,804,799,note_interruptive,801,0,802,1]
02-17 08:15:05.740 I/sysui_multi_action( 1524): [757,804,799,note_freshness,801,1633551,802,1]
02-17 08:15:05.740 I/notification_visibility( 1524): [0|android|17303299|com.android.wifi|1000,1,14758583,1633551,0,1]
02-17 08:15:05.740 I/sysui_multi_action( 1524): [757,128,758,1,793,15932285,794,0,795,15932285,796,32,798,2,806,android,857,USB,858,1,947,0,1395,3,1500,15931853,1688,1]
02-17 08:15:05.741 I/sysui_multi_action( 1524): [757,804,799,note_freshness,801,15932285,802,1]
02-17 08:15:05.741 I/notification_visibility( 1524): [-1|android|32|null|1000,1,15932285,15932285,0,2]
02-17 08:15:05.748 I/input_focus( 1524): [Focus leaving 321be4b com.android.launcher3/com.android.launcher3.uioverrides.QuickstepLauncher (server),reason=setFocusedWindow]
02-17 08:15:05.748 I/input_focus( 1524): [Focus entering febc086 NotificationShade (server),reason=setFocusedWindow]
02-17 08:15:05.780 I/sysui_multi_action( 1999): [757,111,758,1]
02-17 08:15:05.780 I/sysui_multi_action( 1999): [757,126,758,1,759,126,927,0,928,1,1593,0]
02-17 08:15:05.780 I/sysui_multi_action( 1999): [757,113,758,1,759,113,927,1,928,1,1593,0]
02-17 08:15:05.781 I/sysui_multi_action( 1999): [757,0,758,1,759,0,927,2,928,0,1593,0]
02-17 08:15:05.781 I/sysui_multi_action( 1999): [757,0,758,1,759,0,927,3,928,0,1593,0]
02-17 08:15:05.781 I/sysui_multi_action( 1999): [757,491,758,1,759,491,927,4,928,0,1311,-1,1593,0]
02-17 08:15:05.781 I/sysui_multi_action( 1999): [757,0,758,1,759,0,927,5,928,0,1593,0]
02-17 08:15:05.781 I/sysui_multi_action( 1999): [757,111,758,1]
02-17 08:15:05.781 I/sysui_multi_action( 1999): [757,126,758,1,759,126,927,0,928,1,1593,0]
02-17 08:15:05.781 I/sysui_multi_action( 1999): [757,113,758,1,759,113,927,1,928,1,1593,0]
02-17 08:15:05.782 I/sysui_multi_action( 1999): [757,0,758,1,759,0,927,2,928,0,1593,0]
02-17 08:15:05.782 I/sysui_multi_action( 1999): [757,0,758,1,759,0,927,3,928,0,1593,0]
02-17 08:15:05.935 I/auditd ( 0): type=1400 audit(0.0:17049): avc: denied { kill } for comm="swapper/3" capability=5 scontext=u:r:kernel:s0 tcontext=u:r:kernel:s0 tclass=capability permissive=0
02-17 08:15:06.780 I/input_interaction( 1524): Interaction with: febc086 NotificationShade (server), edge-swipe (server), swipe-up (server), PointerEventDispatcher0 (server),
02-17 08:15:06.939 I/auditd ( 0): type=1400 audit(0.0:17050): avc: denied { kill } for comm="swapper/3" capability=5 scontext=u:r:kernel:s0 tcontext=u:r:kernel:s0 tclass=capability permissive=0
02-17 08:15:07.255 I/notification_enqueue( 1524): [10080,1999,com.android.systemui,2048,NULL,0,Notification(channel=updateNotification shortcut=null contentView=null vibrate=null sound=null defaults=0x0 flags=0x0 color=0x00000000 vis=PRIVATE),1]
02-17 08:15:07.257 I/sysui_multi_action( 1999): [757,111,758,2]
02-17 08:15:07.258 I/sysui_multi_action( 1999): [757,111,758,2]
02-17 08:15:07.474 I/input_focus( 1524): [Focus request 321be4b com.android.launcher3/com.android.launcher3.uioverrides.QuickstepLauncher,reason=UpdateInputWindows]
02-17 08:15:07.479 I/sysui_multi_action( 1524): [757,128,758,2,793,14732090,794,1739,795,14732090,796,26,798,0,806,android,857,DEVELOPER_IMPORTANT,858,4,947,0,1395,3,1500,14731883,1688,1]
02-17 08:15:07.480 I/notification_visibility( 1524): [-1|android|26|null|1000,0,14732090,14732090,0,0]
02-17 08:15:07.480 I/sysui_multi_action( 1524): [757,128,758,2,793,14760323,794,1740,795,1635291,796,17303299,797,com.android.wifi,798,1,806,android,857,NETWORK_AVAILABLE,858,2,947,0,1395,3,1500,1740,1688,1]
02-17 08:15:07.481 I/notification_visibility( 1524): [0|android|17303299|com.android.wifi|1000,0,14760323,1635291,0,1]
02-17 08:15:07.481 I/sysui_multi_action( 1524): [757,128,758,2,793,15934026,794,1741,795,15934026,796,32,798,2,806,android,857,USB,858,1,947,0,1395,3,1500,15933594,1688,1]
02-17 08:15:07.481 I/notification_visibility( 1524): [-1|android|32|null|1000,0,15934026,15934026,0,2]
02-17 08:15:07.482 I/sysui_multi_action( 1524): [757,127,758,2]
02-17 08:15:07.482 I/notification_panel_hidden( 1524):
02-17 08:15:07.503 I/input_focus( 1524): [Focus leaving febc086 NotificationShade (server),reason=NO_WINDOW]
02-17 08:15:07.503 I/input_focus( 1524): [Focus entering 321be4b com.android.launcher3/com.android.launcher3.uioverrides.QuickstepLauncher (server),reason=setFocusedWindow]
02-17 08:15:07.935 I/auditd ( 0): type=1400 audit(0.0:17051): avc: denied { kill } for comm="swapper/3" capability=5 scontext=u:r:kernel:s0 tcontext=u:r:kernel:s0 tclass=capability permissive=0
02-17 08:15:07.966 I/input_interaction( 1524): Interaction with: d4326e3 StatusBar (server), edge-swipe (server), swipe-up (server), PointerEventDispatcher0 (server),
02-17 08:15:07.969 I/sysui_multi_action( 1999): [757,803,799,panel_open,802,1]
02-17 08:15:07.970 I/sysui_multi_action( 1999): [757,1328,758,4,1326,61,1327,2,1329,0]
02-17 08:15:08.075 I/sysui_multi_action( 1524): [757,127,758,1]
02-17 08:15:08.075 I/sysui_multi_action( 1524): [757,804,799,note_load,801,3,802,1]
02-17 08:15:08.075 I/notification_panel_revealed( 1524): 3
02-17 08:15:08.089 I/input_focus( 1524): [Focus request febc086 NotificationShade,reason=UpdateInputWindows]
02-17 08:15:08.099 I/sysui_multi_action( 1524): [757,128,758,1,793,14732710,794,0,795,14732710,796,26,798,0,806,android,857,DEVELOPER_IMPORTANT,858,4,947,0,1395,3,1500,14732503,1688,1]
02-17 08:15:08.099 I/sysui_multi_action( 1524): [757,804,799,note_freshness,801,14732710,802,1]
02-17 08:15:08.099 I/notification_visibility( 1524): [-1|android|26|null|1000,1,14732710,14732710,0,0]
02-17 08:15:08.099 I/sysui_multi_action( 1524): [757,128,758,1,793,14760942,794,0,795,1635910,796,17303299,797,com.android.wifi,798,1,806,android,857,NETWORK_AVAILABLE,858,2,947,0,1395,3,1500,2359,1688,1]
02-17 08:15:08.099 I/sysui_multi_action( 1524): [757,1501,758,1,793,14760942,794,0,795,1635910,796,17303299,797,com.android.wifi,806,android,857,NETWORK_AVAILABLE,858,2,947,0,1500,0,1688,1]
02-17 08:15:08.099 I/sysui_multi_action( 1524): [757,804,799,note_interruptive,801,0,802,1]
02-17 08:15:08.099 I/sysui_multi_action( 1524): [757,804,799,note_freshness,801,1635910,802,1]
02-17 08:15:08.099 I/notification_visibility( 1524): [0|android|17303299|com.android.wifi|1000,1,14760942,1635910,0,1]
02-17 08:15:08.099 I/sysui_multi_action( 1524): [757,128,758,1,793,15934644,794,0,795,15934644,796,32,798,2,806,android,857,USB,858,1,947,0,1395,3,1500,15934212,1688,1]
02-17 08:15:08.100 I/sysui_multi_action( 1524): [757,804,799,note_freshness,801,15934644,802,1]
02-17 08:15:08.100 I/notification_visibility( 1524): [-1|android|32|null|1000,1,15934644,15934644,0,2]
02-17 08:15:08.105 I/input_focus( 1524): [Focus leaving 321be4b com.android.launcher3/com.android.launcher3.uioverrides.QuickstepLauncher (server),reason=setFocusedWindow]
02-17 08:15:08.105 I/input_focus( 1524): [Focus entering febc086 NotificationShade (server),reason=setFocusedWindow]
02-17 08:15:08.270 I/sysui_multi_action( 1999): [757,111,758,1]
02-17 08:15:08.271 I/sysui_multi_action( 1999): [757,126,758,1,759,126,927,0,928,1,1593,0]
02-17 08:15:08.271 I/sysui_multi_action( 1999): [757,113,758,1,759,113,927,1,928,1,1593,0]
02-17 08:15:08.271 I/sysui_multi_action( 1999): [757,0,758,1,759,0,927,2,928,0,1593,0]
02-17 08:15:08.271 I/sysui_multi_action( 1999): [757,0,758,1,759,0,927,3,928,0,1593,0]
02-17 08:15:08.272 I/sysui_multi_action( 1999): [757,491,758,1,759,491,927,4,928,0,1311,-1,1593,0]
02-17 08:15:08.272 I/sysui_multi_action( 1999): [757,0,758,1,759,0,927,5,928,0,1593,0]
02-17 08:15:08.272 I/sysui_multi_action( 1999): [757,111,758,1]
02-17 08:15:08.273 I/sysui_multi_action( 1999): [757,126,758,1,759,126,927,0,928,1,1593,0]
02-17 08:15:08.273 I/sysui_multi_action( 1999): [757,113,758,1,759,113,927,1,928,1,1593,0]
02-17 08:15:08.273 I/sysui_multi_action( 1999): [757,0,758,1,759,0,927,2,928,0,1593,0]
02-17 08:15:08.273 I/sysui_multi_action( 1999): [757,0,758,1,759,0,927,3,928,0,1593,0]
02-17 08:15:09.939 I/auditd ( 0): type=1400 audit(0.0:17052): avc: denied { kill } for comm="swapper/0" capability=5 scontext=u:r:kernel:s0 tcontext=u:r:kernel:s0 tclass=capability permissive=0
02-17 08:15:10.697 I/input_interaction( 1524): Interaction with: febc086 NotificationShade (server), edge-swipe (server), swipe-up (server), PointerEventDispatcher0 (server),
02-17 08:15:10.935 I/auditd ( 0): type=1400 audit(0.0:17053): avc: denied { kill } for comm="swapper/0" capability=5 scontext=u:r:kernel:s0 tcontext=u:r:kernel:s0 tclass=capability permissive=0
02-17 08:15:11.935 I/auditd ( 0): type=1400 audit(0.0:17054): avc: denied { kill } for comm="swapper/0" capability=5 scontext=u:r:kernel:s0 tcontext=u:r:kernel:s0 tclass=capability permissive=0
02-17 08:15:12.935 I/auditd ( 0): type=1400 audit(0.0:17055): avc: denied { kill } for comm="swapper/0" capability=5 scontext=u:r:kernel:s0 tcontext=u:r:kernel:s0 tclass=capability permissive=0
02-17 08:15:13.457 I/am_freeze( 1524): [14537,com.android.gallery3d]
02-17 08:15:13.459 I/am_kill ( 1524): [0,14537,com.android.gallery3d,935,Unable to freeze binder interface]
02-17 08:15:13.490 I/am_proc_died( 1524): [0,14537,com.android.gallery3d,935,19]
02-17 08:15:13.491 I/am_uid_stopped( 1524): 10065
02-17 08:15:13.518 I/am_freeze( 1524): [14551,com.android.settings]
02-17 08:15:13.519 I/am_kill ( 1524): [0,14551,com.android.settings,935,Unable to freeze binder interface]
02-17 08:15:13.545 I/am_proc_died( 1524): [0,14551,com.android.settings,935,19]
02-17 08:15:13.553 I/am_uid_running( 1524): 10065
02-17 08:15:13.559 I/am_proc_start( 1524): [0,14756,1000,com.android.settings,NULL,]
02-17 08:15:13.565 I/am_proc_start( 1524): [0,14757,10065,com.android.gallery3d,NULL,]
02-17 08:15:13.592 I/am_proc_bound( 1524): [0,14757,com.android.gallery3d]
02-17 08:15:13.596 I/am_proc_bound( 1524): [0,14756,com.android.settings]
02-17 08:15:13.644 I/am_wtf ( 1524): [0,14756,com.android.settings,952647173,RoleParser,com.android.permissioncontroller.role.model.AssistantRoleBehavior]
02-17 08:15:13.646 I/am_wtf ( 1524): [0,14756,com.android.settings,952647173,RoleParser,com.android.permissioncontroller.role.model.BrowserRoleBehavior]
02-17 08:15:13.648 I/am_wtf ( 1524): [0,14756,com.android.settings,952647173,RoleParser,com.android.permissioncontroller.role.model.DialerRoleBehavior]
02-17 08:15:13.649 I/am_wtf ( 1524): [0,14756,com.android.settings,952647173,RoleParser,com.android.permissioncontroller.role.model.SmsRoleBehavior]
02-17 08:15:13.651 I/am_wtf ( 1524): [0,14756,com.android.settings,952647173,RoleParser,com.android.permissioncontroller.role.model.EmergencyRoleBehavior]
02-17 08:15:13.652 I/am_wtf ( 1524): [0,14756,com.android.settings,952647173,RoleParser,com.android.permissioncontroller.role.model.HomeRoleBehavior]
02-17 08:15:13.654 I/am_wtf ( 1524): [0,14756,com.android.settings,952647173,RoleParser,com.android.permissioncontroller.role.model.SystemAutomotiveClusterRoleBehavior]
02-17 08:15:13.656 I/am_wtf ( 1524): [0,14756,com.android.settings,952647173,RoleParser,com.android.permissioncontroller.role.model.CompanionDeviceWatchRoleBehavior]
02-17 08:15:13.657 I/am_wtf ( 1524): [0,14756,com.android.settings,952647173,RoleParser,com.android.permissioncontroller.role.model.SystemShellRoleBehavior]
02-17 08:15:13.659 I/am_wtf ( 1524): [0,14756,com.android.settings,952647173,RoleParser,com.android.permissioncontroller.role.model.TelevisionRoleBehavior]
02-17 08:15:13.661 I/am_wtf ( 1524): [0,14756,com.android.settings,952647173,RoleParser,com.android.permissioncontroller.role.model.TelevisionRoleBehavior]
02-17 08:15:13.935 I/auditd ( 0): type=1400 audit(0.0:17056): avc: denied { kill } for comm="swapper/0" capability=5 scontext=u:r:kernel:s0 tcontext=u:r:kernel:s0 tclass=capability permissive=0
02-17 08:15:14.939 I/auditd ( 0): type=1400 audit(0.0:17057): avc: denied { kill } for comm="swapper/0" capability=5 scontext=u:r:kernel:s0 tcontext=u:r:kernel:s0 tclass=capability permissive=0
02-17 08:15:15.935 I/auditd ( 0): type=1400 audit(0.0:17058): avc: denied { kill } for comm="swapper/0" capability=5 scontext=u:r:kernel:s0 tcontext=u:r:kernel:s0 tclass=capability permissive=0
02-17 08:15:16.159 I/notification_enqueue( 1524): [10080,1999,com.android.systemui,2048,NULL,0,Notification(channel=updateNotification shortcut=null contentView=null vibrate=null sound=null defaults=0x0 flags=0x0 color=0x00000000 vis=PRIVATE),1]
02-17 08:15:16.159 I/sysui_multi_action( 1999): [757,111,758,2]
02-17 08:15:16.160 I/sysui_multi_action( 1999): [757,111,758,2]
02-17 08:15:16.334 I/input_focus( 1524): [Focus request 321be4b com.android.launcher3/com.android.launcher3.uioverrides.QuickstepLauncher,reason=UpdateInputWindows]
02-17 08:15:16.339 I/sysui_multi_action( 1524): [757,128,758,2,793,14740950,794,8240,795,14740950,796,26,798,0,806,android,857,DEVELOPER_IMPORTANT,858,4,947,0,1395,3,1500,14740743,1688,1]
02-17 08:15:16.339 I/notification_visibility( 1524): [-1|android|26|null|1000,0,14740950,14740950,0,0]
02-17 08:15:16.340 I/sysui_multi_action( 1524): [757,128,758,2,793,14769182,794,8240,795,1644150,796,17303299,797,com.android.wifi,798,1,806,android,857,NETWORK_AVAILABLE,858,2,947,0,1395,3,1500,8240,1688,1]
02-17 08:15:16.340 I/notification_visibility( 1524): [0|android|17303299|com.android.wifi|1000,0,14769182,1644150,0,1]
02-17 08:15:16.341 I/sysui_multi_action( 1524): [757,128,758,2,793,15942886,794,8242,795,15942886,796,32,798,2,806,android,857,USB,858,1,947,0,1395,3,1500,15942454,1688,1]
02-17 08:15:16.341 I/notification_visibility( 1524): [-1|android|32|null|1000,0,15942886,15942886,0,2]
02-17 08:15:16.343 I/sysui_multi_action( 1524): [757,127,758,2]
02-17 08:15:16.343 I/notification_panel_hidden( 1524):
02-17 08:15:16.358 I/input_focus( 1524): [Focus leaving febc086 NotificationShade (server),reason=NO_WINDOW]
02-17 08:15:16.358 I/input_focus( 1524): [Focus entering 321be4b com.android.launcher3/com.android.launcher3.uioverrides.QuickstepLauncher (server),reason=setFocusedWindow]
02-17 08:15:16.649 I/input_interaction( 1524): Interaction with: d4326e3 StatusBar (server), edge-swipe (server), swipe-up (server), PointerEventDispatcher0 (server),
02-17 08:15:16.652 I/sysui_multi_action( 1999): [757,803,799,panel_open,802,1]
02-17 08:15:16.653 I/sysui_multi_action( 1999): [757,1328,758,4,1326,62,1327,4,1329,0]
02-17 08:15:16.693 I/sysui_multi_action( 1524): [757,127,758,1]
02-17 08:15:16.693 I/sysui_multi_action( 1524): [757,804,799,note_load,801,3,802,1]
02-17 08:15:16.693 I/notification_panel_revealed( 1524): 3
02-17 08:15:16.702 I/input_focus( 1524): [Focus request febc086 NotificationShade,reason=UpdateInputWindows]
02-17 08:15:16.725 I/input_focus( 1524): [Focus leaving 321be4b com.android.launcher3/com.android.launcher3.uioverrides.QuickstepLauncher (server),reason=setFocusedWindow]
02-17 08:15:16.725 I/input_focus( 1524): [Focus entering febc086 NotificationShade (server),reason=setFocusedWindow]
02-17 08:15:16.748 I/sysui_multi_action( 1524): [757,128,758,1,793,14741359,794,0,795,14741359,796,26,798,0,806,android,857,DEVELOPER_IMPORTANT,858,4,947,0,1395,3,1500,14741152,1688,1]
02-17 08:15:16.748 I/sysui_multi_action( 1524): [757,804,799,note_freshness,801,14741359,802,1]
02-17 08:15:16.748 I/notification_visibility( 1524): [-1|android|26|null|1000,1,14741359,14741359,0,0]
02-17 08:15:16.749 I/sysui_multi_action( 1524): [757,128,758,1,793,14769591,794,0,795,1644559,796,17303299,797,com.android.wifi,798,1,806,android,857,NETWORK_AVAILABLE,858,2,947,0,1395,3,1500,8649,1688,1]
02-17 08:15:16.749 I/sysui_multi_action( 1524): [757,1501,758,1,793,14769592,794,1,795,1644560,796,17303299,797,com.android.wifi,806,android,857,NETWORK_AVAILABLE,858,2,947,0,1500,0,1688,1]
02-17 08:15:16.749 I/sysui_multi_action( 1524): [757,804,799,note_interruptive,801,0,802,1]
02-17 08:15:16.749 I/sysui_multi_action( 1524): [757,804,799,note_freshness,801,1644559,802,1]
02-17 08:15:16.749 I/notification_visibility( 1524): [0|android|17303299|com.android.wifi|1000,1,14769591,1644559,0,1]
02-17 08:15:16.749 I/sysui_multi_action( 1524): [757,128,758,1,793,15943294,794,0,795,15943294,796,32,798,2,806,android,857,USB,858,1,947,0,1395,3,1500,15942862,1688,1]
02-17 08:15:16.749 I/sysui_multi_action( 1524): [757,804,799,note_freshness,801,15943294,802,1]
02-17 08:15:16.750 I/notification_visibility( 1524): [-1|android|32|null|1000,1,15943294,15943294,0,2]
02-17 08:15:16.757 I/sysui_multi_action( 1999): [757,111,758,1]
02-17 08:15:16.757 I/sysui_multi_action( 1999): [757,126,758,1,759,126,927,0,928,1,1593,0]
02-17 08:15:16.757 I/sysui_multi_action( 1999): [757,113,758,1,759,113,927,1,928,1,1593,0]
02-17 08:15:16.757 I/sysui_multi_action( 1999): [757,0,758,1,759,0,927,2,928,0,1593,0]
02-17 08:15:16.757 I/sysui_multi_action( 1999): [757,0,758,1,759,0,927,3,928,0,1593,0]
02-17 08:15:16.757 I/sysui_multi_action( 1999): [757,491,758,1,759,491,927,4,928,0,1311,-1,1593,0]
02-17 08:15:16.758 I/sysui_multi_action( 1999): [757,0,758,1,759,0,927,5,928,0,1593,0]
02-17 08:15:16.758 I/sysui_multi_action( 1999): [757,111,758,1]
02-17 08:15:16.758 I/sysui_multi_action( 1999): [757,126,758,1,759,126,927,0,928,1,1593,0]
02-17 08:15:16.758 I/sysui_multi_action( 1999): [757,113,758,1,759,113,927,1,928,1,1593,0]
02-17 08:15:16.758 I/sysui_multi_action( 1999): [757,0,758,1,759,0,927,2,928,0,1593,0]
02-17 08:15:16.758 I/sysui_multi_action( 1999): [757,0,758,1,759,0,927,3,928,0,1593,0]
02-17 08:15:16.935 I/auditd ( 0): type=1400 audit(0.0:17059): avc: denied { kill } for comm="swapper/0" capability=5 scontext=u:r:kernel:s0 tcontext=u:r:kernel:s0 tclass=capability permissive=0
02-17 08:15:17.933 I/input_interaction( 1524): Interaction with: febc086 NotificationShade (server), edge-swipe (server), swipe-up (server), PointerEventDispatcher0 (server),
02-17 08:15:17.935 I/auditd ( 0): type=1400 audit(0.0:17060): avc: denied { kill } for comm="swapper/0" capability=5 scontext=u:r:kernel:s0 tcontext=u:r:kernel:s0 tclass=capability permissive=0
02-17 08:15:18.077 I/sysui_multi_action( 1999): [757,925,758,4,759,0,927,3,928,0,1592,0,1593,1]
02-17 08:15:18.104 I/wm_task_created( 1524): [59,-1]
02-17 08:15:18.106 I/wm_task_moved( 1524): [59,1,14]
02-17 08:15:18.106 I/wm_task_to_front( 1524): [0,59]
02-17 08:15:18.106 I/wm_create_task( 1524): [0,59]
02-17 08:15:18.106 I/wm_create_activity( 1524): [0,14096113,59,com.android.systemui/.screenrecord.ScreenRecordDialog,NULL,NULL,NULL,276824064]
02-17 08:15:18.106 I/wm_task_moved( 1524): [59,1,14]
02-17 08:15:18.107 I/wm_on_top_resumed_lost_called( 2568): [128678138,com.android.launcher3.uioverrides.QuickstepLauncher,topStateChangedWhenResumed]
02-17 08:15:18.108 I/wm_pause_activity( 1524): [0,128678138,com.android.launcher3/.uioverrides.QuickstepLauncher,userLeaving=true,pauseBackTasks]
02-17 08:15:18.110 I/wm_on_paused_called( 2568): [128678138,com.android.launcher3.uioverrides.QuickstepLauncher,performPause]
02-17 08:15:18.112 I/wm_restart_activity( 1524): [0,14096113,59,com.android.systemui/.screenrecord.ScreenRecordDialog]
02-17 08:15:18.112 I/wm_set_resumed_activity( 1524): [0,com.android.systemui/.screenrecord.ScreenRecordDialog,minimalResumeActivityLocked]
02-17 08:15:18.116 I/sysui_multi_action( 1524): [757,803,799,window_time_0,802,16]
02-17 08:15:18.143 I/input_focus( 1524): [Focus leaving febc086 NotificationShade (server),reason=NOT_FOCUSABLE]
02-17 08:15:18.144 I/wm_on_create_called( 1999): [14096113,com.android.systemui.screenrecord.ScreenRecordDialog,performCreate]
02-17 08:15:18.144 I/wm_on_start_called( 1999): [14096113,com.android.systemui.screenrecord.ScreenRecordDialog,handleStartActivity]
02-17 08:15:18.144 I/wm_on_resume_called( 1999): [14096113,com.android.systemui.screenrecord.ScreenRecordDialog,RESUME_ACTIVITY]
02-17 08:15:18.146 I/wm_on_top_resumed_gained_called( 1999): [14096113,com.android.systemui.screenrecord.ScreenRecordDialog,topStateChangedWhenResumed]
02-17 08:15:18.153 I/input_focus( 1524): [Focus request a35f8b0 com.android.systemui/com.android.systemui.screenrecord.ScreenRecordDialog,reason=UpdateInputWindows]
02-17 08:15:18.164 I/sysui_multi_action( 1524): [319,62,322,61,325,15955,757,761,758,8,759,2,806,com.android.systemui,871,com.android.systemui.screenrecord.ScreenRecordDialog,904,com.android.systemui,905,0,1320,8,1321,5]
02-17 08:15:18.164 I/wm_activity_launch_time( 1524): [0,14096113,com.android.systemui/.screenrecord.ScreenRecordDialog,61]
02-17 08:15:18.193 I/input_focus( 1524): [Focus entering a35f8b0 com.android.systemui/com.android.systemui.screenrecord.ScreenRecordDialog (server),reason=Window became focusable. Previous reason: NOT_VISIBLE]
02-17 08:15:18.427 I/sysui_multi_action( 1999): [757,111,758,2]
02-17 08:15:18.427 I/sysui_multi_action( 1999): [757,111,758,2]
02-17 08:15:18.427 I/notification_enqueue( 1524): [10080,1999,com.android.systemui,2048,NULL,0,Notification(channel=updateNotification shortcut=null contentView=null vibrate=null sound=null defaults=0x0 flags=0x0 color=0x00000000 vis=PRIVATE),1]
02-17 08:15:18.632 I/sysui_multi_action( 1524): [757,128,758,2,793,14743243,794,1884,795,14743243,796,26,798,0,806,android,857,DEVELOPER_IMPORTANT,858,4,947,0,1395,3,1500,14743036,1688,1]
02-17 08:15:18.632 I/notification_visibility( 1524): [-1|android|26|null|1000,0,14743243,14743243,0,0]
02-17 08:15:18.632 I/sysui_multi_action( 1524): [757,128,758,2,793,14771475,794,1884,795,1646443,796,17303299,797,com.android.wifi,798,1,806,android,857,NETWORK_AVAILABLE,858,2,947,0,1395,3,1500,1883,1688,1]
02-17 08:15:18.633 I/notification_visibility( 1524): [0|android|17303299|com.android.wifi|1000,0,14771475,1646443,0,1]
02-17 08:15:18.633 I/sysui_multi_action( 1524): [757,128,758,2,793,15945178,794,1884,795,15945178,796,32,798,2,806,android,857,USB,858,1,947,0,1395,3,1500,15944746,1688,1]
02-17 08:15:18.633 I/notification_visibility( 1524): [-1|android|32|null|1000,0,15945178,15945178,0,2]
02-17 08:15:18.633 I/sysui_multi_action( 1524): [757,127,758,2]
02-17 08:15:18.633 I/notification_panel_hidden( 1524):
02-17 08:15:18.935 I/auditd ( 0): type=1400 audit(0.0:17061): avc: denied { kill } for comm="swapper/0" capability=5 scontext=u:r:kernel:s0 tcontext=u:r:kernel:s0 tclass=capability permissive=0
02-17 08:15:19.935 I/auditd ( 0): type=1400 audit(0.0:17062): avc: denied { kill } for comm="swapper/0" capability=5 scontext=u:r:kernel:s0 tcontext=u:r:kernel:s0 tclass=capability permissive=0
02-17 08:15:20.935 I/auditd ( 0): type=1400 audit(0.0:17063): avc: denied { kill } for comm="swapper/0" capability=5 scontext=u:r:kernel:s0 tcontext=u:r:kernel:s0 tclass=capability permissive=0
02-17 08:15:20.942 I/input_interaction( 1524): Interaction with: a35f8b0 com.android.systemui/com.android.systemui.screenrecord.ScreenRecordDialog (server), edge-swipe (server), swipe-up (server), PointerEventDispatcher0 (server),
02-17 08:15:21.123 I/wm_finish_activity( 1524): [0,14096113,59,com.android.systemui/.screenrecord.ScreenRecordDialog,app-request]
02-17 08:15:21.123 I/wm_task_moved( 1524): [1,1,14]
02-17 08:15:21.127 I/wm_task_moved( 1524): [9,1,2147483647]
02-17 08:15:21.127 I/wm_task_to_front( 1524): [0,9]
02-17 08:15:21.127 I/wm_focused_root_task( 1524): [0,0,1,-1,finish-top adjustFocusToNextFocusableTask]
02-17 08:15:21.134 I/wm_pause_activity( 1524): [0,14096113,com.android.systemui/.screenrecord.ScreenRecordDialog,userLeaving=false,finish]
02-17 08:15:21.139 I/input_focus( 1524): [Focus request 321be4b com.android.launcher3/com.android.launcher3.uioverrides.QuickstepLauncher,reason=UpdateInputWindows]
02-17 08:15:21.145 I/wm_on_top_resumed_lost_called( 1999): [14096113,com.android.systemui.screenrecord.ScreenRecordDialog,topStateChangedWhenResumed]
02-17 08:15:21.146 I/wm_on_paused_called( 1999): [14096113,com.android.systemui.screenrecord.ScreenRecordDialog,performPause]
02-17 08:15:21.148 I/wm_set_resumed_activity( 1524): [0,com.android.launcher3/.uioverrides.QuickstepLauncher,resumeTopActivityInnerLocked]
02-17 08:15:21.151 I/wm_resume_activity( 1524): [0,128678138,9,com.android.launcher3/.uioverrides.QuickstepLauncher]
02-17 08:15:21.157 I/wm_on_resume_called( 2568): [128678138,com.android.launcher3.uioverrides.QuickstepLauncher,RESUME_ACTIVITY]
02-17 08:15:21.160 I/wm_on_top_resumed_gained_called( 2568): [128678138,com.android.launcher3.uioverrides.QuickstepLauncher,topWhenResuming]
02-17 08:15:21.168 I/input_focus( 1524): [Focus leaving a35f8b0 com.android.systemui/com.android.systemui.screenrecord.ScreenRecordDialog (server),reason=NO_WINDOW]
02-17 08:15:21.169 I/input_focus( 1524): [Focus entering 321be4b com.android.launcher3/com.android.launcher3.uioverrides.QuickstepLauncher (server),reason=setFocusedWindow]
02-17 08:15:21.169 I/sysui_multi_action( 1524): [757,803,799,window_time_0,802,3]
02-17 08:15:21.180 I/wm_destroy_activity( 1524): [0,14096113,59,com.android.systemui/.screenrecord.ScreenRecordDialog,finish-idle]
02-17 08:15:21.194 I/wm_on_stop_called( 1999): [14096113,com.android.systemui.screenrecord.ScreenRecordDialog,LIFECYCLER_STOP_ACTIVITY]
02-17 08:15:21.194 I/wm_on_destroy_called( 1999): [14096113,com.android.systemui.screenrecord.ScreenRecordDialog,performDestroy]
02-17 08:15:21.408 I/wm_task_removed( 1524): [59,removeChild:removeChild last r=ActivityRecord{d716f1 u0 com.android.systemui/.screenrecord.ScreenRecordDialog t-1 f}} in t=Task{e79efdc #59 type=standard A=10080:com.android.systemui U=0 visible=false mode=fullscreen translucent=true sz=0}]
02-17 08:15:21.408 I/wm_task_removed( 1524): [59,removeChild]
02-17 08:15:21.939 I/auditd ( 0): type=1400 audit(0.0:17064): avc: denied { kill } for comm="swapper/0" capability=5 scontext=u:r:kernel:s0 tcontext=u:r:kernel:s0 tclass=capability permissive=0
02-17 08:15:22.935 I/auditd ( 0): type=1400 audit(0.0:17065): avc: denied { kill } for comm="swapper/0" capability=5 scontext=u:r:kernel:s0 tcontext=u:r:kernel:s0 tclass=capability permissive=0
02-17 08:15:23.939 I/auditd ( 0): type=1400 audit(0.0:17066): avc: denied { kill } for comm="swapper/0" capability=5 scontext=u:r:kernel:s0 tcontext=u:r:kernel:s0 tclass=capability permissive=0
02-17 08:15:24.245 I/auditd ( 506): avc: denied { find } for pid=1197 uid=1013 name=package_native scontext=u:r:mediaserver:s0 tcontext=u:object_r:package_native_service:s0 tclass=service_manager permissive=0
02-17 08:15:24.246 I/auditd ( 506): avc: denied { find } for pid=1197 uid=1013 name=package_native scontext=u:r:mediaserver:s0 tcontext=u:object_r:package_native_service:s0 tclass=service_manager permissive=0
02-17 08:15:24.303 I/am_wtf ( 1524): [0,1524,system_server,-1,ActivityManager,Sending non-protected broadcast com.android.systemui.screenrecord.UPDATE_STATE_OUTSIDE from system 1999:com.android.systemui/u0a80 pkg com.android.systemui]
02-17 08:15:24.304 I/sysui_multi_action( 1524): [757,856,758,1,806,com.android.systemui,857,screen_record,858,3]
02-17 08:15:24.305 I/am_wtf ( 1524): [0,1524,system_server,-1,ActivityManager,Sending non-protected broadcast com.android.systemui.screenrecord.UPDATE_STATE_OUTSIDE from system 1999:com.android.systemui/u0a80 pkg com.android.systemui]
02-17 08:15:24.313 I/notification_enqueue( 1524): [10080,1999,com.android.systemui,4274,NULL,0,Notification(channel=screen_record shortcut=null contentView=null vibrate=null sound=null defaults=0x0 flags=0x42 color=0xffc5221f actions=1 vis=PRIVATE),0]
02-17 08:15:24.313 I/sysui_multi_action( 1524): [757,1659,758,4,759,2,1660,2]
02-17 08:15:24.344 I/commit_sys_config_file( 1524): [settings-1-0,3]
02-17 08:15:24.518 I/sysui_multi_action( 1524): [757,1501,758,1,793,205,794,0,795,205,796,4274,806,com.android.systemui,857,screen_record,858,3,947,0,1500,0,1688,1]
02-17 08:15:24.519 I/sysui_multi_action( 1524): [757,804,799,note_interruptive,801,0,802,1]
02-17 08:15:24.522 I/sysui_multi_action( 1524): [757,1501,758,1,793,209,794,0,795,209,796,4274,806,com.android.systemui,857,screen_record,858,3,947,0,1500,0,1688,1]
02-17 08:15:24.522 I/sysui_multi_action( 1524): [757,804,799,note_interruptive,801,0,802,1]
02-17 08:15:24.523 I/sysui_multi_action( 1524): [757,199,758,1,759,3,793,209,794,0,795,209,796,4274,806,com.android.systemui,857,screen_record,858,3,947,0,1500,0,1688,1]
02-17 08:15:24.523 I/notification_alert( 1524): [0|com.android.systemui|4274|null|10080,1,1,0]
02-17 08:15:24.559 I/commit_sys_config_file( 1524): [notification-policy,15952827]
02-17 08:15:25.935 I/auditd ( 0): type=1400 audit(0.0:17067): avc: denied { kill } for comm="swapper/0" capability=5 scontext=u:r:kernel:s0 tcontext=u:r:kernel:s0 tclass=capability permissive=0
02-17 08:15:26.340 I/input_interaction( 1524): Interaction with: d4326e3 StatusBar (server), edge-swipe (server), swipe-up (server), PointerEventDispatcher0 (server),
02-17 08:15:26.343 I/sysui_multi_action( 1999): [757,803,799,panel_open,802,1]
02-17 08:15:26.345 I/sysui_multi_action( 1999): [757,1328,758,4,1326,58,1327,1,1329,0]
02-17 08:15:26.381 I/sysui_multi_action( 1524): [757,127,758,1]
02-17 08:15:26.381 I/sysui_multi_action( 1524): [757,804,799,note_load,801,4,802,1]
02-17 08:15:26.381 I/notification_panel_revealed( 1524): 4
02-17 08:15:26.392 I/input_focus( 1524): [Focus request febc086 NotificationShade,reason=UpdateInputWindows]
02-17 08:15:26.398 I/sysui_multi_action( 1524): [757,128,758,1,793,14751009,794,0,795,14751009,796,26,798,1,806,android,857,DEVELOPER_IMPORTANT,858,4,947,0,1395,4,1500,14750802,1688,1]
02-17 08:15:26.399 I/sysui_multi_action( 1524): [757,804,799,note_freshness,801,14751009,802,1]
02-17 08:15:26.399 I/notification_visibility( 1524): [-1|android|26|null|1000,1,14751009,14751009,0,1]
02-17 08:15:26.399 I/sysui_multi_action( 1524): [757,128,758,1,793,14779242,794,0,795,1654210,796,17303299,797,com.android.wifi,798,2,806,android,857,NETWORK_AVAILABLE,858,2,947,0,1395,4,1500,9650,1688,1]
02-17 08:15:26.399 I/sysui_multi_action( 1524): [757,1501,758,1,793,14779242,794,0,795,1654210,796,17303299,797,com.android.wifi,806,android,857,NETWORK_AVAILABLE,858,2,947,0,1500,0,1688,1]
02-17 08:15:26.399 I/sysui_multi_action( 1524): [757,804,799,note_interruptive,801,0,802,1]
02-17 08:15:26.399 I/sysui_multi_action( 1524): [757,804,799,note_freshness,801,1654210,802,1]
02-17 08:15:26.399 I/notification_visibility( 1524): [0|android|17303299|com.android.wifi|1000,1,14779242,1654210,0,2]
02-17 08:15:26.399 I/sysui_multi_action( 1524): [757,128,758,1,793,2086,794,0,795,2086,796,4274,798,0,806,com.android.systemui,857,screen_record,858,3,947,0,1395,4,1500,1877,1688,1]
02-17 08:15:26.399 I/sysui_multi_action( 1524): [757,804,799,note_freshness,801,2086,802,1]
02-17 08:15:26.399 I/notification_visibility( 1524): [0|com.android.systemui|4274|null|10080,1,2086,2086,0,0]
02-17 08:15:26.399 I/sysui_multi_action( 1524): [757,128,758,1,793,15952944,794,0,795,15952944,796,32,798,3,806,android,857,USB,858,1,947,0,1395,4,1500,15952512,1688,1]
02-17 08:15:26.399 I/sysui_multi_action( 1524): [757,804,799,note_freshness,801,15952944,802,1]
02-17 08:15:26.399 I/notification_visibility( 1524): [-1|android|32|null|1000,1,15952944,15952944,0,3]
02-17 08:15:26.416 I/input_focus( 1524): [Focus leaving 321be4b com.android.launcher3/com.android.launcher3.uioverrides.QuickstepLauncher (server),reason=setFocusedWindow]
02-17 08:15:26.416 I/input_focus( 1524): [Focus entering febc086 NotificationShade (server),reason=setFocusedWindow]
02-17 08:15:26.461 I/sysui_multi_action( 1999): [757,111,758,1]
02-17 08:15:26.461 I/sysui_multi_action( 1999): [757,126,758,1,759,126,927,0,928,1,1593,0]
02-17 08:15:26.461 I/sysui_multi_action( 1999): [757,113,758,1,759,113,927,1,928,1,1593,0]
02-17 08:15:26.461 I/sysui_multi_action( 1999): [757,0,758,1,759,0,927,2,928,0,1593,0]
02-17 08:15:26.462 I/sysui_multi_action( 1999): [757,0,758,1,759,0,927,3,928,1,1593,0]
02-17 08:15:26.462 I/sysui_multi_action( 1999): [757,491,758,1,759,491,927,4,928,0,1311,-1,1593,0]
02-17 08:15:26.462 I/sysui_multi_action( 1999): [757,0,758,1,759,0,927,5,928,0,1593,0]
02-17 08:15:26.463 I/sysui_multi_action( 1999): [757,111,758,1]
02-17 08:15:26.463 I/sysui_multi_action( 1999): [757,126,758,1,759,126,927,0,928,1,1593,0]
02-17 08:15:26.463 I/sysui_multi_action( 1999): [757,113,758,1,759,113,927,1,928,1,1593,0]
02-17 08:15:26.463 I/sysui_multi_action( 1999): [757,0,758,1,759,0,927,2,928,0,1593,0]
02-17 08:15:26.463 I/sysui_multi_action( 1999): [757,0,758,1,759,0,927,3,928,1,1593,0]
02-17 08:15:26.935 I/auditd ( 0): type=1400 audit(0.0:17068): avc: denied { kill } for comm="swapper/0" capability=5 scontext=u:r:kernel:s0 tcontext=u:r:kernel:s0 tclass=capability permissive=0
02-17 08:15:27.935 I/auditd ( 0): type=1400 audit(0.0:17069): avc: denied { kill } for comm="swapper/0" capability=5 scontext=u:r:kernel:s0 tcontext=u:r:kernel:s0 tclass=capability permissive=0
02-17 08:15:28.724 I/input_interaction( 1524): Interaction with: febc086 NotificationShade (server), edge-swipe (server), swipe-up (server), PointerEventDispatcher0 (server),
02-17 08:15:29.375 I/sysui_multi_action( 1524): [757,128,758,2,793,14753986,794,2977,795,14753986,796,26,798,1,806,android,857,DEVELOPER_IMPORTANT,858,4,947,0,1395,4,1500,14753779,1688,1]
02-17 08:15:29.375 I/notification_visibility( 1524): [-1|android|26|null|1000,0,14753986,14753986,0,1]
02-17 08:15:29.376 I/sysui_multi_action( 1524): [757,128,758,2,793,14782219,794,2977,795,1657187,796,17303299,797,com.android.wifi,798,2,806,android,857,NETWORK_AVAILABLE,858,2,947,0,1395,4,1500,2977,1688,1]
02-17 08:15:29.376 I/notification_visibility( 1524): [0|android|17303299|com.android.wifi|1000,0,14782219,1657187,0,2]
02-17 08:15:29.377 I/sysui_multi_action( 1524): [757,128,758,2,793,5064,794,2978,795,5064,796,4274,798,0,806,com.android.systemui,857,screen_record,858,3,947,0,1395,4,1500,4855,1688,1]
02-17 08:15:29.377 I/notification_visibility( 1524): [0|com.android.systemui|4274|null|10080,0,5064,5064,0,0]
02-17 08:15:29.377 I/sysui_multi_action( 1524): [757,128,758,2,793,15955922,794,2978,795,15955922,796,32,798,3,806,android,857,USB,858,1,947,0,1395,4,1500,15955490,1688,1]
02-17 08:15:29.377 I/notification_visibility( 1524): [-1|android|32|null|1000,0,15955922,15955922,0,3]
02-17 08:15:29.939 I/auditd ( 0): type=1400 audit(0.0:17070): avc: denied { kill } for comm="swapper/0" capability=5 scontext=u:r:kernel:s0 tcontext=u:r:kernel:s0 tclass=capability permissive=0
02-17 08:15:30.939 I/auditd ( 0): type=1400 audit(0.0:17071): avc: denied { kill } for comm="swapper/0" capability=5 scontext=u:r:kernel:s0 tcontext=u:r:kernel:s0 tclass=capability permissive=0
02-17 08:15:31.935 I/auditd ( 0): type=1400 audit(0.0:17072): avc: denied { kill } for comm="swapper/0" capability=5 scontext=u:r:kernel:s0 tcontext=u:r:kernel:s0 tclass=capability permissive=0
02-17 08:15:32.935 I/auditd ( 0): type=1400 audit(0.0:17073): avc: denied { kill } for comm="swapper/0" capability=5 scontext=u:r:kernel:s0 tcontext=u:r:kernel:s0 tclass=capability permissive=0
02-17 08:15:33.935 I/auditd ( 0): type=1400 audit(0.0:17074): avc: denied { kill } for comm="swapper/0" capability=5 scontext=u:r:kernel:s0 tcontext=u:r:kernel:s0 tclass=capability permissive=0
02-17 08:15:34.165 I/commit_sys_config_file( 1524): [appops,15952379]
02-17 08:15:34.935 I/auditd ( 0): type=1400 audit(0.0:17075): avc: denied { kill } for comm="swapper/0" capability=5 scontext=u:r:kernel:s0 tcontext=u:r:kernel:s0 tclass=capability permissive=0
02-17 08:15:35.939 I/auditd ( 0): type=1400 audit(0.0:17076): avc: denied { kill } for comm="swapper/0" capability=5 scontext=u:r:kernel:s0 tcontext=u:r:kernel:s0 tclass=capability permissive=0
02-17 08:15:36.935 I/auditd ( 0): type=1400 audit(0.0:17077): avc: denied { kill } for comm="swapper/0" capability=5 scontext=u:r:kernel:s0 tcontext=u:r:kernel:s0 tclass=capability permissive=0
02-17 08:15:37.935 I/auditd ( 0): type=1400 audit(0.0:17078): avc: denied { kill } for comm="swapper/0" capability=5 scontext=u:r:kernel:s0 tcontext=u:r:kernel:s0 tclass=capability permissive=0
02-17 08:15:38.935 I/auditd ( 0): type=1400 audit(0.0:17079): avc: denied { kill } for comm="swapper/0" capability=5 scontext=u:r:kernel:s0 tcontext=u:r:kernel:s0 tclass=capability permissive=0
02-17 08:15:40.939 I/auditd ( 0): type=1400 audit(0.0:17080): avc: denied { kill } for comm="swapper/1" capability=5 scontext=u:r:kernel:s0 tcontext=u:r:kernel:s0 tclass=capability permissive=0
02-17 08:15:41.495 I/input_interaction( 1524): Interaction with: 6f73fe7 systemui.screen.recording (server), edge-swipe (server), swipe-up (server), PointerEventDispatcher0 (server),
02-17 08:15:41.870 I/commit_sys_config_file( 1524): [settings-1-0,5]
02-17 08:15:41.935 I/auditd ( 0): type=1400 audit(0.0:17081): avc: denied { kill } for comm="swapper/1" capability=5 scontext=u:r:kernel:s0 tcontext=u:r:kernel:s0 tclass=capability permissive=0
02-17 08:15:42.242 I/am_wtf ( 1524): [0,1524,system_server,-1,ActivityManager,Sending non-protected broadcast com.android.systemui.screenrecord.UPDATE_STATE_OUTSIDE from system 1999:com.android.systemui/u0a80 pkg com.android.systemui]
02-17 08:15:42.243 I/notification_enqueue( 1524): [10080,1999,com.android.systemui,4275,NULL,0,Notification(channel=screen_record shortcut=null contentView=null vibrate=null sound=null defaults=0x0 flags=0x0 color=0x00000000 vis=PRIVATE),0]
02-17 08:15:42.248 I/am_wtf ( 1524): [0,1524,system_server,-1,ActivityManager,Sending non-protected broadcast com.android.systemui.screenrecord.UPDATE_STATE_OUTSIDE from system 1999:com.android.systemui/u0a80 pkg com.android.systemui]
02-17 08:15:42.258 I/sysui_multi_action( 1524): [757,128,758,5,759,8,793,17945,794,15859,795,17945,796,4274,806,com.android.systemui,857,screen_record,858,3,947,0,1500,17736,1688,1]
02-17 08:15:42.258 I/notification_canceled( 1524): [0|com.android.systemui|4274|null|10080,8,17945,17945,15859,-1,-1,NULL]
02-17 08:15:42.260 I/service_manager_stats( 1524): [100,70,40450]
02-17 08:15:42.445 I/sysui_multi_action( 1524): [757,1501,758,1,793,206,794,0,795,206,796,4275,806,com.android.systemui,857,screen_record,858,3,947,0,1500,0,1688,1]
02-17 08:15:42.445 I/sysui_multi_action( 1524): [757,804,799,note_interruptive,801,0,802,1]
02-17 08:15:42.447 I/sysui_multi_action( 1524): [757,1501,758,1,793,207,794,0,795,207,796,4275,806,com.android.systemui,857,screen_record,858,3,947,0,1500,0,1688,1]
02-17 08:15:42.447 I/sysui_multi_action( 1524): [757,804,799,note_interruptive,801,0,802,1]
02-17 08:15:42.447 I/sysui_multi_action( 1524): [757,199,758,1,759,3,793,208,794,0,795,208,796,4275,806,com.android.systemui,857,screen_record,858,3,947,0,1500,1,1688,1]
02-17 08:15:42.447 I/notification_alert( 1524): [0|com.android.systemui|4275|null|10080,1,1,0]
02-17 08:15:42.467 I/notification_enqueue( 1524): [10080,1999,com.android.systemui,4273,NULL,0,Notification(channel=screen_record shortcut=null contentView=null vibrate=null sound=null defaults=0x0 flags=0x10 color=0x00000000 actions=1 vis=PRIVATE),0]
02-17 08:15:42.470 I/sysui_multi_action( 1524): [757,128,758,5,759,8,793,231,794,0,795,231,796,4275,806,com.android.systemui,857,screen_record,858,3,947,0,1500,24,1688,1]
02-17 08:15:42.470 I/notification_canceled( 1524): [0|com.android.systemui|4275|null|10080,8,231,231,0,-1,-1,NULL]
02-17 08:15:42.670 I/sysui_multi_action( 1524): [757,1501,758,1,793,204,794,0,795,204,796,4273,806,com.android.systemui,857,screen_record,858,3,947,0,1500,0,1688,1,1745,680407814]
02-17 08:15:42.670 I/sysui_multi_action( 1524): [757,804,799,note_interruptive,801,0,802,1]
02-17 08:15:43.935 I/auditd ( 0): type=1400 audit(0.0:17082): avc: denied { kill } for comm="swapper/1" capability=5 scontext=u:r:kernel:s0 tcontext=u:r:kernel:s0 tclass=capability permissive=0
02-17 08:15:44.935 I/auditd ( 0): type=1400 audit(0.0:17083): avc: denied { kill } for comm="swapper/1" capability=5 scontext=u:r:kernel:s0 tcontext=u:r:kernel:s0 tclass=capability permissive=0
02-17 08:15:45.939 I/auditd ( 0): type=1400 audit(0.0:17084): avc: denied { kill } for comm="swapper/1" capability=5 scontext=u:r:kernel:s0 tcontext=u:r:kernel:s0 tclass=capability permissive=0
02-17 08:15:46.939 I/auditd ( 0): type=1400 audit(0.0:17085): avc: denied { kill } for comm="swapper/1" capability=5 scontext=u:r:kernel:s0 tcontext=u:r:kernel:s0 tclass=capability permissive=0
02-17 08:15:47.939 I/auditd ( 0): type=1400 audit(0.0:17086): avc: denied { kill } for comm="swapper/1" capability=5 scontext=u:r:kernel:s0 tcontext=u:r:kernel:s0 tclass=capability permissive=0
02-17 08:15:48.935 I/auditd ( 0): type=1400 audit(0.0:17087): avc: denied { kill } for comm="swapper/1" capability=5 scontext=u:r:kernel:s0 tcontext=u:r:kernel:s0 tclass=capability permissive=0
02-17 08:15:48.958 I/input_interaction( 1524): Interaction with: febc086 NotificationShade (server), edge-swipe (server), swipe-up (server), PointerEventDispatcher0 (server),
02-17 08:15:49.087 I/sysui_multi_action( 1524): [757,128,758,1,793,14773698,794,0,795,14773698,796,26,798,0,806,android,857,DEVELOPER_IMPORTANT,858,4,947,0,1395,4,1500,14773491,1688,1]
02-17 08:15:49.087 I/sysui_multi_action( 1524): [757,804,799,note_freshness,801,14773698,802,1]
02-17 08:15:49.087 I/notification_visibility( 1524): [-1|android|26|null|1000,1,14773698,14773698,0,0]
02-17 08:15:49.087 I/sysui_multi_action( 1524): [757,128,758,1,793,14801930,794,0,795,1676898,796,17303299,797,com.android.wifi,798,2,806,android,857,NETWORK_AVAILABLE,858,2,947,0,1395,4,1500,22688,1688,1]
02-17 08:15:49.088 I/sysui_multi_action( 1524): [757,1501,758,1,793,14801931,794,1,795,1676899,796,17303299,797,com.android.wifi,806,android,857,NETWORK_AVAILABLE,858,2,947,0,1500,0,1688,1]
02-17 08:15:49.088 I/sysui_multi_action( 1524): [757,804,799,note_interruptive,801,0,802,1]
02-17 08:15:49.088 I/sysui_multi_action( 1524): [757,804,799,note_freshness,801,1676898,802,1]
02-17 08:15:49.088 I/notification_visibility( 1524): [0|android|17303299|com.android.wifi|1000,1,14801930,1676898,0,2]
02-17 08:15:49.088 I/sysui_multi_action( 1524): [757,128,758,1,793,6622,794,0,795,6622,796,4273,798,1,806,com.android.systemui,857,screen_record,858,3,947,0,1395,4,1500,6418,1688,1,1745,680407814]
02-17 08:15:49.088 I/sysui_multi_action( 1524): [757,804,799,note_freshness,801,6622,802,1]
02-17 08:15:49.088 I/notification_visibility( 1524): [0|com.android.systemui|4273|null|10080,1,6622,6622,0,1]
02-17 08:15:49.089 I/sysui_multi_action( 1524): [757,128,758,1,793,15975633,794,0,795,15975633,796,32,798,3,806,android,857,USB,858,1,947,0,1395,4,1500,15975201,1688,1]
02-17 08:15:49.089 I/sysui_multi_action( 1524): [757,804,799,note_freshness,801,15975633,802,1]
02-17 08:15:49.089 I/notification_visibility( 1524): [-1|android|32|null|1000,1,15975633,15975633,0,3]
