02-17 09:12:09.509 I/am_wtf ( 1524): [0,1524,system_server,-1,DisplayDeviceConfig,requesting nits when no mapping exists.]
02-17 09:12:09.510 I/am_wtf ( 1524): [0,1524,system_server,-1,DisplayDeviceConfig,requesting nits when no mapping exists.]
02-17 09:12:09.526 E/DisplayDeviceConfig( 1524): requesting nits when no mapping exists.
02-17 09:12:09.526 E/DisplayDeviceConfig( 1524): requesting nits when no mapping exists.
02-17 09:12:09.526 I/am_wtf ( 1524): [0,1524,system_server,-1,DisplayDeviceConfig,requesting nits when no mapping exists.]
02-17 09:12:09.526 I/am_wtf ( 1524): [0,1524,system_server,-1,DisplayDeviceConfig,requesting nits when no mapping exists.]
02-17 09:12:09.543 E/DisplayDeviceConfig( 1524): requesting nits when no mapping exists.
02-17 09:12:09.543 E/DisplayDeviceConfig( 1524): requesting nits when no mapping exists.
02-17 09:12:09.543 I/am_wtf ( 1524): [0,1524,system_server,-1,DisplayDeviceConfig,requesting nits when no mapping exists.]
02-17 09:12:09.543 I/am_wtf ( 1524): [0,1524,system_server,-1,DisplayDeviceConfig,requesting nits when no mapping exists.]
02-17 09:12:09.559 E/DisplayDeviceConfig( 1524): requesting nits when no mapping exists.
02-17 09:12:09.559 E/DisplayDeviceConfig( 1524): requesting nits when no mapping exists.
02-17 09:12:09.559 I/am_wtf ( 1524): [0,1524,system_server,-1,DisplayDeviceConfig,requesting nits when no mapping exists.]
02-17 09:12:09.560 I/am_wtf ( 1524): [0,1524,system_server,-1,DisplayDeviceConfig,requesting nits when no mapping exists.]
02-17 09:12:09.576 E/DisplayDeviceConfig( 1524): requesting nits when no mapping exists.
02-17 09:12:09.576 E/DisplayDeviceConfig( 1524): requesting nits when no mapping exists.
02-17 09:12:09.576 I/am_wtf ( 1524): [0,1524,system_server,-1,DisplayDeviceConfig,requesting nits when no mapping exists.]
02-17 09:12:09.576 I/am_wtf ( 1524): [0,1524,system_server,-1,DisplayDeviceConfig,requesting nits when no mapping exists.]
02-17 09:12:09.593 E/DisplayDeviceConfig( 1524): requesting nits when no mapping exists.
02-17 09:12:09.593 E/DisplayDeviceConfig( 1524): requesting nits when no mapping exists.
02-17 09:12:09.593 I/am_wtf ( 1524): [0,1524,system_server,-1,DisplayDeviceConfig,requesting nits when no mapping exists.]
02-17 09:12:09.593 I/am_wtf ( 1524): [0,1524,system_server,-1,DisplayDeviceConfig,requesting nits when no mapping exists.]
02-17 09:12:09.609 E/DisplayDeviceConfig( 1524): requesting nits when no mapping exists.
02-17 09:12:09.609 E/DisplayDeviceConfig( 1524): requesting nits when no mapping exists.
02-17 09:12:09.609 I/am_wtf ( 1524): [0,1524,system_server,-1,DisplayDeviceConfig,requesting nits when no mapping exists.]
02-17 09:12:09.612 I/am_wtf ( 1524): [0,1524,system_server,-1,DisplayDeviceConfig,requesting nits when no mapping exists.]
02-17 09:12:09.626 E/DisplayDeviceConfig( 1524): requesting nits when no mapping exists.
02-17 09:12:09.626 I/am_wtf ( 1524): [0,1524,system_server,-1,DisplayDeviceConfig,requesting nits when no mapping exists.]
02-17 09:12:09.626 E/DisplayDeviceConfig( 1524): requesting nits when no mapping exists.
02-17 09:12:09.626 I/am_wtf ( 1524): [0,1524,system_server,-1,DisplayDeviceConfig,requesting nits when no mapping exists.]
02-17 09:12:09.643 E/DisplayDeviceConfig( 1524): requesting nits when no mapping exists.
02-17 09:12:09.643 I/am_wtf ( 1524): [0,1524,system_server,-1,DisplayDeviceConfig,requesting nits when no mapping exists.]
02-17 09:12:09.643 E/DisplayDeviceConfig( 1524): requesting nits when no mapping exists.
02-17 09:12:09.643 I/am_wtf ( 1524): [0,1524,system_server,-1,DisplayDeviceConfig,requesting nits when no mapping exists.]
02-17 09:12:09.935 I/auditd ( 0): type=1400 audit(0.0:20814): avc: denied { kill } for comm="swapper/0" capability=5 scontext=u:r:kernel:s0 tcontext=u:r:kernel:s0 tclass=capability permissive=0
02-17 09:12:10.935 I/auditd ( 0): type=1400 audit(0.0:20815): avc: denied { kill } for comm="swapper/0" capability=5 scontext=u:r:kernel:s0 tcontext=u:r:kernel:s0 tclass=capability permissive=0
02-17 09:12:11.939 I/auditd ( 0): type=1400 audit(0.0:20816): avc: denied { kill } for comm="swapper/0" capability=5 scontext=u:r:kernel:s0 tcontext=u:r:kernel:s0 tclass=capability permissive=0
02-17 09:12:12.939 I/auditd ( 0): type=1400 audit(0.0:20817): avc: denied { kill } for comm="swapper/0" capability=5 scontext=u:r:kernel:s0 tcontext=u:r:kernel:s0 tclass=capability permissive=0
01-01 13:22:53.885 E/DTC_ETH,link_delay_work_func( 0): 3003, SQI=0, link=0
02-17 09:12:13.935 I/auditd ( 0): type=1400 audit(0.0:20818): avc: denied { kill } for comm="swapper/0" capability=5 scontext=u:r:kernel:s0 tcontext=u:r:kernel:s0 tclass=capability permissive=0
02-17 09:12:14.939 I/auditd ( 0): type=1400 audit(0.0:20819): avc: denied { kill } for comm="swapper/0" capability=5 scontext=u:r:kernel:s0 tcontext=u:r:kernel:s0 tclass=capability permissive=0
02-17 09:12:15.935 I/auditd ( 0): type=1400 audit(0.0:20820): avc: denied { kill } for comm="swapper/0" capability=5 scontext=u:r:kernel:s0 tcontext=u:r:kernel:s0 tclass=capability permissive=0
02-17 09:12:16.939 I/auditd ( 0): type=1400 audit(0.0:20821): avc: denied { kill } for comm="swapper/0" capability=5 scontext=u:r:kernel:s0 tcontext=u:r:kernel:s0 tclass=capability permissive=0
02-17 09:12:17.935 I/auditd ( 0): type=1400 audit(0.0:20822): avc: denied { kill } for comm="swapper/0" capability=5 scontext=u:r:kernel:s0 tcontext=u:r:kernel:s0 tclass=capability permissive=0
01-01 13:22:59.005 E/DTC_ETH,link_delay_work_func( 0): 3003, SQI=0, link=0
02-17 09:12:18.939 I/auditd ( 0): type=1400 audit(0.0:20823): avc: denied { kill } for comm="swapper/0" capability=5 scontext=u:r:kernel:s0 tcontext=u:r:kernel:s0 tclass=capability permissive=0
02-17 09:12:19.935 I/auditd ( 0): type=1400 audit(0.0:20824): avc: denied { kill } for comm="swapper/0" capability=5 scontext=u:r:kernel:s0 tcontext=u:r:kernel:s0 tclass=capability permissive=0
02-17 09:12:20.939 I/auditd ( 0): type=1400 audit(0.0:20825): avc: denied { kill } for comm="swapper/0" capability=5 scontext=u:r:kernel:s0 tcontext=u:r:kernel:s0 tclass=capability permissive=0
02-17 09:12:21.935 I/auditd ( 0): type=1400 audit(0.0:20826): avc: denied { kill } for comm="swapper/0" capability=5 scontext=u:r:kernel:s0 tcontext=u:r:kernel:s0 tclass=capability permissive=0
02-17 09:12:22.935 I/auditd ( 0): type=1400 audit(0.0:20827): avc: denied { kill } for comm="swapper/0" capability=5 scontext=u:r:kernel:s0 tcontext=u:r:kernel:s0 tclass=capability permissive=0
02-17 09:12:23.935 I/auditd ( 0): type=1400 audit(0.0:20828): avc: denied { kill } for comm="swapper/0" capability=5 scontext=u:r:kernel:s0 tcontext=u:r:kernel:s0 tclass=capability permissive=0
01-01 13:23:04.125 E/DTC_ETH,link_delay_work_func( 0): 3003, SQI=0, link=0
02-17 09:12:24.935 I/auditd ( 0): type=1400 audit(0.0:20829): avc: denied { kill } for comm="swapper/0" capability=5 scontext=u:r:kernel:s0 tcontext=u:r:kernel:s0 tclass=capability permissive=0
02-17 09:12:25.935 I/auditd ( 0): type=1400 audit(0.0:20830): avc: denied { kill } for comm="swapper/0" capability=5 scontext=u:r:kernel:s0 tcontext=u:r:kernel:s0 tclass=capability permissive=0
02-17 09:12:26.939 I/auditd ( 0): type=1400 audit(0.0:20831): avc: denied { kill } for comm="swapper/0" capability=5 scontext=u:r:kernel:s0 tcontext=u:r:kernel:s0 tclass=capability permissive=0
02-17 09:12:27.939 I/auditd ( 0): type=1400 audit(0.0:20832): avc: denied { kill } for comm="swapper/0" capability=5 scontext=u:r:kernel:s0 tcontext=u:r:kernel:s0 tclass=capability permissive=0
02-17 09:12:28.935 I/auditd ( 0): type=1400 audit(0.0:20833): avc: denied { kill } for comm="swapper/0" capability=5 scontext=u:r:kernel:s0 tcontext=u:r:kernel:s0 tclass=capability permissive=0
01-01 13:23:09.245 E/DTC_ETH,link_delay_work_func( 0): 3003, SQI=0, link=0
02-17 09:12:29.939 I/auditd ( 0): type=1400 audit(0.0:20834): avc: denied { kill } for comm="swapper/0" capability=5 scontext=u:r:kernel:s0 tcontext=u:r:kernel:s0 tclass=capability permissive=0
02-17 09:12:30.935 I/auditd ( 0): type=1400 audit(0.0:20835): avc: denied { kill } for comm="swapper/0" capability=5 scontext=u:r:kernel:s0 tcontext=u:r:kernel:s0 tclass=capability permissive=0
02-17 09:12:31.935 I/auditd ( 0): type=1400 audit(0.0:20836): avc: denied { kill } for comm="swapper/0" capability=5 scontext=u:r:kernel:s0 tcontext=u:r:kernel:s0 tclass=capability permissive=0
02-17 09:12:32.935 I/auditd ( 0): type=1400 audit(0.0:20837): avc: denied { kill } for comm="swapper/0" capability=5 scontext=u:r:kernel:s0 tcontext=u:r:kernel:s0 tclass=capability permissive=0
02-17 09:12:33.939 I/auditd ( 0): type=1400 audit(0.0:20838): avc: denied { kill } for comm="swapper/0" capability=5 scontext=u:r:kernel:s0 tcontext=u:r:kernel:s0 tclass=capability permissive=0
01-01 13:23:14.365 E/DTC_ETH,link_delay_work_func( 0): 3003, SQI=0, link=0
02-17 09:12:34.935 I/auditd ( 0): type=1400 audit(0.0:20839): avc: denied { kill } for comm="swapper/0" capability=5 scontext=u:r:kernel:s0 tcontext=u:r:kernel:s0 tclass=capability permissive=0
02-17 09:12:35.939 I/auditd ( 0): type=1400 audit(0.0:20840): avc: denied { kill } for comm="swapper/0" capability=5 scontext=u:r:kernel:s0 tcontext=u:r:kernel:s0 tclass=capability permissive=0
02-17 09:12:36.935 I/auditd ( 0): type=1400 audit(0.0:20841): avc: denied { kill } for comm="swapper/0" capability=5 scontext=u:r:kernel:s0 tcontext=u:r:kernel:s0 tclass=capability permissive=0
02-17 09:12:37.939 I/auditd ( 0): type=1400 audit(0.0:20842): avc: denied { kill } for comm="swapper/0" capability=5 scontext=u:r:kernel:s0 tcontext=u:r:kernel:s0 tclass=capability permissive=0
02-17 09:12:38.935 I/auditd ( 0): type=1400 audit(0.0:20843): avc: denied { kill } for comm="swapper/0" capability=5 scontext=u:r:kernel:s0 tcontext=u:r:kernel:s0 tclass=capability permissive=0
01-01 13:23:19.485 E/DTC_ETH,link_delay_work_func( 0): 3003, SQI=0, link=0
02-17 09:12:39.935 I/auditd ( 0): type=1400 audit(0.0:20844): avc: denied { kill } for comm="swapper/0" capability=5 scontext=u:r:kernel:s0 tcontext=u:r:kernel:s0 tclass=capability permissive=0
02-17 09:12:40.939 I/auditd ( 0): type=1400 audit(0.0:20845): avc: denied { kill } for comm="swapper/0" capability=5 scontext=u:r:kernel:s0 tcontext=u:r:kernel:s0 tclass=capability permissive=0
02-17 09:12:41.935 I/auditd ( 0): type=1400 audit(0.0:20846): avc: denied { kill } for comm="swapper/0" capability=5 scontext=u:r:kernel:s0 tcontext=u:r:kernel:s0 tclass=capability permissive=0
02-17 09:12:42.935 I/auditd ( 0): type=1400 audit(0.0:20847): avc: denied { kill } for comm="swapper/0" capability=5 scontext=u:r:kernel:s0 tcontext=u:r:kernel:s0 tclass=capability permissive=0
02-17 09:12:43.939 I/auditd ( 0): type=1400 audit(0.0:20848): avc: denied { kill } for comm="swapper/0" capability=5 scontext=u:r:kernel:s0 tcontext=u:r:kernel:s0 tclass=capability permissive=0
01-01 13:23:24.605 E/DTC_ETH,link_delay_work_func( 0): 3003, SQI=0, link=0
02-17 09:12:44.939 I/auditd ( 0): type=1400 audit(0.0:20849): avc: denied { kill } for comm="swapper/0" capability=5 scontext=u:r:kernel:s0 tcontext=u:r:kernel:s0 tclass=capability permissive=0
02-17 09:12:45.935 I/auditd ( 0): type=1400 audit(0.0:20850): avc: denied { kill } for comm="swapper/0" capability=5 scontext=u:r:kernel:s0 tcontext=u:r:kernel:s0 tclass=capability permissive=0
02-17 09:12:46.935 I/auditd ( 0): type=1400 audit(0.0:20851): avc: denied { kill } for comm="swapper/0" capability=5 scontext=u:r:kernel:s0 tcontext=u:r:kernel:s0 tclass=capability permissive=0
02-17 09:12:47.939 I/auditd ( 0): type=1400 audit(0.0:20852): avc: denied { kill } for comm="swapper/0" capability=5 scontext=u:r:kernel:s0 tcontext=u:r:kernel:s0 tclass=capability permissive=0
02-17 09:12:48.935 I/auditd ( 0): type=1400 audit(0.0:20853): avc: denied { kill } for comm="swapper/0" capability=5 scontext=u:r:kernel:s0 tcontext=u:r:kernel:s0 tclass=capability permissive=0
01-01 13:23:29.725 E/DTC_ETH,link_delay_work_func( 0): 3003, SQI=0, link=0
02-17 09:12:49.939 I/auditd ( 0): type=1400 audit(0.0:20854): avc: denied { kill } for comm="swapper/0" capability=5 scontext=u:r:kernel:s0 tcontext=u:r:kernel:s0 tclass=capability permissive=0
02-17 09:12:50.935 I/auditd ( 0): type=1400 audit(0.0:20855): avc: denied { kill } for comm="swapper/0" capability=5 scontext=u:r:kernel:s0 tcontext=u:r:kernel:s0 tclass=capability permissive=0
02-17 09:12:51.939 I/auditd ( 0): type=1400 audit(0.0:20856): avc: denied { kill } for comm="swapper/0" capability=5 scontext=u:r:kernel:s0 tcontext=u:r:kernel:s0 tclass=capability permissive=0
02-17 09:12:52.935 I/auditd ( 0): type=1400 audit(0.0:20857): avc: denied { kill } for comm="swapper/0" capability=5 scontext=u:r:kernel:s0 tcontext=u:r:kernel:s0 tclass=capability permissive=0
02-17 09:12:53.939 I/auditd ( 0): type=1400 audit(0.0:20858): avc: denied { kill } for comm="swapper/0" capability=5 scontext=u:r:kernel:s0 tcontext=u:r:kernel:s0 tclass=capability permissive=0
01-01 13:23:34.845 E/DTC_ETH,link_delay_work_func( 0): 3003, SQI=0, link=0
02-17 09:12:54.939 I/auditd ( 0): type=1400 audit(0.0:20859): avc: denied { kill } for comm="swapper/0" capability=5 scontext=u:r:kernel:s0 tcontext=u:r:kernel:s0 tclass=capability permissive=0
02-17 09:12:55.935 I/auditd ( 0): type=1400 audit(0.0:20860): avc: denied { kill } for comm="swapper/0" capability=5 scontext=u:r:kernel:s0 tcontext=u:r:kernel:s0 tclass=capability permissive=0
02-17 09:12:56.935 I/auditd ( 0): type=1400 audit(0.0:20861): avc: denied { kill } for comm="swapper/0" capability=5 scontext=u:r:kernel:s0 tcontext=u:r:kernel:s0 tclass=capability permissive=0
02-17 09:12:57.935 I/auditd ( 0): type=1400 audit(0.0:20862): avc: denied { kill } for comm="swapper/0" capability=5 scontext=u:r:kernel:s0 tcontext=u:r:kernel:s0 tclass=capability permissive=0
02-17 09:12:58.935 I/auditd ( 0): type=1400 audit(0.0:20863): avc: denied { kill } for comm="swapper/0" capability=5 scontext=u:r:kernel:s0 tcontext=u:r:kernel:s0 tclass=capability permissive=0
01-01 13:23:39.965 E/DTC_ETH,link_delay_work_func( 0): 3003, SQI=0, link=0
02-17 09:12:59.935 I/auditd ( 0): type=1400 audit(0.0:20864): avc: denied { kill } for comm="swapper/0" capability=5 scontext=u:r:kernel:s0 tcontext=u:r:kernel:s0 tclass=capability permissive=0
02-17 09:13:00.935 I/auditd ( 0): type=1400 audit(0.0:20865): avc: denied { kill } for comm="swapper/0" capability=5 scontext=u:r:kernel:s0 tcontext=u:r:kernel:s0 tclass=capability permissive=0
02-17 09:13:03.939 I/auditd ( 0): type=1400 audit(0.0:20866): avc: denied { kill } for comm="swapper/1" capability=5 scontext=u:r:kernel:s0 tcontext=u:r:kernel:s0 tclass=capability permissive=0
02-17 09:13:04.935 I/auditd (19895): type=1400 audit(0.0:20867): avc: denied { kill } for comm="kworker/1:2" capability=5 scontext=u:r:kernel:s0 tcontext=u:r:kernel:s0 tclass=capability permissive=0
01-01 13:23:45.086 E/DTC_ETH,link_delay_work_func( 0): 3003, SQI=0, link=0
02-17 09:13:05.935 I/auditd ( 0): type=1400 audit(0.0:20868): avc: denied { kill } for comm="swapper/1" capability=5 scontext=u:r:kernel:s0 tcontext=u:r:kernel:s0 tclass=capability permissive=0
02-17 09:13:06.939 I/auditd ( 0): type=1400 audit(0.0:20869): avc: denied { kill } for comm="swapper/1" capability=5 scontext=u:r:kernel:s0 tcontext=u:r:kernel:s0 tclass=capability permissive=0
02-17 09:13:07.939 I/auditd ( 0): type=1400 audit(0.0:20870): avc: denied { kill } for comm="swapper/1" capability=5 scontext=u:r:kernel:s0 tcontext=u:r:kernel:s0 tclass=capability permissive=0
02-17 09:13:08.939 I/auditd ( 0): type=1400 audit(0.0:20871): avc: denied { kill } for comm="swapper/1" capability=5 scontext=u:r:kernel:s0 tcontext=u:r:kernel:s0 tclass=capability permissive=0
02-17 09:13:09.939 I/auditd ( 0): type=1400 audit(0.0:20872): avc: denied { kill } for comm="swapper/1" capability=5 scontext=u:r:kernel:s0 tcontext=u:r:kernel:s0 tclass=capability permissive=0
01-01 13:23:50.205 E/DTC_ETH,link_delay_work_func( 0): 3003, SQI=0, link=0
02-17 09:13:10.935 I/auditd ( 0): type=1400 audit(0.0:20873): avc: denied { kill } for comm="swapper/1" capability=5 scontext=u:r:kernel:s0 tcontext=u:r:kernel:s0 tclass=capability permissive=0
02-17 09:13:11.935 I/auditd ( 0): type=1400 audit(0.0:20874): avc: denied { kill } for comm="swapper/1" capability=5 scontext=u:r:kernel:s0 tcontext=u:r:kernel:s0 tclass=capability permissive=0
02-17 09:13:12.939 I/auditd ( 0): type=1400 audit(0.0:20875): avc: denied { kill } for comm="swapper/1" capability=5 scontext=u:r:kernel:s0 tcontext=u:r:kernel:s0 tclass=capability permissive=0
02-17 09:13:13.939 I/auditd ( 0): type=1400 audit(0.0:20876): avc: denied { kill } for comm="swapper/0" capability=5 scontext=u:r:kernel:s0 tcontext=u:r:kernel:s0 tclass=capability permissive=0
02-17 09:13:14.939 I/auditd ( 0): type=1400 audit(0.0:20877): avc: denied { kill } for comm="swapper/0" capability=5 scontext=u:r:kernel:s0 tcontext=u:r:kernel:s0 tclass=capability permissive=0
02-17 09:13:15.027 I/am_uid_idle( 1524): 10062
01-01 13:23:55.325 E/DTC_ETH,link_delay_work_func( 0): 3003, SQI=0, link=0
02-17 09:13:15.939 I/auditd ( 0): type=1400 audit(0.0:20878): avc: denied { kill } for comm="swapper/0" capability=5 scontext=u:r:kernel:s0 tcontext=u:r:kernel:s0 tclass=capability permissive=0
02-17 09:13:16.935 I/auditd ( 0): type=1400 audit(0.0:20879): avc: denied { kill } for comm="swapper/0" capability=5 scontext=u:r:kernel:s0 tcontext=u:r:kernel:s0 tclass=capability permissive=0
02-17 09:13:17.939 I/auditd ( 0): type=1400 audit(0.0:20880): avc: denied { kill } for comm="swapper/0" capability=5 scontext=u:r:kernel:s0 tcontext=u:r:kernel:s0 tclass=capability permissive=0
02-17 09:13:18.935 I/auditd ( 0): type=1400 audit(0.0:20881): avc: denied { kill } for comm="swapper/0" capability=5 scontext=u:r:kernel:s0 tcontext=u:r:kernel:s0 tclass=capability permissive=0
02-17 09:13:19.939 I/auditd ( 0): type=1400 audit(0.0:20882): avc: denied { kill } for comm="swapper/0" capability=5 scontext=u:r:kernel:s0 tcontext=u:r:kernel:s0 tclass=capability permissive=0
01-01 13:24:00.445 E/DTC_ETH,link_delay_work_func( 0): 3003, SQI=0, link=0
02-17 09:13:20.939 I/auditd ( 0): type=1400 audit(0.0:20883): avc: denied { kill } for comm="swapper/0" capability=5 scontext=u:r:kernel:s0 tcontext=u:r:kernel:s0 tclass=capability permissive=0
02-17 09:13:21.939 I/auditd ( 0): type=1400 audit(0.0:20884): avc: denied { kill } for comm="swapper/0" capability=5 scontext=u:r:kernel:s0 tcontext=u:r:kernel:s0 tclass=capability permissive=0
02-17 09:13:22.935 I/auditd ( 0): type=1400 audit(0.0:20885): avc: denied { kill } for comm="swapper/0" capability=5 scontext=u:r:kernel:s0 tcontext=u:r:kernel:s0 tclass=capability permissive=0
02-17 09:13:23.935 I/auditd ( 0): type=1400 audit(0.0:20886): avc: denied { kill } for comm="swapper/0" capability=5 scontext=u:r:kernel:s0 tcontext=u:r:kernel:s0 tclass=capability permissive=0
02-17 09:13:24.935 I/auditd ( 0): type=1400 audit(0.0:20887): avc: denied { kill } for comm="swapper/0" capability=5 scontext=u:r:kernel:s0 tcontext=u:r:kernel:s0 tclass=capability permissive=0
01-01 13:24:05.565 E/DTC_ETH,link_delay_work_func( 0): 3003, SQI=0, link=0
02-17 09:13:25.939 I/auditd ( 0): type=1400 audit(0.0:20888): avc: denied { kill } for comm="swapper/0" capability=5 scontext=u:r:kernel:s0 tcontext=u:r:kernel:s0 tclass=capability permissive=0
02-17 09:13:26.935 I/auditd ( 0): type=1400 audit(0.0:20889): avc: denied { kill } for comm="swapper/0" capability=5 scontext=u:r:kernel:s0 tcontext=u:r:kernel:s0 tclass=capability permissive=0
02-17 09:13:27.935 I/auditd ( 0): type=1400 audit(0.0:20890): avc: denied { kill } for comm="swapper/0" capability=5 scontext=u:r:kernel:s0 tcontext=u:r:kernel:s0 tclass=capability permissive=0
02-17 09:13:28.939 I/auditd ( 0): type=1400 audit(0.0:20891): avc: denied { kill } for comm="swapper/0" capability=5 scontext=u:r:kernel:s0 tcontext=u:r:kernel:s0 tclass=capability permissive=0
02-17 09:13:29.935 I/auditd ( 0): type=1400 audit(0.0:20892): avc: denied { kill } for comm="swapper/0" capability=5 scontext=u:r:kernel:s0 tcontext=u:r:kernel:s0 tclass=capability permissive=0
01-01 13:24:10.685 E/DTC_ETH,link_delay_work_func( 0): 3003, SQI=0, link=0
02-17 09:13:30.939 I/auditd ( 0): type=1400 audit(0.0:20893): avc: denied { kill } for comm="swapper/0" capability=5 scontext=u:r:kernel:s0 tcontext=u:r:kernel:s0 tclass=capability permissive=0
02-17 09:13:31.939 I/auditd ( 0): type=1400 audit(0.0:20894): avc: denied { kill } for comm="swapper/0" capability=5 scontext=u:r:kernel:s0 tcontext=u:r:kernel:s0 tclass=capability permissive=0
02-17 09:13:32.935 I/auditd ( 0): type=1400 audit(0.0:20895): avc: denied { kill } for comm="swapper/0" capability=5 scontext=u:r:kernel:s0 tcontext=u:r:kernel:s0 tclass=capability permissive=0
02-17 09:13:33.939 I/auditd ( 0): type=1400 audit(0.0:20896): avc: denied { kill } for comm="swapper/0" capability=5 scontext=u:r:kernel:s0 tcontext=u:r:kernel:s0 tclass=capability permissive=0
02-17 09:13:34.935 I/auditd ( 0): type=1400 audit(0.0:20897): avc: denied { kill } for comm="swapper/0" capability=5 scontext=u:r:kernel:s0 tcontext=u:r:kernel:s0 tclass=capability permissive=0
01-01 13:24:15.805 E/DTC_ETH,link_delay_work_func( 0): 3003, SQI=0, link=0
02-17 09:13:35.935 I/auditd ( 0): type=1400 audit(0.0:20898): avc: denied { kill } for comm="swapper/0" capability=5 scontext=u:r:kernel:s0 tcontext=u:r:kernel:s0 tclass=capability permissive=0
02-17 09:13:36.935 I/auditd ( 0): type=1400 audit(0.0:20899): avc: denied { kill } for comm="swapper/0" capability=5 scontext=u:r:kernel:s0 tcontext=u:r:kernel:s0 tclass=capability permissive=0
02-17 09:13:37.935 I/auditd ( 0): type=1400 audit(0.0:20900): avc: denied { kill } for comm="swapper/0" capability=5 scontext=u:r:kernel:s0 tcontext=u:r:kernel:s0 tclass=capability permissive=0
02-17 09:13:38.935 I/auditd ( 0): type=1400 audit(0.0:20901): avc: denied { kill } for comm="swapper/0" capability=5 scontext=u:r:kernel:s0 tcontext=u:r:kernel:s0 tclass=capability permissive=0
02-17 09:13:39.939 I/auditd ( 0): type=1400 audit(0.0:20902): avc: denied { kill } for comm="swapper/0" capability=5 scontext=u:r:kernel:s0 tcontext=u:r:kernel:s0 tclass=capability permissive=0
01-01 13:24:20.925 E/DTC_ETH,link_delay_work_func( 0): 3003, SQI=0, link=0
02-17 09:13:40.939 I/auditd ( 0): type=1400 audit(0.0:20903): avc: denied { kill } for comm="swapper/0" capability=5 scontext=u:r:kernel:s0 tcontext=u:r:kernel:s0 tclass=capability permissive=0
02-17 09:13:41.935 I/auditd ( 0): type=1400 audit(0.0:20904): avc: denied { kill } for comm="swapper/0" capability=5 scontext=u:r:kernel:s0 tcontext=u:r:kernel:s0 tclass=capability permissive=0
02-17 09:13:42.939 I/auditd ( 0): type=1400 audit(0.0:20905): avc: denied { kill } for comm="swapper/0" capability=5 scontext=u:r:kernel:s0 tcontext=u:r:kernel:s0 tclass=capability permissive=0
02-17 09:13:43.677 I/input_interaction( 1524): Interaction with: 9864468 com.thundercomm.screensaver/android.service.dreams.DreamActivity (server), edge-swipe (server), swipe-up (server), PointerEventDispatcher0 (server),
02-17 09:13:43.681 I/wm_finish_activity( 1524): [0,138009724,120,com.thundercomm.screensaver/android.service.dreams.DreamActivity,finish-activity]
02-17 09:13:43.681 I/wm_task_moved( 1524): [1,1,13]
02-17 09:13:43.682 I/wm_task_moved( 1524): [9,1,2147483647]
02-17 09:13:43.682 I/wm_task_to_front( 1524): [0,9]
02-17 09:13:43.682 I/wm_focused_root_task( 1524): [0,0,1,120,finish-top adjustFocusToNextFocusableTask]
02-17 09:13:43.683 I/wm_set_resumed_activity( 1524): [0,com.android.launcher3/.uioverrides.QuickstepLauncher,finish-top adjustFocusToNextFocusableTask]
02-17 09:13:43.684 I/wm_pause_activity( 1524): [0,138009724,com.thundercomm.screensaver/android.service.dreams.DreamActivity,userLeaving=false,finish]
02-17 09:13:43.690 I/DreamManagerService( 1524): Gently waking up from dream.
02-17 09:13:43.692 I/wm_on_top_resumed_lost_called(19147): [138009724,android.service.dreams.DreamActivity,topStateChangedWhenResumed]
02-17 09:13:43.692 I/wm_on_paused_called(19147): [138009724,android.service.dreams.DreamActivity,performPause]
02-17 09:13:43.692 I/wm_add_to_stopping( 1524): [0,138009724,com.thundercomm.screensaver/android.service.dreams.DreamActivity,completeFinishing]
02-17 09:13:43.694 I/ActivityTaskManager( 1524): FOREGROUND_APPLICATION_CHANGED to com.android.launcher3.uioverrides.QuickstepLauncher
02-17 09:13:43.695 I/wm_set_resumed_activity( 1524): [0,com.android.launcher3/.uioverrides.QuickstepLauncher,resumeTopActivityInnerLocked]
02-17 09:13:43.695 I/DreamManagerService( 1524): Performing gentle wake from dream.
02-17 09:13:43.696 I/wm_resume_activity( 1524): [0,128678138,9,com.android.launcher3/.uioverrides.QuickstepLauncher]
02-17 09:13:43.698 I/sysui_multi_action( 1524): [757,803,799,window_time_0,802,95]
02-17 09:13:43.700 I/sysui_multi_action( 1524): [757,803,799,window_time_0,802,0]
02-17 09:13:43.706 I/view_enqueue_input_event(19147): [Motion - Cancel,com.thundercomm.screensaver/android.service.dreams.DreamActivity]
02-17 09:13:43.709 W/ContextImpl( 2121): Calling a method in the system process without a qualified user: android.app.ContextImpl.startService:1816 android.content.ContextWrapper.startService:774 com.thundercomm.gamemode.ingame.services.GameModeActionUtils.startGameModeService:111 com.thundercomm.gamemode.ingame.services.GameModeActionUtils.startGameModeEntry:22 com.thundercomm.gamemode.ingame.services.ActivityMonitoringService$1.onActivityLaunch:139
02-17 09:13:43.710 I/input_focus( 1524): [Focus leaving 9864468 com.thundercomm.screensaver/android.service.dreams.DreamActivity (server),reason=NO_WINDOW]
02-17 09:13:43.711 I/am_uid_active( 1524): 10062
02-17 09:13:43.714 I/GameModeConfig( 1524): Current uri is uri = content://com.thundercomm.gamemode.api/gamemode_settings/gamemode_isgaming
02-17 09:13:43.715 I/input_interaction( 1524): Interaction with: edge-swipe (server), swipe-up (server), PointerEventDispatcher0 (server),
02-17 09:13:43.716 I/GameModeConfig( 1524): isGameModeOn = false
02-17 09:13:43.716 I/GameModeConfig( 1524): isGameModeOn = false
02-17 09:13:43.716 I/GameModeConfig( 1524): isDisableVoice = true
02-17 09:13:43.717 I/wm_on_restart_called( 2568): [128678138,com.android.launcher3.uioverrides.QuickstepLauncher,performRestartActivity]
02-17 09:13:43.717 I/wm_on_start_called( 2568): [128678138,com.android.launcher3.uioverrides.QuickstepLauncher,handleStartActivity]
02-17 09:13:43.718 I/wm_on_resume_called( 2568): [128678138,com.android.launcher3.uioverrides.QuickstepLauncher,RESUME_ACTIVITY]
02-17 09:13:43.718 I/wm_on_top_resumed_gained_called( 2568): [128678138,com.android.launcher3.uioverrides.QuickstepLauncher,topWhenResuming]
02-17 09:13:43.721 I/am_pss ( 1524): [19878,1000,com.android.settings,24316928,12578816,0,118874112,0,19,6]
02-17 09:13:43.726 I/input_focus( 1524): [Focus request 321be4b com.android.launcher3/com.android.launcher3.uioverrides.QuickstepLauncher,reason=UpdateInputWindows]
02-17 09:13:43.740 I/PowerManagerService( 1524): Powering on display group fromDreaming (groupId=0, uid=1000, reason=WAKE_REASON_UNKNOWN, details=android.server.power:DREAM_FINISHED)...
02-17 09:13:43.740 I/PowerManagerService( 1524): Waking up from Dreaming (uid=1000, reason=WAKE_REASON_UNKNOWN, details=android.server.power:DREAM_FINISHED)...
02-17 09:13:43.754 I/input_focus( 1524): [Focus entering 321be4b com.android.launcher3/com.android.launcher3.uioverrides.QuickstepLauncher (server),reason=Window became focusable. Previous reason: NOT_VISIBLE]
02-17 09:13:43.797 W/FreeFormWindowHelper( 1524): Current Display FreeFormTask is null
02-17 09:13:43.808 W/ContextImpl( 2121): Calling a method in the system process without a qualified user: android.app.ContextImpl.startService:1816 android.content.ContextWrapper.startService:774 com.thundercomm.gamemode.ingame.services.GameModeActionUtils.startGameModeService:111 com.thundercomm.gamemode.ingame.services.GameModeActionUtils.startGameModeEntry:22 com.thundercomm.gamemode.ingame.services.ActivityMonitoringService$1.onActivityLaunch:139
02-17 09:13:43.811 I/GameModeConfig( 1524): Current uri is uri = content://com.thundercomm.gamemode.api/gamemode_settings/gamemode_isgaming
02-17 09:13:43.813 I/GameModeConfig( 1524): isGameModeOn = false
02-17 09:13:43.813 I/GameModeConfig( 1524): isGameModeOn = false
02-17 09:13:43.813 I/GameModeConfig( 1524): isDisableVoice = true
02-17 09:13:43.989 I/wm_destroy_activity( 1524): [0,138009724,120,com.thundercomm.screensaver/android.service.dreams.DreamActivity,finish-imm:idle]
02-17 09:13:43.995 I/wm_on_stop_called(19147): [138009724,android.service.dreams.DreamActivity,LIFECYCLER_STOP_ACTIVITY]
02-17 09:13:43.996 I/wm_on_destroy_called(19147): [138009724,android.service.dreams.DreamActivity,performDestroy]
02-17 09:13:43.998 I/DreamManagerService( 1524): Leaving dreamland.
02-17 09:13:44.000 I/DreamManagerService( 1524): Performing gentle wake from dream.
02-17 09:13:44.000 I/DreamController( 1524): Stopping dream: name=ComponentInfo{com.thundercomm.screensaver/com.thundercomm.saverclock.service.ClockScreensaver}, isTest=false, canDoze=false, userId=0, reason='finished self'(from 'finished self')
02-17 09:13:44.000 I/sysui_multi_action( 1524): [757,222,758,2]
02-17 09:13:44.000 I/sysui_multi_action( 1524): [757,804,799,dreaming_minutes,801,1,802,1]
02-17 09:13:44.000 W/ContextImpl( 2121): Calling a method in the system process without a qualified user: android.app.ContextImpl.startService:1816 android.content.ContextWrapper.startService:774 com.thundercomm.gamemode.ingame.services.GameModeActionUtils.startGameModeService:111 com.thundercomm.gamemode.ingame.services.GameModeActionUtils.startGameModeEntry:22 com.thundercomm.gamemode.ingame.services.ActivityMonitoringService$1.onActivityLaunch:139
02-17 09:13:44.005 I/GameModeConfig( 1524): Current uri is uri = content://com.thundercomm.gamemode.api/gamemode_settings/gamemode_isgaming
02-17 09:13:44.006 I/GameModeConfig( 1524): isGameModeOn = false
02-17 09:13:44.007 I/GameModeConfig( 1524): isGameModeOn = false
02-17 09:13:44.007 I/GameModeConfig( 1524): isDisableVoice = true
02-17 09:13:44.012 I/wm_task_removed( 1524): [120,removeChild:removeChild last r=ActivityRecord{839dc7c u0 com.thundercomm.screensaver/android.service.dreams.DreamActivity t-1 f}} in t=Task{8fc0bf1 #120 type=dream A=10040:android:com.thundercomm.screensaver/dream U=0 visible=false mode=fullscreen translucent=true sz=0}]
02-17 09:13:44.012 I/wm_task_removed( 1524): [120,removeChild]
02-17 09:13:44.014 W/ActivityTaskManager( 1524): Can't find TaskDisplayArea to determine support for multi window. Task id=120 attached=false
02-17 09:13:44.491 I/input_interaction( 1524): Interaction with: d4326e3 StatusBar (server), edge-swipe (server), swipe-up (server), PointerEventDispatcher0 (server),
02-17 09:13:44.494 I/sysui_multi_action( 1999): [757,803,799,panel_open,802,1]
02-17 09:13:44.495 I/sysui_multi_action( 1999): [757,1328,758,4,1326,45,1327,5,1329,0]
02-17 09:13:44.527 I/sysui_multi_action( 1524): [757,127,758,1]
02-17 09:13:44.527 I/sysui_multi_action( 1524): [757,804,799,note_load,801,3,802,1]
02-17 09:13:44.527 I/notification_panel_revealed( 1524): 3
02-17 09:13:44.542 I/input_focus( 1524): [Focus request febc086 NotificationShade,reason=UpdateInputWindows]
02-17 09:13:44.550 I/sysui_multi_action( 1524): [757,128,758,1,793,18249161,794,0,795,18249161,796,26,798,0,806,android,857,DEVELOPER_IMPORTANT,858,4,947,0,1395,3,1500,18248954,1688,1]
02-17 09:13:44.551 I/sysui_multi_action( 1524): [757,804,799,note_freshness,801,18249161,802,1]
02-17 09:13:44.551 I/notification_visibility( 1524): [-1|android|26|null|1000,1,18249161,18249161,0,0]
02-17 09:13:44.552 I/sysui_multi_action( 1524): [757,128,758,1,793,3482085,794,0,795,3482085,796,4273,798,1,806,com.android.systemui,857,screen_record,858,3,947,0,1395,3,1500,3481881,1688,1,1745,680407814]
02-17 09:13:44.552 I/sysui_multi_action( 1524): [757,804,799,note_freshness,801,3482085,802,1]
02-17 09:13:44.552 I/notification_visibility( 1524): [0|com.android.systemui|4273|null|10080,1,3482085,3482085,0,1]
02-17 09:13:44.552 I/sysui_multi_action( 1524): [757,128,758,1,793,19451097,794,0,795,19451097,796,32,798,2,806,android,857,USB,858,1,947,0,1395,3,1500,19450665,1688,1]
02-17 09:13:44.553 I/sysui_multi_action( 1524): [757,804,799,note_freshness,801,19451097,802,1]
02-17 09:13:44.553 I/notification_visibility( 1524): [-1|android|32|null|1000,1,19451097,19451097,0,2]
02-17 09:13:44.557 I/input_focus( 1524): [Focus leaving 321be4b com.android.launcher3/com.android.launcher3.uioverrides.QuickstepLauncher (server),reason=setFocusedWindow]
02-17 09:13:44.558 I/input_focus( 1524): [Focus entering febc086 NotificationShade (server),reason=setFocusedWindow]
02-17 09:13:44.572 I/sysui_multi_action( 1999): [757,111,758,1]
02-17 09:13:44.572 I/sysui_multi_action( 1999): [757,126,758,1,759,126,927,0,928,0,1593,0]
02-17 09:13:44.572 I/sysui_multi_action( 1999): [757,113,758,1,759,113,927,1,928,1,1593,0]
02-17 09:13:44.572 I/sysui_multi_action( 1999): [757,0,758,1,759,0,927,2,928,0,1593,0]
02-17 09:13:44.572 I/sysui_multi_action( 1999): [757,0,758,1,759,0,927,3,928,0,1593,0]
02-17 09:13:44.572 I/sysui_multi_action( 1999): [757,491,758,1,759,491,927,4,928,0,1311,-1,1593,0]
02-17 09:13:44.572 I/sysui_multi_action( 1999): [757,122,758,1,759,122,927,5,928,1,1593,0]
02-17 09:13:44.573 I/sysui_multi_action( 1999): [757,0,758,1,759,0,927,6,928,0,1593,0]
02-17 09:13:44.573 I/sysui_multi_action( 1999): [757,0,758,1,759,0,927,7,1593,0]
02-17 09:13:44.573 I/sysui_multi_action( 1999): [757,111,758,1]
02-17 09:13:44.573 I/sysui_multi_action( 1999): [757,126,758,1,759,126,927,0,928,0,1593,0]
02-17 09:13:44.573 I/sysui_multi_action( 1999): [757,113,758,1,759,113,927,1,928,1,1593,0]
02-17 09:13:44.573 I/sysui_multi_action( 1999): [757,0,758,1,759,0,927,2,928,0,1593,0]
02-17 09:13:44.573 I/sysui_multi_action( 1999): [757,0,758,1,759,0,927,3,928,0,1593,0]
01-01 13:24:26.045 E/DTC_ETH,link_delay_work_func( 0): 3003, SQI=0, link=0
02-17 09:13:45.935 I/auditd ( 0): type=1400 audit(0.0:20906): avc: denied { kill } for comm="swapper/2" capability=5 scontext=u:r:kernel:s0 tcontext=u:r:kernel:s0 tclass=capability permissive=0
02-17 09:13:46.935 I/auditd ( 0): type=1400 audit(0.0:20907): avc: denied { kill } for comm="swapper/2" capability=5 scontext=u:r:kernel:s0 tcontext=u:r:kernel:s0 tclass=capability permissive=0
02-17 09:13:47.939 I/auditd ( 0): type=1400 audit(0.0:20908): avc: denied { kill } for comm="swapper/2" capability=5 scontext=u:r:kernel:s0 tcontext=u:r:kernel:s0 tclass=capability permissive=0
02-17 09:13:48.939 I/auditd ( 0): type=1400 audit(0.0:20909): avc: denied { kill } for comm="swapper/2" capability=5 scontext=u:r:kernel:s0 tcontext=u:r:kernel:s0 tclass=capability permissive=0
02-17 09:13:49.935 I/auditd ( 0): type=1400 audit(0.0:20910): avc: denied { kill } for comm="swapper/2" capability=5 scontext=u:r:kernel:s0 tcontext=u:r:kernel:s0 tclass=capability permissive=0
02-17 09:13:50.939 I/auditd ( 0): type=1400 audit(0.0:20911): avc: denied { kill } for comm="swapper/2" capability=5 scontext=u:r:kernel:s0 tcontext=u:r:kernel:s0 tclass=capability permissive=0
01-01 13:24:31.166 E/DTC_ETH,link_delay_work_func( 0): 3003, SQI=0, link=0
02-17 09:13:51.939 I/auditd ( 0): type=1400 audit(0.0:20912): avc: denied { kill } for comm="swapper/2" capability=5 scontext=u:r:kernel:s0 tcontext=u:r:kernel:s0 tclass=capability permissive=0
02-17 09:13:52.935 I/auditd ( 0): type=1400 audit(0.0:20913): avc: denied { kill } for comm="swapper/2" capability=5 scontext=u:r:kernel:s0 tcontext=u:r:kernel:s0 tclass=capability permissive=0
02-17 09:13:53.935 I/auditd ( 0): type=1400 audit(0.0:20914): avc: denied { kill } for comm="swapper/2" capability=5 scontext=u:r:kernel:s0 tcontext=u:r:kernel:s0 tclass=capability permissive=0
02-17 09:13:54.935 I/auditd ( 0): type=1400 audit(0.0:20915): avc: denied { kill } for comm="swapper/2" capability=5 scontext=u:r:kernel:s0 tcontext=u:r:kernel:s0 tclass=capability permissive=0
02-17 09:13:55.939 I/auditd ( 0): type=1400 audit(0.0:20916): avc: denied { kill } for comm="swapper/2" capability=5 scontext=u:r:kernel:s0 tcontext=u:r:kernel:s0 tclass=capability permissive=0
01-01 13:24:36.285 E/DTC_ETH,link_delay_work_func( 0): 3003, SQI=0, link=0
02-17 09:13:56.935 I/auditd ( 0): type=1400 audit(0.0:20917): avc: denied { kill } for comm="swapper/2" capability=5 scontext=u:r:kernel:s0 tcontext=u:r:kernel:s0 tclass=capability permissive=0
02-17 09:13:57.935 I/auditd ( 0): type=1400 audit(0.0:20918): avc: denied { kill } for comm="swapper/2" capability=5 scontext=u:r:kernel:s0 tcontext=u:r:kernel:s0 tclass=capability permissive=0
02-17 09:13:58.939 I/auditd ( 0): type=1400 audit(0.0:20919): avc: denied { kill } for comm="swapper/2" capability=5 scontext=u:r:kernel:s0 tcontext=u:r:kernel:s0 tclass=capability permissive=0
02-17 09:13:59.939 I/auditd ( 0): type=1400 audit(0.0:20920): avc: denied { kill } for comm="swapper/2" capability=5 scontext=u:r:kernel:s0 tcontext=u:r:kernel:s0 tclass=capability permissive=0
02-17 09:14:00.935 I/auditd ( 0): type=1400 audit(0.0:20921): avc: denied { kill } for comm="swapper/2" capability=5 scontext=u:r:kernel:s0 tcontext=u:r:kernel:s0 tclass=capability permissive=0
01-01 13:24:41.405 E/DTC_ETH,link_delay_work_func( 0): 3003, SQI=0, link=0
02-17 09:14:01.935 I/auditd ( 0): type=1400 audit(0.0:20922): avc: denied { kill } for comm="swapper/2" capability=5 scontext=u:r:kernel:s0 tcontext=u:r:kernel:s0 tclass=capability permissive=0
02-17 09:14:02.935 I/auditd ( 0): type=1400 audit(0.0:20923): avc: denied { kill } for comm="swapper/2" capability=5 scontext=u:r:kernel:s0 tcontext=u:r:kernel:s0 tclass=capability permissive=0
02-17 09:14:03.939 I/auditd ( 0): type=1400 audit(0.0:20924): avc: denied { kill } for comm="swapper/2" capability=5 scontext=u:r:kernel:s0 tcontext=u:r:kernel:s0 tclass=capability permissive=0
02-17 09:14:04.935 I/auditd ( 0): type=1400 audit(0.0:20925): avc: denied { kill } for comm="swapper/2" capability=5 scontext=u:r:kernel:s0 tcontext=u:r:kernel:s0 tclass=capability permissive=0
02-17 09:14:05.935 I/auditd ( 0): type=1400 audit(0.0:20926): avc: denied { kill } for comm="swapper/2" capability=5 scontext=u:r:kernel:s0 tcontext=u:r:kernel:s0 tclass=capability permissive=0
01-01 13:24:46.525 E/DTC_ETH,link_delay_work_func( 0): 3003, SQI=0, link=0
02-17 09:14:06.939 I/auditd ( 0): type=1400 audit(0.0:20927): avc: denied { kill } for comm="swapper/2" capability=5 scontext=u:r:kernel:s0 tcontext=u:r:kernel:s0 tclass=capability permissive=0
02-17 09:14:07.939 I/auditd ( 0): type=1400 audit(0.0:20928): avc: denied { kill } for comm="swapper/2" capability=5 scontext=u:r:kernel:s0 tcontext=u:r:kernel:s0 tclass=capability permissive=0
02-17 09:14:08.935 I/auditd ( 0): type=1400 audit(0.0:20929): avc: denied { kill } for comm="swapper/2" capability=5 scontext=u:r:kernel:s0 tcontext=u:r:kernel:s0 tclass=capability permissive=0
02-17 09:14:09.935 I/auditd ( 0): type=1400 audit(0.0:20930): avc: denied { kill } for comm="swapper/2" capability=5 scontext=u:r:kernel:s0 tcontext=u:r:kernel:s0 tclass=capability permissive=0
01-01 13:24:51.645 E/DTC_ETH,link_delay_work_func( 0): 3003, SQI=0, link=0
02-17 09:14:11.935 I/auditd ( 0): type=1400 audit(0.0:20931): avc: denied { kill } for comm="swapper/2" capability=5 scontext=u:r:kernel:s0 tcontext=u:r:kernel:s0 tclass=capability permissive=0
02-17 09:14:12.935 I/auditd ( 0): type=1400 audit(0.0:20932): avc: denied { kill } for comm="swapper/2" capability=5 scontext=u:r:kernel:s0 tcontext=u:r:kernel:s0 tclass=capability permissive=0
02-17 09:14:13.935 I/auditd ( 0): type=1400 audit(0.0:20933): avc: denied { kill } for comm="swapper/2" capability=5 scontext=u:r:kernel:s0 tcontext=u:r:kernel:s0 tclass=capability permissive=0
02-17 09:14:14.939 I/auditd ( 0): type=1400 audit(0.0:20934): avc: denied { kill } for comm="swapper/2" capability=5 scontext=u:r:kernel:s0 tcontext=u:r:kernel:s0 tclass=capability permissive=0
02-17 09:14:15.939 I/auditd ( 0): type=1400 audit(0.0:20935): avc: denied { kill } for comm="swapper/2" capability=5 scontext=u:r:kernel:s0 tcontext=u:r:kernel:s0 tclass=capability permissive=0
01-01 13:24:56.765 E/DTC_ETH,link_delay_work_func( 0): 3003, SQI=0, link=0
02-17 09:14:16.939 I/auditd ( 0): type=1400 audit(0.0:20936): avc: denied { kill } for comm="swapper/2" capability=5 scontext=u:r:kernel:s0 tcontext=u:r:kernel:s0 tclass=capability permissive=0
02-17 09:14:17.939 I/auditd ( 0): type=1400 audit(0.0:20937): avc: denied { kill } for comm="swapper/2" capability=5 scontext=u:r:kernel:s0 tcontext=u:r:kernel:s0 tclass=capability permissive=0
02-17 09:14:18.935 I/auditd ( 0): type=1400 audit(0.0:20938): avc: denied { kill } for comm="swapper/2" capability=5 scontext=u:r:kernel:s0 tcontext=u:r:kernel:s0 tclass=capability permissive=0
02-17 09:14:19.935 I/auditd ( 0): type=1400 audit(0.0:20939): avc: denied { kill } for comm="swapper/2" capability=5 scontext=u:r:kernel:s0 tcontext=u:r:kernel:s0 tclass=capability permissive=0
02-17 09:14:20.939 I/auditd ( 0): type=1400 audit(0.0:20940): avc: denied { kill } for comm="swapper/2" capability=5 scontext=u:r:kernel:s0 tcontext=u:r:kernel:s0 tclass=capability permissive=0
01-01 13:25:01.885 E/DTC_ETH,link_delay_work_func( 0): 3003, SQI=0, link=0
02-17 09:14:21.935 I/auditd ( 0): type=1400 audit(0.0:20941): avc: denied { kill } for comm="swapper/2" capability=5 scontext=u:r:kernel:s0 tcontext=u:r:kernel:s0 tclass=capability permissive=0
02-17 09:14:22.939 I/auditd ( 0): type=1400 audit(0.0:20942): avc: denied { kill } for comm="swapper/2" capability=5 scontext=u:r:kernel:s0 tcontext=u:r:kernel:s0 tclass=capability permissive=0
02-17 09:14:23.939 I/auditd ( 0): type=1400 audit(0.0:20943): avc: denied { kill } for comm="swapper/2" capability=5 scontext=u:r:kernel:s0 tcontext=u:r:kernel:s0 tclass=capability permissive=0
02-17 09:14:24.939 I/auditd ( 0): type=1400 audit(0.0:20944): avc: denied { kill } for comm="swapper/2" capability=5 scontext=u:r:kernel:s0 tcontext=u:r:kernel:s0 tclass=capability permissive=0
02-17 09:14:25.939 I/auditd ( 0): type=1400 audit(0.0:20945): avc: denied { kill } for comm="swapper/2" capability=5 scontext=u:r:kernel:s0 tcontext=u:r:kernel:s0 tclass=capability permissive=0
01-01 13:25:07.005 E/DTC_ETH,link_delay_work_func( 0): 3003, SQI=0, link=0
02-17 09:14:26.935 I/auditd ( 0): type=1400 audit(0.0:20946): avc: denied { kill } for comm="swapper/2" capability=5 scontext=u:r:kernel:s0 tcontext=u:r:kernel:s0 tclass=capability permissive=0
02-17 09:14:27.939 I/auditd ( 0): type=1400 audit(0.0:20947): avc: denied { kill } for comm="swapper/2" capability=5 scontext=u:r:kernel:s0 tcontext=u:r:kernel:s0 tclass=capability permissive=0
02-17 09:14:28.939 I/auditd ( 0): type=1400 audit(0.0:20948): avc: denied { kill } for comm="swapper/2" capability=5 scontext=u:r:kernel:s0 tcontext=u:r:kernel:s0 tclass=capability permissive=0
02-17 09:14:29.935 I/auditd ( 0): type=1400 audit(0.0:20949): avc: denied { kill } for comm="swapper/2" capability=5 scontext=u:r:kernel:s0 tcontext=u:r:kernel:s0 tclass=capability permissive=0
02-17 09:14:30.935 I/auditd ( 0): type=1400 audit(0.0:20950): avc: denied { kill } for comm="swapper/2" capability=5 scontext=u:r:kernel:s0 tcontext=u:r:kernel:s0 tclass=capability permissive=0
02-17 09:14:31.939 I/auditd ( 0): type=1400 audit(0.0:20951): avc: denied { kill } for comm="swapper/2" capability=5 scontext=u:r:kernel:s0 tcontext=u:r:kernel:s0 tclass=capability permissive=0
01-01 13:25:12.125 E/DTC_ETH,link_delay_work_func( 0): 3003, SQI=0, link=0
02-17 09:14:32.935 I/auditd ( 0): type=1400 audit(0.0:20952): avc: denied { kill } for comm="swapper/2" capability=5 scontext=u:r:kernel:s0 tcontext=u:r:kernel:s0 tclass=capability permissive=0
02-17 09:14:33.935 I/auditd ( 0): type=1400 audit(0.0:20953): avc: denied { kill } for comm="swapper/2" capability=5 scontext=u:r:kernel:s0 tcontext=u:r:kernel:s0 tclass=capability permissive=0
02-17 09:14:34.939 I/auditd ( 0): type=1400 audit(0.0:20954): avc: denied { kill } for comm="swapper/2" capability=5 scontext=u:r:kernel:s0 tcontext=u:r:kernel:s0 tclass=capability permissive=0
02-17 09:14:35.935 I/auditd ( 0): type=1400 audit(0.0:20955): avc: denied { kill } for comm="swapper/2" capability=5 scontext=u:r:kernel:s0 tcontext=u:r:kernel:s0 tclass=capability permissive=0
02-17 09:14:36.939 I/auditd ( 0): type=1400 audit(0.0:20956): avc: denied { kill } for comm="swapper/2" capability=5 scontext=u:r:kernel:s0 tcontext=u:r:kernel:s0 tclass=capability permissive=0
01-01 13:25:17.245 E/DTC_ETH,link_delay_work_func( 0): 3003, SQI=0, link=0
02-17 09:14:37.748 V/DisplayPowerController[0]( 1524): Brightness [0.05] reason changing to: 'manual [ dim ]', previous reason: 'manual'.
02-17 09:14:37.748 I/sysui_multi_action( 1524): [757,1696,758,6,759,2]
02-17 09:14:37.749 W/PowerManagerService( 1524): Screen on took 54009 ms
02-17 09:14:37.760 E/DisplayDeviceConfig( 1524): requesting nits when no mapping exists.
02-17 09:14:37.761 E/DisplayDeviceConfig( 1524): requesting nits when no mapping exists.
02-17 09:14:37.761 I/am_wtf ( 1524): [0,1524,system_server,-1,DisplayDeviceConfig,requesting nits when no mapping exists.]
02-17 09:14:37.762 I/DropBoxManagerService( 1524): add tag=system_server_wtf isTagEnabled=true flags=0x2
02-17 09:14:37.764 I/am_wtf ( 1524): [0,1524,system_server,-1,DisplayDeviceConfig,requesting nits when no mapping exists.]
02-17 09:14:37.766 I/DropBoxManagerService( 1524): add tag=system_server_wtf isTagEnabled=true flags=0x2
02-17 09:14:37.776 E/DisplayDeviceConfig( 1524): requesting nits when no mapping exists.
02-17 09:14:37.776 E/DisplayDeviceConfig( 1524): requesting nits when no mapping exists.
02-17 09:14:37.783 E/DisplayDeviceConfig( 1524): requesting nits when no mapping exists.
02-17 09:14:37.784 E/DisplayDeviceConfig( 1524): requesting nits when no mapping exists.
02-17 09:14:37.799 E/DisplayDeviceConfig( 1524): requesting nits when no mapping exists.
02-17 09:14:37.799 E/DisplayDeviceConfig( 1524): requesting nits when no mapping exists.
02-17 09:14:37.816 E/DisplayDeviceConfig( 1524): requesting nits when no mapping exists.
02-17 09:14:37.816 E/DisplayDeviceConfig( 1524): requesting nits when no mapping exists.
02-17 09:14:37.832 E/DisplayDeviceConfig( 1524): requesting nits when no mapping exists.
02-17 09:14:37.832 E/DisplayDeviceConfig( 1524): requesting nits when no mapping exists.
02-17 09:14:37.837 I/am_wtf ( 1524): [0,1524,system_server,-1,DisplayDeviceConfig,requesting nits when no mapping exists.]
02-17 09:14:37.837 I/DropBoxManagerService( 1524): add tag=system_server_wtf isTagEnabled=true flags=0x2
02-17 09:14:37.838 I/am_wtf ( 1524): [0,1524,system_server,-1,DisplayDeviceConfig,requesting nits when no mapping exists.]
02-17 09:14:37.839 I/service_manager_stats( 1524): [100,23,148831]
02-17 09:14:37.839 I/DropBoxManagerService( 1524): add tag=system_server_wtf isTagEnabled=true flags=0x2
02-17 09:14:37.839 I/am_wtf ( 1524): [0,1524,system_server,-1,DisplayDeviceConfig,requesting nits when no mapping exists.]
02-17 09:14:37.839 I/DropBoxManagerService( 1524): add tag=system_server_wtf isTagEnabled=true flags=0x2
02-17 09:14:37.840 I/am_wtf ( 1524): [0,1524,system_server,-1,DisplayDeviceConfig,requesting nits when no mapping exists.]
02-17 09:14:37.840 I/am_wtf ( 1524): [0,1524,system_server,-1,DisplayDeviceConfig,requesting nits when no mapping exists.]
02-17 09:14:37.840 I/am_wtf ( 1524): [0,1524,system_server,-1,DisplayDeviceConfig,requesting nits when no mapping exists.]
02-17 09:14:37.841 I/am_wtf ( 1524): [0,1524,system_server,-1,DisplayDeviceConfig,requesting nits when no mapping exists.]
02-17 09:14:37.841 I/am_wtf ( 1524): [0,1524,system_server,-1,DisplayDeviceConfig,requesting nits when no mapping exists.]
02-17 09:14:37.841 I/am_wtf ( 1524): [0,1524,system_server,-1,DisplayDeviceConfig,requesting nits when no mapping exists.]
02-17 09:14:37.842 I/am_wtf ( 1524): [0,1524,system_server,-1,DisplayDeviceConfig,requesting nits when no mapping exists.]
02-17 09:14:37.849 E/DisplayDeviceConfig( 1524): requesting nits when no mapping exists.
02-17 09:14:37.849 E/DisplayDeviceConfig( 1524): requesting nits when no mapping exists.
02-17 09:14:37.849 I/am_wtf ( 1524): [0,1524,system_server,-1,DisplayDeviceConfig,requesting nits when no mapping exists.]
02-17 09:14:37.850 I/am_wtf ( 1524): [0,1524,system_server,-1,DisplayDeviceConfig,requesting nits when no mapping exists.]
02-17 09:14:37.866 E/DisplayDeviceConfig( 1524): requesting nits when no mapping exists.
02-17 09:14:37.867 E/DisplayDeviceConfig( 1524): requesting nits when no mapping exists.
02-17 09:14:37.867 I/am_wtf ( 1524): [0,1524,system_server,-1,DisplayDeviceConfig,requesting nits when no mapping exists.]
02-17 09:14:37.868 I/am_wtf ( 1524): [0,1524,system_server,-1,DisplayDeviceConfig,requesting nits when no mapping exists.]
02-17 09:14:37.884 E/DisplayDeviceConfig( 1524): requesting nits when no mapping exists.
02-17 09:14:37.884 E/DisplayDeviceConfig( 1524): requesting nits when no mapping exists.
02-17 09:14:37.884 I/am_wtf ( 1524): [0,1524,system_server,-1,DisplayDeviceConfig,requesting nits when no mapping exists.]
02-17 09:14:37.885 I/am_wtf ( 1524): [0,1524,system_server,-1,DisplayDeviceConfig,requesting nits when no mapping exists.]
02-17 09:14:37.900 E/DisplayDeviceConfig( 1524): requesting nits when no mapping exists.
02-17 09:14:37.900 E/DisplayDeviceConfig( 1524): requesting nits when no mapping exists.
02-17 09:14:37.900 I/am_wtf ( 1524): [0,1524,system_server,-1,DisplayDeviceConfig,requesting nits when no mapping exists.]
02-17 09:14:37.901 I/am_wtf ( 1524): [0,1524,system_server,-1,DisplayDeviceConfig,requesting nits when no mapping exists.]
02-17 09:14:37.917 E/DisplayDeviceConfig( 1524): requesting nits when no mapping exists.
