02-17 08:41:24.075 I/thunderperf( 1524): CompatConfig.addOverrideUnsafe: bef-state=0
02-17 08:41:24.075 I/thunderperf( 1524): CompatConfig.addOverrideUnsafe: aft-state=0
02-17 08:41:24.075 I/thunderperf( 1524): CompatConfig.addOverrideUnsafe: bef-state=0
02-17 08:41:24.075 I/thunderperf( 1524): CompatConfig.addOverrideUnsafe: aft-state=0
02-17 08:41:24.075 I/thunderperf( 1524): CompatConfig.addOverrideUnsafe: bef-state=0
02-17 08:41:24.075 I/thunderperf( 1524): CompatConfig.addOverrideUnsafe: aft-state=0
02-17 08:41:24.075 I/thunderperf( 1524): CompatConfig.addOverrideUnsafe: bef-state=0
02-17 08:41:24.075 I/thunderperf( 1524): CompatConfig.addOverrideUnsafe: aft-state=0
02-17 08:41:24.076 I/thunderperf( 1524): CompatConfig.addOverrideUnsafe: bef-state=0
02-17 08:41:24.076 I/thunderperf( 1524): CompatConfig.addOverrideUnsafe: aft-state=0
02-17 08:41:24.076 I/thunderperf( 1524): CompatConfig.addOverrideUnsafe: bef-state=0
02-17 08:41:24.076 I/thunderperf( 1524): CompatConfig.addOverrideUnsafe: aft-state=0
02-17 08:41:24.076 I/thunderperf( 1524): CompatConfig.addOverrideUnsafe: bef-state=0
02-17 08:41:24.076 I/thunderperf( 1524): CompatConfig.addOverrideUnsafe: aft-state=0
02-17 08:41:24.077 I/thunderperf( 1524): CompatConfig.addOverrideUnsafe: bef-state=0
02-17 08:41:24.077 I/thunderperf( 1524): CompatConfig.addOverrideUnsafe: aft-state=0
02-17 08:41:24.077 I/thunderperf( 1524): CompatConfig.addOverrideUnsafe: bef-state=0
02-17 08:41:24.077 I/thunderperf( 1524): CompatConfig.addOverrideUnsafe: aft-state=0
02-17 08:41:24.077 I/thunderperf( 1524): CompatConfig.addOverrideUnsafe: bef-state=0
02-17 08:41:24.077 I/thunderperf( 1524): CompatConfig.addOverrideUnsafe: aft-state=0
02-17 08:41:24.077 I/thunderperf( 1524): CompatConfig.addOverrideUnsafe: bef-state=0
02-17 08:41:24.077 I/thunderperf( 1524): CompatConfig.addOverrideUnsafe: aft-state=0
02-17 08:41:24.078 I/thunderperf( 1524): CompatConfig.addOverrideUnsafe: bef-state=0
02-17 08:41:24.078 I/thunderperf( 1524): CompatConfig.addOverrideUnsafe: aft-state=0
02-17 08:41:24.078 I/thunderperf( 1524): CompatConfig.addOverrideUnsafe: bef-state=0
02-17 08:41:24.078 I/thunderperf( 1524): CompatConfig.addOverrideUnsafe: aft-state=0
02-17 08:41:24.078 I/thunderperf( 1524): CompatConfig.addOverrideUnsafe: bef-state=0
02-17 08:41:24.078 I/thunderperf( 1524): CompatConfig.addOverrideUnsafe: aft-state=0
02-17 08:41:24.082 I/ActivityTaskManager( 1524): START u0 {act=android.settings.BLUETOOTH_SETTINGS flg=0x14000000 cmp=com.android.settings/.homepage.SettingsHomepageActivity (has extras)} from uid 1000
02-17 08:41:24.087 I/ActivityTaskManager( 1524): FOREGROUND_APPLICATION_CHANGED to com.android.settings.homepage.SettingsHomepageActivity
02-17 08:41:24.092 E/ActivityThread(16130): Failed to find provider info for com.google.android.gms.nearby.fastpair
02-17 08:41:24.092 E/ActivityThread(16130): Failed to find provider info for com.google.android.gms.nearby.fastpair
02-17 08:41:24.191 W/FreeFormWindowHelper( 1524): Current Display FreeFormTask is null
02-17 08:41:24.193 W/ContextImpl( 2121): Calling a method in the system process without a qualified user: android.app.ContextImpl.startService:1816 android.content.ContextWrapper.startService:774 com.thundercomm.gamemode.ingame.services.GameModeActionUtils.startGameModeService:111 com.thundercomm.gamemode.ingame.services.GameModeActionUtils.startGameModeEntry:22 com.thundercomm.gamemode.ingame.services.ActivityMonitoringService$1.onActivityLaunch:139
02-17 08:41:24.194 I/GameModeConfig( 1524): Current uri is uri = content://com.thundercomm.gamemode.api/gamemode_settings/gamemode_isgaming
02-17 08:41:24.195 I/GameModeConfig( 1524): isGameModeOn = false
02-17 08:41:24.195 I/GameModeConfig( 1524): isGameModeOn = false
02-17 08:41:24.195 I/GameModeConfig( 1524): isDisableVoice = true
02-17 08:41:24.333 E/UserRestrictionsUtils( 1524): Unknown restriction queried by uid 1000 (com.android.localtransport et al): null
02-17 08:41:24.364 E/ActivityThread(16130): Failed to find provider info for com.google.android.gms.nearby.fastpair
02-17 08:41:24.364 E/ActivityThread(16130): Failed to find provider info for com.google.android.gms.nearby.fastpair
02-17 08:41:24.592 I/GameModeConfig( 1524): isGameModeOn = false
02-17 08:41:24.592 I/GameModeConfig( 1524): isGameModeOn = false
02-17 08:41:24.592 I/GameModeConfig( 1524): isGameModeOn = false
02-17 08:41:24.592 I/GameModeConfig( 1524): isGameModeOn = false
02-17 08:41:24.592 I/GameModeConfig( 1524): isGameModeOn = false
02-17 08:41:24.592 I/GameModeConfig( 1524): isGameModeOn = false
02-17 08:41:24.629 W/ContextImpl( 2121): Calling a method in the system process without a qualified user: android.app.ContextImpl.startService:1816 android.content.ContextWrapper.startService:774 com.thundercomm.gamemode.ingame.services.GameModeActionUtils.startGameModeService:111 com.thundercomm.gamemode.ingame.services.GameModeActionUtils.startGameModeEntry:22 com.thundercomm.gamemode.ingame.services.ActivityMonitoringService$1.onActivityLaunch:139
02-17 08:41:24.630 I/GameModeConfig( 1524): Current uri is uri = content://com.thundercomm.gamemode.api/gamemode_settings/gamemode_isgaming
02-17 08:41:24.631 I/GameModeConfig( 1524): isGameModeOn = false
02-17 08:41:24.631 I/GameModeConfig( 1524): isGameModeOn = false
02-17 08:41:24.631 I/GameModeConfig( 1524): isDisableVoice = true
02-17 08:41:24.645 W/ActivityTaskManager( 1524): Can't find TaskDisplayArea to determine support for multi window. Task id=94 attached=false
02-17 08:41:24.645 W/ActivityTaskManager( 1524): Can't find TaskDisplayArea to determine support for multi window. Task id=94 attached=false
02-17 08:41:24.793 I/GameModeConfig( 1524): isGameModeOn = false
02-17 08:41:25.413 I/ActivityTaskManager( 1524): moveTaskToBack: Task{318bd8f #85 type=standard A=1000:com.android.settings.root U=0 visible=true mode=fullscreen translucent=false sz=1}
02-17 08:41:25.416 I/ActivityTaskManager( 1524): FOREGROUND_APPLICATION_CHANGED to com.android.launcher3.uioverrides.QuickstepLauncher
01-01 12:52:05.565 E/DTC_ETH,link_delay_work_func( 0): 3003, SQI=0, link=0
02-17 08:41:25.424 W/ContextImpl( 2121): Calling a method in the system process without a qualified user: android.app.ContextImpl.startService:1816 android.content.ContextWrapper.startService:774 com.thundercomm.gamemode.ingame.services.GameModeActionUtils.startGameModeService:111 com.thundercomm.gamemode.ingame.services.GameModeActionUtils.startGameModeEntry:22 com.thundercomm.gamemode.ingame.services.ActivityMonitoringService$1.onActivityLaunch:139
02-17 08:41:25.425 I/GameModeConfig( 1524): Current uri is uri = content://com.thundercomm.gamemode.api/gamemode_settings/gamemode_isgaming
02-17 08:41:25.425 I/GameModeConfig( 1524): isGameModeOn = false
02-17 08:41:25.425 I/GameModeConfig( 1524): isGameModeOn = false
02-17 08:41:25.425 I/GameModeConfig( 1524): isDisableVoice = true
02-17 08:41:25.516 W/FreeFormWindowHelper( 1524): Current Display FreeFormTask is null
02-17 08:41:25.518 W/ContextImpl( 2121): Calling a method in the system process without a qualified user: android.app.ContextImpl.startService:1816 android.content.ContextWrapper.startService:774 com.thundercomm.gamemode.ingame.services.GameModeActionUtils.startGameModeService:111 com.thundercomm.gamemode.ingame.services.GameModeActionUtils.startGameModeEntry:22 com.thundercomm.gamemode.ingame.services.ActivityMonitoringService$1.onActivityLaunch:139
02-17 08:41:25.519 I/GameModeConfig( 1524): Current uri is uri = content://com.thundercomm.gamemode.api/gamemode_settings/gamemode_isgaming
02-17 08:41:25.520 I/GameModeConfig( 1524): isGameModeOn = false
02-17 08:41:25.520 I/GameModeConfig( 1524): isGameModeOn = false
02-17 08:41:25.520 I/GameModeConfig( 1524): isDisableVoice = true
02-17 08:41:25.690 I/GameModeConfig( 1524): isGameModeOn = false
02-17 08:41:25.833 W/ContextImpl( 2121): Calling a method in the system process without a qualified user: android.app.ContextImpl.startService:1816 android.content.ContextWrapper.startService:774 com.thundercomm.gamemode.ingame.services.GameModeActionUtils.startGameModeService:111 com.thundercomm.gamemode.ingame.services.GameModeActionUtils.startGameModeEntry:22 com.thundercomm.gamemode.ingame.services.ActivityMonitoringService$1.onActivityLaunch:139
02-17 08:41:25.835 I/GameModeConfig( 1524): Current uri is uri = content://com.thundercomm.gamemode.api/gamemode_settings/gamemode_isgaming
02-17 08:41:25.836 I/GameModeConfig( 1524): isGameModeOn = false
02-17 08:41:25.836 I/GameModeConfig( 1524): isGameModeOn = false
02-17 08:41:25.836 I/GameModeConfig( 1524): isDisableVoice = true
02-17 08:41:25.890 I/GameModeConfig( 1524): isGameModeOn = false
02-17 08:41:27.103 I/ActivityTaskManager( 1524): START u0 {act=android.settings.BLUETOOTH_SETTINGS flg=0x14000000 cmp=com.android.settings/.Settings$ConnectedDeviceDashboardActivity} from uid 10080
02-17 08:41:27.109 W/ActivityTaskManager( 1524): Can't find TaskDisplayArea to determine support for multi window. Task id=95 attached=false
02-17 08:41:27.115 I/ActivityTaskManager( 1524): FOREGROUND_APPLICATION_CHANGED to com.android.settings.Settings$ConnectedDeviceDashboardActivity
02-17 08:41:27.115 I/ActivityTaskManager( 1524): The Process com.android.settings Already Exists in BG. So sending its PID: 16130
02-17 08:41:27.115 W/ActivityTaskManager( 1524): Tried to set launchTime (0) < mLastActivityLaunchTime (17521813)
02-17 08:41:27.123 W/ContextImpl( 2121): Calling a method in the system process without a qualified user: android.app.ContextImpl.startService:1816 android.content.ContextWrapper.startService:774 com.thundercomm.gamemode.ingame.services.GameModeActionUtils.startGameModeService:111 com.thundercomm.gamemode.ingame.services.GameModeActionUtils.startGameModeEntry:22 com.thundercomm.gamemode.ingame.services.ActivityMonitoringService$1.onActivityLaunch:139
02-17 08:41:27.125 I/GameModeConfig( 1524): Current uri is uri = content://com.thundercomm.gamemode.api/gamemode_settings/gamemode_isgaming
02-17 08:41:27.126 I/GameModeConfig( 1524): isGameModeOn = false
02-17 08:41:27.126 I/GameModeConfig( 1524): isGameModeOn = false
02-17 08:41:27.126 I/GameModeConfig( 1524): isDisableVoice = true
02-17 08:41:27.131 I/thunderperf( 1524): PlatormCompat.setOverrides: Uid1=1000 Pid1=16130 Uid2=1000 Pid2=16130
02-17 08:41:27.131 I/thunderperf( 1524): PlatormCompat.setOverrides: needCheck:false
02-17 08:41:27.131 I/thunderperf( 1524): CompatConfig.addOverrideUnsafe: bef-state=0
02-17 08:41:27.131 I/thunderperf( 1524): CompatConfig.addOverrideUnsafe: aft-state=0
02-17 08:41:27.131 I/thunderperf( 1524): CompatConfig.addOverrideUnsafe: bef-state=0
02-17 08:41:27.131 I/thunderperf( 1524): CompatConfig.addOverrideUnsafe: aft-state=0
02-17 08:41:27.131 I/thunderperf( 1524): CompatConfig.addOverrideUnsafe: bef-state=0
02-17 08:41:27.131 I/thunderperf( 1524): CompatConfig.addOverrideUnsafe: aft-state=0
02-17 08:41:27.132 I/thunderperf( 1524): CompatConfig.addOverrideUnsafe: bef-state=0
02-17 08:41:27.132 I/thunderperf( 1524): CompatConfig.addOverrideUnsafe: aft-state=0
02-17 08:41:27.132 I/thunderperf( 1524): CompatConfig.addOverrideUnsafe: bef-state=0
02-17 08:41:27.132 I/thunderperf( 1524): CompatConfig.addOverrideUnsafe: aft-state=0
02-17 08:41:27.133 I/thunderperf( 1524): CompatConfig.addOverrideUnsafe: bef-state=0
02-17 08:41:27.133 I/thunderperf( 1524): CompatConfig.addOverrideUnsafe: aft-state=0
02-17 08:41:27.133 I/thunderperf( 1524): CompatConfig.addOverrideUnsafe: bef-state=0
02-17 08:41:27.133 I/thunderperf( 1524): CompatConfig.addOverrideUnsafe: aft-state=0
02-17 08:41:27.133 I/thunderperf( 1524): CompatConfig.addOverrideUnsafe: bef-state=0
02-17 08:41:27.133 I/thunderperf( 1524): CompatConfig.addOverrideUnsafe: aft-state=0
02-17 08:41:27.133 I/thunderperf( 1524): CompatConfig.addOverrideUnsafe: bef-state=0
02-17 08:41:27.133 I/thunderperf( 1524): CompatConfig.addOverrideUnsafe: aft-state=0
02-17 08:41:27.134 I/thunderperf( 1524): CompatConfig.addOverrideUnsafe: bef-state=0
02-17 08:41:27.134 I/thunderperf( 1524): CompatConfig.addOverrideUnsafe: aft-state=0
02-17 08:41:27.134 I/thunderperf( 1524): CompatConfig.addOverrideUnsafe: bef-state=0
02-17 08:41:27.134 I/thunderperf( 1524): CompatConfig.addOverrideUnsafe: aft-state=0
02-17 08:41:27.134 I/thunderperf( 1524): CompatConfig.addOverrideUnsafe: bef-state=0
02-17 08:41:27.134 I/thunderperf( 1524): CompatConfig.addOverrideUnsafe: aft-state=0
02-17 08:41:27.135 I/thunderperf( 1524): CompatConfig.addOverrideUnsafe: bef-state=0
02-17 08:41:27.135 I/thunderperf( 1524): CompatConfig.addOverrideUnsafe: aft-state=0
02-17 08:41:27.135 I/thunderperf( 1524): CompatConfig.addOverrideUnsafe: bef-state=0
02-17 08:41:27.135 I/thunderperf( 1524): CompatConfig.addOverrideUnsafe: aft-state=0
02-17 08:41:27.140 I/ActivityTaskManager( 1524): START u0 {act=android.settings.BLUETOOTH_SETTINGS flg=0x14000000 cmp=com.android.settings/.homepage.SettingsHomepageActivity (has extras)} from uid 1000
02-17 08:41:27.144 I/ActivityTaskManager( 1524): FOREGROUND_APPLICATION_CHANGED to com.android.settings.homepage.SettingsHomepageActivity
02-17 08:41:27.149 E/ActivityThread(16130): Failed to find provider info for com.google.android.gms.nearby.fastpair
02-17 08:41:27.152 E/ActivityThread(16130): Failed to find provider info for com.google.android.gms.nearby.fastpair
02-17 08:41:27.247 W/FreeFormWindowHelper( 1524): Current Display FreeFormTask is null
02-17 08:41:27.249 W/ContextImpl( 2121): Calling a method in the system process without a qualified user: android.app.ContextImpl.startService:1816 android.content.ContextWrapper.startService:774 com.thundercomm.gamemode.ingame.services.GameModeActionUtils.startGameModeService:111 com.thundercomm.gamemode.ingame.services.GameModeActionUtils.startGameModeEntry:22 com.thundercomm.gamemode.ingame.services.ActivityMonitoringService$1.onActivityLaunch:139
02-17 08:41:27.250 I/GameModeConfig( 1524): Current uri is uri = content://com.thundercomm.gamemode.api/gamemode_settings/gamemode_isgaming
02-17 08:41:27.250 I/GameModeConfig( 1524): isGameModeOn = false
02-17 08:41:27.250 I/GameModeConfig( 1524): isGameModeOn = false
02-17 08:41:27.250 I/GameModeConfig( 1524): isDisableVoice = true
02-17 08:41:27.387 E/UserRestrictionsUtils( 1524): Unknown restriction queried by uid 1000 (com.android.localtransport et al): null
02-17 08:41:27.420 E/ActivityThread(16130): Failed to find provider info for com.google.android.gms.nearby.fastpair
02-17 08:41:27.420 E/ActivityThread(16130): Failed to find provider info for com.google.android.gms.nearby.fastpair
02-17 08:41:27.649 I/GameModeConfig( 1524): isGameModeOn = false
02-17 08:41:27.649 I/GameModeConfig( 1524): isGameModeOn = false
02-17 08:41:27.649 I/GameModeConfig( 1524): isGameModeOn = false
02-17 08:41:27.649 I/GameModeConfig( 1524): isGameModeOn = false
02-17 08:41:27.649 I/GameModeConfig( 1524): isGameModeOn = false
02-17 08:41:27.649 I/GameModeConfig( 1524): isGameModeOn = false
02-17 08:41:27.686 W/ContextImpl( 2121): Calling a method in the system process without a qualified user: android.app.ContextImpl.startService:1816 android.content.ContextWrapper.startService:774 com.thundercomm.gamemode.ingame.services.GameModeActionUtils.startGameModeService:111 com.thundercomm.gamemode.ingame.services.GameModeActionUtils.startGameModeEntry:22 com.thundercomm.gamemode.ingame.services.ActivityMonitoringService$1.onActivityLaunch:139
02-17 08:41:27.688 I/GameModeConfig( 1524): Current uri is uri = content://com.thundercomm.gamemode.api/gamemode_settings/gamemode_isgaming
02-17 08:41:27.688 I/GameModeConfig( 1524): isGameModeOn = false
02-17 08:41:27.688 I/GameModeConfig( 1524): isGameModeOn = false
02-17 08:41:27.688 I/GameModeConfig( 1524): isDisableVoice = true
02-17 08:41:27.703 W/ActivityTaskManager( 1524): Can't find TaskDisplayArea to determine support for multi window. Task id=95 attached=false
02-17 08:41:27.703 W/ActivityTaskManager( 1524): Can't find TaskDisplayArea to determine support for multi window. Task id=95 attached=false
02-17 08:41:27.850 I/GameModeConfig( 1524): isGameModeOn = false
02-17 08:41:28.464 I/ActivityTaskManager( 1524): moveTaskToBack: Task{318bd8f #85 type=standard A=1000:com.android.settings.root U=0 visible=true mode=fullscreen translucent=false sz=1}
02-17 08:41:28.467 I/ActivityTaskManager( 1524): FOREGROUND_APPLICATION_CHANGED to com.android.launcher3.uioverrides.QuickstepLauncher
02-17 08:41:28.475 W/ContextImpl( 2121): Calling a method in the system process without a qualified user: android.app.ContextImpl.startService:1816 android.content.ContextWrapper.startService:774 com.thundercomm.gamemode.ingame.services.GameModeActionUtils.startGameModeService:111 com.thundercomm.gamemode.ingame.services.GameModeActionUtils.startGameModeEntry:22 com.thundercomm.gamemode.ingame.services.ActivityMonitoringService$1.onActivityLaunch:139
02-17 08:41:28.476 I/GameModeConfig( 1524): Current uri is uri = content://com.thundercomm.gamemode.api/gamemode_settings/gamemode_isgaming
02-17 08:41:28.476 I/GameModeConfig( 1524): isGameModeOn = false
02-17 08:41:28.476 I/GameModeConfig( 1524): isGameModeOn = false
02-17 08:41:28.476 I/GameModeConfig( 1524): isDisableVoice = true
02-17 08:41:28.567 W/FreeFormWindowHelper( 1524): Current Display FreeFormTask is null
02-17 08:41:28.570 W/ContextImpl( 2121): Calling a method in the system process without a qualified user: android.app.ContextImpl.startService:1816 android.content.ContextWrapper.startService:774 com.thundercomm.gamemode.ingame.services.GameModeActionUtils.startGameModeService:111 com.thundercomm.gamemode.ingame.services.GameModeActionUtils.startGameModeEntry:22 com.thundercomm.gamemode.ingame.services.ActivityMonitoringService$1.onActivityLaunch:139
02-17 08:41:28.572 I/GameModeConfig( 1524): Current uri is uri = content://com.thundercomm.gamemode.api/gamemode_settings/gamemode_isgaming
02-17 08:41:28.572 I/GameModeConfig( 1524): isGameModeOn = false
02-17 08:41:28.573 I/GameModeConfig( 1524): isGameModeOn = false
02-17 08:41:28.573 I/GameModeConfig( 1524): isDisableVoice = true
02-17 08:41:28.665 I/GameModeConfig( 1524): isGameModeOn = false
02-17 08:41:28.864 I/GameModeConfig( 1524): isGameModeOn = false
02-17 08:41:28.873 W/ContextImpl( 2121): Calling a method in the system process without a qualified user: android.app.ContextImpl.startService:1816 android.content.ContextWrapper.startService:774 com.thundercomm.gamemode.ingame.services.GameModeActionUtils.startGameModeService:111 com.thundercomm.gamemode.ingame.services.GameModeActionUtils.startGameModeEntry:22 com.thundercomm.gamemode.ingame.services.ActivityMonitoringService$1.onActivityLaunch:139
02-17 08:41:28.874 I/GameModeConfig( 1524): Current uri is uri = content://com.thundercomm.gamemode.api/gamemode_settings/gamemode_isgaming
02-17 08:41:28.875 I/GameModeConfig( 1524): isGameModeOn = false
02-17 08:41:28.875 I/GameModeConfig( 1524): isGameModeOn = false
02-17 08:41:28.875 I/GameModeConfig( 1524): isDisableVoice = true
02-17 08:41:29.067 E/TaskPersister( 1524): File error accessing recents directory (directory doesn't exist?).
02-17 08:41:30.170 I/ActivityTaskManager( 1524): START u0 {act=android.settings.BLUETOOTH_SETTINGS flg=0x14000000 cmp=com.android.settings/.Settings$ConnectedDeviceDashboardActivity} from uid 10080
02-17 08:41:30.174 W/ActivityTaskManager( 1524): Can't find TaskDisplayArea to determine support for multi window. Task id=96 attached=false
02-17 08:41:30.180 I/ActivityTaskManager( 1524): FOREGROUND_APPLICATION_CHANGED to com.android.settings.Settings$ConnectedDeviceDashboardActivity
02-17 08:41:30.181 I/ActivityTaskManager( 1524): The Process com.android.settings Already Exists in BG. So sending its PID: 16130
02-17 08:41:30.181 W/ActivityTaskManager( 1524): Tried to set launchTime (0) < mLastActivityLaunchTime (17524865)
02-17 08:41:30.191 I/thunderperf( 1524): PlatormCompat.setOverrides: Uid1=1000 Pid1=16130 Uid2=1000 Pid2=16130
02-17 08:41:30.191 I/thunderperf( 1524): PlatormCompat.setOverrides: needCheck:false
02-17 08:41:30.191 I/thunderperf( 1524): CompatConfig.addOverrideUnsafe: bef-state=0
02-17 08:41:30.191 I/thunderperf( 1524): CompatConfig.addOverrideUnsafe: aft-state=0
02-17 08:41:30.193 I/thunderperf( 1524): CompatConfig.addOverrideUnsafe: bef-state=0
02-17 08:41:30.193 I/thunderperf( 1524): CompatConfig.addOverrideUnsafe: aft-state=0
02-17 08:41:30.193 I/thunderperf( 1524): CompatConfig.addOverrideUnsafe: bef-state=0
02-17 08:41:30.193 I/thunderperf( 1524): CompatConfig.addOverrideUnsafe: aft-state=0
02-17 08:41:30.193 I/thunderperf( 1524): CompatConfig.addOverrideUnsafe: bef-state=0
02-17 08:41:30.193 I/thunderperf( 1524): CompatConfig.addOverrideUnsafe: aft-state=0
02-17 08:41:30.193 I/thunderperf( 1524): CompatConfig.addOverrideUnsafe: bef-state=0
02-17 08:41:30.193 I/thunderperf( 1524): CompatConfig.addOverrideUnsafe: aft-state=0
02-17 08:41:30.193 I/thunderperf( 1524): CompatConfig.addOverrideUnsafe: bef-state=0
02-17 08:41:30.194 I/thunderperf( 1524): CompatConfig.addOverrideUnsafe: aft-state=0
02-17 08:41:30.194 W/ContextImpl( 2121): Calling a method in the system process without a qualified user: android.app.ContextImpl.startService:1816 android.content.ContextWrapper.startService:774 com.thundercomm.gamemode.ingame.services.GameModeActionUtils.startGameModeService:111 com.thundercomm.gamemode.ingame.services.GameModeActionUtils.startGameModeEntry:22 com.thundercomm.gamemode.ingame.services.ActivityMonitoringService$1.onActivityLaunch:139
02-17 08:41:30.194 I/thunderperf( 1524): CompatConfig.addOverrideUnsafe: bef-state=0
02-17 08:41:30.194 I/thunderperf( 1524): CompatConfig.addOverrideUnsafe: aft-state=0
02-17 08:41:30.194 I/thunderperf( 1524): CompatConfig.addOverrideUnsafe: bef-state=0
02-17 08:41:30.194 I/thunderperf( 1524): CompatConfig.addOverrideUnsafe: aft-state=0
02-17 08:41:30.194 I/thunderperf( 1524): CompatConfig.addOverrideUnsafe: bef-state=0
02-17 08:41:30.194 I/thunderperf( 1524): CompatConfig.addOverrideUnsafe: aft-state=0
02-17 08:41:30.195 I/thunderperf( 1524): CompatConfig.addOverrideUnsafe: bef-state=0
02-17 08:41:30.195 I/thunderperf( 1524): CompatConfig.addOverrideUnsafe: aft-state=0
02-17 08:41:30.195 I/thunderperf( 1524): CompatConfig.addOverrideUnsafe: bef-state=0
02-17 08:41:30.195 I/thunderperf( 1524): CompatConfig.addOverrideUnsafe: aft-state=0
02-17 08:41:30.196 I/thunderperf( 1524): CompatConfig.addOverrideUnsafe: bef-state=0
02-17 08:41:30.196 I/thunderperf( 1524): CompatConfig.addOverrideUnsafe: aft-state=0
02-17 08:41:30.196 I/GameModeConfig( 1524): Current uri is uri = content://com.thundercomm.gamemode.api/gamemode_settings/gamemode_isgaming
02-17 08:41:30.196 I/thunderperf( 1524): CompatConfig.addOverrideUnsafe: bef-state=0
02-17 08:41:30.196 I/thunderperf( 1524): CompatConfig.addOverrideUnsafe: aft-state=0
02-17 08:41:30.196 I/thunderperf( 1524): CompatConfig.addOverrideUnsafe: bef-state=0
02-17 08:41:30.196 I/thunderperf( 1524): CompatConfig.addOverrideUnsafe: aft-state=0
02-17 08:41:30.198 I/GameModeConfig( 1524): isGameModeOn = false
02-17 08:41:30.198 I/GameModeConfig( 1524): isGameModeOn = false
02-17 08:41:30.198 I/GameModeConfig( 1524): isDisableVoice = true
02-17 08:41:30.199 I/ActivityTaskManager( 1524): START u0 {act=android.settings.BLUETOOTH_SETTINGS flg=0x14000000 cmp=com.android.settings/.homepage.SettingsHomepageActivity (has extras)} from uid 1000
02-17 08:41:30.203 I/ActivityTaskManager( 1524): FOREGROUND_APPLICATION_CHANGED to com.android.settings.homepage.SettingsHomepageActivity
02-17 08:41:30.208 E/ActivityThread(16130): Failed to find provider info for com.google.android.gms.nearby.fastpair
02-17 08:41:30.209 E/ActivityThread(16130): Failed to find provider info for com.google.android.gms.nearby.fastpair
02-17 08:41:30.306 W/FreeFormWindowHelper( 1524): Current Display FreeFormTask is null
02-17 08:41:30.307 W/ContextImpl( 2121): Calling a method in the system process without a qualified user: android.app.ContextImpl.startService:1816 android.content.ContextWrapper.startService:774 com.thundercomm.gamemode.ingame.services.GameModeActionUtils.startGameModeService:111 com.thundercomm.gamemode.ingame.services.GameModeActionUtils.startGameModeEntry:22 com.thundercomm.gamemode.ingame.services.ActivityMonitoringService$1.onActivityLaunch:139
02-17 08:41:30.309 I/GameModeConfig( 1524): Current uri is uri = content://com.thundercomm.gamemode.api/gamemode_settings/gamemode_isgaming
02-17 08:41:30.309 I/GameModeConfig( 1524): isGameModeOn = false
02-17 08:41:30.309 I/GameModeConfig( 1524): isGameModeOn = false
02-17 08:41:30.309 I/GameModeConfig( 1524): isDisableVoice = true
02-17 08:41:30.447 E/UserRestrictionsUtils( 1524): Unknown restriction queried by uid 1000 (com.android.localtransport et al): null
02-17 08:41:30.479 E/ActivityThread(16130): Failed to find provider info for com.google.android.gms.nearby.fastpair
02-17 08:41:30.479 E/ActivityThread(16130): Failed to find provider info for com.google.android.gms.nearby.fastpair
01-01 12:52:10.685 E/DTC_ETH,link_delay_work_func( 0): 3003, SQI=0, link=0
02-17 08:41:30.707 I/GameModeConfig( 1524): isGameModeOn = false
02-17 08:41:30.707 I/GameModeConfig( 1524): isGameModeOn = false
02-17 08:41:30.707 I/GameModeConfig( 1524): isGameModeOn = false
02-17 08:41:30.707 I/GameModeConfig( 1524): isGameModeOn = false
02-17 08:41:30.707 I/GameModeConfig( 1524): isGameModeOn = false
02-17 08:41:30.707 I/GameModeConfig( 1524): isGameModeOn = false
02-17 08:41:30.744 W/ContextImpl( 2121): Calling a method in the system process without a qualified user: android.app.ContextImpl.startService:1816 android.content.ContextWrapper.startService:774 com.thundercomm.gamemode.ingame.services.GameModeActionUtils.startGameModeService:111 com.thundercomm.gamemode.ingame.services.GameModeActionUtils.startGameModeEntry:22 com.thundercomm.gamemode.ingame.services.ActivityMonitoringService$1.onActivityLaunch:139
02-17 08:41:30.745 I/GameModeConfig( 1524): Current uri is uri = content://com.thundercomm.gamemode.api/gamemode_settings/gamemode_isgaming
02-17 08:41:30.746 I/GameModeConfig( 1524): isGameModeOn = false
02-17 08:41:30.746 I/GameModeConfig( 1524): isGameModeOn = false
02-17 08:41:30.746 I/GameModeConfig( 1524): isDisableVoice = true
02-17 08:41:30.759 W/ActivityTaskManager( 1524): Can't find TaskDisplayArea to determine support for multi window. Task id=96 attached=false
02-17 08:41:30.759 W/ActivityTaskManager( 1524): Can't find TaskDisplayArea to determine support for multi window. Task id=96 attached=false
02-17 08:41:30.908 I/GameModeConfig( 1524): isGameModeOn = false
02-17 08:41:31.586 I/GameModeConfig( 1524): isGameModeOn = false
02-17 08:41:31.787 I/GameModeConfig( 1524): isGameModeOn = false
02-17 08:41:32.469 W/FreeFormWindowHelper( 1524): Current Display FreeFormTask is null
02-17 08:41:32.478 W/FreeFormWindowHelper( 1524): Current Display FreeFormTask is null
02-17 08:41:32.479 W/FreeFormWindowHelper( 1524): Current Display FreeFormTask is null
02-17 08:41:32.479 W/FreeFormWindowHelper( 1524): Current Display FreeFormTask is null
02-17 08:41:32.492 W/ContextImpl( 2121): Calling a method in the system process without a qualified user: android.app.ContextImpl.startService:1816 android.content.ContextWrapper.startService:774 com.thundercomm.gamemode.ingame.services.GameModeActionUtils.startGameModeService:111 com.thundercomm.gamemode.ingame.services.GameModeActionUtils.startGameModeEntry:22 com.thundercomm.gamemode.ingame.services.ActivityMonitoringService$1.onActivityLaunch:139
02-17 08:41:32.499 I/GameModeConfig( 1524): Current uri is uri = content://com.thundercomm.gamemode.api/gamemode_settings/gamemode_isgaming
02-17 08:41:32.501 I/GameModeConfig( 1524): isGameModeOn = false
02-17 08:41:32.502 I/GameModeConfig( 1524): isGameModeOn = false
02-17 08:41:32.502 I/GameModeConfig( 1524): isDisableVoice = true
02-17 08:41:32.513 W/FreeFormWindowHelper( 1524): Current Display FreeFormTask is null
02-17 08:41:32.513 W/FreeFormWindowHelper( 1524): Current Display FreeFormTask is null
02-17 08:41:32.518 W/FreeFormWindowHelper( 1524): Current Display FreeFormTask is null
02-17 08:41:32.519 W/FreeFormWindowHelper( 1524): Current Display FreeFormTask is null
02-17 08:41:32.520 W/FreeFormWindowHelper( 1524): Current Display FreeFormTask is null
02-17 08:41:32.528 W/FreeFormWindowHelper( 1524): Current Display FreeFormTask is null
02-17 08:41:32.528 W/FreeFormWindowHelper( 1524): Current Display FreeFormTask is null
02-17 08:41:32.544 W/FreeFormWindowHelper( 1524): Current Display FreeFormTask is null
02-17 08:41:32.544 W/FreeFormWindowHelper( 1524): Current Display FreeFormTask is null
02-17 08:41:32.561 W/FreeFormWindowHelper( 1524): Current Display FreeFormTask is null
02-17 08:41:32.561 W/FreeFormWindowHelper( 1524): Current Display FreeFormTask is null
02-17 08:41:32.577 W/FreeFormWindowHelper( 1524): Current Display FreeFormTask is null
02-17 08:41:32.578 W/FreeFormWindowHelper( 1524): Current Display FreeFormTask is null
02-17 08:41:32.594 W/FreeFormWindowHelper( 1524): Current Display FreeFormTask is null
02-17 08:41:32.594 W/FreeFormWindowHelper( 1524): Current Display FreeFormTask is null
02-17 08:41:32.611 W/FreeFormWindowHelper( 1524): Current Display FreeFormTask is null
02-17 08:41:32.611 W/FreeFormWindowHelper( 1524): Current Display FreeFormTask is null
02-17 08:41:32.732 W/FreeFormWindowHelper( 1524): exitRecentTasks type=0
02-17 08:41:32.745 W/FreeFormWindowHelper( 1524): Current Display FreeFormTask is null
02-17 08:41:32.745 W/FreeFormWindowHelper( 1524): Current Display FreeFormTask is null
02-17 08:41:33.331 W/FreeFormWindowHelper( 1524): Current Display FreeFormTask is null
02-17 08:41:33.331 W/FreeFormWindowHelper( 1524): Current Display FreeFormTask is null
02-17 08:41:33.341 I/ActivityTaskManager( 1524): FOREGROUND_APPLICATION_CHANGED to com.android.launcher3.uioverrides.QuickstepLauncher
02-17 08:41:33.394 W/ContextImpl( 2121): Calling a method in the system process without a qualified user: android.app.ContextImpl.startService:1816 android.content.ContextWrapper.startService:774 com.thundercomm.gamemode.ingame.services.GameModeActionUtils.startGameModeService:111 com.thundercomm.gamemode.ingame.services.GameModeActionUtils.startGameModeEntry:22 com.thundercomm.gamemode.ingame.services.ActivityMonitoringService$1.onActivityLaunch:139
02-17 08:41:33.397 I/GameModeConfig( 1524): Current uri is uri = content://com.thundercomm.gamemode.api/gamemode_settings/gamemode_isgaming
02-17 08:41:33.399 I/GameModeConfig( 1524): isGameModeOn = false
02-17 08:41:33.399 I/GameModeConfig( 1524): isGameModeOn = false
02-17 08:41:33.399 I/GameModeConfig( 1524): isDisableVoice = true
02-17 08:41:33.451 W/FreeFormWindowHelper( 1524): Current Display FreeFormTask is null
02-17 08:41:33.454 W/ContextImpl( 2121): Calling a method in the system process without a qualified user: android.app.ContextImpl.startService:1816 android.content.ContextWrapper.startService:774 com.thundercomm.gamemode.ingame.services.GameModeActionUtils.startGameModeService:111 com.thundercomm.gamemode.ingame.services.GameModeActionUtils.startGameModeEntry:22 com.thundercomm.gamemode.ingame.services.ActivityMonitoringService$1.onActivityLaunch:139
02-17 08:41:33.456 I/GameModeConfig( 1524): Current uri is uri = content://com.thundercomm.gamemode.api/gamemode_settings/gamemode_isgaming
02-17 08:41:33.458 I/GameModeConfig( 1524): isGameModeOn = false
02-17 08:41:33.459 I/GameModeConfig( 1524): isGameModeOn = false
02-17 08:41:33.459 I/GameModeConfig( 1524): isDisableVoice = true
02-17 08:41:34.193 E/TaskPersister( 1524): File error accessing recents directory (directory doesn't exist?).
02-17 08:41:34.252 I/ActivityTaskManager( 1524): START u0 {act=android.settings.BLUETOOTH_SETTINGS flg=0x14000000 cmp=com.android.settings/.Settings$ConnectedDeviceDashboardActivity} from uid 10080
02-17 08:41:34.257 W/ActivityTaskManager( 1524): Can't find TaskDisplayArea to determine support for multi window. Task id=97 attached=false
02-17 08:41:34.263 I/ActivityTaskManager( 1524): FOREGROUND_APPLICATION_CHANGED to com.android.settings.Settings$ConnectedDeviceDashboardActivity
02-17 08:41:34.263 I/ActivityTaskManager( 1524): The Process com.android.settings Already Exists in BG. So sending its PID: 16130
02-17 08:41:34.264 W/ActivityTaskManager( 1524): Tried to set launchTime (0) < mLastActivityLaunchTime (17527930)
02-17 08:41:34.275 I/thunderperf( 1524): PlatormCompat.setOverrides: Uid1=1000 Pid1=16130 Uid2=1000 Pid2=16130
02-17 08:41:34.275 I/thunderperf( 1524): PlatormCompat.setOverrides: needCheck:false
02-17 08:41:34.275 I/thunderperf( 1524): CompatConfig.addOverrideUnsafe: bef-state=0
02-17 08:41:34.276 I/thunderperf( 1524): CompatConfig.addOverrideUnsafe: aft-state=0
02-17 08:41:34.276 I/thunderperf( 1524): CompatConfig.addOverrideUnsafe: bef-state=0
02-17 08:41:34.276 I/thunderperf( 1524): CompatConfig.addOverrideUnsafe: aft-state=0
02-17 08:41:34.276 W/ContextImpl( 2121): Calling a method in the system process without a qualified user: android.app.ContextImpl.startService:1816 android.content.ContextWrapper.startService:774 com.thundercomm.gamemode.ingame.services.GameModeActionUtils.startGameModeService:111 com.thundercomm.gamemode.ingame.services.GameModeActionUtils.startGameModeEntry:22 com.thundercomm.gamemode.ingame.services.ActivityMonitoringService$1.onActivityLaunch:139
02-17 08:41:34.276 I/thunderperf( 1524): CompatConfig.addOverrideUnsafe: bef-state=0
02-17 08:41:34.276 I/thunderperf( 1524): CompatConfig.addOverrideUnsafe: aft-state=0
02-17 08:41:34.276 I/thunderperf( 1524): CompatConfig.addOverrideUnsafe: bef-state=0
02-17 08:41:34.276 I/thunderperf( 1524): CompatConfig.addOverrideUnsafe: aft-state=0
02-17 08:41:34.276 I/thunderperf( 1524): CompatConfig.addOverrideUnsafe: bef-state=0
02-17 08:41:34.276 I/thunderperf( 1524): CompatConfig.addOverrideUnsafe: aft-state=0
02-17 08:41:34.277 I/thunderperf( 1524): CompatConfig.addOverrideUnsafe: bef-state=0
02-17 08:41:34.277 I/thunderperf( 1524): CompatConfig.addOverrideUnsafe: aft-state=0
02-17 08:41:34.277 I/thunderperf( 1524): CompatConfig.addOverrideUnsafe: bef-state=0
02-17 08:41:34.277 I/thunderperf( 1524): CompatConfig.addOverrideUnsafe: aft-state=0
02-17 08:41:34.277 I/thunderperf( 1524): CompatConfig.addOverrideUnsafe: bef-state=0
02-17 08:41:34.277 I/thunderperf( 1524): CompatConfig.addOverrideUnsafe: aft-state=0
02-17 08:41:34.277 I/thunderperf( 1524): CompatConfig.addOverrideUnsafe: bef-state=0
02-17 08:41:34.277 I/thunderperf( 1524): CompatConfig.addOverrideUnsafe: aft-state=0
02-17 08:41:34.277 I/thunderperf( 1524): CompatConfig.addOverrideUnsafe: bef-state=0
02-17 08:41:34.277 I/thunderperf( 1524): CompatConfig.addOverrideUnsafe: aft-state=0
02-17 08:41:34.278 I/thunderperf( 1524): CompatConfig.addOverrideUnsafe: bef-state=0
02-17 08:41:34.278 I/thunderperf( 1524): CompatConfig.addOverrideUnsafe: aft-state=0
02-17 08:41:34.278 I/thunderperf( 1524): CompatConfig.addOverrideUnsafe: bef-state=0
02-17 08:41:34.278 I/thunderperf( 1524): CompatConfig.addOverrideUnsafe: aft-state=0
02-17 08:41:34.278 I/thunderperf( 1524): CompatConfig.addOverrideUnsafe: bef-state=0
02-17 08:41:34.278 I/thunderperf( 1524): CompatConfig.addOverrideUnsafe: aft-state=0
02-17 08:41:34.278 I/thunderperf( 1524): CompatConfig.addOverrideUnsafe: bef-state=0
02-17 08:41:34.278 I/thunderperf( 1524): CompatConfig.addOverrideUnsafe: aft-state=0
02-17 08:41:34.279 I/GameModeConfig( 1524): Current uri is uri = content://com.thundercomm.gamemode.api/gamemode_settings/gamemode_isgaming
02-17 08:41:34.280 I/GameModeConfig( 1524): isGameModeOn = false
02-17 08:41:34.280 I/GameModeConfig( 1524): isGameModeOn = false
02-17 08:41:34.280 I/GameModeConfig( 1524): isDisableVoice = true
02-17 08:41:34.281 I/ActivityTaskManager( 1524): START u0 {act=android.settings.BLUETOOTH_SETTINGS flg=0x14000000 cmp=com.android.settings/.homepage.SettingsHomepageActivity (has extras)} from uid 1000
02-17 08:41:34.285 I/ActivityTaskManager( 1524): FOREGROUND_APPLICATION_CHANGED to com.android.settings.homepage.SettingsHomepageActivity
02-17 08:41:34.289 E/ActivityThread(16130): Failed to find provider info for com.google.android.gms.nearby.fastpair
02-17 08:41:34.289 E/ActivityThread(16130): Failed to find provider info for com.google.android.gms.nearby.fastpair
02-17 08:41:34.388 W/FreeFormWindowHelper( 1524): Current Display FreeFormTask is null
02-17 08:41:34.390 W/ContextImpl( 2121): Calling a method in the system process without a qualified user: android.app.ContextImpl.startService:1816 android.content.ContextWrapper.startService:774 com.thundercomm.gamemode.ingame.services.GameModeActionUtils.startGameModeService:111 com.thundercomm.gamemode.ingame.services.GameModeActionUtils.startGameModeEntry:22 com.thundercomm.gamemode.ingame.services.ActivityMonitoringService$1.onActivityLaunch:139
02-17 08:41:34.391 I/GameModeConfig( 1524): Current uri is uri = content://com.thundercomm.gamemode.api/gamemode_settings/gamemode_isgaming
02-17 08:41:34.392 I/GameModeConfig( 1524): isGameModeOn = false
02-17 08:41:34.392 I/GameModeConfig( 1524): isGameModeOn = false
02-17 08:41:34.392 I/GameModeConfig( 1524): isDisableVoice = true
02-17 08:41:34.528 E/UserRestrictionsUtils( 1524): Unknown restriction queried by uid 1000 (com.android.localtransport et al): null
02-17 08:41:34.559 E/ActivityThread(16130): Failed to find provider info for com.google.android.gms.nearby.fastpair
02-17 08:41:34.559 E/ActivityThread(16130): Failed to find provider info for com.google.android.gms.nearby.fastpair
02-17 08:41:34.602 I/GameModeConfig( 1524): isGameModeOn = false
02-17 08:41:34.794 I/GameModeConfig( 1524): isGameModeOn = false
02-17 08:41:34.800 I/GameModeConfig( 1524): isGameModeOn = false
02-17 08:41:34.800 I/GameModeConfig( 1524): isGameModeOn = false
02-17 08:41:34.800 I/GameModeConfig( 1524): isGameModeOn = false
02-17 08:41:34.800 I/GameModeConfig( 1524): isGameModeOn = false
02-17 08:41:34.800 I/GameModeConfig( 1524): isGameModeOn = false
02-17 08:41:34.800 I/GameModeConfig( 1524): isGameModeOn = false
02-17 08:41:34.840 W/ContextImpl( 2121): Calling a method in the system process without a qualified user: android.app.ContextImpl.startService:1816 android.content.ContextWrapper.startService:774 com.thundercomm.gamemode.ingame.services.GameModeActionUtils.startGameModeService:111 com.thundercomm.gamemode.ingame.services.GameModeActionUtils.startGameModeEntry:22 com.thundercomm.gamemode.ingame.services.ActivityMonitoringService$1.onActivityLaunch:139
02-17 08:41:34.841 I/GameModeConfig( 1524): Current uri is uri = content://com.thundercomm.gamemode.api/gamemode_settings/gamemode_isgaming
02-17 08:41:34.842 I/GameModeConfig( 1524): isGameModeOn = false
02-17 08:41:34.842 I/GameModeConfig( 1524): isGameModeOn = false
02-17 08:41:34.842 I/GameModeConfig( 1524): isDisableVoice = true
02-17 08:41:34.851 W/ActivityTaskManager( 1524): Can't find TaskDisplayArea to determine support for multi window. Task id=97 attached=false
02-17 08:41:34.852 W/ActivityTaskManager( 1524): Can't find TaskDisplayArea to determine support for multi window. Task id=97 attached=false
02-17 08:41:35.002 I/GameModeConfig( 1524): isGameModeOn = false
02-17 08:41:35.191 W/FreeFormWindowHelper( 1524): Current Display FreeFormTask is null
02-17 08:41:35.196 W/ContextImpl( 2121): Calling a method in the system process without a qualified user: android.app.ContextImpl.startService:1816 android.content.ContextWrapper.startService:774 com.thundercomm.gamemode.ingame.services.GameModeActionUtils.startGameModeService:111 com.thundercomm.gamemode.ingame.services.GameModeActionUtils.startGameModeEntry:22 com.thundercomm.gamemode.ingame.services.ActivityMonitoringService$1.onActivityLaunch:139
02-17 08:41:35.197 I/GameModeConfig( 1524): Current uri is uri = content://com.thundercomm.gamemode.api/gamemode_settings/gamemode_isgaming
02-17 08:41:35.198 I/GameModeConfig( 1524): isGameModeOn = false
02-17 08:41:35.198 I/GameModeConfig( 1524): isGameModeOn = false
02-17 08:41:35.198 I/GameModeConfig( 1524): isDisableVoice = true
02-17 08:41:35.201 W/FreeFormWindowHelper( 1524): Current Display FreeFormTask is null
02-17 08:41:35.201 W/FreeFormWindowHelper( 1524): Current Display FreeFormTask is null
02-17 08:41:35.220 W/FreeFormWindowHelper( 1524): Current Display FreeFormTask is null
02-17 08:41:35.220 W/FreeFormWindowHelper( 1524): Current Display FreeFormTask is null
02-17 08:41:35.223 W/FreeFormWindowHelper( 1524): Current Display FreeFormTask is null
02-17 08:41:35.234 W/FreeFormWindowHelper( 1524): Current Display FreeFormTask is null
02-17 08:41:35.234 W/FreeFormWindowHelper( 1524): Current Display FreeFormTask is null
02-17 08:41:35.253 W/FreeFormWindowHelper( 1524): Current Display FreeFormTask is null
02-17 08:41:35.253 W/FreeFormWindowHelper( 1524): Current Display FreeFormTask is null
02-17 08:41:35.267 W/FreeFormWindowHelper( 1524): Current Display FreeFormTask is null
02-17 08:41:35.268 W/FreeFormWindowHelper( 1524): Current Display FreeFormTask is null
02-17 08:41:35.284 W/FreeFormWindowHelper( 1524): Current Display FreeFormTask is null
02-17 08:41:35.284 W/FreeFormWindowHelper( 1524): Current Display FreeFormTask is null
02-17 08:41:35.300 W/FreeFormWindowHelper( 1524): Current Display FreeFormTask is null
02-17 08:41:35.300 W/FreeFormWindowHelper( 1524): Current Display FreeFormTask is null
02-17 08:41:35.317 W/FreeFormWindowHelper( 1524): Current Display FreeFormTask is null
02-17 08:41:35.317 W/FreeFormWindowHelper( 1524): Current Display FreeFormTask is null
02-17 08:41:35.448 W/FreeFormWindowHelper( 1524): exitRecentTasks type=0
02-17 08:41:35.451 W/FreeFormWindowHelper( 1524): Current Display FreeFormTask is null
02-17 08:41:35.451 W/FreeFormWindowHelper( 1524): Current Display FreeFormTask is null
01-01 12:52:15.805 E/DTC_ETH,link_delay_work_func( 0): 3003, SQI=0, link=0
02-17 08:41:36.052 W/FreeFormWindowHelper( 1524): Current Display FreeFormTask is null
02-17 08:41:36.052 W/FreeFormWindowHelper( 1524): Current Display FreeFormTask is null
02-17 08:41:36.058 I/ActivityTaskManager( 1524): FOREGROUND_APPLICATION_CHANGED to com.android.launcher3.uioverrides.QuickstepLauncher
02-17 08:41:36.092 W/ContextImpl( 2121): Calling a method in the system process without a qualified user: android.app.ContextImpl.startService:1816 android.content.ContextWrapper.startService:774 com.thundercomm.gamemode.ingame.services.GameModeActionUtils.startGameModeService:111 com.thundercomm.gamemode.ingame.services.GameModeActionUtils.startGameModeEntry:22 com.thundercomm.gamemode.ingame.services.ActivityMonitoringService$1.onActivityLaunch:139
02-17 08:41:36.093 I/GameModeConfig( 1524): Current uri is uri = content://com.thundercomm.gamemode.api/gamemode_settings/gamemode_isgaming
02-17 08:41:36.094 I/GameModeConfig( 1524): isGameModeOn = false
02-17 08:41:36.094 I/GameModeConfig( 1524): isGameModeOn = false
02-17 08:41:36.094 I/GameModeConfig( 1524): isDisableVoice = true
02-17 08:41:36.163 W/FreeFormWindowHelper( 1524): Current Display FreeFormTask is null
02-17 08:41:36.165 W/ContextImpl( 2121): Calling a method in the system process without a qualified user: android.app.ContextImpl.startService:1816 android.content.ContextWrapper.startService:774 com.thundercomm.gamemode.ingame.services.GameModeActionUtils.startGameModeService:111 com.thundercomm.gamemode.ingame.services.GameModeActionUtils.startGameModeEntry:22 com.thundercomm.gamemode.ingame.services.ActivityMonitoringService$1.onActivityLaunch:139
02-17 08:41:36.166 I/GameModeConfig( 1524): Current uri is uri = content://com.thundercomm.gamemode.api/gamemode_settings/gamemode_isgaming
02-17 08:41:36.166 I/GameModeConfig( 1524): isGameModeOn = false
02-17 08:41:36.167 I/GameModeConfig( 1524): isGameModeOn = false
02-17 08:41:36.167 I/GameModeConfig( 1524): isDisableVoice = true
02-17 08:41:36.866 I/ActivityTaskManager( 1524): START u0 {act=android.settings.BLUETOOTH_SETTINGS flg=0x14000000 cmp=com.android.settings/.Settings$ConnectedDeviceDashboardActivity} from uid 10080
02-17 08:41:36.868 W/ActivityTaskManager( 1524): Can't find TaskDisplayArea to determine support for multi window. Task id=98 attached=false
02-17 08:41:36.874 I/ActivityTaskManager( 1524): FOREGROUND_APPLICATION_CHANGED to com.android.settings.Settings$ConnectedDeviceDashboardActivity
02-17 08:41:36.874 I/ActivityTaskManager( 1524): The Process com.android.settings Already Exists in BG. So sending its PID: 16130
02-17 08:41:36.874 W/ActivityTaskManager( 1524): Tried to set launchTime (0) < mLastActivityLaunchTime (17532013)
02-17 08:41:36.880 W/ContextImpl( 2121): Calling a method in the system process without a qualified user: android.app.ContextImpl.startService:1816 android.content.ContextWrapper.startService:774 com.thundercomm.gamemode.ingame.services.GameModeActionUtils.startGameModeService:111 com.thundercomm.gamemode.ingame.services.GameModeActionUtils.startGameModeEntry:22 com.thundercomm.gamemode.ingame.services.ActivityMonitoringService$1.onActivityLaunch:139
02-17 08:41:36.881 I/GameModeConfig( 1524): Current uri is uri = content://com.thundercomm.gamemode.api/gamemode_settings/gamemode_isgaming
02-17 08:41:36.882 I/GameModeConfig( 1524): isGameModeOn = false
02-17 08:41:36.882 I/GameModeConfig( 1524): isGameModeOn = false
02-17 08:41:36.882 I/GameModeConfig( 1524): isDisableVoice = true
02-17 08:41:36.886 I/thunderperf( 1524): PlatormCompat.setOverrides: Uid1=1000 Pid1=16130 Uid2=1000 Pid2=16130
02-17 08:41:36.886 I/thunderperf( 1524): PlatormCompat.setOverrides: needCheck:false
02-17 08:41:36.886 I/thunderperf( 1524): CompatConfig.addOverrideUnsafe: bef-state=0
02-17 08:41:36.886 I/thunderperf( 1524): CompatConfig.addOverrideUnsafe: aft-state=0
02-17 08:41:36.887 I/thunderperf( 1524): CompatConfig.addOverrideUnsafe: bef-state=0
02-17 08:41:36.887 I/thunderperf( 1524): CompatConfig.addOverrideUnsafe: aft-state=0
02-17 08:41:36.887 I/thunderperf( 1524): CompatConfig.addOverrideUnsafe: bef-state=0
02-17 08:41:36.887 I/thunderperf( 1524): CompatConfig.addOverrideUnsafe: aft-state=0
02-17 08:41:36.887 I/thunderperf( 1524): CompatConfig.addOverrideUnsafe: bef-state=0
02-17 08:41:36.887 I/thunderperf( 1524): CompatConfig.addOverrideUnsafe: aft-state=0
02-17 08:41:36.887 I/thunderperf( 1524): CompatConfig.addOverrideUnsafe: bef-state=0
02-17 08:41:36.887 I/thunderperf( 1524): CompatConfig.addOverrideUnsafe: aft-state=0
02-17 08:41:36.888 I/thunderperf( 1524): CompatConfig.addOverrideUnsafe: bef-state=0
02-17 08:41:36.888 I/thunderperf( 1524): CompatConfig.addOverrideUnsafe: aft-state=0
02-17 08:41:36.888 I/thunderperf( 1524): CompatConfig.addOverrideUnsafe: bef-state=0
02-17 08:41:36.888 I/thunderperf( 1524): CompatConfig.addOverrideUnsafe: aft-state=0
02-17 08:41:36.888 I/thunderperf( 1524): CompatConfig.addOverrideUnsafe: bef-state=0
02-17 08:41:36.888 I/thunderperf( 1524): CompatConfig.addOverrideUnsafe: aft-state=0
02-17 08:41:36.888 I/thunderperf( 1524): CompatConfig.addOverrideUnsafe: bef-state=0
02-17 08:41:36.888 I/thunderperf( 1524): CompatConfig.addOverrideUnsafe: aft-state=0
02-17 08:41:36.888 I/thunderperf( 1524): CompatConfig.addOverrideUnsafe: bef-state=0
02-17 08:41:36.888 I/thunderperf( 1524): CompatConfig.addOverrideUnsafe: aft-state=0
02-17 08:41:36.889 I/thunderperf( 1524): CompatConfig.addOverrideUnsafe: bef-state=0
02-17 08:41:36.889 I/thunderperf( 1524): CompatConfig.addOverrideUnsafe: aft-state=0
02-17 08:41:36.889 I/thunderperf( 1524): CompatConfig.addOverrideUnsafe: bef-state=0
02-17 08:41:36.889 I/thunderperf( 1524): CompatConfig.addOverrideUnsafe: aft-state=0
02-17 08:41:36.889 I/thunderperf( 1524): CompatConfig.addOverrideUnsafe: bef-state=0
02-17 08:41:36.889 I/thunderperf( 1524): CompatConfig.addOverrideUnsafe: aft-state=0
02-17 08:41:36.889 I/thunderperf( 1524): CompatConfig.addOverrideUnsafe: bef-state=0
02-17 08:41:36.889 I/thunderperf( 1524): CompatConfig.addOverrideUnsafe: aft-state=0
02-17 08:41:36.891 I/ActivityTaskManager( 1524): START u0 {act=android.settings.BLUETOOTH_SETTINGS flg=0x14000000 cmp=com.android.settings/.homepage.SettingsHomepageActivity (has extras)} from uid 1000
02-17 08:41:36.895 I/ActivityTaskManager( 1524): FOREGROUND_APPLICATION_CHANGED to com.android.settings.homepage.SettingsHomepageActivity
02-17 08:41:36.899 E/ActivityThread(16130): Failed to find provider info for com.google.android.gms.nearby.fastpair
02-17 08:41:36.900 E/ActivityThread(16130): Failed to find provider info for com.google.android.gms.nearby.fastpair
02-17 08:41:36.957 W/StartingSurfaceDrawer( 1999): Window background is transparent, fill background with black color
02-17 08:41:36.960 W/ActivityTaskManager( 1524): Can't find TaskDisplayArea to determine support for multi window. Task id=98 attached=false
02-17 08:41:36.960 W/ActivityTaskManager( 1524): Can't find TaskDisplayArea to determine support for multi window. Task id=98 attached=false
02-17 08:41:36.998 W/FreeFormWindowHelper( 1524): Current Display FreeFormTask is null
02-17 08:41:36.999 W/ContextImpl( 2121): Calling a method in the system process without a qualified user: android.app.ContextImpl.startService:1816 android.content.ContextWrapper.startService:774 com.thundercomm.gamemode.ingame.services.GameModeActionUtils.startGameModeService:111 com.thundercomm.gamemode.ingame.services.GameModeActionUtils.startGameModeEntry:22 com.thundercomm.gamemode.ingame.services.ActivityMonitoringService$1.onActivityLaunch:139
02-17 08:41:37.000 I/GameModeConfig( 1524): Current uri is uri = content://com.thundercomm.gamemode.api/gamemode_settings/gamemode_isgaming
02-17 08:41:37.001 I/GameModeConfig( 1524): isGameModeOn = false
02-17 08:41:37.001 I/GameModeConfig( 1524): isGameModeOn = false
02-17 08:41:37.001 I/GameModeConfig( 1524): isDisableVoice = true
