02-17 08:47:45.979 W/FreeFormWindowHelper( 1524): Current Display FreeFormTask is null
02-17 08:47:45.979 W/FreeFormWindowHelper( 1524): Current Display FreeFormTask is null
02-17 08:47:45.994 W/FreeFormWindowHelper( 1524): Current Display FreeFormTask is null
02-17 08:47:45.995 W/FreeFormWindowHelper( 1524): Current Display FreeFormTask is null
02-17 08:47:46.011 W/FreeFormWindowHelper( 1524): Current Display FreeFormTask is null
02-17 08:47:46.012 W/FreeFormWindowHelper( 1524): Current Display FreeFormTask is null
02-17 08:47:46.029 W/FreeFormWindowHelper( 1524): Current Display FreeFormTask is null
02-17 08:47:46.029 W/FreeFormWindowHelper( 1524): Current Display FreeFormTask is null
02-17 08:47:46.030 W/FreeFormWindowHelper( 1524): Current Display FreeFormTask is null
02-17 08:47:46.042 W/FreeFormWindowHelper( 1524): Current Display FreeFormTask is null
02-17 08:47:46.042 W/FreeFormWindowHelper( 1524): Current Display FreeFormTask is null
02-17 08:47:46.075 W/FreeFormWindowHelper( 1524): Current Display FreeFormTask is null
02-17 08:47:46.076 W/FreeFormWindowHelper( 1524): Current Display FreeFormTask is null
02-17 08:47:46.092 W/FreeFormWindowHelper( 1524): Current Display FreeFormTask is null
02-17 08:47:46.092 W/FreeFormWindowHelper( 1524): Current Display FreeFormTask is null
02-17 08:47:46.462 I/input_interaction( 1524): Interaction with: 321be4b com.android.launcher3/com.android.launcher3.uioverrides.QuickstepLauncher (server), 8f82c51 com.android.systemui.ImageWallpaper (server), edge-swipe (server), swipe-up (server), PointerEventDispatcher0 (server),
02-17 08:47:46.519 E/TaskPersister( 1524): File error accessing recents directory (directory doesn't exist?).
02-17 08:47:46.939 I/auditd ( 0): type=1400 audit(0.0:19338): avc: denied { kill } for comm="swapper/0" capability=5 scontext=u:r:kernel:s0 tcontext=u:r:kernel:s0 tclass=capability permissive=0
02-17 08:47:47.078 W/FreeFormWindowHelper( 1524): Current Display FreeFormTask is null
02-17 08:47:47.079 W/FreeFormWindowHelper( 1524): Current Display FreeFormTask is null
02-17 08:47:47.093 W/FreeFormWindowHelper( 1524): exitRecentTasks type=0
02-17 08:47:47.095 W/FreeFormWindowHelper( 1524): Current Display FreeFormTask is null
02-17 08:47:47.095 W/FreeFormWindowHelper( 1524): Current Display FreeFormTask is null
02-17 08:47:47.712 I/GameModeConfig( 1524): isGameModeOn = false
02-17 08:47:47.935 I/auditd ( 0): type=1400 audit(0.0:19339): avc: denied { kill } for comm="swapper/0" capability=5 scontext=u:r:kernel:s0 tcontext=u:r:kernel:s0 tclass=capability permissive=0
02-17 08:47:48.496 I/input_interaction( 1524): Interaction with: d4326e3 StatusBar (server), edge-swipe (server), swipe-up (server), PointerEventDispatcher0 (server),
02-17 08:47:48.499 I/sysui_multi_action( 1999): [757,803,799,panel_open,802,1]
02-17 08:47:48.500 I/sysui_multi_action( 1999): [757,1328,758,4,1326,48,1327,0,1329,0]
02-17 08:47:48.536 I/sysui_multi_action( 1524): [757,127,758,1]
02-17 08:47:48.536 I/sysui_multi_action( 1524): [757,804,799,note_load,801,3,802,1]
02-17 08:47:48.537 I/notification_panel_revealed( 1524): 3
02-17 08:47:48.545 I/input_focus( 1524): [Focus request febc086 NotificationShade,reason=UpdateInputWindows]
02-17 08:47:48.555 I/sysui_multi_action( 1524): [757,128,758,1,793,16693166,794,0,795,16693166,796,26,798,0,806,android,857,DEVELOPER_IMPORTANT,858,4,947,0,1395,3,1500,16692959,1688,1]
02-17 08:47:48.556 I/sysui_multi_action( 1524): [757,804,799,note_freshness,801,16693166,802,1]
02-17 08:47:48.556 I/notification_visibility( 1524): [-1|android|26|null|1000,1,16693166,16693166,0,0]
02-17 08:47:48.556 I/sysui_multi_action( 1524): [757,128,758,1,793,1926090,794,0,795,1926090,796,4273,798,1,806,com.android.systemui,857,screen_record,858,3,947,0,1395,3,1500,1925886,1688,1,1745,680407814]
02-17 08:47:48.556 I/sysui_multi_action( 1524): [757,804,799,note_freshness,801,1926090,802,1]
02-17 08:47:48.556 I/notification_visibility( 1524): [0|com.android.systemui|4273|null|10080,1,1926090,1926090,0,1]
02-17 08:47:48.556 I/sysui_multi_action( 1524): [757,128,758,1,793,17895101,794,0,795,17895101,796,32,798,2,806,android,857,USB,858,1,947,0,1395,3,1500,17894669,1688,1]
02-17 08:47:48.556 I/sysui_multi_action( 1524): [757,804,799,note_freshness,801,17895101,802,1]
02-17 08:47:48.556 I/notification_visibility( 1524): [-1|android|32|null|1000,1,17895101,17895101,0,2]
02-17 08:47:48.566 I/input_focus( 1524): [Focus leaving 321be4b com.android.launcher3/com.android.launcher3.uioverrides.QuickstepLauncher (server),reason=setFocusedWindow]
02-17 08:47:48.566 I/input_focus( 1524): [Focus entering febc086 NotificationShade (server),reason=setFocusedWindow]
02-17 08:47:48.598 I/sysui_multi_action( 1999): [757,111,758,1]
02-17 08:47:48.599 I/sysui_multi_action( 1999): [757,126,758,1,759,126,927,0,928,0,1593,0]
02-17 08:47:48.599 I/sysui_multi_action( 1999): [757,113,758,1,759,113,927,1,928,1,1593,0]
02-17 08:47:48.599 I/sysui_multi_action( 1999): [757,0,758,1,759,0,927,2,928,0,1593,0]
02-17 08:47:48.599 I/sysui_multi_action( 1999): [757,0,758,1,759,0,927,3,928,0,1593,0]
02-17 08:47:48.599 I/sysui_multi_action( 1999): [757,491,758,1,759,491,927,4,928,0,1311,-1,1593,0]
02-17 08:47:48.599 I/sysui_multi_action( 1999): [757,122,758,1,759,122,927,5,928,1,1593,0]
02-17 08:47:48.599 I/sysui_multi_action( 1999): [757,0,758,1,759,0,927,6,928,0,1593,0]
02-17 08:47:48.599 I/sysui_multi_action( 1999): [757,0,758,1,759,0,927,7,1593,0]
02-17 08:47:48.600 I/sysui_multi_action( 1999): [757,111,758,1]
02-17 08:47:48.600 I/sysui_multi_action( 1999): [757,126,758,1,759,126,927,0,928,0,1593,0]
02-17 08:47:48.600 I/sysui_multi_action( 1999): [757,113,758,1,759,113,927,1,928,1,1593,0]
02-17 08:47:48.600 I/sysui_multi_action( 1999): [757,0,758,1,759,0,927,2,928,0,1593,0]
02-17 08:47:48.600 I/sysui_multi_action( 1999): [757,0,758,1,759,0,927,3,928,0,1593,0]
02-17 08:47:48.935 I/auditd ( 0): type=1400 audit(0.0:19340): avc: denied { kill } for comm="swapper/0" capability=5 scontext=u:r:kernel:s0 tcontext=u:r:kernel:s0 tclass=capability permissive=0
02-17 08:47:49.414 I/input_interaction( 1524): Interaction with: febc086 NotificationShade (server), edge-swipe (server), swipe-up (server), PointerEventDispatcher0 (server),
01-01 12:58:29.565 E/DTC_ETH,link_delay_work_func( 0): 3003, SQI=0, link=0
02-17 08:47:49.935 I/auditd ( 0): type=1400 audit(0.0:19341): avc: denied { kill } for comm="swapper/0" capability=5 scontext=u:r:kernel:s0 tcontext=u:r:kernel:s0 tclass=capability permissive=0
02-17 08:47:50.107 I/GameModeConfig( 1524): isGameModeOn = false
02-17 08:47:50.107 I/GameModeConfig( 1524): isGameModeOn = false
02-17 08:47:50.107 I/GameModeConfig( 1524): isGameModeOn = false
02-17 08:47:50.108 I/GameModeConfig( 1524): isGameModeOn = false
02-17 08:47:50.108 I/GameModeConfig( 1524): isGameModeOn = false
02-17 08:47:50.108 I/GameModeConfig( 1524): isGameModeOn = false
02-17 08:47:50.109 I/notification_enqueue( 1524): [10080,1999,com.android.systemui,2048,NULL,0,Notification(channel=updateNotification shortcut=null contentView=null vibrate=null sound=null defaults=0x0 flags=0x0 color=0x00000000 vis=PRIVATE),1]
02-17 08:47:50.109 I/sysui_multi_action( 1999): [757,111,758,2]
02-17 08:47:50.110 I/sysui_multi_action( 1999): [757,111,758,2]
02-17 08:47:50.312 I/GameModeConfig( 1524): isGameModeOn = false
02-17 08:47:50.324 I/input_focus( 1524): [Focus request 321be4b com.android.launcher3/com.android.launcher3.uioverrides.QuickstepLauncher,reason=UpdateInputWindows]
02-17 08:47:50.330 I/sysui_multi_action( 1524): [757,128,758,2,793,16694941,794,1775,795,16694941,796,26,798,0,806,android,857,DEVELOPER_IMPORTANT,858,4,947,0,1395,3,1500,16694734,1688,1]
02-17 08:47:50.330 I/notification_visibility( 1524): [-1|android|26|null|1000,0,16694941,16694941,0,0]
02-17 08:47:50.331 I/sysui_multi_action( 1524): [757,128,758,2,793,1927865,794,1775,795,1927865,796,4273,798,1,806,com.android.systemui,857,screen_record,858,3,947,0,1395,3,1500,1927661,1688,1,1745,680407814]
02-17 08:47:50.331 I/notification_visibility( 1524): [0|com.android.systemui|4273|null|10080,0,1927865,1927865,0,1]
02-17 08:47:50.331 I/sysui_multi_action( 1524): [757,128,758,2,793,17896876,794,1775,795,17896876,796,32,798,2,806,android,857,USB,858,1,947,0,1395,3,1500,17896444,1688,1]
02-17 08:47:50.331 I/notification_visibility( 1524): [-1|android|32|null|1000,0,17896876,17896876,0,2]
02-17 08:47:50.332 I/sysui_multi_action( 1524): [757,127,758,2]
02-17 08:47:50.332 I/notification_panel_hidden( 1524):
02-17 08:47:50.354 I/input_focus( 1524): [Focus leaving febc086 NotificationShade (server),reason=NO_WINDOW]
02-17 08:47:50.354 I/input_focus( 1524): [Focus entering 321be4b com.android.launcher3/com.android.launcher3.uioverrides.QuickstepLauncher (server),reason=setFocusedWindow]
02-17 08:47:50.939 I/auditd ( 0): type=1400 audit(0.0:19342): avc: denied { kill } for comm="swapper/0" capability=5 scontext=u:r:kernel:s0 tcontext=u:r:kernel:s0 tclass=capability permissive=0
02-17 08:47:51.939 I/auditd ( 0): type=1400 audit(0.0:19343): avc: denied { kill } for comm="swapper/0" capability=5 scontext=u:r:kernel:s0 tcontext=u:r:kernel:s0 tclass=capability permissive=0
02-17 08:47:52.939 I/auditd ( 0): type=1400 audit(0.0:19344): avc: denied { kill } for comm="swapper/0" capability=5 scontext=u:r:kernel:s0 tcontext=u:r:kernel:s0 tclass=capability permissive=0
02-17 08:47:53.939 I/auditd ( 0): type=1400 audit(0.0:19345): avc: denied { kill } for comm="swapper/0" capability=5 scontext=u:r:kernel:s0 tcontext=u:r:kernel:s0 tclass=capability permissive=0
01-01 12:58:34.685 E/DTC_ETH,link_delay_work_func( 0): 3003, SQI=0, link=0
02-17 08:47:54.939 I/auditd ( 0): type=1400 audit(0.0:19346): avc: denied { kill } for comm="swapper/0" capability=5 scontext=u:r:kernel:s0 tcontext=u:r:kernel:s0 tclass=capability permissive=0
02-17 08:47:55.935 I/auditd ( 0): type=1400 audit(0.0:19347): avc: denied { kill } for comm="swapper/0" capability=5 scontext=u:r:kernel:s0 tcontext=u:r:kernel:s0 tclass=capability permissive=0
02-17 08:47:56.935 I/auditd ( 0): type=1400 audit(0.0:19348): avc: denied { kill } for comm="swapper/0" capability=5 scontext=u:r:kernel:s0 tcontext=u:r:kernel:s0 tclass=capability permissive=0
02-17 08:47:57.935 I/auditd ( 0): type=1400 audit(0.0:19349): avc: denied { kill } for comm="swapper/0" capability=5 scontext=u:r:kernel:s0 tcontext=u:r:kernel:s0 tclass=capability permissive=0
02-17 08:47:58.935 I/auditd ( 0): type=1400 audit(0.0:19350): avc: denied { kill } for comm="swapper/0" capability=5 scontext=u:r:kernel:s0 tcontext=u:r:kernel:s0 tclass=capability permissive=0
01-01 12:58:39.805 E/DTC_ETH,link_delay_work_func( 0): 3003, SQI=0, link=0
02-17 08:47:59.939 I/auditd ( 0): type=1400 audit(0.0:19351): avc: denied { kill } for comm="swapper/0" capability=5 scontext=u:r:kernel:s0 tcontext=u:r:kernel:s0 tclass=capability permissive=0
02-17 08:48:00.355 I/GameModeConfig( 1524): isGameModeOn = false
02-17 08:48:00.935 I/auditd ( 0): type=1400 audit(0.0:19352): avc: denied { kill } for comm="swapper/0" capability=5 scontext=u:r:kernel:s0 tcontext=u:r:kernel:s0 tclass=capability permissive=0
02-17 08:48:01.939 I/auditd ( 0): type=1400 audit(0.0:19353): avc: denied { kill } for comm="swapper/0" capability=5 scontext=u:r:kernel:s0 tcontext=u:r:kernel:s0 tclass=capability permissive=0
02-17 08:48:02.935 I/auditd ( 0): type=1400 audit(0.0:19354): avc: denied { kill } for comm="swapper/0" capability=5 scontext=u:r:kernel:s0 tcontext=u:r:kernel:s0 tclass=capability permissive=0
02-17 08:48:03.664 I/am_pss ( 1524): [19271,10063,com.android.calendar,6687744,4841472,0,91090944,0,19,12]
02-17 08:48:03.673 I/am_pss ( 1524): [19263,10065,com.android.gallery3d,8272896,6348800,0,93331456,0,19,8]
02-17 08:48:03.681 I/am_pss ( 1524): [19261,10067,com.android.deskclock,8838144,6012928,0,95211520,0,19,6]
02-17 08:48:03.939 I/auditd ( 0): type=1400 audit(0.0:19355): avc: denied { kill } for comm="swapper/0" capability=5 scontext=u:r:kernel:s0 tcontext=u:r:kernel:s0 tclass=capability permissive=0
01-01 12:58:44.925 E/DTC_ETH,link_delay_work_func( 0): 3003, SQI=0, link=0
02-17 08:48:04.939 I/auditd ( 0): type=1400 audit(0.0:19356): avc: denied { kill } for comm="swapper/0" capability=5 scontext=u:r:kernel:s0 tcontext=u:r:kernel:s0 tclass=capability permissive=0
02-17 08:48:05.939 I/auditd ( 0): type=1400 audit(0.0:19357): avc: denied { kill } for comm="swapper/0" capability=5 scontext=u:r:kernel:s0 tcontext=u:r:kernel:s0 tclass=capability permissive=0
02-17 08:48:06.939 I/auditd ( 0): type=1400 audit(0.0:19358): avc: denied { kill } for comm="swapper/0" capability=5 scontext=u:r:kernel:s0 tcontext=u:r:kernel:s0 tclass=capability permissive=0
02-17 08:48:07.939 I/auditd ( 0): type=1400 audit(0.0:19359): avc: denied { kill } for comm="swapper/0" capability=5 scontext=u:r:kernel:s0 tcontext=u:r:kernel:s0 tclass=capability permissive=0
02-17 08:48:08.935 I/auditd ( 0): type=1400 audit(0.0:19360): avc: denied { kill } for comm="swapper/0" capability=5 scontext=u:r:kernel:s0 tcontext=u:r:kernel:s0 tclass=capability permissive=0
01-01 12:58:50.045 E/DTC_ETH,link_delay_work_func( 0): 3003, SQI=0, link=0
02-17 08:48:09.935 I/auditd ( 0): type=1400 audit(0.0:19361): avc: denied { kill } for comm="swapper/0" capability=5 scontext=u:r:kernel:s0 tcontext=u:r:kernel:s0 tclass=capability permissive=0
02-17 08:48:10.935 I/auditd ( 0): type=1400 audit(0.0:19362): avc: denied { kill } for comm="swapper/0" capability=5 scontext=u:r:kernel:s0 tcontext=u:r:kernel:s0 tclass=capability permissive=0
02-17 08:48:11.939 I/auditd ( 0): type=1400 audit(0.0:19363): avc: denied { kill } for comm="swapper/0" capability=5 scontext=u:r:kernel:s0 tcontext=u:r:kernel:s0 tclass=capability permissive=0
02-17 08:48:12.935 I/auditd ( 0): type=1400 audit(0.0:19364): avc: denied { kill } for comm="swapper/0" capability=5 scontext=u:r:kernel:s0 tcontext=u:r:kernel:s0 tclass=capability permissive=0
02-17 08:48:13.939 I/auditd ( 0): type=1400 audit(0.0:19365): avc: denied { kill } for comm="swapper/0" capability=5 scontext=u:r:kernel:s0 tcontext=u:r:kernel:s0 tclass=capability permissive=0
02-17 08:48:14.935 I/auditd ( 0): type=1400 audit(0.0:19366): avc: denied { kill } for comm="swapper/0" capability=5 scontext=u:r:kernel:s0 tcontext=u:r:kernel:s0 tclass=capability permissive=0
01-01 12:58:55.165 E/DTC_ETH,link_delay_work_func( 0): 3003, SQI=0, link=0
02-17 08:48:15.935 I/auditd ( 0): type=1400 audit(0.0:19367): avc: denied { kill } for comm="swapper/0" capability=5 scontext=u:r:kernel:s0 tcontext=u:r:kernel:s0 tclass=capability permissive=0
02-17 08:48:16.935 I/auditd ( 0): type=1400 audit(0.0:19368): avc: denied { kill } for comm="swapper/0" capability=5 scontext=u:r:kernel:s0 tcontext=u:r:kernel:s0 tclass=capability permissive=0
02-17 08:48:17.935 I/auditd ( 0): type=1400 audit(0.0:19369): avc: denied { kill } for comm="swapper/0" capability=5 scontext=u:r:kernel:s0 tcontext=u:r:kernel:s0 tclass=capability permissive=0
02-17 08:48:18.935 I/auditd ( 0): type=1400 audit(0.0:19370): avc: denied { kill } for comm="swapper/0" capability=5 scontext=u:r:kernel:s0 tcontext=u:r:kernel:s0 tclass=capability permissive=0
02-17 08:48:19.935 I/auditd ( 0): type=1400 audit(0.0:19371): avc: denied { kill } for comm="swapper/0" capability=5 scontext=u:r:kernel:s0 tcontext=u:r:kernel:s0 tclass=capability permissive=0
01-01 12:59:00.285 E/DTC_ETH,link_delay_work_func( 0): 3003, SQI=0, link=0
02-17 08:48:20.939 I/auditd ( 0): type=1400 audit(0.0:19372): avc: denied { kill } for comm="swapper/0" capability=5 scontext=u:r:kernel:s0 tcontext=u:r:kernel:s0 tclass=capability permissive=0
02-17 08:48:21.935 I/auditd ( 0): type=1400 audit(0.0:19373): avc: denied { kill } for comm="swapper/0" capability=5 scontext=u:r:kernel:s0 tcontext=u:r:kernel:s0 tclass=capability permissive=0
02-17 08:48:22.939 I/auditd ( 0): type=1400 audit(0.0:19374): avc: denied { kill } for comm="swapper/0" capability=5 scontext=u:r:kernel:s0 tcontext=u:r:kernel:s0 tclass=capability permissive=0
02-17 08:48:23.939 I/auditd ( 0): type=1400 audit(0.0:19375): avc: denied { kill } for comm="swapper/0" capability=5 scontext=u:r:kernel:s0 tcontext=u:r:kernel:s0 tclass=capability permissive=0
02-17 08:48:24.939 I/auditd ( 0): type=1400 audit(0.0:19376): avc: denied { kill } for comm="swapper/0" capability=5 scontext=u:r:kernel:s0 tcontext=u:r:kernel:s0 tclass=capability permissive=0
01-01 12:59:05.405 E/DTC_ETH,link_delay_work_func( 0): 3003, SQI=0, link=0
02-17 08:48:25.935 I/auditd ( 0): type=1400 audit(0.0:19377): avc: denied { kill } for comm="swapper/0" capability=5 scontext=u:r:kernel:s0 tcontext=u:r:kernel:s0 tclass=capability permissive=0
02-17 08:48:26.939 I/auditd ( 0): type=1400 audit(0.0:19378): avc: denied { kill } for comm="swapper/0" capability=5 scontext=u:r:kernel:s0 tcontext=u:r:kernel:s0 tclass=capability permissive=0
02-17 08:48:27.939 I/auditd ( 0): type=1400 audit(0.0:19379): avc: denied { kill } for comm="swapper/0" capability=5 scontext=u:r:kernel:s0 tcontext=u:r:kernel:s0 tclass=capability permissive=0
02-17 08:48:28.939 I/auditd ( 0): type=1400 audit(0.0:19380): avc: denied { kill } for comm="swapper/0" capability=5 scontext=u:r:kernel:s0 tcontext=u:r:kernel:s0 tclass=capability permissive=0
02-17 08:48:29.935 I/auditd ( 0): type=1400 audit(0.0:19381): avc: denied { kill } for comm="swapper/0" capability=5 scontext=u:r:kernel:s0 tcontext=u:r:kernel:s0 tclass=capability permissive=0
01-01 12:59:10.525 E/DTC_ETH,link_delay_work_func( 0): 3003, SQI=0, link=0
02-17 08:48:30.935 I/auditd ( 0): type=1400 audit(0.0:19382): avc: denied { kill } for comm="swapper/0" capability=5 scontext=u:r:kernel:s0 tcontext=u:r:kernel:s0 tclass=capability permissive=0
02-17 08:48:31.939 I/auditd ( 0): type=1400 audit(0.0:19383): avc: denied { kill } for comm="swapper/0" capability=5 scontext=u:r:kernel:s0 tcontext=u:r:kernel:s0 tclass=capability permissive=0
02-17 08:48:32.935 I/auditd ( 0): type=1400 audit(0.0:19384): avc: denied { kill } for comm="swapper/0" capability=5 scontext=u:r:kernel:s0 tcontext=u:r:kernel:s0 tclass=capability permissive=0
02-17 08:48:33.939 I/auditd ( 0): type=1400 audit(0.0:19385): avc: denied { kill } for comm="swapper/0" capability=5 scontext=u:r:kernel:s0 tcontext=u:r:kernel:s0 tclass=capability permissive=0
02-17 08:48:34.935 I/auditd ( 0): type=1400 audit(0.0:19386): avc: denied { kill } for comm="swapper/0" capability=5 scontext=u:r:kernel:s0 tcontext=u:r:kernel:s0 tclass=capability permissive=0
01-01 12:59:15.645 E/DTC_ETH,link_delay_work_func( 0): 3003, SQI=0, link=0
02-17 08:48:35.939 I/auditd ( 0): type=1400 audit(0.0:19387): avc: denied { kill } for comm="swapper/0" capability=5 scontext=u:r:kernel:s0 tcontext=u:r:kernel:s0 tclass=capability permissive=0
02-17 08:48:36.939 I/auditd ( 0): type=1400 audit(0.0:19388): avc: denied { kill } for comm="swapper/0" capability=5 scontext=u:r:kernel:s0 tcontext=u:r:kernel:s0 tclass=capability permissive=0
02-17 08:48:37.935 I/auditd ( 0): type=1400 audit(0.0:19389): avc: denied { kill } for comm="swapper/0" capability=5 scontext=u:r:kernel:s0 tcontext=u:r:kernel:s0 tclass=capability permissive=0
02-17 08:48:38.939 I/auditd ( 0): type=1400 audit(0.0:19390): avc: denied { kill } for comm="swapper/0" capability=5 scontext=u:r:kernel:s0 tcontext=u:r:kernel:s0 tclass=capability permissive=0
02-17 08:48:39.939 I/auditd (16821): type=1400 audit(0.0:19391): avc: denied { kill } for comm="kworker/u16:13" capability=5 scontext=u:r:kernel:s0 tcontext=u:r:kernel:s0 tclass=capability permissive=0
01-01 12:59:20.765 E/DTC_ETH,link_delay_work_func( 0): 3003, SQI=0, link=0
02-17 08:48:40.935 I/auditd ( 0): type=1400 audit(0.0:19392): avc: denied { kill } for comm="swapper/0" capability=5 scontext=u:r:kernel:s0 tcontext=u:r:kernel:s0 tclass=capability permissive=0
02-17 08:48:41.935 I/auditd ( 0): type=1400 audit(0.0:19393): avc: denied { kill } for comm="swapper/0" capability=5 scontext=u:r:kernel:s0 tcontext=u:r:kernel:s0 tclass=capability permissive=0
02-17 08:48:42.791 V/DisplayPowerController[0]( 1524): Brightness [0.05] reason changing to: 'manual [ dim ]', previous reason: 'manual'.
02-17 08:48:42.791 I/sysui_multi_action( 1524): [757,1696,758,6,759,2]
02-17 08:48:42.791 W/PowerManagerService( 1524): Screen on took 123175 ms
02-17 08:48:42.794 E/DisplayDeviceConfig( 1524): requesting nits when no mapping exists.
02-17 08:48:42.795 E/DisplayDeviceConfig( 1524): requesting nits when no mapping exists.
02-17 08:48:42.795 I/am_wtf ( 1524): [0,1524,system_server,-1,DisplayDeviceConfig,requesting nits when no mapping exists.]
02-17 08:48:42.796 I/DropBoxManagerService( 1524): add tag=system_server_wtf isTagEnabled=true flags=0x2
02-17 08:48:42.798 I/am_wtf ( 1524): [0,1524,system_server,-1,DisplayDeviceConfig,requesting nits when no mapping exists.]
02-17 08:48:42.799 I/DropBoxManagerService( 1524): add tag=system_server_wtf isTagEnabled=true flags=0x2
02-17 08:48:42.811 E/DisplayDeviceConfig( 1524): requesting nits when no mapping exists.
02-17 08:48:42.811 E/DisplayDeviceConfig( 1524): requesting nits when no mapping exists.
02-17 08:48:42.811 I/am_wtf ( 1524): [0,1524,system_server,-1,DisplayDeviceConfig,requesting nits when no mapping exists.]
02-17 08:48:42.812 I/DropBoxManagerService( 1524): add tag=system_server_wtf isTagEnabled=true flags=0x2
02-17 08:48:42.813 I/am_wtf ( 1524): [0,1524,system_server,-1,DisplayDeviceConfig,requesting nits when no mapping exists.]
02-17 08:48:42.814 I/DropBoxManagerService( 1524): add tag=system_server_wtf isTagEnabled=true flags=0x2
02-17 08:48:42.827 E/DisplayDeviceConfig( 1524): requesting nits when no mapping exists.
02-17 08:48:42.827 I/am_wtf ( 1524): [0,1524,system_server,-1,DisplayDeviceConfig,requesting nits when no mapping exists.]
02-17 08:48:42.827 E/DisplayDeviceConfig( 1524): requesting nits when no mapping exists.
02-17 08:48:42.829 I/DropBoxManagerService( 1524): add tag=system_server_wtf isTagEnabled=true flags=0x2
02-17 08:48:42.830 I/am_wtf ( 1524): [0,1524,system_server,-1,DisplayDeviceConfig,requesting nits when no mapping exists.]
02-17 08:48:42.845 E/DisplayDeviceConfig( 1524): requesting nits when no mapping exists.
02-17 08:48:42.846 E/DisplayDeviceConfig( 1524): requesting nits when no mapping exists.
02-17 08:48:42.846 I/am_wtf ( 1524): [0,1524,system_server,-1,DisplayDeviceConfig,requesting nits when no mapping exists.]
02-17 08:48:42.847 I/am_wtf ( 1524): [0,1524,system_server,-1,DisplayDeviceConfig,requesting nits when no mapping exists.]
02-17 08:48:42.861 E/DisplayDeviceConfig( 1524): requesting nits when no mapping exists.
02-17 08:48:42.862 E/DisplayDeviceConfig( 1524): requesting nits when no mapping exists.
02-17 08:48:42.862 I/am_wtf ( 1524): [0,1524,system_server,-1,DisplayDeviceConfig,requesting nits when no mapping exists.]
02-17 08:48:42.862 I/am_wtf ( 1524): [0,1524,system_server,-1,DisplayDeviceConfig,requesting nits when no mapping exists.]
02-17 08:48:42.878 E/DisplayDeviceConfig( 1524): requesting nits when no mapping exists.
02-17 08:48:42.879 I/am_wtf ( 1524): [0,1524,system_server,-1,DisplayDeviceConfig,requesting nits when no mapping exists.]
02-17 08:48:42.879 E/DisplayDeviceConfig( 1524): requesting nits when no mapping exists.
02-17 08:48:42.880 I/am_wtf ( 1524): [0,1524,system_server,-1,DisplayDeviceConfig,requesting nits when no mapping exists.]
02-17 08:48:42.895 E/DisplayDeviceConfig( 1524): requesting nits when no mapping exists.
02-17 08:48:42.896 E/DisplayDeviceConfig( 1524): requesting nits when no mapping exists.
02-17 08:48:42.896 I/am_wtf ( 1524): [0,1524,system_server,-1,DisplayDeviceConfig,requesting nits when no mapping exists.]
02-17 08:48:42.896 I/am_wtf ( 1524): [0,1524,system_server,-1,DisplayDeviceConfig,requesting nits when no mapping exists.]
02-17 08:48:42.912 E/DisplayDeviceConfig( 1524): requesting nits when no mapping exists.
02-17 08:48:42.912 I/am_wtf ( 1524): [0,1524,system_server,-1,DisplayDeviceConfig,requesting nits when no mapping exists.]
02-17 08:48:42.912 E/DisplayDeviceConfig( 1524): requesting nits when no mapping exists.
02-17 08:48:42.913 I/am_wtf ( 1524): [0,1524,system_server,-1,DisplayDeviceConfig,requesting nits when no mapping exists.]
02-17 08:48:42.929 E/DisplayDeviceConfig( 1524): requesting nits when no mapping exists.
02-17 08:48:42.929 I/am_wtf ( 1524): [0,1524,system_server,-1,DisplayDeviceConfig,requesting nits when no mapping exists.]
02-17 08:48:42.929 E/DisplayDeviceConfig( 1524): requesting nits when no mapping exists.
02-17 08:48:42.930 I/am_wtf ( 1524): [0,1524,system_server,-1,DisplayDeviceConfig,requesting nits when no mapping exists.]
02-17 08:48:42.935 I/auditd ( 0): type=1400 audit(0.0:19394): avc: denied { kill } for comm="swapper/0" capability=5 scontext=u:r:kernel:s0 tcontext=u:r:kernel:s0 tclass=capability permissive=0
02-17 08:48:42.945 E/DisplayDeviceConfig( 1524): requesting nits when no mapping exists.
02-17 08:48:42.946 I/am_wtf ( 1524): [0,1524,system_server,-1,DisplayDeviceConfig,requesting nits when no mapping exists.]
02-17 08:48:42.946 E/DisplayDeviceConfig( 1524): requesting nits when no mapping exists.
02-17 08:48:42.947 I/am_wtf ( 1524): [0,1524,system_server,-1,DisplayDeviceConfig,requesting nits when no mapping exists.]
02-17 08:48:42.962 E/DisplayDeviceConfig( 1524): requesting nits when no mapping exists.
02-17 08:48:42.963 I/am_wtf ( 1524): [0,1524,system_server,-1,DisplayDeviceConfig,requesting nits when no mapping exists.]
02-17 08:48:42.963 E/DisplayDeviceConfig( 1524): requesting nits when no mapping exists.
02-17 08:48:42.964 I/am_wtf ( 1524): [0,1524,system_server,-1,DisplayDeviceConfig,requesting nits when no mapping exists.]
02-17 08:48:42.979 E/DisplayDeviceConfig( 1524): requesting nits when no mapping exists.
02-17 08:48:42.979 I/am_wtf ( 1524): [0,1524,system_server,-1,DisplayDeviceConfig,requesting nits when no mapping exists.]
02-17 08:48:42.979 E/DisplayDeviceConfig( 1524): requesting nits when no mapping exists.
02-17 08:48:42.980 I/am_wtf ( 1524): [0,1524,system_server,-1,DisplayDeviceConfig,requesting nits when no mapping exists.]
02-17 08:48:42.995 E/DisplayDeviceConfig( 1524): requesting nits when no mapping exists.
02-17 08:48:42.996 E/DisplayDeviceConfig( 1524): requesting nits when no mapping exists.
02-17 08:48:42.996 I/am_wtf ( 1524): [0,1524,system_server,-1,DisplayDeviceConfig,requesting nits when no mapping exists.]
02-17 08:48:42.997 I/am_wtf ( 1524): [0,1524,system_server,-1,DisplayDeviceConfig,requesting nits when no mapping exists.]
02-17 08:48:43.012 E/DisplayDeviceConfig( 1524): requesting nits when no mapping exists.
02-17 08:48:43.013 E/DisplayDeviceConfig( 1524): requesting nits when no mapping exists.
02-17 08:48:43.013 I/am_wtf ( 1524): [0,1524,system_server,-1,DisplayDeviceConfig,requesting nits when no mapping exists.]
02-17 08:48:43.014 I/am_wtf ( 1524): [0,1524,system_server,-1,DisplayDeviceConfig,requesting nits when no mapping exists.]
02-17 08:48:43.029 E/DisplayDeviceConfig( 1524): requesting nits when no mapping exists.
02-17 08:48:43.030 E/DisplayDeviceConfig( 1524): requesting nits when no mapping exists.
02-17 08:48:43.030 I/am_wtf ( 1524): [0,1524,system_server,-1,DisplayDeviceConfig,requesting nits when no mapping exists.]
02-17 08:48:43.031 I/am_wtf ( 1524): [0,1524,system_server,-1,DisplayDeviceConfig,requesting nits when no mapping exists.]
02-17 08:48:43.046 E/DisplayDeviceConfig( 1524): requesting nits when no mapping exists.
02-17 08:48:43.046 E/DisplayDeviceConfig( 1524): requesting nits when no mapping exists.
02-17 08:48:43.046 I/am_wtf ( 1524): [0,1524,system_server,-1,DisplayDeviceConfig,requesting nits when no mapping exists.]
02-17 08:48:43.047 I/am_wtf ( 1524): [0,1524,system_server,-1,DisplayDeviceConfig,requesting nits when no mapping exists.]
02-17 08:48:43.063 E/DisplayDeviceConfig( 1524): requesting nits when no mapping exists.
02-17 08:48:43.063 E/DisplayDeviceConfig( 1524): requesting nits when no mapping exists.
02-17 08:48:43.063 I/am_wtf ( 1524): [0,1524,system_server,-1,DisplayDeviceConfig,requesting nits when no mapping exists.]
02-17 08:48:43.064 I/am_wtf ( 1524): [0,1524,system_server,-1,DisplayDeviceConfig,requesting nits when no mapping exists.]
02-17 08:48:43.079 E/DisplayDeviceConfig( 1524): requesting nits when no mapping exists.
02-17 08:48:43.080 E/DisplayDeviceConfig( 1524): requesting nits when no mapping exists.
02-17 08:48:43.080 I/am_wtf ( 1524): [0,1524,system_server,-1,DisplayDeviceConfig,requesting nits when no mapping exists.]
02-17 08:48:43.081 I/am_wtf ( 1524): [0,1524,system_server,-1,DisplayDeviceConfig,requesting nits when no mapping exists.]
02-17 08:48:43.096 E/DisplayDeviceConfig( 1524): requesting nits when no mapping exists.
02-17 08:48:43.096 E/DisplayDeviceConfig( 1524): requesting nits when no mapping exists.
02-17 08:48:43.096 I/am_wtf ( 1524): [0,1524,system_server,-1,DisplayDeviceConfig,requesting nits when no mapping exists.]
02-17 08:48:43.097 I/am_wtf ( 1524): [0,1524,system_server,-1,DisplayDeviceConfig,requesting nits when no mapping exists.]
02-17 08:48:43.113 E/DisplayDeviceConfig( 1524): requesting nits when no mapping exists.
02-17 08:48:43.113 I/am_wtf ( 1524): [0,1524,system_server,-1,DisplayDeviceConfig,requesting nits when no mapping exists.]
02-17 08:48:43.114 E/DisplayDeviceConfig( 1524): requesting nits when no mapping exists.
02-17 08:48:43.114 I/am_wtf ( 1524): [0,1524,system_server,-1,DisplayDeviceConfig,requesting nits when no mapping exists.]
02-17 08:48:43.129 E/DisplayDeviceConfig( 1524): requesting nits when no mapping exists.
02-17 08:48:43.129 E/DisplayDeviceConfig( 1524): requesting nits when no mapping exists.
02-17 08:48:43.130 I/am_wtf ( 1524): [0,1524,system_server,-1,DisplayDeviceConfig,requesting nits when no mapping exists.]
02-17 08:48:43.130 I/am_wtf ( 1524): [0,1524,system_server,-1,DisplayDeviceConfig,requesting nits when no mapping exists.]
02-17 08:48:43.146 E/DisplayDeviceConfig( 1524): requesting nits when no mapping exists.
02-17 08:48:43.147 E/DisplayDeviceConfig( 1524): requesting nits when no mapping exists.
02-17 08:48:43.147 I/am_wtf ( 1524): [0,1524,system_server,-1,DisplayDeviceConfig,requesting nits when no mapping exists.]
02-17 08:48:43.148 I/am_wtf ( 1524): [0,1524,system_server,-1,DisplayDeviceConfig,requesting nits when no mapping exists.]
02-17 08:48:43.163 E/DisplayDeviceConfig( 1524): requesting nits when no mapping exists.
02-17 08:48:43.163 I/am_wtf ( 1524): [0,1524,system_server,-1,DisplayDeviceConfig,requesting nits when no mapping exists.]
02-17 08:48:43.163 E/DisplayDeviceConfig( 1524): requesting nits when no mapping exists.
02-17 08:48:43.164 I/am_wtf ( 1524): [0,1524,system_server,-1,DisplayDeviceConfig,requesting nits when no mapping exists.]
02-17 08:48:43.180 E/DisplayDeviceConfig( 1524): requesting nits when no mapping exists.
02-17 08:48:43.180 E/DisplayDeviceConfig( 1524): requesting nits when no mapping exists.
02-17 08:48:43.180 I/am_wtf ( 1524): [0,1524,system_server,-1,DisplayDeviceConfig,requesting nits when no mapping exists.]
02-17 08:48:43.181 I/am_wtf ( 1524): [0,1524,system_server,-1,DisplayDeviceConfig,requesting nits when no mapping exists.]
02-17 08:48:43.196 E/DisplayDeviceConfig( 1524): requesting nits when no mapping exists.
02-17 08:48:43.197 E/DisplayDeviceConfig( 1524): requesting nits when no mapping exists.
02-17 08:48:43.197 I/am_wtf ( 1524): [0,1524,system_server,-1,DisplayDeviceConfig,requesting nits when no mapping exists.]
02-17 08:48:43.197 I/am_wtf ( 1524): [0,1524,system_server,-1,DisplayDeviceConfig,requesting nits when no mapping exists.]
02-17 08:48:43.213 E/DisplayDeviceConfig( 1524): requesting nits when no mapping exists.
02-17 08:48:43.213 E/DisplayDeviceConfig( 1524): requesting nits when no mapping exists.
02-17 08:48:43.213 I/am_wtf ( 1524): [0,1524,system_server,-1,DisplayDeviceConfig,requesting nits when no mapping exists.]
02-17 08:48:43.214 I/am_wtf ( 1524): [0,1524,system_server,-1,DisplayDeviceConfig,requesting nits when no mapping exists.]
02-17 08:48:43.229 E/DisplayDeviceConfig( 1524): requesting nits when no mapping exists.
02-17 08:48:43.230 E/DisplayDeviceConfig( 1524): requesting nits when no mapping exists.
02-17 08:48:43.230 I/am_wtf ( 1524): [0,1524,system_server,-1,DisplayDeviceConfig,requesting nits when no mapping exists.]
02-17 08:48:43.231 I/am_wtf ( 1524): [0,1524,system_server,-1,DisplayDeviceConfig,requesting nits when no mapping exists.]
02-17 08:48:43.246 E/DisplayDeviceConfig( 1524): requesting nits when no mapping exists.
02-17 08:48:43.247 E/DisplayDeviceConfig( 1524): requesting nits when no mapping exists.
02-17 08:48:43.247 I/am_wtf ( 1524): [0,1524,system_server,-1,DisplayDeviceConfig,requesting nits when no mapping exists.]
02-17 08:48:43.248 I/am_wtf ( 1524): [0,1524,system_server,-1,DisplayDeviceConfig,requesting nits when no mapping exists.]
02-17 08:48:43.263 E/DisplayDeviceConfig( 1524): requesting nits when no mapping exists.
02-17 08:48:43.263 E/DisplayDeviceConfig( 1524): requesting nits when no mapping exists.
02-17 08:48:43.263 I/am_wtf ( 1524): [0,1524,system_server,-1,DisplayDeviceConfig,requesting nits when no mapping exists.]
02-17 08:48:43.264 I/am_wtf ( 1524): [0,1524,system_server,-1,DisplayDeviceConfig,requesting nits when no mapping exists.]
02-17 08:48:43.279 E/DisplayDeviceConfig( 1524): requesting nits when no mapping exists.
02-17 08:48:43.280 E/DisplayDeviceConfig( 1524): requesting nits when no mapping exists.
02-17 08:48:43.280 I/am_wtf ( 1524): [0,1524,system_server,-1,DisplayDeviceConfig,requesting nits when no mapping exists.]
02-17 08:48:43.281 I/am_wtf ( 1524): [0,1524,system_server,-1,DisplayDeviceConfig,requesting nits when no mapping exists.]
02-17 08:48:43.296 E/DisplayDeviceConfig( 1524): requesting nits when no mapping exists.
02-17 08:48:43.297 E/DisplayDeviceConfig( 1524): requesting nits when no mapping exists.
02-17 08:48:43.297 I/am_wtf ( 1524): [0,1524,system_server,-1,DisplayDeviceConfig,requesting nits when no mapping exists.]
02-17 08:48:43.297 I/am_wtf ( 1524): [0,1524,system_server,-1,DisplayDeviceConfig,requesting nits when no mapping exists.]
02-17 08:48:43.313 E/DisplayDeviceConfig( 1524): requesting nits when no mapping exists.
02-17 08:48:43.313 E/DisplayDeviceConfig( 1524): requesting nits when no mapping exists.
02-17 08:48:43.313 I/am_wtf ( 1524): [0,1524,system_server,-1,DisplayDeviceConfig,requesting nits when no mapping exists.]
02-17 08:48:43.314 I/am_wtf ( 1524): [0,1524,system_server,-1,DisplayDeviceConfig,requesting nits when no mapping exists.]
02-17 08:48:43.329 E/DisplayDeviceConfig( 1524): requesting nits when no mapping exists.
02-17 08:48:43.330 E/DisplayDeviceConfig( 1524): requesting nits when no mapping exists.
02-17 08:48:43.330 I/am_wtf ( 1524): [0,1524,system_server,-1,DisplayDeviceConfig,requesting nits when no mapping exists.]
02-17 08:48:43.331 I/am_wtf ( 1524): [0,1524,system_server,-1,DisplayDeviceConfig,requesting nits when no mapping exists.]
02-17 08:48:43.346 E/DisplayDeviceConfig( 1524): requesting nits when no mapping exists.
02-17 08:48:43.347 E/DisplayDeviceConfig( 1524): requesting nits when no mapping exists.
02-17 08:48:43.347 I/am_wtf ( 1524): [0,1524,system_server,-1,DisplayDeviceConfig,requesting nits when no mapping exists.]
02-17 08:48:43.348 I/am_wtf ( 1524): [0,1524,system_server,-1,DisplayDeviceConfig,requesting nits when no mapping exists.]
02-17 08:48:43.363 E/DisplayDeviceConfig( 1524): requesting nits when no mapping exists.
02-17 08:48:43.364 E/DisplayDeviceConfig( 1524): requesting nits when no mapping exists.
02-17 08:48:43.364 I/am_wtf ( 1524): [0,1524,system_server,-1,DisplayDeviceConfig,requesting nits when no mapping exists.]
02-17 08:48:43.364 I/am_wtf ( 1524): [0,1524,system_server,-1,DisplayDeviceConfig,requesting nits when no mapping exists.]
02-17 08:48:43.380 E/DisplayDeviceConfig( 1524): requesting nits when no mapping exists.
02-17 08:48:43.380 E/DisplayDeviceConfig( 1524): requesting nits when no mapping exists.
02-17 08:48:43.380 I/am_wtf ( 1524): [0,1524,system_server,-1,DisplayDeviceConfig,requesting nits when no mapping exists.]
02-17 08:48:43.381 I/am_wtf ( 1524): [0,1524,system_server,-1,DisplayDeviceConfig,requesting nits when no mapping exists.]
02-17 08:48:43.396 E/DisplayDeviceConfig( 1524): requesting nits when no mapping exists.
02-17 08:48:43.397 E/DisplayDeviceConfig( 1524): requesting nits when no mapping exists.
02-17 08:48:43.397 I/am_wtf ( 1524): [0,1524,system_server,-1,DisplayDeviceConfig,requesting nits when no mapping exists.]
02-17 08:48:43.398 I/am_wtf ( 1524): [0,1524,system_server,-1,DisplayDeviceConfig,requesting nits when no mapping exists.]
02-17 08:48:43.413 E/DisplayDeviceConfig( 1524): requesting nits when no mapping exists.
02-17 08:48:43.413 E/DisplayDeviceConfig( 1524): requesting nits when no mapping exists.
02-17 08:48:43.413 I/am_wtf ( 1524): [0,1524,system_server,-1,DisplayDeviceConfig,requesting nits when no mapping exists.]
02-17 08:48:43.414 I/am_wtf ( 1524): [0,1524,system_server,-1,DisplayDeviceConfig,requesting nits when no mapping exists.]
02-17 08:48:43.430 E/DisplayDeviceConfig( 1524): requesting nits when no mapping exists.
02-17 08:48:43.430 I/am_wtf ( 1524): [0,1524,system_server,-1,DisplayDeviceConfig,requesting nits when no mapping exists.]
02-17 08:48:43.430 E/DisplayDeviceConfig( 1524): requesting nits when no mapping exists.
02-17 08:48:43.431 I/am_wtf ( 1524): [0,1524,system_server,-1,DisplayDeviceConfig,requesting nits when no mapping exists.]
02-17 08:48:43.432 I/service_manager_stats( 1524): [100,54,58754]
02-17 08:48:43.446 E/DisplayDeviceConfig( 1524): requesting nits when no mapping exists.
02-17 08:48:43.447 E/DisplayDeviceConfig( 1524): requesting nits when no mapping exists.
02-17 08:48:43.447 I/am_wtf ( 1524): [0,1524,system_server,-1,DisplayDeviceConfig,requesting nits when no mapping exists.]
02-17 08:48:43.448 I/am_wtf ( 1524): [0,1524,system_server,-1,DisplayDeviceConfig,requesting nits when no mapping exists.]
02-17 08:48:43.463 E/DisplayDeviceConfig( 1524): requesting nits when no mapping exists.
02-17 08:48:43.463 E/DisplayDeviceConfig( 1524): requesting nits when no mapping exists.
02-17 08:48:43.463 I/am_wtf ( 1524): [0,1524,system_server,-1,DisplayDeviceConfig,requesting nits when no mapping exists.]
02-17 08:48:43.464 I/am_wtf ( 1524): [0,1524,system_server,-1,DisplayDeviceConfig,requesting nits when no mapping exists.]
02-17 08:48:43.480 E/DisplayDeviceConfig( 1524): requesting nits when no mapping exists.
02-17 08:48:43.480 I/am_wtf ( 1524): [0,1524,system_server,-1,DisplayDeviceConfig,requesting nits when no mapping exists.]
02-17 08:48:43.480 E/DisplayDeviceConfig( 1524): requesting nits when no mapping exists.
02-17 08:48:43.481 I/am_wtf ( 1524): [0,1524,system_server,-1,DisplayDeviceConfig,requesting nits when no mapping exists.]
02-17 08:48:43.496 E/DisplayDeviceConfig( 1524): requesting nits when no mapping exists.
02-17 08:48:43.497 I/am_wtf ( 1524): [0,1524,system_server,-1,DisplayDeviceConfig,requesting nits when no mapping exists.]
02-17 08:48:43.497 E/DisplayDeviceConfig( 1524): requesting nits when no mapping exists.
02-17 08:48:43.498 I/am_wtf ( 1524): [0,1524,system_server,-1,DisplayDeviceConfig,requesting nits when no mapping exists.]
02-17 08:48:43.513 E/DisplayDeviceConfig( 1524): requesting nits when no mapping exists.
02-17 08:48:43.514 I/am_wtf ( 1524): [0,1524,system_server,-1,DisplayDeviceConfig,requesting nits when no mapping exists.]
02-17 08:48:43.514 E/DisplayDeviceConfig( 1524): requesting nits when no mapping exists.
02-17 08:48:43.515 I/am_wtf ( 1524): [0,1524,system_server,-1,DisplayDeviceConfig,requesting nits when no mapping exists.]
02-17 08:48:43.530 E/DisplayDeviceConfig( 1524): requesting nits when no mapping exists.
02-17 08:48:43.530 E/DisplayDeviceConfig( 1524): requesting nits when no mapping exists.
02-17 08:48:43.530 I/am_wtf ( 1524): [0,1524,system_server,-1,DisplayDeviceConfig,requesting nits when no mapping exists.]
02-17 08:48:43.531 I/am_wtf ( 1524): [0,1524,system_server,-1,DisplayDeviceConfig,requesting nits when no mapping exists.]
02-17 08:48:43.547 E/DisplayDeviceConfig( 1524): requesting nits when no mapping exists.
02-17 08:48:43.547 I/am_wtf ( 1524): [0,1524,system_server,-1,DisplayDeviceConfig,requesting nits when no mapping exists.]
02-17 08:48:43.547 E/DisplayDeviceConfig( 1524): requesting nits when no mapping exists.
02-17 08:48:43.548 I/am_wtf ( 1524): [0,1524,system_server,-1,DisplayDeviceConfig,requesting nits when no mapping exists.]
02-17 08:48:43.563 E/DisplayDeviceConfig( 1524): requesting nits when no mapping exists.
02-17 08:48:43.564 E/DisplayDeviceConfig( 1524): requesting nits when no mapping exists.
02-17 08:48:43.565 I/am_wtf ( 1524): [0,1524,system_server,-1,DisplayDeviceConfig,requesting nits when no mapping exists.]
02-17 08:48:43.566 I/am_wtf ( 1524): [0,1524,system_server,-1,DisplayDeviceConfig,requesting nits when no mapping exists.]
02-17 08:48:43.580 E/DisplayDeviceConfig( 1524): requesting nits when no mapping exists.
02-17 08:48:43.580 I/am_wtf ( 1524): [0,1524,system_server,-1,DisplayDeviceConfig,requesting nits when no mapping exists.]
02-17 08:48:43.580 E/DisplayDeviceConfig( 1524): requesting nits when no mapping exists.
02-17 08:48:43.581 I/am_wtf ( 1524): [0,1524,system_server,-1,DisplayDeviceConfig,requesting nits when no mapping exists.]
02-17 08:48:43.597 E/DisplayDeviceConfig( 1524): requesting nits when no mapping exists.
02-17 08:48:43.597 I/am_wtf ( 1524): [0,1524,system_server,-1,DisplayDeviceConfig,requesting nits when no mapping exists.]
02-17 08:48:43.597 E/DisplayDeviceConfig( 1524): requesting nits when no mapping exists.
02-17 08:48:43.598 I/am_wtf ( 1524): [0,1524,system_server,-1,DisplayDeviceConfig,requesting nits when no mapping exists.]
02-17 08:48:43.613 E/DisplayDeviceConfig( 1524): requesting nits when no mapping exists.
02-17 08:48:43.614 I/am_wtf ( 1524): [0,1524,system_server,-1,DisplayDeviceConfig,requesting nits when no mapping exists.]
02-17 08:48:43.614 E/DisplayDeviceConfig( 1524): requesting nits when no mapping exists.
02-17 08:48:43.615 I/am_wtf ( 1524): [0,1524,system_server,-1,DisplayDeviceConfig,requesting nits when no mapping exists.]
02-17 08:48:43.630 E/DisplayDeviceConfig( 1524): requesting nits when no mapping exists.
02-17 08:48:43.631 E/DisplayDeviceConfig( 1524): requesting nits when no mapping exists.
02-17 08:48:43.631 I/am_wtf ( 1524): [0,1524,system_server,-1,DisplayDeviceConfig,requesting nits when no mapping exists.]
02-17 08:48:43.631 I/am_wtf ( 1524): [0,1524,system_server,-1,DisplayDeviceConfig,requesting nits when no mapping exists.]
02-17 08:48:43.647 E/DisplayDeviceConfig( 1524): requesting nits when no mapping exists.
02-17 08:48:43.647 E/DisplayDeviceConfig( 1524): requesting nits when no mapping exists.
02-17 08:48:43.647 I/am_wtf ( 1524): [0,1524,system_server,-1,DisplayDeviceConfig,requesting nits when no mapping exists.]
02-17 08:48:43.648 I/am_wtf ( 1524): [0,1524,system_server,-1,DisplayDeviceConfig,requesting nits when no mapping exists.]
02-17 08:48:43.663 E/DisplayDeviceConfig( 1524): requesting nits when no mapping exists.
02-17 08:48:43.664 E/DisplayDeviceConfig( 1524): requesting nits when no mapping exists.
02-17 08:48:43.664 I/am_wtf ( 1524): [0,1524,system_server,-1,DisplayDeviceConfig,requesting nits when no mapping exists.]
02-17 08:48:43.664 I/am_wtf ( 1524): [0,1524,system_server,-1,DisplayDeviceConfig,requesting nits when no mapping exists.]
02-17 08:48:43.680 E/DisplayDeviceConfig( 1524): requesting nits when no mapping exists.
02-17 08:48:43.681 E/DisplayDeviceConfig( 1524): requesting nits when no mapping exists.
02-17 08:48:43.681 I/am_wtf ( 1524): [0,1524,system_server,-1,DisplayDeviceConfig,requesting nits when no mapping exists.]
02-17 08:48:43.681 I/am_wtf ( 1524): [0,1524,system_server,-1,DisplayDeviceConfig,requesting nits when no mapping exists.]
02-17 08:48:43.697 E/DisplayDeviceConfig( 1524): requesting nits when no mapping exists.
02-17 08:48:43.697 E/DisplayDeviceConfig( 1524): requesting nits when no mapping exists.
02-17 08:48:43.697 I/am_wtf ( 1524): [0,1524,system_server,-1,DisplayDeviceConfig,requesting nits when no mapping exists.]
02-17 08:48:43.698 I/am_wtf ( 1524): [0,1524,system_server,-1,DisplayDeviceConfig,requesting nits when no mapping exists.]
02-17 08:48:43.713 E/DisplayDeviceConfig( 1524): requesting nits when no mapping exists.
02-17 08:48:43.714 E/DisplayDeviceConfig( 1524): requesting nits when no mapping exists.
02-17 08:48:43.714 I/am_wtf ( 1524): [0,1524,system_server,-1,DisplayDeviceConfig,requesting nits when no mapping exists.]
02-17 08:48:43.715 I/am_wtf ( 1524): [0,1524,system_server,-1,DisplayDeviceConfig,requesting nits when no mapping exists.]
02-17 08:48:43.730 E/DisplayDeviceConfig( 1524): requesting nits when no mapping exists.
02-17 08:48:43.731 I/am_wtf ( 1524): [0,1524,system_server,-1,DisplayDeviceConfig,requesting nits when no mapping exists.]
02-17 08:48:43.731 E/DisplayDeviceConfig( 1524): requesting nits when no mapping exists.
02-17 08:48:43.731 I/am_wtf ( 1524): [0,1524,system_server,-1,DisplayDeviceConfig,requesting nits when no mapping exists.]
02-17 08:48:43.747 E/DisplayDeviceConfig( 1524): requesting nits when no mapping exists.
02-17 08:48:43.748 I/am_wtf ( 1524): [0,1524,system_server,-1,DisplayDeviceConfig,requesting nits when no mapping exists.]
02-17 08:48:43.748 E/DisplayDeviceConfig( 1524): requesting nits when no mapping exists.
02-17 08:48:43.749 I/am_wtf ( 1524): [0,1524,system_server,-1,DisplayDeviceConfig,requesting nits when no mapping exists.]
02-17 08:48:43.935 I/auditd ( 0): type=1400 audit(0.0:19395): avc: denied { kill } for comm="swapper/0" capability=5 scontext=u:r:kernel:s0 tcontext=u:r:kernel:s0 tclass=capability permissive=0
02-17 08:48:44.290 I/input_interaction( 1524): Interaction with: d4326e3 StatusBar (server), edge-swipe (server), swipe-up (server), PointerEventDispatcher0 (server),
02-17 08:48:44.292 I/sysui_multi_action( 1999): [757,803,799,panel_open,802,1]
02-17 08:48:44.293 I/sysui_multi_action( 1999): [757,1328,758,4,1326,42,1327,0,1329,0]
02-17 08:48:44.294 V/DisplayPowerController[0]( 1524): Brightness [1.0] reason changing to: 'manual', previous reason: 'manual [ dim ]'.
02-17 08:48:44.294 I/sysui_multi_action( 1524): [757,1696,758,6,759,3]
02-17 08:48:44.298 E/DisplayDeviceConfig( 1524): requesting nits when no mapping exists.
02-17 08:48:44.298 E/DisplayDeviceConfig( 1524): requesting nits when no mapping exists.
02-17 08:48:44.298 I/am_wtf ( 1524): [0,1524,system_server,-1,DisplayDeviceConfig,requesting nits when no mapping exists.]
02-17 08:48:44.299 I/am_wtf ( 1524): [0,1524,system_server,-1,DisplayDeviceConfig,requesting nits when no mapping exists.]
02-17 08:48:44.314 E/DisplayDeviceConfig( 1524): requesting nits when no mapping exists.
02-17 08:48:44.315 I/am_wtf ( 1524): [0,1524,system_server,-1,DisplayDeviceConfig,requesting nits when no mapping exists.]
02-17 08:48:44.315 E/DisplayDeviceConfig( 1524): requesting nits when no mapping exists.
02-17 08:48:44.315 I/am_wtf ( 1524): [0,1524,system_server,-1,DisplayDeviceConfig,requesting nits when no mapping exists.]
02-17 08:48:44.331 E/DisplayDeviceConfig( 1524): requesting nits when no mapping exists.
02-17 08:48:44.332 E/DisplayDeviceConfig( 1524): requesting nits when no mapping exists.
02-17 08:48:44.332 I/am_wtf ( 1524): [0,1524,system_server,-1,DisplayDeviceConfig,requesting nits when no mapping exists.]
02-17 08:48:44.333 I/am_wtf ( 1524): [0,1524,system_server,-1,DisplayDeviceConfig,requesting nits when no mapping exists.]
02-17 08:48:44.348 E/DisplayDeviceConfig( 1524): requesting nits when no mapping exists.
02-17 08:48:44.348 I/am_wtf ( 1524): [0,1524,system_server,-1,DisplayDeviceConfig,requesting nits when no mapping exists.]
02-17 08:48:44.348 E/DisplayDeviceConfig( 1524): requesting nits when no mapping exists.
02-17 08:48:44.348 I/am_wtf ( 1524): [0,1524,system_server,-1,DisplayDeviceConfig,requesting nits when no mapping exists.]
02-17 08:48:44.353 I/sysui_multi_action( 1524): [757,127,758,1]
02-17 08:48:44.353 I/sysui_multi_action( 1524): [757,804,799,note_load,801,3,802,1]
02-17 08:48:44.353 I/notification_panel_revealed( 1524): 3
02-17 08:48:44.365 E/DisplayDeviceConfig( 1524): requesting nits when no mapping exists.
02-17 08:48:44.365 E/DisplayDeviceConfig( 1524): requesting nits when no mapping exists.
02-17 08:48:44.365 I/am_wtf ( 1524): [0,1524,system_server,-1,DisplayDeviceConfig,requesting nits when no mapping exists.]
02-17 08:48:44.366 I/am_wtf ( 1524): [0,1524,system_server,-1,DisplayDeviceConfig,requesting nits when no mapping exists.]
02-17 08:48:44.367 I/input_focus( 1524): [Focus request febc086 NotificationShade,reason=UpdateInputWindows]
02-17 08:48:44.378 I/sysui_multi_action( 1524): [757,128,758,1,793,16748989,794,0,795,16748989,796,26,798,0,806,android,857,DEVELOPER_IMPORTANT,858,4,947,0,1395,3,1500,16748782,1688,1]
02-17 08:48:44.378 I/sysui_multi_action( 1524): [757,804,799,note_freshness,801,16748989,802,1]
02-17 08:48:44.378 I/notification_visibility( 1524): [-1|android|26|null|1000,1,16748989,16748989,0,0]
02-17 08:48:44.379 I/sysui_multi_action( 1524): [757,128,758,1,793,1981912,794,0,795,1981912,796,4273,798,1,806,com.android.systemui,857,screen_record,858,3,947,0,1395,3,1500,1981708,1688,1,1745,680407814]
02-17 08:48:44.379 I/sysui_multi_action( 1524): [757,804,799,note_freshness,801,1981912,802,1]
02-17 08:48:44.379 I/notification_visibility( 1524): [0|com.android.systemui|4273|null|10080,1,1981912,1981912,0,1]
02-17 08:48:44.379 I/sysui_multi_action( 1524): [757,128,758,1,793,17950924,794,0,795,17950924,796,32,798,2,806,android,857,USB,858,1,947,0,1395,3,1500,17950492,1688,1]
02-17 08:48:44.379 I/sysui_multi_action( 1524): [757,804,799,note_freshness,801,17950924,802,1]
