02-17 09:16:06.594 E/KernelCpuSpeedReader( 1524): Failed to read cpu-freq: /sys/devices/system/cpu/cpu4/cpufreq/stats/time_in_state: open failed: ENOENT (No such file or directory)
02-17 09:16:06.594 E/KernelCpuSpeedReader( 1524): Failed to read cpu-freq: /sys/devices/system/cpu/cpu0/cpufreq/stats/time_in_state: open failed: ENOENT (No such file or directory)
02-17 09:16:06.591 I/auditd ( 568): type=1400 audit(0.0:21045): avc: denied { read } for comm="Binder:568_2" name="wakeup58" dev="sysfs" ino=71413 scontext=u:r:system_suspend:s0 tcontext=u:object_r:sysfs:s0 tclass=dir permissive=0
02-17 09:16:06.591 I/auditd ( 568): type=1400 audit(0.0:21046): avc: denied { read } for comm="Binder:568_2" name="wakeup4" dev="sysfs" ino=47054 scontext=u:r:system_suspend:s0 tcontext=u:object_r:sysfs:s0 tclass=dir permissive=0
02-17 09:16:06.591 I/auditd ( 568): type=1400 audit(0.0:21047): avc: denied { read } for comm="Binder:568_2" name="wakeup28" dev="sysfs" ino=53119 scontext=u:r:system_suspend:s0 tcontext=u:object_r:sysfs:s0 tclass=dir permissive=0
02-17 09:16:06.591 I/auditd ( 568): type=1400 audit(0.0:21048): avc: denied { read } for comm="Binder:568_2" name="wakeup56" dev="sysfs" ino=71341 scontext=u:r:system_suspend:s0 tcontext=u:object_r:sysfs:s0 tclass=dir permissive=0
02-17 09:16:06.591 I/auditd ( 568): type=1400 audit(0.0:21049): avc: denied { read } for comm="Binder:568_2" name="wakeup2" dev="sysfs" ino=46578 scontext=u:r:system_suspend:s0 tcontext=u:object_r:sysfs:s0 tclass=dir permissive=0
01-01 13:26:46.741 W/audit ( 0): audit_lost=1642 audit_rate_limit=5 audit_backlog_limit=64
01-01 13:26:46.741 E/audit ( 0): rate limit exceeded
02-17 09:16:06.598 I/wm_on_top_resumed_gained_called(19878): [240984769,com.android.settings.homepage.SettingsHomepageActivity,topStateChangedWhenResumed]
02-17 09:16:06.599 W/BatteryExternalStatsWorker( 1524): error reading modem stats:ERROR_PHONE_NOT_AVAILABLE
02-17 09:16:06.600 E/KernelCpuSpeedReader( 1524): Failed to read cpu-freq: /sys/devices/system/cpu/cpu4/cpufreq/stats/time_in_state: open failed: ENOENT (No such file or directory)
02-17 09:16:06.600 E/KernelCpuSpeedReader( 1524): Failed to read cpu-freq: /sys/devices/system/cpu/cpu0/cpufreq/stats/time_in_state: open failed: ENOENT (No such file or directory)
02-17 09:16:06.635 I/input_focus( 1524): [Focus request b34aae2 com.android.settings/com.android.settings.homepage.SettingsHomepageActivity,reason=UpdateInputWindows]
01-01 13:26:46.794 I/binder ( 0): 19878:19935 ioctl 40046210 7afdd311f4 returned -22
02-17 09:16:06.666 I/sysui_multi_action( 1524): [324,1,757,1090,758,13,806,com.android.settings,871,com.android.settings.homepage.SettingsHomepageActivity,1091,282]
02-17 09:16:06.669 I/sysui_multi_action( 1524): [319,23,321,21,322,282,325,19604,757,761,758,8,759,1,806,com.android.settings,871,com.android.settings.homepage.SettingsHomepageActivity,904,com.android.settings,905,0,1320,8,1321,5]
02-17 09:16:06.669 I/wm_activity_launch_time( 1524): [0,240984769,com.android.settings/.homepage.SettingsHomepageActivity,282]
02-17 09:16:06.680 I/input_focus( 1524): [Focus entering b34aae2 com.android.settings/com.android.settings.homepage.SettingsHomepageActivity (server),reason=Window became focusable. Previous reason: NOT_VISIBLE]
02-17 09:16:06.932 I/wm_stop_activity( 1524): [0,128678138,com.android.launcher3/.uioverrides.QuickstepLauncher]
02-17 09:16:06.949 I/wm_on_stop_called( 2568): [128678138,com.android.launcher3.uioverrides.QuickstepLauncher,STOP_ACTIVITY_ITEM]
02-17 09:16:06.969 W/ContextImpl( 2121): Calling a method in the system process without a qualified user: android.app.ContextImpl.startService:1816 android.content.ContextWrapper.startService:774 com.thundercomm.gamemode.ingame.services.GameModeActionUtils.startGameModeService:111 com.thundercomm.gamemode.ingame.services.GameModeActionUtils.startGameModeEntry:22 com.thundercomm.gamemode.ingame.services.ActivityMonitoringService$1.onActivityLaunch:139
02-17 09:16:06.970 I/GameModeConfig( 1524): Current uri is uri = content://com.thundercomm.gamemode.api/gamemode_settings/gamemode_isgaming
02-17 09:16:06.971 I/GameModeConfig( 1524): isGameModeOn = false
02-17 09:16:06.971 I/GameModeConfig( 1524): isGameModeOn = false
02-17 09:16:06.971 I/GameModeConfig( 1524): isDisableVoice = true
02-17 09:16:07.746 I/input_interaction( 1524): Interaction with: b34aae2 com.android.settings/com.android.settings.homepage.SettingsHomepageActivity (server), edge-swipe (server), swipe-up (server), PointerEventDispatcher0 (server),
02-17 09:16:07.750 W/FreeFormWindowHelper( 1524): Current Display FreeFormTask is null
02-17 09:16:07.750 I/wm_task_moved( 1524): [1,0,0]
02-17 09:16:07.750 I/wm_task_moved( 1524): [1,0,12]
02-17 09:16:07.757 W/ContextImpl( 2121): Calling a method in the system process without a qualified user: android.app.ContextImpl.startService:1816 android.content.ContextWrapper.startService:774 com.thundercomm.gamemode.ingame.services.GameModeActionUtils.startGameModeService:111 com.thundercomm.gamemode.ingame.services.GameModeActionUtils.startGameModeEntry:22 com.thundercomm.gamemode.ingame.services.ActivityMonitoringService$1.onActivityLaunch:139
02-17 09:16:07.758 I/GameModeConfig( 1524): Current uri is uri = content://com.thundercomm.gamemode.api/gamemode_settings/gamemode_isgaming
02-17 09:16:07.759 I/GameModeConfig( 1524): isGameModeOn = false
02-17 09:16:07.759 I/GameModeConfig( 1524): isGameModeOn = false
02-17 09:16:07.759 I/GameModeConfig( 1524): isDisableVoice = true
02-17 09:16:07.765 I/wm_on_restart_called( 2568): [128678138,com.android.launcher3.uioverrides.QuickstepLauncher,performRestartActivity]
02-17 09:16:07.766 W/FreeFormWindowHelper( 1524): Current Display FreeFormTask is null
02-17 09:16:07.766 W/FreeFormWindowHelper( 1524): Current Display FreeFormTask is null
02-17 09:16:07.766 W/FreeFormWindowHelper( 1524): Current Display FreeFormTask is null
02-17 09:16:07.778 I/wm_on_start_called( 2568): [128678138,com.android.launcher3.uioverrides.QuickstepLauncher,handleStartActivity]
02-17 09:16:07.785 W/FreeFormWindowHelper( 1524): Current Display FreeFormTask is null
02-17 09:16:07.786 W/FreeFormWindowHelper( 1524): Current Display FreeFormTask is null
02-17 09:16:07.788 I/view_enqueue_input_event(19878): [Motion - Cancel,com.android.settings/com.android.settings.homepage.SettingsHomepageActivity]
02-17 09:16:07.789 I/sysui_latency( 2568): [1,40]
02-17 09:16:07.790 W/FreeFormWindowHelper( 1524): Current Display FreeFormTask is null
02-17 09:16:07.791 I/input_focus( 1524): [Focus request recents_animation_input_consumer,reason=UpdateInputWindows]
02-17 09:16:07.793 I/sysui_multi_action( 1524): [319,3,322,42,325,19605,757,761,758,9,759,5,806,com.android.launcher3,871,com.android.launcher3.uioverrides.QuickstepLauncher,904,com.android.launcher3,905,0,1320,8,1321,5]
02-17 09:16:07.799 W/FreeFormWindowHelper( 1524): Current Display FreeFormTask is null
02-17 09:16:07.799 W/FreeFormWindowHelper( 1524): Current Display FreeFormTask is null
02-17 09:16:07.799 I/input_interaction( 1524): Interaction with: edge-swipe (server), swipe-up (server), PointerEventDispatcher0 (server),
02-17 09:16:07.800 I/input_focus( 1524): [Focus leaving b34aae2 com.android.settings/com.android.settings.homepage.SettingsHomepageActivity (server),reason=NOT_FOCUSABLE]
02-17 09:16:07.800 I/input_focus( 1524): [Focus entering recents_animation_input_consumer (server),reason=setFocusedWindow]
02-17 09:16:07.816 W/FreeFormWindowHelper( 1524): Current Display FreeFormTask is null
02-17 09:16:07.816 W/FreeFormWindowHelper( 1524): Current Display FreeFormTask is null
02-17 09:16:07.833 W/FreeFormWindowHelper( 1524): Current Display FreeFormTask is null
02-17 09:16:07.833 W/FreeFormWindowHelper( 1524): Current Display FreeFormTask is null
02-17 09:16:07.849 W/FreeFormWindowHelper( 1524): Current Display FreeFormTask is null
02-17 09:16:07.849 W/FreeFormWindowHelper( 1524): Current Display FreeFormTask is null
02-17 09:16:07.866 W/FreeFormWindowHelper( 1524): Current Display FreeFormTask is null
02-17 09:16:07.866 W/FreeFormWindowHelper( 1524): Current Display FreeFormTask is null
02-17 09:16:07.884 W/FreeFormWindowHelper( 1524): Current Display FreeFormTask is null
02-17 09:16:07.884 W/FreeFormWindowHelper( 1524): Current Display FreeFormTask is null
02-17 09:16:07.935 I/auditd ( 0): type=1400 audit(0.0:21146): avc: denied { kill } for comm="swapper/1" capability=5 scontext=u:r:kernel:s0 tcontext=u:r:kernel:s0 tclass=capability permissive=0
02-17 09:16:07.978 I/commit_sys_config_file( 1524): [settings-1-0,2]
02-17 09:16:08.094 I/sysui_latency( 1524): [8,45]
02-17 09:16:08.132 W/FreeFormWindowHelper( 1524): exitRecentTasks type=0
02-17 09:16:08.135 W/FreeFormWindowHelper( 1524): Current Display FreeFormTask is null
02-17 09:16:08.135 W/FreeFormWindowHelper( 1524): Current Display FreeFormTask is null
02-17 09:16:08.336 I/commit_sys_config_file( 1524): [settings-1-0,2]
02-17 09:16:08.768 W/FreeFormWindowHelper( 1524): Current Display FreeFormTask is null
02-17 09:16:08.768 W/FreeFormWindowHelper( 1524): Current Display FreeFormTask is null
02-17 09:16:08.772 I/wm_task_moved( 1524): [1,1,13]
02-17 09:16:08.775 I/wm_task_moved( 1524): [9,1,2147483647]
02-17 09:16:08.775 I/wm_task_to_front( 1524): [0,9]
02-17 09:16:08.775 I/wm_focused_root_task( 1524): [0,0,1,85,RecentsAnimation.onAnimationFinished()]
02-17 09:16:08.776 I/wm_set_resumed_activity( 1524): [0,com.android.launcher3/.uioverrides.QuickstepLauncher,RecentsAnimation.onAnimationFinished()]
02-17 09:16:08.777 I/wm_pause_activity( 1524): [0,240984769,com.android.settings/.homepage.SettingsHomepageActivity,userLeaving=true,pauseBackTasks]
02-17 09:16:08.778 I/wm_add_to_stopping( 1524): [0,240984769,com.android.settings/.homepage.SettingsHomepageActivity,makeInvisible]
02-17 09:16:08.778 I/ActivityTaskManager( 1524): FOREGROUND_APPLICATION_CHANGED to com.android.launcher3.uioverrides.QuickstepLauncher
02-17 09:16:08.779 I/wm_set_resumed_activity( 1524): [0,com.android.launcher3/.uioverrides.QuickstepLauncher,resumeTopActivityInnerLocked]
02-17 09:16:08.782 I/wm_resume_activity( 1524): [0,128678138,9,com.android.launcher3/.uioverrides.QuickstepLauncher]
02-17 09:16:08.785 I/wm_on_top_resumed_lost_called(19878): [240984769,com.android.settings.homepage.SettingsHomepageActivity,topStateChangedWhenResumed]
02-17 09:16:08.792 I/wm_on_resume_called( 2568): [128678138,com.android.launcher3.uioverrides.QuickstepLauncher,RESUME_ACTIVITY]
02-17 09:16:08.793 I/input_focus( 1524): [Focus request 321be4b com.android.launcher3/com.android.launcher3.uioverrides.QuickstepLauncher,reason=UpdateInputWindows]
02-17 09:16:08.795 I/wm_on_top_resumed_gained_called( 2568): [128678138,com.android.launcher3.uioverrides.QuickstepLauncher,topStateChangedWhenResumed]
02-17 09:16:08.797 I/sysui_multi_action(19878): [757,336,758,2,1089,2212]
02-17 09:16:08.797 I/sysui_multi_action(19878): [757,35,758,2,1089,2208]
02-17 09:16:08.797 I/wm_on_paused_called(19878): [240984769,com.android.settings.homepage.SettingsHomepageActivity,performPause]
02-17 09:16:08.797 I/wm_stop_activity( 1524): [0,240984769,com.android.settings/.homepage.SettingsHomepageActivity]
02-17 09:16:08.798 I/sysui_multi_action( 1524): [757,803,799,window_time_0,802,2]
02-17 09:16:08.805 I/input_focus( 1524): [Focus leaving recents_animation_input_consumer (server),reason=NOT_VISIBLE]
02-17 09:16:08.807 I/input_focus( 1524): [Focus entering 321be4b com.android.launcher3/com.android.launcher3.uioverrides.QuickstepLauncher (server),reason=setFocusedWindow]
02-17 09:16:08.807 I/wm_on_stop_called(19878): [240984769,com.android.settings.homepage.SettingsHomepageActivity,STOP_ACTIVITY_ITEM]
02-17 09:16:08.808 I/sysui_multi_action( 1524): [757,803,799,window_time_0,802,0]
02-17 09:16:08.832 W/ContextImpl( 2121): Calling a method in the system process without a qualified user: android.app.ContextImpl.startService:1816 android.content.ContextWrapper.startService:774 com.thundercomm.gamemode.ingame.services.GameModeActionUtils.startGameModeService:111 com.thundercomm.gamemode.ingame.services.GameModeActionUtils.startGameModeEntry:22 com.thundercomm.gamemode.ingame.services.ActivityMonitoringService$1.onActivityLaunch:139
02-17 09:16:08.835 I/GameModeConfig( 1524): Current uri is uri = content://com.thundercomm.gamemode.api/gamemode_settings/gamemode_isgaming
02-17 09:16:08.837 I/GameModeConfig( 1524): isGameModeOn = false
02-17 09:16:08.837 I/GameModeConfig( 1524): isGameModeOn = false
02-17 09:16:08.837 I/GameModeConfig( 1524): isDisableVoice = true
02-17 09:16:08.894 W/FreeFormWindowHelper( 1524): Current Display FreeFormTask is null
02-17 09:16:08.903 W/ContextImpl( 2121): Calling a method in the system process without a qualified user: android.app.ContextImpl.startService:1816 android.content.ContextWrapper.startService:774 com.thundercomm.gamemode.ingame.services.GameModeActionUtils.startGameModeService:111 com.thundercomm.gamemode.ingame.services.GameModeActionUtils.startGameModeEntry:22 com.thundercomm.gamemode.ingame.services.ActivityMonitoringService$1.onActivityLaunch:139
02-17 09:16:08.907 I/GameModeConfig( 1524): Current uri is uri = content://com.thundercomm.gamemode.api/gamemode_settings/gamemode_isgaming
02-17 09:16:08.909 I/GameModeConfig( 1524): isGameModeOn = false
02-17 09:16:08.910 I/GameModeConfig( 1524): isGameModeOn = false
02-17 09:16:08.910 I/GameModeConfig( 1524): isDisableVoice = true
02-17 09:16:08.939 I/auditd ( 0): type=1400 audit(0.0:21147): avc: denied { kill } for comm="swapper/1" capability=5 scontext=u:r:kernel:s0 tcontext=u:r:kernel:s0 tclass=capability permissive=0
01-01 13:26:49.405 E/DTC_ETH,link_delay_work_func( 0): 3003, SQI=0, link=0
02-17 09:16:09.323 I/input_interaction( 1524): Interaction with: 321be4b com.android.launcher3/com.android.launcher3.uioverrides.QuickstepLauncher (server), 8f82c51 com.android.systemui.ImageWallpaper (server), edge-swipe (server), swipe-up (server), PointerEventDispatcher0 (server),
02-17 09:16:09.402 E/TaskPersister( 1524): File error accessing recents directory (directory doesn't exist?).
02-17 09:16:09.423 I/thunderperf( 1524): PlatormCompat.setOverrides: Uid1=10073 Pid1=2568 Uid2=10073 Pid2=2568
02-17 09:16:09.423 I/thunderperf( 1524): PlatormCompat.setOverrides: needCheck:false
02-17 09:16:09.423 I/thunderperf( 1524): CompatConfig.addOverrideUnsafe: bef-state=1
02-17 09:16:09.424 E/thunderperf( 1524): CompatConfig.addOverrideUnsafe: exception:java.lang.SecurityException: Cannot override a change on a non-debuggable app and user build.
02-17 09:16:09.424 I/thunderperf( 1524): CompatConfig.addOverrideUnsafe: aft-state=1
02-17 09:16:09.425 I/thunderperf( 1524): CompatConfig.addOverrideUnsafe: bef-state=1
02-17 09:16:09.426 E/thunderperf( 1524): CompatConfig.addOverrideUnsafe: exception:java.lang.SecurityException: Cannot override a change on a non-debuggable app and user build.
02-17 09:16:09.426 I/thunderperf( 1524): CompatConfig.addOverrideUnsafe: aft-state=1
02-17 09:16:09.427 I/thunderperf( 1524): CompatConfig.addOverrideUnsafe: bef-state=1
02-17 09:16:09.427 E/thunderperf( 1524): CompatConfig.addOverrideUnsafe: exception:java.lang.SecurityException: Cannot override a change on a non-debuggable app and user build.
02-17 09:16:09.427 I/thunderperf( 1524): CompatConfig.addOverrideUnsafe: aft-state=1
02-17 09:16:09.428 I/thunderperf( 1524): CompatConfig.addOverrideUnsafe: bef-state=1
02-17 09:16:09.428 E/thunderperf( 1524): CompatConfig.addOverrideUnsafe: exception:java.lang.SecurityException: Cannot override a change on a non-debuggable app and user build.
02-17 09:16:09.428 I/thunderperf( 1524): CompatConfig.addOverrideUnsafe: aft-state=1
02-17 09:16:09.428 I/thunderperf( 1524): CompatConfig.addOverrideUnsafe: bef-state=1
02-17 09:16:09.429 E/thunderperf( 1524): CompatConfig.addOverrideUnsafe: exception:java.lang.SecurityException: Cannot override a change on a non-debuggable app and user build.
02-17 09:16:09.429 I/thunderperf( 1524): CompatConfig.addOverrideUnsafe: aft-state=1
02-17 09:16:09.429 I/thunderperf( 1524): CompatConfig.addOverrideUnsafe: bef-state=1
02-17 09:16:09.429 E/thunderperf( 1524): CompatConfig.addOverrideUnsafe: exception:java.lang.SecurityException: Cannot override a change on a non-debuggable app and user build.
02-17 09:16:09.429 I/thunderperf( 1524): CompatConfig.addOverrideUnsafe: aft-state=1
02-17 09:16:09.430 I/thunderperf( 1524): CompatConfig.addOverrideUnsafe: bef-state=1
02-17 09:16:09.430 E/thunderperf( 1524): CompatConfig.addOverrideUnsafe: exception:java.lang.SecurityException: Cannot override a change on a non-debuggable app and user build.
02-17 09:16:09.430 I/thunderperf( 1524): CompatConfig.addOverrideUnsafe: aft-state=1
02-17 09:16:09.431 I/thunderperf( 1524): CompatConfig.addOverrideUnsafe: bef-state=1
02-17 09:16:09.431 E/thunderperf( 1524): CompatConfig.addOverrideUnsafe: exception:java.lang.SecurityException: Cannot override a change on a non-debuggable app and user build.
02-17 09:16:09.431 I/thunderperf( 1524): CompatConfig.addOverrideUnsafe: aft-state=1
02-17 09:16:09.431 I/thunderperf( 1524): CompatConfig.addOverrideUnsafe: bef-state=1
02-17 09:16:09.432 E/thunderperf( 1524): CompatConfig.addOverrideUnsafe: exception:java.lang.SecurityException: Cannot override a change on a non-debuggable app and user build.
02-17 09:16:09.432 I/thunderperf( 1524): CompatConfig.addOverrideUnsafe: aft-state=1
02-17 09:16:09.432 I/thunderperf( 1524): CompatConfig.addOverrideUnsafe: bef-state=1
02-17 09:16:09.432 E/thunderperf( 1524): CompatConfig.addOverrideUnsafe: exception:java.lang.SecurityException: Cannot override a change on a non-debuggable app and user build.
02-17 09:16:09.432 I/thunderperf( 1524): CompatConfig.addOverrideUnsafe: aft-state=1
02-17 09:16:09.433 I/thunderperf( 1524): CompatConfig.addOverrideUnsafe: bef-state=1
02-17 09:16:09.433 E/thunderperf( 1524): CompatConfig.addOverrideUnsafe: exception:java.lang.SecurityException: Cannot override a change on a non-debuggable app and user build.
02-17 09:16:09.433 I/thunderperf( 1524): CompatConfig.addOverrideUnsafe: aft-state=1
02-17 09:16:09.433 I/thunderperf( 1524): CompatConfig.addOverrideUnsafe: bef-state=1
02-17 09:16:09.433 E/thunderperf( 1524): CompatConfig.addOverrideUnsafe: exception:java.lang.SecurityException: Cannot override a change on a non-debuggable app and user build.
02-17 09:16:09.433 I/thunderperf( 1524): CompatConfig.addOverrideUnsafe: aft-state=1
02-17 09:16:09.434 I/thunderperf( 1524): CompatConfig.addOverrideUnsafe: bef-state=1
02-17 09:16:09.434 E/thunderperf( 1524): CompatConfig.addOverrideUnsafe: exception:java.lang.SecurityException: Cannot override a change on a non-debuggable app and user build.
02-17 09:16:09.434 I/thunderperf( 1524): CompatConfig.addOverrideUnsafe: aft-state=1
02-17 09:16:09.434 I/thunderperf( 1524): CompatConfig.addOverrideUnsafe: bef-state=1
02-17 09:16:09.435 E/thunderperf( 1524): CompatConfig.addOverrideUnsafe: exception:java.lang.SecurityException: Cannot override a change on a non-debuggable app and user build.
02-17 09:16:09.435 I/thunderperf( 1524): CompatConfig.addOverrideUnsafe: aft-state=1
02-17 09:16:09.439 I/ActivityTaskManager( 1524): START u0 {act=android.intent.action.MAIN cat=[android.intent.category.LAUNCHER] flg=0x10200000 cmp=com.android.settings/.Settings bnds=[2128,710][2314,910]} from uid 10073
02-17 09:16:09.441 I/wm_task_moved( 1524): [85,1,13]
02-17 09:16:09.441 I/wm_task_to_front( 1524): [0,85]
02-17 09:16:09.441 I/wm_focused_root_task( 1524): [0,0,85,1,bringingFoundTaskToFront]
02-17 09:16:09.442 I/wm_set_resumed_activity( 1524): [0,com.android.settings/.homepage.SettingsHomepageActivity,bringingFoundTaskToFront]
02-17 09:16:09.442 I/wm_new_intent( 1524): [0,240984769,85,com.android.settings/.homepage.SettingsHomepageActivity,android.settings.BLUETOOTH_SETTINGS,NULL,NULL,335544320]
02-17 09:16:09.445 I/wm_pause_activity( 1524): [0,128678138,com.android.launcher3/.uioverrides.QuickstepLauncher,userLeaving=true,pauseBackTasks]
02-17 09:16:09.449 I/wm_on_top_resumed_lost_called( 2568): [128678138,com.android.launcher3.uioverrides.QuickstepLauncher,topStateChangedWhenResumed]
02-17 09:16:09.450 I/wm_on_paused_called( 2568): [128678138,com.android.launcher3.uioverrides.QuickstepLauncher,performPause]
02-17 09:16:09.451 I/ActivityTaskManager( 1524): FOREGROUND_APPLICATION_CHANGED to com.android.settings.homepage.SettingsHomepageActivity
02-17 09:16:09.454 I/wm_set_resumed_activity( 1524): [0,com.android.settings/.homepage.SettingsHomepageActivity,resumeTopActivityInnerLocked]
02-17 09:16:09.454 I/wm_add_to_stopping( 1524): [0,128678138,com.android.launcher3/.uioverrides.QuickstepLauncher,makeInvisible]
02-17 09:16:09.460 I/wm_resume_activity( 1524): [0,240984769,85,com.android.settings/.homepage.SettingsHomepageActivity]
02-17 09:16:09.468 I/sysui_multi_action( 1524): [757,803,799,window_time_0,802,1]
02-17 09:16:09.474 I/wm_on_restart_called(19878): [240984769,com.android.settings.homepage.SettingsHomepageActivity,performRestartActivity]
02-17 09:16:09.477 I/wm_on_start_called(19878): [240984769,com.android.settings.homepage.SettingsHomepageActivity,handleStartActivity]
02-17 09:16:09.477 I/snet_event_log(19878): [120484087,-1,]
02-17 09:16:09.477 I/wm_on_resume_called(19878): [240984769,com.android.settings.homepage.SettingsHomepageActivity,RESUME_ACTIVITY]
02-17 09:16:09.478 W/ContextImpl( 2121): Calling a method in the system process without a qualified user: android.app.ContextImpl.startService:1816 android.content.ContextWrapper.startService:774 com.thundercomm.gamemode.ingame.services.GameModeActionUtils.startGameModeService:111 com.thundercomm.gamemode.ingame.services.GameModeActionUtils.startGameModeEntry:22 com.thundercomm.gamemode.ingame.services.ActivityMonitoringService$1.onActivityLaunch:139
02-17 09:16:09.478 I/sysui_multi_action(19878): [757,336,758,1,833,0,1089,0]
02-17 09:16:09.481 I/GameModeConfig( 1524): Current uri is uri = content://com.thundercomm.gamemode.api/gamemode_settings/gamemode_isgaming
02-17 09:16:09.482 I/GameModeConfig( 1524): isGameModeOn = false
02-17 09:16:09.482 I/GameModeConfig( 1524): isGameModeOn = false
02-17 09:16:09.482 I/GameModeConfig( 1524): isDisableVoice = true
02-17 09:16:09.482 I/sysui_multi_action(19878): [757,35,758,1,833,0,1089,0]
02-17 09:16:09.483 I/wm_on_top_resumed_gained_called(19878): [240984769,com.android.settings.homepage.SettingsHomepageActivity,topWhenResuming]
02-17 09:16:09.488 I/input_focus( 1524): [Focus leaving 321be4b com.android.launcher3/com.android.launcher3.uioverrides.QuickstepLauncher (server),reason=NO_WINDOW]
02-17 09:16:09.491 I/input_focus( 1524): [Focus request b34aae2 com.android.settings/com.android.settings.homepage.SettingsHomepageActivity,reason=UpdateInputWindows]
02-17 09:16:09.506 I/input_focus( 1524): [Focus entering b34aae2 com.android.settings/com.android.settings.homepage.SettingsHomepageActivity (server),reason=setFocusedWindow]
02-17 09:16:09.508 I/sysui_multi_action( 1524): [319,31,321,29,322,59,325,19607,757,761,758,9,759,4,806,com.android.settings,871,com.android.settings.homepage.SettingsHomepageActivity,904,com.android.settings,905,0,1320,8,1321,5]
02-17 09:16:09.563 W/FreeFormWindowHelper( 1524): Current Display FreeFormTask is null
02-17 09:16:09.568 W/ContextImpl( 2121): Calling a method in the system process without a qualified user: android.app.ContextImpl.startService:1816 android.content.ContextWrapper.startService:774 com.thundercomm.gamemode.ingame.services.GameModeActionUtils.startGameModeService:111 com.thundercomm.gamemode.ingame.services.GameModeActionUtils.startGameModeEntry:22 com.thundercomm.gamemode.ingame.services.ActivityMonitoringService$1.onActivityLaunch:139
02-17 09:16:09.573 I/GameModeConfig( 1524): Current uri is uri = content://com.thundercomm.gamemode.api/gamemode_settings/gamemode_isgaming
02-17 09:16:09.575 I/GameModeConfig( 1524): isGameModeOn = false
02-17 09:16:09.579 I/GameModeConfig( 1524): isGameModeOn = false
02-17 09:16:09.579 I/GameModeConfig( 1524): isDisableVoice = true
02-17 09:16:09.659 I/commit_sys_config_file( 1524): [appops,19587872]
02-17 09:16:10.010 I/wm_stop_activity( 1524): [0,128678138,com.android.launcher3/.uioverrides.QuickstepLauncher]
02-17 09:16:10.029 I/commit_sys_config_file( 1524): [procstats,12]
02-17 09:16:10.030 I/wm_on_stop_called( 2568): [128678138,com.android.launcher3.uioverrides.QuickstepLauncher,STOP_ACTIVITY_ITEM]
02-17 09:16:10.032 I/commit_sys_config_file( 1524): [procstats,12]
02-17 09:16:10.050 W/ContextImpl( 2121): Calling a method in the system process without a qualified user: android.app.ContextImpl.startService:1816 android.content.ContextWrapper.startService:774 com.thundercomm.gamemode.ingame.services.GameModeActionUtils.startGameModeService:111 com.thundercomm.gamemode.ingame.services.GameModeActionUtils.startGameModeEntry:22 com.thundercomm.gamemode.ingame.services.ActivityMonitoringService$1.onActivityLaunch:139
02-17 09:16:10.056 I/GameModeConfig( 1524): Current uri is uri = content://com.thundercomm.gamemode.api/gamemode_settings/gamemode_isgaming
02-17 09:16:10.057 I/GameModeConfig( 1524): isGameModeOn = false
02-17 09:16:10.057 I/GameModeConfig( 1524): isGameModeOn = false
02-17 09:16:10.057 I/GameModeConfig( 1524): isDisableVoice = true
02-17 09:16:10.471 I/input_interaction( 1524): Interaction with: b34aae2 com.android.settings/com.android.settings.homepage.SettingsHomepageActivity (server), edge-swipe (server), swipe-up (server), PointerEventDispatcher0 (server),
02-17 09:16:10.487 W/FreeFormWindowHelper( 1524): Current Display FreeFormTask is null
02-17 09:16:10.487 I/wm_task_moved( 1524): [1,0,0]
02-17 09:16:10.488 I/wm_task_moved( 1524): [1,0,12]
02-17 09:16:10.509 I/wm_on_restart_called( 2568): [128678138,com.android.launcher3.uioverrides.QuickstepLauncher,performRestartActivity]
02-17 09:16:10.510 W/FreeFormWindowHelper( 1524): Current Display FreeFormTask is null
02-17 09:16:10.511 W/FreeFormWindowHelper( 1524): Current Display FreeFormTask is null
02-17 09:16:10.513 W/ContextImpl( 2121): Calling a method in the system process without a qualified user: android.app.ContextImpl.startService:1816 android.content.ContextWrapper.startService:774 com.thundercomm.gamemode.ingame.services.GameModeActionUtils.startGameModeService:111 com.thundercomm.gamemode.ingame.services.GameModeActionUtils.startGameModeEntry:22 com.thundercomm.gamemode.ingame.services.ActivityMonitoringService$1.onActivityLaunch:139
02-17 09:16:10.517 I/GameModeConfig( 1524): Current uri is uri = content://com.thundercomm.gamemode.api/gamemode_settings/gamemode_isgaming
02-17 09:16:10.520 I/GameModeConfig( 1524): isGameModeOn = false
02-17 09:16:10.521 I/GameModeConfig( 1524): isGameModeOn = false
02-17 09:16:10.521 I/GameModeConfig( 1524): isDisableVoice = true
02-17 09:16:10.531 I/wm_on_start_called( 2568): [128678138,com.android.launcher3.uioverrides.QuickstepLauncher,handleStartActivity]
02-17 09:16:10.531 I/view_enqueue_input_event(19878): [Motion - Cancel,com.android.settings/com.android.settings.homepage.SettingsHomepageActivity]
02-17 09:16:10.532 I/input_focus( 1524): [Focus request recents_animation_input_consumer,reason=UpdateInputWindows]
02-17 09:16:10.536 I/input_interaction( 1524): Interaction with: edge-swipe (server), swipe-up (server), PointerEventDispatcher0 (server),
02-17 09:16:10.538 W/FreeFormWindowHelper( 1524): Current Display FreeFormTask is null
02-17 09:16:10.538 W/FreeFormWindowHelper( 1524): Current Display FreeFormTask is null
02-17 09:16:10.538 I/sysui_latency( 2568): [1,68]
02-17 09:16:10.540 I/input_focus( 1524): [Focus leaving b34aae2 com.android.settings/com.android.settings.homepage.SettingsHomepageActivity (server),reason=NOT_FOCUSABLE]
02-17 09:16:10.540 I/input_focus( 1524): [Focus entering recents_animation_input_consumer (server),reason=setFocusedWindow]
02-17 09:16:10.544 W/FreeFormWindowHelper( 1524): Current Display FreeFormTask is null
02-17 09:16:10.545 W/FreeFormWindowHelper( 1524): Current Display FreeFormTask is null
02-17 09:16:10.545 W/FreeFormWindowHelper( 1524): Current Display FreeFormTask is null
02-17 09:16:10.547 I/sysui_multi_action( 1524): [319,14,322,57,325,19608,757,761,758,9,759,5,806,com.android.launcher3,871,com.android.launcher3.uioverrides.QuickstepLauncher,904,com.android.launcher3,905,0,1320,8,1321,5]
02-17 09:16:10.573 W/FreeFormWindowHelper( 1524): Current Display FreeFormTask is null
02-17 09:16:10.573 W/FreeFormWindowHelper( 1524): Current Display FreeFormTask is null
02-17 09:16:10.590 W/FreeFormWindowHelper( 1524): Current Display FreeFormTask is null
02-17 09:16:10.591 W/FreeFormWindowHelper( 1524): Current Display FreeFormTask is null
02-17 09:16:10.606 W/FreeFormWindowHelper( 1524): Current Display FreeFormTask is null
02-17 09:16:10.606 W/FreeFormWindowHelper( 1524): Current Display FreeFormTask is null
02-17 09:16:10.622 W/FreeFormWindowHelper( 1524): Current Display FreeFormTask is null
02-17 09:16:10.623 W/FreeFormWindowHelper( 1524): Current Display FreeFormTask is null
02-17 09:16:10.733 I/commit_sys_config_file( 1524): [settings-1-0,3]
02-17 09:16:10.845 W/FreeFormWindowHelper( 1524): Current Display FreeFormTask is null
02-17 09:16:10.845 W/FreeFormWindowHelper( 1524): Current Display FreeFormTask is null
02-17 09:16:10.846 W/FreeFormWindowHelper( 1524): Current Display FreeFormTask is null
02-17 09:16:10.846 I/sysui_latency( 1524): [8,70]
02-17 09:16:10.935 I/auditd ( 0): type=1400 audit(0.0:21148): avc: denied { kill } for comm="swapper/1" capability=5 scontext=u:r:kernel:s0 tcontext=u:r:kernel:s0 tclass=capability permissive=0
02-17 09:16:11.184 I/wm_task_moved( 1524): [1,1,13]
02-17 09:16:11.186 I/wm_focused_root_task( 1524): [0,0,1,85,RecentsAnimation.onAnimationFinished()]
02-17 09:16:11.189 I/wm_pause_activity( 1524): [0,240984769,com.android.settings/.homepage.SettingsHomepageActivity,userLeaving=false,pauseBackTasks]
02-17 09:16:11.191 I/ActivityTaskManager( 1524): FOREGROUND_APPLICATION_CHANGED to com.android.launcher3.uioverrides.QuickstepLauncher
02-17 09:16:11.191 I/wm_on_top_resumed_lost_called(19878): [240984769,com.android.settings.homepage.SettingsHomepageActivity,topStateChangedWhenResumed]
02-17 09:16:11.191 I/wm_set_resumed_activity( 1524): [0,com.android.launcher3/.uioverrides.QuickstepLauncher,resumeTopActivityInnerLocked]
02-17 09:16:11.195 I/wm_resume_activity( 1524): [0,128678138,9,com.android.launcher3/.uioverrides.QuickstepLauncher]
02-17 09:16:11.195 I/wm_add_to_stopping( 1524): [0,240984769,com.android.settings/.homepage.SettingsHomepageActivity,makeInvisible]
02-17 09:16:11.196 I/wm_on_resume_called( 2568): [128678138,com.android.launcher3.uioverrides.QuickstepLauncher,RESUME_ACTIVITY]
02-17 09:16:11.202 I/input_focus( 1524): [Focus request 321be4b com.android.launcher3/com.android.launcher3.uioverrides.QuickstepLauncher,reason=UpdateInputWindows]
02-17 09:16:11.204 I/sysui_multi_action(19878): [757,336,758,2,1089,1726]
02-17 09:16:11.204 I/sysui_multi_action(19878): [757,35,758,2,1089,1722]
02-17 09:16:11.204 I/wm_on_paused_called(19878): [240984769,com.android.settings.homepage.SettingsHomepageActivity,performPause]
02-17 09:16:11.204 W/FreeFormWindowHelper( 1524): Current Display FreeFormTask is null
02-17 09:16:11.205 W/FreeFormWindowHelper( 1524): Current Display FreeFormTask is null
02-17 09:16:11.206 W/FreeFormWindowHelper( 1524): Current Display FreeFormTask is null
02-17 09:16:11.207 I/wm_stop_activity( 1524): [0,240984769,com.android.settings/.homepage.SettingsHomepageActivity]
02-17 09:16:11.207 I/sysui_multi_action( 1524): [757,803,799,window_time_0,802,1]
02-17 09:16:11.209 I/input_focus( 1524): [Focus leaving recents_animation_input_consumer (server),reason=NOT_VISIBLE]
02-17 09:16:11.212 I/sysui_multi_action( 1524): [757,803,799,window_time_0,802,0]
02-17 09:16:11.222 W/FreeFormWindowHelper( 1524): Current Display FreeFormTask is null
02-17 09:16:11.222 W/FreeFormWindowHelper( 1524): Current Display FreeFormTask is null
02-17 09:16:11.224 I/wm_on_top_resumed_gained_called( 2568): [128678138,com.android.launcher3.uioverrides.QuickstepLauncher,topStateChangedWhenResumed]
02-17 09:16:11.228 I/input_focus( 1524): [Focus entering 321be4b com.android.launcher3/com.android.launcher3.uioverrides.QuickstepLauncher (server),reason=setFocusedWindow]
02-17 09:16:11.236 I/wm_on_stop_called(19878): [240984769,com.android.settings.homepage.SettingsHomepageActivity,STOP_ACTIVITY_ITEM]
02-17 09:16:11.251 W/ContextImpl( 2121): Calling a method in the system process without a qualified user: android.app.ContextImpl.startService:1816 android.content.ContextWrapper.startService:774 com.thundercomm.gamemode.ingame.services.GameModeActionUtils.startGameModeService:111 com.thundercomm.gamemode.ingame.services.GameModeActionUtils.startGameModeEntry:22 com.thundercomm.gamemode.ingame.services.ActivityMonitoringService$1.onActivityLaunch:139
02-17 09:16:11.254 I/GameModeConfig( 1524): Current uri is uri = content://com.thundercomm.gamemode.api/gamemode_settings/gamemode_isgaming
02-17 09:16:11.256 I/GameModeConfig( 1524): isGameModeOn = false
02-17 09:16:11.257 I/GameModeConfig( 1524): isGameModeOn = false
02-17 09:16:11.257 I/GameModeConfig( 1524): isDisableVoice = true
02-17 09:16:11.306 W/FreeFormWindowHelper( 1524): Current Display FreeFormTask is null
02-17 09:16:11.313 W/ContextImpl( 2121): Calling a method in the system process without a qualified user: android.app.ContextImpl.startService:1816 android.content.ContextWrapper.startService:774 com.thundercomm.gamemode.ingame.services.GameModeActionUtils.startGameModeService:111 com.thundercomm.gamemode.ingame.services.GameModeActionUtils.startGameModeEntry:22 com.thundercomm.gamemode.ingame.services.ActivityMonitoringService$1.onActivityLaunch:139
02-17 09:16:11.317 I/GameModeConfig( 1524): Current uri is uri = content://com.thundercomm.gamemode.api/gamemode_settings/gamemode_isgaming
02-17 09:16:11.319 I/GameModeConfig( 1524): isGameModeOn = false
02-17 09:16:11.319 I/GameModeConfig( 1524): isGameModeOn = false
02-17 09:16:11.319 I/GameModeConfig( 1524): isDisableVoice = true
02-17 09:16:11.417 I/commit_sys_config_file( 1524): [settings-1-0,4]
02-17 09:16:11.937 I/input_interaction( 1524): Interaction with: 321be4b com.android.launcher3/com.android.launcher3.uioverrides.QuickstepLauncher (server), 8f82c51 com.android.systemui.ImageWallpaper (server), edge-swipe (server), swipe-up (server), PointerEventDispatcher0 (server),
02-17 09:16:11.935 I/auditd ( 0): type=1400 audit(0.0:21149): avc: denied { kill } for comm="swapper/1" capability=5 scontext=u:r:kernel:s0 tcontext=u:r:kernel:s0 tclass=capability permissive=0
02-17 09:16:12.021 W/FreeFormWindowHelper( 1524): Current Display FreeFormTask is null
02-17 09:16:12.336 W/FreeFormWindowHelper( 1524): Current Display FreeFormTask is null
02-17 09:16:12.429 I/wm_finish_activity( 1524): [0,234919770,42,com.android.deskclock/.DeskClock,recent-task-trimmed]
02-17 09:16:12.431 I/wm_destroy_activity( 1524): [0,234919770,42,com.android.deskclock/.DeskClock,finish-imm:finishIfPossible]
02-17 09:16:12.433 W/UsageStatsService( 1524): Unexpected activity event reported! (com.android.deskclock/com.android.deskclock.DeskClock event : 23 instanceId : 543087)
02-17 09:16:12.433 I/wm_task_removed( 1524): [42,removeChild:removeChild last r=ActivityRecord{e00975a u0 com.android.deskclock/.DeskClock t-1 f}} in t=Task{224a303 #42 type=standard A=10067:com.android.deskclock U=0 visible=false mode=fullscreen translucent=true sz=0}]
02-17 09:16:12.433 I/wm_task_removed( 1524): [42,removeChild]
02-17 09:16:12.439 W/ActivityTaskManager( 1524): Can't find TaskDisplayArea to determine support for multi window. Task id=42 attached=false
02-17 09:16:12.439 W/ActivityTaskManager( 1524): Can't find TaskDisplayArea to determine support for multi window. Task id=42 attached=false
02-17 09:16:12.440 I/wm_finish_activity( 1524): [0,32479795,44,com.android.documentsui/.files.FilesActivity,recent-task-trimmed]
02-17 09:16:12.442 I/wm_destroy_activity( 1524): [0,32479795,44,com.android.documentsui/.files.FilesActivity,finish-imm:finishIfPossible]
02-17 09:16:12.442 I/wm_task_removed( 1524): [44,removeChild:removeChild last r=ActivityRecord{1ef9a33 u0 com.android.documentsui/.files.FilesActivity t-1 f}} in t=Task{f5a1cab #44 type=standard A=10030:com.android.documentsui U=0 visible=false mode=fullscreen translucent=true sz=0}]
02-17 09:16:12.442 I/wm_task_removed( 1524): [44,removeChild]
02-17 09:16:12.445 W/ActivityTaskManager( 1524): Can't find TaskDisplayArea to determine support for multi window. Task id=44 attached=false
02-17 09:16:12.445 W/ActivityTaskManager( 1524): Can't find TaskDisplayArea to determine support for multi window. Task id=44 attached=false
02-17 09:16:12.446 I/wm_finish_activity( 1524): [0,120676314,45,com.android.music/.VideoBrowserActivity,recent-task-trimmed]
02-17 09:16:12.447 I/wm_destroy_activity( 1524): [0,120676314,45,com.android.music/.VideoBrowserActivity,finish-imm:finishIfPossible]
02-17 09:16:12.450 I/wm_on_destroy_called(13361): [120676314,com.android.music.VideoBrowserActivity,performDestroy]
02-17 09:16:12.452 I/wm_finish_activity( 1524): [0,36867196,46,com.android.music/.MusicBrowserActivity,recent-task-trimmed]
02-17 09:16:12.453 I/wm_destroy_activity( 1524): [0,36867196,46,com.android.music/.MusicBrowserActivity,finish-imm:finishIfPossible]
02-17 09:16:12.454 I/wm_finish_activity( 1524): [0,205029472,47,com.android.gallery3d/.app.GalleryActivity,recent-task-trimmed]
02-17 09:16:12.455 I/wm_destroy_activity( 1524): [0,205029472,47,com.android.gallery3d/.app.GalleryActivity,finish-imm:finishIfPossible]
02-17 09:16:12.456 I/wm_task_removed( 1524): [47,removeChild:removeChild last r=ActivityRecord{c388060 u0 com.android.gallery3d/.app.GalleryActivity t-1 f}} in t=Task{ea713b7 #47 type=standard A=10065:com.android.gallery3d U=0 visible=false mode=fullscreen translucent=true sz=0}]
02-17 09:16:12.456 I/wm_task_removed( 1524): [47,removeChild]
02-17 09:16:12.457 W/ActivityTaskManager( 1524): Can't find TaskDisplayArea to determine support for multi window. Task id=47 attached=false
02-17 09:16:12.457 W/ActivityTaskManager( 1524): Can't find TaskDisplayArea to determine support for multi window. Task id=47 attached=false
02-17 09:16:12.458 I/wm_finish_activity( 1524): [0,77521178,50,com.tencent.qqmusicpad/.activity.MainActivity,recent-task-trimmed]
02-17 09:16:12.459 I/wm_destroy_activity( 1524): [0,77521178,50,com.tencent.qqmusicpad/.activity.MainActivity,finish-imm:finishIfPossible]
02-17 09:16:12.460 I/wm_finish_activity( 1524): [0,206913332,41,com.android.calendar/.AllInOneActivity,recent-task-trimmed]
02-17 09:16:12.460 I/wm_destroy_activity( 1524): [0,206913332,41,com.android.calendar/.AllInOneActivity,finish-imm:finishIfPossible]
02-17 09:16:12.461 I/wm_finish_activity( 1524): [0,240984769,85,com.android.settings/.homepage.SettingsHomepageActivity,recent-task-trimmed]
02-17 09:16:12.461 I/wm_destroy_activity( 1524): [0,240984769,85,com.android.settings/.homepage.SettingsHomepageActivity,finish-imm:finishIfPossible]
02-17 09:16:12.467 I/ActivityManager( 1524): Killing 19804:com.android.deskclock/u0a67 (adj 925): remove task
02-17 09:16:12.467 I/am_kill ( 1524): [0,19804,com.android.deskclock,925,remove task]
02-17 09:16:12.469 I/wm_task_removed( 1524): [45,removeChild:removeChild last r=ActivityRecord{7315fda u0 com.android.music/.VideoBrowserActivity t-1 f}} in t=Task{25e5183 #45 type=standard A=10084:android.task.video U=0 visible=false mode=fullscreen translucent=true sz=0}]
02-17 09:16:12.469 I/wm_task_removed( 1524): [45,removeChild]
02-17 09:16:12.469 I/wm_on_destroy_called(19551): [206913332,com.android.calendar.AllInOneActivity,performDestroy]
02-17 09:16:12.470 I/sysui_multi_action( 1524): [757,803,799,window_time_0,802,2]
02-17 09:16:12.472 I/wm_on_destroy_called(19878): [240984769,com.android.settings.homepage.SettingsHomepageActivity,performDestroy]
02-17 09:16:12.476 W/ActivityTaskManager( 1524): Can't find TaskDisplayArea to determine support for multi window. Task id=45 attached=false
02-17 09:16:12.476 W/ActivityTaskManager( 1524): Can't find TaskDisplayArea to determine support for multi window. Task id=45 attached=false
02-17 09:16:12.483 I/wm_task_removed( 1524): [41,removeChild:removeChild last r=ActivityRecord{c553f34 u0 com.android.calendar/.AllInOneActivity t-1 f}} in t=Task{32aef15 #41 type=standard A=10063:android.task.calendar U=0 visible=false mode=fullscreen translucent=true sz=0}]
02-17 09:16:12.483 I/wm_task_removed( 1524): [41,removeChild]
02-17 09:16:12.485 I/wm_task_removed( 1524): [85,removeChild:removeChild last r=ActivityRecord{e5d22c1 u0 com.android.settings/.homepage.SettingsHomepageActivity t-1 f}} in t=Task{318bd8f #85 type=standard A=1000:com.android.settings.root U=0 visible=false mode=fullscreen translucent=true sz=0}]
02-17 09:16:12.485 I/wm_task_removed( 1524): [85,removeChild]
02-17 09:16:12.486 I/wm_on_destroy_called(13361): [36867196,com.android.music.MusicBrowserActivity,performDestroy]
02-17 09:16:12.486 I/sysui_multi_action( 1524): [757,803,799,window_time_0,802,0]
02-17 09:16:12.488 W/ActivityTaskManager( 1524): Can't find TaskDisplayArea to determine support for multi window. Task id=41 attached=false
02-17 09:16:12.488 W/ActivityTaskManager( 1524): Can't find TaskDisplayArea to determine support for multi window. Task id=41 attached=false
02-17 09:16:12.488 I/wm_on_destroy_called(13716): [77521178,com.tencent.qqmusicpad.activity.MainActivity,performDestroy]
02-17 09:16:12.489 W/ActivityTaskManager( 1524): Can't find TaskDisplayArea to determine support for multi window. Task id=85 attached=false
02-17 09:16:12.489 W/ActivityTaskManager( 1524): Can't find TaskDisplayArea to determine support for multi window. Task id=85 attached=false
02-17 09:16:12.489 I/sysui_multi_action( 1524): [757,803,799,window_time_0,802,0]
02-17 09:16:12.492 I/ActivityManager( 1524): Killing 13361:com.android.music/u0a84 (adj 200): remove task
02-17 09:16:12.492 I/am_kill ( 1524): [0,13361,com.android.music,200,remove task]
02-17 09:16:12.494 W/ActivityManager( 1524): stopServiceToken startId 2 is last, but have 2 remaining args
02-17 09:16:12.498 I/wm_task_removed( 1524): [46,removeChild:removeChild last r=ActivityRecord{2328c7c u0 com.android.music/.MusicBrowserActivity t-1 f}} in t=Task{e1c72fe #46 type=standard A=10084:android.task.music U=0 visible=false mode=fullscreen translucent=true sz=0}]
02-17 09:16:12.498 I/wm_task_removed( 1524): [46,removeChild]
02-17 09:16:12.500 I/wm_task_removed( 1524): [50,removeChild:removeChild last r=ActivityRecord{49ee11a u0 com.tencent.qqmusicpad/.activity.MainActivity t-1 f}} in t=Task{a7f23b0 #50 type=standard A=10095:com.tencent.qqmusicpad U=0 visible=false mode=fullscreen translucent=true sz=0}]
02-17 09:16:12.500 I/wm_task_removed( 1524): [50,removeChild]
02-17 09:16:12.501 I/sysui_multi_action( 1524): [757,803,799,window_time_0,802,0]
02-17 09:16:12.503 W/ActivityTaskManager( 1524): Can't find TaskDisplayArea to determine support for multi window. Task id=46 attached=false
02-17 09:16:12.503 W/ActivityTaskManager( 1524): Can't find TaskDisplayArea to determine support for multi window. Task id=46 attached=false
02-17 09:16:12.503 W/ActivityTaskManager( 1524): Can't find TaskDisplayArea to determine support for multi window. Task id=50 attached=false
02-17 09:16:12.503 W/ActivityTaskManager( 1524): Can't find TaskDisplayArea to determine support for multi window. Task id=50 attached=false
02-17 09:16:12.504 I/ActivityManager( 1524): Killing 19808:com.android.gallery3d/u0a65 (adj 915): remove task
02-17 09:16:12.505 I/am_kill ( 1524): [0,19808,com.android.gallery3d,915,remove task]
02-17 09:16:12.507 I/sysui_multi_action( 1524): [757,803,799,window_time_0,802,0]
02-17 09:16:12.515 I/notification_cancel_all( 1524): [1000,1524,com.tencent.qqmusicpad,0,0,0,20,NULL]
02-17 09:16:12.515 I/notification_cancel_all( 1524): [10095,13716,com.tencent.qqmusicpad,0,0,64,9,NULL]
02-17 09:16:12.516 I/sysui_multi_action( 1524): [757,803,799,window_time_0,802,0]
02-17 09:16:12.519 I/ActivityManager( 1524): Killing 19551:com.android.calendar/u0a63 (adj 900): remove task
02-17 09:16:12.519 E/TaskPersister( 1524): File error accessing recents directory (directory doesn't exist?).
02-17 09:16:12.519 I/am_kill ( 1524): [0,19551,com.android.calendar,900,remove task]
02-17 09:16:12.521 W/UsageStatsService( 1524): Unexpected activity event reported! (com.android.documentsui/com.android.documentsui.files.FilesActivity event : 23 instanceId : 256487812)
02-17 09:16:12.521 W/UsageStatsService( 1524): Unexpected activity event reported! (com.android.gallery3d/com.android.gallery3d.app.GalleryActivity event : 23 instanceId : 139532317)
01-01 13:26:52.677 I/binder_alloc( 0): 13361: binder_alloc_buf, no vma
01-01 13:26:52.677 I/binder ( 0): 1524:1596 transaction failed 29189/-3, size 84-0 line 3240
02-17 09:16:12.528 I/sysui_multi_action( 1524): [757,128,758,5,759,8,793,4963521,794,4946335,795,4963521,796,1,806,com.tencent.qqmusicpad,857,10000,858,2,947,0,1500,4963521,1688,1]
02-17 09:16:12.528 I/sysui_multi_action( 1524): [757,803,799,window_time_0,802,0]
02-17 09:16:12.528 I/notification_canceled( 1524): [0|com.tencent.qqmusicpad|1|null|10095,8,4963521,4963521,4946335,-1,-1,NULL]
02-17 09:16:12.529 I/ActivityManager( 1524): Killing 19878:com.android.settings/1000 (adj 905): remove task
02-17 09:16:12.529 I/am_kill ( 1524): [0,19878,com.android.settings,905,remove task]
02-17 09:16:12.530 I/sysui_multi_action( 1524): [757,803,799,window_time_0,802,0]
02-17 09:16:12.530 D/CompatibilityChangeReporter( 1524): Compat change id reported: 175319604; UID 1000; state: ENABLED
02-17 09:16:12.530 D/CompatibilityChangeReporter( 1524): Compat change id reported: 175319604; UID 1000; state: DISABLED
02-17 09:16:12.531 W/UsageStatsService( 1524): Unexpected activity event reported! (com.android.music/com.android.music.VideoBrowserActivity event : 23 instanceId : 224641007)
02-17 09:16:12.532 W/UsageStatsService( 1524): Unexpected activity event reported! (com.android.calendar/com.android.calendar.AllInOneActivity event : 23 instanceId : 153052794)
02-17 09:16:12.532 W/UsageStatsService( 1524): Unexpected activity event reported! (com.android.settings/com.android.settings.homepage.SettingsHomepageActivity event : 23 instanceId : 211771034)
02-17 09:16:12.532 W/UsageStatsService( 1524): Unexpected activity event reported! (com.android.music/com.android.music.MusicBrowserActivity event : 23 instanceId : 241656137)
02-17 09:16:12.533 W/UsageStatsService( 1524): Unexpected activity event reported! (com.tencent.qqmusicpad/com.tencent.qqmusicpad.activity.MainActivity event : 23 instanceId : 261313477)
02-17 09:16:12.539 I/notification_cancel_all( 1524): [1000,1524,com.tencent.qqmusicpad,0,0,0,20,NULL]
02-17 09:16:12.539 I/notification_cancel_all( 1524): [10095,13716,com.tencent.qqmusicpad,0,0,64,9,NULL]
02-17 09:16:12.541 E/ActivityThread(13834): Service com.tencent.qqmusicplayerprocess.service.QQPlayerServiceNew has leaked IntentReceiver com.tencent.qqmusicsdk.player.listener.MediaButtonReceiver@74e4f16 that was originally registered here. Are you missing a call to unregisterReceiver()?
02-17 09:16:12.541 E/ActivityThread(13834): android.app.IntentReceiverLeaked: Service com.tencent.qqmusicplayerprocess.service.QQPlayerServiceNew has leaked IntentReceiver com.tencent.qqmusicsdk.player.listener.MediaButtonReceiver@74e4f16 that was originally registered here. Are you missing a call to unregisterReceiver()?
02-17 09:16:12.541 E/ActivityThread(13834): at android.app.LoadedApk$ReceiverDispatcher.(LoadedApk.java:1717)
02-17 09:16:12.541 E/ActivityThread(13834): at android.app.LoadedApk.getReceiverDispatcher(LoadedApk.java:1494)
02-17 09:16:12.541 E/ActivityThread(13834): at android.app.ContextImpl.registerReceiverInternal(ContextImpl.java:1757)
02-17 09:16:12.541 E/ActivityThread(13834): at android.app.ContextImpl.registerReceiver(ContextImpl.java:1723)
02-17 09:16:12.541 E/ActivityThread(13834): at android.app.ContextImpl.registerReceiver(ContextImpl.java:1711)
02-17 09:16:12.541 E/ActivityThread(13834): at android.content.ContextWrapper.registerReceiver(ContextWrapper.java:724)
02-17 09:16:12.541 E/ActivityThread(13834): at com.tencent.qqmusicsdk.player.listener.g.j(MediaButtonListener.java:151)
02-17 09:16:12.541 E/ActivityThread(13834): at com.tencent.qqmusicsdk.player.listener.g.c(MediaButtonListener.java:157)
02-17 09:16:12.541 E/ActivityThread(13834): at com.tencent.qqmusicsdk.player.listener.b.a(AudioFocusListener.java:76)
02-17 09:16:12.541 E/ActivityThread(13834): at com.tencent.qqmusicplayerprocess.service.QQPlayerServiceNew$7.J(QQPlayerServiceNew.java:1424)
02-17 09:16:12.541 E/ActivityThread(13834): at com.tencent.qqmusicplayerprocess.service.b$a.onTransact(IQQPlayerServiceNew.java:914)
02-17 09:16:12.541 E/ActivityThread(13834): at android.os.Binder.execTransactInternal(Binder.java:1184)
02-17 09:16:12.541 E/ActivityThread(13834): at android.os.Binder.execTransact(Binder.java:1143)
02-17 09:16:12.547 E/ActivityThread(13834): Service com.tencent.qqmusicplayerprocess.service.QQPlayerServiceNew has leaked IntentReceiver com.tencent.qqmusicsdk.player.listener.g$1@9749097 that was originally registered here. Are you missing a call to unregisterReceiver()?
02-17 09:16:12.547 E/ActivityThread(13834): android.app.IntentReceiverLeaked: Service com.tencent.qqmusicplayerprocess.service.QQPlayerServiceNew has leaked IntentReceiver com.tencent.qqmusicsdk.player.listener.g$1@9749097 that was originally registered here. Are you missing a call to unregisterReceiver()?
02-17 09:16:12.547 E/ActivityThread(13834): at android.app.LoadedApk$ReceiverDispatcher.(LoadedApk.java:1717)
02-17 09:16:12.547 E/ActivityThread(13834): at android.app.LoadedApk.getReceiverDispatcher(LoadedApk.java:1494)
