02-17 08:46:31.198 I/input_focus( 1524): [Focus leaving 321be4b com.android.launcher3/com.android.launcher3.uioverrides.QuickstepLauncher (server),reason=setFocusedWindow]
02-17 08:46:31.198 I/input_focus( 1524): [Focus entering febc086 NotificationShade (server),reason=setFocusedWindow]
02-17 08:46:31.229 I/sysui_multi_action( 1999): [757,111,758,1]
02-17 08:46:31.229 I/sysui_multi_action( 1999): [757,126,758,1,759,126,927,0,928,0,1593,0]
02-17 08:46:31.229 I/sysui_multi_action( 1999): [757,113,758,1,759,113,927,1,928,1,1593,0]
02-17 08:46:31.229 I/sysui_multi_action( 1999): [757,0,758,1,759,0,927,2,928,0,1593,0]
02-17 08:46:31.229 I/sysui_multi_action( 1999): [757,0,758,1,759,0,927,3,928,0,1593,0]
02-17 08:46:31.230 I/sysui_multi_action( 1999): [757,491,758,1,759,491,927,4,928,0,1311,-1,1593,0]
02-17 08:46:31.230 I/sysui_multi_action( 1999): [757,122,758,1,759,122,927,5,928,1,1593,0]
02-17 08:46:31.230 I/sysui_multi_action( 1999): [757,0,758,1,759,0,927,6,928,0,1593,0]
02-17 08:46:31.230 I/sysui_multi_action( 1999): [757,0,758,1,759,0,927,7,1593,0]
02-17 08:46:31.230 I/sysui_multi_action( 1999): [757,111,758,1]
02-17 08:46:31.230 I/sysui_multi_action( 1999): [757,126,758,1,759,126,927,0,928,0,1593,0]
02-17 08:46:31.230 I/sysui_multi_action( 1999): [757,113,758,1,759,113,927,1,928,1,1593,0]
02-17 08:46:31.230 I/sysui_multi_action( 1999): [757,0,758,1,759,0,927,2,928,0,1593,0]
02-17 08:46:31.231 I/sysui_multi_action( 1999): [757,0,758,1,759,0,927,3,928,0,1593,0]
02-17 08:46:31.935 I/auditd ( 0): type=1400 audit(0.0:19168): avc: denied { kill } for comm="swapper/0" capability=5 scontext=u:r:kernel:s0 tcontext=u:r:kernel:s0 tclass=capability permissive=0
01-01 12:57:12.765 E/DTC_ETH,link_delay_work_func( 0): 3003, SQI=0, link=0
02-17 08:46:32.824 I/input_interaction( 1524): Interaction with: febc086 NotificationShade (server), edge-swipe (server), swipe-up (server), PointerEventDispatcher0 (server),
02-17 08:46:32.935 I/auditd ( 0): type=1400 audit(0.0:19169): avc: denied { kill } for comm="swapper/0" capability=5 scontext=u:r:kernel:s0 tcontext=u:r:kernel:s0 tclass=capability permissive=0
02-17 08:46:33.316 I/GameModeConfig( 1524): isGameModeOn = false
02-17 08:46:33.506 I/GameModeConfig( 1524): isGameModeOn = false
02-17 08:46:33.939 I/auditd ( 0): type=1400 audit(0.0:19170): avc: denied { kill } for comm="swapper/0" capability=5 scontext=u:r:kernel:s0 tcontext=u:r:kernel:s0 tclass=capability permissive=0
02-17 08:46:35.340 I/GameModeConfig( 1524): isGameModeOn = false
02-17 08:46:35.340 I/GameModeConfig( 1524): isGameModeOn = false
02-17 08:46:35.341 I/GameModeConfig( 1524): isGameModeOn = false
02-17 08:46:35.341 I/GameModeConfig( 1524): isGameModeOn = false
02-17 08:46:35.342 I/GameModeConfig( 1524): isGameModeOn = false
02-17 08:46:35.342 I/GameModeConfig( 1524): isGameModeOn = false
02-17 08:46:35.344 I/notification_enqueue( 1524): [10080,1999,com.android.systemui,2048,NULL,0,Notification(channel=updateNotification shortcut=null contentView=null vibrate=null sound=null defaults=0x0 flags=0x0 color=0x00000000 vis=PRIVATE),1]
02-17 08:46:35.344 I/sysui_multi_action( 1999): [757,111,758,2]
02-17 08:46:35.345 I/sysui_multi_action( 1999): [757,111,758,2]
02-17 08:46:35.438 I/input_interaction( 1524): Interaction with: febc086 NotificationShade (server), 8f82c51 com.android.systemui.ImageWallpaper (server), edge-swipe (server), swipe-up (server), PointerEventDispatcher0 (server),
02-17 08:46:35.546 I/GameModeConfig( 1524): isGameModeOn = false
02-17 08:46:35.579 I/sysui_multi_action( 1999): [757,111,758,1]
02-17 08:46:35.579 I/sysui_multi_action( 1999): [757,126,758,1,759,126,927,0,928,0,1593,1]
02-17 08:46:35.579 I/sysui_multi_action( 1999): [757,113,758,1,759,113,927,1,928,1,1593,1]
02-17 08:46:35.579 I/sysui_multi_action( 1999): [757,0,758,1,759,0,927,2,928,0,1593,1]
02-17 08:46:35.580 I/sysui_multi_action( 1999): [757,0,758,1,759,0,927,3,928,0,1593,1]
02-17 08:46:35.580 I/sysui_multi_action( 1999): [757,491,758,1,759,491,927,4,928,0,1311,-1,1593,0]
02-17 08:46:35.580 I/sysui_multi_action( 1999): [757,122,758,1,759,122,927,5,928,1,1593,0]
02-17 08:46:35.580 I/sysui_multi_action( 1999): [757,0,758,1,759,0,927,6,928,0,1593,0]
02-17 08:46:35.581 I/sysui_multi_action( 1999): [757,0,758,1,759,0,927,7,1593,0]
02-17 08:46:35.581 I/sysui_multi_action( 1999): [757,111,758,1]
02-17 08:46:35.581 I/sysui_multi_action( 1999): [757,126,758,1,759,126,927,0,928,0,1593,1]
02-17 08:46:35.581 I/sysui_multi_action( 1999): [757,113,758,1,759,113,927,1,928,1,1593,1]
02-17 08:46:35.581 I/sysui_multi_action( 1999): [757,0,758,1,759,0,927,2,928,0,1593,1]
02-17 08:46:35.582 I/sysui_multi_action( 1999): [757,0,758,1,759,0,927,3,928,0,1593,1]
02-17 08:46:35.892 I/GameModeConfig( 1524): isGameModeOn = false
02-17 08:46:35.893 I/GameModeConfig( 1524): isGameModeOn = false
02-17 08:46:35.893 I/GameModeConfig( 1524): isGameModeOn = false
02-17 08:46:35.893 I/GameModeConfig( 1524): isGameModeOn = false
02-17 08:46:35.893 I/GameModeConfig( 1524): isGameModeOn = false
02-17 08:46:35.894 I/GameModeConfig( 1524): isGameModeOn = false
02-17 08:46:35.895 I/sysui_multi_action( 1999): [757,111,758,2]
02-17 08:46:35.895 I/notification_enqueue( 1524): [10080,1999,com.android.systemui,2048,NULL,0,Notification(channel=updateNotification shortcut=null contentView=null vibrate=null sound=null defaults=0x0 flags=0x0 color=0x00000000 vis=PRIVATE),1]
02-17 08:46:35.895 I/sysui_multi_action( 1999): [757,111,758,2]
02-17 08:46:36.098 I/GameModeConfig( 1524): isGameModeOn = false
02-17 08:46:36.099 E/NotificationService( 1524): Muting recently noisy 0|com.android.systemui|2048|null|10080
02-17 08:46:36.110 I/input_focus( 1524): [Focus request 321be4b com.android.launcher3/com.android.launcher3.uioverrides.QuickstepLauncher,reason=UpdateInputWindows]
02-17 08:46:36.115 I/sysui_multi_action( 1524): [757,128,758,2,793,16620726,794,4924,795,16620726,796,26,798,0,806,android,857,DEVELOPER_IMPORTANT,858,4,947,0,1395,3,1500,16620519,1688,1]
02-17 08:46:36.115 I/notification_visibility( 1524): [-1|android|26|null|1000,0,16620726,16620726,0,0]
02-17 08:46:36.115 I/sysui_multi_action( 1524): [757,128,758,2,793,1853649,794,4923,795,1853649,796,4273,798,1,806,com.android.systemui,857,screen_record,858,3,947,0,1395,3,1500,1853445,1688,1,1745,680407814]
02-17 08:46:36.116 I/notification_visibility( 1524): [0|com.android.systemui|4273|null|10080,0,1853649,1853649,0,1]
02-17 08:46:36.116 I/sysui_multi_action( 1524): [757,128,758,2,793,17822661,794,4923,795,17822661,796,32,798,2,806,android,857,USB,858,1,947,0,1395,3,1500,17822229,1688,1]
02-17 08:46:36.116 I/notification_visibility( 1524): [-1|android|32|null|1000,0,17822661,17822661,0,2]
02-17 08:46:36.117 I/sysui_multi_action( 1524): [757,127,758,2]
02-17 08:46:36.117 I/notification_panel_hidden( 1524):
02-17 08:46:36.143 I/input_focus( 1524): [Focus leaving febc086 NotificationShade (server),reason=NO_WINDOW]
02-17 08:46:36.143 I/input_focus( 1524): [Focus entering 321be4b com.android.launcher3/com.android.launcher3.uioverrides.QuickstepLauncher (server),reason=setFocusedWindow]
02-17 08:46:36.835 I/input_interaction( 1524): Interaction with: d4326e3 StatusBar (server), edge-swipe (server), swipe-up (server), PointerEventDispatcher0 (server),
02-17 08:46:36.839 I/sysui_multi_action( 1999): [757,803,799,panel_open,802,1]
02-17 08:46:36.841 I/sysui_multi_action( 1999): [757,1328,758,4,1326,38,1327,3,1329,0]
02-17 08:46:36.896 I/sysui_multi_action( 1524): [757,127,758,1]
02-17 08:46:36.896 I/sysui_multi_action( 1524): [757,804,799,note_load,801,3,802,1]
02-17 08:46:36.896 I/notification_panel_revealed( 1524): 3
02-17 08:46:36.904 I/input_focus( 1524): [Focus request febc086 NotificationShade,reason=UpdateInputWindows]
02-17 08:46:36.914 I/sysui_multi_action( 1524): [757,128,758,1,793,16621524,794,0,795,16621524,796,26,798,0,806,android,857,DEVELOPER_IMPORTANT,858,4,947,0,1395,3,1500,16621317,1688,1]
02-17 08:46:36.914 I/sysui_multi_action( 1524): [757,804,799,note_freshness,801,16621524,802,1]
02-17 08:46:36.914 I/notification_visibility( 1524): [-1|android|26|null|1000,1,16621524,16621524,0,0]
02-17 08:46:36.914 I/sysui_multi_action( 1524): [757,128,758,1,793,1854448,794,0,795,1854448,796,4273,798,1,806,com.android.systemui,857,screen_record,858,3,947,0,1395,3,1500,1854244,1688,1,1745,680407814]
02-17 08:46:36.914 I/sysui_multi_action( 1524): [757,804,799,note_freshness,801,1854448,802,1]
02-17 08:46:36.914 I/notification_visibility( 1524): [0|com.android.systemui|4273|null|10080,1,1854448,1854448,0,1]
02-17 08:46:36.914 I/sysui_multi_action( 1524): [757,128,758,1,793,17823459,794,0,795,17823459,796,32,798,2,806,android,857,USB,858,1,947,0,1395,3,1500,17823027,1688,1]
02-17 08:46:36.914 I/sysui_multi_action( 1524): [757,804,799,note_freshness,801,17823459,802,1]
02-17 08:46:36.914 I/notification_visibility( 1524): [-1|android|32|null|1000,1,17823459,17823459,0,2]
02-17 08:46:36.927 I/input_focus( 1524): [Focus leaving 321be4b com.android.launcher3/com.android.launcher3.uioverrides.QuickstepLauncher (server),reason=setFocusedWindow]
02-17 08:46:36.928 I/input_focus( 1524): [Focus entering febc086 NotificationShade (server),reason=setFocusedWindow]
02-17 08:46:36.935 I/auditd ( 0): type=1400 audit(0.0:19171): avc: denied { kill } for comm="swapper/0" capability=5 scontext=u:r:kernel:s0 tcontext=u:r:kernel:s0 tclass=capability permissive=0
02-17 08:46:36.977 I/sysui_multi_action( 1999): [757,111,758,1]
02-17 08:46:36.977 I/sysui_multi_action( 1999): [757,126,758,1,759,126,927,0,928,0,1593,0]
02-17 08:46:36.977 I/sysui_multi_action( 1999): [757,113,758,1,759,113,927,1,928,1,1593,0]
02-17 08:46:36.978 I/sysui_multi_action( 1999): [757,0,758,1,759,0,927,2,928,0,1593,0]
02-17 08:46:36.978 I/sysui_multi_action( 1999): [757,0,758,1,759,0,927,3,928,0,1593,0]
02-17 08:46:36.978 I/sysui_multi_action( 1999): [757,491,758,1,759,491,927,4,928,0,1311,-1,1593,0]
02-17 08:46:36.979 I/sysui_multi_action( 1999): [757,122,758,1,759,122,927,5,928,1,1593,0]
02-17 08:46:36.979 I/sysui_multi_action( 1999): [757,0,758,1,759,0,927,6,928,0,1593,0]
02-17 08:46:36.979 I/sysui_multi_action( 1999): [757,0,758,1,759,0,927,7,1593,0]
02-17 08:46:36.979 I/sysui_multi_action( 1999): [757,111,758,1]
02-17 08:46:36.979 I/sysui_multi_action( 1999): [757,126,758,1,759,126,927,0,928,0,1593,0]
02-17 08:46:36.979 I/sysui_multi_action( 1999): [757,113,758,1,759,113,927,1,928,1,1593,0]
02-17 08:46:36.979 I/sysui_multi_action( 1999): [757,0,758,1,759,0,927,2,928,0,1593,0]
02-17 08:46:36.979 I/sysui_multi_action( 1999): [757,0,758,1,759,0,927,3,928,0,1593,0]
01-01 12:57:17.885 E/DTC_ETH,link_delay_work_func( 0): 3003, SQI=0, link=0
01-01 12:57:18.027 I/binder ( 0): 1524:1735 ioctl 400c620e 7a5c9705d8 returned -22
01-01 12:57:18.028 I/binder ( 0): 1524:1735 ioctl c00c620f 7a5c9705b8 returned -22
02-17 08:46:37.880 D/ActivityManager( 1524): freezing 16073 com.android.deskclock
02-17 08:46:37.880 E/ActivityManager( 1524): Unable to freeze binder for 16073 com.android.deskclock
02-17 08:46:37.881 D/ActivityManager( 1524): froze 16073 com.android.deskclock
02-17 08:46:37.881 I/am_freeze( 1524): [16073,com.android.deskclock]
02-17 08:46:37.882 E/ActivityManager( 1524): Unable to freeze binder for 16073 com.android.deskclock
01-01 12:57:18.030 I/binder ( 0): 1524:1735 ioctl 400c620e 7a5c9705d8 returned -22
01-01 12:57:18.031 I/binder ( 0): 1524:1735 ioctl c00c620f 7a5c9705b8 returned -22
01-01 12:57:18.032 I/binder ( 0): 1524:1735 ioctl 400c620e 7a5c9705d8 returned -22
02-17 08:46:37.883 D/ActivityManager( 1524): freezing 16074 com.android.gallery3d
02-17 08:46:37.883 E/ActivityManager( 1524): Unable to freeze binder for 16074 com.android.gallery3d
02-17 08:46:37.884 D/ActivityManager( 1524): froze 16074 com.android.gallery3d
02-17 08:46:37.884 I/am_freeze( 1524): [16074,com.android.gallery3d]
02-17 08:46:37.884 E/ActivityManager( 1524): Unable to freeze binder for 16074 com.android.gallery3d
02-17 08:46:37.885 D/ActivityManager( 1524): freezing 16075 com.android.calendar
02-17 08:46:37.886 E/ActivityManager( 1524): Unable to freeze binder for 16075 com.android.calendar
02-17 08:46:37.887 D/ActivityManager( 1524): froze 16075 com.android.calendar
02-17 08:46:37.887 I/am_freeze( 1524): [16075,com.android.calendar]
01-01 12:57:18.035 I/binder ( 0): 1524:1735 ioctl c00c620f 7a5c9705b8 returned -22
02-17 08:46:37.888 E/ActivityManager( 1524): Unable to freeze binder for 16075 com.android.calendar
02-17 08:46:37.889 I/ActivityManager( 1524): Killing 16073:com.android.deskclock/u0a67 (adj 955): Unable to freeze binder interface
02-17 08:46:37.889 I/am_kill ( 1524): [0,16073,com.android.deskclock,955,Unable to freeze binder interface]
02-17 08:46:37.891 I/ActivityManager( 1524): Killing 16074:com.android.gallery3d/u0a65 (adj 945): Unable to freeze binder interface
02-17 08:46:37.891 I/am_kill ( 1524): [0,16074,com.android.gallery3d,945,Unable to freeze binder interface]
02-17 08:46:37.892 I/ActivityManager( 1524): Killing 16075:com.android.calendar/u0a63 (adj 935): Unable to freeze binder interface
02-17 08:46:37.892 I/am_kill ( 1524): [0,16075,com.android.calendar,935,Unable to freeze binder interface]
02-17 08:46:37.914 I/am_proc_died( 1524): [0,16075,com.android.calendar,935,19]
02-17 08:46:37.914 I/am_uid_stopped( 1524): 10063
02-17 08:46:37.917 I/am_proc_died( 1524): [0,16073,com.android.deskclock,955,19]
02-17 08:46:37.917 I/am_uid_stopped( 1524): 10067
02-17 08:46:37.919 I/am_proc_died( 1524): [0,16074,com.android.gallery3d,945,19]
02-17 08:46:37.919 I/am_uid_stopped( 1524): 10065
02-17 08:46:37.928 I/am_pss ( 1524): [19147,10040,com.thundercomm.screensaver,28123136,21991424,0,143142912,0,19,7]
02-17 08:46:37.935 I/auditd ( 0): type=1400 audit(0.0:19172): avc: denied { kill } for comm="swapper/0" capability=5 scontext=u:r:kernel:s0 tcontext=u:r:kernel:s0 tclass=capability permissive=0
02-17 08:46:38.412 I/input_interaction( 1524): Interaction with: febc086 NotificationShade (server), edge-swipe (server), swipe-up (server), PointerEventDispatcher0 (server),
02-17 08:46:38.571 I/PowerManagerService( 1524): Napping display group (groupId=0, uid=1000)...
02-17 08:46:38.571 I/PowerManagerService( 1524): Nap time (uid 1000)...
02-17 08:46:38.572 I/DreamManagerService( 1524): Entering dreamland.
02-17 08:46:38.577 I/PowerManagerService( 1524): Dreaming...
02-17 08:46:38.578 I/DreamController( 1524): Starting dream: name=ComponentInfo{com.thundercomm.screensaver/com.thundercomm.saverclock.service.ClockScreensaver}, isTest=false, canDoze=false, userId=0
02-17 08:46:38.578 I/sysui_multi_action( 1524): [757,222,758,1]
02-17 08:46:38.588 I/ActivityTaskManager( 1524): START u0 {flg=0x10000000 pkg=com.thundercomm.screensaver cmp=com.thundercomm.screensaver/android.service.dreams.DreamActivity (has extras)} from uid 10040
02-17 08:46:38.591 I/wm_task_created( 1524): [113,-1]
02-17 08:46:38.591 W/ActivityTaskManager( 1524): Can't find TaskDisplayArea to determine support for multi window. Task id=113 attached=false
02-17 08:46:38.597 I/wm_task_moved( 1524): [113,1,14]
02-17 08:46:38.597 I/wm_task_to_front( 1524): [0,113]
02-17 08:46:38.597 I/wm_create_task( 1524): [0,113]
02-17 08:46:38.597 I/wm_create_activity( 1524): [0,13080055,113,com.thundercomm.screensaver/android.service.dreams.DreamActivity,NULL,NULL,NULL,276824064]
02-17 08:46:38.597 I/wm_task_moved( 1524): [113,1,14]
02-17 08:46:38.597 I/wm_on_top_resumed_lost_called( 2568): [128678138,com.android.launcher3.uioverrides.QuickstepLauncher,topStateChangedWhenResumed]
02-17 08:46:38.598 I/wm_pause_activity( 1524): [0,128678138,com.android.launcher3/.uioverrides.QuickstepLauncher,userLeaving=true,pauseBackTasks]
02-17 08:46:38.602 I/wm_on_paused_called( 2568): [128678138,com.android.launcher3.uioverrides.QuickstepLauncher,performPause]
02-17 08:46:38.603 I/ActivityTaskManager( 1524): FOREGROUND_APPLICATION_CHANGED to android.service.dreams.DreamActivity
02-17 08:46:38.604 I/ActivityTaskManager( 1524): The Process com.thundercomm.screensaver Already Exists in BG. So sending its PID: 19147
02-17 08:46:38.604 W/ActivityTaskManager( 1524): Tried to set launchTime (0) < mLastActivityLaunchTime (17668196)
02-17 08:46:38.604 I/wm_add_to_stopping( 1524): [0,128678138,com.android.launcher3/.uioverrides.QuickstepLauncher,makeInvisible]
02-17 08:46:38.604 I/wm_restart_activity( 1524): [0,13080055,113,com.thundercomm.screensaver/android.service.dreams.DreamActivity]
02-17 08:46:38.605 I/wm_set_resumed_activity( 1524): [0,com.thundercomm.screensaver/android.service.dreams.DreamActivity,minimalResumeActivityLocked]
02-17 08:46:38.611 I/sysui_multi_action( 1524): [757,803,799,window_time_0,802,29]
02-17 08:46:38.613 I/wm_on_create_called(19147): [13080055,android.service.dreams.DreamActivity,performCreate]
02-17 08:46:38.613 I/wm_on_start_called(19147): [13080055,android.service.dreams.DreamActivity,handleStartActivity]
02-17 08:46:38.613 I/wm_on_resume_called(19147): [13080055,android.service.dreams.DreamActivity,RESUME_ACTIVITY]
02-17 08:46:38.614 W/ContextImpl( 2121): Calling a method in the system process without a qualified user: android.app.ContextImpl.startService:1816 android.content.ContextWrapper.startService:774 com.thundercomm.gamemode.ingame.services.GameModeActionUtils.startGameModeService:111 com.thundercomm.gamemode.ingame.services.GameModeActionUtils.startGameModeEntry:22 com.thundercomm.gamemode.ingame.services.ActivityMonitoringService$1.onActivityLaunch:139
02-17 08:46:38.614 I/input_focus( 1524): [Focus leaving febc086 NotificationShade (server),reason=NOT_FOCUSABLE]
02-17 08:46:38.615 W/WindowManager( 1524): Failed looking up window session=Session{f7ecec0 19147:u0a10040} callers=com.android.server.wm.WindowManagerService.windowForClientLocked:5628 com.android.server.wm.Session.insetsModified:629 android.view.IWindowSession$Stub.onTransact:1151
02-17 08:46:38.616 I/GameModeConfig( 1524): Current uri is uri = content://com.thundercomm.gamemode.api/gamemode_settings/gamemode_isgaming
02-17 08:46:38.617 I/wm_on_top_resumed_gained_called(19147): [13080055,android.service.dreams.DreamActivity,topStateChangedWhenResumed]
02-17 08:46:38.617 I/GameModeConfig( 1524): isGameModeOn = false
02-17 08:46:38.617 I/GameModeConfig( 1524): isGameModeOn = false
02-17 08:46:38.617 I/GameModeConfig( 1524): isDisableVoice = true
02-17 08:46:38.639 I/input_focus( 1524): [Focus request 1b54cef com.thundercomm.screensaver/android.service.dreams.DreamActivity,reason=UpdateInputWindows]
02-17 08:46:38.645 I/sysui_multi_action( 1524): [319,55,322,54,325,17836,757,761,758,8,759,2,806,com.thundercomm.screensaver,871,android.service.dreams.DreamActivity,904,com.thundercomm.screensaver,905,0,1320,4,1321,2]
02-17 08:46:38.645 I/wm_activity_launch_time( 1524): [0,13080055,com.thundercomm.screensaver/android.service.dreams.DreamActivity,54]
02-17 08:46:38.648 I/GameModeConfig( 1524): isGameModeOn = false
02-17 08:46:38.648 I/GameModeConfig( 1524): isGameModeOn = false
02-17 08:46:38.648 I/GameModeConfig( 1524): isGameModeOn = false
02-17 08:46:38.648 I/GameModeConfig( 1524): isGameModeOn = false
02-17 08:46:38.648 I/GameModeConfig( 1524): isGameModeOn = false
02-17 08:46:38.648 I/GameModeConfig( 1524): isGameModeOn = false
02-17 08:46:38.648 I/notification_enqueue( 1524): [10080,1999,com.android.systemui,2048,NULL,0,Notification(channel=updateNotification shortcut=null contentView=null vibrate=null sound=null defaults=0x0 flags=0x0 color=0x00000000 vis=PRIVATE),1]
02-17 08:46:38.648 I/sysui_multi_action( 1999): [757,111,758,2]
02-17 08:46:38.648 I/sysui_multi_action( 1999): [757,111,758,2]
02-17 08:46:38.663 I/sysui_multi_action( 1999): [757,111,758,1]
02-17 08:46:38.663 I/sysui_multi_action( 1999): [757,126,758,1,759,126,927,0,928,0,1593,0]
02-17 08:46:38.663 I/sysui_multi_action( 1999): [757,113,758,1,759,113,927,1,928,1,1593,0]
02-17 08:46:38.663 I/sysui_multi_action( 1999): [757,0,758,1,759,0,927,2,928,0,1593,0]
02-17 08:46:38.663 I/sysui_multi_action( 1999): [757,0,758,1,759,0,927,3,928,0,1593,0]
02-17 08:46:38.663 I/sysui_multi_action( 1999): [757,491,758,1,759,491,927,4,928,0,1311,-1,1593,0]
02-17 08:46:38.663 I/sysui_multi_action( 1999): [757,122,758,1,759,122,927,5,928,1,1593,0]
02-17 08:46:38.663 I/sysui_multi_action( 1999): [757,0,758,1,759,0,927,6,928,0,1593,0]
02-17 08:46:38.663 I/sysui_multi_action( 1999): [757,0,758,1,759,0,927,7,1593,0]
02-17 08:46:38.663 I/sysui_multi_action( 1999): [757,111,758,1]
02-17 08:46:38.663 I/sysui_multi_action( 1999): [757,126,758,1,759,126,927,0,928,0,1593,1]
02-17 08:46:38.663 I/sysui_multi_action( 1999): [757,113,758,1,759,113,927,1,928,1,1593,1]
02-17 08:46:38.663 I/sysui_multi_action( 1999): [757,0,758,1,759,0,927,2,928,0,1593,1]
02-17 08:46:38.663 I/sysui_multi_action( 1999): [757,0,758,1,759,0,927,3,928,0,1593,1]
02-17 08:46:38.664 I/input_focus( 1524): [Focus entering 1b54cef com.thundercomm.screensaver/android.service.dreams.DreamActivity (server),reason=Window became focusable. Previous reason: NOT_VISIBLE]
02-17 08:46:38.707 W/FreeFormWindowHelper( 1524): Current Display FreeFormTask is null
02-17 08:46:38.708 W/ContextImpl( 2121): Calling a method in the system process without a qualified user: android.app.ContextImpl.startService:1816 android.content.ContextWrapper.startService:774 com.thundercomm.gamemode.ingame.services.GameModeActionUtils.startGameModeService:111 com.thundercomm.gamemode.ingame.services.GameModeActionUtils.startGameModeEntry:22 com.thundercomm.gamemode.ingame.services.ActivityMonitoringService$1.onActivityLaunch:139
02-17 08:46:38.709 I/GameModeConfig( 1524): Current uri is uri = content://com.thundercomm.gamemode.api/gamemode_settings/gamemode_isgaming
02-17 08:46:38.710 I/GameModeConfig( 1524): isGameModeOn = false
02-17 08:46:38.710 I/GameModeConfig( 1524): isGameModeOn = false
02-17 08:46:38.710 I/GameModeConfig( 1524): isDisableVoice = true
02-17 08:46:38.849 I/GameModeConfig( 1524): isGameModeOn = false
02-17 08:46:38.897 I/GameModeConfig( 1524): isGameModeOn = false
02-17 08:46:38.897 I/GameModeConfig( 1524): isGameModeOn = false
02-17 08:46:38.897 I/GameModeConfig( 1524): isGameModeOn = false
02-17 08:46:38.897 I/GameModeConfig( 1524): isGameModeOn = false
02-17 08:46:38.897 I/GameModeConfig( 1524): isGameModeOn = false
02-17 08:46:38.897 I/GameModeConfig( 1524): isGameModeOn = false
02-17 08:46:38.897 I/notification_enqueue( 1524): [10080,1999,com.android.systemui,2048,NULL,0,Notification(channel=updateNotification shortcut=null contentView=null vibrate=null sound=null defaults=0x0 flags=0x0 color=0x00000000 vis=PRIVATE),1]
02-17 08:46:38.897 I/sysui_multi_action( 1999): [757,111,758,2]
02-17 08:46:38.897 I/sysui_multi_action( 1999): [757,111,758,2]
02-17 08:46:38.932 I/wm_stop_activity( 1524): [0,128678138,com.android.launcher3/.uioverrides.QuickstepLauncher]
02-17 08:46:38.935 I/auditd ( 0): type=1400 audit(0.0:19173): avc: denied { kill } for comm="swapper/0" capability=5 scontext=u:r:kernel:s0 tcontext=u:r:kernel:s0 tclass=capability permissive=0
02-17 08:46:38.949 I/wm_on_stop_called( 2568): [128678138,com.android.launcher3.uioverrides.QuickstepLauncher,STOP_ACTIVITY_ITEM]
02-17 08:46:38.967 W/ContextImpl( 2121): Calling a method in the system process without a qualified user: android.app.ContextImpl.startService:1816 android.content.ContextWrapper.startService:774 com.thundercomm.gamemode.ingame.services.GameModeActionUtils.startGameModeService:111 com.thundercomm.gamemode.ingame.services.GameModeActionUtils.startGameModeEntry:22 com.thundercomm.gamemode.ingame.services.ActivityMonitoringService$1.onActivityLaunch:139
02-17 08:46:38.968 I/GameModeConfig( 1524): Current uri is uri = content://com.thundercomm.gamemode.api/gamemode_settings/gamemode_isgaming
02-17 08:46:38.969 I/GameModeConfig( 1524): isGameModeOn = false
02-17 08:46:38.969 I/GameModeConfig( 1524): isGameModeOn = false
02-17 08:46:38.969 I/GameModeConfig( 1524): isDisableVoice = true
02-17 08:46:39.099 I/GameModeConfig( 1524): isGameModeOn = false
02-17 08:46:39.099 E/NotificationService( 1524): Muting recently noisy 0|com.android.systemui|2048|null|10080
02-17 08:46:39.107 I/sysui_multi_action( 1524): [757,128,758,2,793,16623718,794,2194,795,16623718,796,26,798,0,806,android,857,DEVELOPER_IMPORTANT,858,4,947,0,1395,3,1500,16623511,1688,1]
02-17 08:46:39.107 I/notification_visibility( 1524): [-1|android|26|null|1000,0,16623718,16623718,0,0]
02-17 08:46:39.107 I/sysui_multi_action( 1524): [757,128,758,2,793,1856641,794,2193,795,1856641,796,4273,798,1,806,com.android.systemui,857,screen_record,858,3,947,0,1395,3,1500,1856437,1688,1,1745,680407814]
02-17 08:46:39.107 I/notification_visibility( 1524): [0|com.android.systemui|4273|null|10080,0,1856641,1856641,0,1]
02-17 08:46:39.107 I/sysui_multi_action( 1524): [757,128,758,2,793,17825652,794,2193,795,17825652,796,32,798,2,806,android,857,USB,858,1,947,0,1395,3,1500,17825220,1688,1]
02-17 08:46:39.107 I/notification_visibility( 1524): [-1|android|32|null|1000,0,17825652,17825652,0,2]
02-17 08:46:39.107 I/sysui_multi_action( 1524): [757,127,758,2]
02-17 08:46:39.107 I/notification_panel_hidden( 1524):
02-17 08:46:39.584 I/input_interaction( 1524): Interaction with: 1b54cef com.thundercomm.screensaver/android.service.dreams.DreamActivity (server), edge-swipe (server), swipe-up (server), PointerEventDispatcher0 (server),
02-17 08:46:39.585 I/wm_finish_activity( 1524): [0,13080055,113,com.thundercomm.screensaver/android.service.dreams.DreamActivity,finish-activity]
02-17 08:46:39.585 I/wm_task_moved( 1524): [1,1,13]
02-17 08:46:39.585 I/wm_task_moved( 1524): [9,1,2147483647]
02-17 08:46:39.585 I/wm_task_to_front( 1524): [0,9]
02-17 08:46:39.585 I/wm_focused_root_task( 1524): [0,0,1,113,finish-top adjustFocusToNextFocusableTask]
02-17 08:46:39.585 I/wm_set_resumed_activity( 1524): [0,com.android.launcher3/.uioverrides.QuickstepLauncher,finish-top adjustFocusToNextFocusableTask]
02-17 08:46:39.585 I/wm_pause_activity( 1524): [0,13080055,com.thundercomm.screensaver/android.service.dreams.DreamActivity,userLeaving=false,finish]
02-17 08:46:39.588 I/sysui_multi_action( 1524): [757,803,799,window_time_0,802,1]
02-17 08:46:39.588 I/DreamManagerService( 1524): Gently waking up from dream.
02-17 08:46:39.588 I/DreamManagerService( 1524): Performing gentle wake from dream.
02-17 08:46:39.588 I/wm_on_top_resumed_lost_called(19147): [13080055,android.service.dreams.DreamActivity,topStateChangedWhenResumed]
02-17 08:46:39.588 I/wm_on_paused_called(19147): [13080055,android.service.dreams.DreamActivity,performPause]
02-17 08:46:39.589 I/wm_add_to_stopping( 1524): [0,13080055,com.thundercomm.screensaver/android.service.dreams.DreamActivity,completeFinishing]
02-17 08:46:39.589 I/ActivityTaskManager( 1524): FOREGROUND_APPLICATION_CHANGED to com.android.launcher3.uioverrides.QuickstepLauncher
02-17 08:46:39.590 I/wm_set_resumed_activity( 1524): [0,com.android.launcher3/.uioverrides.QuickstepLauncher,resumeTopActivityInnerLocked]
02-17 08:46:39.590 I/wm_resume_activity( 1524): [0,128678138,9,com.android.launcher3/.uioverrides.QuickstepLauncher]
02-17 08:46:39.593 I/am_uid_running( 1524): 10067
02-17 08:46:39.593 I/wm_on_restart_called( 2568): [128678138,com.android.launcher3.uioverrides.QuickstepLauncher,performRestartActivity]
02-17 08:46:39.593 D/CompatibilityChangeReporter( 1524): Compat change id reported: 135634846; UID 10067; state: DISABLED
02-17 08:46:39.593 I/wm_on_start_called( 2568): [128678138,com.android.launcher3.uioverrides.QuickstepLauncher,handleStartActivity]
02-17 08:46:39.593 D/CompatibilityChangeReporter( 1524): Compat change id reported: 177438394; UID 10067; state: DISABLED
02-17 08:46:39.593 D/CompatibilityChangeReporter( 1524): Compat change id reported: 135772972; UID 10067; state: DISABLED
02-17 08:46:39.594 D/CompatibilityChangeReporter( 1524): Compat change id reported: 135754954; UID 10067; state: DISABLED
02-17 08:46:39.594 I/wm_on_resume_called( 2568): [128678138,com.android.launcher3.uioverrides.QuickstepLauncher,RESUME_ACTIVITY]
02-17 08:46:39.594 I/wm_on_top_resumed_gained_called( 2568): [128678138,com.android.launcher3.uioverrides.QuickstepLauncher,topWhenResuming]
02-17 08:46:39.594 D/CompatibilityChangeReporter( 1524): Compat change id reported: 143937733; UID 10067; state: DISABLED
02-17 08:46:39.594 I/am_uid_running( 1524): 10065
02-17 08:46:39.594 D/CompatibilityChangeReporter( 1524): Compat change id reported: 135634846; UID 10065; state: DISABLED
02-17 08:46:39.594 D/CompatibilityChangeReporter( 1524): Compat change id reported: 177438394; UID 10065; state: DISABLED
02-17 08:46:39.595 D/CompatibilityChangeReporter( 1524): Compat change id reported: 135772972; UID 10065; state: DISABLED
02-17 08:46:39.595 D/CompatibilityChangeReporter( 1524): Compat change id reported: 135754954; UID 10065; state: DISABLED
02-17 08:46:39.595 I/am_uid_running( 1524): 10063
02-17 08:46:39.595 D/CompatibilityChangeReporter( 1524): Compat change id reported: 135634846; UID 10063; state: DISABLED
02-17 08:46:39.595 D/CompatibilityChangeReporter( 1524): Compat change id reported: 177438394; UID 10063; state: DISABLED
02-17 08:46:39.595 D/CompatibilityChangeReporter( 1524): Compat change id reported: 135772972; UID 10063; state: DISABLED
02-17 08:46:39.595 D/CompatibilityChangeReporter( 1524): Compat change id reported: 135754954; UID 10063; state: DISABLED
02-17 08:46:39.595 I/sysui_multi_action( 1524): [757,803,799,window_time_0,802,0]
02-17 08:46:39.597 W/ContextImpl( 2121): Calling a method in the system process without a qualified user: android.app.ContextImpl.startService:1816 android.content.ContextWrapper.startService:774 com.thundercomm.gamemode.ingame.services.GameModeActionUtils.startGameModeService:111 com.thundercomm.gamemode.ingame.services.GameModeActionUtils.startGameModeEntry:22 com.thundercomm.gamemode.ingame.services.ActivityMonitoringService$1.onActivityLaunch:139
02-17 08:46:39.598 I/GameModeConfig( 1524): Current uri is uri = content://com.thundercomm.gamemode.api/gamemode_settings/gamemode_isgaming
02-17 08:46:39.598 I/am_proc_start( 1524): [0,19261,10067,com.android.deskclock,NULL,]
02-17 08:46:39.598 I/ActivityManager( 1524): Start proc 19261:com.android.deskclock/u0a67 for null
02-17 08:46:39.598 D/CompatibilityChangeReporter( 1524): Compat change id reported: 143937733; UID 10065; state: DISABLED
02-17 08:46:39.600 I/GameModeConfig( 1524): isGameModeOn = false
02-17 08:46:39.601 I/GameModeConfig( 1524): isGameModeOn = false
02-17 08:46:39.601 I/GameModeConfig( 1524): isDisableVoice = true
02-17 08:46:39.601 I/view_enqueue_input_event(19147): [Motion - Cancel,com.thundercomm.screensaver/android.service.dreams.DreamActivity]
02-17 08:46:39.601 I/input_focus( 1524): [Focus leaving 1b54cef com.thundercomm.screensaver/android.service.dreams.DreamActivity (server),reason=NO_WINDOW]
02-17 08:46:39.602 I/input_focus( 1524): [Focus request 321be4b com.android.launcher3/com.android.launcher3.uioverrides.QuickstepLauncher,reason=UpdateInputWindows]
02-17 08:46:39.606 I/am_proc_start( 1524): [0,19263,10065,com.android.gallery3d,NULL,]
02-17 08:46:39.606 I/ActivityManager( 1524): Start proc 19263:com.android.gallery3d/u0a65 for null
02-17 08:46:39.607 D/CompatibilityChangeReporter( 1524): Compat change id reported: 143937733; UID 10063; state: DISABLED
02-17 08:46:39.613 I/am_proc_start( 1524): [0,19271,10063,com.android.calendar,NULL,]
02-17 08:46:39.613 I/ActivityManager( 1524): Start proc 19271:com.android.calendar/u0a63 for null
01-01 12:57:19.760 I/binder ( 0): 19261:19261 ioctl 40046210 7ffa2be654 returned -22
01-01 12:57:19.762 I/binder ( 0): 19263:19263 ioctl 40046210 7ffa2be654 returned -22
02-17 08:46:39.616 I/PowerManagerService( 1524): Powering on display group fromDreaming (groupId=0, uid=1000, reason=WAKE_REASON_UNKNOWN, details=android.server.power:DREAM_FINISHED)...
02-17 08:46:39.616 I/PowerManagerService( 1524): Waking up from Dreaming (uid=1000, reason=WAKE_REASON_UNKNOWN, details=android.server.power:DREAM_FINISHED)...
02-17 08:46:39.618 I/am_proc_bound( 1524): [0,19261,com.android.deskclock]
02-17 08:46:39.618 I/input_focus( 1524): [Focus entering 321be4b com.android.launcher3/com.android.launcher3.uioverrides.QuickstepLauncher (server),reason=setFocusedWindow]
02-17 08:46:39.619 D/CompatibilityChangeReporter( 1524): Compat change id reported: 168419799; UID 10067; state: DISABLED
02-17 08:46:39.621 I/am_proc_bound( 1524): [0,19263,com.android.gallery3d]
02-17 08:46:39.622 D/CompatibilityChangeReporter( 1524): Compat change id reported: 168419799; UID 10065; state: DISABLED
02-17 08:46:39.629 I/am_proc_bound( 1524): [0,19271,com.android.calendar]
02-17 08:46:39.630 D/CompatibilityChangeReporter( 1524): Compat change id reported: 168419799; UID 10063; state: DISABLED
01-01 12:57:19.774 I/binder ( 0): 19271:19271 ioctl 40046210 7ffa2be654 returned -22
02-17 08:46:39.692 W/FreeFormWindowHelper( 1524): Current Display FreeFormTask is null
02-17 08:46:39.694 W/ContextImpl( 2121): Calling a method in the system process without a qualified user: android.app.ContextImpl.startService:1816 android.content.ContextWrapper.startService:774 com.thundercomm.gamemode.ingame.services.GameModeActionUtils.startGameModeService:111 com.thundercomm.gamemode.ingame.services.GameModeActionUtils.startGameModeEntry:22 com.thundercomm.gamemode.ingame.services.ActivityMonitoringService$1.onActivityLaunch:139
02-17 08:46:39.695 I/GameModeConfig( 1524): Current uri is uri = content://com.thundercomm.gamemode.api/gamemode_settings/gamemode_isgaming
02-17 08:46:39.696 I/GameModeConfig( 1524): isGameModeOn = false
02-17 08:46:39.696 I/GameModeConfig( 1524): isGameModeOn = false
02-17 08:46:39.696 I/GameModeConfig( 1524): isDisableVoice = true
02-17 08:46:39.851 I/wm_destroy_activity( 1524): [0,13080055,113,com.thundercomm.screensaver/android.service.dreams.DreamActivity,finish-imm:idle]
02-17 08:46:39.854 W/ContextImpl( 2121): Calling a method in the system process without a qualified user: android.app.ContextImpl.startService:1816 android.content.ContextWrapper.startService:774 com.thundercomm.gamemode.ingame.services.GameModeActionUtils.startGameModeService:111 com.thundercomm.gamemode.ingame.services.GameModeActionUtils.startGameModeEntry:22 com.thundercomm.gamemode.ingame.services.ActivityMonitoringService$1.onActivityLaunch:139
02-17 08:46:39.855 I/GameModeConfig( 1524): Current uri is uri = content://com.thundercomm.gamemode.api/gamemode_settings/gamemode_isgaming
02-17 08:46:39.855 I/GameModeConfig( 1524): isGameModeOn = false
02-17 08:46:39.855 I/GameModeConfig( 1524): isGameModeOn = false
02-17 08:46:39.855 I/GameModeConfig( 1524): isDisableVoice = true
02-17 08:46:39.867 I/wm_on_stop_called(19147): [13080055,android.service.dreams.DreamActivity,LIFECYCLER_STOP_ACTIVITY]
02-17 08:46:39.867 I/wm_on_destroy_called(19147): [13080055,android.service.dreams.DreamActivity,performDestroy]
02-17 08:46:39.868 I/DreamManagerService( 1524): Leaving dreamland.
02-17 08:46:39.868 I/DreamManagerService( 1524): Performing gentle wake from dream.
02-17 08:46:39.868 I/DreamController( 1524): Stopping dream: name=ComponentInfo{com.thundercomm.screensaver/com.thundercomm.saverclock.service.ClockScreensaver}, isTest=false, canDoze=false, userId=0, reason='finished self'(from 'finished self')
02-17 08:46:39.868 I/sysui_multi_action( 1524): [757,222,758,2]
02-17 08:46:39.868 I/sysui_multi_action( 1524): [757,804,799,dreaming_minutes,801,0,802,1]
02-17 08:46:39.871 I/wm_task_removed( 1524): [113,removeChild:removeChild last r=ActivityRecord{c795f7 u0 com.thundercomm.screensaver/android.service.dreams.DreamActivity t-1 f}} in t=Task{cccde7e #113 type=dream A=10040:android:com.thundercomm.screensaver/dream U=0 visible=false mode=fullscreen translucent=true sz=0}]
02-17 08:46:39.871 I/wm_task_removed( 1524): [113,removeChild]
02-17 08:46:39.872 W/ActivityTaskManager( 1524): Can't find TaskDisplayArea to determine support for multi window. Task id=113 attached=false
02-17 08:46:39.935 I/auditd ( 0): type=1400 audit(0.0:19174): avc: denied { kill } for comm="swapper/0" capability=5 scontext=u:r:kernel:s0 tcontext=u:r:kernel:s0 tclass=capability permissive=0
02-17 08:46:40.552 I/input_interaction( 1524): Interaction with: d4326e3 StatusBar (server), edge-swipe (server), swipe-up (server), PointerEventDispatcher0 (server),
02-17 08:46:40.553 I/sysui_multi_action( 1999): [757,803,799,panel_open,802,1]
02-17 08:46:40.553 I/sysui_multi_action( 1999): [757,1328,758,4,1326,32,1327,1,1329,0]
02-17 08:46:40.624 I/sysui_multi_action( 1524): [757,127,758,1]
02-17 08:46:40.625 I/sysui_multi_action( 1524): [757,804,799,note_load,801,3,802,1]
02-17 08:46:40.625 I/notification_panel_revealed( 1524): 3
02-17 08:46:40.633 I/input_focus( 1524): [Focus request febc086 NotificationShade,reason=UpdateInputWindows]
02-17 08:46:40.643 I/sysui_multi_action( 1524): [757,128,758,1,793,16625254,794,0,795,16625254,796,26,798,0,806,android,857,DEVELOPER_IMPORTANT,858,4,947,0,1395,3,1500,16625047,1688,1]
02-17 08:46:40.643 I/sysui_multi_action( 1524): [757,804,799,note_freshness,801,16625254,802,1]
02-17 08:46:40.643 I/notification_visibility( 1524): [-1|android|26|null|1000,1,16625254,16625254,0,0]
02-17 08:46:40.643 I/sysui_multi_action( 1524): [757,128,758,1,793,1858177,794,0,795,1858177,796,4273,798,1,806,com.android.systemui,857,screen_record,858,3,947,0,1395,3,1500,1857973,1688,1,1745,680407814]
02-17 08:46:40.643 I/sysui_multi_action( 1524): [757,804,799,note_freshness,801,1858177,802,1]
02-17 08:46:40.644 I/notification_visibility( 1524): [0|com.android.systemui|4273|null|10080,1,1858177,1858177,0,1]
02-17 08:46:40.644 I/sysui_multi_action( 1524): [757,128,758,1,793,17827189,794,0,795,17827189,796,32,798,2,806,android,857,USB,858,1,947,0,1395,3,1500,17826757,1688,1]
02-17 08:46:40.644 I/sysui_multi_action( 1524): [757,804,799,note_freshness,801,17827189,802,1]
02-17 08:46:40.644 I/notification_visibility( 1524): [-1|android|32|null|1000,1,17827189,17827189,0,2]
02-17 08:46:40.653 I/input_focus( 1524): [Focus leaving 321be4b com.android.launcher3/com.android.launcher3.uioverrides.QuickstepLauncher (server),reason=setFocusedWindow]
02-17 08:46:40.653 I/input_focus( 1524): [Focus entering febc086 NotificationShade (server),reason=setFocusedWindow]
02-17 08:46:40.685 I/sysui_multi_action( 1999): [757,111,758,1]
02-17 08:46:40.685 I/sysui_multi_action( 1999): [757,126,758,1,759,126,927,0,928,0,1593,0]
02-17 08:46:40.685 I/sysui_multi_action( 1999): [757,113,758,1,759,113,927,1,928,1,1593,0]
02-17 08:46:40.685 I/sysui_multi_action( 1999): [757,0,758,1,759,0,927,2,928,0,1593,0]
02-17 08:46:40.686 I/sysui_multi_action( 1999): [757,0,758,1,759,0,927,3,928,0,1593,0]
02-17 08:46:40.686 I/sysui_multi_action( 1999): [757,491,758,1,759,491,927,4,928,0,1311,-1,1593,0]
02-17 08:46:40.686 I/sysui_multi_action( 1999): [757,122,758,1,759,122,927,5,928,1,1593,0]
02-17 08:46:40.686 I/sysui_multi_action( 1999): [757,0,758,1,759,0,927,6,928,0,1593,0]
02-17 08:46:40.686 I/sysui_multi_action( 1999): [757,0,758,1,759,0,927,7,1593,0]
02-17 08:46:40.686 I/sysui_multi_action( 1999): [757,111,758,1]
02-17 08:46:40.687 I/sysui_multi_action( 1999): [757,126,758,1,759,126,927,0,928,0,1593,0]
02-17 08:46:40.687 I/sysui_multi_action( 1999): [757,113,758,1,759,113,927,1,928,1,1593,0]
02-17 08:46:40.687 I/sysui_multi_action( 1999): [757,0,758,1,759,0,927,2,928,0,1593,0]
02-17 08:46:40.687 I/sysui_multi_action( 1999): [757,0,758,1,759,0,927,3,928,0,1593,0]
02-17 08:46:41.935 I/auditd ( 0): type=1400 audit(0.0:19175): avc: denied { kill } for comm="swapper/3" capability=5 scontext=u:r:kernel:s0 tcontext=u:r:kernel:s0 tclass=capability permissive=0
02-17 08:46:42.265 I/input_interaction( 1524): Interaction with: febc086 NotificationShade (server), edge-swipe (server), swipe-up (server), PointerEventDispatcher0 (server),
02-17 08:46:42.812 I/sysui_multi_action( 1524): [757,128,758,2,793,17829356,794,2167,795,17829356,796,32,798,2,806,android,857,USB,858,1,947,0,1395,3,1500,17828924,1688,1]
02-17 08:46:42.812 I/notification_visibility( 1524): [-1|android|32|null|1000,0,17829356,17829356,0,2]
01-01 12:57:23.005 E/DTC_ETH,link_delay_work_func( 0): 3003, SQI=0, link=0
02-17 08:46:42.935 I/auditd ( 0): type=1400 audit(0.0:19176): avc: denied { kill } for comm="swapper/3" capability=5 scontext=u:r:kernel:s0 tcontext=u:r:kernel:s0 tclass=capability permissive=0
02-17 08:46:43.073 I/sysui_multi_action( 1999): [757,409,758,4,759,1]
02-17 08:46:43.318 I/sysui_multi_action( 1524): [757,128,758,3,793,1860852,794,2675,795,1860852,796,4273,806,com.android.systemui,857,screen_record,858,3,947,0,1500,1860648,1688,1,1745,680407814]
02-17 08:46:43.835 I/sysui_multi_action( 1524): [757,128,758,1,793,17830380,794,0,795,17830380,796,32,798,2,806,android,857,USB,858,1,947,0,1395,3,1500,17829948,1688,1]
02-17 08:46:43.835 I/sysui_multi_action( 1524): [757,804,799,note_freshness,801,17830380,802,1]
02-17 08:46:43.835 I/notification_visibility( 1524): [-1|android|32|null|1000,1,17830380,17830380,0,2]
02-17 08:46:43.935 I/auditd ( 0): type=1400 audit(0.0:19177): avc: denied { kill } for comm="swapper/3" capability=5 scontext=u:r:kernel:s0 tcontext=u:r:kernel:s0 tclass=capability permissive=0
02-17 08:46:44.354 I/sysui_multi_action( 1524): [757,128,758,2,793,16628965,794,3711,795,16628965,796,26,798,0,806,android,857,DEVELOPER_IMPORTANT,858,4,947,0,1395,3,1500,16628758,1688,1]
02-17 08:46:44.354 I/notification_visibility( 1524): [-1|android|26|null|1000,0,16628965,16628965,0,0]
02-17 08:46:45.581 I/GameModeConfig( 1524): isGameModeOn = false
02-17 08:46:45.748 I/GameModeConfig( 1524): isGameModeOn = false
02-17 08:46:45.748 I/GameModeConfig( 1524): isGameModeOn = false
02-17 08:46:45.748 I/GameModeConfig( 1524): isGameModeOn = false
02-17 08:46:45.749 I/GameModeConfig( 1524): isGameModeOn = false
02-17 08:46:45.749 I/GameModeConfig( 1524): isGameModeOn = false
02-17 08:46:45.749 I/GameModeConfig( 1524): isGameModeOn = false
02-17 08:46:45.750 I/sysui_multi_action( 1999): [757,111,758,2]
02-17 08:46:45.750 I/notification_enqueue( 1524): [10080,1999,com.android.systemui,2048,NULL,0,Notification(channel=updateNotification shortcut=null contentView=null vibrate=null sound=null defaults=0x0 flags=0x0 color=0x00000000 vis=PRIVATE),1]
02-17 08:46:45.750 I/sysui_multi_action( 1999): [757,111,758,2]
02-17 08:46:45.894 I/GameModeConfig( 1524): isGameModeOn = false
02-17 08:46:45.914 I/input_focus( 1524): [Focus request 321be4b com.android.launcher3/com.android.launcher3.uioverrides.QuickstepLauncher,reason=UpdateInputWindows]
02-17 08:46:45.918 I/sysui_multi_action( 1524): [757,128,758,2,793,1863452,794,5275,795,1863452,796,4273,798,1,806,com.android.systemui,857,screen_record,858,3,947,0,1395,3,1500,1863248,1688,1,1745,680407814]
02-17 08:46:45.918 I/notification_visibility( 1524): [0|com.android.systemui|4273|null|10080,0,1863452,1863452,0,1]
02-17 08:46:45.920 I/sysui_multi_action( 1524): [757,128,758,2,793,17832464,794,2084,795,17832464,796,32,798,2,806,android,857,USB,858,1,947,0,1395,3,1500,17832032,1688,1]
02-17 08:46:45.920 I/notification_visibility( 1524): [-1|android|32|null|1000,0,17832464,17832464,0,2]
02-17 08:46:45.921 I/sysui_multi_action( 1524): [757,127,758,2]
02-17 08:46:45.921 I/notification_panel_hidden( 1524):
02-17 08:46:45.934 I/input_focus( 1524): [Focus leaving febc086 NotificationShade (server),reason=NO_WINDOW]
02-17 08:46:45.934 I/input_focus( 1524): [Focus entering 321be4b com.android.launcher3/com.android.launcher3.uioverrides.QuickstepLauncher (server),reason=setFocusedWindow]
02-17 08:46:45.935 I/auditd ( 0): type=1400 audit(0.0:19178): avc: denied { kill } for comm="swapper/3" capability=5 scontext=u:r:kernel:s0 tcontext=u:r:kernel:s0 tclass=capability permissive=0
02-17 08:46:45.952 I/GameModeConfig( 1524): isGameModeOn = false
02-17 08:46:46.102 I/GameModeConfig( 1524): isGameModeOn = false
02-17 08:46:46.939 I/auditd ( 0): type=1400 audit(0.0:19179): avc: denied { kill } for comm="swapper/3" capability=5 scontext=u:r:kernel:s0 tcontext=u:r:kernel:s0 tclass=capability permissive=0
02-17 08:46:47.935 I/auditd ( 0): type=1400 audit(0.0:19180): avc: denied { kill } for comm="swapper/3" capability=5 scontext=u:r:kernel:s0 tcontext=u:r:kernel:s0 tclass=capability permissive=0
01-01 12:57:28.125 E/DTC_ETH,link_delay_work_func( 0): 3003, SQI=0, link=0
02-17 08:46:48.661 I/GameModeConfig( 1524): isGameModeOn = false
02-17 08:46:48.850 I/GameModeConfig( 1524): isGameModeOn = false
02-17 08:46:48.898 I/GameModeConfig( 1524): isGameModeOn = false
02-17 08:46:48.935 I/auditd ( 0): type=1400 audit(0.0:19181): avc: denied { kill } for comm="swapper/3" capability=5 scontext=u:r:kernel:s0 tcontext=u:r:kernel:s0 tclass=capability permissive=0
02-17 08:46:49.100 I/GameModeConfig( 1524): isGameModeOn = false
02-17 08:46:49.939 I/auditd ( 0): type=1400 audit(0.0:19182): avc: denied { kill } for comm="swapper/3" capability=5 scontext=u:r:kernel:s0 tcontext=u:r:kernel:s0 tclass=capability permissive=0
02-17 08:46:50.935 I/auditd ( 0): type=1400 audit(0.0:19183): avc: denied { kill } for comm="swapper/3" capability=5 scontext=u:r:kernel:s0 tcontext=u:r:kernel:s0 tclass=capability permissive=0
02-17 08:46:51.939 I/auditd ( 0): type=1400 audit(0.0:19184): avc: denied { kill } for comm="swapper/3" capability=5 scontext=u:r:kernel:s0 tcontext=u:r:kernel:s0 tclass=capability permissive=0
02-17 08:46:52.935 I/auditd ( 0): type=1400 audit(0.0:19185): avc: denied { kill } for comm="swapper/3" capability=5 scontext=u:r:kernel:s0 tcontext=u:r:kernel:s0 tclass=capability permissive=0
01-01 12:57:33.245 E/DTC_ETH,link_delay_work_func( 0): 3003, SQI=0, link=0
02-17 08:46:53.935 I/auditd ( 0): type=1400 audit(0.0:19186): avc: denied { kill } for comm="swapper/3" capability=5 scontext=u:r:kernel:s0 tcontext=u:r:kernel:s0 tclass=capability permissive=0
02-17 08:46:54.939 I/auditd ( 0): type=1400 audit(0.0:19187): avc: denied { kill } for comm="swapper/3" capability=5 scontext=u:r:kernel:s0 tcontext=u:r:kernel:s0 tclass=capability permissive=0
02-17 08:46:55.752 I/GameModeConfig( 1524): isGameModeOn = false
02-17 08:46:55.939 I/auditd ( 0): type=1400 audit(0.0:19188): avc: denied { kill } for comm="swapper/3" capability=5 scontext=u:r:kernel:s0 tcontext=u:r:kernel:s0 tclass=capability permissive=0
02-17 08:46:55.954 I/GameModeConfig( 1524): isGameModeOn = false
02-17 08:46:56.935 I/auditd ( 0): type=1400 audit(0.0:19189): avc: denied { kill } for comm="swapper/3" capability=5 scontext=u:r:kernel:s0 tcontext=u:r:kernel:s0 tclass=capability permissive=0
02-17 08:46:57.935 I/auditd ( 0): type=1400 audit(0.0:19190): avc: denied { kill } for comm="swapper/3" capability=5 scontext=u:r:kernel:s0 tcontext=u:r:kernel:s0 tclass=capability permissive=0
01-01 12:57:38.365 E/DTC_ETH,link_delay_work_func( 0): 3003, SQI=0, link=0
02-17 08:46:58.939 I/auditd ( 0): type=1400 audit(0.0:19191): avc: denied { kill } for comm="swapper/3" capability=5 scontext=u:r:kernel:s0 tcontext=u:r:kernel:s0 tclass=capability permissive=0
02-17 08:46:59.935 I/auditd ( 0): type=1400 audit(0.0:19192): avc: denied { kill } for comm="swapper/3" capability=5 scontext=u:r:kernel:s0 tcontext=u:r:kernel:s0 tclass=capability permissive=0
02-17 08:47:00.939 I/auditd ( 0): type=1400 audit(0.0:19193): avc: denied { kill } for comm="swapper/3" capability=5 scontext=u:r:kernel:s0 tcontext=u:r:kernel:s0 tclass=capability permissive=0
02-17 08:47:01.935 I/auditd ( 0): type=1400 audit(0.0:19194): avc: denied { kill } for comm="swapper/3" capability=5 scontext=u:r:kernel:s0 tcontext=u:r:kernel:s0 tclass=capability permissive=0
02-17 08:47:02.935 I/auditd ( 0): type=1400 audit(0.0:19195): avc: denied { kill } for comm="swapper/3" capability=5 scontext=u:r:kernel:s0 tcontext=u:r:kernel:s0 tclass=capability permissive=0
01-01 12:57:43.485 E/DTC_ETH,link_delay_work_func( 0): 3003, SQI=0, link=0
02-17 08:47:03.939 I/auditd ( 0): type=1400 audit(0.0:19196): avc: denied { kill } for comm="swapper/3" capability=5 scontext=u:r:kernel:s0 tcontext=u:r:kernel:s0 tclass=capability permissive=0
02-17 08:47:04.939 I/auditd ( 0): type=1400 audit(0.0:19197): avc: denied { kill } for comm="swapper/3" capability=5 scontext=u:r:kernel:s0 tcontext=u:r:kernel:s0 tclass=capability permissive=0
02-17 08:47:05.935 I/auditd ( 0): type=1400 audit(0.0:19198): avc: denied { kill } for comm="swapper/3" capability=5 scontext=u:r:kernel:s0 tcontext=u:r:kernel:s0 tclass=capability permissive=0
02-17 08:47:06.935 I/auditd ( 0): type=1400 audit(0.0:19199): avc: denied { kill } for comm="swapper/0" capability=5 scontext=u:r:kernel:s0 tcontext=u:r:kernel:s0 tclass=capability permissive=0
02-17 08:47:07.939 I/auditd ( 0): type=1400 audit(0.0:19200): avc: denied { kill } for comm="swapper/0" capability=5 scontext=u:r:kernel:s0 tcontext=u:r:kernel:s0 tclass=capability permissive=0
01-01 12:57:48.605 E/DTC_ETH,link_delay_work_func( 0): 3003, SQI=0, link=0
02-17 08:47:08.939 I/auditd ( 0): type=1400 audit(0.0:19201): avc: denied { kill } for comm="swapper/0" capability=5 scontext=u:r:kernel:s0 tcontext=u:r:kernel:s0 tclass=capability permissive=0
02-17 08:47:09.935 I/auditd ( 0): type=1400 audit(0.0:19202): avc: denied { kill } for comm="swapper/0" capability=5 scontext=u:r:kernel:s0 tcontext=u:r:kernel:s0 tclass=capability permissive=0
02-17 08:47:10.935 I/auditd ( 0): type=1400 audit(0.0:19203): avc: denied { kill } for comm="swapper/0" capability=5 scontext=u:r:kernel:s0 tcontext=u:r:kernel:s0 tclass=capability permissive=0
02-17 08:47:11.935 I/auditd ( 0): type=1400 audit(0.0:19204): avc: denied { kill } for comm="swapper/0" capability=5 scontext=u:r:kernel:s0 tcontext=u:r:kernel:s0 tclass=capability permissive=0
02-17 08:47:12.935 I/auditd ( 0): type=1400 audit(0.0:19205): avc: denied { kill } for comm="swapper/0" capability=5 scontext=u:r:kernel:s0 tcontext=u:r:kernel:s0 tclass=capability permissive=0
01-01 12:57:53.725 E/DTC_ETH,link_delay_work_func( 0): 3003, SQI=0, link=0
