02-17 08:58:53.939 I/auditd ( 0): type=1400 audit(0.0:20042): avc: denied { kill } for comm="swapper/3" capability=5 scontext=u:r:kernel:s0 tcontext=u:r:kernel:s0 tclass=capability permissive=0
02-17 08:58:54.939 I/auditd ( 0): type=1400 audit(0.0:20043): avc: denied { kill } for comm="swapper/3" capability=5 scontext=u:r:kernel:s0 tcontext=u:r:kernel:s0 tclass=capability permissive=0
01-01 13:09:35.165 E/DTC_ETH,link_delay_work_func( 0): 3003, SQI=0, link=0
02-17 08:58:55.939 I/auditd ( 0): type=1400 audit(0.0:20044): avc: denied { kill } for comm="swapper/3" capability=5 scontext=u:r:kernel:s0 tcontext=u:r:kernel:s0 tclass=capability permissive=0
02-17 08:58:56.935 I/auditd ( 0): type=1400 audit(0.0:20045): avc: denied { kill } for comm="swapper/3" capability=5 scontext=u:r:kernel:s0 tcontext=u:r:kernel:s0 tclass=capability permissive=0
02-17 08:58:57.935 I/auditd ( 0): type=1400 audit(0.0:20046): avc: denied { kill } for comm="swapper/3" capability=5 scontext=u:r:kernel:s0 tcontext=u:r:kernel:s0 tclass=capability permissive=0
02-17 08:58:58.939 I/auditd ( 0): type=1400 audit(0.0:20047): avc: denied { kill } for comm="swapper/3" capability=5 scontext=u:r:kernel:s0 tcontext=u:r:kernel:s0 tclass=capability permissive=0
02-17 08:58:59.935 I/auditd ( 0): type=1400 audit(0.0:20048): avc: denied { kill } for comm="swapper/3" capability=5 scontext=u:r:kernel:s0 tcontext=u:r:kernel:s0 tclass=capability permissive=0
01-01 13:09:40.285 E/DTC_ETH,link_delay_work_func( 0): 3003, SQI=0, link=0
02-17 08:59:00.935 I/auditd ( 0): type=1400 audit(0.0:20049): avc: denied { kill } for comm="swapper/3" capability=5 scontext=u:r:kernel:s0 tcontext=u:r:kernel:s0 tclass=capability permissive=0
02-17 08:59:01.939 I/auditd ( 0): type=1400 audit(0.0:20050): avc: denied { kill } for comm="swapper/3" capability=5 scontext=u:r:kernel:s0 tcontext=u:r:kernel:s0 tclass=capability permissive=0
02-17 08:59:02.939 I/auditd ( 0): type=1400 audit(0.0:20051): avc: denied { kill } for comm="swapper/3" capability=5 scontext=u:r:kernel:s0 tcontext=u:r:kernel:s0 tclass=capability permissive=0
02-17 08:59:03.935 I/auditd ( 0): type=1400 audit(0.0:20052): avc: denied { kill } for comm="swapper/3" capability=5 scontext=u:r:kernel:s0 tcontext=u:r:kernel:s0 tclass=capability permissive=0
02-17 08:59:04.939 I/auditd ( 0): type=1400 audit(0.0:20053): avc: denied { kill } for comm="swapper/3" capability=5 scontext=u:r:kernel:s0 tcontext=u:r:kernel:s0 tclass=capability permissive=0
01-01 13:09:45.405 E/DTC_ETH,link_delay_work_func( 0): 3003, SQI=0, link=0
02-17 08:59:05.939 I/auditd ( 0): type=1400 audit(0.0:20054): avc: denied { kill } for comm="swapper/3" capability=5 scontext=u:r:kernel:s0 tcontext=u:r:kernel:s0 tclass=capability permissive=0
02-17 08:59:06.939 I/auditd ( 0): type=1400 audit(0.0:20055): avc: denied { kill } for comm="swapper/3" capability=5 scontext=u:r:kernel:s0 tcontext=u:r:kernel:s0 tclass=capability permissive=0
02-17 08:59:07.935 I/auditd ( 0): type=1400 audit(0.0:20056): avc: denied { kill } for comm="swapper/3" capability=5 scontext=u:r:kernel:s0 tcontext=u:r:kernel:s0 tclass=capability permissive=0
02-17 08:59:08.935 I/auditd ( 0): type=1400 audit(0.0:20057): avc: denied { kill } for comm="swapper/3" capability=5 scontext=u:r:kernel:s0 tcontext=u:r:kernel:s0 tclass=capability permissive=0
02-17 08:59:09.935 I/auditd ( 0): type=1400 audit(0.0:20058): avc: denied { kill } for comm="swapper/3" capability=5 scontext=u:r:kernel:s0 tcontext=u:r:kernel:s0 tclass=capability permissive=0
01-01 13:09:50.525 E/DTC_ETH,link_delay_work_func( 0): 3003, SQI=0, link=0
02-17 08:59:10.935 I/auditd ( 0): type=1400 audit(0.0:20059): avc: denied { kill } for comm="swapper/3" capability=5 scontext=u:r:kernel:s0 tcontext=u:r:kernel:s0 tclass=capability permissive=0
02-17 08:59:11.935 I/auditd ( 0): type=1400 audit(0.0:20060): avc: denied { kill } for comm="swapper/3" capability=5 scontext=u:r:kernel:s0 tcontext=u:r:kernel:s0 tclass=capability permissive=0
02-17 08:59:12.935 I/auditd ( 0): type=1400 audit(0.0:20061): avc: denied { kill } for comm="swapper/3" capability=5 scontext=u:r:kernel:s0 tcontext=u:r:kernel:s0 tclass=capability permissive=0
02-17 08:59:13.935 I/auditd ( 0): type=1400 audit(0.0:20062): avc: denied { kill } for comm="swapper/3" capability=5 scontext=u:r:kernel:s0 tcontext=u:r:kernel:s0 tclass=capability permissive=0
02-17 08:59:14.939 I/auditd ( 0): type=1400 audit(0.0:20063): avc: denied { kill } for comm="swapper/3" capability=5 scontext=u:r:kernel:s0 tcontext=u:r:kernel:s0 tclass=capability permissive=0
01-01 13:09:55.645 E/DTC_ETH,link_delay_work_func( 0): 3003, SQI=0, link=0
02-17 08:59:15.939 I/auditd ( 0): type=1400 audit(0.0:20064): avc: denied { kill } for comm="swapper/3" capability=5 scontext=u:r:kernel:s0 tcontext=u:r:kernel:s0 tclass=capability permissive=0
02-17 08:59:16.939 I/auditd ( 0): type=1400 audit(0.0:20065): avc: denied { kill } for comm="swapper/3" capability=5 scontext=u:r:kernel:s0 tcontext=u:r:kernel:s0 tclass=capability permissive=0
02-17 08:59:17.939 I/auditd ( 0): type=1400 audit(0.0:20066): avc: denied { kill } for comm="swapper/3" capability=5 scontext=u:r:kernel:s0 tcontext=u:r:kernel:s0 tclass=capability permissive=0
02-17 08:59:18.939 I/auditd ( 0): type=1400 audit(0.0:20067): avc: denied { kill } for comm="swapper/3" capability=5 scontext=u:r:kernel:s0 tcontext=u:r:kernel:s0 tclass=capability permissive=0
02-17 08:59:19.939 I/auditd ( 0): type=1400 audit(0.0:20068): avc: denied { kill } for comm="swapper/3" capability=5 scontext=u:r:kernel:s0 tcontext=u:r:kernel:s0 tclass=capability permissive=0
01-01 13:10:00.765 E/DTC_ETH,link_delay_work_func( 0): 3003, SQI=0, link=0
02-17 08:59:20.939 I/auditd ( 0): type=1400 audit(0.0:20069): avc: denied { kill } for comm="swapper/3" capability=5 scontext=u:r:kernel:s0 tcontext=u:r:kernel:s0 tclass=capability permissive=0
02-17 08:59:21.935 I/auditd ( 0): type=1400 audit(0.0:20070): avc: denied { kill } for comm="swapper/3" capability=5 scontext=u:r:kernel:s0 tcontext=u:r:kernel:s0 tclass=capability permissive=0
02-17 08:59:22.935 I/auditd ( 0): type=1400 audit(0.0:20071): avc: denied { kill } for comm="swapper/3" capability=5 scontext=u:r:kernel:s0 tcontext=u:r:kernel:s0 tclass=capability permissive=0
02-17 08:59:23.490 I/input_interaction( 1524): Interaction with: d4326e3 StatusBar (server), edge-swipe (server), swipe-up (server), PointerEventDispatcher0 (server),
02-17 08:59:23.493 I/sysui_multi_action( 1999): [757,803,799,panel_open,802,1]
02-17 08:59:23.494 I/sysui_multi_action( 1999): [757,1328,758,4,1326,45,1327,0,1329,0]
02-17 08:59:23.560 I/sysui_multi_action( 1524): [757,127,758,1]
02-17 08:59:23.561 I/sysui_multi_action( 1524): [757,804,799,note_load,801,3,802,1]
02-17 08:59:23.561 I/notification_panel_revealed( 1524): 3
02-17 08:59:23.572 I/input_focus( 1524): [Focus request febc086 NotificationShade,reason=UpdateInputWindows]
02-17 08:59:23.582 I/sysui_multi_action( 1524): [757,128,758,1,793,17388192,794,0,795,17388192,796,26,798,0,806,android,857,DEVELOPER_IMPORTANT,858,4,947,0,1395,3,1500,17387985,1688,1]
02-17 08:59:23.582 I/sysui_multi_action( 1524): [757,804,799,note_freshness,801,17388192,802,1]
02-17 08:59:23.582 I/notification_visibility( 1524): [-1|android|26|null|1000,1,17388192,17388192,0,0]
02-17 08:59:23.582 I/sysui_multi_action( 1524): [757,128,758,1,793,2621116,794,0,795,2621116,796,4273,798,1,806,com.android.systemui,857,screen_record,858,3,947,0,1395,3,1500,2620912,1688,1,1745,680407814]
02-17 08:59:23.582 I/sysui_multi_action( 1524): [757,804,799,note_freshness,801,2621116,802,1]
02-17 08:59:23.582 I/notification_visibility( 1524): [0|com.android.systemui|4273|null|10080,1,2621116,2621116,0,1]
02-17 08:59:23.582 I/sysui_multi_action( 1524): [757,128,758,1,793,18590127,794,0,795,18590127,796,32,798,2,806,android,857,USB,858,1,947,0,1395,3,1500,18589695,1688,1]
02-17 08:59:23.583 I/sysui_multi_action( 1524): [757,804,799,note_freshness,801,18590127,802,1]
02-17 08:59:23.583 I/notification_visibility( 1524): [-1|android|32|null|1000,1,18590127,18590127,0,2]
02-17 08:59:23.604 I/input_focus( 1524): [Focus leaving 321be4b com.android.launcher3/com.android.launcher3.uioverrides.QuickstepLauncher (server),reason=setFocusedWindow]
02-17 08:59:23.604 I/input_focus( 1524): [Focus entering febc086 NotificationShade (server),reason=setFocusedWindow]
02-17 08:59:23.653 I/sysui_multi_action( 1999): [757,111,758,1]
02-17 08:59:23.654 I/sysui_multi_action( 1999): [757,126,758,1,759,126,927,0,928,0,1593,0]
02-17 08:59:23.654 I/sysui_multi_action( 1999): [757,113,758,1,759,113,927,1,928,1,1593,0]
02-17 08:59:23.654 I/sysui_multi_action( 1999): [757,0,758,1,759,0,927,2,928,0,1593,0]
02-17 08:59:23.654 I/sysui_multi_action( 1999): [757,0,758,1,759,0,927,3,928,0,1593,0]
02-17 08:59:23.655 I/sysui_multi_action( 1999): [757,491,758,1,759,491,927,4,928,0,1311,-1,1593,0]
02-17 08:59:23.655 I/sysui_multi_action( 1999): [757,122,758,1,759,122,927,5,928,1,1593,0]
02-17 08:59:23.655 I/sysui_multi_action( 1999): [757,0,758,1,759,0,927,6,928,0,1593,0]
02-17 08:59:23.655 I/sysui_multi_action( 1999): [757,0,758,1,759,0,927,7,1593,0]
02-17 08:59:23.655 I/sysui_multi_action( 1999): [757,111,758,1]
02-17 08:59:23.655 I/sysui_multi_action( 1999): [757,126,758,1,759,126,927,0,928,0,1593,0]
02-17 08:59:23.656 I/sysui_multi_action( 1999): [757,113,758,1,759,113,927,1,928,1,1593,0]
02-17 08:59:23.656 I/sysui_multi_action( 1999): [757,0,758,1,759,0,927,2,928,0,1593,0]
02-17 08:59:23.656 I/sysui_multi_action( 1999): [757,0,758,1,759,0,927,3,928,0,1593,0]
02-17 08:59:23.935 I/auditd ( 0): type=1400 audit(0.0:20072): avc: denied { kill } for comm="swapper/3" capability=5 scontext=u:r:kernel:s0 tcontext=u:r:kernel:s0 tclass=capability permissive=0
02-17 08:59:24.939 I/auditd ( 0): type=1400 audit(0.0:20073): avc: denied { kill } for comm="swapper/3" capability=5 scontext=u:r:kernel:s0 tcontext=u:r:kernel:s0 tclass=capability permissive=0
01-01 13:10:05.885 E/DTC_ETH,link_delay_work_func( 0): 3003, SQI=0, link=0
02-17 08:59:25.939 I/auditd ( 0): type=1400 audit(0.0:20074): avc: denied { kill } for comm="swapper/3" capability=5 scontext=u:r:kernel:s0 tcontext=u:r:kernel:s0 tclass=capability permissive=0
02-17 08:59:26.935 I/auditd (14862): type=1400 audit(0.0:20075): avc: denied { kill } for comm="kworker/u16:9" capability=5 scontext=u:r:kernel:s0 tcontext=u:r:kernel:s0 tclass=capability permissive=0
02-17 08:59:27.935 I/auditd ( 0): type=1400 audit(0.0:20076): avc: denied { kill } for comm="swapper/3" capability=5 scontext=u:r:kernel:s0 tcontext=u:r:kernel:s0 tclass=capability permissive=0
02-17 08:59:28.935 I/auditd ( 0): type=1400 audit(0.0:20077): avc: denied { kill } for comm="swapper/3" capability=5 scontext=u:r:kernel:s0 tcontext=u:r:kernel:s0 tclass=capability permissive=0
02-17 08:59:29.935 I/auditd ( 0): type=1400 audit(0.0:20078): avc: denied { kill } for comm="swapper/3" capability=5 scontext=u:r:kernel:s0 tcontext=u:r:kernel:s0 tclass=capability permissive=0
01-01 13:10:11.005 E/DTC_ETH,link_delay_work_func( 0): 3003, SQI=0, link=0
02-17 08:59:30.935 I/auditd ( 0): type=1400 audit(0.0:20079): avc: denied { kill } for comm="swapper/3" capability=5 scontext=u:r:kernel:s0 tcontext=u:r:kernel:s0 tclass=capability permissive=0
02-17 08:59:31.935 I/auditd ( 0): type=1400 audit(0.0:20080): avc: denied { kill } for comm="swapper/3" capability=5 scontext=u:r:kernel:s0 tcontext=u:r:kernel:s0 tclass=capability permissive=0
02-17 08:59:32.935 I/auditd ( 0): type=1400 audit(0.0:20081): avc: denied { kill } for comm="swapper/3" capability=5 scontext=u:r:kernel:s0 tcontext=u:r:kernel:s0 tclass=capability permissive=0
02-17 08:59:33.939 I/auditd ( 0): type=1400 audit(0.0:20082): avc: denied { kill } for comm="swapper/3" capability=5 scontext=u:r:kernel:s0 tcontext=u:r:kernel:s0 tclass=capability permissive=0
02-17 08:59:34.935 I/auditd ( 0): type=1400 audit(0.0:20083): avc: denied { kill } for comm="swapper/3" capability=5 scontext=u:r:kernel:s0 tcontext=u:r:kernel:s0 tclass=capability permissive=0
02-17 08:59:35.935 I/auditd ( 0): type=1400 audit(0.0:20084): avc: denied { kill } for comm="swapper/3" capability=5 scontext=u:r:kernel:s0 tcontext=u:r:kernel:s0 tclass=capability permissive=0
01-01 13:10:16.125 E/DTC_ETH,link_delay_work_func( 0): 3003, SQI=0, link=0
02-17 08:59:36.935 I/auditd ( 0): type=1400 audit(0.0:20085): avc: denied { kill } for comm="swapper/3" capability=5 scontext=u:r:kernel:s0 tcontext=u:r:kernel:s0 tclass=capability permissive=0
02-17 08:59:37.935 I/auditd ( 0): type=1400 audit(0.0:20086): avc: denied { kill } for comm="swapper/3" capability=5 scontext=u:r:kernel:s0 tcontext=u:r:kernel:s0 tclass=capability permissive=0
02-17 08:59:38.935 I/auditd ( 0): type=1400 audit(0.0:20087): avc: denied { kill } for comm="swapper/3" capability=5 scontext=u:r:kernel:s0 tcontext=u:r:kernel:s0 tclass=capability permissive=0
02-17 08:59:39.939 I/auditd ( 0): type=1400 audit(0.0:20088): avc: denied { kill } for comm="swapper/3" capability=5 scontext=u:r:kernel:s0 tcontext=u:r:kernel:s0 tclass=capability permissive=0
02-17 08:59:40.935 I/auditd ( 0): type=1400 audit(0.0:20089): avc: denied { kill } for comm="swapper/3" capability=5 scontext=u:r:kernel:s0 tcontext=u:r:kernel:s0 tclass=capability permissive=0
01-01 13:10:21.245 E/DTC_ETH,link_delay_work_func( 0): 3003, SQI=0, link=0
02-17 08:59:41.935 I/auditd ( 0): type=1400 audit(0.0:20090): avc: denied { kill } for comm="swapper/3" capability=5 scontext=u:r:kernel:s0 tcontext=u:r:kernel:s0 tclass=capability permissive=0
02-17 08:59:42.935 I/auditd ( 0): type=1400 audit(0.0:20091): avc: denied { kill } for comm="swapper/3" capability=5 scontext=u:r:kernel:s0 tcontext=u:r:kernel:s0 tclass=capability permissive=0
02-17 08:59:43.939 I/auditd ( 0): type=1400 audit(0.0:20092): avc: denied { kill } for comm="swapper/3" capability=5 scontext=u:r:kernel:s0 tcontext=u:r:kernel:s0 tclass=capability permissive=0
02-17 08:59:44.296 I/am_uid_idle( 1524): 10040
02-17 08:59:44.939 I/auditd ( 0): type=1400 audit(0.0:20093): avc: denied { kill } for comm="swapper/3" capability=5 scontext=u:r:kernel:s0 tcontext=u:r:kernel:s0 tclass=capability permissive=0
02-17 08:59:45.935 I/auditd ( 0): type=1400 audit(0.0:20094): avc: denied { kill } for comm="swapper/3" capability=5 scontext=u:r:kernel:s0 tcontext=u:r:kernel:s0 tclass=capability permissive=0
01-01 13:10:26.365 E/DTC_ETH,link_delay_work_func( 0): 3003, SQI=0, link=0
02-17 08:59:46.939 I/auditd ( 0): type=1400 audit(0.0:20095): avc: denied { kill } for comm="swapper/3" capability=5 scontext=u:r:kernel:s0 tcontext=u:r:kernel:s0 tclass=capability permissive=0
02-17 08:59:47.935 I/auditd ( 0): type=1400 audit(0.0:20096): avc: denied { kill } for comm="swapper/3" capability=5 scontext=u:r:kernel:s0 tcontext=u:r:kernel:s0 tclass=capability permissive=0
02-17 08:59:48.939 I/auditd ( 0): type=1400 audit(0.0:20097): avc: denied { kill } for comm="swapper/3" capability=5 scontext=u:r:kernel:s0 tcontext=u:r:kernel:s0 tclass=capability permissive=0
02-17 08:59:49.935 I/auditd ( 0): type=1400 audit(0.0:20098): avc: denied { kill } for comm="swapper/3" capability=5 scontext=u:r:kernel:s0 tcontext=u:r:kernel:s0 tclass=capability permissive=0
02-17 08:59:50.310 I/am_uid_idle( 1524): 10062
02-17 08:59:50.939 I/auditd ( 0): type=1400 audit(0.0:20099): avc: denied { kill } for comm="swapper/3" capability=5 scontext=u:r:kernel:s0 tcontext=u:r:kernel:s0 tclass=capability permissive=0
01-01 13:10:31.485 E/DTC_ETH,link_delay_work_func( 0): 3003, SQI=0, link=0
02-17 08:59:51.935 I/auditd ( 0): type=1400 audit(0.0:20100): avc: denied { kill } for comm="swapper/3" capability=5 scontext=u:r:kernel:s0 tcontext=u:r:kernel:s0 tclass=capability permissive=0
02-17 08:59:52.935 I/auditd ( 0): type=1400 audit(0.0:20101): avc: denied { kill } for comm="swapper/3" capability=5 scontext=u:r:kernel:s0 tcontext=u:r:kernel:s0 tclass=capability permissive=0
02-17 08:59:53.935 I/auditd ( 0): type=1400 audit(0.0:20102): avc: denied { kill } for comm="swapper/3" capability=5 scontext=u:r:kernel:s0 tcontext=u:r:kernel:s0 tclass=capability permissive=0
02-17 08:59:54.939 I/auditd ( 0): type=1400 audit(0.0:20103): avc: denied { kill } for comm="swapper/3" capability=5 scontext=u:r:kernel:s0 tcontext=u:r:kernel:s0 tclass=capability permissive=0
02-17 08:59:55.935 I/auditd ( 0): type=1400 audit(0.0:20104): avc: denied { kill } for comm="swapper/3" capability=5 scontext=u:r:kernel:s0 tcontext=u:r:kernel:s0 tclass=capability permissive=0
01-01 13:10:36.606 E/DTC_ETH,link_delay_work_func( 0): 3003, SQI=0, link=0
02-17 08:59:56.935 I/auditd ( 0): type=1400 audit(0.0:20105): avc: denied { kill } for comm="swapper/3" capability=5 scontext=u:r:kernel:s0 tcontext=u:r:kernel:s0 tclass=capability permissive=0
02-17 08:59:57.935 I/auditd ( 0): type=1400 audit(0.0:20106): avc: denied { kill } for comm="swapper/3" capability=5 scontext=u:r:kernel:s0 tcontext=u:r:kernel:s0 tclass=capability permissive=0
02-17 08:59:58.939 I/auditd ( 0): type=1400 audit(0.0:20107): avc: denied { kill } for comm="swapper/3" capability=5 scontext=u:r:kernel:s0 tcontext=u:r:kernel:s0 tclass=capability permissive=0
02-17 08:59:59.935 I/auditd ( 0): type=1400 audit(0.0:20108): avc: denied { kill } for comm="swapper/3" capability=5 scontext=u:r:kernel:s0 tcontext=u:r:kernel:s0 tclass=capability permissive=0
02-17 09:00:00.939 I/auditd ( 0): type=1400 audit(0.0:20109): avc: denied { kill } for comm="swapper/3" capability=5 scontext=u:r:kernel:s0 tcontext=u:r:kernel:s0 tclass=capability permissive=0
01-01 13:10:41.726 E/DTC_ETH,link_delay_work_func( 0): 3003, SQI=0, link=0
02-17 09:00:01.935 I/auditd ( 0): type=1400 audit(0.0:20110): avc: denied { kill } for comm="swapper/3" capability=5 scontext=u:r:kernel:s0 tcontext=u:r:kernel:s0 tclass=capability permissive=0
02-17 09:00:02.939 I/auditd ( 0): type=1400 audit(0.0:20111): avc: denied { kill } for comm="swapper/3" capability=5 scontext=u:r:kernel:s0 tcontext=u:r:kernel:s0 tclass=capability permissive=0
02-17 09:00:03.935 I/auditd ( 0): type=1400 audit(0.0:20112): avc: denied { kill } for comm="swapper/3" capability=5 scontext=u:r:kernel:s0 tcontext=u:r:kernel:s0 tclass=capability permissive=0
02-17 09:00:04.935 I/auditd ( 0): type=1400 audit(0.0:20113): avc: denied { kill } for comm="swapper/3" capability=5 scontext=u:r:kernel:s0 tcontext=u:r:kernel:s0 tclass=capability permissive=0
01-01 13:10:46.845 E/DTC_ETH,link_delay_work_func( 0): 3003, SQI=0, link=0
02-17 09:00:06.935 I/auditd ( 0): type=1400 audit(0.0:20114): avc: denied { kill } for comm="swapper/3" capability=5 scontext=u:r:kernel:s0 tcontext=u:r:kernel:s0 tclass=capability permissive=0
02-17 09:00:07.935 I/auditd ( 0): type=1400 audit(0.0:20115): avc: denied { kill } for comm="swapper/3" capability=5 scontext=u:r:kernel:s0 tcontext=u:r:kernel:s0 tclass=capability permissive=0
02-17 09:00:08.935 I/auditd ( 0): type=1400 audit(0.0:20116): avc: denied { kill } for comm="swapper/3" capability=5 scontext=u:r:kernel:s0 tcontext=u:r:kernel:s0 tclass=capability permissive=0
02-17 09:00:09.939 I/auditd ( 0): type=1400 audit(0.0:20117): avc: denied { kill } for comm="swapper/3" capability=5 scontext=u:r:kernel:s0 tcontext=u:r:kernel:s0 tclass=capability permissive=0
02-17 09:00:10.935 I/auditd ( 0): type=1400 audit(0.0:20118): avc: denied { kill } for comm="swapper/3" capability=5 scontext=u:r:kernel:s0 tcontext=u:r:kernel:s0 tclass=capability permissive=0
01-01 13:10:51.965 E/DTC_ETH,link_delay_work_func( 0): 3003, SQI=0, link=0
02-17 09:00:11.939 I/auditd ( 0): type=1400 audit(0.0:20119): avc: denied { kill } for comm="swapper/3" capability=5 scontext=u:r:kernel:s0 tcontext=u:r:kernel:s0 tclass=capability permissive=0
02-17 09:00:12.935 I/auditd ( 0): type=1400 audit(0.0:20120): avc: denied { kill } for comm="swapper/3" capability=5 scontext=u:r:kernel:s0 tcontext=u:r:kernel:s0 tclass=capability permissive=0
02-17 09:00:13.935 I/auditd ( 0): type=1400 audit(0.0:20121): avc: denied { kill } for comm="swapper/3" capability=5 scontext=u:r:kernel:s0 tcontext=u:r:kernel:s0 tclass=capability permissive=0
02-17 09:00:14.935 I/auditd ( 0): type=1400 audit(0.0:20122): avc: denied { kill } for comm="swapper/3" capability=5 scontext=u:r:kernel:s0 tcontext=u:r:kernel:s0 tclass=capability permissive=0
02-17 09:00:15.939 I/auditd ( 0): type=1400 audit(0.0:20123): avc: denied { kill } for comm="swapper/3" capability=5 scontext=u:r:kernel:s0 tcontext=u:r:kernel:s0 tclass=capability permissive=0
02-17 09:00:16.849 V/DisplayPowerController[0]( 1524): Brightness [0.05] reason changing to: 'manual [ dim ]', previous reason: 'manual'.
02-17 09:00:16.849 I/sysui_multi_action( 1524): [757,1696,758,6,759,2]
02-17 09:00:16.850 W/PowerManagerService( 1524): Screen on took 92835 ms
02-17 09:00:16.857 E/DisplayDeviceConfig( 1524): requesting nits when no mapping exists.
02-17 09:00:16.857 E/DisplayDeviceConfig( 1524): requesting nits when no mapping exists.
02-17 09:00:16.857 I/am_wtf ( 1524): [0,1524,system_server,-1,DisplayDeviceConfig,requesting nits when no mapping exists.]
02-17 09:00:16.859 I/DropBoxManagerService( 1524): add tag=system_server_wtf isTagEnabled=true flags=0x2
02-17 09:00:16.861 I/am_wtf ( 1524): [0,1524,system_server,-1,DisplayDeviceConfig,requesting nits when no mapping exists.]
02-17 09:00:16.863 I/DropBoxManagerService( 1524): add tag=system_server_wtf isTagEnabled=true flags=0x2
02-17 09:00:16.873 E/DisplayDeviceConfig( 1524): requesting nits when no mapping exists.
02-17 09:00:16.874 E/DisplayDeviceConfig( 1524): requesting nits when no mapping exists.
02-17 09:00:16.874 I/am_wtf ( 1524): [0,1524,system_server,-1,DisplayDeviceConfig,requesting nits when no mapping exists.]
02-17 09:00:16.875 I/DropBoxManagerService( 1524): add tag=system_server_wtf isTagEnabled=true flags=0x2
02-17 09:00:16.876 I/am_wtf ( 1524): [0,1524,system_server,-1,DisplayDeviceConfig,requesting nits when no mapping exists.]
02-17 09:00:16.876 I/DropBoxManagerService( 1524): add tag=system_server_wtf isTagEnabled=true flags=0x2
02-17 09:00:16.890 E/DisplayDeviceConfig( 1524): requesting nits when no mapping exists.
02-17 09:00:16.890 E/DisplayDeviceConfig( 1524): requesting nits when no mapping exists.
02-17 09:00:16.890 I/am_wtf ( 1524): [0,1524,system_server,-1,DisplayDeviceConfig,requesting nits when no mapping exists.]
02-17 09:00:16.892 I/DropBoxManagerService( 1524): add tag=system_server_wtf isTagEnabled=true flags=0x2
02-17 09:00:16.893 I/am_wtf ( 1524): [0,1524,system_server,-1,DisplayDeviceConfig,requesting nits when no mapping exists.]
02-17 09:00:16.897 E/DisplayDeviceConfig( 1524): requesting nits when no mapping exists.
02-17 09:00:16.897 E/DisplayDeviceConfig( 1524): requesting nits when no mapping exists.
02-17 09:00:16.897 I/am_wtf ( 1524): [0,1524,system_server,-1,DisplayDeviceConfig,requesting nits when no mapping exists.]
02-17 09:00:16.898 I/am_wtf ( 1524): [0,1524,system_server,-1,DisplayDeviceConfig,requesting nits when no mapping exists.]
02-17 09:00:16.913 E/DisplayDeviceConfig( 1524): requesting nits when no mapping exists.
02-17 09:00:16.914 E/DisplayDeviceConfig( 1524): requesting nits when no mapping exists.
02-17 09:00:16.914 I/am_wtf ( 1524): [0,1524,system_server,-1,DisplayDeviceConfig,requesting nits when no mapping exists.]
02-17 09:00:16.915 I/am_wtf ( 1524): [0,1524,system_server,-1,DisplayDeviceConfig,requesting nits when no mapping exists.]
02-17 09:00:16.930 E/DisplayDeviceConfig( 1524): requesting nits when no mapping exists.
02-17 09:00:16.930 E/DisplayDeviceConfig( 1524): requesting nits when no mapping exists.
02-17 09:00:16.930 I/am_wtf ( 1524): [0,1524,system_server,-1,DisplayDeviceConfig,requesting nits when no mapping exists.]
02-17 09:00:16.931 I/am_wtf ( 1524): [0,1524,system_server,-1,DisplayDeviceConfig,requesting nits when no mapping exists.]
01-01 13:10:57.085 E/DTC_ETH,link_delay_work_func( 0): 3003, SQI=0, link=0
02-17 09:00:16.935 I/auditd ( 0): type=1400 audit(0.0:20124): avc: denied { kill } for comm="swapper/3" capability=5 scontext=u:r:kernel:s0 tcontext=u:r:kernel:s0 tclass=capability permissive=0
02-17 09:00:16.946 E/DisplayDeviceConfig( 1524): requesting nits when no mapping exists.
02-17 09:00:16.947 I/am_wtf ( 1524): [0,1524,system_server,-1,DisplayDeviceConfig,requesting nits when no mapping exists.]
02-17 09:00:16.947 E/DisplayDeviceConfig( 1524): requesting nits when no mapping exists.
02-17 09:00:16.948 I/am_wtf ( 1524): [0,1524,system_server,-1,DisplayDeviceConfig,requesting nits when no mapping exists.]
02-17 09:00:16.964 E/DisplayDeviceConfig( 1524): requesting nits when no mapping exists.
02-17 09:00:16.964 I/am_wtf ( 1524): [0,1524,system_server,-1,DisplayDeviceConfig,requesting nits when no mapping exists.]
02-17 09:00:16.964 E/DisplayDeviceConfig( 1524): requesting nits when no mapping exists.
02-17 09:00:16.965 I/am_wtf ( 1524): [0,1524,system_server,-1,DisplayDeviceConfig,requesting nits when no mapping exists.]
02-17 09:00:16.980 E/DisplayDeviceConfig( 1524): requesting nits when no mapping exists.
02-17 09:00:16.981 I/am_wtf ( 1524): [0,1524,system_server,-1,DisplayDeviceConfig,requesting nits when no mapping exists.]
02-17 09:00:16.981 E/DisplayDeviceConfig( 1524): requesting nits when no mapping exists.
02-17 09:00:16.982 I/am_wtf ( 1524): [0,1524,system_server,-1,DisplayDeviceConfig,requesting nits when no mapping exists.]
02-17 09:00:16.997 E/DisplayDeviceConfig( 1524): requesting nits when no mapping exists.
02-17 09:00:16.998 I/am_wtf ( 1524): [0,1524,system_server,-1,DisplayDeviceConfig,requesting nits when no mapping exists.]
02-17 09:00:16.998 E/DisplayDeviceConfig( 1524): requesting nits when no mapping exists.
02-17 09:00:16.999 I/am_wtf ( 1524): [0,1524,system_server,-1,DisplayDeviceConfig,requesting nits when no mapping exists.]
02-17 09:00:17.015 E/DisplayDeviceConfig( 1524): requesting nits when no mapping exists.
02-17 09:00:17.016 E/DisplayDeviceConfig( 1524): requesting nits when no mapping exists.
02-17 09:00:17.016 I/am_wtf ( 1524): [0,1524,system_server,-1,DisplayDeviceConfig,requesting nits when no mapping exists.]
02-17 09:00:17.016 I/am_wtf ( 1524): [0,1524,system_server,-1,DisplayDeviceConfig,requesting nits when no mapping exists.]
02-17 09:00:17.031 E/DisplayDeviceConfig( 1524): requesting nits when no mapping exists.
02-17 09:00:17.031 E/DisplayDeviceConfig( 1524): requesting nits when no mapping exists.
02-17 09:00:17.031 I/am_wtf ( 1524): [0,1524,system_server,-1,DisplayDeviceConfig,requesting nits when no mapping exists.]
02-17 09:00:17.032 I/am_wtf ( 1524): [0,1524,system_server,-1,DisplayDeviceConfig,requesting nits when no mapping exists.]
02-17 09:00:17.047 E/DisplayDeviceConfig( 1524): requesting nits when no mapping exists.
02-17 09:00:17.048 E/DisplayDeviceConfig( 1524): requesting nits when no mapping exists.
02-17 09:00:17.048 I/am_wtf ( 1524): [0,1524,system_server,-1,DisplayDeviceConfig,requesting nits when no mapping exists.]
02-17 09:00:17.049 I/am_wtf ( 1524): [0,1524,system_server,-1,DisplayDeviceConfig,requesting nits when no mapping exists.]
02-17 09:00:17.064 E/DisplayDeviceConfig( 1524): requesting nits when no mapping exists.
02-17 09:00:17.065 E/DisplayDeviceConfig( 1524): requesting nits when no mapping exists.
02-17 09:00:17.065 I/am_wtf ( 1524): [0,1524,system_server,-1,DisplayDeviceConfig,requesting nits when no mapping exists.]
02-17 09:00:17.065 I/am_wtf ( 1524): [0,1524,system_server,-1,DisplayDeviceConfig,requesting nits when no mapping exists.]
02-17 09:00:17.081 E/DisplayDeviceConfig( 1524): requesting nits when no mapping exists.
02-17 09:00:17.081 E/DisplayDeviceConfig( 1524): requesting nits when no mapping exists.
02-17 09:00:17.081 I/am_wtf ( 1524): [0,1524,system_server,-1,DisplayDeviceConfig,requesting nits when no mapping exists.]
02-17 09:00:17.082 I/am_wtf ( 1524): [0,1524,system_server,-1,DisplayDeviceConfig,requesting nits when no mapping exists.]
02-17 09:00:17.098 E/DisplayDeviceConfig( 1524): requesting nits when no mapping exists.
02-17 09:00:17.098 I/am_wtf ( 1524): [0,1524,system_server,-1,DisplayDeviceConfig,requesting nits when no mapping exists.]
02-17 09:00:17.098 E/DisplayDeviceConfig( 1524): requesting nits when no mapping exists.
02-17 09:00:17.099 I/am_wtf ( 1524): [0,1524,system_server,-1,DisplayDeviceConfig,requesting nits when no mapping exists.]
02-17 09:00:17.114 E/DisplayDeviceConfig( 1524): requesting nits when no mapping exists.
02-17 09:00:17.115 E/DisplayDeviceConfig( 1524): requesting nits when no mapping exists.
02-17 09:00:17.115 I/am_wtf ( 1524): [0,1524,system_server,-1,DisplayDeviceConfig,requesting nits when no mapping exists.]
02-17 09:00:17.116 I/am_wtf ( 1524): [0,1524,system_server,-1,DisplayDeviceConfig,requesting nits when no mapping exists.]
02-17 09:00:17.131 E/DisplayDeviceConfig( 1524): requesting nits when no mapping exists.
02-17 09:00:17.132 E/DisplayDeviceConfig( 1524): requesting nits when no mapping exists.
02-17 09:00:17.132 I/am_wtf ( 1524): [0,1524,system_server,-1,DisplayDeviceConfig,requesting nits when no mapping exists.]
02-17 09:00:17.132 I/am_wtf ( 1524): [0,1524,system_server,-1,DisplayDeviceConfig,requesting nits when no mapping exists.]
02-17 09:00:17.148 E/DisplayDeviceConfig( 1524): requesting nits when no mapping exists.
02-17 09:00:17.148 E/DisplayDeviceConfig( 1524): requesting nits when no mapping exists.
02-17 09:00:17.148 I/am_wtf ( 1524): [0,1524,system_server,-1,DisplayDeviceConfig,requesting nits when no mapping exists.]
02-17 09:00:17.149 I/am_wtf ( 1524): [0,1524,system_server,-1,DisplayDeviceConfig,requesting nits when no mapping exists.]
02-17 09:00:17.164 E/DisplayDeviceConfig( 1524): requesting nits when no mapping exists.
02-17 09:00:17.165 E/DisplayDeviceConfig( 1524): requesting nits when no mapping exists.
02-17 09:00:17.165 I/am_wtf ( 1524): [0,1524,system_server,-1,DisplayDeviceConfig,requesting nits when no mapping exists.]
02-17 09:00:17.165 I/am_wtf ( 1524): [0,1524,system_server,-1,DisplayDeviceConfig,requesting nits when no mapping exists.]
02-17 09:00:17.181 E/DisplayDeviceConfig( 1524): requesting nits when no mapping exists.
02-17 09:00:17.181 E/DisplayDeviceConfig( 1524): requesting nits when no mapping exists.
02-17 09:00:17.182 I/am_wtf ( 1524): [0,1524,system_server,-1,DisplayDeviceConfig,requesting nits when no mapping exists.]
02-17 09:00:17.182 I/service_manager_stats( 1524): [100,34,445688]
02-17 09:00:17.182 I/am_wtf ( 1524): [0,1524,system_server,-1,DisplayDeviceConfig,requesting nits when no mapping exists.]
02-17 09:00:17.198 E/DisplayDeviceConfig( 1524): requesting nits when no mapping exists.
02-17 09:00:17.198 E/DisplayDeviceConfig( 1524): requesting nits when no mapping exists.
02-17 09:00:17.198 I/am_wtf ( 1524): [0,1524,system_server,-1,DisplayDeviceConfig,requesting nits when no mapping exists.]
02-17 09:00:17.199 I/am_wtf ( 1524): [0,1524,system_server,-1,DisplayDeviceConfig,requesting nits when no mapping exists.]
02-17 09:00:17.214 E/DisplayDeviceConfig( 1524): requesting nits when no mapping exists.
02-17 09:00:17.215 E/DisplayDeviceConfig( 1524): requesting nits when no mapping exists.
02-17 09:00:17.215 I/am_wtf ( 1524): [0,1524,system_server,-1,DisplayDeviceConfig,requesting nits when no mapping exists.]
02-17 09:00:17.216 I/am_wtf ( 1524): [0,1524,system_server,-1,DisplayDeviceConfig,requesting nits when no mapping exists.]
02-17 09:00:17.231 E/DisplayDeviceConfig( 1524): requesting nits when no mapping exists.
02-17 09:00:17.231 E/DisplayDeviceConfig( 1524): requesting nits when no mapping exists.
02-17 09:00:17.231 I/am_wtf ( 1524): [0,1524,system_server,-1,DisplayDeviceConfig,requesting nits when no mapping exists.]
02-17 09:00:17.232 I/am_wtf ( 1524): [0,1524,system_server,-1,DisplayDeviceConfig,requesting nits when no mapping exists.]
02-17 09:00:17.247 E/DisplayDeviceConfig( 1524): requesting nits when no mapping exists.
02-17 09:00:17.248 E/DisplayDeviceConfig( 1524): requesting nits when no mapping exists.
02-17 09:00:17.248 I/am_wtf ( 1524): [0,1524,system_server,-1,DisplayDeviceConfig,requesting nits when no mapping exists.]
02-17 09:00:17.249 I/am_wtf ( 1524): [0,1524,system_server,-1,DisplayDeviceConfig,requesting nits when no mapping exists.]
02-17 09:00:17.264 E/DisplayDeviceConfig( 1524): requesting nits when no mapping exists.
02-17 09:00:17.265 E/DisplayDeviceConfig( 1524): requesting nits when no mapping exists.
02-17 09:00:17.265 I/am_wtf ( 1524): [0,1524,system_server,-1,DisplayDeviceConfig,requesting nits when no mapping exists.]
02-17 09:00:17.266 I/am_wtf ( 1524): [0,1524,system_server,-1,DisplayDeviceConfig,requesting nits when no mapping exists.]
02-17 09:00:17.281 E/DisplayDeviceConfig( 1524): requesting nits when no mapping exists.
02-17 09:00:17.281 E/DisplayDeviceConfig( 1524): requesting nits when no mapping exists.
02-17 09:00:17.282 I/am_wtf ( 1524): [0,1524,system_server,-1,DisplayDeviceConfig,requesting nits when no mapping exists.]
02-17 09:00:17.282 I/am_wtf ( 1524): [0,1524,system_server,-1,DisplayDeviceConfig,requesting nits when no mapping exists.]
02-17 09:00:17.298 E/DisplayDeviceConfig( 1524): requesting nits when no mapping exists.
02-17 09:00:17.298 E/DisplayDeviceConfig( 1524): requesting nits when no mapping exists.
02-17 09:00:17.298 I/am_wtf ( 1524): [0,1524,system_server,-1,DisplayDeviceConfig,requesting nits when no mapping exists.]
02-17 09:00:17.299 I/am_wtf ( 1524): [0,1524,system_server,-1,DisplayDeviceConfig,requesting nits when no mapping exists.]
02-17 09:00:17.314 E/DisplayDeviceConfig( 1524): requesting nits when no mapping exists.
02-17 09:00:17.315 E/DisplayDeviceConfig( 1524): requesting nits when no mapping exists.
02-17 09:00:17.315 I/am_wtf ( 1524): [0,1524,system_server,-1,DisplayDeviceConfig,requesting nits when no mapping exists.]
02-17 09:00:17.316 I/am_wtf ( 1524): [0,1524,system_server,-1,DisplayDeviceConfig,requesting nits when no mapping exists.]
02-17 09:00:17.331 E/DisplayDeviceConfig( 1524): requesting nits when no mapping exists.
02-17 09:00:17.332 E/DisplayDeviceConfig( 1524): requesting nits when no mapping exists.
02-17 09:00:17.332 I/am_wtf ( 1524): [0,1524,system_server,-1,DisplayDeviceConfig,requesting nits when no mapping exists.]
02-17 09:00:17.333 I/am_wtf ( 1524): [0,1524,system_server,-1,DisplayDeviceConfig,requesting nits when no mapping exists.]
02-17 09:00:17.348 E/DisplayDeviceConfig( 1524): requesting nits when no mapping exists.
02-17 09:00:17.349 E/DisplayDeviceConfig( 1524): requesting nits when no mapping exists.
02-17 09:00:17.349 I/am_wtf ( 1524): [0,1524,system_server,-1,DisplayDeviceConfig,requesting nits when no mapping exists.]
02-17 09:00:17.350 I/am_wtf ( 1524): [0,1524,system_server,-1,DisplayDeviceConfig,requesting nits when no mapping exists.]
02-17 09:00:17.364 E/DisplayDeviceConfig( 1524): requesting nits when no mapping exists.
02-17 09:00:17.365 E/DisplayDeviceConfig( 1524): requesting nits when no mapping exists.
02-17 09:00:17.365 I/am_wtf ( 1524): [0,1524,system_server,-1,DisplayDeviceConfig,requesting nits when no mapping exists.]
02-17 09:00:17.366 I/am_wtf ( 1524): [0,1524,system_server,-1,DisplayDeviceConfig,requesting nits when no mapping exists.]
02-17 09:00:17.381 E/DisplayDeviceConfig( 1524): requesting nits when no mapping exists.
02-17 09:00:17.382 E/DisplayDeviceConfig( 1524): requesting nits when no mapping exists.
02-17 09:00:17.382 I/am_wtf ( 1524): [0,1524,system_server,-1,DisplayDeviceConfig,requesting nits when no mapping exists.]
02-17 09:00:17.382 I/am_wtf ( 1524): [0,1524,system_server,-1,DisplayDeviceConfig,requesting nits when no mapping exists.]
02-17 09:00:17.398 E/DisplayDeviceConfig( 1524): requesting nits when no mapping exists.
02-17 09:00:17.398 E/DisplayDeviceConfig( 1524): requesting nits when no mapping exists.
02-17 09:00:17.398 I/am_wtf ( 1524): [0,1524,system_server,-1,DisplayDeviceConfig,requesting nits when no mapping exists.]
02-17 09:00:17.399 I/am_wtf ( 1524): [0,1524,system_server,-1,DisplayDeviceConfig,requesting nits when no mapping exists.]
02-17 09:00:17.415 E/DisplayDeviceConfig( 1524): requesting nits when no mapping exists.
02-17 09:00:17.415 E/DisplayDeviceConfig( 1524): requesting nits when no mapping exists.
02-17 09:00:17.415 I/am_wtf ( 1524): [0,1524,system_server,-1,DisplayDeviceConfig,requesting nits when no mapping exists.]
02-17 09:00:17.416 I/am_wtf ( 1524): [0,1524,system_server,-1,DisplayDeviceConfig,requesting nits when no mapping exists.]
02-17 09:00:17.431 E/DisplayDeviceConfig( 1524): requesting nits when no mapping exists.
02-17 09:00:17.432 E/DisplayDeviceConfig( 1524): requesting nits when no mapping exists.
02-17 09:00:17.432 I/am_wtf ( 1524): [0,1524,system_server,-1,DisplayDeviceConfig,requesting nits when no mapping exists.]
02-17 09:00:17.433 I/am_wtf ( 1524): [0,1524,system_server,-1,DisplayDeviceConfig,requesting nits when no mapping exists.]
02-17 09:00:17.448 E/DisplayDeviceConfig( 1524): requesting nits when no mapping exists.
02-17 09:00:17.448 E/DisplayDeviceConfig( 1524): requesting nits when no mapping exists.
02-17 09:00:17.448 I/am_wtf ( 1524): [0,1524,system_server,-1,DisplayDeviceConfig,requesting nits when no mapping exists.]
02-17 09:00:17.449 I/am_wtf ( 1524): [0,1524,system_server,-1,DisplayDeviceConfig,requesting nits when no mapping exists.]
02-17 09:00:17.465 E/DisplayDeviceConfig( 1524): requesting nits when no mapping exists.
02-17 09:00:17.465 E/DisplayDeviceConfig( 1524): requesting nits when no mapping exists.
02-17 09:00:17.465 I/am_wtf ( 1524): [0,1524,system_server,-1,DisplayDeviceConfig,requesting nits when no mapping exists.]
02-17 09:00:17.466 I/am_wtf ( 1524): [0,1524,system_server,-1,DisplayDeviceConfig,requesting nits when no mapping exists.]
02-17 09:00:17.481 E/DisplayDeviceConfig( 1524): requesting nits when no mapping exists.
02-17 09:00:17.482 E/DisplayDeviceConfig( 1524): requesting nits when no mapping exists.
02-17 09:00:17.482 I/am_wtf ( 1524): [0,1524,system_server,-1,DisplayDeviceConfig,requesting nits when no mapping exists.]
02-17 09:00:17.483 I/am_wtf ( 1524): [0,1524,system_server,-1,DisplayDeviceConfig,requesting nits when no mapping exists.]
02-17 09:00:17.498 E/DisplayDeviceConfig( 1524): requesting nits when no mapping exists.
02-17 09:00:17.499 E/DisplayDeviceConfig( 1524): requesting nits when no mapping exists.
02-17 09:00:17.499 I/am_wtf ( 1524): [0,1524,system_server,-1,DisplayDeviceConfig,requesting nits when no mapping exists.]
02-17 09:00:17.500 I/am_wtf ( 1524): [0,1524,system_server,-1,DisplayDeviceConfig,requesting nits when no mapping exists.]
02-17 09:00:17.515 E/DisplayDeviceConfig( 1524): requesting nits when no mapping exists.
02-17 09:00:17.515 E/DisplayDeviceConfig( 1524): requesting nits when no mapping exists.
02-17 09:00:17.515 I/am_wtf ( 1524): [0,1524,system_server,-1,DisplayDeviceConfig,requesting nits when no mapping exists.]
02-17 09:00:17.516 I/am_wtf ( 1524): [0,1524,system_server,-1,DisplayDeviceConfig,requesting nits when no mapping exists.]
02-17 09:00:17.532 E/DisplayDeviceConfig( 1524): requesting nits when no mapping exists.
02-17 09:00:17.532 E/DisplayDeviceConfig( 1524): requesting nits when no mapping exists.
02-17 09:00:17.532 I/am_wtf ( 1524): [0,1524,system_server,-1,DisplayDeviceConfig,requesting nits when no mapping exists.]
02-17 09:00:17.533 I/am_wtf ( 1524): [0,1524,system_server,-1,DisplayDeviceConfig,requesting nits when no mapping exists.]
02-17 09:00:17.548 E/DisplayDeviceConfig( 1524): requesting nits when no mapping exists.
02-17 09:00:17.549 E/DisplayDeviceConfig( 1524): requesting nits when no mapping exists.
02-17 09:00:17.549 I/am_wtf ( 1524): [0,1524,system_server,-1,DisplayDeviceConfig,requesting nits when no mapping exists.]
02-17 09:00:17.550 I/am_wtf ( 1524): [0,1524,system_server,-1,DisplayDeviceConfig,requesting nits when no mapping exists.]
02-17 09:00:17.565 E/DisplayDeviceConfig( 1524): requesting nits when no mapping exists.
02-17 09:00:17.566 E/DisplayDeviceConfig( 1524): requesting nits when no mapping exists.
02-17 09:00:17.566 I/am_wtf ( 1524): [0,1524,system_server,-1,DisplayDeviceConfig,requesting nits when no mapping exists.]
02-17 09:00:17.567 I/am_wtf ( 1524): [0,1524,system_server,-1,DisplayDeviceConfig,requesting nits when no mapping exists.]
02-17 09:00:17.582 E/DisplayDeviceConfig( 1524): requesting nits when no mapping exists.
02-17 09:00:17.583 E/DisplayDeviceConfig( 1524): requesting nits when no mapping exists.
02-17 09:00:17.583 I/am_wtf ( 1524): [0,1524,system_server,-1,DisplayDeviceConfig,requesting nits when no mapping exists.]
02-17 09:00:17.584 I/am_wtf ( 1524): [0,1524,system_server,-1,DisplayDeviceConfig,requesting nits when no mapping exists.]
02-17 09:00:17.598 E/DisplayDeviceConfig( 1524): requesting nits when no mapping exists.
02-17 09:00:17.599 I/am_wtf ( 1524): [0,1524,system_server,-1,DisplayDeviceConfig,requesting nits when no mapping exists.]
02-17 09:00:17.599 E/DisplayDeviceConfig( 1524): requesting nits when no mapping exists.
02-17 09:00:17.600 I/am_wtf ( 1524): [0,1524,system_server,-1,DisplayDeviceConfig,requesting nits when no mapping exists.]
02-17 09:00:17.615 E/DisplayDeviceConfig( 1524): requesting nits when no mapping exists.
02-17 09:00:17.616 E/DisplayDeviceConfig( 1524): requesting nits when no mapping exists.
02-17 09:00:17.616 I/am_wtf ( 1524): [0,1524,system_server,-1,DisplayDeviceConfig,requesting nits when no mapping exists.]
02-17 09:00:17.617 I/am_wtf ( 1524): [0,1524,system_server,-1,DisplayDeviceConfig,requesting nits when no mapping exists.]
02-17 09:00:17.632 E/DisplayDeviceConfig( 1524): requesting nits when no mapping exists.
02-17 09:00:17.632 E/DisplayDeviceConfig( 1524): requesting nits when no mapping exists.
02-17 09:00:17.632 I/am_wtf ( 1524): [0,1524,system_server,-1,DisplayDeviceConfig,requesting nits when no mapping exists.]
02-17 09:00:17.633 I/am_wtf ( 1524): [0,1524,system_server,-1,DisplayDeviceConfig,requesting nits when no mapping exists.]
02-17 09:00:17.649 E/DisplayDeviceConfig( 1524): requesting nits when no mapping exists.
02-17 09:00:17.649 E/DisplayDeviceConfig( 1524): requesting nits when no mapping exists.
02-17 09:00:17.649 I/am_wtf ( 1524): [0,1524,system_server,-1,DisplayDeviceConfig,requesting nits when no mapping exists.]
02-17 09:00:17.650 I/am_wtf ( 1524): [0,1524,system_server,-1,DisplayDeviceConfig,requesting nits when no mapping exists.]
02-17 09:00:17.665 E/DisplayDeviceConfig( 1524): requesting nits when no mapping exists.
02-17 09:00:17.666 E/DisplayDeviceConfig( 1524): requesting nits when no mapping exists.
02-17 09:00:17.666 I/am_wtf ( 1524): [0,1524,system_server,-1,DisplayDeviceConfig,requesting nits when no mapping exists.]
02-17 09:00:17.667 I/am_wtf ( 1524): [0,1524,system_server,-1,DisplayDeviceConfig,requesting nits when no mapping exists.]
02-17 09:00:17.682 E/DisplayDeviceConfig( 1524): requesting nits when no mapping exists.
02-17 09:00:17.682 E/DisplayDeviceConfig( 1524): requesting nits when no mapping exists.
02-17 09:00:17.683 I/am_wtf ( 1524): [0,1524,system_server,-1,DisplayDeviceConfig,requesting nits when no mapping exists.]
02-17 09:00:17.683 I/am_wtf ( 1524): [0,1524,system_server,-1,DisplayDeviceConfig,requesting nits when no mapping exists.]
02-17 09:00:17.699 E/DisplayDeviceConfig( 1524): requesting nits when no mapping exists.
02-17 09:00:17.699 E/DisplayDeviceConfig( 1524): requesting nits when no mapping exists.
02-17 09:00:17.699 I/am_wtf ( 1524): [0,1524,system_server,-1,DisplayDeviceConfig,requesting nits when no mapping exists.]
02-17 09:00:17.700 I/am_wtf ( 1524): [0,1524,system_server,-1,DisplayDeviceConfig,requesting nits when no mapping exists.]
02-17 09:00:17.715 E/DisplayDeviceConfig( 1524): requesting nits when no mapping exists.
02-17 09:00:17.716 E/DisplayDeviceConfig( 1524): requesting nits when no mapping exists.
02-17 09:00:17.716 I/am_wtf ( 1524): [0,1524,system_server,-1,DisplayDeviceConfig,requesting nits when no mapping exists.]
02-17 09:00:17.717 I/am_wtf ( 1524): [0,1524,system_server,-1,DisplayDeviceConfig,requesting nits when no mapping exists.]
02-17 09:00:17.732 E/DisplayDeviceConfig( 1524): requesting nits when no mapping exists.
02-17 09:00:17.732 E/DisplayDeviceConfig( 1524): requesting nits when no mapping exists.
02-17 09:00:17.732 I/am_wtf ( 1524): [0,1524,system_server,-1,DisplayDeviceConfig,requesting nits when no mapping exists.]
02-17 09:00:17.733 I/am_wtf ( 1524): [0,1524,system_server,-1,DisplayDeviceConfig,requesting nits when no mapping exists.]
02-17 09:00:17.749 E/DisplayDeviceConfig( 1524): requesting nits when no mapping exists.
02-17 09:00:17.749 E/DisplayDeviceConfig( 1524): requesting nits when no mapping exists.
02-17 09:00:17.749 I/am_wtf ( 1524): [0,1524,system_server,-1,DisplayDeviceConfig,requesting nits when no mapping exists.]
02-17 09:00:17.750 I/am_wtf ( 1524): [0,1524,system_server,-1,DisplayDeviceConfig,requesting nits when no mapping exists.]
02-17 09:00:17.765 E/DisplayDeviceConfig( 1524): requesting nits when no mapping exists.
02-17 09:00:17.766 I/am_wtf ( 1524): [0,1524,system_server,-1,DisplayDeviceConfig,requesting nits when no mapping exists.]
02-17 09:00:17.766 E/DisplayDeviceConfig( 1524): requesting nits when no mapping exists.
02-17 09:00:17.767 I/am_wtf ( 1524): [0,1524,system_server,-1,DisplayDeviceConfig,requesting nits when no mapping exists.]
02-17 09:00:17.782 E/DisplayDeviceConfig( 1524): requesting nits when no mapping exists.
02-17 09:00:17.783 E/DisplayDeviceConfig( 1524): requesting nits when no mapping exists.
02-17 09:00:17.783 I/am_wtf ( 1524): [0,1524,system_server,-1,DisplayDeviceConfig,requesting nits when no mapping exists.]
02-17 09:00:17.784 I/am_wtf ( 1524): [0,1524,system_server,-1,DisplayDeviceConfig,requesting nits when no mapping exists.]
02-17 09:00:17.799 E/DisplayDeviceConfig( 1524): requesting nits when no mapping exists.
02-17 09:00:17.799 E/DisplayDeviceConfig( 1524): requesting nits when no mapping exists.
02-17 09:00:17.799 I/am_wtf ( 1524): [0,1524,system_server,-1,DisplayDeviceConfig,requesting nits when no mapping exists.]
02-17 09:00:17.800 I/am_wtf ( 1524): [0,1524,system_server,-1,DisplayDeviceConfig,requesting nits when no mapping exists.]
02-17 09:00:17.939 I/auditd ( 0): type=1400 audit(0.0:20125): avc: denied { kill } for comm="swapper/3" capability=5 scontext=u:r:kernel:s0 tcontext=u:r:kernel:s0 tclass=capability permissive=0
02-17 09:00:18.939 I/auditd ( 0): type=1400 audit(0.0:20126): avc: denied { kill } for comm="swapper/3" capability=5 scontext=u:r:kernel:s0 tcontext=u:r:kernel:s0 tclass=capability permissive=0
02-17 09:00:19.935 I/auditd ( 0): type=1400 audit(0.0:20127): avc: denied { kill } for comm="swapper/3" capability=5 scontext=u:r:kernel:s0 tcontext=u:r:kernel:s0 tclass=capability permissive=0
02-17 09:00:20.939 I/auditd ( 0): type=1400 audit(0.0:20128): avc: denied { kill } for comm="swapper/3" capability=5 scontext=u:r:kernel:s0 tcontext=u:r:kernel:s0 tclass=capability permissive=0
02-17 09:00:21.939 I/auditd ( 0): type=1400 audit(0.0:20129): avc: denied { kill } for comm="swapper/3" capability=5 scontext=u:r:kernel:s0 tcontext=u:r:kernel:s0 tclass=capability permissive=0
01-01 13:11:02.206 E/DTC_ETH,link_delay_work_func( 0): 3003, SQI=0, link=0
02-17 09:00:22.939 I/auditd ( 0): type=1400 audit(0.0:20130): avc: denied { kill } for comm="swapper/3" capability=5 scontext=u:r:kernel:s0 tcontext=u:r:kernel:s0 tclass=capability permissive=0
02-17 09:00:23.832 I/PowerManagerService( 1524): Napping display group (groupId=0, uid=1000)...
02-17 09:00:23.832 I/PowerManagerService( 1524): Nap time (uid 1000)...
02-17 09:00:23.833 I/DreamManagerService( 1524): Entering dreamland.
02-17 09:00:23.836 I/PowerManagerService( 1524): Dreaming...
02-17 09:00:23.839 I/DreamController( 1524): Starting dream: name=ComponentInfo{com.thundercomm.screensaver/com.thundercomm.saverclock.service.ClockScreensaver}, isTest=false, canDoze=false, userId=0
02-17 09:00:23.840 I/sysui_multi_action( 1524): [757,222,758,1]
02-17 09:00:23.842 I/am_uid_active( 1524): 10040
02-17 09:00:23.851 I/am_pss ( 1524): [19551,10063,com.android.calendar,6799360,4829184,0,91082752,0,19,7]
02-17 09:00:23.853 I/ActivityTaskManager( 1524): START u0 {flg=0x10000000 pkg=com.thundercomm.screensaver cmp=com.thundercomm.screensaver/android.service.dreams.DreamActivity (has extras)} from uid 10040
02-17 09:00:23.855 I/wm_task_created( 1524): [116,-1]
02-17 09:00:23.855 W/ActivityTaskManager( 1524): Can't find TaskDisplayArea to determine support for multi window. Task id=116 attached=false
02-17 09:00:23.859 I/am_pss ( 1524): [19537,10065,com.android.gallery3d,8322048,6275072,0,93147136,0,19,6]
02-17 09:00:23.859 I/wm_task_moved( 1524): [116,1,14]
02-17 09:00:23.859 I/wm_task_to_front( 1524): [0,116]
02-17 09:00:23.859 I/wm_create_task( 1524): [0,116]
02-17 09:00:23.859 I/wm_create_activity( 1524): [0,141441925,116,com.thundercomm.screensaver/android.service.dreams.DreamActivity,NULL,NULL,NULL,276824064]
02-17 09:00:23.859 I/wm_task_moved( 1524): [116,1,14]
02-17 09:00:23.859 I/wm_on_top_resumed_lost_called( 2568): [128678138,com.android.launcher3.uioverrides.QuickstepLauncher,topStateChangedWhenResumed]
02-17 09:00:23.860 I/wm_pause_activity( 1524): [0,128678138,com.android.launcher3/.uioverrides.QuickstepLauncher,userLeaving=true,pauseBackTasks]
02-17 09:00:23.861 I/wm_on_paused_called( 2568): [128678138,com.android.launcher3.uioverrides.QuickstepLauncher,performPause]
02-17 09:00:23.862 I/ActivityTaskManager( 1524): FOREGROUND_APPLICATION_CHANGED to android.service.dreams.DreamActivity
02-17 09:00:23.863 I/ActivityTaskManager( 1524): The Process com.thundercomm.screensaver Already Exists in BG. So sending its PID: 19147
02-17 09:00:23.863 W/ActivityTaskManager( 1524): Tried to set launchTime (0) < mLastActivityLaunchTime (18208660)
