02-17 09:10:30.564 I/notification_visibility( 1524): [0|com.android.systemui|4273|null|10080,0,3288098,3288098,0,1]
02-17 09:10:30.565 I/sysui_multi_action( 1524): [757,128,758,2,793,19257109,794,60561,795,19257109,796,32,798,2,806,android,857,USB,858,1,947,0,1395,3,1500,19256677,1688,1]
02-17 09:10:30.565 I/notification_visibility( 1524): [-1|android|32|null|1000,0,19257109,19257109,0,2]
02-17 09:10:30.565 I/sysui_multi_action( 1524): [757,127,758,2]
02-17 09:10:30.565 I/notification_panel_hidden( 1524):
02-17 09:10:30.572 E/DisplayDeviceConfig( 1524): requesting nits when no mapping exists.
02-17 09:10:30.572 I/am_wtf ( 1524): [0,1524,system_server,-1,DisplayDeviceConfig,requesting nits when no mapping exists.]
02-17 09:10:30.572 E/DisplayDeviceConfig( 1524): requesting nits when no mapping exists.
02-17 09:10:30.572 I/am_wtf ( 1524): [0,1524,system_server,-1,DisplayDeviceConfig,requesting nits when no mapping exists.]
02-17 09:10:30.589 E/DisplayDeviceConfig( 1524): requesting nits when no mapping exists.
02-17 09:10:30.589 I/am_wtf ( 1524): [0,1524,system_server,-1,DisplayDeviceConfig,requesting nits when no mapping exists.]
02-17 09:10:30.589 E/DisplayDeviceConfig( 1524): requesting nits when no mapping exists.
02-17 09:10:30.589 I/am_wtf ( 1524): [0,1524,system_server,-1,DisplayDeviceConfig,requesting nits when no mapping exists.]
02-17 09:10:30.605 E/DisplayDeviceConfig( 1524): requesting nits when no mapping exists.
02-17 09:10:30.606 E/DisplayDeviceConfig( 1524): requesting nits when no mapping exists.
02-17 09:10:30.606 I/am_wtf ( 1524): [0,1524,system_server,-1,DisplayDeviceConfig,requesting nits when no mapping exists.]
02-17 09:10:30.606 I/am_wtf ( 1524): [0,1524,system_server,-1,DisplayDeviceConfig,requesting nits when no mapping exists.]
02-17 09:10:30.622 E/DisplayDeviceConfig( 1524): requesting nits when no mapping exists.
02-17 09:10:30.622 E/DisplayDeviceConfig( 1524): requesting nits when no mapping exists.
02-17 09:10:30.622 I/am_wtf ( 1524): [0,1524,system_server,-1,DisplayDeviceConfig,requesting nits when no mapping exists.]
02-17 09:10:30.622 I/am_wtf ( 1524): [0,1524,system_server,-1,DisplayDeviceConfig,requesting nits when no mapping exists.]
02-17 09:10:30.638 E/DisplayDeviceConfig( 1524): requesting nits when no mapping exists.
02-17 09:10:30.638 E/DisplayDeviceConfig( 1524): requesting nits when no mapping exists.
02-17 09:10:30.638 I/am_wtf ( 1524): [0,1524,system_server,-1,DisplayDeviceConfig,requesting nits when no mapping exists.]
02-17 09:10:30.639 I/am_wtf ( 1524): [0,1524,system_server,-1,DisplayDeviceConfig,requesting nits when no mapping exists.]
02-17 09:10:30.655 E/DisplayDeviceConfig( 1524): requesting nits when no mapping exists.
02-17 09:10:30.655 E/DisplayDeviceConfig( 1524): requesting nits when no mapping exists.
02-17 09:10:30.655 I/am_wtf ( 1524): [0,1524,system_server,-1,DisplayDeviceConfig,requesting nits when no mapping exists.]
02-17 09:10:30.656 I/am_wtf ( 1524): [0,1524,system_server,-1,DisplayDeviceConfig,requesting nits when no mapping exists.]
02-17 09:10:30.672 E/DisplayDeviceConfig( 1524): requesting nits when no mapping exists.
02-17 09:10:30.672 E/DisplayDeviceConfig( 1524): requesting nits when no mapping exists.
02-17 09:10:30.672 I/am_wtf ( 1524): [0,1524,system_server,-1,DisplayDeviceConfig,requesting nits when no mapping exists.]
02-17 09:10:30.672 I/am_wtf ( 1524): [0,1524,system_server,-1,DisplayDeviceConfig,requesting nits when no mapping exists.]
02-17 09:10:30.689 E/DisplayDeviceConfig( 1524): requesting nits when no mapping exists.
02-17 09:10:30.689 E/DisplayDeviceConfig( 1524): requesting nits when no mapping exists.
02-17 09:10:30.689 I/am_wtf ( 1524): [0,1524,system_server,-1,DisplayDeviceConfig,requesting nits when no mapping exists.]
02-17 09:10:30.690 I/am_wtf ( 1524): [0,1524,system_server,-1,DisplayDeviceConfig,requesting nits when no mapping exists.]
02-17 09:10:30.706 E/DisplayDeviceConfig( 1524): requesting nits when no mapping exists.
02-17 09:10:30.706 I/am_wtf ( 1524): [0,1524,system_server,-1,DisplayDeviceConfig,requesting nits when no mapping exists.]
02-17 09:10:30.707 E/DisplayDeviceConfig( 1524): requesting nits when no mapping exists.
02-17 09:10:30.707 I/am_wtf ( 1524): [0,1524,system_server,-1,DisplayDeviceConfig,requesting nits when no mapping exists.]
02-17 09:10:30.722 E/DisplayDeviceConfig( 1524): requesting nits when no mapping exists.
02-17 09:10:30.723 E/DisplayDeviceConfig( 1524): requesting nits when no mapping exists.
02-17 09:10:30.723 I/am_wtf ( 1524): [0,1524,system_server,-1,DisplayDeviceConfig,requesting nits when no mapping exists.]
02-17 09:10:30.723 I/am_wtf ( 1524): [0,1524,system_server,-1,DisplayDeviceConfig,requesting nits when no mapping exists.]
02-17 09:10:30.739 E/DisplayDeviceConfig( 1524): requesting nits when no mapping exists.
02-17 09:10:30.739 E/DisplayDeviceConfig( 1524): requesting nits when no mapping exists.
02-17 09:10:30.739 I/am_wtf ( 1524): [0,1524,system_server,-1,DisplayDeviceConfig,requesting nits when no mapping exists.]
02-17 09:10:30.740 I/am_wtf ( 1524): [0,1524,system_server,-1,DisplayDeviceConfig,requesting nits when no mapping exists.]
02-17 09:10:30.755 E/DisplayDeviceConfig( 1524): requesting nits when no mapping exists.
02-17 09:10:30.756 E/DisplayDeviceConfig( 1524): requesting nits when no mapping exists.
02-17 09:10:30.756 I/am_wtf ( 1524): [0,1524,system_server,-1,DisplayDeviceConfig,requesting nits when no mapping exists.]
02-17 09:10:30.756 I/am_wtf ( 1524): [0,1524,system_server,-1,DisplayDeviceConfig,requesting nits when no mapping exists.]
02-17 09:10:30.773 E/DisplayDeviceConfig( 1524): requesting nits when no mapping exists.
02-17 09:10:30.773 E/DisplayDeviceConfig( 1524): requesting nits when no mapping exists.
02-17 09:10:30.773 I/am_wtf ( 1524): [0,1524,system_server,-1,DisplayDeviceConfig,requesting nits when no mapping exists.]
02-17 09:10:30.773 I/service_manager_stats( 1524): [100,28,6966]
02-17 09:10:30.773 I/am_wtf ( 1524): [0,1524,system_server,-1,DisplayDeviceConfig,requesting nits when no mapping exists.]
02-17 09:10:30.789 E/DisplayDeviceConfig( 1524): requesting nits when no mapping exists.
02-17 09:10:30.789 E/DisplayDeviceConfig( 1524): requesting nits when no mapping exists.
02-17 09:10:30.789 I/am_wtf ( 1524): [0,1524,system_server,-1,DisplayDeviceConfig,requesting nits when no mapping exists.]
02-17 09:10:30.790 I/am_wtf ( 1524): [0,1524,system_server,-1,DisplayDeviceConfig,requesting nits when no mapping exists.]
02-17 09:10:30.805 E/DisplayDeviceConfig( 1524): requesting nits when no mapping exists.
02-17 09:10:30.805 E/DisplayDeviceConfig( 1524): requesting nits when no mapping exists.
02-17 09:10:30.805 I/am_wtf ( 1524): [0,1524,system_server,-1,DisplayDeviceConfig,requesting nits when no mapping exists.]
02-17 09:10:30.806 I/am_wtf ( 1524): [0,1524,system_server,-1,DisplayDeviceConfig,requesting nits when no mapping exists.]
02-17 09:10:30.823 E/DisplayDeviceConfig( 1524): requesting nits when no mapping exists.
02-17 09:10:30.823 E/DisplayDeviceConfig( 1524): requesting nits when no mapping exists.
02-17 09:10:30.823 I/am_wtf ( 1524): [0,1524,system_server,-1,DisplayDeviceConfig,requesting nits when no mapping exists.]
02-17 09:10:30.823 I/am_wtf ( 1524): [0,1524,system_server,-1,DisplayDeviceConfig,requesting nits when no mapping exists.]
02-17 09:10:30.839 E/DisplayDeviceConfig( 1524): requesting nits when no mapping exists.
02-17 09:10:30.839 E/DisplayDeviceConfig( 1524): requesting nits when no mapping exists.
02-17 09:10:30.839 I/am_wtf ( 1524): [0,1524,system_server,-1,DisplayDeviceConfig,requesting nits when no mapping exists.]
02-17 09:10:30.839 I/am_wtf ( 1524): [0,1524,system_server,-1,DisplayDeviceConfig,requesting nits when no mapping exists.]
02-17 09:10:30.856 E/DisplayDeviceConfig( 1524): requesting nits when no mapping exists.
02-17 09:10:30.856 E/DisplayDeviceConfig( 1524): requesting nits when no mapping exists.
02-17 09:10:30.856 I/am_wtf ( 1524): [0,1524,system_server,-1,DisplayDeviceConfig,requesting nits when no mapping exists.]
02-17 09:10:30.856 I/am_wtf ( 1524): [0,1524,system_server,-1,DisplayDeviceConfig,requesting nits when no mapping exists.]
02-17 09:10:30.872 E/DisplayDeviceConfig( 1524): requesting nits when no mapping exists.
02-17 09:10:30.873 E/DisplayDeviceConfig( 1524): requesting nits when no mapping exists.
02-17 09:10:30.873 I/am_wtf ( 1524): [0,1524,system_server,-1,DisplayDeviceConfig,requesting nits when no mapping exists.]
02-17 09:10:30.873 I/am_wtf ( 1524): [0,1524,system_server,-1,DisplayDeviceConfig,requesting nits when no mapping exists.]
02-17 09:10:30.889 E/DisplayDeviceConfig( 1524): requesting nits when no mapping exists.
02-17 09:10:30.890 I/am_wtf ( 1524): [0,1524,system_server,-1,DisplayDeviceConfig,requesting nits when no mapping exists.]
02-17 09:10:30.890 E/DisplayDeviceConfig( 1524): requesting nits when no mapping exists.
02-17 09:10:30.890 I/am_wtf ( 1524): [0,1524,system_server,-1,DisplayDeviceConfig,requesting nits when no mapping exists.]
02-17 09:10:30.906 E/DisplayDeviceConfig( 1524): requesting nits when no mapping exists.
02-17 09:10:30.906 E/DisplayDeviceConfig( 1524): requesting nits when no mapping exists.
02-17 09:10:30.907 I/am_wtf ( 1524): [0,1524,system_server,-1,DisplayDeviceConfig,requesting nits when no mapping exists.]
02-17 09:10:30.907 I/am_wtf ( 1524): [0,1524,system_server,-1,DisplayDeviceConfig,requesting nits when no mapping exists.]
02-17 09:10:30.922 E/DisplayDeviceConfig( 1524): requesting nits when no mapping exists.
02-17 09:10:30.923 I/am_wtf ( 1524): [0,1524,system_server,-1,DisplayDeviceConfig,requesting nits when no mapping exists.]
02-17 09:10:30.923 E/DisplayDeviceConfig( 1524): requesting nits when no mapping exists.
02-17 09:10:30.923 I/am_wtf ( 1524): [0,1524,system_server,-1,DisplayDeviceConfig,requesting nits when no mapping exists.]
02-17 09:10:30.940 E/DisplayDeviceConfig( 1524): requesting nits when no mapping exists.
02-17 09:10:30.940 E/DisplayDeviceConfig( 1524): requesting nits when no mapping exists.
02-17 09:10:30.940 I/am_wtf ( 1524): [0,1524,system_server,-1,DisplayDeviceConfig,requesting nits when no mapping exists.]
02-17 09:10:30.940 I/am_wtf ( 1524): [0,1524,system_server,-1,DisplayDeviceConfig,requesting nits when no mapping exists.]
02-17 09:10:30.935 I/auditd ( 0): type=1400 audit(0.0:20717): avc: denied { kill } for comm="swapper/1" capability=5 scontext=u:r:kernel:s0 tcontext=u:r:kernel:s0 tclass=capability permissive=0
02-17 09:10:30.956 E/DisplayDeviceConfig( 1524): requesting nits when no mapping exists.
02-17 09:10:30.956 E/DisplayDeviceConfig( 1524): requesting nits when no mapping exists.
02-17 09:10:30.956 I/am_wtf ( 1524): [0,1524,system_server,-1,DisplayDeviceConfig,requesting nits when no mapping exists.]
02-17 09:10:30.957 I/am_wtf ( 1524): [0,1524,system_server,-1,DisplayDeviceConfig,requesting nits when no mapping exists.]
02-17 09:10:30.973 E/DisplayDeviceConfig( 1524): requesting nits when no mapping exists.
02-17 09:10:30.973 E/DisplayDeviceConfig( 1524): requesting nits when no mapping exists.
02-17 09:10:30.973 I/am_wtf ( 1524): [0,1524,system_server,-1,DisplayDeviceConfig,requesting nits when no mapping exists.]
02-17 09:10:30.973 I/am_wtf ( 1524): [0,1524,system_server,-1,DisplayDeviceConfig,requesting nits when no mapping exists.]
02-17 09:10:30.990 E/DisplayDeviceConfig( 1524): requesting nits when no mapping exists.
02-17 09:10:30.990 E/DisplayDeviceConfig( 1524): requesting nits when no mapping exists.
02-17 09:10:30.990 I/am_wtf ( 1524): [0,1524,system_server,-1,DisplayDeviceConfig,requesting nits when no mapping exists.]
02-17 09:10:30.990 I/am_wtf ( 1524): [0,1524,system_server,-1,DisplayDeviceConfig,requesting nits when no mapping exists.]
02-17 09:10:31.006 E/DisplayDeviceConfig( 1524): requesting nits when no mapping exists.
02-17 09:10:31.007 E/DisplayDeviceConfig( 1524): requesting nits when no mapping exists.
02-17 09:10:31.007 I/am_wtf ( 1524): [0,1524,system_server,-1,DisplayDeviceConfig,requesting nits when no mapping exists.]
02-17 09:10:31.007 I/am_wtf ( 1524): [0,1524,system_server,-1,DisplayDeviceConfig,requesting nits when no mapping exists.]
02-17 09:10:31.023 E/DisplayDeviceConfig( 1524): requesting nits when no mapping exists.
02-17 09:10:31.023 E/DisplayDeviceConfig( 1524): requesting nits when no mapping exists.
02-17 09:10:31.023 I/am_wtf ( 1524): [0,1524,system_server,-1,DisplayDeviceConfig,requesting nits when no mapping exists.]
02-17 09:10:31.023 I/am_wtf ( 1524): [0,1524,system_server,-1,DisplayDeviceConfig,requesting nits when no mapping exists.]
02-17 09:10:31.040 E/DisplayDeviceConfig( 1524): requesting nits when no mapping exists.
02-17 09:10:31.040 E/DisplayDeviceConfig( 1524): requesting nits when no mapping exists.
02-17 09:10:31.040 I/am_wtf ( 1524): [0,1524,system_server,-1,DisplayDeviceConfig,requesting nits when no mapping exists.]
02-17 09:10:31.040 I/am_wtf ( 1524): [0,1524,system_server,-1,DisplayDeviceConfig,requesting nits when no mapping exists.]
02-17 09:10:31.056 E/DisplayDeviceConfig( 1524): requesting nits when no mapping exists.
02-17 09:10:31.057 E/DisplayDeviceConfig( 1524): requesting nits when no mapping exists.
02-17 09:10:31.057 I/am_wtf ( 1524): [0,1524,system_server,-1,DisplayDeviceConfig,requesting nits when no mapping exists.]
02-17 09:10:31.057 I/am_wtf ( 1524): [0,1524,system_server,-1,DisplayDeviceConfig,requesting nits when no mapping exists.]
02-17 09:10:31.073 E/DisplayDeviceConfig( 1524): requesting nits when no mapping exists.
02-17 09:10:31.074 E/DisplayDeviceConfig( 1524): requesting nits when no mapping exists.
02-17 09:10:31.074 I/am_wtf ( 1524): [0,1524,system_server,-1,DisplayDeviceConfig,requesting nits when no mapping exists.]
02-17 09:10:31.074 I/am_wtf ( 1524): [0,1524,system_server,-1,DisplayDeviceConfig,requesting nits when no mapping exists.]
02-17 09:10:31.089 E/DisplayDeviceConfig( 1524): requesting nits when no mapping exists.
02-17 09:10:31.089 E/DisplayDeviceConfig( 1524): requesting nits when no mapping exists.
02-17 09:10:31.089 I/am_wtf ( 1524): [0,1524,system_server,-1,DisplayDeviceConfig,requesting nits when no mapping exists.]
02-17 09:10:31.090 I/am_wtf ( 1524): [0,1524,system_server,-1,DisplayDeviceConfig,requesting nits when no mapping exists.]
01-01 13:21:11.485 E/DTC_ETH,link_delay_work_func( 0): 3003, SQI=0, link=0
02-17 09:10:31.935 I/auditd ( 0): type=1400 audit(0.0:20718): avc: denied { kill } for comm="swapper/1" capability=5 scontext=u:r:kernel:s0 tcontext=u:r:kernel:s0 tclass=capability permissive=0
02-17 09:10:32.935 I/auditd ( 0): type=1400 audit(0.0:20719): avc: denied { kill } for comm="swapper/1" capability=5 scontext=u:r:kernel:s0 tcontext=u:r:kernel:s0 tclass=capability permissive=0
02-17 09:10:33.939 I/auditd ( 0): type=1400 audit(0.0:20720): avc: denied { kill } for comm="swapper/1" capability=5 scontext=u:r:kernel:s0 tcontext=u:r:kernel:s0 tclass=capability permissive=0
02-17 09:10:34.939 I/auditd ( 0): type=1400 audit(0.0:20721): avc: denied { kill } for comm="swapper/1" capability=5 scontext=u:r:kernel:s0 tcontext=u:r:kernel:s0 tclass=capability permissive=0
02-17 09:10:35.935 I/auditd ( 0): type=1400 audit(0.0:20722): avc: denied { kill } for comm="swapper/1" capability=5 scontext=u:r:kernel:s0 tcontext=u:r:kernel:s0 tclass=capability permissive=0
01-01 13:21:16.606 E/DTC_ETH,link_delay_work_func( 0): 3003, SQI=0, link=0
02-17 09:10:36.939 I/auditd ( 0): type=1400 audit(0.0:20723): avc: denied { kill } for comm="swapper/1" capability=5 scontext=u:r:kernel:s0 tcontext=u:r:kernel:s0 tclass=capability permissive=0
02-17 09:10:37.939 I/auditd ( 0): type=1400 audit(0.0:20724): avc: denied { kill } for comm="swapper/1" capability=5 scontext=u:r:kernel:s0 tcontext=u:r:kernel:s0 tclass=capability permissive=0
02-17 09:10:38.935 I/auditd ( 0): type=1400 audit(0.0:20725): avc: denied { kill } for comm="swapper/1" capability=5 scontext=u:r:kernel:s0 tcontext=u:r:kernel:s0 tclass=capability permissive=0
02-17 09:10:39.935 I/auditd ( 0): type=1400 audit(0.0:20726): avc: denied { kill } for comm="swapper/1" capability=5 scontext=u:r:kernel:s0 tcontext=u:r:kernel:s0 tclass=capability permissive=0
02-17 09:10:40.376 I/GameModeConfig( 1524): isGameModeOn = false
02-17 09:10:40.377 I/GameModeConfig( 1524): isGameModeOn = false
02-17 09:10:40.558 I/GameModeConfig( 1524): isGameModeOn = false
02-17 09:10:40.935 I/auditd ( 0): type=1400 audit(0.0:20727): avc: denied { kill } for comm="swapper/1" capability=5 scontext=u:r:kernel:s0 tcontext=u:r:kernel:s0 tclass=capability permissive=0
01-01 13:21:21.725 E/DTC_ETH,link_delay_work_func( 0): 3003, SQI=0, link=0
02-17 09:10:41.939 I/auditd ( 0): type=1400 audit(0.0:20728): avc: denied { kill } for comm="swapper/1" capability=5 scontext=u:r:kernel:s0 tcontext=u:r:kernel:s0 tclass=capability permissive=0
02-17 09:10:42.939 I/auditd ( 0): type=1400 audit(0.0:20729): avc: denied { kill } for comm="swapper/1" capability=5 scontext=u:r:kernel:s0 tcontext=u:r:kernel:s0 tclass=capability permissive=0
02-17 09:10:43.935 I/auditd ( 0): type=1400 audit(0.0:20730): avc: denied { kill } for comm="swapper/1" capability=5 scontext=u:r:kernel:s0 tcontext=u:r:kernel:s0 tclass=capability permissive=0
02-17 09:10:44.935 I/auditd ( 0): type=1400 audit(0.0:20731): avc: denied { kill } for comm="swapper/1" capability=5 scontext=u:r:kernel:s0 tcontext=u:r:kernel:s0 tclass=capability permissive=0
02-17 09:10:45.939 I/auditd ( 0): type=1400 audit(0.0:20732): avc: denied { kill } for comm="swapper/1" capability=5 scontext=u:r:kernel:s0 tcontext=u:r:kernel:s0 tclass=capability permissive=0
01-01 13:21:26.845 E/DTC_ETH,link_delay_work_func( 0): 3003, SQI=0, link=0
02-17 09:10:46.935 I/auditd ( 0): type=1400 audit(0.0:20733): avc: denied { kill } for comm="swapper/1" capability=5 scontext=u:r:kernel:s0 tcontext=u:r:kernel:s0 tclass=capability permissive=0
02-17 09:10:47.935 I/auditd ( 0): type=1400 audit(0.0:20734): avc: denied { kill } for comm="swapper/1" capability=5 scontext=u:r:kernel:s0 tcontext=u:r:kernel:s0 tclass=capability permissive=0
02-17 09:10:48.935 I/auditd ( 0): type=1400 audit(0.0:20735): avc: denied { kill } for comm="swapper/1" capability=5 scontext=u:r:kernel:s0 tcontext=u:r:kernel:s0 tclass=capability permissive=0
02-17 09:10:49.935 I/auditd ( 0): type=1400 audit(0.0:20736): avc: denied { kill } for comm="swapper/1" capability=5 scontext=u:r:kernel:s0 tcontext=u:r:kernel:s0 tclass=capability permissive=0
02-17 09:10:50.935 I/auditd ( 0): type=1400 audit(0.0:20737): avc: denied { kill } for comm="swapper/1" capability=5 scontext=u:r:kernel:s0 tcontext=u:r:kernel:s0 tclass=capability permissive=0
01-01 13:21:31.965 E/DTC_ETH,link_delay_work_func( 0): 3003, SQI=0, link=0
02-17 09:10:51.935 I/auditd ( 0): type=1400 audit(0.0:20738): avc: denied { kill } for comm="swapper/1" capability=5 scontext=u:r:kernel:s0 tcontext=u:r:kernel:s0 tclass=capability permissive=0
02-17 09:10:52.939 I/auditd ( 0): type=1400 audit(0.0:20739): avc: denied { kill } for comm="swapper/1" capability=5 scontext=u:r:kernel:s0 tcontext=u:r:kernel:s0 tclass=capability permissive=0
02-17 09:10:53.939 I/auditd ( 0): type=1400 audit(0.0:20740): avc: denied { kill } for comm="swapper/1" capability=5 scontext=u:r:kernel:s0 tcontext=u:r:kernel:s0 tclass=capability permissive=0
02-17 09:10:54.939 I/auditd ( 0): type=1400 audit(0.0:20741): avc: denied { kill } for comm="swapper/1" capability=5 scontext=u:r:kernel:s0 tcontext=u:r:kernel:s0 tclass=capability permissive=0
02-17 09:10:55.935 I/auditd ( 0): type=1400 audit(0.0:20742): avc: denied { kill } for comm="swapper/1" capability=5 scontext=u:r:kernel:s0 tcontext=u:r:kernel:s0 tclass=capability permissive=0
02-17 09:10:56.935 I/auditd ( 0): type=1400 audit(0.0:20743): avc: denied { kill } for comm="swapper/1" capability=5 scontext=u:r:kernel:s0 tcontext=u:r:kernel:s0 tclass=capability permissive=0
01-01 13:21:37.085 E/DTC_ETH,link_delay_work_func( 0): 3003, SQI=0, link=0
02-17 09:10:59.935 I/auditd ( 0): type=1400 audit(0.0:20744): avc: denied { kill } for comm="swapper/0" capability=5 scontext=u:r:kernel:s0 tcontext=u:r:kernel:s0 tclass=capability permissive=0
02-17 09:11:00.935 I/auditd ( 0): type=1400 audit(0.0:20745): avc: denied { kill } for comm="swapper/0" capability=5 scontext=u:r:kernel:s0 tcontext=u:r:kernel:s0 tclass=capability permissive=0
02-17 09:11:01.935 I/auditd ( 0): type=1400 audit(0.0:20746): avc: denied { kill } for comm="swapper/0" capability=5 scontext=u:r:kernel:s0 tcontext=u:r:kernel:s0 tclass=capability permissive=0
01-01 13:21:42.205 E/DTC_ETH,link_delay_work_func( 0): 3003, SQI=0, link=0
02-17 09:11:02.935 I/auditd ( 0): type=1400 audit(0.0:20747): avc: denied { kill } for comm="swapper/0" capability=5 scontext=u:r:kernel:s0 tcontext=u:r:kernel:s0 tclass=capability permissive=0
02-17 09:11:03.935 I/auditd ( 0): type=1400 audit(0.0:20748): avc: denied { kill } for comm="swapper/0" capability=5 scontext=u:r:kernel:s0 tcontext=u:r:kernel:s0 tclass=capability permissive=0
02-17 09:11:04.935 I/auditd ( 0): type=1400 audit(0.0:20749): avc: denied { kill } for comm="swapper/0" capability=5 scontext=u:r:kernel:s0 tcontext=u:r:kernel:s0 tclass=capability permissive=0
02-17 09:11:05.939 I/auditd ( 0): type=1400 audit(0.0:20750): avc: denied { kill } for comm="swapper/0" capability=5 scontext=u:r:kernel:s0 tcontext=u:r:kernel:s0 tclass=capability permissive=0
02-17 09:11:06.939 I/auditd ( 0): type=1400 audit(0.0:20751): avc: denied { kill } for comm="swapper/0" capability=5 scontext=u:r:kernel:s0 tcontext=u:r:kernel:s0 tclass=capability permissive=0
01-01 13:21:47.325 E/DTC_ETH,link_delay_work_func( 0): 3003, SQI=0, link=0
02-17 09:11:07.935 I/auditd ( 0): type=1400 audit(0.0:20752): avc: denied { kill } for comm="swapper/0" capability=5 scontext=u:r:kernel:s0 tcontext=u:r:kernel:s0 tclass=capability permissive=0
02-17 09:11:08.316 I/input_interaction( 1524): Interaction with: f4ea492 com.thundercomm.screensaver/android.service.dreams.DreamActivity (server), edge-swipe (server), swipe-up (server), PointerEventDispatcher0 (server),
02-17 09:11:08.320 I/wm_finish_activity( 1524): [0,149232839,119,com.thundercomm.screensaver/android.service.dreams.DreamActivity,finish-activity]
02-17 09:11:08.320 I/wm_task_moved( 1524): [1,1,13]
02-17 09:11:08.321 I/wm_task_moved( 1524): [9,1,2147483647]
02-17 09:11:08.321 I/wm_task_to_front( 1524): [0,9]
02-17 09:11:08.321 I/wm_focused_root_task( 1524): [0,0,1,119,finish-top adjustFocusToNextFocusableTask]
02-17 09:11:08.322 I/wm_set_resumed_activity( 1524): [0,com.android.launcher3/.uioverrides.QuickstepLauncher,finish-top adjustFocusToNextFocusableTask]
02-17 09:11:08.323 I/wm_pause_activity( 1524): [0,149232839,com.thundercomm.screensaver/android.service.dreams.DreamActivity,userLeaving=false,finish]
02-17 09:11:08.329 I/DreamManagerService( 1524): Gently waking up from dream.
02-17 09:11:08.331 I/sysui_multi_action( 1524): [757,803,799,window_time_0,802,39]
02-17 09:11:08.331 I/DreamManagerService( 1524): Performing gentle wake from dream.
02-17 09:11:08.331 I/wm_on_top_resumed_lost_called(19147): [149232839,android.service.dreams.DreamActivity,topStateChangedWhenResumed]
02-17 09:11:08.331 I/wm_on_paused_called(19147): [149232839,android.service.dreams.DreamActivity,performPause]
02-17 09:11:08.332 I/wm_add_to_stopping( 1524): [0,149232839,com.thundercomm.screensaver/android.service.dreams.DreamActivity,completeFinishing]
02-17 09:11:08.334 I/ActivityTaskManager( 1524): FOREGROUND_APPLICATION_CHANGED to com.android.launcher3.uioverrides.QuickstepLauncher
02-17 09:11:08.335 I/wm_set_resumed_activity( 1524): [0,com.android.launcher3/.uioverrides.QuickstepLauncher,resumeTopActivityInnerLocked]
02-17 09:11:08.336 I/wm_resume_activity( 1524): [0,128678138,9,com.android.launcher3/.uioverrides.QuickstepLauncher]
02-17 09:11:08.346 I/sysui_multi_action( 1524): [757,803,799,window_time_0,802,0]
02-17 09:11:08.351 I/view_enqueue_input_event(19147): [Motion - Cancel,com.thundercomm.screensaver/android.service.dreams.DreamActivity]
02-17 09:11:08.351 I/input_focus( 1524): [Focus leaving f4ea492 com.thundercomm.screensaver/android.service.dreams.DreamActivity (server),reason=NO_WINDOW]
02-17 09:11:08.352 I/input_interaction( 1524): Interaction with: edge-swipe (server), swipe-up (server), PointerEventDispatcher0 (server),
02-17 09:11:08.352 I/wm_on_restart_called( 2568): [128678138,com.android.launcher3.uioverrides.QuickstepLauncher,performRestartActivity]
02-17 09:11:08.352 I/wm_on_start_called( 2568): [128678138,com.android.launcher3.uioverrides.QuickstepLauncher,handleStartActivity]
02-17 09:11:08.352 I/wm_on_resume_called( 2568): [128678138,com.android.launcher3.uioverrides.QuickstepLauncher,RESUME_ACTIVITY]
02-17 09:11:08.353 I/wm_on_top_resumed_gained_called( 2568): [128678138,com.android.launcher3.uioverrides.QuickstepLauncher,topWhenResuming]
02-17 09:11:08.356 W/ContextImpl( 2121): Calling a method in the system process without a qualified user: android.app.ContextImpl.startService:1816 android.content.ContextWrapper.startService:774 com.thundercomm.gamemode.ingame.services.GameModeActionUtils.startGameModeService:111 com.thundercomm.gamemode.ingame.services.GameModeActionUtils.startGameModeEntry:22 com.thundercomm.gamemode.ingame.services.ActivityMonitoringService$1.onActivityLaunch:139
02-17 09:11:08.361 I/am_pss ( 1524): [19808,10065,com.android.gallery3d,8303616,6299648,0,93278208,0,19,6]
02-17 09:11:08.361 I/GameModeConfig( 1524): Current uri is uri = content://com.thundercomm.gamemode.api/gamemode_settings/gamemode_isgaming
02-17 09:11:08.364 I/GameModeConfig( 1524): isGameModeOn = false
02-17 09:11:08.364 I/GameModeConfig( 1524): isGameModeOn = false
02-17 09:11:08.364 I/GameModeConfig( 1524): isDisableVoice = true
02-17 09:11:08.367 I/input_focus( 1524): [Focus request 321be4b com.android.launcher3/com.android.launcher3.uioverrides.QuickstepLauncher,reason=UpdateInputWindows]
02-17 09:11:08.368 I/am_pss ( 1524): [19804,10067,com.android.deskclock,8936448,6029312,0,95211520,0,19,6]
02-17 09:11:08.381 I/input_focus( 1524): [Focus entering 321be4b com.android.launcher3/com.android.launcher3.uioverrides.QuickstepLauncher (server),reason=setFocusedWindow]
02-17 09:11:08.381 I/PowerManagerService( 1524): Powering on display group fromDreaming (groupId=0, uid=1000, reason=WAKE_REASON_UNKNOWN, details=android.server.power:DREAM_FINISHED)...
02-17 09:11:08.381 I/PowerManagerService( 1524): Waking up from Dreaming (uid=1000, reason=WAKE_REASON_UNKNOWN, details=android.server.power:DREAM_FINISHED)...
02-17 09:11:08.438 W/FreeFormWindowHelper( 1524): Current Display FreeFormTask is null
02-17 09:11:08.446 W/ContextImpl( 2121): Calling a method in the system process without a qualified user: android.app.ContextImpl.startService:1816 android.content.ContextWrapper.startService:774 com.thundercomm.gamemode.ingame.services.GameModeActionUtils.startGameModeService:111 com.thundercomm.gamemode.ingame.services.GameModeActionUtils.startGameModeEntry:22 com.thundercomm.gamemode.ingame.services.ActivityMonitoringService$1.onActivityLaunch:139
02-17 09:11:08.450 I/GameModeConfig( 1524): Current uri is uri = content://com.thundercomm.gamemode.api/gamemode_settings/gamemode_isgaming
02-17 09:11:08.453 I/GameModeConfig( 1524): isGameModeOn = false
02-17 09:11:08.453 I/GameModeConfig( 1524): isGameModeOn = false
02-17 09:11:08.453 I/GameModeConfig( 1524): isDisableVoice = true
02-17 09:11:08.619 I/wm_destroy_activity( 1524): [0,149232839,119,com.thundercomm.screensaver/android.service.dreams.DreamActivity,finish-imm:idle]
02-17 09:11:08.626 W/ContextImpl( 2121): Calling a method in the system process without a qualified user: android.app.ContextImpl.startService:1816 android.content.ContextWrapper.startService:774 com.thundercomm.gamemode.ingame.services.GameModeActionUtils.startGameModeService:111 com.thundercomm.gamemode.ingame.services.GameModeActionUtils.startGameModeEntry:22 com.thundercomm.gamemode.ingame.services.ActivityMonitoringService$1.onActivityLaunch:139
02-17 09:11:08.630 I/GameModeConfig( 1524): Current uri is uri = content://com.thundercomm.gamemode.api/gamemode_settings/gamemode_isgaming
02-17 09:11:08.632 I/GameModeConfig( 1524): isGameModeOn = false
02-17 09:11:08.632 I/GameModeConfig( 1524): isGameModeOn = false
02-17 09:11:08.632 I/GameModeConfig( 1524): isDisableVoice = true
02-17 09:11:08.639 I/wm_on_stop_called(19147): [149232839,android.service.dreams.DreamActivity,LIFECYCLER_STOP_ACTIVITY]
02-17 09:11:08.640 I/wm_on_destroy_called(19147): [149232839,android.service.dreams.DreamActivity,performDestroy]
02-17 09:11:08.643 I/DreamManagerService( 1524): Leaving dreamland.
02-17 09:11:08.644 I/DreamManagerService( 1524): Performing gentle wake from dream.
02-17 09:11:08.644 I/DreamController( 1524): Stopping dream: name=ComponentInfo{com.thundercomm.screensaver/com.thundercomm.saverclock.service.ClockScreensaver}, isTest=false, canDoze=false, userId=0, reason='finished self'(from 'finished self')
02-17 09:11:08.644 I/sysui_multi_action( 1524): [757,222,758,2]
02-17 09:11:08.644 I/sysui_multi_action( 1524): [757,804,799,dreaming_minutes,801,0,802,1]
02-17 09:11:08.649 I/wm_task_removed( 1524): [119,removeChild:removeChild last r=ActivityRecord{8e51cc7 u0 com.thundercomm.screensaver/android.service.dreams.DreamActivity t-1 f}} in t=Task{7c55642 #119 type=dream A=10040:android:com.thundercomm.screensaver/dream U=0 visible=false mode=fullscreen translucent=true sz=0}]
02-17 09:11:08.650 I/wm_task_removed( 1524): [119,removeChild]
02-17 09:11:08.651 W/ActivityTaskManager( 1524): Can't find TaskDisplayArea to determine support for multi window. Task id=119 attached=false
02-17 09:11:08.935 I/auditd ( 0): type=1400 audit(0.0:20753): avc: denied { kill } for comm="swapper/0" capability=5 scontext=u:r:kernel:s0 tcontext=u:r:kernel:s0 tclass=capability permissive=0
02-17 09:11:09.939 I/auditd ( 0): type=1400 audit(0.0:20754): avc: denied { kill } for comm="swapper/0" capability=5 scontext=u:r:kernel:s0 tcontext=u:r:kernel:s0 tclass=capability permissive=0
02-17 09:11:10.935 I/auditd ( 0): type=1400 audit(0.0:20755): avc: denied { kill } for comm="swapper/0" capability=5 scontext=u:r:kernel:s0 tcontext=u:r:kernel:s0 tclass=capability permissive=0
02-17 09:11:11.935 I/auditd ( 0): type=1400 audit(0.0:20756): avc: denied { kill } for comm="swapper/0" capability=5 scontext=u:r:kernel:s0 tcontext=u:r:kernel:s0 tclass=capability permissive=0
01-01 13:21:52.445 E/DTC_ETH,link_delay_work_func( 0): 3003, SQI=0, link=0
02-17 09:11:12.939 I/auditd ( 0): type=1400 audit(0.0:20757): avc: denied { kill } for comm="swapper/0" capability=5 scontext=u:r:kernel:s0 tcontext=u:r:kernel:s0 tclass=capability permissive=0
02-17 09:11:13.939 I/auditd ( 0): type=1400 audit(0.0:20758): avc: denied { kill } for comm="swapper/0" capability=5 scontext=u:r:kernel:s0 tcontext=u:r:kernel:s0 tclass=capability permissive=0
02-17 09:11:14.935 I/auditd ( 0): type=1400 audit(0.0:20759): avc: denied { kill } for comm="swapper/0" capability=5 scontext=u:r:kernel:s0 tcontext=u:r:kernel:s0 tclass=capability permissive=0
02-17 09:11:15.939 I/auditd ( 0): type=1400 audit(0.0:20760): avc: denied { kill } for comm="swapper/0" capability=5 scontext=u:r:kernel:s0 tcontext=u:r:kernel:s0 tclass=capability permissive=0
02-17 09:11:16.935 I/auditd ( 0): type=1400 audit(0.0:20761): avc: denied { kill } for comm="swapper/0" capability=5 scontext=u:r:kernel:s0 tcontext=u:r:kernel:s0 tclass=capability permissive=0
01-01 13:21:57.565 E/DTC_ETH,link_delay_work_func( 0): 3003, SQI=0, link=0
02-17 09:11:17.935 I/auditd ( 0): type=1400 audit(0.0:20762): avc: denied { kill } for comm="swapper/0" capability=5 scontext=u:r:kernel:s0 tcontext=u:r:kernel:s0 tclass=capability permissive=0
02-17 09:11:18.935 I/auditd ( 0): type=1400 audit(0.0:20763): avc: denied { kill } for comm="swapper/0" capability=5 scontext=u:r:kernel:s0 tcontext=u:r:kernel:s0 tclass=capability permissive=0
02-17 09:11:19.935 I/auditd ( 0): type=1400 audit(0.0:20764): avc: denied { kill } for comm="swapper/0" capability=5 scontext=u:r:kernel:s0 tcontext=u:r:kernel:s0 tclass=capability permissive=0
02-17 09:11:20.935 I/auditd ( 0): type=1400 audit(0.0:20765): avc: denied { kill } for comm="swapper/0" capability=5 scontext=u:r:kernel:s0 tcontext=u:r:kernel:s0 tclass=capability permissive=0
02-17 09:11:21.935 I/auditd ( 0): type=1400 audit(0.0:20766): avc: denied { kill } for comm="swapper/0" capability=5 scontext=u:r:kernel:s0 tcontext=u:r:kernel:s0 tclass=capability permissive=0
01-01 13:22:02.685 E/DTC_ETH,link_delay_work_func( 0): 3003, SQI=0, link=0
02-17 09:11:22.935 I/auditd ( 0): type=1400 audit(0.0:20767): avc: denied { kill } for comm="swapper/0" capability=5 scontext=u:r:kernel:s0 tcontext=u:r:kernel:s0 tclass=capability permissive=0
02-17 09:11:23.935 I/auditd ( 0): type=1400 audit(0.0:20768): avc: denied { kill } for comm="swapper/0" capability=5 scontext=u:r:kernel:s0 tcontext=u:r:kernel:s0 tclass=capability permissive=0
02-17 09:11:24.935 I/auditd ( 0): type=1400 audit(0.0:20769): avc: denied { kill } for comm="swapper/0" capability=5 scontext=u:r:kernel:s0 tcontext=u:r:kernel:s0 tclass=capability permissive=0
02-17 09:11:25.939 I/auditd ( 0): type=1400 audit(0.0:20770): avc: denied { kill } for comm="swapper/0" capability=5 scontext=u:r:kernel:s0 tcontext=u:r:kernel:s0 tclass=capability permissive=0
02-17 09:11:26.935 I/auditd ( 0): type=1400 audit(0.0:20771): avc: denied { kill } for comm="swapper/0" capability=5 scontext=u:r:kernel:s0 tcontext=u:r:kernel:s0 tclass=capability permissive=0
01-01 13:22:07.805 E/DTC_ETH,link_delay_work_func( 0): 3003, SQI=0, link=0
02-17 09:11:27.935 I/auditd ( 0): type=1400 audit(0.0:20772): avc: denied { kill } for comm="swapper/0" capability=5 scontext=u:r:kernel:s0 tcontext=u:r:kernel:s0 tclass=capability permissive=0
02-17 09:11:28.935 I/auditd ( 0): type=1400 audit(0.0:20773): avc: denied { kill } for comm="swapper/0" capability=5 scontext=u:r:kernel:s0 tcontext=u:r:kernel:s0 tclass=capability permissive=0
02-17 09:11:29.939 I/auditd ( 0): type=1400 audit(0.0:20774): avc: denied { kill } for comm="swapper/0" capability=5 scontext=u:r:kernel:s0 tcontext=u:r:kernel:s0 tclass=capability permissive=0
02-17 09:11:30.939 I/auditd ( 0): type=1400 audit(0.0:20775): avc: denied { kill } for comm="swapper/0" capability=5 scontext=u:r:kernel:s0 tcontext=u:r:kernel:s0 tclass=capability permissive=0
02-17 09:11:31.935 I/auditd ( 0): type=1400 audit(0.0:20776): avc: denied { kill } for comm="swapper/0" capability=5 scontext=u:r:kernel:s0 tcontext=u:r:kernel:s0 tclass=capability permissive=0
01-01 13:22:12.925 E/DTC_ETH,link_delay_work_func( 0): 3003, SQI=0, link=0
02-17 09:11:32.935 I/auditd ( 0): type=1400 audit(0.0:20777): avc: denied { kill } for comm="swapper/0" capability=5 scontext=u:r:kernel:s0 tcontext=u:r:kernel:s0 tclass=capability permissive=0
02-17 09:11:33.939 I/auditd ( 0): type=1400 audit(0.0:20778): avc: denied { kill } for comm="swapper/0" capability=5 scontext=u:r:kernel:s0 tcontext=u:r:kernel:s0 tclass=capability permissive=0
02-17 09:11:34.939 I/auditd ( 0): type=1400 audit(0.0:20779): avc: denied { kill } for comm="swapper/0" capability=5 scontext=u:r:kernel:s0 tcontext=u:r:kernel:s0 tclass=capability permissive=0
02-17 09:11:35.939 I/auditd ( 0): type=1400 audit(0.0:20780): avc: denied { kill } for comm="swapper/0" capability=5 scontext=u:r:kernel:s0 tcontext=u:r:kernel:s0 tclass=capability permissive=0
02-17 09:11:36.935 I/auditd ( 0): type=1400 audit(0.0:20781): avc: denied { kill } for comm="swapper/0" capability=5 scontext=u:r:kernel:s0 tcontext=u:r:kernel:s0 tclass=capability permissive=0
01-01 13:22:18.045 E/DTC_ETH,link_delay_work_func( 0): 3003, SQI=0, link=0
02-17 09:11:37.939 I/auditd ( 0): type=1400 audit(0.0:20782): avc: denied { kill } for comm="swapper/0" capability=5 scontext=u:r:kernel:s0 tcontext=u:r:kernel:s0 tclass=capability permissive=0
02-17 09:11:38.935 I/auditd ( 0): type=1400 audit(0.0:20783): avc: denied { kill } for comm="swapper/0" capability=5 scontext=u:r:kernel:s0 tcontext=u:r:kernel:s0 tclass=capability permissive=0
02-17 09:11:39.935 I/auditd ( 0): type=1400 audit(0.0:20784): avc: denied { kill } for comm="swapper/0" capability=5 scontext=u:r:kernel:s0 tcontext=u:r:kernel:s0 tclass=capability permissive=0
02-17 09:11:40.939 I/auditd ( 0): type=1400 audit(0.0:20785): avc: denied { kill } for comm="swapper/0" capability=5 scontext=u:r:kernel:s0 tcontext=u:r:kernel:s0 tclass=capability permissive=0
02-17 09:11:41.935 I/auditd ( 0): type=1400 audit(0.0:20786): avc: denied { kill } for comm="swapper/0" capability=5 scontext=u:r:kernel:s0 tcontext=u:r:kernel:s0 tclass=capability permissive=0
02-17 09:11:42.939 I/auditd ( 0): type=1400 audit(0.0:20787): avc: denied { kill } for comm="swapper/0" capability=5 scontext=u:r:kernel:s0 tcontext=u:r:kernel:s0 tclass=capability permissive=0
01-01 13:22:23.165 E/DTC_ETH,link_delay_work_func( 0): 3003, SQI=0, link=0
02-17 09:11:43.935 I/auditd ( 0): type=1400 audit(0.0:20788): avc: denied { kill } for comm="swapper/0" capability=5 scontext=u:r:kernel:s0 tcontext=u:r:kernel:s0 tclass=capability permissive=0
02-17 09:11:44.935 I/auditd ( 0): type=1400 audit(0.0:20789): avc: denied { kill } for comm="swapper/0" capability=5 scontext=u:r:kernel:s0 tcontext=u:r:kernel:s0 tclass=capability permissive=0
02-17 09:11:45.935 I/auditd ( 0): type=1400 audit(0.0:20790): avc: denied { kill } for comm="swapper/0" capability=5 scontext=u:r:kernel:s0 tcontext=u:r:kernel:s0 tclass=capability permissive=0
02-17 09:11:46.939 I/auditd ( 0): type=1400 audit(0.0:20791): avc: denied { kill } for comm="swapper/0" capability=5 scontext=u:r:kernel:s0 tcontext=u:r:kernel:s0 tclass=capability permissive=0
02-17 09:11:47.935 I/auditd ( 0): type=1400 audit(0.0:20792): avc: denied { kill } for comm="swapper/0" capability=5 scontext=u:r:kernel:s0 tcontext=u:r:kernel:s0 tclass=capability permissive=0
01-01 13:22:28.285 E/DTC_ETH,link_delay_work_func( 0): 3003, SQI=0, link=0
02-17 09:11:48.939 I/auditd ( 0): type=1400 audit(0.0:20793): avc: denied { kill } for comm="swapper/0" capability=5 scontext=u:r:kernel:s0 tcontext=u:r:kernel:s0 tclass=capability permissive=0
02-17 09:11:49.935 I/auditd ( 0): type=1400 audit(0.0:20794): avc: denied { kill } for comm="swapper/0" capability=5 scontext=u:r:kernel:s0 tcontext=u:r:kernel:s0 tclass=capability permissive=0
02-17 09:11:50.939 I/auditd ( 0): type=1400 audit(0.0:20795): avc: denied { kill } for comm="swapper/0" capability=5 scontext=u:r:kernel:s0 tcontext=u:r:kernel:s0 tclass=capability permissive=0
02-17 09:11:51.935 I/auditd ( 0): type=1400 audit(0.0:20796): avc: denied { kill } for comm="swapper/0" capability=5 scontext=u:r:kernel:s0 tcontext=u:r:kernel:s0 tclass=capability permissive=0
02-17 09:11:52.939 I/auditd ( 0): type=1400 audit(0.0:20797): avc: denied { kill } for comm="swapper/0" capability=5 scontext=u:r:kernel:s0 tcontext=u:r:kernel:s0 tclass=capability permissive=0
01-01 13:22:33.405 E/DTC_ETH,link_delay_work_func( 0): 3003, SQI=0, link=0
02-17 09:11:53.935 I/auditd ( 0): type=1400 audit(0.0:20798): avc: denied { kill } for comm="swapper/0" capability=5 scontext=u:r:kernel:s0 tcontext=u:r:kernel:s0 tclass=capability permissive=0
02-17 09:11:54.935 I/auditd (15491): type=1400 audit(0.0:20799): avc: denied { kill } for comm="kworker/u16:8" capability=5 scontext=u:r:kernel:s0 tcontext=u:r:kernel:s0 tclass=capability permissive=0
02-17 09:11:55.939 I/auditd ( 0): type=1400 audit(0.0:20800): avc: denied { kill } for comm="swapper/0" capability=5 scontext=u:r:kernel:s0 tcontext=u:r:kernel:s0 tclass=capability permissive=0
02-17 09:11:56.939 I/auditd ( 0): type=1400 audit(0.0:20801): avc: denied { kill } for comm="swapper/0" capability=5 scontext=u:r:kernel:s0 tcontext=u:r:kernel:s0 tclass=capability permissive=0
02-17 09:11:57.935 I/auditd ( 0): type=1400 audit(0.0:20802): avc: denied { kill } for comm="swapper/0" capability=5 scontext=u:r:kernel:s0 tcontext=u:r:kernel:s0 tclass=capability permissive=0
01-01 13:22:38.525 E/DTC_ETH,link_delay_work_func( 0): 3003, SQI=0, link=0
02-17 09:11:58.939 I/auditd ( 0): type=1400 audit(0.0:20803): avc: denied { kill } for comm="swapper/0" capability=5 scontext=u:r:kernel:s0 tcontext=u:r:kernel:s0 tclass=capability permissive=0
02-17 09:11:59.935 I/auditd ( 0): type=1400 audit(0.0:20804): avc: denied { kill } for comm="swapper/0" capability=5 scontext=u:r:kernel:s0 tcontext=u:r:kernel:s0 tclass=capability permissive=0
02-17 09:12:00.935 I/auditd ( 0): type=1400 audit(0.0:20805): avc: denied { kill } for comm="swapper/0" capability=5 scontext=u:r:kernel:s0 tcontext=u:r:kernel:s0 tclass=capability permissive=0
02-17 09:12:01.425 V/DisplayPowerController[0]( 1524): Brightness [0.05] reason changing to: 'manual [ dim ]', previous reason: 'manual'.
02-17 09:12:01.425 I/sysui_multi_action( 1524): [757,1696,758,6,759,2]
02-17 09:12:01.425 W/PowerManagerService( 1524): Screen on took 53045 ms
02-17 09:12:01.437 E/DisplayDeviceConfig( 1524): requesting nits when no mapping exists.
02-17 09:12:01.438 E/DisplayDeviceConfig( 1524): requesting nits when no mapping exists.
02-17 09:12:01.438 I/am_wtf ( 1524): [0,1524,system_server,-1,DisplayDeviceConfig,requesting nits when no mapping exists.]
02-17 09:12:01.440 I/DropBoxManagerService( 1524): add tag=system_server_wtf isTagEnabled=true flags=0x2
02-17 09:12:01.442 I/am_wtf ( 1524): [0,1524,system_server,-1,DisplayDeviceConfig,requesting nits when no mapping exists.]
02-17 09:12:01.444 I/DropBoxManagerService( 1524): add tag=system_server_wtf isTagEnabled=true flags=0x2
02-17 09:12:01.454 E/DisplayDeviceConfig( 1524): requesting nits when no mapping exists.
02-17 09:12:01.454 E/DisplayDeviceConfig( 1524): requesting nits when no mapping exists.
02-17 09:12:01.455 I/am_wtf ( 1524): [0,1524,system_server,-1,DisplayDeviceConfig,requesting nits when no mapping exists.]
02-17 09:12:01.456 I/DropBoxManagerService( 1524): add tag=system_server_wtf isTagEnabled=true flags=0x2
02-17 09:12:01.457 I/am_wtf ( 1524): [0,1524,system_server,-1,DisplayDeviceConfig,requesting nits when no mapping exists.]
02-17 09:12:01.458 I/DropBoxManagerService( 1524): add tag=system_server_wtf isTagEnabled=true flags=0x2
02-17 09:12:01.470 E/DisplayDeviceConfig( 1524): requesting nits when no mapping exists.
02-17 09:12:01.471 I/am_wtf ( 1524): [0,1524,system_server,-1,DisplayDeviceConfig,requesting nits when no mapping exists.]
02-17 09:12:01.471 E/DisplayDeviceConfig( 1524): requesting nits when no mapping exists.
02-17 09:12:01.471 I/DropBoxManagerService( 1524): add tag=system_server_wtf isTagEnabled=true flags=0x2
02-17 09:12:01.472 I/am_wtf ( 1524): [0,1524,system_server,-1,DisplayDeviceConfig,requesting nits when no mapping exists.]
02-17 09:12:01.473 E/DisplayDeviceConfig( 1524): requesting nits when no mapping exists.
02-17 09:12:01.474 I/am_wtf ( 1524): [0,1524,system_server,-1,DisplayDeviceConfig,requesting nits when no mapping exists.]
02-17 09:12:01.474 E/DisplayDeviceConfig( 1524): requesting nits when no mapping exists.
02-17 09:12:01.475 I/am_wtf ( 1524): [0,1524,system_server,-1,DisplayDeviceConfig,requesting nits when no mapping exists.]
02-17 09:12:01.490 E/DisplayDeviceConfig( 1524): requesting nits when no mapping exists.
02-17 09:12:01.491 I/am_wtf ( 1524): [0,1524,system_server,-1,DisplayDeviceConfig,requesting nits when no mapping exists.]
02-17 09:12:01.491 E/DisplayDeviceConfig( 1524): requesting nits when no mapping exists.
02-17 09:12:01.491 I/am_wtf ( 1524): [0,1524,system_server,-1,DisplayDeviceConfig,requesting nits when no mapping exists.]
02-17 09:12:01.507 E/DisplayDeviceConfig( 1524): requesting nits when no mapping exists.
02-17 09:12:01.507 E/DisplayDeviceConfig( 1524): requesting nits when no mapping exists.
02-17 09:12:01.508 I/am_wtf ( 1524): [0,1524,system_server,-1,DisplayDeviceConfig,requesting nits when no mapping exists.]
02-17 09:12:01.509 I/am_wtf ( 1524): [0,1524,system_server,-1,DisplayDeviceConfig,requesting nits when no mapping exists.]
02-17 09:12:01.523 E/DisplayDeviceConfig( 1524): requesting nits when no mapping exists.
02-17 09:12:01.524 E/DisplayDeviceConfig( 1524): requesting nits when no mapping exists.
02-17 09:12:01.524 I/am_wtf ( 1524): [0,1524,system_server,-1,DisplayDeviceConfig,requesting nits when no mapping exists.]
02-17 09:12:01.525 I/am_wtf ( 1524): [0,1524,system_server,-1,DisplayDeviceConfig,requesting nits when no mapping exists.]
02-17 09:12:01.541 E/DisplayDeviceConfig( 1524): requesting nits when no mapping exists.
02-17 09:12:01.541 E/DisplayDeviceConfig( 1524): requesting nits when no mapping exists.
02-17 09:12:01.541 I/am_wtf ( 1524): [0,1524,system_server,-1,DisplayDeviceConfig,requesting nits when no mapping exists.]
02-17 09:12:01.542 I/am_wtf ( 1524): [0,1524,system_server,-1,DisplayDeviceConfig,requesting nits when no mapping exists.]
02-17 09:12:01.557 E/DisplayDeviceConfig( 1524): requesting nits when no mapping exists.
02-17 09:12:01.558 E/DisplayDeviceConfig( 1524): requesting nits when no mapping exists.
02-17 09:12:01.558 I/am_wtf ( 1524): [0,1524,system_server,-1,DisplayDeviceConfig,requesting nits when no mapping exists.]
02-17 09:12:01.559 I/am_wtf ( 1524): [0,1524,system_server,-1,DisplayDeviceConfig,requesting nits when no mapping exists.]
02-17 09:12:01.574 E/DisplayDeviceConfig( 1524): requesting nits when no mapping exists.
02-17 09:12:01.575 E/DisplayDeviceConfig( 1524): requesting nits when no mapping exists.
02-17 09:12:01.575 I/am_wtf ( 1524): [0,1524,system_server,-1,DisplayDeviceConfig,requesting nits when no mapping exists.]
02-17 09:12:01.576 I/am_wtf ( 1524): [0,1524,system_server,-1,DisplayDeviceConfig,requesting nits when no mapping exists.]
02-17 09:12:01.591 E/DisplayDeviceConfig( 1524): requesting nits when no mapping exists.
02-17 09:12:01.592 E/DisplayDeviceConfig( 1524): requesting nits when no mapping exists.
02-17 09:12:01.592 I/am_wtf ( 1524): [0,1524,system_server,-1,DisplayDeviceConfig,requesting nits when no mapping exists.]
02-17 09:12:01.593 I/am_wtf ( 1524): [0,1524,system_server,-1,DisplayDeviceConfig,requesting nits when no mapping exists.]
02-17 09:12:01.608 E/DisplayDeviceConfig( 1524): requesting nits when no mapping exists.
02-17 09:12:01.609 E/DisplayDeviceConfig( 1524): requesting nits when no mapping exists.
02-17 09:12:01.609 I/am_wtf ( 1524): [0,1524,system_server,-1,DisplayDeviceConfig,requesting nits when no mapping exists.]
02-17 09:12:01.609 I/am_wtf ( 1524): [0,1524,system_server,-1,DisplayDeviceConfig,requesting nits when no mapping exists.]
02-17 09:12:01.624 E/DisplayDeviceConfig( 1524): requesting nits when no mapping exists.
02-17 09:12:01.625 E/DisplayDeviceConfig( 1524): requesting nits when no mapping exists.
02-17 09:12:01.625 I/am_wtf ( 1524): [0,1524,system_server,-1,DisplayDeviceConfig,requesting nits when no mapping exists.]
02-17 09:12:01.626 I/am_wtf ( 1524): [0,1524,system_server,-1,DisplayDeviceConfig,requesting nits when no mapping exists.]
02-17 09:12:01.641 E/DisplayDeviceConfig( 1524): requesting nits when no mapping exists.
02-17 09:12:01.642 E/DisplayDeviceConfig( 1524): requesting nits when no mapping exists.
02-17 09:12:01.642 I/am_wtf ( 1524): [0,1524,system_server,-1,DisplayDeviceConfig,requesting nits when no mapping exists.]
02-17 09:12:01.643 I/am_wtf ( 1524): [0,1524,system_server,-1,DisplayDeviceConfig,requesting nits when no mapping exists.]
02-17 09:12:01.658 E/DisplayDeviceConfig( 1524): requesting nits when no mapping exists.
02-17 09:12:01.658 E/DisplayDeviceConfig( 1524): requesting nits when no mapping exists.
02-17 09:12:01.658 I/am_wtf ( 1524): [0,1524,system_server,-1,DisplayDeviceConfig,requesting nits when no mapping exists.]
02-17 09:12:01.659 I/am_wtf ( 1524): [0,1524,system_server,-1,DisplayDeviceConfig,requesting nits when no mapping exists.]
02-17 09:12:01.674 E/DisplayDeviceConfig( 1524): requesting nits when no mapping exists.
02-17 09:12:01.675 I/am_wtf ( 1524): [0,1524,system_server,-1,DisplayDeviceConfig,requesting nits when no mapping exists.]
02-17 09:12:01.675 E/DisplayDeviceConfig( 1524): requesting nits when no mapping exists.
02-17 09:12:01.676 I/am_wtf ( 1524): [0,1524,system_server,-1,DisplayDeviceConfig,requesting nits when no mapping exists.]
02-17 09:12:01.691 E/DisplayDeviceConfig( 1524): requesting nits when no mapping exists.
02-17 09:12:01.692 E/DisplayDeviceConfig( 1524): requesting nits when no mapping exists.
02-17 09:12:01.692 I/am_wtf ( 1524): [0,1524,system_server,-1,DisplayDeviceConfig,requesting nits when no mapping exists.]
02-17 09:12:01.693 I/am_wtf ( 1524): [0,1524,system_server,-1,DisplayDeviceConfig,requesting nits when no mapping exists.]
02-17 09:12:01.708 E/DisplayDeviceConfig( 1524): requesting nits when no mapping exists.
02-17 09:12:01.709 E/DisplayDeviceConfig( 1524): requesting nits when no mapping exists.
02-17 09:12:01.709 I/am_wtf ( 1524): [0,1524,system_server,-1,DisplayDeviceConfig,requesting nits when no mapping exists.]
02-17 09:12:01.710 I/am_wtf ( 1524): [0,1524,system_server,-1,DisplayDeviceConfig,requesting nits when no mapping exists.]
02-17 09:12:01.724 E/DisplayDeviceConfig( 1524): requesting nits when no mapping exists.
02-17 09:12:01.725 I/am_wtf ( 1524): [0,1524,system_server,-1,DisplayDeviceConfig,requesting nits when no mapping exists.]
02-17 09:12:01.725 E/DisplayDeviceConfig( 1524): requesting nits when no mapping exists.
02-17 09:12:01.726 I/am_wtf ( 1524): [0,1524,system_server,-1,DisplayDeviceConfig,requesting nits when no mapping exists.]
02-17 09:12:01.741 E/DisplayDeviceConfig( 1524): requesting nits when no mapping exists.
02-17 09:12:01.742 E/DisplayDeviceConfig( 1524): requesting nits when no mapping exists.
02-17 09:12:01.742 I/am_wtf ( 1524): [0,1524,system_server,-1,DisplayDeviceConfig,requesting nits when no mapping exists.]
