02-17 09:10:19.939 I/auditd (19724): type=1400 audit(0.0:20706): avc: denied { kill } for comm="kworker/u16:5" capability=5 scontext=u:r:kernel:s0 tcontext=u:r:kernel:s0 tclass=capability permissive=0
02-17 09:10:20.935 I/auditd ( 0): type=1400 audit(0.0:20707): avc: denied { kill } for comm="swapper/1" capability=5 scontext=u:r:kernel:s0 tcontext=u:r:kernel:s0 tclass=capability permissive=0
01-01 13:21:01.245 E/DTC_ETH,link_delay_work_func( 0): 3003, SQI=0, link=0
02-17 09:10:21.939 I/auditd ( 0): type=1400 audit(0.0:20708): avc: denied { kill } for comm="swapper/1" capability=5 scontext=u:r:kernel:s0 tcontext=u:r:kernel:s0 tclass=capability permissive=0
02-17 09:10:22.939 I/auditd ( 0): type=1400 audit(0.0:20709): avc: denied { kill } for comm="swapper/1" capability=5 scontext=u:r:kernel:s0 tcontext=u:r:kernel:s0 tclass=capability permissive=0
02-17 09:10:23.037 V/DisplayPowerController[0]( 1524): Brightness [0.05] reason changing to: 'manual [ dim ]', previous reason: 'manual'.
02-17 09:10:23.037 I/sysui_multi_action( 1524): [757,1696,758,6,759,2]
02-17 09:10:23.037 W/PowerManagerService( 1524): Screen on took 53902 ms
02-17 09:10:23.049 E/DisplayDeviceConfig( 1524): requesting nits when no mapping exists.
02-17 09:10:23.050 E/DisplayDeviceConfig( 1524): requesting nits when no mapping exists.
02-17 09:10:23.050 I/am_wtf ( 1524): [0,1524,system_server,-1,DisplayDeviceConfig,requesting nits when no mapping exists.]
02-17 09:10:23.052 I/DropBoxManagerService( 1524): add tag=system_server_wtf isTagEnabled=true flags=0x2
02-17 09:10:23.054 I/am_wtf ( 1524): [0,1524,system_server,-1,DisplayDeviceConfig,requesting nits when no mapping exists.]
02-17 09:10:23.055 I/DropBoxManagerService( 1524): add tag=system_server_wtf isTagEnabled=true flags=0x2
02-17 09:10:23.066 E/DisplayDeviceConfig( 1524): requesting nits when no mapping exists.
02-17 09:10:23.066 I/am_wtf ( 1524): [0,1524,system_server,-1,DisplayDeviceConfig,requesting nits when no mapping exists.]
02-17 09:10:23.066 E/DisplayDeviceConfig( 1524): requesting nits when no mapping exists.
02-17 09:10:23.067 I/DropBoxManagerService( 1524): add tag=system_server_wtf isTagEnabled=true flags=0x2
02-17 09:10:23.068 I/am_wtf ( 1524): [0,1524,system_server,-1,DisplayDeviceConfig,requesting nits when no mapping exists.]
02-17 09:10:23.069 I/DropBoxManagerService( 1524): add tag=system_server_wtf isTagEnabled=true flags=0x2
02-17 09:10:23.083 E/DisplayDeviceConfig( 1524): requesting nits when no mapping exists.
02-17 09:10:23.083 E/DisplayDeviceConfig( 1524): requesting nits when no mapping exists.
02-17 09:10:23.083 I/am_wtf ( 1524): [0,1524,system_server,-1,DisplayDeviceConfig,requesting nits when no mapping exists.]
02-17 09:10:23.084 I/DropBoxManagerService( 1524): add tag=system_server_wtf isTagEnabled=true flags=0x2
02-17 09:10:23.085 I/am_wtf ( 1524): [0,1524,system_server,-1,DisplayDeviceConfig,requesting nits when no mapping exists.]
02-17 09:10:23.087 E/DisplayDeviceConfig( 1524): requesting nits when no mapping exists.
02-17 09:10:23.088 I/am_wtf ( 1524): [0,1524,system_server,-1,DisplayDeviceConfig,requesting nits when no mapping exists.]
02-17 09:10:23.088 E/DisplayDeviceConfig( 1524): requesting nits when no mapping exists.
02-17 09:10:23.088 I/am_wtf ( 1524): [0,1524,system_server,-1,DisplayDeviceConfig,requesting nits when no mapping exists.]
02-17 09:10:23.104 E/DisplayDeviceConfig( 1524): requesting nits when no mapping exists.
02-17 09:10:23.104 E/DisplayDeviceConfig( 1524): requesting nits when no mapping exists.
02-17 09:10:23.104 I/am_wtf ( 1524): [0,1524,system_server,-1,DisplayDeviceConfig,requesting nits when no mapping exists.]
02-17 09:10:23.105 I/am_wtf ( 1524): [0,1524,system_server,-1,DisplayDeviceConfig,requesting nits when no mapping exists.]
02-17 09:10:23.120 E/DisplayDeviceConfig( 1524): requesting nits when no mapping exists.
02-17 09:10:23.121 E/DisplayDeviceConfig( 1524): requesting nits when no mapping exists.
02-17 09:10:23.121 I/am_wtf ( 1524): [0,1524,system_server,-1,DisplayDeviceConfig,requesting nits when no mapping exists.]
02-17 09:10:23.122 I/am_wtf ( 1524): [0,1524,system_server,-1,DisplayDeviceConfig,requesting nits when no mapping exists.]
02-17 09:10:23.137 E/DisplayDeviceConfig( 1524): requesting nits when no mapping exists.
02-17 09:10:23.138 I/am_wtf ( 1524): [0,1524,system_server,-1,DisplayDeviceConfig,requesting nits when no mapping exists.]
02-17 09:10:23.138 E/DisplayDeviceConfig( 1524): requesting nits when no mapping exists.
02-17 09:10:23.143 I/am_wtf ( 1524): [0,1524,system_server,-1,DisplayDeviceConfig,requesting nits when no mapping exists.]
02-17 09:10:23.154 E/DisplayDeviceConfig( 1524): requesting nits when no mapping exists.
02-17 09:10:23.155 E/DisplayDeviceConfig( 1524): requesting nits when no mapping exists.
02-17 09:10:23.155 I/am_wtf ( 1524): [0,1524,system_server,-1,DisplayDeviceConfig,requesting nits when no mapping exists.]
02-17 09:10:23.156 I/am_wtf ( 1524): [0,1524,system_server,-1,DisplayDeviceConfig,requesting nits when no mapping exists.]
02-17 09:10:23.171 E/DisplayDeviceConfig( 1524): requesting nits when no mapping exists.
02-17 09:10:23.171 I/am_wtf ( 1524): [0,1524,system_server,-1,DisplayDeviceConfig,requesting nits when no mapping exists.]
02-17 09:10:23.171 E/DisplayDeviceConfig( 1524): requesting nits when no mapping exists.
02-17 09:10:23.172 I/am_wtf ( 1524): [0,1524,system_server,-1,DisplayDeviceConfig,requesting nits when no mapping exists.]
02-17 09:10:23.188 E/DisplayDeviceConfig( 1524): requesting nits when no mapping exists.
02-17 09:10:23.188 E/DisplayDeviceConfig( 1524): requesting nits when no mapping exists.
02-17 09:10:23.188 I/am_wtf ( 1524): [0,1524,system_server,-1,DisplayDeviceConfig,requesting nits when no mapping exists.]
02-17 09:10:23.189 I/am_wtf ( 1524): [0,1524,system_server,-1,DisplayDeviceConfig,requesting nits when no mapping exists.]
02-17 09:10:23.205 E/DisplayDeviceConfig( 1524): requesting nits when no mapping exists.
02-17 09:10:23.205 E/DisplayDeviceConfig( 1524): requesting nits when no mapping exists.
02-17 09:10:23.205 I/am_wtf ( 1524): [0,1524,system_server,-1,DisplayDeviceConfig,requesting nits when no mapping exists.]
02-17 09:10:23.206 I/am_wtf ( 1524): [0,1524,system_server,-1,DisplayDeviceConfig,requesting nits when no mapping exists.]
02-17 09:10:23.221 E/DisplayDeviceConfig( 1524): requesting nits when no mapping exists.
02-17 09:10:23.221 E/DisplayDeviceConfig( 1524): requesting nits when no mapping exists.
02-17 09:10:23.221 I/am_wtf ( 1524): [0,1524,system_server,-1,DisplayDeviceConfig,requesting nits when no mapping exists.]
02-17 09:10:23.222 I/am_wtf ( 1524): [0,1524,system_server,-1,DisplayDeviceConfig,requesting nits when no mapping exists.]
02-17 09:10:23.238 E/DisplayDeviceConfig( 1524): requesting nits when no mapping exists.
02-17 09:10:23.238 E/DisplayDeviceConfig( 1524): requesting nits when no mapping exists.
02-17 09:10:23.238 I/am_wtf ( 1524): [0,1524,system_server,-1,DisplayDeviceConfig,requesting nits when no mapping exists.]
02-17 09:10:23.239 I/am_wtf ( 1524): [0,1524,system_server,-1,DisplayDeviceConfig,requesting nits when no mapping exists.]
02-17 09:10:23.255 E/DisplayDeviceConfig( 1524): requesting nits when no mapping exists.
02-17 09:10:23.255 I/am_wtf ( 1524): [0,1524,system_server,-1,DisplayDeviceConfig,requesting nits when no mapping exists.]
02-17 09:10:23.256 E/DisplayDeviceConfig( 1524): requesting nits when no mapping exists.
02-17 09:10:23.256 I/am_wtf ( 1524): [0,1524,system_server,-1,DisplayDeviceConfig,requesting nits when no mapping exists.]
02-17 09:10:23.271 E/DisplayDeviceConfig( 1524): requesting nits when no mapping exists.
02-17 09:10:23.272 E/DisplayDeviceConfig( 1524): requesting nits when no mapping exists.
02-17 09:10:23.272 I/am_wtf ( 1524): [0,1524,system_server,-1,DisplayDeviceConfig,requesting nits when no mapping exists.]
02-17 09:10:23.273 I/am_wtf ( 1524): [0,1524,system_server,-1,DisplayDeviceConfig,requesting nits when no mapping exists.]
02-17 09:10:23.288 E/DisplayDeviceConfig( 1524): requesting nits when no mapping exists.
02-17 09:10:23.289 E/DisplayDeviceConfig( 1524): requesting nits when no mapping exists.
02-17 09:10:23.289 I/am_wtf ( 1524): [0,1524,system_server,-1,DisplayDeviceConfig,requesting nits when no mapping exists.]
02-17 09:10:23.290 I/am_wtf ( 1524): [0,1524,system_server,-1,DisplayDeviceConfig,requesting nits when no mapping exists.]
02-17 09:10:23.305 E/DisplayDeviceConfig( 1524): requesting nits when no mapping exists.
02-17 09:10:23.305 E/DisplayDeviceConfig( 1524): requesting nits when no mapping exists.
02-17 09:10:23.305 I/am_wtf ( 1524): [0,1524,system_server,-1,DisplayDeviceConfig,requesting nits when no mapping exists.]
02-17 09:10:23.307 I/am_wtf ( 1524): [0,1524,system_server,-1,DisplayDeviceConfig,requesting nits when no mapping exists.]
02-17 09:10:23.322 E/DisplayDeviceConfig( 1524): requesting nits when no mapping exists.
02-17 09:10:23.322 E/DisplayDeviceConfig( 1524): requesting nits when no mapping exists.
02-17 09:10:23.322 I/am_wtf ( 1524): [0,1524,system_server,-1,DisplayDeviceConfig,requesting nits when no mapping exists.]
02-17 09:10:23.323 I/am_wtf ( 1524): [0,1524,system_server,-1,DisplayDeviceConfig,requesting nits when no mapping exists.]
02-17 09:10:23.340 E/DisplayDeviceConfig( 1524): requesting nits when no mapping exists.
02-17 09:10:23.340 E/DisplayDeviceConfig( 1524): requesting nits when no mapping exists.
02-17 09:10:23.340 I/am_wtf ( 1524): [0,1524,system_server,-1,DisplayDeviceConfig,requesting nits when no mapping exists.]
02-17 09:10:23.342 I/am_wtf ( 1524): [0,1524,system_server,-1,DisplayDeviceConfig,requesting nits when no mapping exists.]
02-17 09:10:23.355 E/DisplayDeviceConfig( 1524): requesting nits when no mapping exists.
02-17 09:10:23.355 E/DisplayDeviceConfig( 1524): requesting nits when no mapping exists.
02-17 09:10:23.355 I/am_wtf ( 1524): [0,1524,system_server,-1,DisplayDeviceConfig,requesting nits when no mapping exists.]
02-17 09:10:23.356 I/am_wtf ( 1524): [0,1524,system_server,-1,DisplayDeviceConfig,requesting nits when no mapping exists.]
02-17 09:10:23.372 E/DisplayDeviceConfig( 1524): requesting nits when no mapping exists.
02-17 09:10:23.372 E/DisplayDeviceConfig( 1524): requesting nits when no mapping exists.
02-17 09:10:23.372 I/am_wtf ( 1524): [0,1524,system_server,-1,DisplayDeviceConfig,requesting nits when no mapping exists.]
02-17 09:10:23.373 I/am_wtf ( 1524): [0,1524,system_server,-1,DisplayDeviceConfig,requesting nits when no mapping exists.]
02-17 09:10:23.388 E/DisplayDeviceConfig( 1524): requesting nits when no mapping exists.
02-17 09:10:23.389 I/am_wtf ( 1524): [0,1524,system_server,-1,DisplayDeviceConfig,requesting nits when no mapping exists.]
02-17 09:10:23.389 E/DisplayDeviceConfig( 1524): requesting nits when no mapping exists.
02-17 09:10:23.390 I/am_wtf ( 1524): [0,1524,system_server,-1,DisplayDeviceConfig,requesting nits when no mapping exists.]
02-17 09:10:23.404 E/DisplayDeviceConfig( 1524): requesting nits when no mapping exists.
02-17 09:10:23.405 E/DisplayDeviceConfig( 1524): requesting nits when no mapping exists.
02-17 09:10:23.405 I/am_wtf ( 1524): [0,1524,system_server,-1,DisplayDeviceConfig,requesting nits when no mapping exists.]
02-17 09:10:23.406 I/am_wtf ( 1524): [0,1524,system_server,-1,DisplayDeviceConfig,requesting nits when no mapping exists.]
02-17 09:10:23.422 E/DisplayDeviceConfig( 1524): requesting nits when no mapping exists.
02-17 09:10:23.422 E/DisplayDeviceConfig( 1524): requesting nits when no mapping exists.
02-17 09:10:23.422 I/am_wtf ( 1524): [0,1524,system_server,-1,DisplayDeviceConfig,requesting nits when no mapping exists.]
02-17 09:10:23.423 I/am_wtf ( 1524): [0,1524,system_server,-1,DisplayDeviceConfig,requesting nits when no mapping exists.]
02-17 09:10:23.438 E/DisplayDeviceConfig( 1524): requesting nits when no mapping exists.
02-17 09:10:23.439 I/am_wtf ( 1524): [0,1524,system_server,-1,DisplayDeviceConfig,requesting nits when no mapping exists.]
02-17 09:10:23.440 E/DisplayDeviceConfig( 1524): requesting nits when no mapping exists.
02-17 09:10:23.441 I/am_wtf ( 1524): [0,1524,system_server,-1,DisplayDeviceConfig,requesting nits when no mapping exists.]
02-17 09:10:23.455 E/DisplayDeviceConfig( 1524): requesting nits when no mapping exists.
02-17 09:10:23.455 I/am_wtf ( 1524): [0,1524,system_server,-1,DisplayDeviceConfig,requesting nits when no mapping exists.]
02-17 09:10:23.455 E/DisplayDeviceConfig( 1524): requesting nits when no mapping exists.
02-17 09:10:23.456 I/am_wtf ( 1524): [0,1524,system_server,-1,DisplayDeviceConfig,requesting nits when no mapping exists.]
02-17 09:10:23.472 E/DisplayDeviceConfig( 1524): requesting nits when no mapping exists.
02-17 09:10:23.472 E/DisplayDeviceConfig( 1524): requesting nits when no mapping exists.
02-17 09:10:23.473 I/am_wtf ( 1524): [0,1524,system_server,-1,DisplayDeviceConfig,requesting nits when no mapping exists.]
02-17 09:10:23.473 I/am_wtf ( 1524): [0,1524,system_server,-1,DisplayDeviceConfig,requesting nits when no mapping exists.]
02-17 09:10:23.488 E/DisplayDeviceConfig( 1524): requesting nits when no mapping exists.
02-17 09:10:23.489 I/am_wtf ( 1524): [0,1524,system_server,-1,DisplayDeviceConfig,requesting nits when no mapping exists.]
02-17 09:10:23.489 E/DisplayDeviceConfig( 1524): requesting nits when no mapping exists.
02-17 09:10:23.489 I/am_wtf ( 1524): [0,1524,system_server,-1,DisplayDeviceConfig,requesting nits when no mapping exists.]
02-17 09:10:23.505 E/DisplayDeviceConfig( 1524): requesting nits when no mapping exists.
02-17 09:10:23.505 I/am_wtf ( 1524): [0,1524,system_server,-1,DisplayDeviceConfig,requesting nits when no mapping exists.]
02-17 09:10:23.505 E/DisplayDeviceConfig( 1524): requesting nits when no mapping exists.
02-17 09:10:23.506 I/am_wtf ( 1524): [0,1524,system_server,-1,DisplayDeviceConfig,requesting nits when no mapping exists.]
02-17 09:10:23.522 E/DisplayDeviceConfig( 1524): requesting nits when no mapping exists.
02-17 09:10:23.522 E/DisplayDeviceConfig( 1524): requesting nits when no mapping exists.
02-17 09:10:23.522 I/am_wtf ( 1524): [0,1524,system_server,-1,DisplayDeviceConfig,requesting nits when no mapping exists.]
02-17 09:10:23.523 I/am_wtf ( 1524): [0,1524,system_server,-1,DisplayDeviceConfig,requesting nits when no mapping exists.]
02-17 09:10:23.539 E/DisplayDeviceConfig( 1524): requesting nits when no mapping exists.
02-17 09:10:23.539 I/am_wtf ( 1524): [0,1524,system_server,-1,DisplayDeviceConfig,requesting nits when no mapping exists.]
02-17 09:10:23.540 E/DisplayDeviceConfig( 1524): requesting nits when no mapping exists.
02-17 09:10:23.540 I/am_wtf ( 1524): [0,1524,system_server,-1,DisplayDeviceConfig,requesting nits when no mapping exists.]
02-17 09:10:23.555 E/DisplayDeviceConfig( 1524): requesting nits when no mapping exists.
02-17 09:10:23.556 I/am_wtf ( 1524): [0,1524,system_server,-1,DisplayDeviceConfig,requesting nits when no mapping exists.]
02-17 09:10:23.556 E/DisplayDeviceConfig( 1524): requesting nits when no mapping exists.
02-17 09:10:23.556 I/am_wtf ( 1524): [0,1524,system_server,-1,DisplayDeviceConfig,requesting nits when no mapping exists.]
02-17 09:10:23.572 E/DisplayDeviceConfig( 1524): requesting nits when no mapping exists.
02-17 09:10:23.572 E/DisplayDeviceConfig( 1524): requesting nits when no mapping exists.
02-17 09:10:23.572 I/am_wtf ( 1524): [0,1524,system_server,-1,DisplayDeviceConfig,requesting nits when no mapping exists.]
02-17 09:10:23.573 I/am_wtf ( 1524): [0,1524,system_server,-1,DisplayDeviceConfig,requesting nits when no mapping exists.]
02-17 09:10:23.589 E/DisplayDeviceConfig( 1524): requesting nits when no mapping exists.
02-17 09:10:23.589 E/DisplayDeviceConfig( 1524): requesting nits when no mapping exists.
02-17 09:10:23.589 I/am_wtf ( 1524): [0,1524,system_server,-1,DisplayDeviceConfig,requesting nits when no mapping exists.]
02-17 09:10:23.590 I/am_wtf ( 1524): [0,1524,system_server,-1,DisplayDeviceConfig,requesting nits when no mapping exists.]
02-17 09:10:23.605 E/DisplayDeviceConfig( 1524): requesting nits when no mapping exists.
02-17 09:10:23.605 E/DisplayDeviceConfig( 1524): requesting nits when no mapping exists.
02-17 09:10:23.605 I/am_wtf ( 1524): [0,1524,system_server,-1,DisplayDeviceConfig,requesting nits when no mapping exists.]
02-17 09:10:23.606 I/am_wtf ( 1524): [0,1524,system_server,-1,DisplayDeviceConfig,requesting nits when no mapping exists.]
02-17 09:10:23.622 E/DisplayDeviceConfig( 1524): requesting nits when no mapping exists.
02-17 09:10:23.622 E/DisplayDeviceConfig( 1524): requesting nits when no mapping exists.
02-17 09:10:23.622 I/am_wtf ( 1524): [0,1524,system_server,-1,DisplayDeviceConfig,requesting nits when no mapping exists.]
02-17 09:10:23.623 I/am_wtf ( 1524): [0,1524,system_server,-1,DisplayDeviceConfig,requesting nits when no mapping exists.]
02-17 09:10:23.639 E/DisplayDeviceConfig( 1524): requesting nits when no mapping exists.
02-17 09:10:23.640 I/am_wtf ( 1524): [0,1524,system_server,-1,DisplayDeviceConfig,requesting nits when no mapping exists.]
02-17 09:10:23.640 E/DisplayDeviceConfig( 1524): requesting nits when no mapping exists.
02-17 09:10:23.641 I/am_wtf ( 1524): [0,1524,system_server,-1,DisplayDeviceConfig,requesting nits when no mapping exists.]
02-17 09:10:23.655 E/DisplayDeviceConfig( 1524): requesting nits when no mapping exists.
02-17 09:10:23.656 E/DisplayDeviceConfig( 1524): requesting nits when no mapping exists.
02-17 09:10:23.656 I/am_wtf ( 1524): [0,1524,system_server,-1,DisplayDeviceConfig,requesting nits when no mapping exists.]
02-17 09:10:23.656 I/am_wtf ( 1524): [0,1524,system_server,-1,DisplayDeviceConfig,requesting nits when no mapping exists.]
02-17 09:10:23.672 E/DisplayDeviceConfig( 1524): requesting nits when no mapping exists.
02-17 09:10:23.673 E/DisplayDeviceConfig( 1524): requesting nits when no mapping exists.
02-17 09:10:23.673 I/am_wtf ( 1524): [0,1524,system_server,-1,DisplayDeviceConfig,requesting nits when no mapping exists.]
02-17 09:10:23.674 I/am_wtf ( 1524): [0,1524,system_server,-1,DisplayDeviceConfig,requesting nits when no mapping exists.]
02-17 09:10:23.689 E/DisplayDeviceConfig( 1524): requesting nits when no mapping exists.
02-17 09:10:23.689 E/DisplayDeviceConfig( 1524): requesting nits when no mapping exists.
02-17 09:10:23.689 I/am_wtf ( 1524): [0,1524,system_server,-1,DisplayDeviceConfig,requesting nits when no mapping exists.]
02-17 09:10:23.690 I/am_wtf ( 1524): [0,1524,system_server,-1,DisplayDeviceConfig,requesting nits when no mapping exists.]
02-17 09:10:23.705 E/DisplayDeviceConfig( 1524): requesting nits when no mapping exists.
02-17 09:10:23.706 E/DisplayDeviceConfig( 1524): requesting nits when no mapping exists.
02-17 09:10:23.706 I/am_wtf ( 1524): [0,1524,system_server,-1,DisplayDeviceConfig,requesting nits when no mapping exists.]
02-17 09:10:23.707 I/am_wtf ( 1524): [0,1524,system_server,-1,DisplayDeviceConfig,requesting nits when no mapping exists.]
02-17 09:10:23.722 E/DisplayDeviceConfig( 1524): requesting nits when no mapping exists.
02-17 09:10:23.723 E/DisplayDeviceConfig( 1524): requesting nits when no mapping exists.
02-17 09:10:23.723 I/am_wtf ( 1524): [0,1524,system_server,-1,DisplayDeviceConfig,requesting nits when no mapping exists.]
02-17 09:10:23.723 I/am_wtf ( 1524): [0,1524,system_server,-1,DisplayDeviceConfig,requesting nits when no mapping exists.]
02-17 09:10:23.739 E/DisplayDeviceConfig( 1524): requesting nits when no mapping exists.
02-17 09:10:23.739 E/DisplayDeviceConfig( 1524): requesting nits when no mapping exists.
02-17 09:10:23.739 I/am_wtf ( 1524): [0,1524,system_server,-1,DisplayDeviceConfig,requesting nits when no mapping exists.]
02-17 09:10:23.740 I/am_wtf ( 1524): [0,1524,system_server,-1,DisplayDeviceConfig,requesting nits when no mapping exists.]
02-17 09:10:23.756 E/DisplayDeviceConfig( 1524): requesting nits when no mapping exists.
02-17 09:10:23.756 I/am_wtf ( 1524): [0,1524,system_server,-1,DisplayDeviceConfig,requesting nits when no mapping exists.]
02-17 09:10:23.756 E/DisplayDeviceConfig( 1524): requesting nits when no mapping exists.
02-17 09:10:23.757 I/am_wtf ( 1524): [0,1524,system_server,-1,DisplayDeviceConfig,requesting nits when no mapping exists.]
02-17 09:10:23.772 E/DisplayDeviceConfig( 1524): requesting nits when no mapping exists.
02-17 09:10:23.773 I/am_wtf ( 1524): [0,1524,system_server,-1,DisplayDeviceConfig,requesting nits when no mapping exists.]
02-17 09:10:23.773 E/DisplayDeviceConfig( 1524): requesting nits when no mapping exists.
02-17 09:10:23.774 I/am_wtf ( 1524): [0,1524,system_server,-1,DisplayDeviceConfig,requesting nits when no mapping exists.]
02-17 09:10:23.789 E/DisplayDeviceConfig( 1524): requesting nits when no mapping exists.
02-17 09:10:23.789 E/DisplayDeviceConfig( 1524): requesting nits when no mapping exists.
02-17 09:10:23.789 I/am_wtf ( 1524): [0,1524,system_server,-1,DisplayDeviceConfig,requesting nits when no mapping exists.]
02-17 09:10:23.790 I/am_wtf ( 1524): [0,1524,system_server,-1,DisplayDeviceConfig,requesting nits when no mapping exists.]
02-17 09:10:23.806 E/DisplayDeviceConfig( 1524): requesting nits when no mapping exists.
02-17 09:10:23.806 E/DisplayDeviceConfig( 1524): requesting nits when no mapping exists.
02-17 09:10:23.806 I/am_wtf ( 1524): [0,1524,system_server,-1,DisplayDeviceConfig,requesting nits when no mapping exists.]
02-17 09:10:23.807 I/service_manager_stats( 1524): [100,58,54715]
02-17 09:10:23.807 I/am_wtf ( 1524): [0,1524,system_server,-1,DisplayDeviceConfig,requesting nits when no mapping exists.]
02-17 09:10:23.822 E/DisplayDeviceConfig( 1524): requesting nits when no mapping exists.
02-17 09:10:23.823 I/am_wtf ( 1524): [0,1524,system_server,-1,DisplayDeviceConfig,requesting nits when no mapping exists.]
02-17 09:10:23.823 E/DisplayDeviceConfig( 1524): requesting nits when no mapping exists.
02-17 09:10:23.824 I/am_wtf ( 1524): [0,1524,system_server,-1,DisplayDeviceConfig,requesting nits when no mapping exists.]
02-17 09:10:23.839 E/DisplayDeviceConfig( 1524): requesting nits when no mapping exists.
02-17 09:10:23.840 E/DisplayDeviceConfig( 1524): requesting nits when no mapping exists.
02-17 09:10:23.840 I/am_wtf ( 1524): [0,1524,system_server,-1,DisplayDeviceConfig,requesting nits when no mapping exists.]
02-17 09:10:23.841 I/am_wtf ( 1524): [0,1524,system_server,-1,DisplayDeviceConfig,requesting nits when no mapping exists.]
02-17 09:10:23.856 E/DisplayDeviceConfig( 1524): requesting nits when no mapping exists.
02-17 09:10:23.857 E/DisplayDeviceConfig( 1524): requesting nits when no mapping exists.
02-17 09:10:23.857 I/am_wtf ( 1524): [0,1524,system_server,-1,DisplayDeviceConfig,requesting nits when no mapping exists.]
02-17 09:10:23.857 I/am_wtf ( 1524): [0,1524,system_server,-1,DisplayDeviceConfig,requesting nits when no mapping exists.]
02-17 09:10:23.873 E/DisplayDeviceConfig( 1524): requesting nits when no mapping exists.
02-17 09:10:23.873 E/DisplayDeviceConfig( 1524): requesting nits when no mapping exists.
02-17 09:10:23.873 I/am_wtf ( 1524): [0,1524,system_server,-1,DisplayDeviceConfig,requesting nits when no mapping exists.]
02-17 09:10:23.874 I/am_wtf ( 1524): [0,1524,system_server,-1,DisplayDeviceConfig,requesting nits when no mapping exists.]
02-17 09:10:23.889 E/DisplayDeviceConfig( 1524): requesting nits when no mapping exists.
02-17 09:10:23.890 E/DisplayDeviceConfig( 1524): requesting nits when no mapping exists.
02-17 09:10:23.890 I/am_wtf ( 1524): [0,1524,system_server,-1,DisplayDeviceConfig,requesting nits when no mapping exists.]
02-17 09:10:23.891 I/am_wtf ( 1524): [0,1524,system_server,-1,DisplayDeviceConfig,requesting nits when no mapping exists.]
02-17 09:10:23.906 E/DisplayDeviceConfig( 1524): requesting nits when no mapping exists.
02-17 09:10:23.906 E/DisplayDeviceConfig( 1524): requesting nits when no mapping exists.
02-17 09:10:23.906 I/am_wtf ( 1524): [0,1524,system_server,-1,DisplayDeviceConfig,requesting nits when no mapping exists.]
02-17 09:10:23.907 I/am_wtf ( 1524): [0,1524,system_server,-1,DisplayDeviceConfig,requesting nits when no mapping exists.]
02-17 09:10:23.923 E/DisplayDeviceConfig( 1524): requesting nits when no mapping exists.
02-17 09:10:23.923 E/DisplayDeviceConfig( 1524): requesting nits when no mapping exists.
02-17 09:10:23.923 I/am_wtf ( 1524): [0,1524,system_server,-1,DisplayDeviceConfig,requesting nits when no mapping exists.]
02-17 09:10:23.924 I/am_wtf ( 1524): [0,1524,system_server,-1,DisplayDeviceConfig,requesting nits when no mapping exists.]
02-17 09:10:23.939 E/DisplayDeviceConfig( 1524): requesting nits when no mapping exists.
02-17 09:10:23.940 I/am_wtf ( 1524): [0,1524,system_server,-1,DisplayDeviceConfig,requesting nits when no mapping exists.]
02-17 09:10:23.940 E/DisplayDeviceConfig( 1524): requesting nits when no mapping exists.
02-17 09:10:23.940 I/am_wtf ( 1524): [0,1524,system_server,-1,DisplayDeviceConfig,requesting nits when no mapping exists.]
02-17 09:10:23.935 I/auditd ( 0): type=1400 audit(0.0:20710): avc: denied { kill } for comm="swapper/1" capability=5 scontext=u:r:kernel:s0 tcontext=u:r:kernel:s0 tclass=capability permissive=0
02-17 09:10:23.956 E/DisplayDeviceConfig( 1524): requesting nits when no mapping exists.
02-17 09:10:23.956 E/DisplayDeviceConfig( 1524): requesting nits when no mapping exists.
02-17 09:10:23.956 I/am_wtf ( 1524): [0,1524,system_server,-1,DisplayDeviceConfig,requesting nits when no mapping exists.]
02-17 09:10:23.957 I/am_wtf ( 1524): [0,1524,system_server,-1,DisplayDeviceConfig,requesting nits when no mapping exists.]
02-17 09:10:23.972 E/DisplayDeviceConfig( 1524): requesting nits when no mapping exists.
02-17 09:10:23.973 E/DisplayDeviceConfig( 1524): requesting nits when no mapping exists.
02-17 09:10:23.973 I/am_wtf ( 1524): [0,1524,system_server,-1,DisplayDeviceConfig,requesting nits when no mapping exists.]
02-17 09:10:23.974 I/am_wtf ( 1524): [0,1524,system_server,-1,DisplayDeviceConfig,requesting nits when no mapping exists.]
02-17 09:10:23.989 E/DisplayDeviceConfig( 1524): requesting nits when no mapping exists.
02-17 09:10:23.989 E/DisplayDeviceConfig( 1524): requesting nits when no mapping exists.
02-17 09:10:23.990 I/am_wtf ( 1524): [0,1524,system_server,-1,DisplayDeviceConfig,requesting nits when no mapping exists.]
02-17 09:10:23.991 I/am_wtf ( 1524): [0,1524,system_server,-1,DisplayDeviceConfig,requesting nits when no mapping exists.]
02-17 09:10:24.939 I/auditd ( 0): type=1400 audit(0.0:20711): avc: denied { kill } for comm="swapper/1" capability=5 scontext=u:r:kernel:s0 tcontext=u:r:kernel:s0 tclass=capability permissive=0
02-17 09:10:25.935 I/auditd ( 0): type=1400 audit(0.0:20712): avc: denied { kill } for comm="swapper/1" capability=5 scontext=u:r:kernel:s0 tcontext=u:r:kernel:s0 tclass=capability permissive=0
01-01 13:21:06.365 E/DTC_ETH,link_delay_work_func( 0): 3003, SQI=0, link=0
02-17 09:10:26.939 I/auditd ( 0): type=1400 audit(0.0:20713): avc: denied { kill } for comm="swapper/1" capability=5 scontext=u:r:kernel:s0 tcontext=u:r:kernel:s0 tclass=capability permissive=0
02-17 09:10:27.935 I/auditd ( 0): type=1400 audit(0.0:20714): avc: denied { kill } for comm="swapper/1" capability=5 scontext=u:r:kernel:s0 tcontext=u:r:kernel:s0 tclass=capability permissive=0
02-17 09:10:28.935 I/auditd ( 0): type=1400 audit(0.0:20715): avc: denied { kill } for comm="swapper/1" capability=5 scontext=u:r:kernel:s0 tcontext=u:r:kernel:s0 tclass=capability permissive=0
02-17 09:10:29.406 I/am_uid_idle( 1524): 10040
02-17 09:10:29.939 I/auditd ( 0): type=1400 audit(0.0:20716): avc: denied { kill } for comm="swapper/1" capability=5 scontext=u:r:kernel:s0 tcontext=u:r:kernel:s0 tclass=capability permissive=0
02-17 09:10:30.034 I/PowerManagerService( 1524): Napping display group (groupId=0, uid=1000)...
02-17 09:10:30.034 I/PowerManagerService( 1524): Nap time (uid 1000)...
02-17 09:10:30.036 I/DreamManagerService( 1524): Entering dreamland.
02-17 09:10:30.039 I/PowerManagerService( 1524): Dreaming...
02-17 09:10:30.047 I/DreamController( 1524): Starting dream: name=ComponentInfo{com.thundercomm.screensaver/com.thundercomm.saverclock.service.ClockScreensaver}, isTest=false, canDoze=false, userId=0
02-17 09:10:30.047 I/sysui_multi_action( 1524): [757,222,758,1]
02-17 09:10:30.049 I/am_uid_active( 1524): 10040
02-17 09:10:30.056 I/am_pss ( 1524): [19808,10065,com.android.gallery3d,8303616,6299648,0,93278208,0,19,10]
02-17 09:10:30.063 I/input_focus( 1524): [Focus request 321be4b com.android.launcher3/com.android.launcher3.uioverrides.QuickstepLauncher,reason=UpdateInputWindows]
02-17 09:10:30.065 I/am_pss ( 1524): [19804,10067,com.android.deskclock,8936448,6029312,0,95211520,0,19,7]
02-17 09:10:30.078 I/ActivityTaskManager( 1524): START u0 {flg=0x10000000 pkg=com.thundercomm.screensaver cmp=com.thundercomm.screensaver/android.service.dreams.DreamActivity (has extras)} from uid 10040
02-17 09:10:30.080 I/wm_task_created( 1524): [119,-1]
02-17 09:10:30.081 W/ActivityTaskManager( 1524): Can't find TaskDisplayArea to determine support for multi window. Task id=119 attached=false
02-17 09:10:30.084 I/wm_task_moved( 1524): [119,1,14]
02-17 09:10:30.084 I/wm_task_to_front( 1524): [0,119]
02-17 09:10:30.084 I/wm_create_task( 1524): [0,119]
02-17 09:10:30.084 I/wm_create_activity( 1524): [0,149232839,119,com.thundercomm.screensaver/android.service.dreams.DreamActivity,NULL,NULL,NULL,276824064]
02-17 09:10:30.084 I/wm_task_moved( 1524): [119,1,14]
02-17 09:10:30.084 I/wm_on_top_resumed_lost_called( 2568): [128678138,com.android.launcher3.uioverrides.QuickstepLauncher,topStateChangedWhenResumed]
02-17 09:10:30.085 I/wm_pause_activity( 1524): [0,128678138,com.android.launcher3/.uioverrides.QuickstepLauncher,userLeaving=true,pauseBackTasks]
02-17 09:10:30.088 I/wm_on_paused_called( 2568): [128678138,com.android.launcher3.uioverrides.QuickstepLauncher,performPause]
02-17 09:10:30.089 I/ActivityTaskManager( 1524): FOREGROUND_APPLICATION_CHANGED to android.service.dreams.DreamActivity
02-17 09:10:30.089 I/input_focus( 1524): [Focus leaving febc086 NotificationShade (server),reason=NOT_FOCUSABLE]
02-17 09:10:30.089 I/input_focus( 1524): [Focus entering 321be4b com.android.launcher3/com.android.launcher3.uioverrides.QuickstepLauncher (server),reason=setFocusedWindow]
02-17 09:10:30.090 I/ActivityTaskManager( 1524): The Process com.thundercomm.screensaver Already Exists in BG. So sending its PID: 19147
02-17 09:10:30.090 W/ActivityTaskManager( 1524): Tried to set launchTime (0) < mLastActivityLaunchTime (19198156)
02-17 09:10:30.090 I/wm_add_to_stopping( 1524): [0,128678138,com.android.launcher3/.uioverrides.QuickstepLauncher,makeInvisible]
02-17 09:10:30.091 I/wm_restart_activity( 1524): [0,149232839,119,com.thundercomm.screensaver/android.service.dreams.DreamActivity]
02-17 09:10:30.092 I/wm_set_resumed_activity( 1524): [0,com.thundercomm.screensaver/android.service.dreams.DreamActivity,minimalResumeActivityLocked]
02-17 09:10:30.099 I/wm_on_create_called(19147): [149232839,android.service.dreams.DreamActivity,performCreate]
02-17 09:10:30.099 I/wm_on_start_called(19147): [149232839,android.service.dreams.DreamActivity,handleStartActivity]
02-17 09:10:30.099 I/wm_on_resume_called(19147): [149232839,android.service.dreams.DreamActivity,RESUME_ACTIVITY]
02-17 09:10:30.101 I/sysui_multi_action( 1524): [757,803,799,window_time_0,802,61]
02-17 09:10:30.101 I/wm_on_top_resumed_gained_called(19147): [149232839,android.service.dreams.DreamActivity,topStateChangedWhenResumed]
02-17 09:10:30.103 W/ContextImpl( 2121): Calling a method in the system process without a qualified user: android.app.ContextImpl.startService:1816 android.content.ContextWrapper.startService:774 com.thundercomm.gamemode.ingame.services.GameModeActionUtils.startGameModeService:111 com.thundercomm.gamemode.ingame.services.GameModeActionUtils.startGameModeEntry:22 com.thundercomm.gamemode.ingame.services.ActivityMonitoringService$1.onActivityLaunch:139
02-17 09:10:30.109 I/GameModeConfig( 1524): Current uri is uri = content://com.thundercomm.gamemode.api/gamemode_settings/gamemode_isgaming
02-17 09:10:30.112 I/GameModeConfig( 1524): isGameModeOn = false
02-17 09:10:30.112 I/GameModeConfig( 1524): isGameModeOn = false
02-17 09:10:30.112 I/GameModeConfig( 1524): isDisableVoice = true
02-17 09:10:30.114 I/input_focus( 1524): [Focus request f4ea492 com.thundercomm.screensaver/android.service.dreams.DreamActivity,reason=UpdateInputWindows]
02-17 09:10:30.123 I/sysui_multi_action( 1524): [319,43,322,42,325,19267,757,761,758,8,759,2,806,com.thundercomm.screensaver,871,android.service.dreams.DreamActivity,904,com.thundercomm.screensaver,905,0,1320,4,1321,2]
02-17 09:10:30.123 I/wm_activity_launch_time( 1524): [0,149232839,com.thundercomm.screensaver/android.service.dreams.DreamActivity,42]
02-17 09:10:30.123 I/input_focus( 1524): [Focus leaving 321be4b com.android.launcher3/com.android.launcher3.uioverrides.QuickstepLauncher (server),reason=NO_WINDOW]
02-17 09:10:30.124 I/GameModeConfig( 1524): isGameModeOn = false
02-17 09:10:30.124 I/GameModeConfig( 1524): isGameModeOn = false
02-17 09:10:30.124 I/GameModeConfig( 1524): isGameModeOn = false
02-17 09:10:30.124 I/GameModeConfig( 1524): isGameModeOn = false
02-17 09:10:30.124 I/GameModeConfig( 1524): isGameModeOn = false
02-17 09:10:30.124 I/GameModeConfig( 1524): isGameModeOn = false
02-17 09:10:30.124 I/sysui_multi_action( 1999): [757,111,758,2]
02-17 09:10:30.124 I/sysui_multi_action( 1999): [757,111,758,2]
02-17 09:10:30.125 I/notification_enqueue( 1524): [10080,1999,com.android.systemui,2048,NULL,0,Notification(channel=updateNotification shortcut=null contentView=null vibrate=null sound=null defaults=0x0 flags=0x0 color=0x00000000 vis=PRIVATE),1]
02-17 09:10:30.125 V/DisplayPowerController[0]( 1524): Brightness [1.0] reason changing to: 'manual', previous reason: 'manual [ dim ]'.
02-17 09:10:30.125 I/sysui_multi_action( 1524): [757,1696,758,6,759,3]
02-17 09:10:30.136 E/DisplayDeviceConfig( 1524): requesting nits when no mapping exists.
02-17 09:10:30.137 E/DisplayDeviceConfig( 1524): requesting nits when no mapping exists.
02-17 09:10:30.137 I/am_wtf ( 1524): [0,1524,system_server,-1,DisplayDeviceConfig,requesting nits when no mapping exists.]
02-17 09:10:30.137 I/sysui_multi_action( 1999): [757,111,758,1]
02-17 09:10:30.137 I/sysui_multi_action( 1999): [757,126,758,1,759,126,927,0,928,0,1593,0]
02-17 09:10:30.137 I/sysui_multi_action( 1999): [757,113,758,1,759,113,927,1,928,1,1593,0]
02-17 09:10:30.137 I/sysui_multi_action( 1999): [757,0,758,1,759,0,927,2,928,0,1593,0]
02-17 09:10:30.137 I/sysui_multi_action( 1999): [757,0,758,1,759,0,927,3,928,0,1593,0]
02-17 09:10:30.137 I/sysui_multi_action( 1999): [757,491,758,1,759,491,927,4,928,0,1311,-1,1593,0]
02-17 09:10:30.137 I/sysui_multi_action( 1999): [757,122,758,1,759,122,927,5,928,1,1593,0]
02-17 09:10:30.137 I/sysui_multi_action( 1999): [757,0,758,1,759,0,927,6,928,0,1593,0]
02-17 09:10:30.137 I/sysui_multi_action( 1999): [757,0,758,1,759,0,927,7,1593,0]
02-17 09:10:30.137 I/sysui_multi_action( 1999): [757,111,758,1]
02-17 09:10:30.138 I/sysui_multi_action( 1999): [757,126,758,1,759,126,927,0,928,0,1593,1]
02-17 09:10:30.138 I/sysui_multi_action( 1999): [757,113,758,1,759,113,927,1,928,1,1593,1]
02-17 09:10:30.138 I/sysui_multi_action( 1999): [757,0,758,1,759,0,927,2,928,0,1593,1]
02-17 09:10:30.138 I/sysui_multi_action( 1999): [757,0,758,1,759,0,927,3,928,0,1593,1]
02-17 09:10:30.138 I/am_wtf ( 1524): [0,1524,system_server,-1,DisplayDeviceConfig,requesting nits when no mapping exists.]
02-17 09:10:30.153 E/DisplayDeviceConfig( 1524): requesting nits when no mapping exists.
02-17 09:10:30.153 E/DisplayDeviceConfig( 1524): requesting nits when no mapping exists.
02-17 09:10:30.153 I/am_wtf ( 1524): [0,1524,system_server,-1,DisplayDeviceConfig,requesting nits when no mapping exists.]
02-17 09:10:30.154 I/am_wtf ( 1524): [0,1524,system_server,-1,DisplayDeviceConfig,requesting nits when no mapping exists.]
02-17 09:10:30.154 I/input_focus( 1524): [Focus entering f4ea492 com.thundercomm.screensaver/android.service.dreams.DreamActivity (server),reason=Window became focusable. Previous reason: NOT_VISIBLE]
02-17 09:10:30.170 E/DisplayDeviceConfig( 1524): requesting nits when no mapping exists.
02-17 09:10:30.170 I/am_wtf ( 1524): [0,1524,system_server,-1,DisplayDeviceConfig,requesting nits when no mapping exists.]
02-17 09:10:30.170 E/DisplayDeviceConfig( 1524): requesting nits when no mapping exists.
02-17 09:10:30.171 I/am_wtf ( 1524): [0,1524,system_server,-1,DisplayDeviceConfig,requesting nits when no mapping exists.]
02-17 09:10:30.187 E/DisplayDeviceConfig( 1524): requesting nits when no mapping exists.
02-17 09:10:30.187 I/am_wtf ( 1524): [0,1524,system_server,-1,DisplayDeviceConfig,requesting nits when no mapping exists.]
02-17 09:10:30.187 E/DisplayDeviceConfig( 1524): requesting nits when no mapping exists.
02-17 09:10:30.187 I/am_wtf ( 1524): [0,1524,system_server,-1,DisplayDeviceConfig,requesting nits when no mapping exists.]
02-17 09:10:30.193 W/FreeFormWindowHelper( 1524): Current Display FreeFormTask is null
02-17 09:10:30.195 W/ContextImpl( 2121): Calling a method in the system process without a qualified user: android.app.ContextImpl.startService:1816 android.content.ContextWrapper.startService:774 com.thundercomm.gamemode.ingame.services.GameModeActionUtils.startGameModeService:111 com.thundercomm.gamemode.ingame.services.GameModeActionUtils.startGameModeEntry:22 com.thundercomm.gamemode.ingame.services.ActivityMonitoringService$1.onActivityLaunch:139
02-17 09:10:30.196 I/GameModeConfig( 1524): Current uri is uri = content://com.thundercomm.gamemode.api/gamemode_settings/gamemode_isgaming
02-17 09:10:30.197 I/GameModeConfig( 1524): isGameModeOn = false
02-17 09:10:30.197 I/GameModeConfig( 1524): isGameModeOn = false
02-17 09:10:30.197 I/GameModeConfig( 1524): isDisableVoice = true
02-17 09:10:30.204 E/DisplayDeviceConfig( 1524): requesting nits when no mapping exists.
02-17 09:10:30.204 E/DisplayDeviceConfig( 1524): requesting nits when no mapping exists.
02-17 09:10:30.204 I/am_wtf ( 1524): [0,1524,system_server,-1,DisplayDeviceConfig,requesting nits when no mapping exists.]
02-17 09:10:30.204 I/am_wtf ( 1524): [0,1524,system_server,-1,DisplayDeviceConfig,requesting nits when no mapping exists.]
02-17 09:10:30.221 E/DisplayDeviceConfig( 1524): requesting nits when no mapping exists.
02-17 09:10:30.221 E/DisplayDeviceConfig( 1524): requesting nits when no mapping exists.
02-17 09:10:30.221 I/am_wtf ( 1524): [0,1524,system_server,-1,DisplayDeviceConfig,requesting nits when no mapping exists.]
02-17 09:10:30.221 I/am_wtf ( 1524): [0,1524,system_server,-1,DisplayDeviceConfig,requesting nits when no mapping exists.]
02-17 09:10:30.237 E/DisplayDeviceConfig( 1524): requesting nits when no mapping exists.
02-17 09:10:30.237 I/am_wtf ( 1524): [0,1524,system_server,-1,DisplayDeviceConfig,requesting nits when no mapping exists.]
02-17 09:10:30.239 E/DisplayDeviceConfig( 1524): requesting nits when no mapping exists.
02-17 09:10:30.239 I/am_wtf ( 1524): [0,1524,system_server,-1,DisplayDeviceConfig,requesting nits when no mapping exists.]
02-17 09:10:30.254 E/DisplayDeviceConfig( 1524): requesting nits when no mapping exists.
02-17 09:10:30.254 E/DisplayDeviceConfig( 1524): requesting nits when no mapping exists.
02-17 09:10:30.254 I/am_wtf ( 1524): [0,1524,system_server,-1,DisplayDeviceConfig,requesting nits when no mapping exists.]
02-17 09:10:30.255 I/am_wtf ( 1524): [0,1524,system_server,-1,DisplayDeviceConfig,requesting nits when no mapping exists.]
02-17 09:10:30.271 E/DisplayDeviceConfig( 1524): requesting nits when no mapping exists.
02-17 09:10:30.271 E/DisplayDeviceConfig( 1524): requesting nits when no mapping exists.
02-17 09:10:30.271 I/am_wtf ( 1524): [0,1524,system_server,-1,DisplayDeviceConfig,requesting nits when no mapping exists.]
02-17 09:10:30.272 I/am_wtf ( 1524): [0,1524,system_server,-1,DisplayDeviceConfig,requesting nits when no mapping exists.]
02-17 09:10:30.287 E/DisplayDeviceConfig( 1524): requesting nits when no mapping exists.
02-17 09:10:30.287 I/am_wtf ( 1524): [0,1524,system_server,-1,DisplayDeviceConfig,requesting nits when no mapping exists.]
02-17 09:10:30.287 E/DisplayDeviceConfig( 1524): requesting nits when no mapping exists.
02-17 09:10:30.288 I/am_wtf ( 1524): [0,1524,system_server,-1,DisplayDeviceConfig,requesting nits when no mapping exists.]
02-17 09:10:30.305 E/DisplayDeviceConfig( 1524): requesting nits when no mapping exists.
02-17 09:10:30.305 E/DisplayDeviceConfig( 1524): requesting nits when no mapping exists.
02-17 09:10:30.305 I/am_wtf ( 1524): [0,1524,system_server,-1,DisplayDeviceConfig,requesting nits when no mapping exists.]
02-17 09:10:30.305 I/am_wtf ( 1524): [0,1524,system_server,-1,DisplayDeviceConfig,requesting nits when no mapping exists.]
02-17 09:10:30.321 E/DisplayDeviceConfig( 1524): requesting nits when no mapping exists.
02-17 09:10:30.321 E/DisplayDeviceConfig( 1524): requesting nits when no mapping exists.
02-17 09:10:30.321 I/am_wtf ( 1524): [0,1524,system_server,-1,DisplayDeviceConfig,requesting nits when no mapping exists.]
02-17 09:10:30.321 I/am_wtf ( 1524): [0,1524,system_server,-1,DisplayDeviceConfig,requesting nits when no mapping exists.]
02-17 09:10:30.326 I/GameModeConfig( 1524): isGameModeOn = false
02-17 09:10:30.337 E/DisplayDeviceConfig( 1524): requesting nits when no mapping exists.
02-17 09:10:30.338 I/am_wtf ( 1524): [0,1524,system_server,-1,DisplayDeviceConfig,requesting nits when no mapping exists.]
02-17 09:10:30.338 E/DisplayDeviceConfig( 1524): requesting nits when no mapping exists.
02-17 09:10:30.338 I/am_wtf ( 1524): [0,1524,system_server,-1,DisplayDeviceConfig,requesting nits when no mapping exists.]
02-17 09:10:30.354 E/DisplayDeviceConfig( 1524): requesting nits when no mapping exists.
02-17 09:10:30.354 E/DisplayDeviceConfig( 1524): requesting nits when no mapping exists.
02-17 09:10:30.354 I/am_wtf ( 1524): [0,1524,system_server,-1,DisplayDeviceConfig,requesting nits when no mapping exists.]
02-17 09:10:30.355 I/am_wtf ( 1524): [0,1524,system_server,-1,DisplayDeviceConfig,requesting nits when no mapping exists.]
02-17 09:10:30.355 I/GameModeConfig( 1524): isGameModeOn = false
02-17 09:10:30.355 I/GameModeConfig( 1524): isGameModeOn = false
02-17 09:10:30.355 I/GameModeConfig( 1524): isGameModeOn = false
02-17 09:10:30.355 I/GameModeConfig( 1524): isGameModeOn = false
02-17 09:10:30.355 I/GameModeConfig( 1524): isGameModeOn = false
02-17 09:10:30.355 I/GameModeConfig( 1524): isGameModeOn = false
02-17 09:10:30.356 I/notification_enqueue( 1524): [10080,1999,com.android.systemui,2048,NULL,0,Notification(channel=updateNotification shortcut=null contentView=null vibrate=null sound=null defaults=0x0 flags=0x0 color=0x00000000 vis=PRIVATE),1]
02-17 09:10:30.356 I/sysui_multi_action( 1999): [757,111,758,2]
02-17 09:10:30.356 I/sysui_multi_action( 1999): [757,111,758,2]
02-17 09:10:30.371 E/DisplayDeviceConfig( 1524): requesting nits when no mapping exists.
02-17 09:10:30.371 E/DisplayDeviceConfig( 1524): requesting nits when no mapping exists.
02-17 09:10:30.371 I/am_wtf ( 1524): [0,1524,system_server,-1,DisplayDeviceConfig,requesting nits when no mapping exists.]
02-17 09:10:30.371 I/am_wtf ( 1524): [0,1524,system_server,-1,DisplayDeviceConfig,requesting nits when no mapping exists.]
02-17 09:10:30.387 E/DisplayDeviceConfig( 1524): requesting nits when no mapping exists.
02-17 09:10:30.388 E/DisplayDeviceConfig( 1524): requesting nits when no mapping exists.
02-17 09:10:30.388 I/am_wtf ( 1524): [0,1524,system_server,-1,DisplayDeviceConfig,requesting nits when no mapping exists.]
02-17 09:10:30.388 I/am_wtf ( 1524): [0,1524,system_server,-1,DisplayDeviceConfig,requesting nits when no mapping exists.]
02-17 09:10:30.404 E/DisplayDeviceConfig( 1524): requesting nits when no mapping exists.
02-17 09:10:30.405 E/DisplayDeviceConfig( 1524): requesting nits when no mapping exists.
02-17 09:10:30.405 I/am_wtf ( 1524): [0,1524,system_server,-1,DisplayDeviceConfig,requesting nits when no mapping exists.]
02-17 09:10:30.405 I/am_wtf ( 1524): [0,1524,system_server,-1,DisplayDeviceConfig,requesting nits when no mapping exists.]
02-17 09:10:30.421 E/DisplayDeviceConfig( 1524): requesting nits when no mapping exists.
02-17 09:10:30.421 E/DisplayDeviceConfig( 1524): requesting nits when no mapping exists.
02-17 09:10:30.421 I/am_wtf ( 1524): [0,1524,system_server,-1,DisplayDeviceConfig,requesting nits when no mapping exists.]
02-17 09:10:30.422 I/wm_stop_activity( 1524): [0,128678138,com.android.launcher3/.uioverrides.QuickstepLauncher]
02-17 09:10:30.423 I/am_wtf ( 1524): [0,1524,system_server,-1,DisplayDeviceConfig,requesting nits when no mapping exists.]
02-17 09:10:30.438 E/DisplayDeviceConfig( 1524): requesting nits when no mapping exists.
02-17 09:10:30.438 E/DisplayDeviceConfig( 1524): requesting nits when no mapping exists.
02-17 09:10:30.438 I/am_wtf ( 1524): [0,1524,system_server,-1,DisplayDeviceConfig,requesting nits when no mapping exists.]
02-17 09:10:30.438 I/am_wtf ( 1524): [0,1524,system_server,-1,DisplayDeviceConfig,requesting nits when no mapping exists.]
02-17 09:10:30.441 I/wm_on_stop_called( 2568): [128678138,com.android.launcher3.uioverrides.QuickstepLauncher,STOP_ACTIVITY_ITEM]
02-17 09:10:30.454 E/DisplayDeviceConfig( 1524): requesting nits when no mapping exists.
02-17 09:10:30.454 E/DisplayDeviceConfig( 1524): requesting nits when no mapping exists.
02-17 09:10:30.454 I/am_wtf ( 1524): [0,1524,system_server,-1,DisplayDeviceConfig,requesting nits when no mapping exists.]
02-17 09:10:30.455 I/am_wtf ( 1524): [0,1524,system_server,-1,DisplayDeviceConfig,requesting nits when no mapping exists.]
02-17 09:10:30.458 W/ContextImpl( 2121): Calling a method in the system process without a qualified user: android.app.ContextImpl.startService:1816 android.content.ContextWrapper.startService:774 com.thundercomm.gamemode.ingame.services.GameModeActionUtils.startGameModeService:111 com.thundercomm.gamemode.ingame.services.GameModeActionUtils.startGameModeEntry:22 com.thundercomm.gamemode.ingame.services.ActivityMonitoringService$1.onActivityLaunch:139
02-17 09:10:30.459 I/GameModeConfig( 1524): Current uri is uri = content://com.thundercomm.gamemode.api/gamemode_settings/gamemode_isgaming
02-17 09:10:30.460 I/GameModeConfig( 1524): isGameModeOn = false
02-17 09:10:30.460 I/GameModeConfig( 1524): isGameModeOn = false
02-17 09:10:30.460 I/GameModeConfig( 1524): isDisableVoice = true
02-17 09:10:30.471 E/DisplayDeviceConfig( 1524): requesting nits when no mapping exists.
02-17 09:10:30.472 E/DisplayDeviceConfig( 1524): requesting nits when no mapping exists.
02-17 09:10:30.472 I/am_wtf ( 1524): [0,1524,system_server,-1,DisplayDeviceConfig,requesting nits when no mapping exists.]
02-17 09:10:30.472 I/am_wtf ( 1524): [0,1524,system_server,-1,DisplayDeviceConfig,requesting nits when no mapping exists.]
02-17 09:10:30.488 E/DisplayDeviceConfig( 1524): requesting nits when no mapping exists.
02-17 09:10:30.488 E/DisplayDeviceConfig( 1524): requesting nits when no mapping exists.
02-17 09:10:30.488 I/am_wtf ( 1524): [0,1524,system_server,-1,DisplayDeviceConfig,requesting nits when no mapping exists.]
02-17 09:10:30.489 I/am_wtf ( 1524): [0,1524,system_server,-1,DisplayDeviceConfig,requesting nits when no mapping exists.]
02-17 09:10:30.504 E/DisplayDeviceConfig( 1524): requesting nits when no mapping exists.
02-17 09:10:30.504 E/DisplayDeviceConfig( 1524): requesting nits when no mapping exists.
02-17 09:10:30.504 I/am_wtf ( 1524): [0,1524,system_server,-1,DisplayDeviceConfig,requesting nits when no mapping exists.]
02-17 09:10:30.505 I/am_wtf ( 1524): [0,1524,system_server,-1,DisplayDeviceConfig,requesting nits when no mapping exists.]
02-17 09:10:30.521 E/DisplayDeviceConfig( 1524): requesting nits when no mapping exists.
02-17 09:10:30.521 E/DisplayDeviceConfig( 1524): requesting nits when no mapping exists.
02-17 09:10:30.521 I/am_wtf ( 1524): [0,1524,system_server,-1,DisplayDeviceConfig,requesting nits when no mapping exists.]
02-17 09:10:30.522 I/am_wtf ( 1524): [0,1524,system_server,-1,DisplayDeviceConfig,requesting nits when no mapping exists.]
02-17 09:10:30.539 E/DisplayDeviceConfig( 1524): requesting nits when no mapping exists.
02-17 09:10:30.539 E/DisplayDeviceConfig( 1524): requesting nits when no mapping exists.
02-17 09:10:30.539 I/am_wtf ( 1524): [0,1524,system_server,-1,DisplayDeviceConfig,requesting nits when no mapping exists.]
02-17 09:10:30.539 I/am_wtf ( 1524): [0,1524,system_server,-1,DisplayDeviceConfig,requesting nits when no mapping exists.]
02-17 09:10:30.555 E/DisplayDeviceConfig( 1524): requesting nits when no mapping exists.
02-17 09:10:30.555 E/DisplayDeviceConfig( 1524): requesting nits when no mapping exists.
02-17 09:10:30.555 I/am_wtf ( 1524): [0,1524,system_server,-1,DisplayDeviceConfig,requesting nits when no mapping exists.]
02-17 09:10:30.556 I/am_wtf ( 1524): [0,1524,system_server,-1,DisplayDeviceConfig,requesting nits when no mapping exists.]
02-17 09:10:30.557 I/GameModeConfig( 1524): isGameModeOn = false
02-17 09:10:30.557 E/NotificationService( 1524): Muting recently noisy 0|com.android.systemui|2048|null|10080
02-17 09:10:30.564 I/sysui_multi_action( 1524): [757,128,758,2,793,18055175,794,60561,795,18055175,796,26,798,0,806,android,857,DEVELOPER_IMPORTANT,858,4,947,0,1395,3,1500,18054968,1688,1]
02-17 09:10:30.564 I/notification_visibility( 1524): [-1|android|26|null|1000,0,18055175,18055175,0,0]
02-17 09:10:30.564 I/sysui_multi_action( 1524): [757,128,758,2,793,3288098,794,60561,795,3288098,796,4273,798,1,806,com.android.systemui,857,screen_record,858,3,947,0,1395,3,1500,3287894,1688,1,1745,680407814]
