02-17 08:42:03.341 W/ContextImpl( 2121): Calling a method in the system process without a qualified user: android.app.ContextImpl.startService:1816 android.content.ContextWrapper.startService:774 com.thundercomm.gamemode.ingame.services.GameModeActionUtils.startGameModeService:111 com.thundercomm.gamemode.ingame.services.GameModeActionUtils.startGameModeEntry:22 com.thundercomm.gamemode.ingame.services.ActivityMonitoringService$1.onActivityLaunch:139
02-17 08:42:03.342 I/GameModeConfig( 1524): Current uri is uri = content://com.thundercomm.gamemode.api/gamemode_settings/gamemode_isgaming
02-17 08:42:03.342 I/GameModeConfig( 1524): isGameModeOn = false
02-17 08:42:03.343 I/GameModeConfig( 1524): isGameModeOn = false
02-17 08:42:03.343 I/GameModeConfig( 1524): isDisableVoice = true
02-17 08:42:03.353 W/ActivityTaskManager( 1524): Can't find TaskDisplayArea to determine support for multi window. Task id=106 attached=false
02-17 08:42:03.353 W/ActivityTaskManager( 1524): Can't find TaskDisplayArea to determine support for multi window. Task id=106 attached=false
02-17 08:42:03.503 I/GameModeConfig( 1524): isGameModeOn = false
02-17 08:42:03.670 W/FreeFormWindowHelper( 1524): Current Display FreeFormTask is null
02-17 08:42:03.676 W/ContextImpl( 2121): Calling a method in the system process without a qualified user: android.app.ContextImpl.startService:1816 android.content.ContextWrapper.startService:774 com.thundercomm.gamemode.ingame.services.GameModeActionUtils.startGameModeService:111 com.thundercomm.gamemode.ingame.services.GameModeActionUtils.startGameModeEntry:22 com.thundercomm.gamemode.ingame.services.ActivityMonitoringService$1.onActivityLaunch:139
02-17 08:42:03.677 I/GameModeConfig( 1524): Current uri is uri = content://com.thundercomm.gamemode.api/gamemode_settings/gamemode_isgaming
02-17 08:42:03.678 I/GameModeConfig( 1524): isGameModeOn = false
02-17 08:42:03.678 I/GameModeConfig( 1524): isGameModeOn = false
02-17 08:42:03.678 I/GameModeConfig( 1524): isDisableVoice = true
02-17 08:42:03.686 W/FreeFormWindowHelper( 1524): Current Display FreeFormTask is null
02-17 08:42:03.686 W/FreeFormWindowHelper( 1524): Current Display FreeFormTask is null
02-17 08:42:03.705 W/FreeFormWindowHelper( 1524): Current Display FreeFormTask is null
02-17 08:42:03.705 W/FreeFormWindowHelper( 1524): Current Display FreeFormTask is null
02-17 08:42:03.718 W/FreeFormWindowHelper( 1524): Current Display FreeFormTask is null
02-17 08:42:03.718 W/FreeFormWindowHelper( 1524): Current Display FreeFormTask is null
02-17 08:42:03.735 W/FreeFormWindowHelper( 1524): Current Display FreeFormTask is null
02-17 08:42:03.735 W/FreeFormWindowHelper( 1524): Current Display FreeFormTask is null
02-17 08:42:03.753 W/FreeFormWindowHelper( 1524): Current Display FreeFormTask is null
02-17 08:42:03.753 W/FreeFormWindowHelper( 1524): Current Display FreeFormTask is null
02-17 08:42:03.753 W/FreeFormWindowHelper( 1524): Current Display FreeFormTask is null
02-17 08:42:03.769 W/FreeFormWindowHelper( 1524): Current Display FreeFormTask is null
02-17 08:42:03.769 W/FreeFormWindowHelper( 1524): Current Display FreeFormTask is null
02-17 08:42:03.787 W/FreeFormWindowHelper( 1524): Current Display FreeFormTask is null
02-17 08:42:03.787 W/FreeFormWindowHelper( 1524): Current Display FreeFormTask is null
02-17 08:42:03.802 W/FreeFormWindowHelper( 1524): Current Display FreeFormTask is null
02-17 08:42:03.802 W/FreeFormWindowHelper( 1524): Current Display FreeFormTask is null
02-17 08:42:03.821 W/FreeFormWindowHelper( 1524): Current Display FreeFormTask is null
02-17 08:42:03.821 W/FreeFormWindowHelper( 1524): Current Display FreeFormTask is null
02-17 08:42:03.838 W/FreeFormWindowHelper( 1524): Current Display FreeFormTask is null
02-17 08:42:03.839 W/FreeFormWindowHelper( 1524): Current Display FreeFormTask is null
02-17 08:42:03.852 W/FreeFormWindowHelper( 1524): Current Display FreeFormTask is null
02-17 08:42:03.852 W/FreeFormWindowHelper( 1524): Current Display FreeFormTask is null
02-17 08:42:03.984 W/FreeFormWindowHelper( 1524): exitRecentTasks type=0
02-17 08:42:03.986 W/FreeFormWindowHelper( 1524): Current Display FreeFormTask is null
02-17 08:42:03.986 W/FreeFormWindowHelper( 1524): Current Display FreeFormTask is null
02-17 08:42:04.315 E/TaskPersister( 1524): File error accessing recents directory (directory doesn't exist?).
02-17 08:42:04.587 W/FreeFormWindowHelper( 1524): Current Display FreeFormTask is null
02-17 08:42:04.587 W/FreeFormWindowHelper( 1524): Current Display FreeFormTask is null
02-17 08:42:04.591 I/ActivityTaskManager( 1524): FOREGROUND_APPLICATION_CHANGED to com.android.launcher3.uioverrides.QuickstepLauncher
02-17 08:42:04.627 W/ContextImpl( 2121): Calling a method in the system process without a qualified user: android.app.ContextImpl.startService:1816 android.content.ContextWrapper.startService:774 com.thundercomm.gamemode.ingame.services.GameModeActionUtils.startGameModeService:111 com.thundercomm.gamemode.ingame.services.GameModeActionUtils.startGameModeEntry:22 com.thundercomm.gamemode.ingame.services.ActivityMonitoringService$1.onActivityLaunch:139
02-17 08:42:04.628 I/GameModeConfig( 1524): Current uri is uri = content://com.thundercomm.gamemode.api/gamemode_settings/gamemode_isgaming
02-17 08:42:04.629 I/GameModeConfig( 1524): isGameModeOn = false
02-17 08:42:04.629 I/GameModeConfig( 1524): isGameModeOn = false
02-17 08:42:04.629 I/GameModeConfig( 1524): isDisableVoice = true
02-17 08:42:04.700 W/FreeFormWindowHelper( 1524): Current Display FreeFormTask is null
02-17 08:42:04.701 W/ContextImpl( 2121): Calling a method in the system process without a qualified user: android.app.ContextImpl.startService:1816 android.content.ContextWrapper.startService:774 com.thundercomm.gamemode.ingame.services.GameModeActionUtils.startGameModeService:111 com.thundercomm.gamemode.ingame.services.GameModeActionUtils.startGameModeEntry:22 com.thundercomm.gamemode.ingame.services.ActivityMonitoringService$1.onActivityLaunch:139
02-17 08:42:04.702 I/GameModeConfig( 1524): Current uri is uri = content://com.thundercomm.gamemode.api/gamemode_settings/gamemode_isgaming
02-17 08:42:04.703 I/GameModeConfig( 1524): isGameModeOn = false
02-17 08:42:04.703 I/GameModeConfig( 1524): isGameModeOn = false
02-17 08:42:04.703 I/GameModeConfig( 1524): isDisableVoice = true
02-17 08:42:04.873 I/GameModeConfig( 1524): isGameModeOn = false
02-17 08:42:05.068 I/GameModeConfig( 1524): isGameModeOn = false
02-17 08:42:05.472 I/ActivityTaskManager( 1524): START u0 {act=android.settings.BLUETOOTH_SETTINGS flg=0x14000000 cmp=com.android.settings/.Settings$ConnectedDeviceDashboardActivity} from uid 10080
02-17 08:42:05.479 W/ActivityTaskManager( 1524): Can't find TaskDisplayArea to determine support for multi window. Task id=107 attached=false
02-17 08:42:05.487 I/ActivityTaskManager( 1524): FOREGROUND_APPLICATION_CHANGED to com.android.settings.Settings$ConnectedDeviceDashboardActivity
02-17 08:42:05.487 I/ActivityTaskManager( 1524): The Process com.android.settings Already Exists in BG. So sending its PID: 16130
02-17 08:42:05.487 W/ActivityTaskManager( 1524): Tried to set launchTime (0) < mLastActivityLaunchTime (17560507)
02-17 08:42:05.497 W/ContextImpl( 2121): Calling a method in the system process without a qualified user: android.app.ContextImpl.startService:1816 android.content.ContextWrapper.startService:774 com.thundercomm.gamemode.ingame.services.GameModeActionUtils.startGameModeService:111 com.thundercomm.gamemode.ingame.services.GameModeActionUtils.startGameModeEntry:22 com.thundercomm.gamemode.ingame.services.ActivityMonitoringService$1.onActivityLaunch:139
02-17 08:42:05.498 I/GameModeConfig( 1524): Current uri is uri = content://com.thundercomm.gamemode.api/gamemode_settings/gamemode_isgaming
02-17 08:42:05.499 I/GameModeConfig( 1524): isGameModeOn = false
02-17 08:42:05.499 I/GameModeConfig( 1524): isGameModeOn = false
02-17 08:42:05.499 I/GameModeConfig( 1524): isDisableVoice = true
02-17 08:42:05.503 I/thunderperf( 1524): PlatormCompat.setOverrides: Uid1=1000 Pid1=16130 Uid2=1000 Pid2=16130
02-17 08:42:05.503 I/thunderperf( 1524): PlatormCompat.setOverrides: needCheck:false
02-17 08:42:05.503 I/thunderperf( 1524): CompatConfig.addOverrideUnsafe: bef-state=0
02-17 08:42:05.503 I/thunderperf( 1524): CompatConfig.addOverrideUnsafe: aft-state=0
02-17 08:42:05.503 I/thunderperf( 1524): CompatConfig.addOverrideUnsafe: bef-state=0
02-17 08:42:05.503 I/thunderperf( 1524): CompatConfig.addOverrideUnsafe: aft-state=0
02-17 08:42:05.503 I/thunderperf( 1524): CompatConfig.addOverrideUnsafe: bef-state=0
02-17 08:42:05.503 I/thunderperf( 1524): CompatConfig.addOverrideUnsafe: aft-state=0
02-17 08:42:05.504 I/thunderperf( 1524): CompatConfig.addOverrideUnsafe: bef-state=0
02-17 08:42:05.504 I/thunderperf( 1524): CompatConfig.addOverrideUnsafe: aft-state=0
02-17 08:42:05.504 I/thunderperf( 1524): CompatConfig.addOverrideUnsafe: bef-state=0
02-17 08:42:05.504 I/thunderperf( 1524): CompatConfig.addOverrideUnsafe: aft-state=0
02-17 08:42:05.504 I/thunderperf( 1524): CompatConfig.addOverrideUnsafe: bef-state=0
02-17 08:42:05.504 I/thunderperf( 1524): CompatConfig.addOverrideUnsafe: aft-state=0
02-17 08:42:05.504 I/thunderperf( 1524): CompatConfig.addOverrideUnsafe: bef-state=0
02-17 08:42:05.504 I/thunderperf( 1524): CompatConfig.addOverrideUnsafe: aft-state=0
02-17 08:42:05.504 I/thunderperf( 1524): CompatConfig.addOverrideUnsafe: bef-state=0
02-17 08:42:05.504 I/thunderperf( 1524): CompatConfig.addOverrideUnsafe: aft-state=0
02-17 08:42:05.504 I/thunderperf( 1524): CompatConfig.addOverrideUnsafe: bef-state=0
02-17 08:42:05.504 I/thunderperf( 1524): CompatConfig.addOverrideUnsafe: aft-state=0
02-17 08:42:05.505 I/thunderperf( 1524): CompatConfig.addOverrideUnsafe: bef-state=0
02-17 08:42:05.505 I/thunderperf( 1524): CompatConfig.addOverrideUnsafe: aft-state=0
02-17 08:42:05.505 I/thunderperf( 1524): CompatConfig.addOverrideUnsafe: bef-state=0
02-17 08:42:05.505 I/thunderperf( 1524): CompatConfig.addOverrideUnsafe: aft-state=0
02-17 08:42:05.505 I/thunderperf( 1524): CompatConfig.addOverrideUnsafe: bef-state=0
02-17 08:42:05.505 I/thunderperf( 1524): CompatConfig.addOverrideUnsafe: aft-state=0
02-17 08:42:05.505 I/thunderperf( 1524): CompatConfig.addOverrideUnsafe: bef-state=0
02-17 08:42:05.505 I/thunderperf( 1524): CompatConfig.addOverrideUnsafe: aft-state=0
02-17 08:42:05.505 I/thunderperf( 1524): CompatConfig.addOverrideUnsafe: bef-state=0
02-17 08:42:05.505 I/thunderperf( 1524): CompatConfig.addOverrideUnsafe: aft-state=0
02-17 08:42:05.507 I/ActivityTaskManager( 1524): START u0 {act=android.settings.BLUETOOTH_SETTINGS flg=0x14000000 cmp=com.android.settings/.homepage.SettingsHomepageActivity (has extras)} from uid 1000
02-17 08:42:05.512 I/ActivityTaskManager( 1524): FOREGROUND_APPLICATION_CHANGED to com.android.settings.homepage.SettingsHomepageActivity
02-17 08:42:05.515 E/ActivityThread(16130): Failed to find provider info for com.google.android.gms.nearby.fastpair
02-17 08:42:05.516 E/ActivityThread(16130): Failed to find provider info for com.google.android.gms.nearby.fastpair
02-17 08:42:05.615 W/FreeFormWindowHelper( 1524): Current Display FreeFormTask is null
02-17 08:42:05.617 W/ContextImpl( 2121): Calling a method in the system process without a qualified user: android.app.ContextImpl.startService:1816 android.content.ContextWrapper.startService:774 com.thundercomm.gamemode.ingame.services.GameModeActionUtils.startGameModeService:111 com.thundercomm.gamemode.ingame.services.GameModeActionUtils.startGameModeEntry:22 com.thundercomm.gamemode.ingame.services.ActivityMonitoringService$1.onActivityLaunch:139
02-17 08:42:05.618 I/GameModeConfig( 1524): Current uri is uri = content://com.thundercomm.gamemode.api/gamemode_settings/gamemode_isgaming
02-17 08:42:05.619 I/GameModeConfig( 1524): isGameModeOn = false
02-17 08:42:05.619 I/GameModeConfig( 1524): isGameModeOn = false
02-17 08:42:05.619 I/GameModeConfig( 1524): isDisableVoice = true
02-17 08:42:05.752 E/UserRestrictionsUtils( 1524): Unknown restriction queried by uid 1000 (com.android.localtransport et al): null
02-17 08:42:05.783 E/ActivityThread(16130): Failed to find provider info for com.google.android.gms.nearby.fastpair
02-17 08:42:05.783 E/ActivityThread(16130): Failed to find provider info for com.google.android.gms.nearby.fastpair
02-17 08:42:06.008 I/GameModeConfig( 1524): isGameModeOn = false
02-17 08:42:06.008 I/GameModeConfig( 1524): isGameModeOn = false
02-17 08:42:06.008 I/GameModeConfig( 1524): isGameModeOn = false
02-17 08:42:06.008 I/GameModeConfig( 1524): isGameModeOn = false
02-17 08:42:06.008 I/GameModeConfig( 1524): isGameModeOn = false
02-17 08:42:06.009 I/GameModeConfig( 1524): isGameModeOn = false
02-17 08:42:06.046 W/ContextImpl( 2121): Calling a method in the system process without a qualified user: android.app.ContextImpl.startService:1816 android.content.ContextWrapper.startService:774 com.thundercomm.gamemode.ingame.services.GameModeActionUtils.startGameModeService:111 com.thundercomm.gamemode.ingame.services.GameModeActionUtils.startGameModeEntry:22 com.thundercomm.gamemode.ingame.services.ActivityMonitoringService$1.onActivityLaunch:139
02-17 08:42:06.047 I/GameModeConfig( 1524): Current uri is uri = content://com.thundercomm.gamemode.api/gamemode_settings/gamemode_isgaming
02-17 08:42:06.047 I/GameModeConfig( 1524): isGameModeOn = false
02-17 08:42:06.047 I/GameModeConfig( 1524): isGameModeOn = false
02-17 08:42:06.048 I/GameModeConfig( 1524): isDisableVoice = true
02-17 08:42:06.061 W/ActivityTaskManager( 1524): Can't find TaskDisplayArea to determine support for multi window. Task id=107 attached=false
02-17 08:42:06.061 W/ActivityTaskManager( 1524): Can't find TaskDisplayArea to determine support for multi window. Task id=107 attached=false
02-17 08:42:06.209 I/GameModeConfig( 1524): isGameModeOn = false
02-17 08:42:06.379 W/FreeFormWindowHelper( 1524): Current Display FreeFormTask is null
01-01 12:52:46.525 E/DTC_ETH,link_delay_work_func( 0): 3003, SQI=0, link=0
02-17 08:42:06.385 W/ContextImpl( 2121): Calling a method in the system process without a qualified user: android.app.ContextImpl.startService:1816 android.content.ContextWrapper.startService:774 com.thundercomm.gamemode.ingame.services.GameModeActionUtils.startGameModeService:111 com.thundercomm.gamemode.ingame.services.GameModeActionUtils.startGameModeEntry:22 com.thundercomm.gamemode.ingame.services.ActivityMonitoringService$1.onActivityLaunch:139
02-17 08:42:06.387 I/GameModeConfig( 1524): Current uri is uri = content://com.thundercomm.gamemode.api/gamemode_settings/gamemode_isgaming
02-17 08:42:06.387 I/GameModeConfig( 1524): isGameModeOn = false
02-17 08:42:06.387 I/GameModeConfig( 1524): isGameModeOn = false
02-17 08:42:06.387 I/GameModeConfig( 1524): isDisableVoice = true
02-17 08:42:06.392 W/FreeFormWindowHelper( 1524): Current Display FreeFormTask is null
02-17 08:42:06.393 W/FreeFormWindowHelper( 1524): Current Display FreeFormTask is null
02-17 08:42:06.411 W/FreeFormWindowHelper( 1524): Current Display FreeFormTask is null
02-17 08:42:06.411 W/FreeFormWindowHelper( 1524): Current Display FreeFormTask is null
02-17 08:42:06.425 W/FreeFormWindowHelper( 1524): Current Display FreeFormTask is null
02-17 08:42:06.425 W/FreeFormWindowHelper( 1524): Current Display FreeFormTask is null
02-17 08:42:06.442 W/FreeFormWindowHelper( 1524): Current Display FreeFormTask is null
02-17 08:42:06.442 W/FreeFormWindowHelper( 1524): Current Display FreeFormTask is null
02-17 08:42:06.458 W/FreeFormWindowHelper( 1524): Current Display FreeFormTask is null
02-17 08:42:06.458 W/FreeFormWindowHelper( 1524): Current Display FreeFormTask is null
02-17 08:42:06.492 W/FreeFormWindowHelper( 1524): Current Display FreeFormTask is null
02-17 08:42:06.492 W/FreeFormWindowHelper( 1524): Current Display FreeFormTask is null
02-17 08:42:06.492 W/FreeFormWindowHelper( 1524): Current Display FreeFormTask is null
02-17 08:42:06.509 W/FreeFormWindowHelper( 1524): Current Display FreeFormTask is null
02-17 08:42:06.509 W/FreeFormWindowHelper( 1524): Current Display FreeFormTask is null
02-17 08:42:06.528 W/FreeFormWindowHelper( 1524): Current Display FreeFormTask is null
02-17 08:42:06.528 W/FreeFormWindowHelper( 1524): Current Display FreeFormTask is null
02-17 08:42:06.544 W/FreeFormWindowHelper( 1524): Current Display FreeFormTask is null
02-17 08:42:06.544 W/FreeFormWindowHelper( 1524): Current Display FreeFormTask is null
02-17 08:42:06.560 W/FreeFormWindowHelper( 1524): Current Display FreeFormTask is null
02-17 08:42:06.560 W/FreeFormWindowHelper( 1524): Current Display FreeFormTask is null
02-17 08:42:06.576 W/FreeFormWindowHelper( 1524): Current Display FreeFormTask is null
02-17 08:42:06.576 W/FreeFormWindowHelper( 1524): Current Display FreeFormTask is null
02-17 08:42:06.692 W/FreeFormWindowHelper( 1524): exitRecentTasks type=0
02-17 08:42:06.694 W/FreeFormWindowHelper( 1524): Current Display FreeFormTask is null
02-17 08:42:06.694 W/FreeFormWindowHelper( 1524): Current Display FreeFormTask is null
02-17 08:42:07.278 W/FreeFormWindowHelper( 1524): Current Display FreeFormTask is null
02-17 08:42:07.278 W/FreeFormWindowHelper( 1524): Current Display FreeFormTask is null
02-17 08:42:07.282 I/ActivityTaskManager( 1524): FOREGROUND_APPLICATION_CHANGED to com.android.launcher3.uioverrides.QuickstepLauncher
02-17 08:42:07.317 W/ContextImpl( 2121): Calling a method in the system process without a qualified user: android.app.ContextImpl.startService:1816 android.content.ContextWrapper.startService:774 com.thundercomm.gamemode.ingame.services.GameModeActionUtils.startGameModeService:111 com.thundercomm.gamemode.ingame.services.GameModeActionUtils.startGameModeEntry:22 com.thundercomm.gamemode.ingame.services.ActivityMonitoringService$1.onActivityLaunch:139
02-17 08:42:07.318 I/GameModeConfig( 1524): Current uri is uri = content://com.thundercomm.gamemode.api/gamemode_settings/gamemode_isgaming
02-17 08:42:07.319 I/GameModeConfig( 1524): isGameModeOn = false
02-17 08:42:07.319 I/GameModeConfig( 1524): isGameModeOn = false
02-17 08:42:07.319 I/GameModeConfig( 1524): isDisableVoice = true
02-17 08:42:07.388 W/FreeFormWindowHelper( 1524): Current Display FreeFormTask is null
02-17 08:42:07.389 W/ContextImpl( 2121): Calling a method in the system process without a qualified user: android.app.ContextImpl.startService:1816 android.content.ContextWrapper.startService:774 com.thundercomm.gamemode.ingame.services.GameModeActionUtils.startGameModeService:111 com.thundercomm.gamemode.ingame.services.GameModeActionUtils.startGameModeEntry:22 com.thundercomm.gamemode.ingame.services.ActivityMonitoringService$1.onActivityLaunch:139
02-17 08:42:07.390 I/GameModeConfig( 1524): Current uri is uri = content://com.thundercomm.gamemode.api/gamemode_settings/gamemode_isgaming
02-17 08:42:07.391 I/GameModeConfig( 1524): isGameModeOn = false
02-17 08:42:07.391 I/GameModeConfig( 1524): isGameModeOn = false
02-17 08:42:07.391 I/GameModeConfig( 1524): isDisableVoice = true
02-17 08:42:07.630 I/GameModeConfig( 1524): isGameModeOn = false
02-17 08:42:07.825 I/GameModeConfig( 1524): isGameModeOn = false
02-17 08:42:08.287 I/ActivityTaskManager( 1524): START u0 {act=android.settings.BLUETOOTH_SETTINGS flg=0x14000000 cmp=com.android.settings/.Settings$ConnectedDeviceDashboardActivity} from uid 10080
02-17 08:42:08.292 W/ActivityTaskManager( 1524): Can't find TaskDisplayArea to determine support for multi window. Task id=108 attached=false
02-17 08:42:08.300 I/ActivityTaskManager( 1524): FOREGROUND_APPLICATION_CHANGED to com.android.settings.Settings$ConnectedDeviceDashboardActivity
02-17 08:42:08.300 I/ActivityTaskManager( 1524): The Process com.android.settings Already Exists in BG. So sending its PID: 16130
02-17 08:42:08.300 W/ActivityTaskManager( 1524): Tried to set launchTime (0) < mLastActivityLaunchTime (17563237)
02-17 08:42:08.306 W/ContextImpl( 2121): Calling a method in the system process without a qualified user: android.app.ContextImpl.startService:1816 android.content.ContextWrapper.startService:774 com.thundercomm.gamemode.ingame.services.GameModeActionUtils.startGameModeService:111 com.thundercomm.gamemode.ingame.services.GameModeActionUtils.startGameModeEntry:22 com.thundercomm.gamemode.ingame.services.ActivityMonitoringService$1.onActivityLaunch:139
02-17 08:42:08.307 I/GameModeConfig( 1524): Current uri is uri = content://com.thundercomm.gamemode.api/gamemode_settings/gamemode_isgaming
02-17 08:42:08.308 I/GameModeConfig( 1524): isGameModeOn = false
02-17 08:42:08.308 I/GameModeConfig( 1524): isGameModeOn = false
02-17 08:42:08.308 I/GameModeConfig( 1524): isDisableVoice = true
02-17 08:42:08.311 I/thunderperf( 1524): PlatormCompat.setOverrides: Uid1=1000 Pid1=16130 Uid2=1000 Pid2=16130
02-17 08:42:08.311 I/thunderperf( 1524): PlatormCompat.setOverrides: needCheck:false
02-17 08:42:08.311 I/thunderperf( 1524): CompatConfig.addOverrideUnsafe: bef-state=0
02-17 08:42:08.311 I/thunderperf( 1524): CompatConfig.addOverrideUnsafe: aft-state=0
02-17 08:42:08.311 I/thunderperf( 1524): CompatConfig.addOverrideUnsafe: bef-state=0
02-17 08:42:08.311 I/thunderperf( 1524): CompatConfig.addOverrideUnsafe: aft-state=0
02-17 08:42:08.312 I/thunderperf( 1524): CompatConfig.addOverrideUnsafe: bef-state=0
02-17 08:42:08.312 I/thunderperf( 1524): CompatConfig.addOverrideUnsafe: aft-state=0
02-17 08:42:08.312 I/thunderperf( 1524): CompatConfig.addOverrideUnsafe: bef-state=0
02-17 08:42:08.312 I/thunderperf( 1524): CompatConfig.addOverrideUnsafe: aft-state=0
02-17 08:42:08.312 I/thunderperf( 1524): CompatConfig.addOverrideUnsafe: bef-state=0
02-17 08:42:08.312 I/thunderperf( 1524): CompatConfig.addOverrideUnsafe: aft-state=0
02-17 08:42:08.312 I/thunderperf( 1524): CompatConfig.addOverrideUnsafe: bef-state=0
02-17 08:42:08.312 I/thunderperf( 1524): CompatConfig.addOverrideUnsafe: aft-state=0
02-17 08:42:08.312 I/thunderperf( 1524): CompatConfig.addOverrideUnsafe: bef-state=0
02-17 08:42:08.312 I/thunderperf( 1524): CompatConfig.addOverrideUnsafe: aft-state=0
02-17 08:42:08.312 I/thunderperf( 1524): CompatConfig.addOverrideUnsafe: bef-state=0
02-17 08:42:08.312 I/thunderperf( 1524): CompatConfig.addOverrideUnsafe: aft-state=0
02-17 08:42:08.313 I/thunderperf( 1524): CompatConfig.addOverrideUnsafe: bef-state=0
02-17 08:42:08.313 I/thunderperf( 1524): CompatConfig.addOverrideUnsafe: aft-state=0
02-17 08:42:08.313 I/thunderperf( 1524): CompatConfig.addOverrideUnsafe: bef-state=0
02-17 08:42:08.313 I/thunderperf( 1524): CompatConfig.addOverrideUnsafe: aft-state=0
02-17 08:42:08.313 I/thunderperf( 1524): CompatConfig.addOverrideUnsafe: bef-state=0
02-17 08:42:08.313 I/thunderperf( 1524): CompatConfig.addOverrideUnsafe: aft-state=0
02-17 08:42:08.313 I/thunderperf( 1524): CompatConfig.addOverrideUnsafe: bef-state=0
02-17 08:42:08.313 I/thunderperf( 1524): CompatConfig.addOverrideUnsafe: aft-state=0
02-17 08:42:08.313 I/thunderperf( 1524): CompatConfig.addOverrideUnsafe: bef-state=0
02-17 08:42:08.314 I/thunderperf( 1524): CompatConfig.addOverrideUnsafe: aft-state=0
02-17 08:42:08.314 I/thunderperf( 1524): CompatConfig.addOverrideUnsafe: bef-state=0
02-17 08:42:08.314 I/thunderperf( 1524): CompatConfig.addOverrideUnsafe: aft-state=0
02-17 08:42:08.315 I/ActivityTaskManager( 1524): START u0 {act=android.settings.BLUETOOTH_SETTINGS flg=0x14000000 cmp=com.android.settings/.homepage.SettingsHomepageActivity (has extras)} from uid 1000
02-17 08:42:08.320 I/ActivityTaskManager( 1524): FOREGROUND_APPLICATION_CHANGED to com.android.settings.homepage.SettingsHomepageActivity
02-17 08:42:08.324 E/ActivityThread(16130): Failed to find provider info for com.google.android.gms.nearby.fastpair
02-17 08:42:08.325 E/ActivityThread(16130): Failed to find provider info for com.google.android.gms.nearby.fastpair
02-17 08:42:08.386 W/StartingSurfaceDrawer( 1999): Window background is transparent, fill background with black color
02-17 08:42:08.389 W/ActivityTaskManager( 1524): Can't find TaskDisplayArea to determine support for multi window. Task id=108 attached=false
02-17 08:42:08.389 W/ActivityTaskManager( 1524): Can't find TaskDisplayArea to determine support for multi window. Task id=108 attached=false
02-17 08:42:08.424 W/FreeFormWindowHelper( 1524): Current Display FreeFormTask is null
02-17 08:42:08.426 W/ContextImpl( 2121): Calling a method in the system process without a qualified user: android.app.ContextImpl.startService:1816 android.content.ContextWrapper.startService:774 com.thundercomm.gamemode.ingame.services.GameModeActionUtils.startGameModeService:111 com.thundercomm.gamemode.ingame.services.GameModeActionUtils.startGameModeEntry:22 com.thundercomm.gamemode.ingame.services.ActivityMonitoringService$1.onActivityLaunch:139
02-17 08:42:08.427 I/GameModeConfig( 1524): Current uri is uri = content://com.thundercomm.gamemode.api/gamemode_settings/gamemode_isgaming
02-17 08:42:08.427 I/GameModeConfig( 1524): isGameModeOn = false
02-17 08:42:08.427 I/GameModeConfig( 1524): isGameModeOn = false
02-17 08:42:08.427 I/GameModeConfig( 1524): isDisableVoice = true
02-17 08:42:08.564 E/UserRestrictionsUtils( 1524): Unknown restriction queried by uid 1000 (com.android.localtransport et al): null
02-17 08:42:08.596 E/ActivityThread(16130): Failed to find provider info for com.google.android.gms.nearby.fastpair
02-17 08:42:08.596 E/ActivityThread(16130): Failed to find provider info for com.google.android.gms.nearby.fastpair
02-17 08:42:08.899 I/GameModeConfig( 1524): isGameModeOn = false
02-17 08:42:08.899 I/GameModeConfig( 1524): isGameModeOn = false
02-17 08:42:08.899 I/GameModeConfig( 1524): isGameModeOn = false
02-17 08:42:08.899 I/GameModeConfig( 1524): isGameModeOn = false
02-17 08:42:08.899 I/GameModeConfig( 1524): isGameModeOn = false
02-17 08:42:08.899 I/GameModeConfig( 1524): isGameModeOn = false
02-17 08:42:08.935 W/ContextImpl( 2121): Calling a method in the system process without a qualified user: android.app.ContextImpl.startService:1816 android.content.ContextWrapper.startService:774 com.thundercomm.gamemode.ingame.services.GameModeActionUtils.startGameModeService:111 com.thundercomm.gamemode.ingame.services.GameModeActionUtils.startGameModeEntry:22 com.thundercomm.gamemode.ingame.services.ActivityMonitoringService$1.onActivityLaunch:139
02-17 08:42:08.937 I/GameModeConfig( 1524): Current uri is uri = content://com.thundercomm.gamemode.api/gamemode_settings/gamemode_isgaming
02-17 08:42:08.937 I/GameModeConfig( 1524): isGameModeOn = false
02-17 08:42:08.938 I/GameModeConfig( 1524): isGameModeOn = false
02-17 08:42:08.938 I/GameModeConfig( 1524): isDisableVoice = true
02-17 08:42:09.100 I/GameModeConfig( 1524): isGameModeOn = false
02-17 08:42:09.223 W/FreeFormWindowHelper( 1524): Current Display FreeFormTask is null
02-17 08:42:09.229 W/ContextImpl( 2121): Calling a method in the system process without a qualified user: android.app.ContextImpl.startService:1816 android.content.ContextWrapper.startService:774 com.thundercomm.gamemode.ingame.services.GameModeActionUtils.startGameModeService:111 com.thundercomm.gamemode.ingame.services.GameModeActionUtils.startGameModeEntry:22 com.thundercomm.gamemode.ingame.services.ActivityMonitoringService$1.onActivityLaunch:139
02-17 08:42:09.230 I/GameModeConfig( 1524): Current uri is uri = content://com.thundercomm.gamemode.api/gamemode_settings/gamemode_isgaming
02-17 08:42:09.231 I/GameModeConfig( 1524): isGameModeOn = false
02-17 08:42:09.231 I/GameModeConfig( 1524): isGameModeOn = false
02-17 08:42:09.231 I/GameModeConfig( 1524): isDisableVoice = true
02-17 08:42:09.233 W/FreeFormWindowHelper( 1524): Current Display FreeFormTask is null
02-17 08:42:09.233 W/FreeFormWindowHelper( 1524): Current Display FreeFormTask is null
02-17 08:42:09.253 W/FreeFormWindowHelper( 1524): Current Display FreeFormTask is null
02-17 08:42:09.253 W/FreeFormWindowHelper( 1524): Current Display FreeFormTask is null
02-17 08:42:09.265 W/FreeFormWindowHelper( 1524): Current Display FreeFormTask is null
02-17 08:42:09.265 W/FreeFormWindowHelper( 1524): Current Display FreeFormTask is null
02-17 08:42:09.281 W/FreeFormWindowHelper( 1524): Current Display FreeFormTask is null
02-17 08:42:09.282 W/FreeFormWindowHelper( 1524): Current Display FreeFormTask is null
02-17 08:42:09.316 W/FreeFormWindowHelper( 1524): Current Display FreeFormTask is null
02-17 08:42:09.316 W/FreeFormWindowHelper( 1524): Current Display FreeFormTask is null
02-17 08:42:09.317 W/FreeFormWindowHelper( 1524): Current Display FreeFormTask is null
02-17 08:42:09.332 W/FreeFormWindowHelper( 1524): Current Display FreeFormTask is null
02-17 08:42:09.332 W/FreeFormWindowHelper( 1524): Current Display FreeFormTask is null
02-17 08:42:09.350 W/FreeFormWindowHelper( 1524): Current Display FreeFormTask is null
02-17 08:42:09.351 W/FreeFormWindowHelper( 1524): Current Display FreeFormTask is null
02-17 08:42:09.366 W/FreeFormWindowHelper( 1524): Current Display FreeFormTask is null
02-17 08:42:09.366 W/FreeFormWindowHelper( 1524): Current Display FreeFormTask is null
02-17 08:42:09.382 W/FreeFormWindowHelper( 1524): Current Display FreeFormTask is null
02-17 08:42:09.382 W/FreeFormWindowHelper( 1524): Current Display FreeFormTask is null
02-17 08:42:09.399 W/FreeFormWindowHelper( 1524): Current Display FreeFormTask is null
02-17 08:42:09.400 W/FreeFormWindowHelper( 1524): Current Display FreeFormTask is null
02-17 08:42:09.536 W/FreeFormWindowHelper( 1524): exitRecentTasks type=0
02-17 08:42:09.549 W/FreeFormWindowHelper( 1524): Current Display FreeFormTask is null
02-17 08:42:09.549 W/FreeFormWindowHelper( 1524): Current Display FreeFormTask is null
02-17 08:42:09.990 E/TaskPersister( 1524): File error accessing recents directory (directory doesn't exist?).
02-17 08:42:10.134 W/FreeFormWindowHelper( 1524): Current Display FreeFormTask is null
02-17 08:42:10.134 W/FreeFormWindowHelper( 1524): Current Display FreeFormTask is null
02-17 08:42:10.138 I/ActivityTaskManager( 1524): FOREGROUND_APPLICATION_CHANGED to com.android.launcher3.uioverrides.QuickstepLauncher
02-17 08:42:10.174 W/ContextImpl( 2121): Calling a method in the system process without a qualified user: android.app.ContextImpl.startService:1816 android.content.ContextWrapper.startService:774 com.thundercomm.gamemode.ingame.services.GameModeActionUtils.startGameModeService:111 com.thundercomm.gamemode.ingame.services.GameModeActionUtils.startGameModeEntry:22 com.thundercomm.gamemode.ingame.services.ActivityMonitoringService$1.onActivityLaunch:139
02-17 08:42:10.176 I/GameModeConfig( 1524): Current uri is uri = content://com.thundercomm.gamemode.api/gamemode_settings/gamemode_isgaming
02-17 08:42:10.178 I/GameModeConfig( 1524): isGameModeOn = false
02-17 08:42:10.179 I/GameModeConfig( 1524): isGameModeOn = false
02-17 08:42:10.179 I/GameModeConfig( 1524): isDisableVoice = true
02-17 08:42:10.245 W/FreeFormWindowHelper( 1524): Current Display FreeFormTask is null
02-17 08:42:10.246 W/ContextImpl( 2121): Calling a method in the system process without a qualified user: android.app.ContextImpl.startService:1816 android.content.ContextWrapper.startService:774 com.thundercomm.gamemode.ingame.services.GameModeActionUtils.startGameModeService:111 com.thundercomm.gamemode.ingame.services.GameModeActionUtils.startGameModeEntry:22 com.thundercomm.gamemode.ingame.services.ActivityMonitoringService$1.onActivityLaunch:139
02-17 08:42:10.247 I/GameModeConfig( 1524): Current uri is uri = content://com.thundercomm.gamemode.api/gamemode_settings/gamemode_isgaming
02-17 08:42:10.249 I/GameModeConfig( 1524): isGameModeOn = false
02-17 08:42:10.249 I/GameModeConfig( 1524): isGameModeOn = false
02-17 08:42:10.249 I/GameModeConfig( 1524): isDisableVoice = true
02-17 08:42:10.402 I/GameModeConfig( 1524): isGameModeOn = false
02-17 08:42:10.596 I/GameModeConfig( 1524): isGameModeOn = false
02-17 08:42:11.200 I/ActivityTaskManager( 1524): START u0 {act=android.settings.BLUETOOTH_SETTINGS flg=0x14000000 cmp=com.android.settings/.Settings$ConnectedDeviceDashboardActivity} from uid 10080
02-17 08:42:11.204 W/ActivityTaskManager( 1524): Can't find TaskDisplayArea to determine support for multi window. Task id=109 attached=false
02-17 08:42:11.209 I/ActivityTaskManager( 1524): FOREGROUND_APPLICATION_CHANGED to com.android.settings.Settings$ConnectedDeviceDashboardActivity
02-17 08:42:11.209 I/ActivityTaskManager( 1524): The Process com.android.settings Already Exists in BG. So sending its PID: 16130
02-17 08:42:11.209 W/ActivityTaskManager( 1524): Tried to set launchTime (0) < mLastActivityLaunchTime (17566050)
02-17 08:42:11.219 W/ContextImpl( 2121): Calling a method in the system process without a qualified user: android.app.ContextImpl.startService:1816 android.content.ContextWrapper.startService:774 com.thundercomm.gamemode.ingame.services.GameModeActionUtils.startGameModeService:111 com.thundercomm.gamemode.ingame.services.GameModeActionUtils.startGameModeEntry:22 com.thundercomm.gamemode.ingame.services.ActivityMonitoringService$1.onActivityLaunch:139
02-17 08:42:11.221 I/thunderperf( 1524): PlatormCompat.setOverrides: Uid1=1000 Pid1=16130 Uid2=1000 Pid2=16130
02-17 08:42:11.221 I/thunderperf( 1524): PlatormCompat.setOverrides: needCheck:false
02-17 08:42:11.221 I/thunderperf( 1524): CompatConfig.addOverrideUnsafe: bef-state=0
02-17 08:42:11.221 I/thunderperf( 1524): CompatConfig.addOverrideUnsafe: aft-state=0
02-17 08:42:11.222 I/thunderperf( 1524): CompatConfig.addOverrideUnsafe: bef-state=0
02-17 08:42:11.222 I/thunderperf( 1524): CompatConfig.addOverrideUnsafe: aft-state=0
02-17 08:42:11.222 I/thunderperf( 1524): CompatConfig.addOverrideUnsafe: bef-state=0
02-17 08:42:11.222 I/thunderperf( 1524): CompatConfig.addOverrideUnsafe: aft-state=0
02-17 08:42:11.223 I/thunderperf( 1524): CompatConfig.addOverrideUnsafe: bef-state=0
02-17 08:42:11.223 I/thunderperf( 1524): CompatConfig.addOverrideUnsafe: aft-state=0
02-17 08:42:11.223 I/thunderperf( 1524): CompatConfig.addOverrideUnsafe: bef-state=0
02-17 08:42:11.223 I/thunderperf( 1524): CompatConfig.addOverrideUnsafe: aft-state=0
02-17 08:42:11.224 I/thunderperf( 1524): CompatConfig.addOverrideUnsafe: bef-state=0
02-17 08:42:11.224 I/thunderperf( 1524): CompatConfig.addOverrideUnsafe: aft-state=0
02-17 08:42:11.224 I/GameModeConfig( 1524): Current uri is uri = content://com.thundercomm.gamemode.api/gamemode_settings/gamemode_isgaming
02-17 08:42:11.224 I/thunderperf( 1524): CompatConfig.addOverrideUnsafe: bef-state=0
02-17 08:42:11.224 I/thunderperf( 1524): CompatConfig.addOverrideUnsafe: aft-state=0
02-17 08:42:11.224 I/thunderperf( 1524): CompatConfig.addOverrideUnsafe: bef-state=0
02-17 08:42:11.224 I/thunderperf( 1524): CompatConfig.addOverrideUnsafe: aft-state=0
02-17 08:42:11.224 I/thunderperf( 1524): CompatConfig.addOverrideUnsafe: bef-state=0
02-17 08:42:11.224 I/thunderperf( 1524): CompatConfig.addOverrideUnsafe: aft-state=0
02-17 08:42:11.225 I/thunderperf( 1524): CompatConfig.addOverrideUnsafe: bef-state=0
02-17 08:42:11.225 I/thunderperf( 1524): CompatConfig.addOverrideUnsafe: aft-state=0
02-17 08:42:11.225 I/GameModeConfig( 1524): isGameModeOn = false
02-17 08:42:11.225 I/GameModeConfig( 1524): isGameModeOn = false
02-17 08:42:11.225 I/GameModeConfig( 1524): isDisableVoice = true
02-17 08:42:11.225 I/thunderperf( 1524): CompatConfig.addOverrideUnsafe: bef-state=0
02-17 08:42:11.225 I/thunderperf( 1524): CompatConfig.addOverrideUnsafe: aft-state=0
02-17 08:42:11.225 I/thunderperf( 1524): CompatConfig.addOverrideUnsafe: bef-state=0
02-17 08:42:11.225 I/thunderperf( 1524): CompatConfig.addOverrideUnsafe: aft-state=0
02-17 08:42:11.226 I/thunderperf( 1524): CompatConfig.addOverrideUnsafe: bef-state=0
02-17 08:42:11.226 I/thunderperf( 1524): CompatConfig.addOverrideUnsafe: aft-state=0
02-17 08:42:11.226 I/thunderperf( 1524): CompatConfig.addOverrideUnsafe: bef-state=0
02-17 08:42:11.226 I/thunderperf( 1524): CompatConfig.addOverrideUnsafe: aft-state=0
02-17 08:42:11.228 I/ActivityTaskManager( 1524): START u0 {act=android.settings.BLUETOOTH_SETTINGS flg=0x14000000 cmp=com.android.settings/.homepage.SettingsHomepageActivity (has extras)} from uid 1000
02-17 08:42:11.233 I/ActivityTaskManager( 1524): FOREGROUND_APPLICATION_CHANGED to com.android.settings.homepage.SettingsHomepageActivity
02-17 08:42:11.237 E/ActivityThread(16130): Failed to find provider info for com.google.android.gms.nearby.fastpair
02-17 08:42:11.237 E/ActivityThread(16130): Failed to find provider info for com.google.android.gms.nearby.fastpair
02-17 08:42:11.336 W/FreeFormWindowHelper( 1524): Current Display FreeFormTask is null
02-17 08:42:11.339 W/ContextImpl( 2121): Calling a method in the system process without a qualified user: android.app.ContextImpl.startService:1816 android.content.ContextWrapper.startService:774 com.thundercomm.gamemode.ingame.services.GameModeActionUtils.startGameModeService:111 com.thundercomm.gamemode.ingame.services.GameModeActionUtils.startGameModeEntry:22 com.thundercomm.gamemode.ingame.services.ActivityMonitoringService$1.onActivityLaunch:139
02-17 08:42:11.340 I/GameModeConfig( 1524): Current uri is uri = content://com.thundercomm.gamemode.api/gamemode_settings/gamemode_isgaming
02-17 08:42:11.341 I/GameModeConfig( 1524): isGameModeOn = false
02-17 08:42:11.341 I/GameModeConfig( 1524): isGameModeOn = false
02-17 08:42:11.341 I/GameModeConfig( 1524): isDisableVoice = true
02-17 08:42:11.478 E/UserRestrictionsUtils( 1524): Unknown restriction queried by uid 1000 (com.android.localtransport et al): null
01-01 12:52:51.645 E/DTC_ETH,link_delay_work_func( 0): 3003, SQI=0, link=0
02-17 08:42:11.510 E/ActivityThread(16130): Failed to find provider info for com.google.android.gms.nearby.fastpair
02-17 08:42:11.510 E/ActivityThread(16130): Failed to find provider info for com.google.android.gms.nearby.fastpair
02-17 08:42:11.738 I/GameModeConfig( 1524): isGameModeOn = false
02-17 08:42:11.738 I/GameModeConfig( 1524): isGameModeOn = false
02-17 08:42:11.739 I/GameModeConfig( 1524): isGameModeOn = false
02-17 08:42:11.739 I/GameModeConfig( 1524): isGameModeOn = false
02-17 08:42:11.739 I/GameModeConfig( 1524): isGameModeOn = false
02-17 08:42:11.739 I/GameModeConfig( 1524): isGameModeOn = false
02-17 08:42:11.776 W/ContextImpl( 2121): Calling a method in the system process without a qualified user: android.app.ContextImpl.startService:1816 android.content.ContextWrapper.startService:774 com.thundercomm.gamemode.ingame.services.GameModeActionUtils.startGameModeService:111 com.thundercomm.gamemode.ingame.services.GameModeActionUtils.startGameModeEntry:22 com.thundercomm.gamemode.ingame.services.ActivityMonitoringService$1.onActivityLaunch:139
02-17 08:42:11.777 I/GameModeConfig( 1524): Current uri is uri = content://com.thundercomm.gamemode.api/gamemode_settings/gamemode_isgaming
02-17 08:42:11.778 I/GameModeConfig( 1524): isGameModeOn = false
02-17 08:42:11.778 I/GameModeConfig( 1524): isGameModeOn = false
02-17 08:42:11.778 I/GameModeConfig( 1524): isDisableVoice = true
02-17 08:42:11.792 W/ActivityTaskManager( 1524): Can't find TaskDisplayArea to determine support for multi window. Task id=109 attached=false
02-17 08:42:11.792 W/ActivityTaskManager( 1524): Can't find TaskDisplayArea to determine support for multi window. Task id=109 attached=false
02-17 08:42:11.940 I/GameModeConfig( 1524): isGameModeOn = false
02-17 08:42:12.108 W/FreeFormWindowHelper( 1524): Current Display FreeFormTask is null
02-17 08:42:12.115 W/ContextImpl( 2121): Calling a method in the system process without a qualified user: android.app.ContextImpl.startService:1816 android.content.ContextWrapper.startService:774 com.thundercomm.gamemode.ingame.services.GameModeActionUtils.startGameModeService:111 com.thundercomm.gamemode.ingame.services.GameModeActionUtils.startGameModeEntry:22 com.thundercomm.gamemode.ingame.services.ActivityMonitoringService$1.onActivityLaunch:139
02-17 08:42:12.116 I/GameModeConfig( 1524): Current uri is uri = content://com.thundercomm.gamemode.api/gamemode_settings/gamemode_isgaming
02-17 08:42:12.116 I/GameModeConfig( 1524): isGameModeOn = false
02-17 08:42:12.116 I/GameModeConfig( 1524): isGameModeOn = false
02-17 08:42:12.116 I/GameModeConfig( 1524): isDisableVoice = true
02-17 08:42:12.123 W/FreeFormWindowHelper( 1524): Current Display FreeFormTask is null
02-17 08:42:12.123 W/FreeFormWindowHelper( 1524): Current Display FreeFormTask is null
02-17 08:42:12.142 W/FreeFormWindowHelper( 1524): Current Display FreeFormTask is null
02-17 08:42:12.142 W/FreeFormWindowHelper( 1524): Current Display FreeFormTask is null
02-17 08:42:12.156 W/FreeFormWindowHelper( 1524): Current Display FreeFormTask is null
02-17 08:42:12.156 W/FreeFormWindowHelper( 1524): Current Display FreeFormTask is null
02-17 08:42:12.172 W/FreeFormWindowHelper( 1524): Current Display FreeFormTask is null
02-17 08:42:12.172 W/FreeFormWindowHelper( 1524): Current Display FreeFormTask is null
02-17 08:42:12.191 W/FreeFormWindowHelper( 1524): Current Display FreeFormTask is null
02-17 08:42:12.191 W/FreeFormWindowHelper( 1524): Current Display FreeFormTask is null
02-17 08:42:12.192 W/FreeFormWindowHelper( 1524): Current Display FreeFormTask is null
02-17 08:42:12.206 W/FreeFormWindowHelper( 1524): Current Display FreeFormTask is null
02-17 08:42:12.206 W/FreeFormWindowHelper( 1524): Current Display FreeFormTask is null
02-17 08:42:12.223 W/FreeFormWindowHelper( 1524): Current Display FreeFormTask is null
02-17 08:42:12.223 W/FreeFormWindowHelper( 1524): Current Display FreeFormTask is null
02-17 08:42:12.239 W/FreeFormWindowHelper( 1524): Current Display FreeFormTask is null
02-17 08:42:12.239 W/FreeFormWindowHelper( 1524): Current Display FreeFormTask is null
02-17 08:42:12.258 W/FreeFormWindowHelper( 1524): Current Display FreeFormTask is null
02-17 08:42:12.260 W/FreeFormWindowHelper( 1524): Current Display FreeFormTask is null
02-17 08:42:12.273 W/FreeFormWindowHelper( 1524): Current Display FreeFormTask is null
02-17 08:42:12.273 W/FreeFormWindowHelper( 1524): Current Display FreeFormTask is null
02-17 08:42:12.289 W/FreeFormWindowHelper( 1524): Current Display FreeFormTask is null
02-17 08:42:12.289 W/FreeFormWindowHelper( 1524): Current Display FreeFormTask is null
02-17 08:42:12.367 W/FreeFormWindowHelper( 1524): exitRecentTasks type=0
02-17 08:42:12.373 W/FreeFormWindowHelper( 1524): Current Display FreeFormTask is null
02-17 08:42:12.373 W/FreeFormWindowHelper( 1524): Current Display FreeFormTask is null
02-17 08:42:12.924 W/FreeFormWindowHelper( 1524): Current Display FreeFormTask is null
02-17 08:42:12.924 W/FreeFormWindowHelper( 1524): Current Display FreeFormTask is null
02-17 08:42:12.928 I/ActivityTaskManager( 1524): FOREGROUND_APPLICATION_CHANGED to com.android.launcher3.uioverrides.QuickstepLauncher
02-17 08:42:12.964 W/ContextImpl( 2121): Calling a method in the system process without a qualified user: android.app.ContextImpl.startService:1816 android.content.ContextWrapper.startService:774 com.thundercomm.gamemode.ingame.services.GameModeActionUtils.startGameModeService:111 com.thundercomm.gamemode.ingame.services.GameModeActionUtils.startGameModeEntry:22 com.thundercomm.gamemode.ingame.services.ActivityMonitoringService$1.onActivityLaunch:139
02-17 08:42:12.965 I/GameModeConfig( 1524): Current uri is uri = content://com.thundercomm.gamemode.api/gamemode_settings/gamemode_isgaming
02-17 08:42:12.966 I/GameModeConfig( 1524): isGameModeOn = false
02-17 08:42:12.966 I/GameModeConfig( 1524): isGameModeOn = false
02-17 08:42:12.966 I/GameModeConfig( 1524): isDisableVoice = true
02-17 08:42:13.033 W/FreeFormWindowHelper( 1524): Current Display FreeFormTask is null
02-17 08:42:13.035 W/ContextImpl( 2121): Calling a method in the system process without a qualified user: android.app.ContextImpl.startService:1816 android.content.ContextWrapper.startService:774 com.thundercomm.gamemode.ingame.services.GameModeActionUtils.startGameModeService:111 com.thundercomm.gamemode.ingame.services.GameModeActionUtils.startGameModeEntry:22 com.thundercomm.gamemode.ingame.services.ActivityMonitoringService$1.onActivityLaunch:139
02-17 08:42:13.036 I/GameModeConfig( 1524): Current uri is uri = content://com.thundercomm.gamemode.api/gamemode_settings/gamemode_isgaming
02-17 08:42:13.037 I/GameModeConfig( 1524): isGameModeOn = false
02-17 08:42:13.037 I/GameModeConfig( 1524): isGameModeOn = false
02-17 08:42:13.037 I/GameModeConfig( 1524): isDisableVoice = true
02-17 08:42:13.310 I/GameModeConfig( 1524): isGameModeOn = false
02-17 08:42:13.504 I/GameModeConfig( 1524): isGameModeOn = false
02-17 08:42:13.937 I/ActivityTaskManager( 1524): START u0 {act=android.settings.BLUETOOTH_SETTINGS flg=0x14000000 cmp=com.android.settings/.Settings$ConnectedDeviceDashboardActivity} from uid 10080
02-17 08:42:13.943 W/ActivityTaskManager( 1524): Can't find TaskDisplayArea to determine support for multi window. Task id=110 attached=false
02-17 08:42:13.949 I/ActivityTaskManager( 1524): FOREGROUND_APPLICATION_CHANGED to com.android.settings.Settings$ConnectedDeviceDashboardActivity
02-17 08:42:13.949 I/ActivityTaskManager( 1524): The Process com.android.settings Already Exists in BG. So sending its PID: 16130
02-17 08:42:13.949 W/ActivityTaskManager( 1524): Tried to set launchTime (0) < mLastActivityLaunchTime (17568959)
02-17 08:42:13.956 W/ContextImpl( 2121): Calling a method in the system process without a qualified user: android.app.ContextImpl.startService:1816 android.content.ContextWrapper.startService:774 com.thundercomm.gamemode.ingame.services.GameModeActionUtils.startGameModeService:111 com.thundercomm.gamemode.ingame.services.GameModeActionUtils.startGameModeEntry:22 com.thundercomm.gamemode.ingame.services.ActivityMonitoringService$1.onActivityLaunch:139
02-17 08:42:13.957 I/GameModeConfig( 1524): Current uri is uri = content://com.thundercomm.gamemode.api/gamemode_settings/gamemode_isgaming
02-17 08:42:13.958 I/GameModeConfig( 1524): isGameModeOn = false
02-17 08:42:13.958 I/GameModeConfig( 1524): isGameModeOn = false
02-17 08:42:13.958 I/GameModeConfig( 1524): isDisableVoice = true
02-17 08:42:13.961 I/thunderperf( 1524): PlatormCompat.setOverrides: Uid1=1000 Pid1=16130 Uid2=1000 Pid2=16130
02-17 08:42:13.961 I/thunderperf( 1524): PlatormCompat.setOverrides: needCheck:false
02-17 08:42:13.961 I/thunderperf( 1524): CompatConfig.addOverrideUnsafe: bef-state=0
02-17 08:42:13.962 I/thunderperf( 1524): CompatConfig.addOverrideUnsafe: aft-state=0
02-17 08:42:13.962 I/thunderperf( 1524): CompatConfig.addOverrideUnsafe: bef-state=0
02-17 08:42:13.962 I/thunderperf( 1524): CompatConfig.addOverrideUnsafe: aft-state=0
02-17 08:42:13.962 I/thunderperf( 1524): CompatConfig.addOverrideUnsafe: bef-state=0
02-17 08:42:13.962 I/thunderperf( 1524): CompatConfig.addOverrideUnsafe: aft-state=0
02-17 08:42:13.962 I/thunderperf( 1524): CompatConfig.addOverrideUnsafe: bef-state=0
02-17 08:42:13.963 I/thunderperf( 1524): CompatConfig.addOverrideUnsafe: aft-state=0
02-17 08:42:13.963 I/thunderperf( 1524): CompatConfig.addOverrideUnsafe: bef-state=0
02-17 08:42:13.963 I/thunderperf( 1524): CompatConfig.addOverrideUnsafe: aft-state=0
02-17 08:42:13.963 I/thunderperf( 1524): CompatConfig.addOverrideUnsafe: bef-state=0
02-17 08:42:13.963 I/thunderperf( 1524): CompatConfig.addOverrideUnsafe: aft-state=0
02-17 08:42:13.963 I/thunderperf( 1524): CompatConfig.addOverrideUnsafe: bef-state=0
02-17 08:42:13.963 I/thunderperf( 1524): CompatConfig.addOverrideUnsafe: aft-state=0
02-17 08:42:13.964 I/thunderperf( 1524): CompatConfig.addOverrideUnsafe: bef-state=0
02-17 08:42:13.964 I/thunderperf( 1524): CompatConfig.addOverrideUnsafe: aft-state=0
02-17 08:42:13.964 I/thunderperf( 1524): CompatConfig.addOverrideUnsafe: bef-state=0
02-17 08:42:13.964 I/thunderperf( 1524): CompatConfig.addOverrideUnsafe: aft-state=0
02-17 08:42:13.964 I/thunderperf( 1524): CompatConfig.addOverrideUnsafe: bef-state=0
02-17 08:42:13.964 I/thunderperf( 1524): CompatConfig.addOverrideUnsafe: aft-state=0
02-17 08:42:13.964 I/thunderperf( 1524): CompatConfig.addOverrideUnsafe: bef-state=0
02-17 08:42:13.964 I/thunderperf( 1524): CompatConfig.addOverrideUnsafe: aft-state=0
02-17 08:42:13.964 I/thunderperf( 1524): CompatConfig.addOverrideUnsafe: bef-state=0
02-17 08:42:13.964 I/thunderperf( 1524): CompatConfig.addOverrideUnsafe: aft-state=0
02-17 08:42:13.965 I/thunderperf( 1524): CompatConfig.addOverrideUnsafe: bef-state=0
02-17 08:42:13.965 I/thunderperf( 1524): CompatConfig.addOverrideUnsafe: aft-state=0
02-17 08:42:13.965 I/thunderperf( 1524): CompatConfig.addOverrideUnsafe: bef-state=0
02-17 08:42:13.965 I/thunderperf( 1524): CompatConfig.addOverrideUnsafe: aft-state=0
02-17 08:42:13.968 I/ActivityTaskManager( 1524): START u0 {act=android.settings.BLUETOOTH_SETTINGS flg=0x14000000 cmp=com.android.settings/.homepage.SettingsHomepageActivity (has extras)} from uid 1000
02-17 08:42:13.973 I/ActivityTaskManager( 1524): FOREGROUND_APPLICATION_CHANGED to com.android.settings.homepage.SettingsHomepageActivity
02-17 08:42:13.977 E/ActivityThread(16130): Failed to find provider info for com.google.android.gms.nearby.fastpair
02-17 08:42:13.978 E/ActivityThread(16130): Failed to find provider info for com.google.android.gms.nearby.fastpair
02-17 08:42:14.076 W/FreeFormWindowHelper( 1524): Current Display FreeFormTask is null
02-17 08:42:14.078 W/ContextImpl( 2121): Calling a method in the system process without a qualified user: android.app.ContextImpl.startService:1816 android.content.ContextWrapper.startService:774 com.thundercomm.gamemode.ingame.services.GameModeActionUtils.startGameModeService:111 com.thundercomm.gamemode.ingame.services.GameModeActionUtils.startGameModeEntry:22 com.thundercomm.gamemode.ingame.services.ActivityMonitoringService$1.onActivityLaunch:139
