02-17 09:12:01.743 I/am_wtf ( 1524): [0,1524,system_server,-1,DisplayDeviceConfig,requesting nits when no mapping exists.]
02-17 09:12:01.758 E/DisplayDeviceConfig( 1524): requesting nits when no mapping exists.
02-17 09:12:01.759 E/DisplayDeviceConfig( 1524): requesting nits when no mapping exists.
02-17 09:12:01.759 I/am_wtf ( 1524): [0,1524,system_server,-1,DisplayDeviceConfig,requesting nits when no mapping exists.]
02-17 09:12:01.760 I/am_wtf ( 1524): [0,1524,system_server,-1,DisplayDeviceConfig,requesting nits when no mapping exists.]
02-17 09:12:01.774 E/DisplayDeviceConfig( 1524): requesting nits when no mapping exists.
02-17 09:12:01.775 I/am_wtf ( 1524): [0,1524,system_server,-1,DisplayDeviceConfig,requesting nits when no mapping exists.]
02-17 09:12:01.775 E/DisplayDeviceConfig( 1524): requesting nits when no mapping exists.
02-17 09:12:01.775 I/am_wtf ( 1524): [0,1524,system_server,-1,DisplayDeviceConfig,requesting nits when no mapping exists.]
02-17 09:12:01.791 E/DisplayDeviceConfig( 1524): requesting nits when no mapping exists.
02-17 09:12:01.792 E/DisplayDeviceConfig( 1524): requesting nits when no mapping exists.
02-17 09:12:01.792 I/am_wtf ( 1524): [0,1524,system_server,-1,DisplayDeviceConfig,requesting nits when no mapping exists.]
02-17 09:12:01.793 I/am_wtf ( 1524): [0,1524,system_server,-1,DisplayDeviceConfig,requesting nits when no mapping exists.]
02-17 09:12:01.808 E/DisplayDeviceConfig( 1524): requesting nits when no mapping exists.
02-17 09:12:01.809 E/DisplayDeviceConfig( 1524): requesting nits when no mapping exists.
02-17 09:12:01.809 I/am_wtf ( 1524): [0,1524,system_server,-1,DisplayDeviceConfig,requesting nits when no mapping exists.]
02-17 09:12:01.810 I/am_wtf ( 1524): [0,1524,system_server,-1,DisplayDeviceConfig,requesting nits when no mapping exists.]
02-17 09:12:01.825 E/DisplayDeviceConfig( 1524): requesting nits when no mapping exists.
02-17 09:12:01.825 E/DisplayDeviceConfig( 1524): requesting nits when no mapping exists.
02-17 09:12:01.825 I/am_wtf ( 1524): [0,1524,system_server,-1,DisplayDeviceConfig,requesting nits when no mapping exists.]
02-17 09:12:01.826 I/am_wtf ( 1524): [0,1524,system_server,-1,DisplayDeviceConfig,requesting nits when no mapping exists.]
02-17 09:12:01.841 E/DisplayDeviceConfig( 1524): requesting nits when no mapping exists.
02-17 09:12:01.842 E/DisplayDeviceConfig( 1524): requesting nits when no mapping exists.
02-17 09:12:01.842 I/am_wtf ( 1524): [0,1524,system_server,-1,DisplayDeviceConfig,requesting nits when no mapping exists.]
02-17 09:12:01.843 I/am_wtf ( 1524): [0,1524,system_server,-1,DisplayDeviceConfig,requesting nits when no mapping exists.]
02-17 09:12:01.858 E/DisplayDeviceConfig( 1524): requesting nits when no mapping exists.
02-17 09:12:01.859 E/DisplayDeviceConfig( 1524): requesting nits when no mapping exists.
02-17 09:12:01.859 I/am_wtf ( 1524): [0,1524,system_server,-1,DisplayDeviceConfig,requesting nits when no mapping exists.]
02-17 09:12:01.860 I/am_wtf ( 1524): [0,1524,system_server,-1,DisplayDeviceConfig,requesting nits when no mapping exists.]
02-17 09:12:01.875 E/DisplayDeviceConfig( 1524): requesting nits when no mapping exists.
02-17 09:12:01.876 E/DisplayDeviceConfig( 1524): requesting nits when no mapping exists.
02-17 09:12:01.876 I/am_wtf ( 1524): [0,1524,system_server,-1,DisplayDeviceConfig,requesting nits when no mapping exists.]
02-17 09:12:01.876 I/am_wtf ( 1524): [0,1524,system_server,-1,DisplayDeviceConfig,requesting nits when no mapping exists.]
02-17 09:12:01.877 I/service_manager_stats( 1524): [100,41,91104]
02-17 09:12:01.881 I/netstats_mobile_sample( 1524): [0,0,0,0,0,0,0,0,0,0,0,0,1676596321881]
02-17 09:12:01.882 I/netstats_wifi_sample( 1524): [40989621,45063,10726303,33604,40989621,45063,10726303,33604,44035960,65464,5643889,21526,1676596321881]
02-17 09:12:01.891 E/DisplayDeviceConfig( 1524): requesting nits when no mapping exists.
02-17 09:12:01.892 I/am_wtf ( 1524): [0,1524,system_server,-1,DisplayDeviceConfig,requesting nits when no mapping exists.]
02-17 09:12:01.892 E/DisplayDeviceConfig( 1524): requesting nits when no mapping exists.
02-17 09:12:01.893 I/am_wtf ( 1524): [0,1524,system_server,-1,DisplayDeviceConfig,requesting nits when no mapping exists.]
02-17 09:12:01.908 E/DisplayDeviceConfig( 1524): requesting nits when no mapping exists.
02-17 09:12:01.908 I/am_wtf ( 1524): [0,1524,system_server,-1,DisplayDeviceConfig,requesting nits when no mapping exists.]
02-17 09:12:01.908 E/DisplayDeviceConfig( 1524): requesting nits when no mapping exists.
02-17 09:12:01.908 I/am_wtf ( 1524): [0,1524,system_server,-1,DisplayDeviceConfig,requesting nits when no mapping exists.]
02-17 09:12:01.925 E/DisplayDeviceConfig( 1524): requesting nits when no mapping exists.
02-17 09:12:01.925 E/DisplayDeviceConfig( 1524): requesting nits when no mapping exists.
02-17 09:12:01.925 I/am_wtf ( 1524): [0,1524,system_server,-1,DisplayDeviceConfig,requesting nits when no mapping exists.]
02-17 09:12:01.926 I/am_wtf ( 1524): [0,1524,system_server,-1,DisplayDeviceConfig,requesting nits when no mapping exists.]
02-17 09:12:01.935 I/auditd ( 0): type=1400 audit(0.0:20806): avc: denied { kill } for comm="swapper/0" capability=5 scontext=u:r:kernel:s0 tcontext=u:r:kernel:s0 tclass=capability permissive=0
02-17 09:12:01.942 E/DisplayDeviceConfig( 1524): requesting nits when no mapping exists.
02-17 09:12:01.942 E/DisplayDeviceConfig( 1524): requesting nits when no mapping exists.
02-17 09:12:01.943 I/am_wtf ( 1524): [0,1524,system_server,-1,DisplayDeviceConfig,requesting nits when no mapping exists.]
02-17 09:12:01.944 I/am_wtf ( 1524): [0,1524,system_server,-1,DisplayDeviceConfig,requesting nits when no mapping exists.]
02-17 09:12:01.959 E/DisplayDeviceConfig( 1524): requesting nits when no mapping exists.
02-17 09:12:01.959 E/DisplayDeviceConfig( 1524): requesting nits when no mapping exists.
02-17 09:12:01.960 I/am_wtf ( 1524): [0,1524,system_server,-1,DisplayDeviceConfig,requesting nits when no mapping exists.]
02-17 09:12:01.961 I/am_wtf ( 1524): [0,1524,system_server,-1,DisplayDeviceConfig,requesting nits when no mapping exists.]
02-17 09:12:01.975 E/DisplayDeviceConfig( 1524): requesting nits when no mapping exists.
02-17 09:12:01.976 E/DisplayDeviceConfig( 1524): requesting nits when no mapping exists.
02-17 09:12:01.976 I/am_wtf ( 1524): [0,1524,system_server,-1,DisplayDeviceConfig,requesting nits when no mapping exists.]
02-17 09:12:01.977 I/am_wtf ( 1524): [0,1524,system_server,-1,DisplayDeviceConfig,requesting nits when no mapping exists.]
02-17 09:12:01.992 E/DisplayDeviceConfig( 1524): requesting nits when no mapping exists.
02-17 09:12:01.992 E/DisplayDeviceConfig( 1524): requesting nits when no mapping exists.
02-17 09:12:01.992 I/am_wtf ( 1524): [0,1524,system_server,-1,DisplayDeviceConfig,requesting nits when no mapping exists.]
02-17 09:12:01.993 I/am_wtf ( 1524): [0,1524,system_server,-1,DisplayDeviceConfig,requesting nits when no mapping exists.]
02-17 09:12:02.008 E/DisplayDeviceConfig( 1524): requesting nits when no mapping exists.
02-17 09:12:02.009 E/DisplayDeviceConfig( 1524): requesting nits when no mapping exists.
02-17 09:12:02.009 I/am_wtf ( 1524): [0,1524,system_server,-1,DisplayDeviceConfig,requesting nits when no mapping exists.]
02-17 09:12:02.010 I/am_wtf ( 1524): [0,1524,system_server,-1,DisplayDeviceConfig,requesting nits when no mapping exists.]
02-17 09:12:02.025 E/DisplayDeviceConfig( 1524): requesting nits when no mapping exists.
02-17 09:12:02.026 E/DisplayDeviceConfig( 1524): requesting nits when no mapping exists.
02-17 09:12:02.026 I/am_wtf ( 1524): [0,1524,system_server,-1,DisplayDeviceConfig,requesting nits when no mapping exists.]
02-17 09:12:02.027 I/am_wtf ( 1524): [0,1524,system_server,-1,DisplayDeviceConfig,requesting nits when no mapping exists.]
02-17 09:12:02.042 E/DisplayDeviceConfig( 1524): requesting nits when no mapping exists.
02-17 09:12:02.042 E/DisplayDeviceConfig( 1524): requesting nits when no mapping exists.
02-17 09:12:02.042 I/am_wtf ( 1524): [0,1524,system_server,-1,DisplayDeviceConfig,requesting nits when no mapping exists.]
02-17 09:12:02.043 I/am_wtf ( 1524): [0,1524,system_server,-1,DisplayDeviceConfig,requesting nits when no mapping exists.]
02-17 09:12:02.059 E/DisplayDeviceConfig( 1524): requesting nits when no mapping exists.
02-17 09:12:02.059 E/DisplayDeviceConfig( 1524): requesting nits when no mapping exists.
02-17 09:12:02.059 I/am_wtf ( 1524): [0,1524,system_server,-1,DisplayDeviceConfig,requesting nits when no mapping exists.]
02-17 09:12:02.060 I/am_wtf ( 1524): [0,1524,system_server,-1,DisplayDeviceConfig,requesting nits when no mapping exists.]
02-17 09:12:02.075 E/DisplayDeviceConfig( 1524): requesting nits when no mapping exists.
02-17 09:12:02.076 I/am_wtf ( 1524): [0,1524,system_server,-1,DisplayDeviceConfig,requesting nits when no mapping exists.]
02-17 09:12:02.076 E/DisplayDeviceConfig( 1524): requesting nits when no mapping exists.
02-17 09:12:02.077 I/am_wtf ( 1524): [0,1524,system_server,-1,DisplayDeviceConfig,requesting nits when no mapping exists.]
02-17 09:12:02.092 E/DisplayDeviceConfig( 1524): requesting nits when no mapping exists.
02-17 09:12:02.092 E/DisplayDeviceConfig( 1524): requesting nits when no mapping exists.
02-17 09:12:02.092 I/am_wtf ( 1524): [0,1524,system_server,-1,DisplayDeviceConfig,requesting nits when no mapping exists.]
02-17 09:12:02.093 I/am_wtf ( 1524): [0,1524,system_server,-1,DisplayDeviceConfig,requesting nits when no mapping exists.]
02-17 09:12:02.109 E/DisplayDeviceConfig( 1524): requesting nits when no mapping exists.
02-17 09:12:02.109 E/DisplayDeviceConfig( 1524): requesting nits when no mapping exists.
02-17 09:12:02.109 I/am_wtf ( 1524): [0,1524,system_server,-1,DisplayDeviceConfig,requesting nits when no mapping exists.]
02-17 09:12:02.110 I/am_wtf ( 1524): [0,1524,system_server,-1,DisplayDeviceConfig,requesting nits when no mapping exists.]
02-17 09:12:02.125 E/DisplayDeviceConfig( 1524): requesting nits when no mapping exists.
02-17 09:12:02.126 E/DisplayDeviceConfig( 1524): requesting nits when no mapping exists.
02-17 09:12:02.126 I/am_wtf ( 1524): [0,1524,system_server,-1,DisplayDeviceConfig,requesting nits when no mapping exists.]
02-17 09:12:02.127 I/am_wtf ( 1524): [0,1524,system_server,-1,DisplayDeviceConfig,requesting nits when no mapping exists.]
02-17 09:12:02.142 E/DisplayDeviceConfig( 1524): requesting nits when no mapping exists.
02-17 09:12:02.143 I/am_wtf ( 1524): [0,1524,system_server,-1,DisplayDeviceConfig,requesting nits when no mapping exists.]
02-17 09:12:02.143 E/DisplayDeviceConfig( 1524): requesting nits when no mapping exists.
02-17 09:12:02.143 I/am_wtf ( 1524): [0,1524,system_server,-1,DisplayDeviceConfig,requesting nits when no mapping exists.]
02-17 09:12:02.159 E/DisplayDeviceConfig( 1524): requesting nits when no mapping exists.
02-17 09:12:02.160 E/DisplayDeviceConfig( 1524): requesting nits when no mapping exists.
02-17 09:12:02.160 I/am_wtf ( 1524): [0,1524,system_server,-1,DisplayDeviceConfig,requesting nits when no mapping exists.]
02-17 09:12:02.161 I/am_wtf ( 1524): [0,1524,system_server,-1,DisplayDeviceConfig,requesting nits when no mapping exists.]
02-17 09:12:02.176 E/DisplayDeviceConfig( 1524): requesting nits when no mapping exists.
02-17 09:12:02.176 E/DisplayDeviceConfig( 1524): requesting nits when no mapping exists.
02-17 09:12:02.176 I/am_wtf ( 1524): [0,1524,system_server,-1,DisplayDeviceConfig,requesting nits when no mapping exists.]
02-17 09:12:02.177 I/am_wtf ( 1524): [0,1524,system_server,-1,DisplayDeviceConfig,requesting nits when no mapping exists.]
02-17 09:12:02.192 E/DisplayDeviceConfig( 1524): requesting nits when no mapping exists.
02-17 09:12:02.193 E/DisplayDeviceConfig( 1524): requesting nits when no mapping exists.
02-17 09:12:02.193 I/am_wtf ( 1524): [0,1524,system_server,-1,DisplayDeviceConfig,requesting nits when no mapping exists.]
02-17 09:12:02.193 I/am_wtf ( 1524): [0,1524,system_server,-1,DisplayDeviceConfig,requesting nits when no mapping exists.]
02-17 09:12:02.209 E/DisplayDeviceConfig( 1524): requesting nits when no mapping exists.
02-17 09:12:02.209 E/DisplayDeviceConfig( 1524): requesting nits when no mapping exists.
02-17 09:12:02.209 I/am_wtf ( 1524): [0,1524,system_server,-1,DisplayDeviceConfig,requesting nits when no mapping exists.]
02-17 09:12:02.210 I/am_wtf ( 1524): [0,1524,system_server,-1,DisplayDeviceConfig,requesting nits when no mapping exists.]
02-17 09:12:02.225 E/DisplayDeviceConfig( 1524): requesting nits when no mapping exists.
02-17 09:12:02.226 E/DisplayDeviceConfig( 1524): requesting nits when no mapping exists.
02-17 09:12:02.226 I/am_wtf ( 1524): [0,1524,system_server,-1,DisplayDeviceConfig,requesting nits when no mapping exists.]
02-17 09:12:02.227 I/am_wtf ( 1524): [0,1524,system_server,-1,DisplayDeviceConfig,requesting nits when no mapping exists.]
02-17 09:12:02.242 E/DisplayDeviceConfig( 1524): requesting nits when no mapping exists.
02-17 09:12:02.243 I/am_wtf ( 1524): [0,1524,system_server,-1,DisplayDeviceConfig,requesting nits when no mapping exists.]
02-17 09:12:02.243 E/DisplayDeviceConfig( 1524): requesting nits when no mapping exists.
02-17 09:12:02.244 I/am_wtf ( 1524): [0,1524,system_server,-1,DisplayDeviceConfig,requesting nits when no mapping exists.]
02-17 09:12:02.259 E/DisplayDeviceConfig( 1524): requesting nits when no mapping exists.
02-17 09:12:02.260 I/am_wtf ( 1524): [0,1524,system_server,-1,DisplayDeviceConfig,requesting nits when no mapping exists.]
02-17 09:12:02.260 E/DisplayDeviceConfig( 1524): requesting nits when no mapping exists.
02-17 09:12:02.260 I/am_wtf ( 1524): [0,1524,system_server,-1,DisplayDeviceConfig,requesting nits when no mapping exists.]
02-17 09:12:02.276 E/DisplayDeviceConfig( 1524): requesting nits when no mapping exists.
02-17 09:12:02.276 I/am_wtf ( 1524): [0,1524,system_server,-1,DisplayDeviceConfig,requesting nits when no mapping exists.]
02-17 09:12:02.276 E/DisplayDeviceConfig( 1524): requesting nits when no mapping exists.
02-17 09:12:02.277 I/am_wtf ( 1524): [0,1524,system_server,-1,DisplayDeviceConfig,requesting nits when no mapping exists.]
02-17 09:12:02.292 E/DisplayDeviceConfig( 1524): requesting nits when no mapping exists.
02-17 09:12:02.293 I/am_wtf ( 1524): [0,1524,system_server,-1,DisplayDeviceConfig,requesting nits when no mapping exists.]
02-17 09:12:02.293 E/DisplayDeviceConfig( 1524): requesting nits when no mapping exists.
02-17 09:12:02.293 I/am_wtf ( 1524): [0,1524,system_server,-1,DisplayDeviceConfig,requesting nits when no mapping exists.]
02-17 09:12:02.309 E/DisplayDeviceConfig( 1524): requesting nits when no mapping exists.
02-17 09:12:02.309 E/DisplayDeviceConfig( 1524): requesting nits when no mapping exists.
02-17 09:12:02.309 I/am_wtf ( 1524): [0,1524,system_server,-1,DisplayDeviceConfig,requesting nits when no mapping exists.]
02-17 09:12:02.310 I/am_wtf ( 1524): [0,1524,system_server,-1,DisplayDeviceConfig,requesting nits when no mapping exists.]
02-17 09:12:02.326 E/DisplayDeviceConfig( 1524): requesting nits when no mapping exists.
02-17 09:12:02.326 E/DisplayDeviceConfig( 1524): requesting nits when no mapping exists.
02-17 09:12:02.326 I/am_wtf ( 1524): [0,1524,system_server,-1,DisplayDeviceConfig,requesting nits when no mapping exists.]
02-17 09:12:02.327 I/am_wtf ( 1524): [0,1524,system_server,-1,DisplayDeviceConfig,requesting nits when no mapping exists.]
02-17 09:12:02.342 E/DisplayDeviceConfig( 1524): requesting nits when no mapping exists.
02-17 09:12:02.343 E/DisplayDeviceConfig( 1524): requesting nits when no mapping exists.
02-17 09:12:02.343 I/am_wtf ( 1524): [0,1524,system_server,-1,DisplayDeviceConfig,requesting nits when no mapping exists.]
02-17 09:12:02.344 I/am_wtf ( 1524): [0,1524,system_server,-1,DisplayDeviceConfig,requesting nits when no mapping exists.]
02-17 09:12:02.359 E/DisplayDeviceConfig( 1524): requesting nits when no mapping exists.
02-17 09:12:02.360 E/DisplayDeviceConfig( 1524): requesting nits when no mapping exists.
02-17 09:12:02.360 I/am_wtf ( 1524): [0,1524,system_server,-1,DisplayDeviceConfig,requesting nits when no mapping exists.]
02-17 09:12:02.361 I/am_wtf ( 1524): [0,1524,system_server,-1,DisplayDeviceConfig,requesting nits when no mapping exists.]
02-17 09:12:02.376 E/DisplayDeviceConfig( 1524): requesting nits when no mapping exists.
02-17 09:12:02.376 E/DisplayDeviceConfig( 1524): requesting nits when no mapping exists.
02-17 09:12:02.376 I/am_wtf ( 1524): [0,1524,system_server,-1,DisplayDeviceConfig,requesting nits when no mapping exists.]
02-17 09:12:02.377 I/am_wtf ( 1524): [0,1524,system_server,-1,DisplayDeviceConfig,requesting nits when no mapping exists.]
02-17 09:12:02.935 I/auditd ( 0): type=1400 audit(0.0:20807): avc: denied { kill } for comm="swapper/0" capability=5 scontext=u:r:kernel:s0 tcontext=u:r:kernel:s0 tclass=capability permissive=0
01-01 13:22:43.645 E/DTC_ETH,link_delay_work_func( 0): 3003, SQI=0, link=0
02-17 09:12:03.939 I/auditd ( 0): type=1400 audit(0.0:20808): avc: denied { kill } for comm="swapper/0" capability=5 scontext=u:r:kernel:s0 tcontext=u:r:kernel:s0 tclass=capability permissive=0
02-17 09:12:04.935 I/auditd ( 0): type=1400 audit(0.0:20809): avc: denied { kill } for comm="swapper/0" capability=5 scontext=u:r:kernel:s0 tcontext=u:r:kernel:s0 tclass=capability permissive=0
02-17 09:12:05.939 I/auditd ( 0): type=1400 audit(0.0:20810): avc: denied { kill } for comm="swapper/0" capability=5 scontext=u:r:kernel:s0 tcontext=u:r:kernel:s0 tclass=capability permissive=0
02-17 09:12:06.935 I/auditd ( 0): type=1400 audit(0.0:20811): avc: denied { kill } for comm="swapper/0" capability=5 scontext=u:r:kernel:s0 tcontext=u:r:kernel:s0 tclass=capability permissive=0
02-17 09:12:07.939 I/auditd ( 0): type=1400 audit(0.0:20812): avc: denied { kill } for comm="swapper/0" capability=5 scontext=u:r:kernel:s0 tcontext=u:r:kernel:s0 tclass=capability permissive=0
02-17 09:12:08.618 I/PowerManagerService( 1524): Napping display group (groupId=0, uid=1000)...
02-17 09:12:08.618 I/PowerManagerService( 1524): Nap time (uid 1000)...
02-17 09:12:08.620 I/DreamManagerService( 1524): Entering dreamland.
01-01 13:22:48.765 E/DTC_ETH,link_delay_work_func( 0): 3003, SQI=0, link=0
02-17 09:12:08.624 I/PowerManagerService( 1524): Dreaming...
02-17 09:12:08.625 I/DreamController( 1524): Starting dream: name=ComponentInfo{com.thundercomm.screensaver/com.thundercomm.saverclock.service.ClockScreensaver}, isTest=false, canDoze=false, userId=0
02-17 09:12:08.625 I/sysui_multi_action( 1524): [757,222,758,1]
02-17 09:12:08.638 I/ActivityTaskManager( 1524): START u0 {flg=0x10000000 pkg=com.thundercomm.screensaver cmp=com.thundercomm.screensaver/android.service.dreams.DreamActivity (has extras)} from uid 10040
02-17 09:12:08.641 I/wm_task_created( 1524): [120,-1]
02-17 09:12:08.641 W/ActivityTaskManager( 1524): Can't find TaskDisplayArea to determine support for multi window. Task id=120 attached=false
02-17 09:12:08.646 I/wm_task_moved( 1524): [120,1,14]
02-17 09:12:08.646 I/wm_task_to_front( 1524): [0,120]
02-17 09:12:08.646 I/wm_create_task( 1524): [0,120]
02-17 09:12:08.646 I/wm_create_activity( 1524): [0,138009724,120,com.thundercomm.screensaver/android.service.dreams.DreamActivity,NULL,NULL,NULL,276824064]
02-17 09:12:08.646 I/wm_on_top_resumed_lost_called( 2568): [128678138,com.android.launcher3.uioverrides.QuickstepLauncher,topStateChangedWhenResumed]
02-17 09:12:08.646 I/wm_task_moved( 1524): [120,1,14]
02-17 09:12:08.648 I/wm_pause_activity( 1524): [0,128678138,com.android.launcher3/.uioverrides.QuickstepLauncher,userLeaving=true,pauseBackTasks]
02-17 09:12:08.650 I/wm_on_paused_called( 2568): [128678138,com.android.launcher3.uioverrides.QuickstepLauncher,performPause]
02-17 09:12:08.651 I/ActivityTaskManager( 1524): FOREGROUND_APPLICATION_CHANGED to android.service.dreams.DreamActivity
02-17 09:12:08.651 I/ActivityTaskManager( 1524): The Process com.thundercomm.screensaver Already Exists in BG. So sending its PID: 19147
02-17 09:12:08.651 W/ActivityTaskManager( 1524): Tried to set launchTime (0) < mLastActivityLaunchTime (19267840)
02-17 09:12:08.652 I/wm_add_to_stopping( 1524): [0,128678138,com.android.launcher3/.uioverrides.QuickstepLauncher,makeInvisible]
02-17 09:12:08.652 I/wm_restart_activity( 1524): [0,138009724,120,com.thundercomm.screensaver/android.service.dreams.DreamActivity]
02-17 09:12:08.653 I/wm_set_resumed_activity( 1524): [0,com.thundercomm.screensaver/android.service.dreams.DreamActivity,minimalResumeActivityLocked]
02-17 09:12:08.658 I/wm_on_create_called(19147): [138009724,android.service.dreams.DreamActivity,performCreate]
02-17 09:12:08.658 I/wm_on_start_called(19147): [138009724,android.service.dreams.DreamActivity,handleStartActivity]
02-17 09:12:08.659 W/ContextImpl( 2121): Calling a method in the system process without a qualified user: android.app.ContextImpl.startService:1816 android.content.ContextWrapper.startService:774 com.thundercomm.gamemode.ingame.services.GameModeActionUtils.startGameModeService:111 com.thundercomm.gamemode.ingame.services.GameModeActionUtils.startGameModeEntry:22 com.thundercomm.gamemode.ingame.services.ActivityMonitoringService$1.onActivityLaunch:139
02-17 09:12:08.659 I/wm_on_resume_called(19147): [138009724,android.service.dreams.DreamActivity,RESUME_ACTIVITY]
02-17 09:12:08.659 I/sysui_multi_action( 1524): [757,803,799,window_time_0,802,60]
02-17 09:12:08.661 W/WindowManager( 1524): Failed looking up window session=Session{f7ecec0 19147:u0a10040} callers=com.android.server.wm.WindowManagerService.windowForClientLocked:5628 com.android.server.wm.Session.insetsModified:629 android.view.IWindowSession$Stub.onTransact:1151
02-17 09:12:08.662 I/GameModeConfig( 1524): Current uri is uri = content://com.thundercomm.gamemode.api/gamemode_settings/gamemode_isgaming
02-17 09:12:08.662 I/wm_on_top_resumed_gained_called(19147): [138009724,android.service.dreams.DreamActivity,topStateChangedWhenResumed]
02-17 09:12:08.662 I/GameModeConfig( 1524): isGameModeOn = false
02-17 09:12:08.663 I/GameModeConfig( 1524): isGameModeOn = false
02-17 09:12:08.663 I/GameModeConfig( 1524): isDisableVoice = true
02-17 09:12:08.675 I/input_focus( 1524): [Focus leaving 321be4b com.android.launcher3/com.android.launcher3.uioverrides.QuickstepLauncher (server),reason=NO_WINDOW]
02-17 09:12:08.682 I/input_focus( 1524): [Focus request 9864468 com.thundercomm.screensaver/android.service.dreams.DreamActivity,reason=UpdateInputWindows]
02-17 09:12:08.688 I/sysui_multi_action( 1524): [319,49,322,49,325,19366,757,761,758,8,759,2,806,com.thundercomm.screensaver,871,android.service.dreams.DreamActivity,904,com.thundercomm.screensaver,905,0,1320,4,1321,2]
02-17 09:12:08.689 I/wm_activity_launch_time( 1524): [0,138009724,com.thundercomm.screensaver/android.service.dreams.DreamActivity,49]
02-17 09:12:08.689 V/DisplayPowerController[0]( 1524): Brightness [1.0] reason changing to: 'manual', previous reason: 'manual [ dim ]'.
02-17 09:12:08.689 I/sysui_multi_action( 1524): [757,1696,758,6,759,3]
02-17 09:12:08.707 E/DisplayDeviceConfig( 1524): requesting nits when no mapping exists.
02-17 09:12:08.707 E/DisplayDeviceConfig( 1524): requesting nits when no mapping exists.
02-17 09:12:08.707 I/am_wtf ( 1524): [0,1524,system_server,-1,DisplayDeviceConfig,requesting nits when no mapping exists.]
02-17 09:12:08.707 I/am_wtf ( 1524): [0,1524,system_server,-1,DisplayDeviceConfig,requesting nits when no mapping exists.]
02-17 09:12:08.708 I/input_focus( 1524): [Focus entering 9864468 com.thundercomm.screensaver/android.service.dreams.DreamActivity (server),reason=Window became focusable. Previous reason: NOT_VISIBLE]
02-17 09:12:08.723 E/DisplayDeviceConfig( 1524): requesting nits when no mapping exists.
02-17 09:12:08.724 E/DisplayDeviceConfig( 1524): requesting nits when no mapping exists.
02-17 09:12:08.724 I/am_wtf ( 1524): [0,1524,system_server,-1,DisplayDeviceConfig,requesting nits when no mapping exists.]
02-17 09:12:08.724 I/am_wtf ( 1524): [0,1524,system_server,-1,DisplayDeviceConfig,requesting nits when no mapping exists.]
02-17 09:12:08.740 E/DisplayDeviceConfig( 1524): requesting nits when no mapping exists.
02-17 09:12:08.740 E/DisplayDeviceConfig( 1524): requesting nits when no mapping exists.
02-17 09:12:08.741 I/am_wtf ( 1524): [0,1524,system_server,-1,DisplayDeviceConfig,requesting nits when no mapping exists.]
02-17 09:12:08.741 I/am_wtf ( 1524): [0,1524,system_server,-1,DisplayDeviceConfig,requesting nits when no mapping exists.]
02-17 09:12:08.755 W/FreeFormWindowHelper( 1524): Current Display FreeFormTask is null
02-17 09:12:08.757 E/DisplayDeviceConfig( 1524): requesting nits when no mapping exists.
02-17 09:12:08.757 E/DisplayDeviceConfig( 1524): requesting nits when no mapping exists.
02-17 09:12:08.757 I/am_wtf ( 1524): [0,1524,system_server,-1,DisplayDeviceConfig,requesting nits when no mapping exists.]
02-17 09:12:08.758 W/ContextImpl( 2121): Calling a method in the system process without a qualified user: android.app.ContextImpl.startService:1816 android.content.ContextWrapper.startService:774 com.thundercomm.gamemode.ingame.services.GameModeActionUtils.startGameModeService:111 com.thundercomm.gamemode.ingame.services.GameModeActionUtils.startGameModeEntry:22 com.thundercomm.gamemode.ingame.services.ActivityMonitoringService$1.onActivityLaunch:139
02-17 09:12:08.758 I/am_wtf ( 1524): [0,1524,system_server,-1,DisplayDeviceConfig,requesting nits when no mapping exists.]
02-17 09:12:08.759 I/GameModeConfig( 1524): Current uri is uri = content://com.thundercomm.gamemode.api/gamemode_settings/gamemode_isgaming
02-17 09:12:08.760 I/GameModeConfig( 1524): isGameModeOn = false
02-17 09:12:08.760 I/GameModeConfig( 1524): isGameModeOn = false
02-17 09:12:08.760 I/GameModeConfig( 1524): isDisableVoice = true
02-17 09:12:08.774 E/DisplayDeviceConfig( 1524): requesting nits when no mapping exists.
02-17 09:12:08.774 E/DisplayDeviceConfig( 1524): requesting nits when no mapping exists.
02-17 09:12:08.774 I/am_wtf ( 1524): [0,1524,system_server,-1,DisplayDeviceConfig,requesting nits when no mapping exists.]
02-17 09:12:08.774 I/am_wtf ( 1524): [0,1524,system_server,-1,DisplayDeviceConfig,requesting nits when no mapping exists.]
02-17 09:12:08.791 E/DisplayDeviceConfig( 1524): requesting nits when no mapping exists.
02-17 09:12:08.791 E/DisplayDeviceConfig( 1524): requesting nits when no mapping exists.
02-17 09:12:08.791 I/am_wtf ( 1524): [0,1524,system_server,-1,DisplayDeviceConfig,requesting nits when no mapping exists.]
02-17 09:12:08.792 I/am_wtf ( 1524): [0,1524,system_server,-1,DisplayDeviceConfig,requesting nits when no mapping exists.]
02-17 09:12:08.807 E/DisplayDeviceConfig( 1524): requesting nits when no mapping exists.
02-17 09:12:08.807 E/DisplayDeviceConfig( 1524): requesting nits when no mapping exists.
02-17 09:12:08.807 I/am_wtf ( 1524): [0,1524,system_server,-1,DisplayDeviceConfig,requesting nits when no mapping exists.]
02-17 09:12:08.808 I/am_wtf ( 1524): [0,1524,system_server,-1,DisplayDeviceConfig,requesting nits when no mapping exists.]
02-17 09:12:08.824 E/DisplayDeviceConfig( 1524): requesting nits when no mapping exists.
02-17 09:12:08.824 I/am_wtf ( 1524): [0,1524,system_server,-1,DisplayDeviceConfig,requesting nits when no mapping exists.]
02-17 09:12:08.824 E/DisplayDeviceConfig( 1524): requesting nits when no mapping exists.
02-17 09:12:08.825 I/am_wtf ( 1524): [0,1524,system_server,-1,DisplayDeviceConfig,requesting nits when no mapping exists.]
02-17 09:12:08.841 E/DisplayDeviceConfig( 1524): requesting nits when no mapping exists.
02-17 09:12:08.841 E/DisplayDeviceConfig( 1524): requesting nits when no mapping exists.
02-17 09:12:08.841 I/am_wtf ( 1524): [0,1524,system_server,-1,DisplayDeviceConfig,requesting nits when no mapping exists.]
02-17 09:12:08.841 I/am_wtf ( 1524): [0,1524,system_server,-1,DisplayDeviceConfig,requesting nits when no mapping exists.]
02-17 09:12:08.858 E/DisplayDeviceConfig( 1524): requesting nits when no mapping exists.
02-17 09:12:08.858 E/DisplayDeviceConfig( 1524): requesting nits when no mapping exists.
02-17 09:12:08.858 I/am_wtf ( 1524): [0,1524,system_server,-1,DisplayDeviceConfig,requesting nits when no mapping exists.]
02-17 09:12:08.858 I/am_wtf ( 1524): [0,1524,system_server,-1,DisplayDeviceConfig,requesting nits when no mapping exists.]
02-17 09:12:08.875 E/DisplayDeviceConfig( 1524): requesting nits when no mapping exists.
02-17 09:12:08.875 E/DisplayDeviceConfig( 1524): requesting nits when no mapping exists.
02-17 09:12:08.875 I/am_wtf ( 1524): [0,1524,system_server,-1,DisplayDeviceConfig,requesting nits when no mapping exists.]
02-17 09:12:08.875 I/am_wtf ( 1524): [0,1524,system_server,-1,DisplayDeviceConfig,requesting nits when no mapping exists.]
02-17 09:12:08.891 E/DisplayDeviceConfig( 1524): requesting nits when no mapping exists.
02-17 09:12:08.892 E/DisplayDeviceConfig( 1524): requesting nits when no mapping exists.
02-17 09:12:08.892 I/am_wtf ( 1524): [0,1524,system_server,-1,DisplayDeviceConfig,requesting nits when no mapping exists.]
02-17 09:12:08.892 I/am_wtf ( 1524): [0,1524,system_server,-1,DisplayDeviceConfig,requesting nits when no mapping exists.]
02-17 09:12:08.908 E/DisplayDeviceConfig( 1524): requesting nits when no mapping exists.
02-17 09:12:08.908 E/DisplayDeviceConfig( 1524): requesting nits when no mapping exists.
02-17 09:12:08.908 I/am_wtf ( 1524): [0,1524,system_server,-1,DisplayDeviceConfig,requesting nits when no mapping exists.]
02-17 09:12:08.908 I/am_wtf ( 1524): [0,1524,system_server,-1,DisplayDeviceConfig,requesting nits when no mapping exists.]
02-17 09:12:08.925 E/DisplayDeviceConfig( 1524): requesting nits when no mapping exists.
02-17 09:12:08.925 E/DisplayDeviceConfig( 1524): requesting nits when no mapping exists.
02-17 09:12:08.925 I/am_wtf ( 1524): [0,1524,system_server,-1,DisplayDeviceConfig,requesting nits when no mapping exists.]
02-17 09:12:08.925 I/am_wtf ( 1524): [0,1524,system_server,-1,DisplayDeviceConfig,requesting nits when no mapping exists.]
02-17 09:12:08.935 I/auditd ( 0): type=1400 audit(0.0:20813): avc: denied { kill } for comm="swapper/0" capability=5 scontext=u:r:kernel:s0 tcontext=u:r:kernel:s0 tclass=capability permissive=0
02-17 09:12:08.941 E/DisplayDeviceConfig( 1524): requesting nits when no mapping exists.
02-17 09:12:08.941 E/DisplayDeviceConfig( 1524): requesting nits when no mapping exists.
02-17 09:12:08.941 I/am_wtf ( 1524): [0,1524,system_server,-1,DisplayDeviceConfig,requesting nits when no mapping exists.]
02-17 09:12:08.941 I/am_wtf ( 1524): [0,1524,system_server,-1,DisplayDeviceConfig,requesting nits when no mapping exists.]
02-17 09:12:08.958 E/DisplayDeviceConfig( 1524): requesting nits when no mapping exists.
02-17 09:12:08.958 E/DisplayDeviceConfig( 1524): requesting nits when no mapping exists.
02-17 09:12:08.958 I/am_wtf ( 1524): [0,1524,system_server,-1,DisplayDeviceConfig,requesting nits when no mapping exists.]
02-17 09:12:08.958 I/am_wtf ( 1524): [0,1524,system_server,-1,DisplayDeviceConfig,requesting nits when no mapping exists.]
02-17 09:12:08.976 E/DisplayDeviceConfig( 1524): requesting nits when no mapping exists.
02-17 09:12:08.976 I/am_wtf ( 1524): [0,1524,system_server,-1,DisplayDeviceConfig,requesting nits when no mapping exists.]
02-17 09:12:08.976 I/wm_stop_activity( 1524): [0,128678138,com.android.launcher3/.uioverrides.QuickstepLauncher]
02-17 09:12:08.977 E/DisplayDeviceConfig( 1524): requesting nits when no mapping exists.
02-17 09:12:08.977 I/am_wtf ( 1524): [0,1524,system_server,-1,DisplayDeviceConfig,requesting nits when no mapping exists.]
02-17 09:12:08.991 E/DisplayDeviceConfig( 1524): requesting nits when no mapping exists.
02-17 09:12:08.991 E/DisplayDeviceConfig( 1524): requesting nits when no mapping exists.
02-17 09:12:08.991 I/am_wtf ( 1524): [0,1524,system_server,-1,DisplayDeviceConfig,requesting nits when no mapping exists.]
02-17 09:12:08.991 I/am_wtf ( 1524): [0,1524,system_server,-1,DisplayDeviceConfig,requesting nits when no mapping exists.]
02-17 09:12:08.994 I/wm_on_stop_called( 2568): [128678138,com.android.launcher3.uioverrides.QuickstepLauncher,STOP_ACTIVITY_ITEM]
02-17 09:12:09.008 E/DisplayDeviceConfig( 1524): requesting nits when no mapping exists.
02-17 09:12:09.008 E/DisplayDeviceConfig( 1524): requesting nits when no mapping exists.
02-17 09:12:09.008 I/am_wtf ( 1524): [0,1524,system_server,-1,DisplayDeviceConfig,requesting nits when no mapping exists.]
02-17 09:12:09.008 I/service_manager_stats( 1524): [100,40,7131]
02-17 09:12:09.008 I/am_wtf ( 1524): [0,1524,system_server,-1,DisplayDeviceConfig,requesting nits when no mapping exists.]
02-17 09:12:09.013 W/ContextImpl( 2121): Calling a method in the system process without a qualified user: android.app.ContextImpl.startService:1816 android.content.ContextWrapper.startService:774 com.thundercomm.gamemode.ingame.services.GameModeActionUtils.startGameModeService:111 com.thundercomm.gamemode.ingame.services.GameModeActionUtils.startGameModeEntry:22 com.thundercomm.gamemode.ingame.services.ActivityMonitoringService$1.onActivityLaunch:139
02-17 09:12:09.014 I/GameModeConfig( 1524): Current uri is uri = content://com.thundercomm.gamemode.api/gamemode_settings/gamemode_isgaming
02-17 09:12:09.015 I/GameModeConfig( 1524): isGameModeOn = false
02-17 09:12:09.015 I/GameModeConfig( 1524): isGameModeOn = false
02-17 09:12:09.015 I/GameModeConfig( 1524): isDisableVoice = true
02-17 09:12:09.024 E/DisplayDeviceConfig( 1524): requesting nits when no mapping exists.
02-17 09:12:09.024 E/DisplayDeviceConfig( 1524): requesting nits when no mapping exists.
02-17 09:12:09.025 I/am_wtf ( 1524): [0,1524,system_server,-1,DisplayDeviceConfig,requesting nits when no mapping exists.]
02-17 09:12:09.025 I/am_wtf ( 1524): [0,1524,system_server,-1,DisplayDeviceConfig,requesting nits when no mapping exists.]
02-17 09:12:09.041 E/DisplayDeviceConfig( 1524): requesting nits when no mapping exists.
02-17 09:12:09.041 E/DisplayDeviceConfig( 1524): requesting nits when no mapping exists.
02-17 09:12:09.041 I/am_wtf ( 1524): [0,1524,system_server,-1,DisplayDeviceConfig,requesting nits when no mapping exists.]
02-17 09:12:09.041 I/am_wtf ( 1524): [0,1524,system_server,-1,DisplayDeviceConfig,requesting nits when no mapping exists.]
02-17 09:12:09.058 E/DisplayDeviceConfig( 1524): requesting nits when no mapping exists.
02-17 09:12:09.058 E/DisplayDeviceConfig( 1524): requesting nits when no mapping exists.
02-17 09:12:09.058 I/am_wtf ( 1524): [0,1524,system_server,-1,DisplayDeviceConfig,requesting nits when no mapping exists.]
02-17 09:12:09.058 I/am_wtf ( 1524): [0,1524,system_server,-1,DisplayDeviceConfig,requesting nits when no mapping exists.]
02-17 09:12:09.058 D/ActivityManager( 1524): freezing 16130 com.android.settings
02-17 09:12:09.059 E/ActivityManager( 1524): Unable to freeze binder for 16130 com.android.settings
02-17 09:12:09.060 D/ActivityManager( 1524): froze 16130 com.android.settings
02-17 09:12:09.060 I/am_freeze( 1524): [16130,com.android.settings]
02-17 09:12:09.060 E/ActivityManager( 1524): Unable to freeze binder for 16130 com.android.settings
02-17 09:12:09.061 I/ActivityManager( 1524): Killing 16130:com.android.settings/1000 (adj 900): Unable to freeze binder interface
02-17 09:12:09.061 I/am_kill ( 1524): [0,16130,com.android.settings,900,Unable to freeze binder interface]
01-01 13:22:49.205 I/binder ( 0): 1524:1735 ioctl 400c620e 7a5c9705d8 returned -22
01-01 13:22:49.207 I/binder ( 0): 1524:1735 ioctl c00c620f 7a5c9705b8 returned -22
02-17 09:12:09.076 E/DisplayDeviceConfig( 1524): requesting nits when no mapping exists.
02-17 09:12:09.076 E/DisplayDeviceConfig( 1524): requesting nits when no mapping exists.
02-17 09:12:09.076 I/am_wtf ( 1524): [0,1524,system_server,-1,DisplayDeviceConfig,requesting nits when no mapping exists.]
02-17 09:12:09.076 I/am_wtf ( 1524): [0,1524,system_server,-1,DisplayDeviceConfig,requesting nits when no mapping exists.]
02-17 09:12:09.092 E/DisplayDeviceConfig( 1524): requesting nits when no mapping exists.
02-17 09:12:09.092 E/DisplayDeviceConfig( 1524): requesting nits when no mapping exists.
02-17 09:12:09.092 I/am_wtf ( 1524): [0,1524,system_server,-1,DisplayDeviceConfig,requesting nits when no mapping exists.]
02-17 09:12:09.093 I/am_wtf ( 1524): [0,1524,system_server,-1,DisplayDeviceConfig,requesting nits when no mapping exists.]
02-17 09:12:09.102 I/am_proc_died( 1524): [0,16130,com.android.settings,900,16]
02-17 09:12:09.103 I/WindowManager( 1524): WIN DEATH: Window{ed28269 u0 com.android.settings/com.android.settings.homepage.SettingsHomepageActivity}
02-17 09:12:09.105 W/ActivityManager( 1524): setHasOverlayUi called on unknown pid: 16130
02-17 09:12:09.105 W/UsageStatsService( 1524): Unexpected activity event reported! (com.android.settings/com.android.settings.homepage.SettingsHomepageActivity event : 23 instanceId : 211771034)
02-17 09:12:09.107 D/CompatibilityChangeReporter( 1524): Compat change id reported: 135634846; UID 1000; state: DISABLED
02-17 09:12:09.107 D/CompatibilityChangeReporter( 1524): Compat change id reported: 177438394; UID 1000; state: DISABLED
02-17 09:12:09.107 D/CompatibilityChangeReporter( 1524): Compat change id reported: 135772972; UID 1000; state: DISABLED
02-17 09:12:09.107 D/CompatibilityChangeReporter( 1524): Compat change id reported: 135754954; UID 1000; state: ENABLED
02-17 09:12:09.109 E/DisplayDeviceConfig( 1524): requesting nits when no mapping exists.
02-17 09:12:09.109 E/DisplayDeviceConfig( 1524): requesting nits when no mapping exists.
02-17 09:12:09.109 I/am_wtf ( 1524): [0,1524,system_server,-1,DisplayDeviceConfig,requesting nits when no mapping exists.]
02-17 09:12:09.110 I/am_wtf ( 1524): [0,1524,system_server,-1,DisplayDeviceConfig,requesting nits when no mapping exists.]
02-17 09:12:09.112 I/am_proc_start( 1524): [0,19878,1000,com.android.settings,NULL,]
02-17 09:12:09.112 I/ActivityManager( 1524): Start proc 19878:com.android.settings/1000 for null
01-01 13:22:49.266 I/binder ( 0): 19878:19878 ioctl 40046210 7ffa2be654 returned -22
02-17 09:12:09.121 I/am_proc_bound( 1524): [0,19878,com.android.settings]
02-17 09:12:09.125 E/DisplayDeviceConfig( 1524): requesting nits when no mapping exists.
02-17 09:12:09.125 E/DisplayDeviceConfig( 1524): requesting nits when no mapping exists.
02-17 09:12:09.125 I/am_wtf ( 1524): [0,1524,system_server,-1,DisplayDeviceConfig,requesting nits when no mapping exists.]
02-17 09:12:09.125 I/am_wtf ( 1524): [0,1524,system_server,-1,DisplayDeviceConfig,requesting nits when no mapping exists.]
02-17 09:12:09.142 E/DisplayDeviceConfig( 1524): requesting nits when no mapping exists.
02-17 09:12:09.142 E/DisplayDeviceConfig( 1524): requesting nits when no mapping exists.
02-17 09:12:09.142 I/am_wtf ( 1524): [0,1524,system_server,-1,DisplayDeviceConfig,requesting nits when no mapping exists.]
02-17 09:12:09.143 I/am_wtf ( 1524): [0,1524,system_server,-1,DisplayDeviceConfig,requesting nits when no mapping exists.]
02-17 09:12:09.158 E/DisplayDeviceConfig( 1524): requesting nits when no mapping exists.
02-17 09:12:09.159 E/DisplayDeviceConfig( 1524): requesting nits when no mapping exists.
02-17 09:12:09.159 I/am_wtf ( 1524): [0,1524,system_server,-1,DisplayDeviceConfig,requesting nits when no mapping exists.]
02-17 09:12:09.159 I/am_wtf ( 1524): [0,1524,system_server,-1,DisplayDeviceConfig,requesting nits when no mapping exists.]
02-17 09:12:09.163 I/am_wtf ( 1524): [0,19878,com.android.settings,952647173,RoleParser,com.android.permissioncontroller.role.model.AssistantRoleBehavior]
02-17 09:12:09.164 I/am_wtf ( 1524): [0,19878,com.android.settings,952647173,RoleParser,com.android.permissioncontroller.role.model.BrowserRoleBehavior]
02-17 09:12:09.165 I/am_wtf ( 1524): [0,19878,com.android.settings,952647173,RoleParser,com.android.permissioncontroller.role.model.DialerRoleBehavior]
02-17 09:12:09.166 I/am_wtf ( 1524): [0,19878,com.android.settings,952647173,RoleParser,com.android.permissioncontroller.role.model.SmsRoleBehavior]
02-17 09:12:09.167 I/am_wtf ( 1524): [0,19878,com.android.settings,952647173,RoleParser,com.android.permissioncontroller.role.model.EmergencyRoleBehavior]
02-17 09:12:09.168 I/am_wtf ( 1524): [0,19878,com.android.settings,952647173,RoleParser,com.android.permissioncontroller.role.model.HomeRoleBehavior]
02-17 09:12:09.170 I/am_wtf ( 1524): [0,19878,com.android.settings,952647173,RoleParser,com.android.permissioncontroller.role.model.SystemAutomotiveClusterRoleBehavior]
02-17 09:12:09.171 I/am_wtf ( 1524): [0,19878,com.android.settings,952647173,RoleParser,com.android.permissioncontroller.role.model.CompanionDeviceWatchRoleBehavior]
02-17 09:12:09.172 I/am_wtf ( 1524): [0,19878,com.android.settings,952647173,RoleParser,com.android.permissioncontroller.role.model.SystemShellRoleBehavior]
02-17 09:12:09.173 I/am_wtf ( 1524): [0,19878,com.android.settings,952647173,RoleParser,com.android.permissioncontroller.role.model.TelevisionRoleBehavior]
02-17 09:12:09.175 E/DisplayDeviceConfig( 1524): requesting nits when no mapping exists.
02-17 09:12:09.175 I/am_wtf ( 1524): [0,19878,com.android.settings,952647173,RoleParser,com.android.permissioncontroller.role.model.TelevisionRoleBehavior]
02-17 09:12:09.175 E/DisplayDeviceConfig( 1524): requesting nits when no mapping exists.
02-17 09:12:09.175 I/am_wtf ( 1524): [0,1524,system_server,-1,DisplayDeviceConfig,requesting nits when no mapping exists.]
02-17 09:12:09.175 I/am_wtf ( 1524): [0,1524,system_server,-1,DisplayDeviceConfig,requesting nits when no mapping exists.]
02-17 09:12:09.192 E/DisplayDeviceConfig( 1524): requesting nits when no mapping exists.
02-17 09:12:09.192 E/DisplayDeviceConfig( 1524): requesting nits when no mapping exists.
02-17 09:12:09.192 I/am_wtf ( 1524): [0,1524,system_server,-1,DisplayDeviceConfig,requesting nits when no mapping exists.]
02-17 09:12:09.192 I/am_wtf ( 1524): [0,1524,system_server,-1,DisplayDeviceConfig,requesting nits when no mapping exists.]
02-17 09:12:09.209 E/DisplayDeviceConfig( 1524): requesting nits when no mapping exists.
02-17 09:12:09.209 E/DisplayDeviceConfig( 1524): requesting nits when no mapping exists.
02-17 09:12:09.209 I/am_wtf ( 1524): [0,1524,system_server,-1,DisplayDeviceConfig,requesting nits when no mapping exists.]
02-17 09:12:09.209 I/am_wtf ( 1524): [0,1524,system_server,-1,DisplayDeviceConfig,requesting nits when no mapping exists.]
02-17 09:12:09.225 E/DisplayDeviceConfig( 1524): requesting nits when no mapping exists.
02-17 09:12:09.225 E/DisplayDeviceConfig( 1524): requesting nits when no mapping exists.
02-17 09:12:09.225 I/am_wtf ( 1524): [0,1524,system_server,-1,DisplayDeviceConfig,requesting nits when no mapping exists.]
02-17 09:12:09.226 I/am_wtf ( 1524): [0,1524,system_server,-1,DisplayDeviceConfig,requesting nits when no mapping exists.]
02-17 09:12:09.242 E/DisplayDeviceConfig( 1524): requesting nits when no mapping exists.
02-17 09:12:09.242 E/DisplayDeviceConfig( 1524): requesting nits when no mapping exists.
02-17 09:12:09.242 I/am_wtf ( 1524): [0,1524,system_server,-1,DisplayDeviceConfig,requesting nits when no mapping exists.]
02-17 09:12:09.242 I/am_wtf ( 1524): [0,1524,system_server,-1,DisplayDeviceConfig,requesting nits when no mapping exists.]
02-17 09:12:09.259 E/DisplayDeviceConfig( 1524): requesting nits when no mapping exists.
02-17 09:12:09.259 E/DisplayDeviceConfig( 1524): requesting nits when no mapping exists.
02-17 09:12:09.259 I/am_wtf ( 1524): [0,1524,system_server,-1,DisplayDeviceConfig,requesting nits when no mapping exists.]
02-17 09:12:09.259 I/am_wtf ( 1524): [0,1524,system_server,-1,DisplayDeviceConfig,requesting nits when no mapping exists.]
02-17 09:12:09.276 E/DisplayDeviceConfig( 1524): requesting nits when no mapping exists.
02-17 09:12:09.276 E/DisplayDeviceConfig( 1524): requesting nits when no mapping exists.
02-17 09:12:09.276 I/am_wtf ( 1524): [0,1524,system_server,-1,DisplayDeviceConfig,requesting nits when no mapping exists.]
02-17 09:12:09.276 I/am_wtf ( 1524): [0,1524,system_server,-1,DisplayDeviceConfig,requesting nits when no mapping exists.]
02-17 09:12:09.293 E/DisplayDeviceConfig( 1524): requesting nits when no mapping exists.
02-17 09:12:09.293 E/DisplayDeviceConfig( 1524): requesting nits when no mapping exists.
02-17 09:12:09.293 I/am_wtf ( 1524): [0,1524,system_server,-1,DisplayDeviceConfig,requesting nits when no mapping exists.]
02-17 09:12:09.293 I/am_wtf ( 1524): [0,1524,system_server,-1,DisplayDeviceConfig,requesting nits when no mapping exists.]
02-17 09:12:09.309 E/DisplayDeviceConfig( 1524): requesting nits when no mapping exists.
02-17 09:12:09.309 E/DisplayDeviceConfig( 1524): requesting nits when no mapping exists.
02-17 09:12:09.309 I/am_wtf ( 1524): [0,1524,system_server,-1,DisplayDeviceConfig,requesting nits when no mapping exists.]
02-17 09:12:09.309 I/am_wtf ( 1524): [0,1524,system_server,-1,DisplayDeviceConfig,requesting nits when no mapping exists.]
02-17 09:12:09.326 E/DisplayDeviceConfig( 1524): requesting nits when no mapping exists.
02-17 09:12:09.326 E/DisplayDeviceConfig( 1524): requesting nits when no mapping exists.
02-17 09:12:09.326 I/am_wtf ( 1524): [0,1524,system_server,-1,DisplayDeviceConfig,requesting nits when no mapping exists.]
02-17 09:12:09.326 I/am_wtf ( 1524): [0,1524,system_server,-1,DisplayDeviceConfig,requesting nits when no mapping exists.]
02-17 09:12:09.343 E/DisplayDeviceConfig( 1524): requesting nits when no mapping exists.
02-17 09:12:09.343 E/DisplayDeviceConfig( 1524): requesting nits when no mapping exists.
02-17 09:12:09.343 I/am_wtf ( 1524): [0,1524,system_server,-1,DisplayDeviceConfig,requesting nits when no mapping exists.]
02-17 09:12:09.343 I/am_wtf ( 1524): [0,1524,system_server,-1,DisplayDeviceConfig,requesting nits when no mapping exists.]
02-17 09:12:09.359 E/DisplayDeviceConfig( 1524): requesting nits when no mapping exists.
02-17 09:12:09.359 E/DisplayDeviceConfig( 1524): requesting nits when no mapping exists.
02-17 09:12:09.359 I/am_wtf ( 1524): [0,1524,system_server,-1,DisplayDeviceConfig,requesting nits when no mapping exists.]
02-17 09:12:09.359 I/am_wtf ( 1524): [0,1524,system_server,-1,DisplayDeviceConfig,requesting nits when no mapping exists.]
02-17 09:12:09.376 E/DisplayDeviceConfig( 1524): requesting nits when no mapping exists.
02-17 09:12:09.376 E/DisplayDeviceConfig( 1524): requesting nits when no mapping exists.
02-17 09:12:09.376 I/am_wtf ( 1524): [0,1524,system_server,-1,DisplayDeviceConfig,requesting nits when no mapping exists.]
02-17 09:12:09.376 I/am_wtf ( 1524): [0,1524,system_server,-1,DisplayDeviceConfig,requesting nits when no mapping exists.]
02-17 09:12:09.392 E/DisplayDeviceConfig( 1524): requesting nits when no mapping exists.
02-17 09:12:09.392 E/DisplayDeviceConfig( 1524): requesting nits when no mapping exists.
02-17 09:12:09.392 I/am_wtf ( 1524): [0,1524,system_server,-1,DisplayDeviceConfig,requesting nits when no mapping exists.]
02-17 09:12:09.393 I/am_wtf ( 1524): [0,1524,system_server,-1,DisplayDeviceConfig,requesting nits when no mapping exists.]
02-17 09:12:09.409 E/DisplayDeviceConfig( 1524): requesting nits when no mapping exists.
02-17 09:12:09.409 E/DisplayDeviceConfig( 1524): requesting nits when no mapping exists.
02-17 09:12:09.409 I/am_wtf ( 1524): [0,1524,system_server,-1,DisplayDeviceConfig,requesting nits when no mapping exists.]
02-17 09:12:09.409 I/am_wtf ( 1524): [0,1524,system_server,-1,DisplayDeviceConfig,requesting nits when no mapping exists.]
02-17 09:12:09.426 E/DisplayDeviceConfig( 1524): requesting nits when no mapping exists.
02-17 09:12:09.426 E/DisplayDeviceConfig( 1524): requesting nits when no mapping exists.
02-17 09:12:09.426 I/am_wtf ( 1524): [0,1524,system_server,-1,DisplayDeviceConfig,requesting nits when no mapping exists.]
02-17 09:12:09.426 I/am_wtf ( 1524): [0,1524,system_server,-1,DisplayDeviceConfig,requesting nits when no mapping exists.]
02-17 09:12:09.442 E/DisplayDeviceConfig( 1524): requesting nits when no mapping exists.
02-17 09:12:09.442 E/DisplayDeviceConfig( 1524): requesting nits when no mapping exists.
02-17 09:12:09.443 I/am_wtf ( 1524): [0,1524,system_server,-1,DisplayDeviceConfig,requesting nits when no mapping exists.]
02-17 09:12:09.443 I/am_wtf ( 1524): [0,1524,system_server,-1,DisplayDeviceConfig,requesting nits when no mapping exists.]
02-17 09:12:09.459 E/DisplayDeviceConfig( 1524): requesting nits when no mapping exists.
02-17 09:12:09.459 E/DisplayDeviceConfig( 1524): requesting nits when no mapping exists.
02-17 09:12:09.459 I/am_wtf ( 1524): [0,1524,system_server,-1,DisplayDeviceConfig,requesting nits when no mapping exists.]
02-17 09:12:09.459 I/am_wtf ( 1524): [0,1524,system_server,-1,DisplayDeviceConfig,requesting nits when no mapping exists.]
02-17 09:12:09.476 E/DisplayDeviceConfig( 1524): requesting nits when no mapping exists.
02-17 09:12:09.476 E/DisplayDeviceConfig( 1524): requesting nits when no mapping exists.
02-17 09:12:09.476 I/am_wtf ( 1524): [0,1524,system_server,-1,DisplayDeviceConfig,requesting nits when no mapping exists.]
02-17 09:12:09.476 I/am_wtf ( 1524): [0,1524,system_server,-1,DisplayDeviceConfig,requesting nits when no mapping exists.]
02-17 09:12:09.493 E/DisplayDeviceConfig( 1524): requesting nits when no mapping exists.
02-17 09:12:09.493 E/DisplayDeviceConfig( 1524): requesting nits when no mapping exists.
02-17 09:12:09.493 I/am_wtf ( 1524): [0,1524,system_server,-1,DisplayDeviceConfig,requesting nits when no mapping exists.]
02-17 09:12:09.493 I/am_wtf ( 1524): [0,1524,system_server,-1,DisplayDeviceConfig,requesting nits when no mapping exists.]
02-17 09:12:09.509 E/DisplayDeviceConfig( 1524): requesting nits when no mapping exists.
02-17 09:12:09.509 E/DisplayDeviceConfig( 1524): requesting nits when no mapping exists.
