02-17 08:49:03.935 I/auditd (19135): type=1400 audit(0.0:19415): avc: denied { kill } for comm="kworker/u16:14" capability=5 scontext=u:r:kernel:s0 tcontext=u:r:kernel:s0 tclass=capability permissive=0
02-17 08:49:04.935 I/auditd ( 0): type=1400 audit(0.0:19416): avc: denied { kill } for comm="swapper/0" capability=5 scontext=u:r:kernel:s0 tcontext=u:r:kernel:s0 tclass=capability permissive=0
02-17 08:49:05.935 I/auditd ( 0): type=1400 audit(0.0:19417): avc: denied { kill } for comm="swapper/0" capability=5 scontext=u:r:kernel:s0 tcontext=u:r:kernel:s0 tclass=capability permissive=0
01-01 12:59:46.365 E/DTC_ETH,link_delay_work_func( 0): 3003, SQI=0, link=0
02-17 08:49:06.935 I/auditd ( 0): type=1400 audit(0.0:19418): avc: denied { kill } for comm="swapper/0" capability=5 scontext=u:r:kernel:s0 tcontext=u:r:kernel:s0 tclass=capability permissive=0
02-17 08:49:07.939 I/auditd ( 0): type=1400 audit(0.0:19419): avc: denied { kill } for comm="swapper/0" capability=5 scontext=u:r:kernel:s0 tcontext=u:r:kernel:s0 tclass=capability permissive=0
02-17 08:49:08.939 I/auditd ( 0): type=1400 audit(0.0:19420): avc: denied { kill } for comm="swapper/0" capability=5 scontext=u:r:kernel:s0 tcontext=u:r:kernel:s0 tclass=capability permissive=0
02-17 08:49:09.935 I/auditd ( 0): type=1400 audit(0.0:19421): avc: denied { kill } for comm="swapper/0" capability=5 scontext=u:r:kernel:s0 tcontext=u:r:kernel:s0 tclass=capability permissive=0
02-17 08:49:10.939 I/auditd ( 0): type=1400 audit(0.0:19422): avc: denied { kill } for comm="swapper/0" capability=5 scontext=u:r:kernel:s0 tcontext=u:r:kernel:s0 tclass=capability permissive=0
01-01 12:59:51.485 E/DTC_ETH,link_delay_work_func( 0): 3003, SQI=0, link=0
02-17 08:49:11.939 I/auditd ( 0): type=1400 audit(0.0:19423): avc: denied { kill } for comm="swapper/0" capability=5 scontext=u:r:kernel:s0 tcontext=u:r:kernel:s0 tclass=capability permissive=0
02-17 08:49:12.939 I/auditd ( 0): type=1400 audit(0.0:19424): avc: denied { kill } for comm="swapper/0" capability=5 scontext=u:r:kernel:s0 tcontext=u:r:kernel:s0 tclass=capability permissive=0
02-17 08:49:13.939 I/auditd ( 0): type=1400 audit(0.0:19425): avc: denied { kill } for comm="swapper/0" capability=5 scontext=u:r:kernel:s0 tcontext=u:r:kernel:s0 tclass=capability permissive=0
02-17 08:49:14.935 I/auditd ( 0): type=1400 audit(0.0:19426): avc: denied { kill } for comm="swapper/0" capability=5 scontext=u:r:kernel:s0 tcontext=u:r:kernel:s0 tclass=capability permissive=0
02-17 08:49:15.939 I/auditd ( 0): type=1400 audit(0.0:19427): avc: denied { kill } for comm="swapper/0" capability=5 scontext=u:r:kernel:s0 tcontext=u:r:kernel:s0 tclass=capability permissive=0
01-01 12:59:56.605 E/DTC_ETH,link_delay_work_func( 0): 3003, SQI=0, link=0
02-17 08:49:16.935 I/auditd ( 0): type=1400 audit(0.0:19428): avc: denied { kill } for comm="swapper/0" capability=5 scontext=u:r:kernel:s0 tcontext=u:r:kernel:s0 tclass=capability permissive=0
02-17 08:49:17.935 I/auditd ( 0): type=1400 audit(0.0:19429): avc: denied { kill } for comm="swapper/0" capability=5 scontext=u:r:kernel:s0 tcontext=u:r:kernel:s0 tclass=capability permissive=0
02-17 08:49:18.939 I/auditd ( 0): type=1400 audit(0.0:19430): avc: denied { kill } for comm="swapper/0" capability=5 scontext=u:r:kernel:s0 tcontext=u:r:kernel:s0 tclass=capability permissive=0
02-17 08:49:19.939 I/auditd ( 0): type=1400 audit(0.0:19431): avc: denied { kill } for comm="swapper/0" capability=5 scontext=u:r:kernel:s0 tcontext=u:r:kernel:s0 tclass=capability permissive=0
02-17 08:49:20.935 I/auditd ( 0): type=1400 audit(0.0:19432): avc: denied { kill } for comm="swapper/0" capability=5 scontext=u:r:kernel:s0 tcontext=u:r:kernel:s0 tclass=capability permissive=0
01-01 13:00:01.725 E/DTC_ETH,link_delay_work_func( 0): 3003, SQI=0, link=0
02-17 08:49:21.935 I/auditd ( 0): type=1400 audit(0.0:19433): avc: denied { kill } for comm="swapper/0" capability=5 scontext=u:r:kernel:s0 tcontext=u:r:kernel:s0 tclass=capability permissive=0
02-17 08:49:22.321 W/BatteryExternalStatsWorker( 1524): error reading modem stats:ERROR_PHONE_NOT_AVAILABLE
02-17 08:49:22.351 E/KernelCpuSpeedReader( 1524): Failed to read cpu-freq: /sys/devices/system/cpu/cpu4/cpufreq/stats/time_in_state: open failed: ENOENT (No such file or directory)
02-17 08:49:22.352 E/KernelCpuSpeedReader( 1524): Failed to read cpu-freq: /sys/devices/system/cpu/cpu0/cpufreq/stats/time_in_state: open failed: ENOENT (No such file or directory)
02-17 08:49:22.347 I/auditd ( 568): type=1400 audit(0.0:19434): avc: denied { read } for comm="Binder:568_2" name="wakeup58" dev="sysfs" ino=71413 scontext=u:r:system_suspend:s0 tcontext=u:object_r:sysfs:s0 tclass=dir permissive=0
02-17 08:49:22.351 I/auditd ( 568): type=1400 audit(0.0:19435): avc: denied { read } for comm="Binder:568_2" name="wakeup4" dev="sysfs" ino=47054 scontext=u:r:system_suspend:s0 tcontext=u:object_r:sysfs:s0 tclass=dir permissive=0
02-17 08:49:22.351 I/auditd ( 568): type=1400 audit(0.0:19436): avc: denied { read } for comm="Binder:568_2" name="wakeup28" dev="sysfs" ino=53119 scontext=u:r:system_suspend:s0 tcontext=u:object_r:sysfs:s0 tclass=dir permissive=0
02-17 08:49:22.351 I/auditd ( 568): type=1400 audit(0.0:19437): avc: denied { read } for comm="Binder:568_2" name="wakeup56" dev="sysfs" ino=71341 scontext=u:r:system_suspend:s0 tcontext=u:object_r:sysfs:s0 tclass=dir permissive=0
02-17 08:49:22.351 I/auditd ( 568): type=1400 audit(0.0:19438): avc: denied { read } for comm="Binder:568_2" name="wakeup2" dev="sysfs" ino=46578 scontext=u:r:system_suspend:s0 tcontext=u:object_r:sysfs:s0 tclass=dir permissive=0
02-17 08:49:22.351 I/auditd ( 568): type=1400 audit(0.0:19439): avc: denied { read } for comm="Binder:568_2" name="wakeup74" dev="sysfs" ino=76304 scontext=u:r:system_suspend:s0 tcontext=u:object_r:sysfs:s0 tclass=dir permissive=0
02-17 08:49:22.351 I/auditd ( 568): type=1400 audit(0.0:19440): avc: denied { read } for comm="Binder:568_2" name="wakeup36" dev="sysfs" ino=58632 scontext=u:r:system_suspend:s0 tcontext=u:object_r:sysfs:s0 tclass=dir permissive=0
01-01 13:00:02.504 W/audit ( 0): audit_lost=1598 audit_rate_limit=5 audit_backlog_limit=64
01-01 13:00:02.504 E/audit ( 0): rate limit exceeded
02-17 08:49:22.381 I/commit_sys_config_file( 1524): [batterystats,3]
02-17 08:49:22.382 I/commit_sys_config_file( 1524): [batterystats,0]
02-17 08:49:23.939 I/auditd ( 0): type=1400 audit(0.0:19485): avc: denied { kill } for comm="swapper/0" capability=5 scontext=u:r:kernel:s0 tcontext=u:r:kernel:s0 tclass=capability permissive=0
02-17 08:49:24.935 I/auditd ( 0): type=1400 audit(0.0:19486): avc: denied { kill } for comm="swapper/0" capability=5 scontext=u:r:kernel:s0 tcontext=u:r:kernel:s0 tclass=capability permissive=0
02-17 08:49:25.939 I/auditd ( 0): type=1400 audit(0.0:19487): avc: denied { kill } for comm="swapper/0" capability=5 scontext=u:r:kernel:s0 tcontext=u:r:kernel:s0 tclass=capability permissive=0
01-01 13:00:06.845 E/DTC_ETH,link_delay_work_func( 0): 3003, SQI=0, link=0
02-17 08:49:26.939 I/auditd ( 0): type=1400 audit(0.0:19488): avc: denied { kill } for comm="swapper/0" capability=5 scontext=u:r:kernel:s0 tcontext=u:r:kernel:s0 tclass=capability permissive=0
02-17 08:49:27.939 I/auditd ( 0): type=1400 audit(0.0:19489): avc: denied { kill } for comm="swapper/0" capability=5 scontext=u:r:kernel:s0 tcontext=u:r:kernel:s0 tclass=capability permissive=0
02-17 08:49:28.935 I/auditd ( 0): type=1400 audit(0.0:19490): avc: denied { kill } for comm="swapper/0" capability=5 scontext=u:r:kernel:s0 tcontext=u:r:kernel:s0 tclass=capability permissive=0
02-17 08:49:29.935 I/auditd ( 0): type=1400 audit(0.0:19491): avc: denied { kill } for comm="swapper/0" capability=5 scontext=u:r:kernel:s0 tcontext=u:r:kernel:s0 tclass=capability permissive=0
02-17 08:49:30.935 I/auditd ( 0): type=1400 audit(0.0:19492): avc: denied { kill } for comm="swapper/0" capability=5 scontext=u:r:kernel:s0 tcontext=u:r:kernel:s0 tclass=capability permissive=0
01-01 13:00:11.965 E/DTC_ETH,link_delay_work_func( 0): 3003, SQI=0, link=0
02-17 08:49:31.939 I/auditd ( 0): type=1400 audit(0.0:19493): avc: denied { kill } for comm="swapper/0" capability=5 scontext=u:r:kernel:s0 tcontext=u:r:kernel:s0 tclass=capability permissive=0
02-17 08:49:32.242 I/UsageStatsService( 1524): User[0] Flushing usage stats to disk
02-17 08:49:32.935 I/auditd ( 0): type=1400 audit(0.0:19494): avc: denied { kill } for comm="swapper/0" capability=5 scontext=u:r:kernel:s0 tcontext=u:r:kernel:s0 tclass=capability permissive=0
02-17 08:49:33.939 I/auditd ( 0): type=1400 audit(0.0:19495): avc: denied { kill } for comm="swapper/0" capability=5 scontext=u:r:kernel:s0 tcontext=u:r:kernel:s0 tclass=capability permissive=0
02-17 08:49:34.935 I/auditd ( 0): type=1400 audit(0.0:19496): avc: denied { kill } for comm="swapper/0" capability=5 scontext=u:r:kernel:s0 tcontext=u:r:kernel:s0 tclass=capability permissive=0
02-17 08:49:35.935 I/auditd ( 0): type=1400 audit(0.0:19497): avc: denied { kill } for comm="swapper/0" capability=5 scontext=u:r:kernel:s0 tcontext=u:r:kernel:s0 tclass=capability permissive=0
02-17 08:49:36.935 I/auditd ( 0): type=1400 audit(0.0:19498): avc: denied { kill } for comm="swapper/0" capability=5 scontext=u:r:kernel:s0 tcontext=u:r:kernel:s0 tclass=capability permissive=0
01-01 13:00:17.085 E/DTC_ETH,link_delay_work_func( 0): 3003, SQI=0, link=0
02-17 08:49:37.939 I/auditd ( 0): type=1400 audit(0.0:19499): avc: denied { kill } for comm="swapper/0" capability=5 scontext=u:r:kernel:s0 tcontext=u:r:kernel:s0 tclass=capability permissive=0
02-17 08:49:38.939 I/auditd ( 0): type=1400 audit(0.0:19500): avc: denied { kill } for comm="swapper/0" capability=5 scontext=u:r:kernel:s0 tcontext=u:r:kernel:s0 tclass=capability permissive=0
02-17 08:49:39.935 I/auditd ( 0): type=1400 audit(0.0:19501): avc: denied { kill } for comm="swapper/0" capability=5 scontext=u:r:kernel:s0 tcontext=u:r:kernel:s0 tclass=capability permissive=0
02-17 08:49:40.935 I/auditd ( 0): type=1400 audit(0.0:19502): avc: denied { kill } for comm="swapper/0" capability=5 scontext=u:r:kernel:s0 tcontext=u:r:kernel:s0 tclass=capability permissive=0
02-17 08:49:41.935 I/auditd ( 0): type=1400 audit(0.0:19503): avc: denied { kill } for comm="swapper/0" capability=5 scontext=u:r:kernel:s0 tcontext=u:r:kernel:s0 tclass=capability permissive=0
01-01 13:00:22.205 E/DTC_ETH,link_delay_work_func( 0): 3003, SQI=0, link=0
02-17 08:49:42.935 I/auditd ( 0): type=1400 audit(0.0:19504): avc: denied { kill } for comm="swapper/0" capability=5 scontext=u:r:kernel:s0 tcontext=u:r:kernel:s0 tclass=capability permissive=0
01-01 13:00:23.256 I/init ( 0): Untracked pid 19413 exited with status 0
02-17 08:49:43.935 I/auditd ( 0): type=1400 audit(0.0:19505): avc: denied { kill } for comm="swapper/0" capability=5 scontext=u:r:kernel:s0 tcontext=u:r:kernel:s0 tclass=capability permissive=0
02-17 08:49:44.283 I/auditd (19423): type=1400 audit(0.0:19506): avc: denied { read } for comm="ls" name="/" dev="dm-5" ino=2 scontext=u:r:system_app:s0 tcontext=u:object_r:rootfs:s0 tclass=dir permissive=0
02-17 08:49:44.451 I/auditd (19429): type=1400 audit(0.0:19507): avc: denied { read } for comm="ls" name="/" dev="dm-5" ino=2 scontext=u:r:system_app:s0 tcontext=u:object_r:rootfs:s0 tclass=dir permissive=0
02-17 08:49:44.935 I/auditd ( 0): type=1400 audit(0.0:19508): avc: denied { kill } for comm="swapper/0" capability=5 scontext=u:r:kernel:s0 tcontext=u:r:kernel:s0 tclass=capability permissive=0
02-17 08:49:45.652 V/DisplayPowerController[0]( 1524): Brightness [0.05] reason changing to: 'manual [ dim ]', previous reason: 'manual'.
02-17 08:49:45.652 I/sysui_multi_action( 1524): [757,1696,758,6,759,2]
02-17 08:49:45.654 E/DisplayDeviceConfig( 1524): requesting nits when no mapping exists.
02-17 08:49:45.655 E/DisplayDeviceConfig( 1524): requesting nits when no mapping exists.
02-17 08:49:45.655 I/am_wtf ( 1524): [0,1524,system_server,-1,DisplayDeviceConfig,requesting nits when no mapping exists.]
02-17 08:49:45.657 I/DropBoxManagerService( 1524): add tag=system_server_wtf isTagEnabled=true flags=0x2
02-17 08:49:45.659 I/am_wtf ( 1524): [0,1524,system_server,-1,DisplayDeviceConfig,requesting nits when no mapping exists.]
02-17 08:49:45.659 I/DropBoxManagerService( 1524): add tag=system_server_wtf isTagEnabled=true flags=0x2
02-17 08:49:45.670 E/DisplayDeviceConfig( 1524): requesting nits when no mapping exists.
02-17 08:49:45.670 E/DisplayDeviceConfig( 1524): requesting nits when no mapping exists.
02-17 08:49:45.670 I/am_wtf ( 1524): [0,1524,system_server,-1,DisplayDeviceConfig,requesting nits when no mapping exists.]
02-17 08:49:45.671 I/DropBoxManagerService( 1524): add tag=system_server_wtf isTagEnabled=true flags=0x2
02-17 08:49:45.672 I/am_wtf ( 1524): [0,1524,system_server,-1,DisplayDeviceConfig,requesting nits when no mapping exists.]
02-17 08:49:45.673 I/DropBoxManagerService( 1524): add tag=system_server_wtf isTagEnabled=true flags=0x2
02-17 08:49:45.686 E/DisplayDeviceConfig( 1524): requesting nits when no mapping exists.
02-17 08:49:45.687 E/DisplayDeviceConfig( 1524): requesting nits when no mapping exists.
02-17 08:49:45.687 I/am_wtf ( 1524): [0,1524,system_server,-1,DisplayDeviceConfig,requesting nits when no mapping exists.]
02-17 08:49:45.688 I/DropBoxManagerService( 1524): add tag=system_server_wtf isTagEnabled=true flags=0x2
02-17 08:49:45.689 I/am_wtf ( 1524): [0,1524,system_server,-1,DisplayDeviceConfig,requesting nits when no mapping exists.]
02-17 08:49:45.696 E/DisplayDeviceConfig( 1524): requesting nits when no mapping exists.
02-17 08:49:45.696 E/DisplayDeviceConfig( 1524): requesting nits when no mapping exists.
02-17 08:49:45.697 I/am_wtf ( 1524): [0,1524,system_server,-1,DisplayDeviceConfig,requesting nits when no mapping exists.]
02-17 08:49:45.697 I/am_wtf ( 1524): [0,1524,system_server,-1,DisplayDeviceConfig,requesting nits when no mapping exists.]
02-17 08:49:45.713 E/DisplayDeviceConfig( 1524): requesting nits when no mapping exists.
02-17 08:49:45.713 E/DisplayDeviceConfig( 1524): requesting nits when no mapping exists.
02-17 08:49:45.714 I/am_wtf ( 1524): [0,1524,system_server,-1,DisplayDeviceConfig,requesting nits when no mapping exists.]
02-17 08:49:45.714 I/am_wtf ( 1524): [0,1524,system_server,-1,DisplayDeviceConfig,requesting nits when no mapping exists.]
02-17 08:49:45.729 E/DisplayDeviceConfig( 1524): requesting nits when no mapping exists.
02-17 08:49:45.730 I/am_wtf ( 1524): [0,1524,system_server,-1,DisplayDeviceConfig,requesting nits when no mapping exists.]
02-17 08:49:45.730 E/DisplayDeviceConfig( 1524): requesting nits when no mapping exists.
02-17 08:49:45.731 I/am_wtf ( 1524): [0,1524,system_server,-1,DisplayDeviceConfig,requesting nits when no mapping exists.]
02-17 08:49:45.746 E/DisplayDeviceConfig( 1524): requesting nits when no mapping exists.
02-17 08:49:45.747 E/DisplayDeviceConfig( 1524): requesting nits when no mapping exists.
02-17 08:49:45.747 I/am_wtf ( 1524): [0,1524,system_server,-1,DisplayDeviceConfig,requesting nits when no mapping exists.]
02-17 08:49:45.747 I/am_wtf ( 1524): [0,1524,system_server,-1,DisplayDeviceConfig,requesting nits when no mapping exists.]
02-17 08:49:45.763 E/DisplayDeviceConfig( 1524): requesting nits when no mapping exists.
02-17 08:49:45.763 E/DisplayDeviceConfig( 1524): requesting nits when no mapping exists.
02-17 08:49:45.763 I/am_wtf ( 1524): [0,1524,system_server,-1,DisplayDeviceConfig,requesting nits when no mapping exists.]
02-17 08:49:45.764 I/am_wtf ( 1524): [0,1524,system_server,-1,DisplayDeviceConfig,requesting nits when no mapping exists.]
02-17 08:49:45.780 E/DisplayDeviceConfig( 1524): requesting nits when no mapping exists.
02-17 08:49:45.780 E/DisplayDeviceConfig( 1524): requesting nits when no mapping exists.
02-17 08:49:45.780 I/am_wtf ( 1524): [0,1524,system_server,-1,DisplayDeviceConfig,requesting nits when no mapping exists.]
02-17 08:49:45.781 I/am_wtf ( 1524): [0,1524,system_server,-1,DisplayDeviceConfig,requesting nits when no mapping exists.]
02-17 08:49:45.797 E/DisplayDeviceConfig( 1524): requesting nits when no mapping exists.
02-17 08:49:45.797 E/DisplayDeviceConfig( 1524): requesting nits when no mapping exists.
02-17 08:49:45.797 I/am_wtf ( 1524): [0,1524,system_server,-1,DisplayDeviceConfig,requesting nits when no mapping exists.]
02-17 08:49:45.798 I/am_wtf ( 1524): [0,1524,system_server,-1,DisplayDeviceConfig,requesting nits when no mapping exists.]
02-17 08:49:45.813 E/DisplayDeviceConfig( 1524): requesting nits when no mapping exists.
02-17 08:49:45.814 E/DisplayDeviceConfig( 1524): requesting nits when no mapping exists.
02-17 08:49:45.814 I/am_wtf ( 1524): [0,1524,system_server,-1,DisplayDeviceConfig,requesting nits when no mapping exists.]
02-17 08:49:45.814 I/am_wtf ( 1524): [0,1524,system_server,-1,DisplayDeviceConfig,requesting nits when no mapping exists.]
02-17 08:49:45.830 E/DisplayDeviceConfig( 1524): requesting nits when no mapping exists.
02-17 08:49:45.831 E/DisplayDeviceConfig( 1524): requesting nits when no mapping exists.
02-17 08:49:45.831 I/am_wtf ( 1524): [0,1524,system_server,-1,DisplayDeviceConfig,requesting nits when no mapping exists.]
02-17 08:49:45.832 I/am_wtf ( 1524): [0,1524,system_server,-1,DisplayDeviceConfig,requesting nits when no mapping exists.]
02-17 08:49:45.846 E/DisplayDeviceConfig( 1524): requesting nits when no mapping exists.
02-17 08:49:45.847 I/am_wtf ( 1524): [0,1524,system_server,-1,DisplayDeviceConfig,requesting nits when no mapping exists.]
02-17 08:49:45.847 E/DisplayDeviceConfig( 1524): requesting nits when no mapping exists.
02-17 08:49:45.848 I/am_wtf ( 1524): [0,1524,system_server,-1,DisplayDeviceConfig,requesting nits when no mapping exists.]
02-17 08:49:45.863 E/DisplayDeviceConfig( 1524): requesting nits when no mapping exists.
02-17 08:49:45.864 I/am_wtf ( 1524): [0,1524,system_server,-1,DisplayDeviceConfig,requesting nits when no mapping exists.]
02-17 08:49:45.864 E/DisplayDeviceConfig( 1524): requesting nits when no mapping exists.
02-17 08:49:45.865 I/am_wtf ( 1524): [0,1524,system_server,-1,DisplayDeviceConfig,requesting nits when no mapping exists.]
02-17 08:49:45.880 E/DisplayDeviceConfig( 1524): requesting nits when no mapping exists.
02-17 08:49:45.880 I/am_wtf ( 1524): [0,1524,system_server,-1,DisplayDeviceConfig,requesting nits when no mapping exists.]
02-17 08:49:45.880 E/DisplayDeviceConfig( 1524): requesting nits when no mapping exists.
02-17 08:49:45.881 I/am_wtf ( 1524): [0,1524,system_server,-1,DisplayDeviceConfig,requesting nits when no mapping exists.]
02-17 08:49:45.897 E/DisplayDeviceConfig( 1524): requesting nits when no mapping exists.
02-17 08:49:45.897 I/am_wtf ( 1524): [0,1524,system_server,-1,DisplayDeviceConfig,requesting nits when no mapping exists.]
02-17 08:49:45.897 E/DisplayDeviceConfig( 1524): requesting nits when no mapping exists.
02-17 08:49:45.898 I/am_wtf ( 1524): [0,1524,system_server,-1,DisplayDeviceConfig,requesting nits when no mapping exists.]
02-17 08:49:45.913 E/DisplayDeviceConfig( 1524): requesting nits when no mapping exists.
02-17 08:49:45.914 I/am_wtf ( 1524): [0,1524,system_server,-1,DisplayDeviceConfig,requesting nits when no mapping exists.]
02-17 08:49:45.914 E/DisplayDeviceConfig( 1524): requesting nits when no mapping exists.
02-17 08:49:45.915 I/am_wtf ( 1524): [0,1524,system_server,-1,DisplayDeviceConfig,requesting nits when no mapping exists.]
02-17 08:49:45.930 E/DisplayDeviceConfig( 1524): requesting nits when no mapping exists.
02-17 08:49:45.930 E/DisplayDeviceConfig( 1524): requesting nits when no mapping exists.
02-17 08:49:45.930 I/am_wtf ( 1524): [0,1524,system_server,-1,DisplayDeviceConfig,requesting nits when no mapping exists.]
02-17 08:49:45.931 I/am_wtf ( 1524): [0,1524,system_server,-1,DisplayDeviceConfig,requesting nits when no mapping exists.]
02-17 08:49:45.935 I/auditd ( 0): type=1400 audit(0.0:19509): avc: denied { kill } for comm="swapper/0" capability=5 scontext=u:r:kernel:s0 tcontext=u:r:kernel:s0 tclass=capability permissive=0
02-17 08:49:45.947 E/DisplayDeviceConfig( 1524): requesting nits when no mapping exists.
02-17 08:49:45.948 E/DisplayDeviceConfig( 1524): requesting nits when no mapping exists.
02-17 08:49:45.948 I/am_wtf ( 1524): [0,1524,system_server,-1,DisplayDeviceConfig,requesting nits when no mapping exists.]
02-17 08:49:45.949 I/am_wtf ( 1524): [0,1524,system_server,-1,DisplayDeviceConfig,requesting nits when no mapping exists.]
02-17 08:49:45.963 E/DisplayDeviceConfig( 1524): requesting nits when no mapping exists.
02-17 08:49:45.964 I/am_wtf ( 1524): [0,1524,system_server,-1,DisplayDeviceConfig,requesting nits when no mapping exists.]
02-17 08:49:45.964 E/DisplayDeviceConfig( 1524): requesting nits when no mapping exists.
02-17 08:49:45.965 I/am_wtf ( 1524): [0,1524,system_server,-1,DisplayDeviceConfig,requesting nits when no mapping exists.]
02-17 08:49:45.980 E/DisplayDeviceConfig( 1524): requesting nits when no mapping exists.
02-17 08:49:45.981 I/am_wtf ( 1524): [0,1524,system_server,-1,DisplayDeviceConfig,requesting nits when no mapping exists.]
02-17 08:49:45.981 E/DisplayDeviceConfig( 1524): requesting nits when no mapping exists.
02-17 08:49:45.981 I/am_wtf ( 1524): [0,1524,system_server,-1,DisplayDeviceConfig,requesting nits when no mapping exists.]
02-17 08:49:45.997 E/DisplayDeviceConfig( 1524): requesting nits when no mapping exists.
02-17 08:49:45.997 I/am_wtf ( 1524): [0,1524,system_server,-1,DisplayDeviceConfig,requesting nits when no mapping exists.]
02-17 08:49:45.997 E/DisplayDeviceConfig( 1524): requesting nits when no mapping exists.
02-17 08:49:45.998 I/am_wtf ( 1524): [0,1524,system_server,-1,DisplayDeviceConfig,requesting nits when no mapping exists.]
02-17 08:49:46.014 E/DisplayDeviceConfig( 1524): requesting nits when no mapping exists.
02-17 08:49:46.014 E/DisplayDeviceConfig( 1524): requesting nits when no mapping exists.
02-17 08:49:46.014 I/am_wtf ( 1524): [0,1524,system_server,-1,DisplayDeviceConfig,requesting nits when no mapping exists.]
02-17 08:49:46.015 I/am_wtf ( 1524): [0,1524,system_server,-1,DisplayDeviceConfig,requesting nits when no mapping exists.]
02-17 08:49:46.031 E/DisplayDeviceConfig( 1524): requesting nits when no mapping exists.
02-17 08:49:46.031 I/am_wtf ( 1524): [0,1524,system_server,-1,DisplayDeviceConfig,requesting nits when no mapping exists.]
02-17 08:49:46.031 E/DisplayDeviceConfig( 1524): requesting nits when no mapping exists.
02-17 08:49:46.032 I/am_wtf ( 1524): [0,1524,system_server,-1,DisplayDeviceConfig,requesting nits when no mapping exists.]
02-17 08:49:46.047 E/DisplayDeviceConfig( 1524): requesting nits when no mapping exists.
02-17 08:49:46.048 I/am_wtf ( 1524): [0,1524,system_server,-1,DisplayDeviceConfig,requesting nits when no mapping exists.]
02-17 08:49:46.048 E/DisplayDeviceConfig( 1524): requesting nits when no mapping exists.
02-17 08:49:46.048 I/am_wtf ( 1524): [0,1524,system_server,-1,DisplayDeviceConfig,requesting nits when no mapping exists.]
02-17 08:49:46.064 E/DisplayDeviceConfig( 1524): requesting nits when no mapping exists.
02-17 08:49:46.064 I/am_wtf ( 1524): [0,1524,system_server,-1,DisplayDeviceConfig,requesting nits when no mapping exists.]
02-17 08:49:46.064 E/DisplayDeviceConfig( 1524): requesting nits when no mapping exists.
02-17 08:49:46.065 I/am_wtf ( 1524): [0,1524,system_server,-1,DisplayDeviceConfig,requesting nits when no mapping exists.]
02-17 08:49:46.080 E/DisplayDeviceConfig( 1524): requesting nits when no mapping exists.
02-17 08:49:46.081 E/DisplayDeviceConfig( 1524): requesting nits when no mapping exists.
02-17 08:49:46.081 I/am_wtf ( 1524): [0,1524,system_server,-1,DisplayDeviceConfig,requesting nits when no mapping exists.]
02-17 08:49:46.082 I/am_wtf ( 1524): [0,1524,system_server,-1,DisplayDeviceConfig,requesting nits when no mapping exists.]
02-17 08:49:46.097 E/DisplayDeviceConfig( 1524): requesting nits when no mapping exists.
02-17 08:49:46.097 I/am_wtf ( 1524): [0,1524,system_server,-1,DisplayDeviceConfig,requesting nits when no mapping exists.]
02-17 08:49:46.097 E/DisplayDeviceConfig( 1524): requesting nits when no mapping exists.
02-17 08:49:46.098 I/am_wtf ( 1524): [0,1524,system_server,-1,DisplayDeviceConfig,requesting nits when no mapping exists.]
02-17 08:49:46.114 E/DisplayDeviceConfig( 1524): requesting nits when no mapping exists.
02-17 08:49:46.114 I/am_wtf ( 1524): [0,1524,system_server,-1,DisplayDeviceConfig,requesting nits when no mapping exists.]
02-17 08:49:46.114 E/DisplayDeviceConfig( 1524): requesting nits when no mapping exists.
02-17 08:49:46.115 I/am_wtf ( 1524): [0,1524,system_server,-1,DisplayDeviceConfig,requesting nits when no mapping exists.]
02-17 08:49:46.130 E/DisplayDeviceConfig( 1524): requesting nits when no mapping exists.
02-17 08:49:46.131 E/DisplayDeviceConfig( 1524): requesting nits when no mapping exists.
02-17 08:49:46.131 I/am_wtf ( 1524): [0,1524,system_server,-1,DisplayDeviceConfig,requesting nits when no mapping exists.]
02-17 08:49:46.132 I/am_wtf ( 1524): [0,1524,system_server,-1,DisplayDeviceConfig,requesting nits when no mapping exists.]
02-17 08:49:46.147 E/DisplayDeviceConfig( 1524): requesting nits when no mapping exists.
02-17 08:49:46.148 I/am_wtf ( 1524): [0,1524,system_server,-1,DisplayDeviceConfig,requesting nits when no mapping exists.]
02-17 08:49:46.148 E/DisplayDeviceConfig( 1524): requesting nits when no mapping exists.
02-17 08:49:46.148 I/am_wtf ( 1524): [0,1524,system_server,-1,DisplayDeviceConfig,requesting nits when no mapping exists.]
02-17 08:49:46.164 E/DisplayDeviceConfig( 1524): requesting nits when no mapping exists.
02-17 08:49:46.164 I/am_wtf ( 1524): [0,1524,system_server,-1,DisplayDeviceConfig,requesting nits when no mapping exists.]
02-17 08:49:46.164 E/DisplayDeviceConfig( 1524): requesting nits when no mapping exists.
02-17 08:49:46.165 I/am_wtf ( 1524): [0,1524,system_server,-1,DisplayDeviceConfig,requesting nits when no mapping exists.]
02-17 08:49:46.181 E/DisplayDeviceConfig( 1524): requesting nits when no mapping exists.
02-17 08:49:46.181 I/am_wtf ( 1524): [0,1524,system_server,-1,DisplayDeviceConfig,requesting nits when no mapping exists.]
02-17 08:49:46.181 E/DisplayDeviceConfig( 1524): requesting nits when no mapping exists.
02-17 08:49:46.182 I/am_wtf ( 1524): [0,1524,system_server,-1,DisplayDeviceConfig,requesting nits when no mapping exists.]
02-17 08:49:46.197 E/DisplayDeviceConfig( 1524): requesting nits when no mapping exists.
02-17 08:49:46.198 I/am_wtf ( 1524): [0,1524,system_server,-1,DisplayDeviceConfig,requesting nits when no mapping exists.]
02-17 08:49:46.198 E/DisplayDeviceConfig( 1524): requesting nits when no mapping exists.
02-17 08:49:46.199 I/am_wtf ( 1524): [0,1524,system_server,-1,DisplayDeviceConfig,requesting nits when no mapping exists.]
02-17 08:49:46.214 E/DisplayDeviceConfig( 1524): requesting nits when no mapping exists.
02-17 08:49:46.215 E/DisplayDeviceConfig( 1524): requesting nits when no mapping exists.
02-17 08:49:46.215 I/am_wtf ( 1524): [0,1524,system_server,-1,DisplayDeviceConfig,requesting nits when no mapping exists.]
02-17 08:49:46.217 I/am_wtf ( 1524): [0,1524,system_server,-1,DisplayDeviceConfig,requesting nits when no mapping exists.]
02-17 08:49:46.231 E/DisplayDeviceConfig( 1524): requesting nits when no mapping exists.
02-17 08:49:46.232 E/DisplayDeviceConfig( 1524): requesting nits when no mapping exists.
02-17 08:49:46.232 I/am_wtf ( 1524): [0,1524,system_server,-1,DisplayDeviceConfig,requesting nits when no mapping exists.]
02-17 08:49:46.233 I/am_wtf ( 1524): [0,1524,system_server,-1,DisplayDeviceConfig,requesting nits when no mapping exists.]
02-17 08:49:46.247 E/DisplayDeviceConfig( 1524): requesting nits when no mapping exists.
02-17 08:49:46.248 E/DisplayDeviceConfig( 1524): requesting nits when no mapping exists.
02-17 08:49:46.248 I/am_wtf ( 1524): [0,1524,system_server,-1,DisplayDeviceConfig,requesting nits when no mapping exists.]
02-17 08:49:46.249 I/am_wtf ( 1524): [0,1524,system_server,-1,DisplayDeviceConfig,requesting nits when no mapping exists.]
02-17 08:49:46.264 E/DisplayDeviceConfig( 1524): requesting nits when no mapping exists.
02-17 08:49:46.265 E/DisplayDeviceConfig( 1524): requesting nits when no mapping exists.
02-17 08:49:46.265 I/am_wtf ( 1524): [0,1524,system_server,-1,DisplayDeviceConfig,requesting nits when no mapping exists.]
02-17 08:49:46.266 I/am_wtf ( 1524): [0,1524,system_server,-1,DisplayDeviceConfig,requesting nits when no mapping exists.]
02-17 08:49:46.281 E/DisplayDeviceConfig( 1524): requesting nits when no mapping exists.
02-17 08:49:46.281 E/DisplayDeviceConfig( 1524): requesting nits when no mapping exists.
02-17 08:49:46.282 I/am_wtf ( 1524): [0,1524,system_server,-1,DisplayDeviceConfig,requesting nits when no mapping exists.]
02-17 08:49:46.282 I/am_wtf ( 1524): [0,1524,system_server,-1,DisplayDeviceConfig,requesting nits when no mapping exists.]
02-17 08:49:46.298 E/DisplayDeviceConfig( 1524): requesting nits when no mapping exists.
02-17 08:49:46.298 E/DisplayDeviceConfig( 1524): requesting nits when no mapping exists.
02-17 08:49:46.298 I/am_wtf ( 1524): [0,1524,system_server,-1,DisplayDeviceConfig,requesting nits when no mapping exists.]
02-17 08:49:46.299 I/am_wtf ( 1524): [0,1524,system_server,-1,DisplayDeviceConfig,requesting nits when no mapping exists.]
02-17 08:49:46.314 E/DisplayDeviceConfig( 1524): requesting nits when no mapping exists.
02-17 08:49:46.315 E/DisplayDeviceConfig( 1524): requesting nits when no mapping exists.
02-17 08:49:46.315 I/am_wtf ( 1524): [0,1524,system_server,-1,DisplayDeviceConfig,requesting nits when no mapping exists.]
02-17 08:49:46.316 I/am_wtf ( 1524): [0,1524,system_server,-1,DisplayDeviceConfig,requesting nits when no mapping exists.]
02-17 08:49:46.316 I/service_manager_stats( 1524): [100,47,57299]
02-17 08:49:46.331 E/DisplayDeviceConfig( 1524): requesting nits when no mapping exists.
02-17 08:49:46.331 E/DisplayDeviceConfig( 1524): requesting nits when no mapping exists.
02-17 08:49:46.331 I/am_wtf ( 1524): [0,1524,system_server,-1,DisplayDeviceConfig,requesting nits when no mapping exists.]
02-17 08:49:46.333 I/am_wtf ( 1524): [0,1524,system_server,-1,DisplayDeviceConfig,requesting nits when no mapping exists.]
02-17 08:49:46.347 E/DisplayDeviceConfig( 1524): requesting nits when no mapping exists.
02-17 08:49:46.348 I/am_wtf ( 1524): [0,1524,system_server,-1,DisplayDeviceConfig,requesting nits when no mapping exists.]
02-17 08:49:46.348 E/DisplayDeviceConfig( 1524): requesting nits when no mapping exists.
02-17 08:49:46.349 I/am_wtf ( 1524): [0,1524,system_server,-1,DisplayDeviceConfig,requesting nits when no mapping exists.]
02-17 08:49:46.364 E/DisplayDeviceConfig( 1524): requesting nits when no mapping exists.
02-17 08:49:46.365 I/am_wtf ( 1524): [0,1524,system_server,-1,DisplayDeviceConfig,requesting nits when no mapping exists.]
02-17 08:49:46.365 E/DisplayDeviceConfig( 1524): requesting nits when no mapping exists.
02-17 08:49:46.365 I/am_wtf ( 1524): [0,1524,system_server,-1,DisplayDeviceConfig,requesting nits when no mapping exists.]
02-17 08:49:46.381 E/DisplayDeviceConfig( 1524): requesting nits when no mapping exists.
02-17 08:49:46.382 I/am_wtf ( 1524): [0,1524,system_server,-1,DisplayDeviceConfig,requesting nits when no mapping exists.]
02-17 08:49:46.382 E/DisplayDeviceConfig( 1524): requesting nits when no mapping exists.
02-17 08:49:46.382 I/am_wtf ( 1524): [0,1524,system_server,-1,DisplayDeviceConfig,requesting nits when no mapping exists.]
02-17 08:49:46.398 E/DisplayDeviceConfig( 1524): requesting nits when no mapping exists.
02-17 08:49:46.398 I/am_wtf ( 1524): [0,1524,system_server,-1,DisplayDeviceConfig,requesting nits when no mapping exists.]
02-17 08:49:46.398 E/DisplayDeviceConfig( 1524): requesting nits when no mapping exists.
02-17 08:49:46.399 I/am_wtf ( 1524): [0,1524,system_server,-1,DisplayDeviceConfig,requesting nits when no mapping exists.]
02-17 08:49:46.415 E/DisplayDeviceConfig( 1524): requesting nits when no mapping exists.
02-17 08:49:46.415 I/am_wtf ( 1524): [0,1524,system_server,-1,DisplayDeviceConfig,requesting nits when no mapping exists.]
02-17 08:49:46.415 E/DisplayDeviceConfig( 1524): requesting nits when no mapping exists.
02-17 08:49:46.416 I/am_wtf ( 1524): [0,1524,system_server,-1,DisplayDeviceConfig,requesting nits when no mapping exists.]
02-17 08:49:46.431 E/DisplayDeviceConfig( 1524): requesting nits when no mapping exists.
02-17 08:49:46.432 I/am_wtf ( 1524): [0,1524,system_server,-1,DisplayDeviceConfig,requesting nits when no mapping exists.]
02-17 08:49:46.432 E/DisplayDeviceConfig( 1524): requesting nits when no mapping exists.
02-17 08:49:46.432 I/am_wtf ( 1524): [0,1524,system_server,-1,DisplayDeviceConfig,requesting nits when no mapping exists.]
02-17 08:49:46.448 E/DisplayDeviceConfig( 1524): requesting nits when no mapping exists.
02-17 08:49:46.449 I/am_wtf ( 1524): [0,1524,system_server,-1,DisplayDeviceConfig,requesting nits when no mapping exists.]
02-17 08:49:46.449 E/DisplayDeviceConfig( 1524): requesting nits when no mapping exists.
02-17 08:49:46.450 I/am_wtf ( 1524): [0,1524,system_server,-1,DisplayDeviceConfig,requesting nits when no mapping exists.]
02-17 08:49:46.465 E/DisplayDeviceConfig( 1524): requesting nits when no mapping exists.
02-17 08:49:46.465 I/am_wtf ( 1524): [0,1524,system_server,-1,DisplayDeviceConfig,requesting nits when no mapping exists.]
02-17 08:49:46.465 E/DisplayDeviceConfig( 1524): requesting nits when no mapping exists.
02-17 08:49:46.466 I/am_wtf ( 1524): [0,1524,system_server,-1,DisplayDeviceConfig,requesting nits when no mapping exists.]
02-17 08:49:46.481 E/DisplayDeviceConfig( 1524): requesting nits when no mapping exists.
02-17 08:49:46.482 I/am_wtf ( 1524): [0,1524,system_server,-1,DisplayDeviceConfig,requesting nits when no mapping exists.]
02-17 08:49:46.482 E/DisplayDeviceConfig( 1524): requesting nits when no mapping exists.
02-17 08:49:46.482 I/am_wtf ( 1524): [0,1524,system_server,-1,DisplayDeviceConfig,requesting nits when no mapping exists.]
02-17 08:49:46.498 E/DisplayDeviceConfig( 1524): requesting nits when no mapping exists.
02-17 08:49:46.499 I/am_wtf ( 1524): [0,1524,system_server,-1,DisplayDeviceConfig,requesting nits when no mapping exists.]
02-17 08:49:46.499 E/DisplayDeviceConfig( 1524): requesting nits when no mapping exists.
02-17 08:49:46.499 I/am_wtf ( 1524): [0,1524,system_server,-1,DisplayDeviceConfig,requesting nits when no mapping exists.]
02-17 08:49:46.515 E/DisplayDeviceConfig( 1524): requesting nits when no mapping exists.
02-17 08:49:46.515 I/am_wtf ( 1524): [0,1524,system_server,-1,DisplayDeviceConfig,requesting nits when no mapping exists.]
02-17 08:49:46.515 E/DisplayDeviceConfig( 1524): requesting nits when no mapping exists.
02-17 08:49:46.516 I/am_wtf ( 1524): [0,1524,system_server,-1,DisplayDeviceConfig,requesting nits when no mapping exists.]
02-17 08:49:46.531 E/DisplayDeviceConfig( 1524): requesting nits when no mapping exists.
02-17 08:49:46.532 I/am_wtf ( 1524): [0,1524,system_server,-1,DisplayDeviceConfig,requesting nits when no mapping exists.]
02-17 08:49:46.532 E/DisplayDeviceConfig( 1524): requesting nits when no mapping exists.
02-17 08:49:46.533 I/am_wtf ( 1524): [0,1524,system_server,-1,DisplayDeviceConfig,requesting nits when no mapping exists.]
02-17 08:49:46.548 E/DisplayDeviceConfig( 1524): requesting nits when no mapping exists.
02-17 08:49:46.548 E/DisplayDeviceConfig( 1524): requesting nits when no mapping exists.
02-17 08:49:46.549 I/am_wtf ( 1524): [0,1524,system_server,-1,DisplayDeviceConfig,requesting nits when no mapping exists.]
02-17 08:49:46.549 I/am_wtf ( 1524): [0,1524,system_server,-1,DisplayDeviceConfig,requesting nits when no mapping exists.]
02-17 08:49:46.565 E/DisplayDeviceConfig( 1524): requesting nits when no mapping exists.
02-17 08:49:46.565 E/DisplayDeviceConfig( 1524): requesting nits when no mapping exists.
02-17 08:49:46.565 I/am_wtf ( 1524): [0,1524,system_server,-1,DisplayDeviceConfig,requesting nits when no mapping exists.]
02-17 08:49:46.566 I/am_wtf ( 1524): [0,1524,system_server,-1,DisplayDeviceConfig,requesting nits when no mapping exists.]
02-17 08:49:46.581 E/DisplayDeviceConfig( 1524): requesting nits when no mapping exists.
02-17 08:49:46.582 E/DisplayDeviceConfig( 1524): requesting nits when no mapping exists.
02-17 08:49:46.582 I/am_wtf ( 1524): [0,1524,system_server,-1,DisplayDeviceConfig,requesting nits when no mapping exists.]
02-17 08:49:46.583 I/am_wtf ( 1524): [0,1524,system_server,-1,DisplayDeviceConfig,requesting nits when no mapping exists.]
02-17 08:49:46.598 E/DisplayDeviceConfig( 1524): requesting nits when no mapping exists.
02-17 08:49:46.598 E/DisplayDeviceConfig( 1524): requesting nits when no mapping exists.
02-17 08:49:46.598 I/am_wtf ( 1524): [0,1524,system_server,-1,DisplayDeviceConfig,requesting nits when no mapping exists.]
02-17 08:49:46.599 I/am_wtf ( 1524): [0,1524,system_server,-1,DisplayDeviceConfig,requesting nits when no mapping exists.]
02-17 08:49:46.615 E/DisplayDeviceConfig( 1524): requesting nits when no mapping exists.
02-17 08:49:46.615 E/DisplayDeviceConfig( 1524): requesting nits when no mapping exists.
02-17 08:49:46.615 I/am_wtf ( 1524): [0,1524,system_server,-1,DisplayDeviceConfig,requesting nits when no mapping exists.]
02-17 08:49:46.616 I/am_wtf ( 1524): [0,1524,system_server,-1,DisplayDeviceConfig,requesting nits when no mapping exists.]
02-17 08:49:46.935 I/auditd ( 0): type=1400 audit(0.0:19510): avc: denied { kill } for comm="swapper/0" capability=5 scontext=u:r:kernel:s0 tcontext=u:r:kernel:s0 tclass=capability permissive=0
01-01 13:00:27.325 E/DTC_ETH,link_delay_work_func( 0): 3003, SQI=0, link=0
02-17 08:49:47.935 I/auditd ( 0): type=1400 audit(0.0:19511): avc: denied { kill } for comm="swapper/0" capability=5 scontext=u:r:kernel:s0 tcontext=u:r:kernel:s0 tclass=capability permissive=0
02-17 08:49:48.935 I/auditd ( 0): type=1400 audit(0.0:19512): avc: denied { kill } for comm="swapper/0" capability=5 scontext=u:r:kernel:s0 tcontext=u:r:kernel:s0 tclass=capability permissive=0
02-17 08:49:49.939 I/auditd ( 0): type=1400 audit(0.0:19513): avc: denied { kill } for comm="swapper/0" capability=5 scontext=u:r:kernel:s0 tcontext=u:r:kernel:s0 tclass=capability permissive=0
02-17 08:49:50.935 I/auditd ( 0): type=1400 audit(0.0:19514): avc: denied { kill } for comm="swapper/0" capability=5 scontext=u:r:kernel:s0 tcontext=u:r:kernel:s0 tclass=capability permissive=0
02-17 08:49:51.935 I/auditd ( 0): type=1400 audit(0.0:19515): avc: denied { kill } for comm="swapper/0" capability=5 scontext=u:r:kernel:s0 tcontext=u:r:kernel:s0 tclass=capability permissive=0
01-01 13:00:32.445 E/DTC_ETH,link_delay_work_func( 0): 3003, SQI=0, link=0
02-17 08:49:52.653 I/PowerManagerService( 1524): Napping display group (groupId=0, uid=1000)...
02-17 08:49:52.653 I/PowerManagerService( 1524): Nap time (uid 1000)...
02-17 08:49:52.654 I/DreamManagerService( 1524): Entering dreamland.
02-17 08:49:52.657 I/PowerManagerService( 1524): Dreaming...
02-17 08:49:52.659 I/DreamController( 1524): Starting dream: name=ComponentInfo{com.thundercomm.screensaver/com.thundercomm.saverclock.service.ClockScreensaver}, isTest=false, canDoze=false, userId=0
02-17 08:49:52.659 I/sysui_multi_action( 1524): [757,222,758,1]
02-17 08:49:52.662 I/am_uid_active( 1524): 10040
02-17 08:49:52.667 D/CompatibilityChangeReporter( 1524): Compat change id reported: 168419799; UID 10040; state: DISABLED
02-17 08:49:52.673 I/ActivityTaskManager( 1524): START u0 {flg=0x10000000 pkg=com.thundercomm.screensaver cmp=com.thundercomm.screensaver/android.service.dreams.DreamActivity (has extras)} from uid 10040
02-17 08:49:52.675 I/am_pss ( 1524): [15908,1000,com.qti.diagservices,6041600,3874816,0,93454336,0,10,8]
02-17 08:49:52.676 I/wm_task_created( 1524): [114,-1]
02-17 08:49:52.677 W/ActivityTaskManager( 1524): Can't find TaskDisplayArea to determine support for multi window. Task id=114 attached=false
02-17 08:49:52.682 I/wm_task_moved( 1524): [114,1,14]
02-17 08:49:52.682 I/wm_task_to_front( 1524): [0,114]
02-17 08:49:52.682 I/wm_create_task( 1524): [0,114]
02-17 08:49:52.682 I/wm_create_activity( 1524): [0,53423136,114,com.thundercomm.screensaver/android.service.dreams.DreamActivity,NULL,NULL,NULL,276824064]
02-17 08:49:52.682 I/wm_task_moved( 1524): [114,1,14]
02-17 08:49:52.682 I/wm_on_top_resumed_lost_called( 2568): [128678138,com.android.launcher3.uioverrides.QuickstepLauncher,topStateChangedWhenResumed]
02-17 08:49:52.683 I/wm_pause_activity( 1524): [0,128678138,com.android.launcher3/.uioverrides.QuickstepLauncher,userLeaving=true,pauseBackTasks]
02-17 08:49:52.685 I/wm_on_paused_called( 2568): [128678138,com.android.launcher3.uioverrides.QuickstepLauncher,performPause]
02-17 08:49:52.686 I/ActivityTaskManager( 1524): FOREGROUND_APPLICATION_CHANGED to android.service.dreams.DreamActivity
02-17 08:49:52.686 I/ActivityTaskManager( 1524): The Process com.thundercomm.screensaver Already Exists in BG. So sending its PID: 19147
02-17 08:49:52.686 W/ActivityTaskManager( 1524): Tried to set launchTime (0) < mLastActivityLaunchTime (17836354)
02-17 08:49:52.686 I/wm_add_to_stopping( 1524): [0,128678138,com.android.launcher3/.uioverrides.QuickstepLauncher,makeInvisible]
02-17 08:49:52.687 I/wm_restart_activity( 1524): [0,53423136,114,com.thundercomm.screensaver/android.service.dreams.DreamActivity]
02-17 08:49:52.687 I/wm_set_resumed_activity( 1524): [0,com.thundercomm.screensaver/android.service.dreams.DreamActivity,minimalResumeActivityLocked]
02-17 08:49:52.692 I/sysui_multi_action( 1524): [757,803,799,window_time_0,802,128]
02-17 08:49:52.693 I/wm_on_create_called(19147): [53423136,android.service.dreams.DreamActivity,performCreate]
02-17 08:49:52.693 I/wm_on_start_called(19147): [53423136,android.service.dreams.DreamActivity,handleStartActivity]
02-17 08:49:52.693 I/wm_on_resume_called(19147): [53423136,android.service.dreams.DreamActivity,RESUME_ACTIVITY]
02-17 08:49:52.694 W/ContextImpl( 2121): Calling a method in the system process without a qualified user: android.app.ContextImpl.startService:1816 android.content.ContextWrapper.startService:774 com.thundercomm.gamemode.ingame.services.GameModeActionUtils.startGameModeService:111 com.thundercomm.gamemode.ingame.services.GameModeActionUtils.startGameModeEntry:22 com.thundercomm.gamemode.ingame.services.ActivityMonitoringService$1.onActivityLaunch:139
02-17 08:49:52.694 W/WindowManager( 1524): Failed looking up window session=Session{f7ecec0 19147:u0a10040} callers=com.android.server.wm.WindowManagerService.windowForClientLocked:5628 com.android.server.wm.Session.insetsModified:629 android.view.IWindowSession$Stub.onTransact:1151
02-17 08:49:52.695 I/am_uid_active( 1524): 10062
02-17 08:49:52.696 I/wm_on_top_resumed_gained_called(19147): [53423136,android.service.dreams.DreamActivity,topStateChangedWhenResumed]
02-17 08:49:52.697 I/GameModeConfig( 1524): Current uri is uri = content://com.thundercomm.gamemode.api/gamemode_settings/gamemode_isgaming
02-17 08:49:52.698 I/GameModeConfig( 1524): isGameModeOn = false
02-17 08:49:52.698 I/GameModeConfig( 1524): isGameModeOn = false
02-17 08:49:52.698 I/GameModeConfig( 1524): isDisableVoice = true
02-17 08:49:52.704 I/input_focus( 1524): [Focus request c2aea4c com.thundercomm.screensaver/android.service.dreams.DreamActivity,reason=UpdateInputWindows]
02-17 08:49:52.712 I/sysui_multi_action( 1524): [319,38,322,37,325,18030,757,761,758,8,759,2,806,com.thundercomm.screensaver,871,android.service.dreams.DreamActivity,904,com.thundercomm.screensaver,905,0,1320,4,1321,2]
02-17 08:49:52.712 I/wm_activity_launch_time( 1524): [0,53423136,com.thundercomm.screensaver/android.service.dreams.DreamActivity,37]
02-17 08:49:52.713 V/DisplayPowerController[0]( 1524): Brightness [1.0] reason changing to: 'manual', previous reason: 'manual [ dim ]'.
02-17 08:49:52.713 I/sysui_multi_action( 1524): [757,1696,758,6,759,3]
02-17 08:49:52.714 I/input_focus( 1524): [Focus leaving 321be4b com.android.launcher3/com.android.launcher3.uioverrides.QuickstepLauncher (server),reason=NO_WINDOW]
02-17 08:49:52.729 E/DisplayDeviceConfig( 1524): requesting nits when no mapping exists.
02-17 08:49:52.729 E/DisplayDeviceConfig( 1524): requesting nits when no mapping exists.
02-17 08:49:52.729 I/am_wtf ( 1524): [0,1524,system_server,-1,DisplayDeviceConfig,requesting nits when no mapping exists.]
02-17 08:49:52.729 I/am_wtf ( 1524): [0,1524,system_server,-1,DisplayDeviceConfig,requesting nits when no mapping exists.]
02-17 08:49:52.730 I/input_focus( 1524): [Focus entering c2aea4c com.thundercomm.screensaver/android.service.dreams.DreamActivity (server),reason=Window became focusable. Previous reason: NOT_VISIBLE]
02-17 08:49:52.746 E/DisplayDeviceConfig( 1524): requesting nits when no mapping exists.
02-17 08:49:52.746 I/am_wtf ( 1524): [0,1524,system_server,-1,DisplayDeviceConfig,requesting nits when no mapping exists.]
02-17 08:49:52.746 E/DisplayDeviceConfig( 1524): requesting nits when no mapping exists.
02-17 08:49:52.746 I/am_wtf ( 1524): [0,1524,system_server,-1,DisplayDeviceConfig,requesting nits when no mapping exists.]
02-17 08:49:52.762 E/DisplayDeviceConfig( 1524): requesting nits when no mapping exists.
02-17 08:49:52.762 E/DisplayDeviceConfig( 1524): requesting nits when no mapping exists.
02-17 08:49:52.762 I/am_wtf ( 1524): [0,1524,system_server,-1,DisplayDeviceConfig,requesting nits when no mapping exists.]
02-17 08:49:52.762 I/am_wtf ( 1524): [0,1524,system_server,-1,DisplayDeviceConfig,requesting nits when no mapping exists.]
02-17 08:49:52.779 E/DisplayDeviceConfig( 1524): requesting nits when no mapping exists.
02-17 08:49:52.779 I/am_wtf ( 1524): [0,1524,system_server,-1,DisplayDeviceConfig,requesting nits when no mapping exists.]
02-17 08:49:52.779 E/DisplayDeviceConfig( 1524): requesting nits when no mapping exists.
02-17 08:49:52.780 I/am_wtf ( 1524): [0,1524,system_server,-1,DisplayDeviceConfig,requesting nits when no mapping exists.]
02-17 08:49:52.789 W/FreeFormWindowHelper( 1524): Current Display FreeFormTask is null
02-17 08:49:52.790 W/ContextImpl( 2121): Calling a method in the system process without a qualified user: android.app.ContextImpl.startService:1816 android.content.ContextWrapper.startService:774 com.thundercomm.gamemode.ingame.services.GameModeActionUtils.startGameModeService:111 com.thundercomm.gamemode.ingame.services.GameModeActionUtils.startGameModeEntry:22 com.thundercomm.gamemode.ingame.services.ActivityMonitoringService$1.onActivityLaunch:139
02-17 08:49:52.792 I/GameModeConfig( 1524): Current uri is uri = content://com.thundercomm.gamemode.api/gamemode_settings/gamemode_isgaming
02-17 08:49:52.792 I/GameModeConfig( 1524): isGameModeOn = false
02-17 08:49:52.792 I/GameModeConfig( 1524): isGameModeOn = false
02-17 08:49:52.792 I/GameModeConfig( 1524): isDisableVoice = true
02-17 08:49:52.796 E/DisplayDeviceConfig( 1524): requesting nits when no mapping exists.
02-17 08:49:52.796 E/DisplayDeviceConfig( 1524): requesting nits when no mapping exists.
02-17 08:49:52.797 I/am_wtf ( 1524): [0,1524,system_server,-1,DisplayDeviceConfig,requesting nits when no mapping exists.]
02-17 08:49:52.797 I/am_wtf ( 1524): [0,1524,system_server,-1,DisplayDeviceConfig,requesting nits when no mapping exists.]
02-17 08:49:52.813 E/DisplayDeviceConfig( 1524): requesting nits when no mapping exists.
02-17 08:49:52.813 E/DisplayDeviceConfig( 1524): requesting nits when no mapping exists.
02-17 08:49:52.813 I/am_wtf ( 1524): [0,1524,system_server,-1,DisplayDeviceConfig,requesting nits when no mapping exists.]
02-17 08:49:52.813 I/am_wtf ( 1524): [0,1524,system_server,-1,DisplayDeviceConfig,requesting nits when no mapping exists.]
02-17 08:49:52.829 E/DisplayDeviceConfig( 1524): requesting nits when no mapping exists.
02-17 08:49:52.830 E/DisplayDeviceConfig( 1524): requesting nits when no mapping exists.
02-17 08:49:52.830 I/am_wtf ( 1524): [0,1524,system_server,-1,DisplayDeviceConfig,requesting nits when no mapping exists.]
02-17 08:49:52.830 I/am_wtf ( 1524): [0,1524,system_server,-1,DisplayDeviceConfig,requesting nits when no mapping exists.]
02-17 08:49:52.847 E/DisplayDeviceConfig( 1524): requesting nits when no mapping exists.
02-17 08:49:52.847 E/DisplayDeviceConfig( 1524): requesting nits when no mapping exists.
02-17 08:49:52.847 I/am_wtf ( 1524): [0,1524,system_server,-1,DisplayDeviceConfig,requesting nits when no mapping exists.]
02-17 08:49:52.847 I/am_wtf ( 1524): [0,1524,system_server,-1,DisplayDeviceConfig,requesting nits when no mapping exists.]
02-17 08:49:52.863 E/DisplayDeviceConfig( 1524): requesting nits when no mapping exists.
02-17 08:49:52.863 E/DisplayDeviceConfig( 1524): requesting nits when no mapping exists.
02-17 08:49:52.863 I/am_wtf ( 1524): [0,1524,system_server,-1,DisplayDeviceConfig,requesting nits when no mapping exists.]
02-17 08:49:52.864 I/am_wtf ( 1524): [0,1524,system_server,-1,DisplayDeviceConfig,requesting nits when no mapping exists.]
02-17 08:49:52.880 E/DisplayDeviceConfig( 1524): requesting nits when no mapping exists.
02-17 08:49:52.880 E/DisplayDeviceConfig( 1524): requesting nits when no mapping exists.
02-17 08:49:52.880 I/am_wtf ( 1524): [0,1524,system_server,-1,DisplayDeviceConfig,requesting nits when no mapping exists.]
02-17 08:49:52.880 I/am_wtf ( 1524): [0,1524,system_server,-1,DisplayDeviceConfig,requesting nits when no mapping exists.]
02-17 08:49:52.896 E/DisplayDeviceConfig( 1524): requesting nits when no mapping exists.
02-17 08:49:52.896 I/am_wtf ( 1524): [0,1524,system_server,-1,DisplayDeviceConfig,requesting nits when no mapping exists.]
02-17 08:49:52.896 E/DisplayDeviceConfig( 1524): requesting nits when no mapping exists.
02-17 08:49:52.897 I/am_wtf ( 1524): [0,1524,system_server,-1,DisplayDeviceConfig,requesting nits when no mapping exists.]
