01-01 12:48:13.537 E/bt_vreg_disable( 0): vreg_disable successful for : qca,bt-vdd-dig
01-01 12:48:13.537 E/bt_vreg_disable( 0): vreg_disable successful for : qca,bt-vdd-aon
01-01 12:48:15.165 E/DTC_ETH,link_delay_work_func( 0): 3003, SQI=0, link=0
01-01 12:48:16.635 I/binder ( 0): 16473:16473 ioctl 40046210 7ffa2be654 returned -22
01-01 12:48:16.783 I/binder ( 0): 16473:16473 ioctl 40046210 7ffa2bdcc4 returned -22
01-01 12:48:16.841 E/bt_ioctl( 0): BT_CMD_PWR_CTRL pwr_cntrl:0
01-01 12:48:16.841 E/bt_ioctl( 0): BT state already:0 no change done
01-01 12:48:16.841 E/bt_ioctl( 0): BT_CMD_PWR_CTRL pwr_cntrl:1
01-01 12:48:16.841 E/bt_vreg_enable( 0): vreg_en successful for : qca,bt-vdd-aon
01-01 12:48:16.842 E/bt_vreg_enable( 0): vreg_en successful for : qca,bt-vdd-dig
01-01 12:48:16.842 E/bt_vreg_enable( 0): vreg_en successful for : qca,bt-vdd-rfa1
01-01 12:48:16.842 E/bt_vreg_enable( 0): vreg_en successful for : qca,bt-vdd-rfa2
01-01 12:48:16.843 E/bt_vreg_enable( 0): vreg_en successful for : qca,bt-vdd-asd
01-01 12:48:16.897 I/bt_configure_gpios( 0): BTON:Turn Bt Off bt-reset-gpio(1121) value(0)
01-01 12:48:16.897 I/bt_configure_gpios( 0): BTON:Turn Bt Off
01-01 12:48:16.897 I/bt_configure_gpios( 0): bt-sw-ctrl-gpio(1224) value(0)
01-01 12:48:16.897 I/bt_enable_bt_reset_gpios_safely( 0): bt_enable_bt_reset_gpios_safely: BTON:Turn Bt On
01-01 12:48:16.897 I/bt_enable_bt_reset_gpios_safely( 0): bt_enable_bt_reset_gpios_safely: wl-reset-gpio(1120) value(0)
01-01 12:48:16.897 I/bt_enable_bt_reset_gpios_safely( 0): bt_enable_bt_reset_gpios_safely: 100ms delay added
01-01 12:48:16.897 I/bt_enable_bt_reset_gpios_safely( 0): bt_enable_bt_reset_gpios_safely: for AON output to fully discharge
01-01 12:48:17.057 I/bt_configure_gpios( 0): BTON:Turn Bt On bt-reset-gpio(1121) value(1)
01-01 12:48:17.057 I/bt_configure_gpios( 0): BTON:Turn Bt On
01-01 12:48:17.057 I/bt_configure_gpios( 0): bt-sw-ctrl-gpio(1224) value(1)
01-01 12:48:17.057 I/bt_configure_gpios( 0): bt_gpio= 1121 on: 1 is successful
01-01 12:48:17.075 E/bt_ioctl( 0): unified Current SOC Version : 400a0200
01-01 12:48:18.137 E/bt_ioctl( 0): BT_CMD_PWR_CTRL pwr_cntrl:2
01-01 12:48:18.137 E/bt_vreg_unvote( 0): vreg_unvote successful for : qca,bt-vdd-rfa2
01-01 12:48:18.137 E/bt_vreg_unvote( 0): vreg_unvote successful for : qca,bt-vdd-rfa1
01-01 12:48:18.137 E/bt_vreg_unvote( 0): vreg_unvote successful for : qca,bt-vdd-dig
01-01 12:48:18.137 E/bt_vreg_unvote( 0): vreg_unvote successful for : qca,bt-vdd-aon
02-17 08:37:38.078 D/TelephonyRegistry( 1524): listen oscl: mHasNotifySubscriptionInfoChangedOccurred==false no callback
01-01 12:48:20.279 E/bt_ioctl( 0): BT_CMD_PWR_CTRL pwr_cntrl:0
01-01 12:48:20.286 E/DTC_ETH,link_delay_work_func( 0): 3003, SQI=0, link=0
01-01 12:48:20.381 I/bt_configure_gpios( 0): BT-OFF:bt-reset-gpio(1121) value(0)
01-01 12:48:20.381 I/bt_configure_gpios( 0): BT-OFF:bt-sw-ctrl-gpio(1224) value(0)
01-01 12:48:20.381 I/bt_configure_gpios( 0): bt_gpio= 1121 on: 0 is successful
01-01 12:48:20.381 E/bt_vreg_disable( 0): vreg_disable successful for : qca,bt-vdd-asd
01-01 12:48:20.381 I/qcom_rpmh DRV( 0): apps_rsc TCS Busy, retrying RPMH message send: addr=0x40404
01-01 12:48:20.381 I/qcom_rpmh DRV( 0): apps_rsc TCS Busy, retrying RPMH message send: addr=0x40404
01-01 12:48:20.381 I/qcom_rpmh DRV( 0): apps_rsc TCS Busy, retrying RPMH message send: addr=0x40404
01-01 12:48:20.381 I/qcom_rpmh DRV( 0): apps_rsc TCS Busy, retrying RPMH message send: addr=0x40404
01-01 12:48:20.381 I/qcom_rpmh DRV( 0): apps_rsc TCS Busy, retrying RPMH message send: addr=0x40404
01-01 12:48:20.381 I/qcom_rpmh DRV( 0): apps_rsc TCS Busy, retrying RPMH message send: addr=0x40404
01-01 12:48:20.381 I/qcom_rpmh DRV( 0): apps_rsc TCS Busy, retrying RPMH message send: addr=0x40404
01-01 12:48:20.381 E/bt_vreg_disable( 0): vreg_disable successful for : qca,bt-vdd-rfa2
01-01 12:48:20.381 E/bt_vreg_disable( 0): vreg_disable successful for : qca,bt-vdd-rfa1
01-01 12:48:20.381 I/qcom_rpmh DRV( 0): apps_rsc TCS Busy, retrying RPMH message send: addr=0x43204
01-01 12:48:20.381 I/qcom_rpmh DRV( 0): apps_rsc TCS Busy, retrying RPMH message send: addr=0x43204
01-01 12:48:20.381 I/qcom_rpmh DRV( 0): apps_rsc TCS Busy, retrying RPMH message send: addr=0x43204
01-01 12:48:20.382 E/bt_vreg_disable( 0): vreg_disable successful for : qca,bt-vdd-dig
01-01 12:48:20.382 E/bt_vreg_disable( 0): vreg_disable successful for : qca,bt-vdd-aon
01-01 12:48:25.409 E/DTC_ETH,link_delay_work_func( 0): 3003, SQI=0, link=0
01-01 12:48:30.525 E/DTC_ETH,link_delay_work_func( 0): 3003, SQI=0, link=0
01-01 12:48:35.645 E/DTC_ETH,link_delay_work_func( 0): 3003, SQI=0, link=0
01-01 12:48:40.765 E/DTC_ETH,link_delay_work_func( 0): 3003, SQI=0, link=0
01-01 12:48:41.027 I/binder ( 0): 16618:16618 ioctl 40046210 7ffa2be654 returned -22
01-01 12:48:41.201 I/binder ( 0): 16618:16618 ioctl 40046210 7ffa2bdcc4 returned -22
01-01 12:48:41.261 E/bt_ioctl( 0): BT_CMD_PWR_CTRL pwr_cntrl:0
01-01 12:48:41.261 E/bt_ioctl( 0): BT state already:0 no change done
01-01 12:48:41.261 E/bt_ioctl( 0): BT_CMD_PWR_CTRL pwr_cntrl:1
01-01 12:48:41.261 E/bt_vreg_enable( 0): vreg_en successful for : qca,bt-vdd-aon
01-01 12:48:41.262 E/bt_vreg_enable( 0): vreg_en successful for : qca,bt-vdd-dig
01-01 12:48:41.262 E/bt_vreg_enable( 0): vreg_en successful for : qca,bt-vdd-rfa1
01-01 12:48:41.262 E/bt_vreg_enable( 0): vreg_en successful for : qca,bt-vdd-rfa2
01-01 12:48:41.262 E/bt_vreg_enable( 0): vreg_en successful for : qca,bt-vdd-asd
01-01 12:48:41.317 I/bt_configure_gpios( 0): BTON:Turn Bt Off bt-reset-gpio(1121) value(0)
01-01 12:48:41.317 I/bt_configure_gpios( 0): BTON:Turn Bt Off
01-01 12:48:41.317 I/bt_configure_gpios( 0): bt-sw-ctrl-gpio(1224) value(0)
01-01 12:48:41.317 I/bt_enable_bt_reset_gpios_safely( 0): bt_enable_bt_reset_gpios_safely: BTON:Turn Bt On
01-01 12:48:41.317 I/bt_enable_bt_reset_gpios_safely( 0): bt_enable_bt_reset_gpios_safely: wl-reset-gpio(1120) value(0)
01-01 12:48:41.317 I/bt_enable_bt_reset_gpios_safely( 0): bt_enable_bt_reset_gpios_safely: 100ms delay added
01-01 12:48:41.317 I/bt_enable_bt_reset_gpios_safely( 0): bt_enable_bt_reset_gpios_safely: for AON output to fully discharge
01-01 12:48:41.477 I/bt_configure_gpios( 0): BTON:Turn Bt On bt-reset-gpio(1121) value(1)
01-01 12:48:41.477 I/bt_configure_gpios( 0): BTON:Turn Bt On
01-01 12:48:41.477 I/bt_configure_gpios( 0): bt-sw-ctrl-gpio(1224) value(1)
01-01 12:48:41.477 I/bt_configure_gpios( 0): bt_gpio= 1121 on: 1 is successful
01-01 12:48:41.495 E/bt_ioctl( 0): unified Current SOC Version : 400a0200
01-01 12:48:42.559 E/bt_ioctl( 0): BT_CMD_PWR_CTRL pwr_cntrl:2
01-01 12:48:42.559 E/bt_vreg_unvote( 0): vreg_unvote successful for : qca,bt-vdd-rfa2
01-01 12:48:42.559 E/bt_vreg_unvote( 0): vreg_unvote successful for : qca,bt-vdd-rfa1
01-01 12:48:42.559 E/bt_vreg_unvote( 0): vreg_unvote successful for : qca,bt-vdd-dig
01-01 12:48:42.559 E/bt_vreg_unvote( 0): vreg_unvote successful for : qca,bt-vdd-aon
02-17 08:38:02.493 D/TelephonyRegistry( 1524): listen oscl: mHasNotifySubscriptionInfoChangedOccurred==false no callback
01-01 12:48:45.885 E/DTC_ETH,link_delay_work_func( 0): 3003, SQI=0, link=0
01-01 12:48:49.651 E/bt_ioctl( 0): BT_CMD_PWR_CTRL pwr_cntrl:0
01-01 12:48:49.753 I/bt_configure_gpios( 0): BT-OFF:bt-reset-gpio(1121) value(0)
01-01 12:48:49.753 I/bt_configure_gpios( 0): BT-OFF:bt-sw-ctrl-gpio(1224) value(0)
01-01 12:48:49.753 I/bt_configure_gpios( 0): bt_gpio= 1121 on: 0 is successful
01-01 12:48:49.753 E/bt_vreg_disable( 0): vreg_disable successful for : qca,bt-vdd-asd
01-01 12:48:49.753 E/bt_vreg_disable( 0): vreg_disable successful for : qca,bt-vdd-rfa2
01-01 12:48:49.753 E/bt_vreg_disable( 0): vreg_disable successful for : qca,bt-vdd-rfa1
01-01 12:48:49.753 E/bt_vreg_disable( 0): vreg_disable successful for : qca,bt-vdd-dig
01-01 12:48:49.753 E/bt_vreg_disable( 0): vreg_disable successful for : qca,bt-vdd-aon
01-01 12:48:50.734 I/binder ( 0): 16729:16729 ioctl 40046210 7ffa2be654 returned -22
01-01 12:48:50.854 I/binder ( 0): 16729:16729 ioctl 40046210 7ffa2bdcc4 returned -22
01-01 12:48:50.909 E/bt_ioctl( 0): BT_CMD_PWR_CTRL pwr_cntrl:0
01-01 12:48:50.909 E/bt_ioctl( 0): BT state already:0 no change done
01-01 12:48:50.909 E/bt_ioctl( 0): BT_CMD_PWR_CTRL pwr_cntrl:1
01-01 12:48:50.909 E/bt_vreg_enable( 0): vreg_en successful for : qca,bt-vdd-aon
01-01 12:48:50.910 E/bt_vreg_enable( 0): vreg_en successful for : qca,bt-vdd-dig
01-01 12:48:50.910 E/bt_vreg_enable( 0): vreg_en successful for : qca,bt-vdd-rfa1
01-01 12:48:50.910 E/bt_vreg_enable( 0): vreg_en successful for : qca,bt-vdd-rfa2
01-01 12:48:50.911 E/bt_vreg_enable( 0): vreg_en successful for : qca,bt-vdd-asd
01-01 12:48:50.965 I/bt_configure_gpios( 0): BTON:Turn Bt Off bt-reset-gpio(1121) value(0)
01-01 12:48:50.965 I/bt_configure_gpios( 0): BTON:Turn Bt Off
01-01 12:48:50.965 I/bt_configure_gpios( 0): bt-sw-ctrl-gpio(1224) value(0)
01-01 12:48:50.965 I/bt_enable_bt_reset_gpios_safely( 0): bt_enable_bt_reset_gpios_safely: BTON:Turn Bt On
01-01 12:48:50.965 I/bt_enable_bt_reset_gpios_safely( 0): bt_enable_bt_reset_gpios_safely: wl-reset-gpio(1120) value(0)
01-01 12:48:50.965 I/bt_enable_bt_reset_gpios_safely( 0): bt_enable_bt_reset_gpios_safely: 100ms delay added
01-01 12:48:50.965 I/bt_enable_bt_reset_gpios_safely( 0): bt_enable_bt_reset_gpios_safely: for AON output to fully discharge
01-01 12:48:51.005 E/DTC_ETH,link_delay_work_func( 0): 3003, SQI=0, link=0
01-01 12:48:51.125 I/bt_configure_gpios( 0): BTON:Turn Bt On bt-reset-gpio(1121) value(1)
01-01 12:48:51.125 I/bt_configure_gpios( 0): BTON:Turn Bt On
01-01 12:48:51.125 I/bt_configure_gpios( 0): bt-sw-ctrl-gpio(1224) value(1)
01-01 12:48:51.125 I/bt_configure_gpios( 0): bt_gpio= 1121 on: 1 is successful
01-01 12:48:51.143 E/bt_ioctl( 0): unified Current SOC Version : 400a0200
01-01 12:48:52.202 E/bt_ioctl( 0): BT_CMD_PWR_CTRL pwr_cntrl:2
01-01 12:48:52.202 E/bt_vreg_unvote( 0): vreg_unvote successful for : qca,bt-vdd-rfa2
01-01 12:48:52.202 E/bt_vreg_unvote( 0): vreg_unvote successful for : qca,bt-vdd-rfa1
01-01 12:48:52.202 E/bt_vreg_unvote( 0): vreg_unvote successful for : qca,bt-vdd-dig
01-01 12:48:52.202 E/bt_vreg_unvote( 0): vreg_unvote successful for : qca,bt-vdd-aon
02-17 08:38:12.169 D/TelephonyRegistry( 1524): listen oscl: mHasNotifySubscriptionInfoChangedOccurred==false no callback
01-01 12:48:56.125 E/DTC_ETH,link_delay_work_func( 0): 3003, SQI=0, link=0
01-01 12:48:57.943 E/bt_ioctl( 0): BT_CMD_PWR_CTRL pwr_cntrl:0
01-01 12:48:58.045 I/bt_configure_gpios( 0): BT-OFF:bt-reset-gpio(1121) value(0)
01-01 12:48:58.045 I/bt_configure_gpios( 0): BT-OFF:bt-sw-ctrl-gpio(1224) value(0)
01-01 12:48:58.045 I/bt_configure_gpios( 0): bt_gpio= 1121 on: 0 is successful
01-01 12:48:58.045 E/bt_vreg_disable( 0): vreg_disable successful for : qca,bt-vdd-asd
01-01 12:48:58.045 E/bt_vreg_disable( 0): vreg_disable successful for : qca,bt-vdd-rfa2
01-01 12:48:58.045 E/bt_vreg_disable( 0): vreg_disable successful for : qca,bt-vdd-rfa1
01-01 12:48:58.045 E/bt_vreg_disable( 0): vreg_disable successful for : qca,bt-vdd-dig
01-01 12:48:58.045 E/bt_vreg_disable( 0): vreg_disable successful for : qca,bt-vdd-aon
01-01 12:48:59.099 I/binder ( 0): 16830:16830 ioctl 40046210 7ffa2be654 returned -22
01-01 12:48:59.229 I/binder ( 0): 16830:16830 ioctl 40046210 7ffa2bdcc4 returned -22
01-01 12:48:59.297 E/bt_ioctl( 0): BT_CMD_PWR_CTRL pwr_cntrl:0
01-01 12:48:59.297 E/bt_ioctl( 0): BT state already:0 no change done
01-01 12:48:59.297 E/bt_ioctl( 0): BT_CMD_PWR_CTRL pwr_cntrl:1
01-01 12:48:59.297 E/bt_vreg_enable( 0): vreg_en successful for : qca,bt-vdd-aon
01-01 12:48:59.298 E/bt_vreg_enable( 0): vreg_en successful for : qca,bt-vdd-dig
01-01 12:48:59.298 E/bt_vreg_enable( 0): vreg_en successful for : qca,bt-vdd-rfa1
01-01 12:48:59.298 E/bt_vreg_enable( 0): vreg_en successful for : qca,bt-vdd-rfa2
01-01 12:48:59.299 E/bt_vreg_enable( 0): vreg_en successful for : qca,bt-vdd-asd
01-01 12:48:59.353 I/bt_configure_gpios( 0): BTON:Turn Bt Off bt-reset-gpio(1121) value(0)
01-01 12:48:59.353 I/bt_configure_gpios( 0): BTON:Turn Bt Off
01-01 12:48:59.353 I/bt_configure_gpios( 0): bt-sw-ctrl-gpio(1224) value(0)
01-01 12:48:59.353 I/bt_enable_bt_reset_gpios_safely( 0): bt_enable_bt_reset_gpios_safely: BTON:Turn Bt On
01-01 12:48:59.353 I/bt_enable_bt_reset_gpios_safely( 0): bt_enable_bt_reset_gpios_safely: wl-reset-gpio(1120) value(0)
01-01 12:48:59.353 I/bt_enable_bt_reset_gpios_safely( 0): bt_enable_bt_reset_gpios_safely: 100ms delay added
01-01 12:48:59.353 I/bt_enable_bt_reset_gpios_safely( 0): bt_enable_bt_reset_gpios_safely: for AON output to fully discharge
01-01 12:48:59.513 I/bt_configure_gpios( 0): BTON:Turn Bt On bt-reset-gpio(1121) value(1)
01-01 12:48:59.513 I/bt_configure_gpios( 0): BTON:Turn Bt On
01-01 12:48:59.513 I/bt_configure_gpios( 0): bt-sw-ctrl-gpio(1224) value(1)
01-01 12:48:59.513 I/bt_configure_gpios( 0): bt_gpio= 1121 on: 1 is successful
01-01 12:48:59.531 E/bt_ioctl( 0): unified Current SOC Version : 400a0200
01-01 12:49:00.594 E/bt_ioctl( 0): BT_CMD_PWR_CTRL pwr_cntrl:2
01-01 12:49:00.594 E/bt_vreg_unvote( 0): vreg_unvote successful for : qca,bt-vdd-rfa2
01-01 12:49:00.594 E/bt_vreg_unvote( 0): vreg_unvote successful for : qca,bt-vdd-rfa1
01-01 12:49:00.594 E/bt_vreg_unvote( 0): vreg_unvote successful for : qca,bt-vdd-dig
01-01 12:49:00.594 E/bt_vreg_unvote( 0): vreg_unvote successful for : qca,bt-vdd-aon
02-17 08:38:20.543 D/TelephonyRegistry( 1524): listen oscl: mHasNotifySubscriptionInfoChangedOccurred==false no callback
01-01 12:49:01.245 E/DTC_ETH,link_delay_work_func( 0): 3003, SQI=0, link=0
01-01 12:49:01.702 E/bt_ioctl( 0): BT_CMD_PWR_CTRL pwr_cntrl:0
01-01 12:49:01.805 I/bt_configure_gpios( 0): BT-OFF:bt-reset-gpio(1121) value(0)
01-01 12:49:01.805 I/bt_configure_gpios( 0): BT-OFF:bt-sw-ctrl-gpio(1224) value(0)
01-01 12:49:01.805 I/bt_configure_gpios( 0): bt_gpio= 1121 on: 0 is successful
01-01 12:49:01.805 E/bt_vreg_disable( 0): vreg_disable successful for : qca,bt-vdd-asd
01-01 12:49:01.805 E/bt_vreg_disable( 0): vreg_disable successful for : qca,bt-vdd-rfa2
01-01 12:49:01.805 E/bt_vreg_disable( 0): vreg_disable successful for : qca,bt-vdd-rfa1
01-01 12:49:01.805 E/bt_vreg_disable( 0): vreg_disable successful for : qca,bt-vdd-dig
01-01 12:49:01.805 E/bt_vreg_disable( 0): vreg_disable successful for : qca,bt-vdd-aon
01-01 12:49:02.305 I/binder ( 0): 16922:16922 ioctl 40046210 7ffa2be654 returned -22
01-01 12:49:02.459 I/binder ( 0): 16922:16922 ioctl 40046210 7ffa2bdcc4 returned -22
01-01 12:49:02.529 E/bt_ioctl( 0): BT_CMD_PWR_CTRL pwr_cntrl:0
01-01 12:49:02.529 E/bt_ioctl( 0): BT state already:0 no change done
01-01 12:49:02.529 E/bt_ioctl( 0): BT_CMD_PWR_CTRL pwr_cntrl:1
01-01 12:49:02.530 E/bt_vreg_enable( 0): vreg_en successful for : qca,bt-vdd-aon
01-01 12:49:02.530 E/bt_vreg_enable( 0): vreg_en successful for : qca,bt-vdd-dig
01-01 12:49:02.530 E/bt_vreg_enable( 0): vreg_en successful for : qca,bt-vdd-rfa1
01-01 12:49:02.530 E/bt_vreg_enable( 0): vreg_en successful for : qca,bt-vdd-rfa2
01-01 12:49:02.531 E/bt_vreg_enable( 0): vreg_en successful for : qca,bt-vdd-asd
01-01 12:49:02.585 I/bt_configure_gpios( 0): BTON:Turn Bt Off bt-reset-gpio(1121) value(0)
01-01 12:49:02.585 I/bt_configure_gpios( 0): BTON:Turn Bt Off
01-01 12:49:02.585 I/bt_configure_gpios( 0): bt-sw-ctrl-gpio(1224) value(0)
01-01 12:49:02.585 I/bt_enable_bt_reset_gpios_safely( 0): bt_enable_bt_reset_gpios_safely: BTON:Turn Bt On
01-01 12:49:02.585 I/bt_enable_bt_reset_gpios_safely( 0): bt_enable_bt_reset_gpios_safely: wl-reset-gpio(1120) value(0)
01-01 12:49:02.585 I/bt_enable_bt_reset_gpios_safely( 0): bt_enable_bt_reset_gpios_safely: 100ms delay added
01-01 12:49:02.585 I/bt_enable_bt_reset_gpios_safely( 0): bt_enable_bt_reset_gpios_safely: for AON output to fully discharge
01-01 12:49:02.745 I/bt_configure_gpios( 0): BTON:Turn Bt On bt-reset-gpio(1121) value(1)
01-01 12:49:02.745 I/bt_configure_gpios( 0): BTON:Turn Bt On
01-01 12:49:02.745 I/bt_configure_gpios( 0): bt-sw-ctrl-gpio(1224) value(1)
01-01 12:49:02.745 I/bt_configure_gpios( 0): bt_gpio= 1121 on: 1 is successful
01-01 12:49:02.764 E/bt_ioctl( 0): unified Current SOC Version : 400a0200
01-01 12:49:03.828 E/bt_ioctl( 0): BT_CMD_PWR_CTRL pwr_cntrl:2
01-01 12:49:03.828 E/bt_vreg_unvote( 0): vreg_unvote successful for : qca,bt-vdd-rfa2
01-01 12:49:03.828 E/bt_vreg_unvote( 0): vreg_unvote successful for : qca,bt-vdd-rfa1
01-01 12:49:03.828 E/bt_vreg_unvote( 0): vreg_unvote successful for : qca,bt-vdd-dig
01-01 12:49:03.828 E/bt_vreg_unvote( 0): vreg_unvote successful for : qca,bt-vdd-aon
01-01 12:49:04.192 E/bt_ioctl( 0): BT_CMD_PWR_CTRL pwr_cntrl:0
01-01 12:49:04.293 I/bt_configure_gpios( 0): BT-OFF:bt-reset-gpio(1121) value(0)
01-01 12:49:04.293 I/bt_configure_gpios( 0): BT-OFF:bt-sw-ctrl-gpio(1224) value(0)
01-01 12:49:04.293 I/bt_configure_gpios( 0): bt_gpio= 1121 on: 0 is successful
01-01 12:49:04.293 E/bt_vreg_disable( 0): vreg_disable successful for : qca,bt-vdd-asd
01-01 12:49:04.293 E/bt_vreg_disable( 0): vreg_disable successful for : qca,bt-vdd-rfa2
01-01 12:49:04.293 E/bt_vreg_disable( 0): vreg_disable successful for : qca,bt-vdd-rfa1
01-01 12:49:04.293 E/bt_vreg_disable( 0): vreg_disable successful for : qca,bt-vdd-dig
01-01 12:49:04.293 E/bt_vreg_disable( 0): vreg_disable successful for : qca,bt-vdd-aon
01-01 12:49:06.365 E/DTC_ETH,link_delay_work_func( 0): 3003, SQI=0, link=0
01-01 12:49:06.853 I/binder ( 0): 16984:16984 ioctl 40046210 7ffa2be654 returned -22
01-01 12:49:06.986 I/binder ( 0): 16984:16984 ioctl 40046210 7ffa2bdcc4 returned -22
01-01 12:49:07.037 E/bt_ioctl( 0): BT_CMD_PWR_CTRL pwr_cntrl:0
01-01 12:49:07.037 E/bt_ioctl( 0): BT state already:0 no change done
01-01 12:49:07.037 E/bt_ioctl( 0): BT_CMD_PWR_CTRL pwr_cntrl:1
01-01 12:49:07.038 E/bt_vreg_enable( 0): vreg_en successful for : qca,bt-vdd-aon
01-01 12:49:07.038 E/bt_vreg_enable( 0): vreg_en successful for : qca,bt-vdd-dig
01-01 12:49:07.038 E/bt_vreg_enable( 0): vreg_en successful for : qca,bt-vdd-rfa1
01-01 12:49:07.038 E/bt_vreg_enable( 0): vreg_en successful for : qca,bt-vdd-rfa2
01-01 12:49:07.039 E/bt_vreg_enable( 0): vreg_en successful for : qca,bt-vdd-asd
01-01 12:49:07.093 I/bt_configure_gpios( 0): BTON:Turn Bt Off bt-reset-gpio(1121) value(0)
01-01 12:49:07.093 I/bt_configure_gpios( 0): BTON:Turn Bt Off
01-01 12:49:07.093 I/bt_configure_gpios( 0): bt-sw-ctrl-gpio(1224) value(0)
01-01 12:49:07.093 I/bt_enable_bt_reset_gpios_safely( 0): bt_enable_bt_reset_gpios_safely: BTON:Turn Bt On
01-01 12:49:07.093 I/bt_enable_bt_reset_gpios_safely( 0): bt_enable_bt_reset_gpios_safely: wl-reset-gpio(1120) value(0)
01-01 12:49:07.093 I/bt_enable_bt_reset_gpios_safely( 0): bt_enable_bt_reset_gpios_safely: 100ms delay added
01-01 12:49:07.093 I/bt_enable_bt_reset_gpios_safely( 0): bt_enable_bt_reset_gpios_safely: for AON output to fully discharge
01-01 12:49:07.253 I/bt_configure_gpios( 0): BTON:Turn Bt On bt-reset-gpio(1121) value(1)
01-01 12:49:07.253 I/bt_configure_gpios( 0): BTON:Turn Bt On
01-01 12:49:07.253 I/bt_configure_gpios( 0): bt-sw-ctrl-gpio(1224) value(1)
01-01 12:49:07.253 I/bt_configure_gpios( 0): bt_gpio= 1121 on: 1 is successful
01-01 12:49:07.271 E/bt_ioctl( 0): unified Current SOC Version : 400a0200
01-01 12:49:08.333 E/bt_ioctl( 0): BT_CMD_PWR_CTRL pwr_cntrl:2
01-01 12:49:08.333 E/bt_vreg_unvote( 0): vreg_unvote successful for : qca,bt-vdd-rfa2
01-01 12:49:08.333 E/bt_vreg_unvote( 0): vreg_unvote successful for : qca,bt-vdd-rfa1
01-01 12:49:08.333 E/bt_vreg_unvote( 0): vreg_unvote successful for : qca,bt-vdd-dig
01-01 12:49:08.333 E/bt_vreg_unvote( 0): vreg_unvote successful for : qca,bt-vdd-aon
02-17 08:38:28.293 D/TelephonyRegistry( 1524): listen oscl: mHasNotifySubscriptionInfoChangedOccurred==false no callback
01-01 12:49:10.538 E/bt_ioctl( 0): BT_CMD_PWR_CTRL pwr_cntrl:0
01-01 12:49:10.641 I/bt_configure_gpios( 0): BT-OFF:bt-reset-gpio(1121) value(0)
01-01 12:49:10.641 I/bt_configure_gpios( 0): BT-OFF:bt-sw-ctrl-gpio(1224) value(0)
01-01 12:49:10.641 I/bt_configure_gpios( 0): bt_gpio= 1121 on: 0 is successful
01-01 12:49:10.641 E/bt_vreg_disable( 0): vreg_disable successful for : qca,bt-vdd-asd
01-01 12:49:10.641 E/bt_vreg_disable( 0): vreg_disable successful for : qca,bt-vdd-rfa2
01-01 12:49:10.641 E/bt_vreg_disable( 0): vreg_disable successful for : qca,bt-vdd-rfa1
01-01 12:49:10.641 E/bt_vreg_disable( 0): vreg_disable successful for : qca,bt-vdd-dig
01-01 12:49:10.641 E/bt_vreg_disable( 0): vreg_disable successful for : qca,bt-vdd-aon
01-01 12:49:11.137 I/binder ( 0): 17075:17075 ioctl 40046210 7ffa2be654 returned -22
01-01 12:49:11.275 I/binder ( 0): 17075:17075 ioctl 40046210 7ffa2bdcc4 returned -22
01-01 12:49:11.346 E/bt_ioctl( 0): BT_CMD_PWR_CTRL pwr_cntrl:0
01-01 12:49:11.346 E/bt_ioctl( 0): BT state already:0 no change done
01-01 12:49:11.346 E/bt_ioctl( 0): BT_CMD_PWR_CTRL pwr_cntrl:1
01-01 12:49:11.346 E/bt_vreg_enable( 0): vreg_en successful for : qca,bt-vdd-aon
01-01 12:49:11.347 E/bt_vreg_enable( 0): vreg_en successful for : qca,bt-vdd-dig
01-01 12:49:11.347 E/bt_vreg_enable( 0): vreg_en successful for : qca,bt-vdd-rfa1
01-01 12:49:11.347 E/bt_vreg_enable( 0): vreg_en successful for : qca,bt-vdd-rfa2
01-01 12:49:11.348 E/bt_vreg_enable( 0): vreg_en successful for : qca,bt-vdd-asd
01-01 12:49:11.401 I/bt_configure_gpios( 0): BTON:Turn Bt Off bt-reset-gpio(1121) value(0)
01-01 12:49:11.401 I/bt_configure_gpios( 0): BTON:Turn Bt Off
01-01 12:49:11.401 I/bt_configure_gpios( 0): bt-sw-ctrl-gpio(1224) value(0)
01-01 12:49:11.401 I/bt_enable_bt_reset_gpios_safely( 0): bt_enable_bt_reset_gpios_safely: BTON:Turn Bt On
01-01 12:49:11.401 I/bt_enable_bt_reset_gpios_safely( 0): bt_enable_bt_reset_gpios_safely: wl-reset-gpio(1120) value(0)
01-01 12:49:11.401 I/bt_enable_bt_reset_gpios_safely( 0): bt_enable_bt_reset_gpios_safely: 100ms delay added
01-01 12:49:11.401 I/bt_enable_bt_reset_gpios_safely( 0): bt_enable_bt_reset_gpios_safely: for AON output to fully discharge
01-01 12:49:11.485 E/DTC_ETH,link_delay_work_func( 0): 3003, SQI=0, link=0
01-01 12:49:11.561 I/bt_configure_gpios( 0): BTON:Turn Bt On bt-reset-gpio(1121) value(1)
01-01 12:49:11.561 I/bt_configure_gpios( 0): BTON:Turn Bt On
01-01 12:49:11.561 I/bt_configure_gpios( 0): bt-sw-ctrl-gpio(1224) value(1)
01-01 12:49:11.561 I/bt_configure_gpios( 0): bt_gpio= 1121 on: 1 is successful
01-01 12:49:11.580 E/bt_ioctl( 0): unified Current SOC Version : 400a0200
01-01 12:49:12.641 E/bt_ioctl( 0): BT_CMD_PWR_CTRL pwr_cntrl:2
01-01 12:49:12.641 E/bt_vreg_unvote( 0): vreg_unvote successful for : qca,bt-vdd-rfa2
01-01 12:49:12.641 E/bt_vreg_unvote( 0): vreg_unvote successful for : qca,bt-vdd-rfa1
01-01 12:49:12.641 E/bt_vreg_unvote( 0): vreg_unvote successful for : qca,bt-vdd-dig
01-01 12:49:12.641 E/bt_vreg_unvote( 0): vreg_unvote successful for : qca,bt-vdd-aon
02-17 08:38:32.570 D/TelephonyRegistry( 1524): listen oscl: mHasNotifySubscriptionInfoChangedOccurred==false no callback
01-01 12:49:13.710 E/bt_ioctl( 0): BT_CMD_PWR_CTRL pwr_cntrl:0
01-01 12:49:13.813 I/bt_configure_gpios( 0): BT-OFF:bt-reset-gpio(1121) value(0)
01-01 12:49:13.813 I/bt_configure_gpios( 0): BT-OFF:bt-sw-ctrl-gpio(1224) value(0)
01-01 12:49:13.813 I/bt_configure_gpios( 0): bt_gpio= 1121 on: 0 is successful
01-01 12:49:13.813 E/bt_vreg_disable( 0): vreg_disable successful for : qca,bt-vdd-asd
01-01 12:49:13.813 E/bt_vreg_disable( 0): vreg_disable successful for : qca,bt-vdd-rfa2
01-01 12:49:13.813 E/bt_vreg_disable( 0): vreg_disable successful for : qca,bt-vdd-rfa1
01-01 12:49:13.813 E/bt_vreg_disable( 0): vreg_disable successful for : qca,bt-vdd-dig
01-01 12:49:13.813 E/bt_vreg_disable( 0): vreg_disable successful for : qca,bt-vdd-aon
01-01 12:49:16.131 I/binder ( 0): 17171:17171 ioctl 40046210 7ffa2be654 returned -22
01-01 12:49:16.283 I/binder ( 0): 17171:17171 ioctl 40046210 7ffa2bdcc4 returned -22
01-01 12:49:16.347 E/bt_ioctl( 0): BT_CMD_PWR_CTRL pwr_cntrl:0
01-01 12:49:16.347 E/bt_ioctl( 0): BT state already:0 no change done
01-01 12:49:16.347 E/bt_ioctl( 0): BT_CMD_PWR_CTRL pwr_cntrl:1
01-01 12:49:16.347 E/bt_vreg_enable( 0): vreg_en successful for : qca,bt-vdd-aon
01-01 12:49:16.347 E/bt_vreg_enable( 0): vreg_en successful for : qca,bt-vdd-dig
01-01 12:49:16.348 E/bt_vreg_enable( 0): vreg_en successful for : qca,bt-vdd-rfa1
01-01 12:49:16.348 E/bt_vreg_enable( 0): vreg_en successful for : qca,bt-vdd-rfa2
01-01 12:49:16.348 E/bt_vreg_enable( 0): vreg_en successful for : qca,bt-vdd-asd
01-01 12:49:16.401 I/bt_configure_gpios( 0): BTON:Turn Bt Off bt-reset-gpio(1121) value(0)
01-01 12:49:16.401 I/bt_configure_gpios( 0): BTON:Turn Bt Off
01-01 12:49:16.401 I/bt_configure_gpios( 0): bt-sw-ctrl-gpio(1224) value(0)
01-01 12:49:16.401 I/bt_enable_bt_reset_gpios_safely( 0): bt_enable_bt_reset_gpios_safely: BTON:Turn Bt On
01-01 12:49:16.401 I/bt_enable_bt_reset_gpios_safely( 0): bt_enable_bt_reset_gpios_safely: wl-reset-gpio(1120) value(0)
01-01 12:49:16.401 I/bt_enable_bt_reset_gpios_safely( 0): bt_enable_bt_reset_gpios_safely: 100ms delay added
01-01 12:49:16.401 I/bt_enable_bt_reset_gpios_safely( 0): bt_enable_bt_reset_gpios_safely: for AON output to fully discharge
01-01 12:49:16.565 I/bt_configure_gpios( 0): BTON:Turn Bt On bt-reset-gpio(1121) value(1)
01-01 12:49:16.565 I/bt_configure_gpios( 0): BTON:Turn Bt On
01-01 12:49:16.565 I/bt_configure_gpios( 0): bt-sw-ctrl-gpio(1224) value(1)
01-01 12:49:16.565 I/bt_configure_gpios( 0): bt_gpio= 1121 on: 1 is successful
01-01 12:49:16.583 E/bt_ioctl( 0): unified Current SOC Version : 400a0200
01-01 12:49:16.606 E/DTC_ETH,link_delay_work_func( 0): 3003, SQI=0, link=0
01-01 12:49:17.653 E/bt_ioctl( 0): BT_CMD_PWR_CTRL pwr_cntrl:2
01-01 12:49:17.653 E/bt_vreg_unvote( 0): vreg_unvote successful for : qca,bt-vdd-rfa2
01-01 12:49:17.653 E/bt_vreg_unvote( 0): vreg_unvote successful for : qca,bt-vdd-rfa1
01-01 12:49:17.653 E/bt_vreg_unvote( 0): vreg_unvote successful for : qca,bt-vdd-dig
01-01 12:49:17.653 E/bt_vreg_unvote( 0): vreg_unvote successful for : qca,bt-vdd-aon
01-01 12:49:18.047 E/bt_ioctl( 0): BT_CMD_PWR_CTRL pwr_cntrl:0
01-01 12:49:18.149 I/bt_configure_gpios( 0): BT-OFF:bt-reset-gpio(1121) value(0)
01-01 12:49:18.149 I/bt_configure_gpios( 0): BT-OFF:bt-sw-ctrl-gpio(1224) value(0)
01-01 12:49:18.149 I/bt_configure_gpios( 0): bt_gpio= 1121 on: 0 is successful
01-01 12:49:18.149 E/bt_vreg_disable( 0): vreg_disable successful for : qca,bt-vdd-asd
01-01 12:49:18.149 E/bt_vreg_disable( 0): vreg_disable successful for : qca,bt-vdd-rfa2
01-01 12:49:18.149 E/bt_vreg_disable( 0): vreg_disable successful for : qca,bt-vdd-rfa1
01-01 12:49:18.149 E/bt_vreg_disable( 0): vreg_disable successful for : qca,bt-vdd-dig
01-01 12:49:18.149 E/bt_vreg_disable( 0): vreg_disable successful for : qca,bt-vdd-aon
01-01 12:49:21.235 I/binder ( 0): 17231:17231 ioctl 40046210 7ffa2be654 returned -22
01-01 12:49:21.383 I/binder ( 0): 17231:17231 ioctl 40046210 7ffa2bdcc4 returned -22
01-01 12:49:21.444 E/bt_ioctl( 0): BT_CMD_PWR_CTRL pwr_cntrl:0
01-01 12:49:21.444 E/bt_ioctl( 0): BT state already:0 no change done
01-01 12:49:21.444 E/bt_ioctl( 0): BT_CMD_PWR_CTRL pwr_cntrl:1
01-01 12:49:21.444 E/bt_vreg_enable( 0): vreg_en successful for : qca,bt-vdd-aon
01-01 12:49:21.445 E/bt_vreg_enable( 0): vreg_en successful for : qca,bt-vdd-dig
01-01 12:49:21.446 E/bt_vreg_enable( 0): vreg_en successful for : qca,bt-vdd-rfa1
01-01 12:49:21.446 E/bt_vreg_enable( 0): vreg_en successful for : qca,bt-vdd-rfa2
01-01 12:49:21.446 E/bt_vreg_enable( 0): vreg_en successful for : qca,bt-vdd-asd
01-01 12:49:21.501 I/bt_configure_gpios( 0): BTON:Turn Bt Off bt-reset-gpio(1121) value(0)
01-01 12:49:21.501 I/bt_configure_gpios( 0): BTON:Turn Bt Off
01-01 12:49:21.501 I/bt_configure_gpios( 0): bt-sw-ctrl-gpio(1224) value(0)
01-01 12:49:21.501 I/bt_enable_bt_reset_gpios_safely( 0): bt_enable_bt_reset_gpios_safely: BTON:Turn Bt On
01-01 12:49:21.501 I/bt_enable_bt_reset_gpios_safely( 0): bt_enable_bt_reset_gpios_safely: wl-reset-gpio(1120) value(0)
01-01 12:49:21.501 I/bt_enable_bt_reset_gpios_safely( 0): bt_enable_bt_reset_gpios_safely: 100ms delay added
01-01 12:49:21.501 I/bt_enable_bt_reset_gpios_safely( 0): bt_enable_bt_reset_gpios_safely: for AON output to fully discharge
01-01 12:49:21.661 I/bt_configure_gpios( 0): BTON:Turn Bt On bt-reset-gpio(1121) value(1)
01-01 12:49:21.661 I/bt_configure_gpios( 0): BTON:Turn Bt On
01-01 12:49:21.661 I/bt_configure_gpios( 0): bt-sw-ctrl-gpio(1224) value(1)
01-01 12:49:21.661 I/bt_configure_gpios( 0): bt_gpio= 1121 on: 1 is successful
01-01 12:49:21.680 E/bt_ioctl( 0): unified Current SOC Version : 400a0200
01-01 12:49:21.725 E/DTC_ETH,link_delay_work_func( 0): 3003, SQI=0, link=0
01-01 12:49:22.752 E/bt_ioctl( 0): BT_CMD_PWR_CTRL pwr_cntrl:2
01-01 12:49:22.752 E/bt_vreg_unvote( 0): vreg_unvote successful for : qca,bt-vdd-rfa2
01-01 12:49:22.752 E/bt_vreg_unvote( 0): vreg_unvote successful for : qca,bt-vdd-rfa1
01-01 12:49:22.752 E/bt_vreg_unvote( 0): vreg_unvote successful for : qca,bt-vdd-dig
01-01 12:49:22.752 W/rpmh_rsc_send_data( 0): 11 callbacks suppressed
01-01 12:49:22.752 I/qcom_rpmh DRV( 0): apps_rsc TCS Busy, retrying RPMH message send: addr=0x40200
01-01 12:49:22.752 I/qcom_rpmh DRV( 0): apps_rsc TCS Busy, retrying RPMH message send: addr=0x40200
01-01 12:49:22.752 I/qcom_rpmh DRV( 0): apps_rsc TCS Busy, retrying RPMH message send: addr=0x40200
01-01 12:49:22.752 I/qcom_rpmh DRV( 0): apps_rsc TCS Busy, retrying RPMH message send: addr=0x40200
01-01 12:49:22.752 I/qcom_rpmh DRV( 0): apps_rsc TCS Busy, retrying RPMH message send: addr=0x40200
01-01 12:49:22.752 I/qcom_rpmh DRV( 0): apps_rsc TCS Busy, retrying RPMH message send: addr=0x40200
01-01 12:49:22.752 I/qcom_rpmh DRV( 0): apps_rsc TCS Busy, retrying RPMH message send: addr=0x40200
01-01 12:49:22.752 E/bt_vreg_unvote( 0): vreg_unvote successful for : qca,bt-vdd-aon
01-01 12:49:23.124 E/bt_ioctl( 0): BT_CMD_PWR_CTRL pwr_cntrl:0
01-01 12:49:23.225 I/bt_configure_gpios( 0): BT-OFF:bt-reset-gpio(1121) value(0)
01-01 12:49:23.225 I/bt_configure_gpios( 0): BT-OFF:bt-sw-ctrl-gpio(1224) value(0)
01-01 12:49:23.225 I/bt_configure_gpios( 0): bt_gpio= 1121 on: 0 is successful
01-01 12:49:23.225 E/bt_vreg_disable( 0): vreg_disable successful for : qca,bt-vdd-asd
01-01 12:49:23.225 E/bt_vreg_disable( 0): vreg_disable successful for : qca,bt-vdd-rfa2
01-01 12:49:23.225 E/bt_vreg_disable( 0): vreg_disable successful for : qca,bt-vdd-rfa1
01-01 12:49:23.225 E/bt_vreg_disable( 0): vreg_disable successful for : qca,bt-vdd-dig
01-01 12:49:23.225 E/bt_vreg_disable( 0): vreg_disable successful for : qca,bt-vdd-aon
01-01 12:49:25.613 I/binder ( 0): 17290:17290 ioctl 40046210 7ffa2be654 returned -22
01-01 12:49:25.749 I/binder ( 0): 17290:17290 ioctl 40046210 7ffa2bdcc4 returned -22
01-01 12:49:25.800 E/bt_ioctl( 0): BT_CMD_PWR_CTRL pwr_cntrl:0
01-01 12:49:25.800 E/bt_ioctl( 0): BT state already:0 no change done
01-01 12:49:25.800 E/bt_ioctl( 0): BT_CMD_PWR_CTRL pwr_cntrl:1
01-01 12:49:25.800 E/bt_vreg_enable( 0): vreg_en successful for : qca,bt-vdd-aon
01-01 12:49:25.800 E/bt_vreg_enable( 0): vreg_en successful for : qca,bt-vdd-dig
01-01 12:49:25.801 E/bt_vreg_enable( 0): vreg_en successful for : qca,bt-vdd-rfa1
01-01 12:49:25.801 E/bt_vreg_enable( 0): vreg_en successful for : qca,bt-vdd-rfa2
01-01 12:49:25.801 E/bt_vreg_enable( 0): vreg_en successful for : qca,bt-vdd-asd
01-01 12:49:25.857 I/bt_configure_gpios( 0): BTON:Turn Bt Off bt-reset-gpio(1121) value(0)
01-01 12:49:25.857 I/bt_configure_gpios( 0): BTON:Turn Bt Off
01-01 12:49:25.857 I/bt_configure_gpios( 0): bt-sw-ctrl-gpio(1224) value(0)
01-01 12:49:25.857 I/bt_enable_bt_reset_gpios_safely( 0): bt_enable_bt_reset_gpios_safely: BTON:Turn Bt On
01-01 12:49:25.857 I/bt_enable_bt_reset_gpios_safely( 0): bt_enable_bt_reset_gpios_safely: wl-reset-gpio(1120) value(0)
01-01 12:49:25.857 I/bt_enable_bt_reset_gpios_safely( 0): bt_enable_bt_reset_gpios_safely: 100ms delay added
01-01 12:49:25.857 I/bt_enable_bt_reset_gpios_safely( 0): bt_enable_bt_reset_gpios_safely: for AON output to fully discharge
01-01 12:49:26.021 I/bt_configure_gpios( 0): BTON:Turn Bt On bt-reset-gpio(1121) value(1)
01-01 12:49:26.021 I/bt_configure_gpios( 0): BTON:Turn Bt On
01-01 12:49:26.021 I/bt_configure_gpios( 0): bt-sw-ctrl-gpio(1224) value(1)
01-01 12:49:26.021 I/bt_configure_gpios( 0): bt_gpio= 1121 on: 1 is successful
01-01 12:49:26.039 E/bt_ioctl( 0): unified Current SOC Version : 400a0200
01-01 12:49:26.847 E/DTC_ETH,link_delay_work_func( 0): 3003, SQI=0, link=0
01-01 12:49:27.099 E/bt_ioctl( 0): BT_CMD_PWR_CTRL pwr_cntrl:2
01-01 12:49:27.099 E/bt_vreg_unvote( 0): vreg_unvote successful for : qca,bt-vdd-rfa2
01-01 12:49:27.099 E/bt_vreg_unvote( 0): vreg_unvote successful for : qca,bt-vdd-rfa1
01-01 12:49:27.099 E/bt_vreg_unvote( 0): vreg_unvote successful for : qca,bt-vdd-dig
01-01 12:49:27.099 E/bt_vreg_unvote( 0): vreg_unvote successful for : qca,bt-vdd-aon
01-01 12:49:27.479 E/bt_ioctl( 0): BT_CMD_PWR_CTRL pwr_cntrl:0
01-01 12:49:27.581 I/bt_configure_gpios( 0): BT-OFF:bt-reset-gpio(1121) value(0)
01-01 12:49:27.581 I/bt_configure_gpios( 0): BT-OFF:bt-sw-ctrl-gpio(1224) value(0)
01-01 12:49:27.581 I/bt_configure_gpios( 0): bt_gpio= 1121 on: 0 is successful
01-01 12:49:27.581 E/bt_vreg_disable( 0): vreg_disable successful for : qca,bt-vdd-asd
01-01 12:49:27.581 E/bt_vreg_disable( 0): vreg_disable successful for : qca,bt-vdd-rfa2
01-01 12:49:27.581 E/bt_vreg_disable( 0): vreg_disable successful for : qca,bt-vdd-rfa1
01-01 12:49:27.581 E/bt_vreg_disable( 0): vreg_disable successful for : qca,bt-vdd-dig
01-01 12:49:27.581 E/bt_vreg_disable( 0): vreg_disable successful for : qca,bt-vdd-aon
01-01 12:49:29.569 I/binder ( 0): 17356:17356 ioctl 40046210 7ffa2be654 returned -22
01-01 12:49:29.673 I/binder ( 0): 17356:17356 ioctl 40046210 7ffa2bdcc4 returned -22
01-01 12:49:29.722 E/bt_ioctl( 0): BT_CMD_PWR_CTRL pwr_cntrl:0
01-01 12:49:29.722 E/bt_ioctl( 0): BT state already:0 no change done
01-01 12:49:29.722 E/bt_ioctl( 0): BT_CMD_PWR_CTRL pwr_cntrl:1
01-01 12:49:29.722 E/bt_vreg_enable( 0): vreg_en successful for : qca,bt-vdd-aon
01-01 12:49:29.723 E/bt_vreg_enable( 0): vreg_en successful for : qca,bt-vdd-dig
01-01 12:49:29.723 E/bt_vreg_enable( 0): vreg_en successful for : qca,bt-vdd-rfa1
01-01 12:49:29.723 E/bt_vreg_enable( 0): vreg_en successful for : qca,bt-vdd-rfa2
01-01 12:49:29.723 E/bt_vreg_enable( 0): vreg_en successful for : qca,bt-vdd-asd
01-01 12:49:29.781 I/bt_configure_gpios( 0): BTON:Turn Bt Off bt-reset-gpio(1121) value(0)
01-01 12:49:29.781 I/bt_configure_gpios( 0): BTON:Turn Bt Off
01-01 12:49:29.781 I/bt_configure_gpios( 0): bt-sw-ctrl-gpio(1224) value(0)
01-01 12:49:29.781 I/bt_enable_bt_reset_gpios_safely( 0): bt_enable_bt_reset_gpios_safely: BTON:Turn Bt On
01-01 12:49:29.781 I/bt_enable_bt_reset_gpios_safely( 0): bt_enable_bt_reset_gpios_safely: wl-reset-gpio(1120) value(0)
01-01 12:49:29.781 I/bt_enable_bt_reset_gpios_safely( 0): bt_enable_bt_reset_gpios_safely: 100ms delay added
01-01 12:49:29.781 I/bt_enable_bt_reset_gpios_safely( 0): bt_enable_bt_reset_gpios_safely: for AON output to fully discharge
01-01 12:49:29.941 I/bt_configure_gpios( 0): BTON:Turn Bt On bt-reset-gpio(1121) value(1)
01-01 12:49:29.941 I/bt_configure_gpios( 0): BTON:Turn Bt On
01-01 12:49:29.941 I/bt_configure_gpios( 0): bt-sw-ctrl-gpio(1224) value(1)
01-01 12:49:29.941 I/bt_configure_gpios( 0): bt_gpio= 1121 on: 1 is successful
01-01 12:49:29.958 E/bt_ioctl( 0): unified Current SOC Version : 400a0200
01-01 12:49:31.015 E/bt_ioctl( 0): BT_CMD_PWR_CTRL pwr_cntrl:2
01-01 12:49:31.015 E/bt_vreg_unvote( 0): vreg_unvote successful for : qca,bt-vdd-rfa2
01-01 12:49:31.015 E/bt_vreg_unvote( 0): vreg_unvote successful for : qca,bt-vdd-rfa1
01-01 12:49:31.015 E/bt_vreg_unvote( 0): vreg_unvote successful for : qca,bt-vdd-dig
01-01 12:49:31.015 E/bt_vreg_unvote( 0): vreg_unvote successful for : qca,bt-vdd-aon
02-17 08:38:50.966 D/TelephonyRegistry( 1524): listen oscl: mHasNotifySubscriptionInfoChangedOccurred==false no callback
01-01 12:49:31.965 E/DTC_ETH,link_delay_work_func( 0): 3003, SQI=0, link=0
01-01 12:49:37.085 E/DTC_ETH,link_delay_work_func( 0): 3003, SQI=0, link=0
01-01 12:49:42.205 E/DTC_ETH,link_delay_work_func( 0): 3003, SQI=0, link=0
01-01 12:49:45.900 E/bt_ioctl( 0): BT_CMD_PWR_CTRL pwr_cntrl:0
01-01 12:49:46.001 I/bt_configure_gpios( 0): BT-OFF:bt-reset-gpio(1121) value(0)
01-01 12:49:46.001 I/bt_configure_gpios( 0): BT-OFF:bt-sw-ctrl-gpio(1224) value(0)
01-01 12:49:46.001 I/bt_configure_gpios( 0): bt_gpio= 1121 on: 0 is successful
01-01 12:49:46.001 E/bt_vreg_disable( 0): vreg_disable successful for : qca,bt-vdd-asd
01-01 12:49:46.001 E/bt_vreg_disable( 0): vreg_disable successful for : qca,bt-vdd-rfa2
01-01 12:49:46.001 E/bt_vreg_disable( 0): vreg_disable successful for : qca,bt-vdd-rfa1
01-01 12:49:46.001 E/bt_vreg_disable( 0): vreg_disable successful for : qca,bt-vdd-dig
01-01 12:49:46.001 E/bt_vreg_disable( 0): vreg_disable successful for : qca,bt-vdd-aon
01-01 12:49:47.326 E/DTC_ETH,link_delay_work_func( 0): 3003, SQI=0, link=0 --------- beginning of system
02-17 08:39:10.471 D/CompatibilityChangeReporter( 1524): Compat change id reported: 135754954; UID 1002; state: ENABLED
02-17 08:39:10.473 D/BluetoothManagerService( 1524): Binding BT service. Current user: 0
02-17 08:39:10.494 I/ActivityManager( 1524): Start proc 17503:com.android.bluetooth/1002 for service {com.android.bluetooth/com.android.bluetooth.btservice.AdapterService}
01-01 12:49:50.665 I/binder ( 0): 17503:17503 ioctl 40046210 7ffa2be654 returned -22
02-17 08:39:10.523 D/CompatibilityChangeReporter( 1524): Compat change id reported: 168419799; UID 1002; state: DISABLED
02-17 08:39:10.630 D/BluetoothManagerService( 1524): Bluetooth Adapter name changed to 高合娱乐副屏 by android
02-17 08:39:10.630 D/BluetoothManagerService( 1524): Stored Bluetooth name: 高合娱乐副屏
01-01 12:49:50.789 I/binder ( 0): 17503:17503 ioctl 40046210 7ffa2bdcc4 returned -22
02-17 08:39:10.648 D/BluetoothManagerService( 1524): BluetoothServiceConnection: com.android.bluetooth.btservice.AdapterService
02-17 08:39:10.648 D/BluetoothManagerService( 1524): MESSAGE_BLUETOOTH_SERVICE_CONNECTED: 1
02-17 08:39:10.651 D/BluetoothManagerService( 1524): MESSAGE_INFORM_ADAPTER_SERVICE_UP
02-17 08:39:10.651 D/BluetoothManagerService( 1524): Broadcasting onBluetoothServiceUp() to 5 receivers.
02-17 08:39:10.652 D/BluetoothManagerService( 1524): MESSAGE_BLUETOOTH_STATE_CHANGE: OFF > BLE_TURNING_ON
02-17 08:39:10.652 D/BluetoothManagerService( 1524): Sending BLE State Change: OFF > BLE_TURNING_ON
02-17 08:39:10.653 D/CompanionDeviceManagerService( 1524): Received BT state transition broadcast: OFF -> BLE_TURNING_ON
01-01 12:49:50.847 E/bt_ioctl( 0): BT_CMD_PWR_CTRL pwr_cntrl:0
01-01 12:49:50.847 E/bt_ioctl( 0): BT state already:0 no change done
01-01 12:49:50.847 E/bt_ioctl( 0): BT_CMD_PWR_CTRL pwr_cntrl:1
01-01 12:49:50.848 E/bt_vreg_enable( 0): vreg_en successful for : qca,bt-vdd-aon
01-01 12:49:50.848 E/bt_vreg_enable( 0): vreg_en successful for : qca,bt-vdd-dig
01-01 12:49:50.848 E/bt_vreg_enable( 0): vreg_en successful for : qca,bt-vdd-rfa1
01-01 12:49:50.848 E/bt_vreg_enable( 0): vreg_en successful for : qca,bt-vdd-rfa2
01-01 12:49:50.849 E/bt_vreg_enable( 0): vreg_en successful for : qca,bt-vdd-asd
01-01 12:49:50.901 I/bt_configure_gpios( 0): BTON:Turn Bt Off bt-reset-gpio(1121) value(0)
01-01 12:49:50.901 I/bt_configure_gpios( 0): BTON:Turn Bt Off
01-01 12:49:50.901 I/bt_configure_gpios( 0): bt-sw-ctrl-gpio(1224) value(0)
01-01 12:49:50.901 I/bt_enable_bt_reset_gpios_safely( 0): bt_enable_bt_reset_gpios_safely: BTON:Turn Bt On
01-01 12:49:50.901 I/bt_enable_bt_reset_gpios_safely( 0): bt_enable_bt_reset_gpios_safely: wl-reset-gpio(1120) value(0)
01-01 12:49:50.901 I/bt_enable_bt_reset_gpios_safely( 0): bt_enable_bt_reset_gpios_safely: 100ms delay added
01-01 12:49:50.901 I/bt_enable_bt_reset_gpios_safely( 0): bt_enable_bt_reset_gpios_safely: for AON output to fully discharge
01-01 12:49:51.061 I/bt_configure_gpios( 0): BTON:Turn Bt On bt-reset-gpio(1121) value(1)
01-01 12:49:51.061 I/bt_configure_gpios( 0): BTON:Turn Bt On
01-01 12:49:51.061 I/bt_configure_gpios( 0): bt-sw-ctrl-gpio(1224) value(1)
01-01 12:49:51.061 I/bt_configure_gpios( 0): bt_gpio= 1121 on: 1 is successful
01-01 12:49:51.079 E/bt_ioctl( 0): unified Current SOC Version : 400a0200
01-01 12:49:52.144 E/bt_ioctl( 0): BT_CMD_PWR_CTRL pwr_cntrl:2
01-01 12:49:52.144 E/bt_vreg_unvote( 0): vreg_unvote successful for : qca,bt-vdd-rfa2
01-01 12:49:52.144 E/bt_vreg_unvote( 0): vreg_unvote successful for : qca,bt-vdd-rfa1
01-01 12:49:52.144 I/qcom_rpmh DRV( 0): apps_rsc TCS Busy, retrying RPMH message send: addr=0x43200
01-01 12:49:52.144 I/qcom_rpmh DRV( 0): apps_rsc TCS Busy, retrying RPMH message send: addr=0x43200
01-01 12:49:52.144 I/qcom_rpmh DRV( 0): apps_rsc TCS Busy, retrying RPMH message send: addr=0x43200
01-01 12:49:52.144 I/qcom_rpmh DRV( 0): apps_rsc TCS Busy, retrying RPMH message send: addr=0x43200
01-01 12:49:52.144 I/qcom_rpmh DRV( 0): apps_rsc TCS Busy, retrying RPMH message send: addr=0x43200
01-01 12:49:52.144 I/qcom_rpmh DRV( 0): apps_rsc TCS Busy, retrying RPMH message send: addr=0x43200
01-01 12:49:52.144 E/bt_vreg_unvote( 0): vreg_unvote successful for : qca,bt-vdd-dig
01-01 12:49:52.144 E/bt_vreg_unvote( 0): vreg_unvote successful for : qca,bt-vdd-aon
02-17 08:39:12.065 D/BluetoothManagerService( 1524): Bluetooth Adapter address changed to 22:22:E0:D0:AE:B7
02-17 08:39:12.066 D/BluetoothManagerService( 1524): Stored Bluetoothaddress: 22:22:E0:D0:AE:B7
02-17 08:39:12.067 D/BluetoothManagerService( 1524): Bluetooth Adapter name changed to 高合娱乐副屏 by android
02-17 08:39:12.067 D/BluetoothManagerService( 1524): Stored Bluetooth name: 高合娱乐副屏
02-17 08:39:12.075 D/BluetoothManagerService( 1524): Bluetooth Adapter address changed to 22:22:E0:D0:AE:B7
02-17 08:39:12.075 D/BluetoothManagerService( 1524): Stored Bluetoothaddress: 22:22:E0:D0:AE:B7
02-17 08:39:12.077 D/BluetoothManagerService( 1524): MESSAGE_BLUETOOTH_STATE_CHANGE: BLE_TURNING_ON > BLE_ON
02-17 08:39:12.078 D/BluetoothManagerService( 1524): Bluetooth is in LE only mode
02-17 08:39:12.078 D/BluetoothManagerService( 1524): Binding Bluetooth GATT service
02-17 08:39:12.079 D/BluetoothManagerService( 1524): Sending BLE State Change: BLE_TURNING_ON > BLE_ON
02-17 08:39:12.080 D/CompanionDeviceManagerService( 1524): Received BT state transition broadcast: BLE_TURNING_ON -> BLE_ON
02-17 08:39:12.080 I/CompanionDeviceManagerService( 1524): startBleScan()
02-17 08:39:12.080 D/BluetoothManagerService( 1524): BluetoothServiceConnection: com.android.bluetooth.gatt.GattService
02-17 08:39:12.080 D/BluetoothManagerService( 1524): MESSAGE_BLUETOOTH_SERVICE_CONNECTED: 2
02-17 08:39:12.080 D/BluetoothManagerService( 1524): continueFromBleOnState()
02-17 08:39:12.082 D/BluetoothManagerService( 1524): Persisting Bluetooth Setting: 1
02-17 08:39:12.083 D/BluetoothManagerService( 1524): MESSAGE_BLUETOOTH_STATE_CHANGE: BLE_ON > TURNING_ON
02-17 08:39:12.083 D/BluetoothManagerService( 1524): Sending BLE State Change: BLE_ON > TURNING_ON
02-17 08:39:12.083 D/CompanionDeviceManagerService( 1524): Received BT state transition broadcast: BLE_ON -> TURNING_ON
02-17 08:39:12.084 D/BluetoothManagerService( 1524): Sending State Change: OFF > TURNING_ON
02-17 08:39:12.095 D/TelephonyRegistry( 1524): listen oscl: mHasNotifySubscriptionInfoChangedOccurred==false no callback
02-17 08:39:12.111 I/GameModeConfig( 1524): isGameModeOn = false
02-17 08:39:12.112 I/GameModeConfig( 1524): isGameModeOn = false
02-17 08:39:12.112 I/GameModeConfig( 1524): isGameModeOn = false
02-17 08:39:12.112 I/GameModeConfig( 1524): isGameModeOn = false
02-17 08:39:12.112 I/GameModeConfig( 1524): isGameModeOn = false
02-17 08:39:12.113 I/GameModeConfig( 1524): isGameModeOn = false
02-17 08:39:12.200 I/GameModeConfig( 1524): isGameModeOn = false
02-17 08:39:12.200 I/GameModeConfig( 1524): isGameModeOn = false
02-17 08:39:12.200 I/GameModeConfig( 1524): isGameModeOn = false
02-17 08:39:12.200 I/GameModeConfig( 1524): isGameModeOn = false
02-17 08:39:12.200 I/GameModeConfig( 1524): isGameModeOn = false
02-17 08:39:12.200 I/GameModeConfig( 1524): isGameModeOn = false
02-17 08:39:12.204 D/BluetoothManagerService( 1524): MESSAGE_BLUETOOTH_STATE_CHANGE: TURNING_ON > ON
02-17 08:39:12.204 D/BluetoothManagerService( 1524): Broadcasting onBluetoothStateChange(true) to 25 receivers.
02-17 08:39:12.216 D/BluetoothManagerService( 1524): Creating new ProfileServiceConnections object for profile: 1
02-17 08:39:12.219 W/BluetoothManagerService( 1524): psc is not null in bindBluetoothProfileService
02-17 08:39:12.220 W/BluetoothManagerService( 1524): psc is not null in bindBluetoothProfileService
02-17 08:39:12.221 D/BluetoothManagerService( 1524): Sending BLE State Change: TURNING_ON > ON
02-17 08:39:12.222 W/BluetoothManagerService( 1524): psc is not null in bindBluetoothProfileService
02-17 08:39:12.224 I/Telecom ( 1524): BluetoothDeviceManager: Got BluetoothHearingAid: android.bluetooth.BluetoothHearingAid@cad0f19: BMSL.oSC@AGc
02-17 08:39:12.227 D/BluetoothManagerService( 1524): Sending State Change: TURNING_ON > ON
02-17 08:39:12.233 D/CompanionDeviceManagerService( 1524): Received BT state transition broadcast: TURNING_ON -> ON
02-17 08:39:12.233 I/CompanionDeviceManagerService( 1524): startBleScan()
02-17 08:39:12.235 W/ActivityManager( 1524): Receiver with filter android.content.IntentFilter@94a2538 already registered for pid 1999, callerPackage is com.android.systemui
02-17 08:39:12.235 W/ActivityManager( 1524): Receiver with filter android.content.IntentFilter@d391911 already registered for pid 16130, callerPackage is com.android.settings
01-01 12:49:52.449 E/DTC_ETH,link_delay_work_func( 0): 3003, SQI=0, link=0
02-17 08:39:12.319 I/Telecom ( 1524): BluetoothDeviceManager: Got BluetoothHeadset: com.android.server.telecom.BluetoothHeadsetProxy@a016881: BMSL.oSC@AGg
02-17 08:39:13.216 D/CompanionDeviceManagerService( 1524): onPackageModified(packageName = com.android.bluetooth)
02-17 08:39:13.222 I/Telecom ( 1524): DefaultDialerCache: Refreshing default dialer for user 0: now null: DDC.oR@AGk
02-17 08:39:13.228 W/VoiceInteractionManager( 1524): no available voice recognition services found for user 0
02-17 08:39:15.356 D/BluetoothManagerService( 1524): disable(com.android.systemui): mBluetooth = android.bluetooth.IBluetooth$Stub$Proxy@598ce28 mBinding = false
02-17 08:39:15.356 D/BluetoothManagerService( 1524): Bluetooth persisted state: 1
02-17 08:39:15.356 D/BluetoothManagerService( 1524): Persisting Bluetooth Setting: 0
02-17 08:39:15.358 D/BluetoothManagerService( 1524): MESSAGE_DISABLE: mBluetooth = android.bluetooth.IBluetooth$Stub$Proxy@598ce28, mBinding = false mEnable = true
02-17 08:39:15.358 D/BluetoothManagerService( 1524): Re-Queue MESSAGE_HANDLE_DISABLE_DELAYED(0)
02-17 08:39:15.658 D/BluetoothManagerService( 1524): MESSAGE_HANDLE_DISABLE_DELAYED: disabling:false
02-17 08:39:15.658 D/BluetoothManagerService( 1524): MESSAGE_HANDLE_DISABLE_DELAYED: handleDisable
02-17 08:39:15.658 D/BluetoothManagerService( 1524): Sending off request.
02-17 08:39:15.661 D/BluetoothManagerService( 1524): Re-Queue MESSAGE_HANDLE_DISABLE_DELAYED(1)
02-17 08:39:15.665 D/BluetoothManagerService( 1524): MESSAGE_BLUETOOTH_STATE_CHANGE: ON > TURNING_OFF
02-17 08:39:15.665 D/BluetoothManagerService( 1524): Sending BLE State Change: ON > TURNING_OFF
02-17 08:39:15.669 D/BluetoothManagerService( 1524): Sending State Change: ON > TURNING_OFF
02-17 08:39:15.673 D/CompanionDeviceManagerService( 1524): Received BT state transition broadcast: ON -> TURNING_OFF
02-17 08:39:15.693 I/Telecom ( 1524): BluetoothDeviceManager: Lost BluetoothHeadset service. Removing all tracked devices: BMSL.oSD@AGo
02-17 08:39:15.705 W/NotificationHistory( 1524): Attempted to remove channel for locked/gone/disabled user 0
02-17 08:39:15.731 I/Telecom ( 1524): BluetoothDeviceManager: Lost BluetoothHearingAid service. Removing all tracked devices.: BMSL.oSD@AGs
02-17 08:39:15.737 D/BluetoothManagerService( 1524): MESSAGE_BLUETOOTH_STATE_CHANGE: TURNING_OFF > BLE_ON
02-17 08:39:15.737 D/BluetoothManagerService( 1524): Intermediate off, back to LE only mode
02-17 08:39:15.737 D/BluetoothManagerService( 1524): Sending BLE State Change: TURNING_OFF > BLE_ON
02-17 08:39:15.738 D/BluetoothManagerService( 1524): Broadcasting onBluetoothStateChange(false) to 25 receivers.
02-17 08:39:15.738 D/CompanionDeviceManagerService( 1524): Received BT state transition broadcast: TURNING_OFF -> BLE_ON
02-17 08:39:15.738 W/BluetoothManagerService( 1524): unbindBluetoothProfileService: calling psc.removeProxy
02-17 08:39:15.738 W/BluetoothManagerService( 1524): removing the proxy, count is 3
02-17 08:39:15.738 W/BluetoothManagerService( 1524): unbindBluetoothProfileService: calling psc.removeProxy
02-17 08:39:15.739 W/BluetoothManagerService( 1524): removing the proxy, count is 2
02-17 08:39:15.739 W/BluetoothManagerService( 1524): unbindBluetoothProfileService: calling psc.removeProxy
02-17 08:39:15.739 W/BluetoothManagerService( 1524): removing the proxy, count is 1
02-17 08:39:15.739 I/CompanionDeviceManagerService( 1524): startBleScan()
02-17 08:39:15.739 D/BluetoothManagerService( 1524): Calling sendBrEdrDownCallback callbacks
02-17 08:39:15.739 D/BluetoothManagerService( 1524): isBleAppPresent() count: 0
02-17 08:39:15.739 I/Telecom ( 1524): BluetoothDeviceManager: Lost BluetoothHeadset service. Removing all tracked devices: BMSL.oSD@AGw
02-17 08:39:15.739 W/BluetoothManagerService( 1524): unbindBluetoothProfileService: calling psc.removeProxy
02-17 08:39:15.739 W/BluetoothManagerService( 1524): removing the proxy, count is 0
02-17 08:39:15.739 W/BluetoothManagerService( 1524): psc.isEmpty is true, removing psc entry for profile 1
02-17 08:39:15.740 D/BluetoothManagerService( 1524): Sending State Change: TURNING_OFF > OFF
