02-17 08:51:36.884 I/wm_destroy_activity( 1524): [0,53423136,114,com.thundercomm.screensaver/android.service.dreams.DreamActivity,finish-imm:idle]
02-17 08:51:36.887 I/wm_on_stop_called(19147): [53423136,android.service.dreams.DreamActivity,LIFECYCLER_STOP_ACTIVITY]
02-17 08:51:36.887 I/wm_on_destroy_called(19147): [53423136,android.service.dreams.DreamActivity,performDestroy]
02-17 08:51:36.889 I/DreamManagerService( 1524): Leaving dreamland.
02-17 08:51:36.890 I/DreamManagerService( 1524): Performing gentle wake from dream.
02-17 08:51:36.890 I/DreamController( 1524): Stopping dream: name=ComponentInfo{com.thundercomm.screensaver/com.thundercomm.saverclock.service.ClockScreensaver}, isTest=false, canDoze=false, userId=0, reason='finished self'(from 'finished self')
02-17 08:51:36.890 I/sysui_multi_action( 1524): [757,222,758,2]
02-17 08:51:36.891 I/sysui_multi_action( 1524): [757,804,799,dreaming_minutes,801,1,802,1]
02-17 08:51:36.894 W/ContextImpl( 2121): Calling a method in the system process without a qualified user: android.app.ContextImpl.startService:1816 android.content.ContextWrapper.startService:774 com.thundercomm.gamemode.ingame.services.GameModeActionUtils.startGameModeService:111 com.thundercomm.gamemode.ingame.services.GameModeActionUtils.startGameModeEntry:22 com.thundercomm.gamemode.ingame.services.ActivityMonitoringService$1.onActivityLaunch:139
02-17 08:51:36.897 I/GameModeConfig( 1524): Current uri is uri = content://com.thundercomm.gamemode.api/gamemode_settings/gamemode_isgaming
02-17 08:51:36.899 I/GameModeConfig( 1524): isGameModeOn = false
02-17 08:51:36.900 I/GameModeConfig( 1524): isGameModeOn = false
02-17 08:51:36.900 I/GameModeConfig( 1524): isDisableVoice = true
02-17 08:51:36.905 I/wm_task_removed( 1524): [114,removeChild:removeChild last r=ActivityRecord{32f2c20 u0 com.thundercomm.screensaver/android.service.dreams.DreamActivity t-1 f}} in t=Task{bced305 #114 type=dream A=10040:android:com.thundercomm.screensaver/dream U=0 visible=false mode=fullscreen translucent=true sz=0}]
02-17 08:51:36.905 I/wm_task_removed( 1524): [114,removeChild]
02-17 08:51:36.906 W/ActivityTaskManager( 1524): Can't find TaskDisplayArea to determine support for multi window. Task id=114 attached=false
02-17 08:51:36.935 I/auditd ( 0): type=1400 audit(0.0:19618): avc: denied { kill } for comm="swapper/0" capability=5 scontext=u:r:kernel:s0 tcontext=u:r:kernel:s0 tclass=capability permissive=0
02-17 08:51:37.935 I/auditd ( 0): type=1400 audit(0.0:19619): avc: denied { kill } for comm="swapper/0" capability=5 scontext=u:r:kernel:s0 tcontext=u:r:kernel:s0 tclass=capability permissive=0
02-17 08:51:38.282 I/input_interaction( 1524): Interaction with: d4326e3 StatusBar (server), edge-swipe (server), swipe-up (server), PointerEventDispatcher0 (server),
02-17 08:51:38.285 I/sysui_multi_action( 1999): [757,803,799,panel_open,802,1]
02-17 08:51:38.287 I/sysui_multi_action( 1999): [757,1328,758,4,1326,46,1327,4,1329,0]
02-17 08:51:38.321 I/sysui_multi_action( 1524): [757,127,758,1]
02-17 08:51:38.321 I/sysui_multi_action( 1524): [757,804,799,note_load,801,3,802,1]
02-17 08:51:38.321 I/notification_panel_revealed( 1524): 3
02-17 08:51:38.334 I/input_focus( 1524): [Focus request febc086 NotificationShade,reason=UpdateInputWindows]
02-17 08:51:38.344 I/sysui_multi_action( 1524): [757,128,758,1,793,16922955,794,0,795,16922955,796,26,798,0,806,android,857,DEVELOPER_IMPORTANT,858,4,947,0,1395,3,1500,16922748,1688,1]
02-17 08:51:38.344 I/sysui_multi_action( 1524): [757,804,799,note_freshness,801,16922955,802,1]
02-17 08:51:38.344 I/notification_visibility( 1524): [-1|android|26|null|1000,1,16922955,16922955,0,0]
02-17 08:51:38.344 I/sysui_multi_action( 1524): [757,128,758,1,793,2155878,794,0,795,2155878,796,4273,798,1,806,com.android.systemui,857,screen_record,858,3,947,0,1395,3,1500,2155674,1688,1,1745,680407814]
02-17 08:51:38.344 I/sysui_multi_action( 1524): [757,804,799,note_freshness,801,2155878,802,1]
02-17 08:51:38.344 I/notification_visibility( 1524): [0|com.android.systemui|4273|null|10080,1,2155878,2155878,0,1]
02-17 08:51:38.345 I/sysui_multi_action( 1524): [757,128,758,1,793,18124890,794,0,795,18124890,796,32,798,2,806,android,857,USB,858,1,947,0,1395,3,1500,18124458,1688,1]
02-17 08:51:38.345 I/sysui_multi_action( 1524): [757,804,799,note_freshness,801,18124890,802,1]
02-17 08:51:38.345 I/notification_visibility( 1524): [-1|android|32|null|1000,1,18124890,18124890,0,2]
02-17 08:51:38.352 I/input_focus( 1524): [Focus leaving 321be4b com.android.launcher3/com.android.launcher3.uioverrides.QuickstepLauncher (server),reason=setFocusedWindow]
02-17 08:51:38.352 I/input_focus( 1524): [Focus entering febc086 NotificationShade (server),reason=setFocusedWindow]
02-17 08:51:38.402 I/sysui_multi_action( 1999): [757,111,758,1]
02-17 08:51:38.402 I/sysui_multi_action( 1999): [757,126,758,1,759,126,927,0,928,0,1593,0]
02-17 08:51:38.402 I/sysui_multi_action( 1999): [757,113,758,1,759,113,927,1,928,1,1593,0]
02-17 08:51:38.403 I/sysui_multi_action( 1999): [757,0,758,1,759,0,927,2,928,0,1593,0]
02-17 08:51:38.403 I/sysui_multi_action( 1999): [757,0,758,1,759,0,927,3,928,0,1593,0]
02-17 08:51:38.403 I/sysui_multi_action( 1999): [757,491,758,1,759,491,927,4,928,0,1311,-1,1593,0]
02-17 08:51:38.403 I/sysui_multi_action( 1999): [757,122,758,1,759,122,927,5,928,1,1593,0]
02-17 08:51:38.404 I/sysui_multi_action( 1999): [757,0,758,1,759,0,927,6,928,0,1593,0]
02-17 08:51:38.404 I/sysui_multi_action( 1999): [757,0,758,1,759,0,927,7,1593,0]
02-17 08:51:38.404 I/sysui_multi_action( 1999): [757,111,758,1]
02-17 08:51:38.404 I/sysui_multi_action( 1999): [757,126,758,1,759,126,927,0,928,0,1593,0]
02-17 08:51:38.404 I/sysui_multi_action( 1999): [757,113,758,1,759,113,927,1,928,1,1593,0]
02-17 08:51:38.404 I/sysui_multi_action( 1999): [757,0,758,1,759,0,927,2,928,0,1593,0]
02-17 08:51:38.404 I/sysui_multi_action( 1999): [757,0,758,1,759,0,927,3,928,0,1593,0]
02-17 08:51:38.935 I/auditd ( 0): type=1400 audit(0.0:19620): avc: denied { kill } for comm="swapper/0" capability=5 scontext=u:r:kernel:s0 tcontext=u:r:kernel:s0 tclass=capability permissive=0
01-01 13:02:19.965 E/DTC_ETH,link_delay_work_func( 0): 3003, SQI=0, link=0
02-17 08:51:39.935 I/auditd ( 0): type=1400 audit(0.0:19621): avc: denied { kill } for comm="swapper/0" capability=5 scontext=u:r:kernel:s0 tcontext=u:r:kernel:s0 tclass=capability permissive=0
02-17 08:51:39.985 I/input_interaction( 1524): Interaction with: febc086 NotificationShade (server), edge-swipe (server), swipe-up (server), PointerEventDispatcher0 (server),
02-17 08:51:40.935 I/auditd ( 0): type=1400 audit(0.0:19622): avc: denied { kill } for comm="swapper/0" capability=5 scontext=u:r:kernel:s0 tcontext=u:r:kernel:s0 tclass=capability permissive=0
02-17 08:51:41.227 I/GameModeConfig( 1524): isGameModeOn = false
02-17 08:51:41.227 I/GameModeConfig( 1524): isGameModeOn = false
02-17 08:51:41.228 I/GameModeConfig( 1524): isGameModeOn = false
02-17 08:51:41.228 I/GameModeConfig( 1524): isGameModeOn = false
02-17 08:51:41.228 I/GameModeConfig( 1524): isGameModeOn = false
02-17 08:51:41.228 I/GameModeConfig( 1524): isGameModeOn = false
02-17 08:51:41.231 I/notification_enqueue( 1524): [10080,1999,com.android.systemui,2048,NULL,0,Notification(channel=updateNotification shortcut=null contentView=null vibrate=null sound=null defaults=0x0 flags=0x0 color=0x00000000 vis=PRIVATE),1]
02-17 08:51:41.232 I/sysui_multi_action( 1999): [757,111,758,2]
02-17 08:51:41.233 I/sysui_multi_action( 1999): [757,111,758,2]
02-17 08:51:41.375 I/input_interaction( 1524): Interaction with: febc086 NotificationShade (server), 8f82c51 com.android.systemui.ImageWallpaper (server), edge-swipe (server), swipe-up (server), PointerEventDispatcher0 (server),
02-17 08:51:41.433 I/GameModeConfig( 1524): isGameModeOn = false
02-17 08:51:41.515 I/input_focus( 1524): [Focus request 321be4b com.android.launcher3/com.android.launcher3.uioverrides.QuickstepLauncher,reason=UpdateInputWindows]
02-17 08:51:41.517 I/sysui_multi_action( 1524): [757,128,758,2,793,16926128,794,3173,795,16926128,796,26,798,0,806,android,857,DEVELOPER_IMPORTANT,858,4,947,0,1395,3,1500,16925921,1688,1]
02-17 08:51:41.517 I/notification_visibility( 1524): [-1|android|26|null|1000,0,16926128,16926128,0,0]
02-17 08:51:41.517 I/sysui_multi_action( 1524): [757,128,758,2,793,2159051,794,3173,795,2159051,796,4273,798,1,806,com.android.systemui,857,screen_record,858,3,947,0,1395,3,1500,2158847,1688,1,1745,680407814]
02-17 08:51:41.517 I/notification_visibility( 1524): [0|com.android.systemui|4273|null|10080,0,2159051,2159051,0,1]
02-17 08:51:41.517 I/sysui_multi_action( 1524): [757,128,758,2,793,18128062,794,3172,795,18128062,796,32,798,2,806,android,857,USB,858,1,947,0,1395,3,1500,18127630,1688,1]
02-17 08:51:41.517 I/notification_visibility( 1524): [-1|android|32|null|1000,0,18128062,18128062,0,2]
02-17 08:51:41.518 I/sysui_multi_action( 1524): [757,127,758,2]
02-17 08:51:41.518 I/notification_panel_hidden( 1524):
02-17 08:51:41.543 I/input_focus( 1524): [Focus leaving febc086 NotificationShade (server),reason=NO_WINDOW]
02-17 08:51:41.544 I/input_focus( 1524): [Focus entering 321be4b com.android.launcher3/com.android.launcher3.uioverrides.QuickstepLauncher (server),reason=setFocusedWindow]
02-17 08:51:41.690 I/input_interaction( 1524): Interaction with: 321be4b com.android.launcher3/com.android.launcher3.uioverrides.QuickstepLauncher (server), 8f82c51 com.android.systemui.ImageWallpaper (server), edge-swipe (server), swipe-up (server), PointerEventDispatcher0 (server),
02-17 08:51:41.935 I/auditd ( 0): type=1400 audit(0.0:19623): avc: denied { kill } for comm="swapper/0" capability=5 scontext=u:r:kernel:s0 tcontext=u:r:kernel:s0 tclass=capability permissive=0
02-17 08:51:42.534 I/thunderperf( 1524): PlatormCompat.setOverrides: Uid1=10073 Pid1=2568 Uid2=10073 Pid2=2568
02-17 08:51:42.534 I/thunderperf( 1524): PlatormCompat.setOverrides: needCheck:false
02-17 08:51:42.535 I/thunderperf( 1524): CompatConfig.addOverrideUnsafe: bef-state=1
02-17 08:51:42.535 E/thunderperf( 1524): CompatConfig.addOverrideUnsafe: exception:java.lang.SecurityException: Cannot override a change on a non-debuggable app and user build.
02-17 08:51:42.535 I/thunderperf( 1524): CompatConfig.addOverrideUnsafe: aft-state=1
02-17 08:51:42.536 I/thunderperf( 1524): CompatConfig.addOverrideUnsafe: bef-state=1
02-17 08:51:42.536 E/thunderperf( 1524): CompatConfig.addOverrideUnsafe: exception:java.lang.SecurityException: Cannot override a change on a non-debuggable app and user build.
02-17 08:51:42.536 I/thunderperf( 1524): CompatConfig.addOverrideUnsafe: aft-state=1
02-17 08:51:42.536 I/thunderperf( 1524): CompatConfig.addOverrideUnsafe: bef-state=1
02-17 08:51:42.537 E/thunderperf( 1524): CompatConfig.addOverrideUnsafe: exception:java.lang.SecurityException: Cannot override a change on a non-debuggable app and user build.
02-17 08:51:42.537 I/thunderperf( 1524): CompatConfig.addOverrideUnsafe: aft-state=1
02-17 08:51:42.537 I/thunderperf( 1524): CompatConfig.addOverrideUnsafe: bef-state=1
02-17 08:51:42.537 E/thunderperf( 1524): CompatConfig.addOverrideUnsafe: exception:java.lang.SecurityException: Cannot override a change on a non-debuggable app and user build.
02-17 08:51:42.537 I/thunderperf( 1524): CompatConfig.addOverrideUnsafe: aft-state=1
02-17 08:51:42.538 I/thunderperf( 1524): CompatConfig.addOverrideUnsafe: bef-state=1
02-17 08:51:42.538 E/thunderperf( 1524): CompatConfig.addOverrideUnsafe: exception:java.lang.SecurityException: Cannot override a change on a non-debuggable app and user build.
02-17 08:51:42.538 I/thunderperf( 1524): CompatConfig.addOverrideUnsafe: aft-state=1
02-17 08:51:42.539 I/thunderperf( 1524): CompatConfig.addOverrideUnsafe: bef-state=1
02-17 08:51:42.539 E/thunderperf( 1524): CompatConfig.addOverrideUnsafe: exception:java.lang.SecurityException: Cannot override a change on a non-debuggable app and user build.
02-17 08:51:42.539 I/thunderperf( 1524): CompatConfig.addOverrideUnsafe: aft-state=1
02-17 08:51:42.539 I/thunderperf( 1524): CompatConfig.addOverrideUnsafe: bef-state=1
02-17 08:51:42.540 E/thunderperf( 1524): CompatConfig.addOverrideUnsafe: exception:java.lang.SecurityException: Cannot override a change on a non-debuggable app and user build.
02-17 08:51:42.540 I/thunderperf( 1524): CompatConfig.addOverrideUnsafe: aft-state=1
02-17 08:51:42.540 I/thunderperf( 1524): CompatConfig.addOverrideUnsafe: bef-state=1
02-17 08:51:42.540 E/thunderperf( 1524): CompatConfig.addOverrideUnsafe: exception:java.lang.SecurityException: Cannot override a change on a non-debuggable app and user build.
02-17 08:51:42.540 I/thunderperf( 1524): CompatConfig.addOverrideUnsafe: aft-state=1
02-17 08:51:42.541 I/thunderperf( 1524): CompatConfig.addOverrideUnsafe: bef-state=1
02-17 08:51:42.541 E/thunderperf( 1524): CompatConfig.addOverrideUnsafe: exception:java.lang.SecurityException: Cannot override a change on a non-debuggable app and user build.
02-17 08:51:42.541 I/thunderperf( 1524): CompatConfig.addOverrideUnsafe: aft-state=1
02-17 08:51:42.541 I/thunderperf( 1524): CompatConfig.addOverrideUnsafe: bef-state=1
02-17 08:51:42.542 E/thunderperf( 1524): CompatConfig.addOverrideUnsafe: exception:java.lang.SecurityException: Cannot override a change on a non-debuggable app and user build.
02-17 08:51:42.542 I/thunderperf( 1524): CompatConfig.addOverrideUnsafe: aft-state=1
02-17 08:51:42.542 I/thunderperf( 1524): CompatConfig.addOverrideUnsafe: bef-state=1
02-17 08:51:42.543 E/thunderperf( 1524): CompatConfig.addOverrideUnsafe: exception:java.lang.SecurityException: Cannot override a change on a non-debuggable app and user build.
02-17 08:51:42.543 I/thunderperf( 1524): CompatConfig.addOverrideUnsafe: aft-state=1
02-17 08:51:42.543 I/thunderperf( 1524): CompatConfig.addOverrideUnsafe: bef-state=1
02-17 08:51:42.543 E/thunderperf( 1524): CompatConfig.addOverrideUnsafe: exception:java.lang.SecurityException: Cannot override a change on a non-debuggable app and user build.
02-17 08:51:42.543 I/thunderperf( 1524): CompatConfig.addOverrideUnsafe: aft-state=1
02-17 08:51:42.544 I/thunderperf( 1524): CompatConfig.addOverrideUnsafe: bef-state=1
02-17 08:51:42.544 E/thunderperf( 1524): CompatConfig.addOverrideUnsafe: exception:java.lang.SecurityException: Cannot override a change on a non-debuggable app and user build.
02-17 08:51:42.544 I/thunderperf( 1524): CompatConfig.addOverrideUnsafe: aft-state=1
02-17 08:51:42.544 I/thunderperf( 1524): CompatConfig.addOverrideUnsafe: bef-state=1
02-17 08:51:42.545 E/thunderperf( 1524): CompatConfig.addOverrideUnsafe: exception:java.lang.SecurityException: Cannot override a change on a non-debuggable app and user build.
02-17 08:51:42.545 I/thunderperf( 1524): CompatConfig.addOverrideUnsafe: aft-state=1
02-17 08:51:42.550 I/ActivityTaskManager( 1524): START u0 {act=android.intent.action.MAIN cat=[android.intent.category.LAUNCHER] flg=0x10200000 cmp=com.android.settings/.Settings bnds=[2128,710][2314,910]} from uid 10073
02-17 08:51:42.551 I/wm_task_moved( 1524): [85,1,13]
02-17 08:51:42.551 I/wm_task_to_front( 1524): [0,85]
02-17 08:51:42.552 I/wm_focused_root_task( 1524): [0,0,85,1,bringingFoundTaskToFront]
02-17 08:51:42.553 I/wm_set_resumed_activity( 1524): [0,com.android.settings/.homepage.SettingsHomepageActivity,bringingFoundTaskToFront]
02-17 08:51:42.553 I/wm_new_intent( 1524): [0,240984769,85,com.android.settings/.homepage.SettingsHomepageActivity,android.settings.BLUETOOTH_SETTINGS,NULL,NULL,335544320]
02-17 08:51:42.555 I/wm_pause_activity( 1524): [0,128678138,com.android.launcher3/.uioverrides.QuickstepLauncher,userLeaving=true,pauseBackTasks]
02-17 08:51:42.562 I/wm_on_top_resumed_lost_called( 2568): [128678138,com.android.launcher3.uioverrides.QuickstepLauncher,topStateChangedWhenResumed]
02-17 08:51:42.564 I/wm_on_paused_called( 2568): [128678138,com.android.launcher3.uioverrides.QuickstepLauncher,performPause]
02-17 08:51:42.564 I/ActivityTaskManager( 1524): FOREGROUND_APPLICATION_CHANGED to com.android.settings.homepage.SettingsHomepageActivity
02-17 08:51:42.566 I/wm_set_resumed_activity( 1524): [0,com.android.settings/.homepage.SettingsHomepageActivity,resumeTopActivityInnerLocked]
02-17 08:51:42.566 I/wm_add_to_stopping( 1524): [0,128678138,com.android.launcher3/.uioverrides.QuickstepLauncher,makeInvisible]
02-17 08:51:42.569 I/wm_resume_activity( 1524): [0,240984769,85,com.android.settings/.homepage.SettingsHomepageActivity]
02-17 08:51:42.578 I/sysui_multi_action( 1524): [757,803,799,window_time_0,802,6]
02-17 08:51:42.582 W/ContextImpl( 2121): Calling a method in the system process without a qualified user: android.app.ContextImpl.startService:1816 android.content.ContextWrapper.startService:774 com.thundercomm.gamemode.ingame.services.GameModeActionUtils.startGameModeService:111 com.thundercomm.gamemode.ingame.services.GameModeActionUtils.startGameModeEntry:22 com.thundercomm.gamemode.ingame.services.ActivityMonitoringService$1.onActivityLaunch:139
02-17 08:51:42.585 I/GameModeConfig( 1524): Current uri is uri = content://com.thundercomm.gamemode.api/gamemode_settings/gamemode_isgaming
02-17 08:51:42.587 I/GameModeConfig( 1524): isGameModeOn = false
02-17 08:51:42.587 I/GameModeConfig( 1524): isGameModeOn = false
02-17 08:51:42.587 I/GameModeConfig( 1524): isDisableVoice = true
02-17 08:51:42.594 I/wm_on_restart_called(16130): [240984769,com.android.settings.homepage.SettingsHomepageActivity,performRestartActivity]
02-17 08:51:42.596 E/ActivityThread(16130): Failed to find provider info for com.google.android.gms.nearby.fastpair
02-17 08:51:42.596 I/input_focus( 1524): [Focus leaving 321be4b com.android.launcher3/com.android.launcher3.uioverrides.QuickstepLauncher (server),reason=NO_WINDOW]
02-17 08:51:42.596 E/ActivityThread(16130): Failed to find provider info for com.google.android.gms.nearby.fastpair
02-17 08:51:42.635 I/wm_on_start_called(16130): [240984769,com.android.settings.homepage.SettingsHomepageActivity,handleStartActivity]
02-17 08:51:42.635 I/snet_event_log(16130): [120484087,-1,]
02-17 08:51:42.635 I/wm_on_resume_called(16130): [240984769,com.android.settings.homepage.SettingsHomepageActivity,RESUME_ACTIVITY]
02-17 08:51:42.636 I/sysui_multi_action(16130): [757,35,758,1,833,0,1089,0]
02-17 08:51:42.636 I/sysui_multi_action(16130): [757,747,758,1,833,0,1089,0]
02-17 08:51:42.638 I/wm_on_top_resumed_gained_called(16130): [240984769,com.android.settings.homepage.SettingsHomepageActivity,topWhenResuming]
02-17 08:51:42.642 I/input_focus( 1524): [Focus request ed28269 com.android.settings/com.android.settings.homepage.SettingsHomepageActivity,reason=UpdateInputWindows]
02-17 08:51:42.662 I/input_focus( 1524): [Focus entering ed28269 com.android.settings/com.android.settings.homepage.SettingsHomepageActivity (server),reason=setFocusedWindow]
02-17 08:51:42.664 I/sysui_multi_action( 1524): [319,36,321,29,322,106,325,18140,757,761,758,9,759,4,806,com.android.settings,871,com.android.settings.homepage.SettingsHomepageActivity,904,com.android.settings,905,0,1320,8,1321,5]
02-17 08:51:42.671 W/FreeFormWindowHelper( 1524): Current Display FreeFormTask is null
02-17 08:51:42.673 W/ContextImpl( 2121): Calling a method in the system process without a qualified user: android.app.ContextImpl.startService:1816 android.content.ContextWrapper.startService:774 com.thundercomm.gamemode.ingame.services.GameModeActionUtils.startGameModeService:111 com.thundercomm.gamemode.ingame.services.GameModeActionUtils.startGameModeEntry:22 com.thundercomm.gamemode.ingame.services.ActivityMonitoringService$1.onActivityLaunch:139
02-17 08:51:42.674 I/GameModeConfig( 1524): Current uri is uri = content://com.thundercomm.gamemode.api/gamemode_settings/gamemode_isgaming
02-17 08:51:42.675 I/GameModeConfig( 1524): isGameModeOn = false
02-17 08:51:42.676 I/GameModeConfig( 1524): isGameModeOn = false
02-17 08:51:42.676 I/GameModeConfig( 1524): isDisableVoice = true
02-17 08:51:42.935 I/auditd ( 0): type=1400 audit(0.0:19624): avc: denied { kill } for comm="swapper/0" capability=5 scontext=u:r:kernel:s0 tcontext=u:r:kernel:s0 tclass=capability permissive=0
02-17 08:51:43.117 I/wm_stop_activity( 1524): [0,128678138,com.android.launcher3/.uioverrides.QuickstepLauncher]
02-17 08:51:43.138 I/wm_on_stop_called( 2568): [128678138,com.android.launcher3.uioverrides.QuickstepLauncher,STOP_ACTIVITY_ITEM]
02-17 08:51:43.160 W/ContextImpl( 2121): Calling a method in the system process without a qualified user: android.app.ContextImpl.startService:1816 android.content.ContextWrapper.startService:774 com.thundercomm.gamemode.ingame.services.GameModeActionUtils.startGameModeService:111 com.thundercomm.gamemode.ingame.services.GameModeActionUtils.startGameModeEntry:22 com.thundercomm.gamemode.ingame.services.ActivityMonitoringService$1.onActivityLaunch:139
02-17 08:51:43.164 I/GameModeConfig( 1524): Current uri is uri = content://com.thundercomm.gamemode.api/gamemode_settings/gamemode_isgaming
02-17 08:51:43.166 I/GameModeConfig( 1524): isGameModeOn = false
02-17 08:51:43.166 I/GameModeConfig( 1524): isGameModeOn = false
02-17 08:51:43.166 I/GameModeConfig( 1524): isDisableVoice = true
02-17 08:51:43.395 I/input_interaction( 1524): Interaction with: ed28269 com.android.settings/com.android.settings.homepage.SettingsHomepageActivity (server), edge-swipe (server), swipe-up (server), PointerEventDispatcher0 (server),
02-17 08:51:43.935 I/auditd ( 0): type=1400 audit(0.0:19625): avc: denied { kill } for comm="swapper/0" capability=5 scontext=u:r:kernel:s0 tcontext=u:r:kernel:s0 tclass=capability permissive=0
02-17 08:51:44.390 I/sysui_multi_action(16130): [757,830,758,4,833,0,854,top_level_system,1089,0]
02-17 08:51:44.502 I/sysui_multi_action(16130): [757,747,758,2,1089,1865]
02-17 08:51:44.525 E/UserRestrictionsUtils( 1524): Unknown restriction queried by uid 1000 (com.android.localtransport et al): null
02-17 08:51:44.526 E/UserRestrictionsUtils( 1524): Unknown restriction queried by uid 1000 (com.android.localtransport et al): null
02-17 08:51:44.527 E/UserRestrictionsUtils( 1524): Unknown restriction queried by uid 1000 (com.android.localtransport et al): null
02-17 08:51:44.527 E/UserRestrictionsUtils( 1524): Unknown restriction queried by uid 1000 (com.android.localtransport et al): null
02-17 08:51:44.528 E/UserRestrictionsUtils( 1524): Unknown restriction queried by uid 1000 (com.android.localtransport et al): null
02-17 08:51:44.528 E/UserRestrictionsUtils( 1524): Unknown restriction queried by uid 1000 (com.android.localtransport et al): null
02-17 08:51:44.551 I/sysui_multi_action(16130): [757,744,758,1,833,0,1089,35]
02-17 08:51:44.556 I/sysui_multi_action(16130): [757,1729,758,4,854,isParalleledControllers:false,1089,39]
02-17 08:51:44.935 I/auditd ( 0): type=1400 audit(0.0:19626): avc: denied { kill } for comm="swapper/0" capability=5 scontext=u:r:kernel:s0 tcontext=u:r:kernel:s0 tclass=capability permissive=0
01-01 13:02:25.085 E/DTC_ETH,link_delay_work_func( 0): 3003, SQI=0, link=0
02-17 08:51:45.056 I/sysui_multi_action(16130): [757,830,758,4,833,0,854,top_level_privacy,1089,0]
02-17 08:51:45.159 I/sysui_multi_action(16130): [757,744,758,2,1089,606]
02-17 08:51:45.185 E/UserRestrictionsUtils( 1524): Unknown restriction queried by uid 1000 (com.android.localtransport et al): null
02-17 08:51:45.185 E/UserRestrictionsUtils( 1524): Unknown restriction queried by uid 1000 (com.android.localtransport et al): null
02-17 08:51:45.186 E/UserRestrictionsUtils( 1524): Unknown restriction queried by uid 1000 (com.android.localtransport et al): null
02-17 08:51:45.186 E/UserRestrictionsUtils( 1524): Unknown restriction queried by uid 1000 (com.android.localtransport et al): null
02-17 08:51:45.187 E/UserRestrictionsUtils( 1524): Unknown restriction queried by uid 1000 (com.android.localtransport et al): null
02-17 08:51:45.188 E/UserRestrictionsUtils( 1524): Unknown restriction queried by uid 1000 (com.android.localtransport et al): null
02-17 08:51:45.188 E/UserRestrictionsUtils( 1524): Unknown restriction queried by uid 1000 (com.android.localtransport et al): null
02-17 08:51:45.189 E/UserRestrictionsUtils( 1524): Unknown restriction queried by uid 1000 (com.android.localtransport et al): null
02-17 08:51:45.204 I/sysui_multi_action(16130): [757,1587,758,1,833,0,1089,39]
02-17 08:51:45.207 I/sysui_multi_action(16130): [757,1729,758,4,854,isParalleledControllers:false,1089,42]
02-17 08:51:45.575 E/TaskPersister( 1524): File error accessing recents directory (directory doesn't exist?).
02-17 08:51:45.807 I/sysui_multi_action(16130): [757,830,758,4,833,0,854,top_level_display,1089,0]
02-17 08:51:45.920 I/sysui_multi_action(16130): [757,1587,758,2,1089,716]
02-17 08:51:45.955 E/UserRestrictionsUtils( 1524): Unknown restriction queried by uid 1000 (com.android.localtransport et al): null
02-17 08:51:45.955 E/UserRestrictionsUtils( 1524): Unknown restriction queried by uid 1000 (com.android.localtransport et al): null
02-17 08:51:45.956 E/UserRestrictionsUtils( 1524): Unknown restriction queried by uid 1000 (com.android.localtransport et al): null
02-17 08:51:45.957 E/UserRestrictionsUtils( 1524): Unknown restriction queried by uid 1000 (com.android.localtransport et al): null
02-17 08:51:45.958 E/UserRestrictionsUtils( 1524): Unknown restriction queried by uid 1000 (com.android.localtransport et al): null
02-17 08:51:45.977 I/sysui_multi_action(16130): [757,46,758,1,833,0,1089,51]
02-17 08:51:45.984 I/sysui_multi_action(16130): [757,1729,758,4,854,isParalleledControllers:false,1089,59]
02-17 08:51:46.357 I/sysui_multi_action(16130): [757,830,758,4,833,0,854,top_level_sound,1089,0]
02-17 08:51:46.459 I/sysui_multi_action(16130): [757,46,758,2,1089,482]
02-17 08:51:46.487 E/UserRestrictionsUtils( 1524): Unknown restriction queried by uid 1000 (com.android.localtransport et al): null
02-17 08:51:46.488 E/UserRestrictionsUtils( 1524): Unknown restriction queried by uid 1000 (com.android.localtransport et al): null
02-17 08:51:46.488 E/UserRestrictionsUtils( 1524): Unknown restriction queried by uid 1000 (com.android.localtransport et al): null
02-17 08:51:46.488 E/UserRestrictionsUtils( 1524): Unknown restriction queried by uid 1000 (com.android.localtransport et al): null
02-17 08:51:46.489 E/UserRestrictionsUtils( 1524): Unknown restriction queried by uid 1000 (com.android.localtransport et al): null
02-17 08:51:46.489 E/UserRestrictionsUtils( 1524): Unknown restriction queried by uid 1000 (com.android.localtransport et al): null
02-17 08:51:46.490 E/UserRestrictionsUtils( 1524): Unknown restriction queried by uid 1000 (com.android.localtransport et al): null
02-17 08:51:46.513 I/sysui_multi_action(16130): [757,336,758,1,833,0,1089,46]
02-17 08:51:46.516 I/sysui_multi_action(16130): [757,1729,758,4,854,isParalleledControllers:false,1089,49]
02-17 08:51:46.786 I/view_enqueue_input_event(16130): [Motion - Cancel,com.android.settings/com.android.settings.homepage.SettingsHomepageActivity]
02-17 08:51:46.799 I/input_interaction( 1524): Interaction with: edge-swipe (server), swipe-up (server), PointerEventDispatcher0 (server),
02-17 08:51:46.967 I/sysui_multi_action( 1524): [757,803,799,key_back_press,802,1]
02-17 08:51:46.970 I/input_interaction( 1524): Interaction with: ed28269 com.android.settings/com.android.settings.homepage.SettingsHomepageActivity (server), PointerEventDispatcher0 (server),
02-17 08:51:46.972 I/ActivityTaskManager( 1524): moveTaskToBack: Task{318bd8f #85 type=standard A=1000:com.android.settings.root U=0 visible=true mode=fullscreen translucent=false sz=1}
02-17 08:51:46.972 I/wm_task_moved( 1524): [85,0,0]
02-17 08:51:46.976 I/wm_focused_root_task( 1524): [0,0,1,85,moveTaskToBackLocked]
02-17 08:51:46.976 I/wm_add_to_stopping( 1524): [0,240984769,com.android.settings/.homepage.SettingsHomepageActivity,makeInvisible]
02-17 08:51:46.978 I/wm_pause_activity( 1524): [0,240984769,com.android.settings/.homepage.SettingsHomepageActivity,userLeaving=false,pauseBackTasks]
02-17 08:51:46.980 I/ActivityTaskManager( 1524): FOREGROUND_APPLICATION_CHANGED to com.android.launcher3.uioverrides.QuickstepLauncher
02-17 08:51:46.981 I/wm_set_resumed_activity( 1524): [0,com.android.launcher3/.uioverrides.QuickstepLauncher,resumeTopActivityInnerLocked]
02-17 08:51:46.985 I/service_manager_stats( 1524): [100,42,113788]
02-17 08:51:46.986 I/wm_resume_activity( 1524): [0,128678138,9,com.android.launcher3/.uioverrides.QuickstepLauncher]
02-17 08:51:46.986 I/wm_on_top_resumed_lost_called(16130): [240984769,com.android.settings.homepage.SettingsHomepageActivity,topStateChangedWhenResumed]
02-17 08:51:46.988 I/sysui_multi_action(16130): [757,35,758,2,1089,4352]
02-17 08:51:46.990 I/sysui_multi_action(16130): [757,336,758,2,1089,477]
02-17 08:51:46.991 I/wm_on_paused_called(16130): [240984769,com.android.settings.homepage.SettingsHomepageActivity,performPause]
02-17 08:51:46.995 I/sysui_multi_action( 1524): [757,803,799,window_time_0,802,4]
02-17 08:51:46.999 I/wm_on_restart_called( 2568): [128678138,com.android.launcher3.uioverrides.QuickstepLauncher,performRestartActivity]
02-17 08:51:47.000 I/wm_on_start_called( 2568): [128678138,com.android.launcher3.uioverrides.QuickstepLauncher,handleStartActivity]
02-17 08:51:47.000 I/wm_on_resume_called( 2568): [128678138,com.android.launcher3.uioverrides.QuickstepLauncher,RESUME_ACTIVITY]
02-17 08:51:47.000 I/wm_on_top_resumed_gained_called( 2568): [128678138,com.android.launcher3.uioverrides.QuickstepLauncher,topStateChangedWhenResumed]
02-17 08:51:47.001 W/ContextImpl( 2121): Calling a method in the system process without a qualified user: android.app.ContextImpl.startService:1816 android.content.ContextWrapper.startService:774 com.thundercomm.gamemode.ingame.services.GameModeActionUtils.startGameModeService:111 com.thundercomm.gamemode.ingame.services.GameModeActionUtils.startGameModeEntry:22 com.thundercomm.gamemode.ingame.services.ActivityMonitoringService$1.onActivityLaunch:139
02-17 08:51:47.003 I/GameModeConfig( 1524): Current uri is uri = content://com.thundercomm.gamemode.api/gamemode_settings/gamemode_isgaming
02-17 08:51:47.004 I/GameModeConfig( 1524): isGameModeOn = false
02-17 08:51:47.004 I/GameModeConfig( 1524): isGameModeOn = false
02-17 08:51:47.004 I/GameModeConfig( 1524): isDisableVoice = true
02-17 08:51:47.005 I/input_focus( 1524): [Focus leaving ed28269 com.android.settings/com.android.settings.homepage.SettingsHomepageActivity (server),reason=NO_WINDOW]
02-17 08:51:47.008 I/input_focus( 1524): [Focus request 321be4b com.android.launcher3/com.android.launcher3.uioverrides.QuickstepLauncher,reason=UpdateInputWindows]
02-17 08:51:47.040 I/input_focus( 1524): [Focus entering 321be4b com.android.launcher3/com.android.launcher3.uioverrides.QuickstepLauncher (server),reason=Window became focusable. Previous reason: NOT_VISIBLE]
02-17 08:51:47.080 W/FreeFormWindowHelper( 1524): Current Display FreeFormTask is null
02-17 08:51:47.087 W/ContextImpl( 2121): Calling a method in the system process without a qualified user: android.app.ContextImpl.startService:1816 android.content.ContextWrapper.startService:774 com.thundercomm.gamemode.ingame.services.GameModeActionUtils.startGameModeService:111 com.thundercomm.gamemode.ingame.services.GameModeActionUtils.startGameModeEntry:22 com.thundercomm.gamemode.ingame.services.ActivityMonitoringService$1.onActivityLaunch:139
02-17 08:51:47.091 I/GameModeConfig( 1524): Current uri is uri = content://com.thundercomm.gamemode.api/gamemode_settings/gamemode_isgaming
02-17 08:51:47.097 I/GameModeConfig( 1524): isGameModeOn = false
02-17 08:51:47.097 I/GameModeConfig( 1524): isGameModeOn = false
02-17 08:51:47.097 I/GameModeConfig( 1524): isDisableVoice = true
02-17 08:51:47.398 I/wm_stop_activity( 1524): [0,240984769,com.android.settings/.homepage.SettingsHomepageActivity]
02-17 08:51:47.423 I/wm_on_stop_called(16130): [240984769,com.android.settings.homepage.SettingsHomepageActivity,STOP_ACTIVITY_ITEM]
02-17 08:51:47.443 W/ContextImpl( 2121): Calling a method in the system process without a qualified user: android.app.ContextImpl.startService:1816 android.content.ContextWrapper.startService:774 com.thundercomm.gamemode.ingame.services.GameModeActionUtils.startGameModeService:111 com.thundercomm.gamemode.ingame.services.GameModeActionUtils.startGameModeEntry:22 com.thundercomm.gamemode.ingame.services.ActivityMonitoringService$1.onActivityLaunch:139
02-17 08:51:47.446 I/GameModeConfig( 1524): Current uri is uri = content://com.thundercomm.gamemode.api/gamemode_settings/gamemode_isgaming
02-17 08:51:47.447 I/GameModeConfig( 1524): isGameModeOn = false
02-17 08:51:47.447 I/GameModeConfig( 1524): isGameModeOn = false
02-17 08:51:47.447 I/GameModeConfig( 1524): isDisableVoice = true
02-17 08:51:47.939 I/auditd ( 0): type=1400 audit(0.0:19627): avc: denied { kill } for comm="swapper/1" capability=5 scontext=u:r:kernel:s0 tcontext=u:r:kernel:s0 tclass=capability permissive=0
02-17 08:51:48.549 I/input_interaction( 1524): Interaction with: 321be4b com.android.launcher3/com.android.launcher3.uioverrides.QuickstepLauncher (server), 8f82c51 com.android.systemui.ImageWallpaper (server), edge-swipe (server), swipe-up (server), PointerEventDispatcher0 (server),
02-17 08:51:48.612 W/FreeFormWindowHelper( 1524): Current Display FreeFormTask is null
02-17 08:51:48.612 W/FreeFormWindowHelper( 1524): Current Display FreeFormTask is null
02-17 08:51:48.613 W/FreeFormWindowHelper( 1524): Current Display FreeFormTask is null
02-17 08:51:48.633 W/FreeFormWindowHelper( 1524): Current Display FreeFormTask is null
02-17 08:51:48.633 W/FreeFormWindowHelper( 1524): Current Display FreeFormTask is null
02-17 08:51:48.634 I/view_enqueue_input_event( 2568): [Motion - Cancel,com.android.launcher3/com.android.launcher3.uioverrides.QuickstepLauncher]
02-17 08:51:48.634 W/FreeFormWindowHelper( 1524): Current Display FreeFormTask is null
02-17 08:51:48.636 W/FreeFormWindowHelper( 1524): Current Display FreeFormTask is null
02-17 08:51:48.636 W/FreeFormWindowHelper( 1524): Current Display FreeFormTask is null
02-17 08:51:48.642 W/FreeFormWindowHelper( 1524): Current Display FreeFormTask is null
02-17 08:51:48.642 W/FreeFormWindowHelper( 1524): Current Display FreeFormTask is null
02-17 08:51:48.643 I/input_interaction( 1524): Interaction with: edge-swipe (server), swipe-up (server), PointerEventDispatcher0 (server),
02-17 08:51:48.675 W/FreeFormWindowHelper( 1524): Current Display FreeFormTask is null
02-17 08:51:48.676 W/FreeFormWindowHelper( 1524): Current Display FreeFormTask is null
02-17 08:51:48.692 W/FreeFormWindowHelper( 1524): Current Display FreeFormTask is null
02-17 08:51:48.692 W/FreeFormWindowHelper( 1524): Current Display FreeFormTask is null
02-17 08:51:48.709 W/FreeFormWindowHelper( 1524): Current Display FreeFormTask is null
02-17 08:51:48.709 W/FreeFormWindowHelper( 1524): Current Display FreeFormTask is null
02-17 08:51:48.815 I/commit_sys_config_file( 1524): [settings-1-0,4]
02-17 08:51:48.935 I/auditd ( 0): type=1400 audit(0.0:19628): avc: denied { kill } for comm="swapper/1" capability=5 scontext=u:r:kernel:s0 tcontext=u:r:kernel:s0 tclass=capability permissive=0
02-17 08:51:49.115 W/FreeFormWindowHelper( 1524): Current Display FreeFormTask is null
02-17 08:51:49.115 W/FreeFormWindowHelper( 1524): Current Display FreeFormTask is null
02-17 08:51:49.129 W/FreeFormWindowHelper( 1524): Current Display FreeFormTask is null
02-17 08:51:49.129 W/FreeFormWindowHelper( 1524): Current Display FreeFormTask is null
02-17 08:51:49.145 W/FreeFormWindowHelper( 1524): Current Display FreeFormTask is null
02-17 08:51:49.145 W/FreeFormWindowHelper( 1524): Current Display FreeFormTask is null
02-17 08:51:49.161 W/FreeFormWindowHelper( 1524): Current Display FreeFormTask is null
02-17 08:51:49.162 W/FreeFormWindowHelper( 1524): Current Display FreeFormTask is null
02-17 08:51:49.178 W/FreeFormWindowHelper( 1524): Current Display FreeFormTask is null
02-17 08:51:49.178 W/FreeFormWindowHelper( 1524): Current Display FreeFormTask is null
02-17 08:51:49.196 W/FreeFormWindowHelper( 1524): Current Display FreeFormTask is null
02-17 08:51:49.196 W/FreeFormWindowHelper( 1524): Current Display FreeFormTask is null
02-17 08:51:49.211 W/FreeFormWindowHelper( 1524): Current Display FreeFormTask is null
02-17 08:51:49.212 W/FreeFormWindowHelper( 1524): Current Display FreeFormTask is null
02-17 08:51:49.229 W/FreeFormWindowHelper( 1524): Current Display FreeFormTask is null
02-17 08:51:49.229 W/FreeFormWindowHelper( 1524): Current Display FreeFormTask is null
02-17 08:51:49.245 W/FreeFormWindowHelper( 1524): Current Display FreeFormTask is null
02-17 08:51:49.245 W/FreeFormWindowHelper( 1524): Current Display FreeFormTask is null
02-17 08:51:49.262 W/FreeFormWindowHelper( 1524): Current Display FreeFormTask is null
02-17 08:51:49.262 W/FreeFormWindowHelper( 1524): Current Display FreeFormTask is null
02-17 08:51:49.278 W/FreeFormWindowHelper( 1524): Current Display FreeFormTask is null
02-17 08:51:49.278 W/FreeFormWindowHelper( 1524): Current Display FreeFormTask is null
02-17 08:51:49.296 W/FreeFormWindowHelper( 1524): Current Display FreeFormTask is null
02-17 08:51:49.296 W/FreeFormWindowHelper( 1524): Current Display FreeFormTask is null
02-17 08:51:49.305 I/commit_sys_config_file( 1524): [settings-1-0,5]
02-17 08:51:49.311 W/FreeFormWindowHelper( 1524): Current Display FreeFormTask is null
02-17 08:51:49.312 W/FreeFormWindowHelper( 1524): Current Display FreeFormTask is null
02-17 08:51:49.329 W/FreeFormWindowHelper( 1524): Current Display FreeFormTask is null
02-17 08:51:49.329 W/FreeFormWindowHelper( 1524): Current Display FreeFormTask is null
02-17 08:51:49.345 W/FreeFormWindowHelper( 1524): Current Display FreeFormTask is null
02-17 08:51:49.346 W/FreeFormWindowHelper( 1524): Current Display FreeFormTask is null
02-17 08:51:49.362 W/FreeFormWindowHelper( 1524): Current Display FreeFormTask is null
02-17 08:51:49.362 W/FreeFormWindowHelper( 1524): Current Display FreeFormTask is null
02-17 08:51:49.380 W/FreeFormWindowHelper( 1524): Current Display FreeFormTask is null
02-17 08:51:49.380 W/FreeFormWindowHelper( 1524): Current Display FreeFormTask is null
02-17 08:51:49.396 W/FreeFormWindowHelper( 1524): Current Display FreeFormTask is null
02-17 08:51:49.397 W/FreeFormWindowHelper( 1524): Current Display FreeFormTask is null
02-17 08:51:49.413 W/FreeFormWindowHelper( 1524): Current Display FreeFormTask is null
02-17 08:51:49.413 W/FreeFormWindowHelper( 1524): Current Display FreeFormTask is null
02-17 08:51:49.413 W/FreeFormWindowHelper( 1524): Current Display FreeFormTask is null
02-17 08:51:49.423 W/FreeFormWindowHelper( 1524): Current Display FreeFormTask is null
02-17 08:51:49.423 W/FreeFormWindowHelper( 1524): Current Display FreeFormTask is null
02-17 08:51:49.460 W/FreeFormWindowHelper( 1524): Current Display FreeFormTask is null
02-17 08:51:49.460 W/FreeFormWindowHelper( 1524): Current Display FreeFormTask is null
02-17 08:51:49.477 W/FreeFormWindowHelper( 1524): Current Display FreeFormTask is null
02-17 08:51:49.477 W/FreeFormWindowHelper( 1524): Current Display FreeFormTask is null
02-17 08:51:49.781 I/input_interaction( 1524): Interaction with: 321be4b com.android.launcher3/com.android.launcher3.uioverrides.QuickstepLauncher (server), 8f82c51 com.android.systemui.ImageWallpaper (server), edge-swipe (server), swipe-up (server), PointerEventDispatcher0 (server),
02-17 08:51:49.911 W/FreeFormWindowHelper( 1524): Current Display FreeFormTask is null
02-17 08:51:49.912 W/FreeFormWindowHelper( 1524): Current Display FreeFormTask is null
02-17 08:51:49.919 W/FreeFormWindowHelper( 1524): exitRecentTasks type=0
02-17 08:51:49.929 W/FreeFormWindowHelper( 1524): Current Display FreeFormTask is null
02-17 08:51:49.929 W/FreeFormWindowHelper( 1524): Current Display FreeFormTask is null
02-17 08:51:49.935 I/auditd ( 0): type=1400 audit(0.0:19629): avc: denied { kill } for comm="swapper/1" capability=5 scontext=u:r:kernel:s0 tcontext=u:r:kernel:s0 tclass=capability permissive=0
01-01 13:02:30.205 E/DTC_ETH,link_delay_work_func( 0): 3003, SQI=0, link=0
02-17 08:51:50.935 I/auditd ( 0): type=1400 audit(0.0:19630): avc: denied { kill } for comm="swapper/1" capability=5 scontext=u:r:kernel:s0 tcontext=u:r:kernel:s0 tclass=capability permissive=0
02-17 08:51:51.438 I/GameModeConfig( 1524): isGameModeOn = false
02-17 08:51:51.939 I/auditd ( 0): type=1400 audit(0.0:19631): avc: denied { kill } for comm="swapper/1" capability=5 scontext=u:r:kernel:s0 tcontext=u:r:kernel:s0 tclass=capability permissive=0
02-17 08:51:52.935 I/auditd ( 0): type=1400 audit(0.0:19632): avc: denied { kill } for comm="swapper/1" capability=5 scontext=u:r:kernel:s0 tcontext=u:r:kernel:s0 tclass=capability permissive=0
02-17 08:51:53.939 I/auditd ( 0): type=1400 audit(0.0:19633): avc: denied { kill } for comm="swapper/1" capability=5 scontext=u:r:kernel:s0 tcontext=u:r:kernel:s0 tclass=capability permissive=0
02-17 08:51:54.935 I/auditd ( 0): type=1400 audit(0.0:19634): avc: denied { kill } for comm="swapper/1" capability=5 scontext=u:r:kernel:s0 tcontext=u:r:kernel:s0 tclass=capability permissive=0
01-01 13:02:35.325 E/DTC_ETH,link_delay_work_func( 0): 3003, SQI=0, link=0
02-17 08:51:55.939 I/auditd ( 0): type=1400 audit(0.0:19635): avc: denied { kill } for comm="swapper/1" capability=5 scontext=u:r:kernel:s0 tcontext=u:r:kernel:s0 tclass=capability permissive=0
02-17 08:51:56.935 I/auditd ( 0): type=1400 audit(0.0:19636): avc: denied { kill } for comm="swapper/1" capability=5 scontext=u:r:kernel:s0 tcontext=u:r:kernel:s0 tclass=capability permissive=0
02-17 08:51:57.939 I/auditd ( 0): type=1400 audit(0.0:19637): avc: denied { kill } for comm="swapper/1" capability=5 scontext=u:r:kernel:s0 tcontext=u:r:kernel:s0 tclass=capability permissive=0
02-17 08:51:58.935 I/auditd ( 0): type=1400 audit(0.0:19638): avc: denied { kill } for comm="swapper/1" capability=5 scontext=u:r:kernel:s0 tcontext=u:r:kernel:s0 tclass=capability permissive=0
02-17 08:51:59.939 I/auditd ( 0): type=1400 audit(0.0:19639): avc: denied { kill } for comm="swapper/1" capability=5 scontext=u:r:kernel:s0 tcontext=u:r:kernel:s0 tclass=capability permissive=0
01-01 13:02:40.445 E/DTC_ETH,link_delay_work_func( 0): 3003, SQI=0, link=0
02-17 08:52:00.935 I/auditd ( 0): type=1400 audit(0.0:19640): avc: denied { kill } for comm="swapper/1" capability=5 scontext=u:r:kernel:s0 tcontext=u:r:kernel:s0 tclass=capability permissive=0
02-17 08:52:01.939 I/auditd (16821): type=1400 audit(0.0:19641): avc: denied { kill } for comm="kworker/u16:13" capability=5 scontext=u:r:kernel:s0 tcontext=u:r:kernel:s0 tclass=capability permissive=0
02-17 08:52:02.681 I/am_pss ( 1524): [19147,10040,com.thundercomm.screensaver,28619776,22519808,0,143663104,0,19,13]
02-17 08:52:02.939 I/auditd ( 0): type=1400 audit(0.0:19642): avc: denied { kill } for comm="swapper/1" capability=5 scontext=u:r:kernel:s0 tcontext=u:r:kernel:s0 tclass=capability permissive=0
02-17 08:52:03.939 I/auditd (16821): type=1400 audit(0.0:19643): avc: denied { kill } for comm="kworker/u16:13" capability=5 scontext=u:r:kernel:s0 tcontext=u:r:kernel:s0 tclass=capability permissive=0
02-17 08:52:04.935 I/auditd ( 0): type=1400 audit(0.0:19644): avc: denied { kill } for comm="swapper/1" capability=5 scontext=u:r:kernel:s0 tcontext=u:r:kernel:s0 tclass=capability permissive=0
01-01 13:02:45.565 E/DTC_ETH,link_delay_work_func( 0): 3003, SQI=0, link=0
02-17 08:52:05.935 I/auditd ( 0): type=1400 audit(0.0:19645): avc: denied { kill } for comm="swapper/1" capability=5 scontext=u:r:kernel:s0 tcontext=u:r:kernel:s0 tclass=capability permissive=0
02-17 08:52:06.935 I/auditd ( 0): type=1400 audit(0.0:19646): avc: denied { kill } for comm="swapper/1" capability=5 scontext=u:r:kernel:s0 tcontext=u:r:kernel:s0 tclass=capability permissive=0
02-17 08:52:07.935 I/auditd ( 0): type=1400 audit(0.0:19647): avc: denied { kill } for comm="swapper/1" capability=5 scontext=u:r:kernel:s0 tcontext=u:r:kernel:s0 tclass=capability permissive=0
02-17 08:52:08.939 I/auditd ( 0): type=1400 audit(0.0:19648): avc: denied { kill } for comm="swapper/1" capability=5 scontext=u:r:kernel:s0 tcontext=u:r:kernel:s0 tclass=capability permissive=0
02-17 08:52:09.939 I/auditd ( 0): type=1400 audit(0.0:19649): avc: denied { kill } for comm="swapper/1" capability=5 scontext=u:r:kernel:s0 tcontext=u:r:kernel:s0 tclass=capability permissive=0
01-01 13:02:50.685 E/DTC_ETH,link_delay_work_func( 0): 3003, SQI=0, link=0
02-17 08:52:10.939 I/auditd ( 0): type=1400 audit(0.0:19650): avc: denied { kill } for comm="swapper/1" capability=5 scontext=u:r:kernel:s0 tcontext=u:r:kernel:s0 tclass=capability permissive=0
02-17 08:52:11.935 I/auditd ( 0): type=1400 audit(0.0:19651): avc: denied { kill } for comm="swapper/1" capability=5 scontext=u:r:kernel:s0 tcontext=u:r:kernel:s0 tclass=capability permissive=0
02-17 08:52:12.935 I/auditd ( 0): type=1400 audit(0.0:19652): avc: denied { kill } for comm="swapper/1" capability=5 scontext=u:r:kernel:s0 tcontext=u:r:kernel:s0 tclass=capability permissive=0
02-17 08:52:13.935 I/auditd ( 0): type=1400 audit(0.0:19653): avc: denied { kill } for comm="swapper/1" capability=5 scontext=u:r:kernel:s0 tcontext=u:r:kernel:s0 tclass=capability permissive=0
02-17 08:52:14.935 I/auditd ( 0): type=1400 audit(0.0:19654): avc: denied { kill } for comm="swapper/1" capability=5 scontext=u:r:kernel:s0 tcontext=u:r:kernel:s0 tclass=capability permissive=0
01-01 13:02:55.805 E/DTC_ETH,link_delay_work_func( 0): 3003, SQI=0, link=0
02-17 08:52:15.935 I/auditd ( 0): type=1400 audit(0.0:19655): avc: denied { kill } for comm="swapper/1" capability=5 scontext=u:r:kernel:s0 tcontext=u:r:kernel:s0 tclass=capability permissive=0
02-17 08:52:16.935 I/auditd ( 0): type=1400 audit(0.0:19656): avc: denied { kill } for comm="swapper/1" capability=5 scontext=u:r:kernel:s0 tcontext=u:r:kernel:s0 tclass=capability permissive=0
02-17 08:52:17.939 I/auditd ( 0): type=1400 audit(0.0:19657): avc: denied { kill } for comm="swapper/1" capability=5 scontext=u:r:kernel:s0 tcontext=u:r:kernel:s0 tclass=capability permissive=0
02-17 08:52:18.939 I/auditd ( 0): type=1400 audit(0.0:19658): avc: denied { kill } for comm="swapper/1" capability=5 scontext=u:r:kernel:s0 tcontext=u:r:kernel:s0 tclass=capability permissive=0
02-17 08:52:19.935 I/auditd ( 0): type=1400 audit(0.0:19659): avc: denied { kill } for comm="swapper/1" capability=5 scontext=u:r:kernel:s0 tcontext=u:r:kernel:s0 tclass=capability permissive=0
01-01 13:03:00.925 E/DTC_ETH,link_delay_work_func( 0): 3003, SQI=0, link=0
02-17 08:52:20.935 I/auditd ( 0): type=1400 audit(0.0:19660): avc: denied { kill } for comm="swapper/1" capability=5 scontext=u:r:kernel:s0 tcontext=u:r:kernel:s0 tclass=capability permissive=0
02-17 08:52:21.935 I/auditd ( 0): type=1400 audit(0.0:19661): avc: denied { kill } for comm="swapper/1" capability=5 scontext=u:r:kernel:s0 tcontext=u:r:kernel:s0 tclass=capability permissive=0
01-01 13:03:02.888 I/binder ( 0): 1524:1735 ioctl 400c620e 7a5c9705d8 returned -22
02-17 08:52:22.741 D/ActivityManager( 1524): freezing 15156 com.qualcomm.qti.qccauthmgr
02-17 08:52:22.741 E/ActivityManager( 1524): Unable to freeze binder for 15156 com.qualcomm.qti.qccauthmgr
02-17 08:52:22.743 D/ActivityManager( 1524): froze 15156 com.qualcomm.qti.qccauthmgr
02-17 08:52:22.743 I/am_freeze( 1524): [15156,com.qualcomm.qti.qccauthmgr]
02-17 08:52:22.743 E/ActivityManager( 1524): Unable to freeze binder for 15156 com.qualcomm.qti.qccauthmgr
02-17 08:52:22.745 I/ActivityManager( 1524): Killing 15156:com.qualcomm.qti.qccauthmgr/u0a82 (adj 945): Unable to freeze binder interface
02-17 08:52:22.745 I/am_kill ( 1524): [0,15156,com.qualcomm.qti.qccauthmgr,945,Unable to freeze binder interface]
01-01 13:03:02.890 I/binder ( 0): 1524:1735 ioctl c00c620f 7a5c9705b8 returned -22
02-17 08:52:22.779 I/am_proc_died( 1524): [0,15156,com.qualcomm.qti.qccauthmgr,945,19]
02-17 08:52:22.780 I/am_uid_stopped( 1524): 10082
02-17 08:52:22.790 I/am_pss ( 1524): [13834,10095,com.tencent.qqmusicpad:QQPlayerService,40770560,17346560,0,125939712,0,4,7]
02-17 08:52:22.799 I/am_pss ( 1524): [19147,10040,com.thundercomm.screensaver,28663808,22519808,0,143663104,0,19,8]
02-17 08:52:22.805 I/am_pss ( 1524): [12837,10062,com.thundercomm.gamemode.provider,8848384,6586368,0,96468992,0,19,5]
02-17 08:52:22.939 I/auditd ( 0): type=1400 audit(0.0:19662): avc: denied { kill } for comm="swapper/1" capability=5 scontext=u:r:kernel:s0 tcontext=u:r:kernel:s0 tclass=capability permissive=0
02-17 08:52:23.939 I/auditd ( 0): type=1400 audit(0.0:19663): avc: denied { kill } for comm="swapper/1" capability=5 scontext=u:r:kernel:s0 tcontext=u:r:kernel:s0 tclass=capability permissive=0
02-17 08:52:24.939 I/auditd ( 0): type=1400 audit(0.0:19664): avc: denied { kill } for comm="swapper/1" capability=5 scontext=u:r:kernel:s0 tcontext=u:r:kernel:s0 tclass=capability permissive=0
01-01 13:03:06.045 E/DTC_ETH,link_delay_work_func( 0): 3003, SQI=0, link=0
02-17 08:52:25.939 I/auditd ( 0): type=1400 audit(0.0:19665): avc: denied { kill } for comm="swapper/1" capability=5 scontext=u:r:kernel:s0 tcontext=u:r:kernel:s0 tclass=capability permissive=0
02-17 08:52:26.935 I/auditd ( 0): type=1400 audit(0.0:19666): avc: denied { kill } for comm="swapper/1" capability=5 scontext=u:r:kernel:s0 tcontext=u:r:kernel:s0 tclass=capability permissive=0
02-17 08:52:27.939 I/auditd ( 0): type=1400 audit(0.0:19667): avc: denied { kill } for comm="swapper/1" capability=5 scontext=u:r:kernel:s0 tcontext=u:r:kernel:s0 tclass=capability permissive=0
02-17 08:52:28.935 I/auditd ( 0): type=1400 audit(0.0:19668): avc: denied { kill } for comm="swapper/1" capability=5 scontext=u:r:kernel:s0 tcontext=u:r:kernel:s0 tclass=capability permissive=0
