02-17 09:08:27.939 I/auditd ( 0): type=1400 audit(0.0:20594): avc: denied { kill } for comm="swapper/0" capability=5 scontext=u:r:kernel:s0 tcontext=u:r:kernel:s0 tclass=capability permissive=0
01-01 13:19:08.605 E/DTC_ETH,link_delay_work_func( 0): 3003, SQI=0, link=0
02-17 09:08:28.935 I/auditd ( 0): type=1400 audit(0.0:20595): avc: denied { kill } for comm="swapper/0" capability=5 scontext=u:r:kernel:s0 tcontext=u:r:kernel:s0 tclass=capability permissive=0
02-17 09:08:29.939 I/auditd ( 0): type=1400 audit(0.0:20596): avc: denied { kill } for comm="swapper/0" capability=5 scontext=u:r:kernel:s0 tcontext=u:r:kernel:s0 tclass=capability permissive=0
02-17 09:08:30.939 I/auditd ( 0): type=1400 audit(0.0:20597): avc: denied { kill } for comm="swapper/0" capability=5 scontext=u:r:kernel:s0 tcontext=u:r:kernel:s0 tclass=capability permissive=0
02-17 09:08:31.939 I/auditd ( 0): type=1400 audit(0.0:20598): avc: denied { kill } for comm="swapper/0" capability=5 scontext=u:r:kernel:s0 tcontext=u:r:kernel:s0 tclass=capability permissive=0
02-17 09:08:32.939 I/auditd ( 0): type=1400 audit(0.0:20599): avc: denied { kill } for comm="swapper/0" capability=5 scontext=u:r:kernel:s0 tcontext=u:r:kernel:s0 tclass=capability permissive=0
01-01 13:19:13.725 E/DTC_ETH,link_delay_work_func( 0): 3003, SQI=0, link=0
02-17 09:08:33.939 I/auditd ( 0): type=1400 audit(0.0:20600): avc: denied { kill } for comm="swapper/0" capability=5 scontext=u:r:kernel:s0 tcontext=u:r:kernel:s0 tclass=capability permissive=0
02-17 09:08:34.935 I/auditd ( 0): type=1400 audit(0.0:20601): avc: denied { kill } for comm="swapper/0" capability=5 scontext=u:r:kernel:s0 tcontext=u:r:kernel:s0 tclass=capability permissive=0
02-17 09:08:35.939 I/auditd ( 0): type=1400 audit(0.0:20602): avc: denied { kill } for comm="swapper/0" capability=5 scontext=u:r:kernel:s0 tcontext=u:r:kernel:s0 tclass=capability permissive=0
02-17 09:08:36.935 I/auditd ( 0): type=1400 audit(0.0:20603): avc: denied { kill } for comm="swapper/0" capability=5 scontext=u:r:kernel:s0 tcontext=u:r:kernel:s0 tclass=capability permissive=0
02-17 09:08:37.935 I/auditd ( 0): type=1400 audit(0.0:20604): avc: denied { kill } for comm="swapper/0" capability=5 scontext=u:r:kernel:s0 tcontext=u:r:kernel:s0 tclass=capability permissive=0
01-01 13:19:18.845 E/DTC_ETH,link_delay_work_func( 0): 3003, SQI=0, link=0
02-17 09:08:38.939 I/auditd ( 0): type=1400 audit(0.0:20605): avc: denied { kill } for comm="swapper/0" capability=5 scontext=u:r:kernel:s0 tcontext=u:r:kernel:s0 tclass=capability permissive=0
02-17 09:08:39.935 I/auditd ( 0): type=1400 audit(0.0:20606): avc: denied { kill } for comm="swapper/0" capability=5 scontext=u:r:kernel:s0 tcontext=u:r:kernel:s0 tclass=capability permissive=0
02-17 09:08:40.935 I/auditd ( 0): type=1400 audit(0.0:20607): avc: denied { kill } for comm="swapper/0" capability=5 scontext=u:r:kernel:s0 tcontext=u:r:kernel:s0 tclass=capability permissive=0
02-17 09:08:41.935 I/auditd ( 0): type=1400 audit(0.0:20608): avc: denied { kill } for comm="swapper/0" capability=5 scontext=u:r:kernel:s0 tcontext=u:r:kernel:s0 tclass=capability permissive=0
02-17 09:08:42.939 I/auditd ( 0): type=1400 audit(0.0:20609): avc: denied { kill } for comm="swapper/0" capability=5 scontext=u:r:kernel:s0 tcontext=u:r:kernel:s0 tclass=capability permissive=0
01-01 13:19:23.965 E/DTC_ETH,link_delay_work_func( 0): 3003, SQI=0, link=0
02-17 09:08:43.939 I/auditd ( 0): type=1400 audit(0.0:20610): avc: denied { kill } for comm="swapper/0" capability=5 scontext=u:r:kernel:s0 tcontext=u:r:kernel:s0 tclass=capability permissive=0
02-17 09:08:44.016 D/ActivityManager( 1524): freezing 19536 com.android.deskclock
02-17 09:08:44.016 E/ActivityManager( 1524): Unable to freeze binder for 19536 com.android.deskclock
02-17 09:08:44.017 D/ActivityManager( 1524): froze 19536 com.android.deskclock
02-17 09:08:44.017 I/am_freeze( 1524): [19536,com.android.deskclock]
02-17 09:08:44.017 E/ActivityManager( 1524): Unable to freeze binder for 19536 com.android.deskclock
01-01 13:19:24.163 I/binder ( 0): 1524:1735 ioctl 400c620e 7a5c9705d8 returned -22
01-01 13:19:24.164 I/binder ( 0): 1524:1735 ioctl c00c620f 7a5c9705b8 returned -22
02-17 09:08:44.018 I/ActivityManager( 1524): Killing 19536:com.android.deskclock/u0a67 (adj 915): Unable to freeze binder interface
02-17 09:08:44.019 I/am_kill ( 1524): [0,19536,com.android.deskclock,915,Unable to freeze binder interface]
02-17 09:08:44.021 D/ActivityManager( 1524): freezing 19537 com.android.gallery3d
02-17 09:08:44.021 E/ActivityManager( 1524): Unable to freeze binder for 19537 com.android.gallery3d
02-17 09:08:44.022 D/ActivityManager( 1524): froze 19537 com.android.gallery3d
02-17 09:08:44.022 I/am_freeze( 1524): [19537,com.android.gallery3d]
02-17 09:08:44.023 E/ActivityManager( 1524): Unable to freeze binder for 19537 com.android.gallery3d
02-17 09:08:44.024 I/ActivityManager( 1524): Killing 19537:com.android.gallery3d/u0a65 (adj 905): Unable to freeze binder interface
02-17 09:08:44.024 I/am_kill ( 1524): [0,19537,com.android.gallery3d,905,Unable to freeze binder interface]
01-01 13:19:24.168 I/binder ( 0): 1524:1735 ioctl 400c620e 7a5c9705d8 returned -22
01-01 13:19:24.169 I/binder ( 0): 1524:1735 ioctl c00c620f 7a5c9705b8 returned -22
02-17 09:08:44.048 I/am_proc_died( 1524): [0,19536,com.android.deskclock,915,19]
02-17 09:08:44.048 I/am_uid_stopped( 1524): 10067
02-17 09:08:44.050 I/am_proc_died( 1524): [0,19537,com.android.gallery3d,905,19]
02-17 09:08:44.051 I/am_uid_stopped( 1524): 10065
02-17 09:08:44.939 I/auditd ( 0): type=1400 audit(0.0:20611): avc: denied { kill } for comm="swapper/0" capability=5 scontext=u:r:kernel:s0 tcontext=u:r:kernel:s0 tclass=capability permissive=0
02-17 09:08:45.935 I/auditd ( 0): type=1400 audit(0.0:20612): avc: denied { kill } for comm="swapper/0" capability=5 scontext=u:r:kernel:s0 tcontext=u:r:kernel:s0 tclass=capability permissive=0
02-17 09:08:46.939 I/auditd ( 0): type=1400 audit(0.0:20613): avc: denied { kill } for comm="swapper/0" capability=5 scontext=u:r:kernel:s0 tcontext=u:r:kernel:s0 tclass=capability permissive=0
02-17 09:08:47.939 I/auditd ( 0): type=1400 audit(0.0:20614): avc: denied { kill } for comm="swapper/0" capability=5 scontext=u:r:kernel:s0 tcontext=u:r:kernel:s0 tclass=capability permissive=0
02-17 09:08:48.935 I/auditd ( 0): type=1400 audit(0.0:20615): avc: denied { kill } for comm="swapper/0" capability=5 scontext=u:r:kernel:s0 tcontext=u:r:kernel:s0 tclass=capability permissive=0
01-01 13:19:29.086 E/DTC_ETH,link_delay_work_func( 0): 3003, SQI=0, link=0
02-17 09:08:49.939 I/auditd ( 0): type=1400 audit(0.0:20616): avc: denied { kill } for comm="swapper/0" capability=5 scontext=u:r:kernel:s0 tcontext=u:r:kernel:s0 tclass=capability permissive=0
02-17 09:08:50.935 I/auditd ( 0): type=1400 audit(0.0:20617): avc: denied { kill } for comm="swapper/0" capability=5 scontext=u:r:kernel:s0 tcontext=u:r:kernel:s0 tclass=capability permissive=0
02-17 09:08:51.939 I/auditd ( 0): type=1400 audit(0.0:20618): avc: denied { kill } for comm="swapper/0" capability=5 scontext=u:r:kernel:s0 tcontext=u:r:kernel:s0 tclass=capability permissive=0
02-17 09:08:52.939 I/auditd ( 0): type=1400 audit(0.0:20619): avc: denied { kill } for comm="swapper/0" capability=5 scontext=u:r:kernel:s0 tcontext=u:r:kernel:s0 tclass=capability permissive=0
02-17 09:08:53.939 I/auditd ( 0): type=1400 audit(0.0:20620): avc: denied { kill } for comm="swapper/0" capability=5 scontext=u:r:kernel:s0 tcontext=u:r:kernel:s0 tclass=capability permissive=0
01-01 13:19:34.205 E/DTC_ETH,link_delay_work_func( 0): 3003, SQI=0, link=0
02-17 09:08:54.935 I/auditd ( 0): type=1400 audit(0.0:20621): avc: denied { kill } for comm="swapper/0" capability=5 scontext=u:r:kernel:s0 tcontext=u:r:kernel:s0 tclass=capability permissive=0
02-17 09:08:55.939 I/auditd ( 0): type=1400 audit(0.0:20622): avc: denied { kill } for comm="swapper/0" capability=5 scontext=u:r:kernel:s0 tcontext=u:r:kernel:s0 tclass=capability permissive=0
02-17 09:08:56.935 I/auditd ( 0): type=1400 audit(0.0:20623): avc: denied { kill } for comm="swapper/0" capability=5 scontext=u:r:kernel:s0 tcontext=u:r:kernel:s0 tclass=capability permissive=0
02-17 09:08:57.935 I/auditd ( 0): type=1400 audit(0.0:20624): avc: denied { kill } for comm="swapper/0" capability=5 scontext=u:r:kernel:s0 tcontext=u:r:kernel:s0 tclass=capability permissive=0
02-17 09:08:58.939 I/auditd ( 0): type=1400 audit(0.0:20625): avc: denied { kill } for comm="swapper/0" capability=5 scontext=u:r:kernel:s0 tcontext=u:r:kernel:s0 tclass=capability permissive=0
01-01 13:19:39.325 E/DTC_ETH,link_delay_work_func( 0): 3003, SQI=0, link=0
02-17 09:08:59.939 I/auditd ( 0): type=1400 audit(0.0:20626): avc: denied { kill } for comm="swapper/0" capability=5 scontext=u:r:kernel:s0 tcontext=u:r:kernel:s0 tclass=capability permissive=0
02-17 09:09:00.935 I/auditd ( 0): type=1400 audit(0.0:20627): avc: denied { kill } for comm="swapper/0" capability=5 scontext=u:r:kernel:s0 tcontext=u:r:kernel:s0 tclass=capability permissive=0
02-17 09:09:01.935 I/auditd ( 0): type=1400 audit(0.0:20628): avc: denied { kill } for comm="swapper/0" capability=5 scontext=u:r:kernel:s0 tcontext=u:r:kernel:s0 tclass=capability permissive=0
02-17 09:09:02.935 I/auditd ( 0): type=1400 audit(0.0:20629): avc: denied { kill } for comm="swapper/0" capability=5 scontext=u:r:kernel:s0 tcontext=u:r:kernel:s0 tclass=capability permissive=0
02-17 09:09:03.935 I/auditd ( 0): type=1400 audit(0.0:20630): avc: denied { kill } for comm="swapper/0" capability=5 scontext=u:r:kernel:s0 tcontext=u:r:kernel:s0 tclass=capability permissive=0
01-01 13:19:44.445 E/DTC_ETH,link_delay_work_func( 0): 3003, SQI=0, link=0
02-17 09:09:04.935 I/auditd ( 0): type=1400 audit(0.0:20631): avc: denied { kill } for comm="swapper/0" capability=5 scontext=u:r:kernel:s0 tcontext=u:r:kernel:s0 tclass=capability permissive=0
02-17 09:09:05.935 I/auditd ( 0): type=1400 audit(0.0:20632): avc: denied { kill } for comm="swapper/0" capability=5 scontext=u:r:kernel:s0 tcontext=u:r:kernel:s0 tclass=capability permissive=0
02-17 09:09:06.935 I/auditd ( 0): type=1400 audit(0.0:20633): avc: denied { kill } for comm="swapper/0" capability=5 scontext=u:r:kernel:s0 tcontext=u:r:kernel:s0 tclass=capability permissive=0
02-17 09:09:07.939 I/auditd ( 0): type=1400 audit(0.0:20634): avc: denied { kill } for comm="swapper/0" capability=5 scontext=u:r:kernel:s0 tcontext=u:r:kernel:s0 tclass=capability permissive=0
02-17 09:09:08.935 I/auditd ( 0): type=1400 audit(0.0:20635): avc: denied { kill } for comm="swapper/0" capability=5 scontext=u:r:kernel:s0 tcontext=u:r:kernel:s0 tclass=capability permissive=0
01-01 13:19:49.565 E/DTC_ETH,link_delay_work_func( 0): 3003, SQI=0, link=0
02-17 09:09:09.935 I/auditd ( 0): type=1400 audit(0.0:20636): avc: denied { kill } for comm="swapper/0" capability=5 scontext=u:r:kernel:s0 tcontext=u:r:kernel:s0 tclass=capability permissive=0
02-17 09:09:10.935 I/auditd ( 0): type=1400 audit(0.0:20637): avc: denied { kill } for comm="swapper/0" capability=5 scontext=u:r:kernel:s0 tcontext=u:r:kernel:s0 tclass=capability permissive=0
02-17 09:09:11.939 I/auditd ( 0): type=1400 audit(0.0:20638): avc: denied { kill } for comm="swapper/0" capability=5 scontext=u:r:kernel:s0 tcontext=u:r:kernel:s0 tclass=capability permissive=0
02-17 09:09:12.935 I/auditd ( 0): type=1400 audit(0.0:20639): avc: denied { kill } for comm="swapper/0" capability=5 scontext=u:r:kernel:s0 tcontext=u:r:kernel:s0 tclass=capability permissive=0
02-17 09:09:13.375 V/DisplayPowerController[0]( 1524): Brightness [0.05] reason changing to: 'manual [ dim ]', previous reason: 'manual'.
02-17 09:09:13.376 I/sysui_multi_action( 1524): [757,1696,758,6,759,2]
02-17 09:09:13.376 W/PowerManagerService( 1524): Screen on took 57368 ms
02-17 09:09:13.391 E/DisplayDeviceConfig( 1524): requesting nits when no mapping exists.
02-17 09:09:13.391 E/DisplayDeviceConfig( 1524): requesting nits when no mapping exists.
02-17 09:09:13.392 I/am_wtf ( 1524): [0,1524,system_server,-1,DisplayDeviceConfig,requesting nits when no mapping exists.]
02-17 09:09:13.393 I/DropBoxManagerService( 1524): add tag=system_server_wtf isTagEnabled=true flags=0x2
02-17 09:09:13.395 I/am_wtf ( 1524): [0,1524,system_server,-1,DisplayDeviceConfig,requesting nits when no mapping exists.]
02-17 09:09:13.396 I/DropBoxManagerService( 1524): add tag=system_server_wtf isTagEnabled=true flags=0x2
02-17 09:09:13.407 E/DisplayDeviceConfig( 1524): requesting nits when no mapping exists.
02-17 09:09:13.407 I/am_wtf ( 1524): [0,1524,system_server,-1,DisplayDeviceConfig,requesting nits when no mapping exists.]
02-17 09:09:13.407 E/DisplayDeviceConfig( 1524): requesting nits when no mapping exists.
02-17 09:09:13.408 I/DropBoxManagerService( 1524): add tag=system_server_wtf isTagEnabled=true flags=0x2
02-17 09:09:13.409 I/am_wtf ( 1524): [0,1524,system_server,-1,DisplayDeviceConfig,requesting nits when no mapping exists.]
02-17 09:09:13.410 I/DropBoxManagerService( 1524): add tag=system_server_wtf isTagEnabled=true flags=0x2
02-17 09:09:13.420 E/DisplayDeviceConfig( 1524): requesting nits when no mapping exists.
02-17 09:09:13.420 I/am_wtf ( 1524): [0,1524,system_server,-1,DisplayDeviceConfig,requesting nits when no mapping exists.]
02-17 09:09:13.420 E/DisplayDeviceConfig( 1524): requesting nits when no mapping exists.
02-17 09:09:13.421 I/DropBoxManagerService( 1524): add tag=system_server_wtf isTagEnabled=true flags=0x2
02-17 09:09:13.422 I/am_wtf ( 1524): [0,1524,system_server,-1,DisplayDeviceConfig,requesting nits when no mapping exists.]
02-17 09:09:13.437 E/DisplayDeviceConfig( 1524): requesting nits when no mapping exists.
02-17 09:09:13.437 E/DisplayDeviceConfig( 1524): requesting nits when no mapping exists.
02-17 09:09:13.437 I/am_wtf ( 1524): [0,1524,system_server,-1,DisplayDeviceConfig,requesting nits when no mapping exists.]
02-17 09:09:13.438 I/am_wtf ( 1524): [0,1524,system_server,-1,DisplayDeviceConfig,requesting nits when no mapping exists.]
02-17 09:09:13.453 E/DisplayDeviceConfig( 1524): requesting nits when no mapping exists.
02-17 09:09:13.454 I/am_wtf ( 1524): [0,1524,system_server,-1,DisplayDeviceConfig,requesting nits when no mapping exists.]
02-17 09:09:13.454 E/DisplayDeviceConfig( 1524): requesting nits when no mapping exists.
02-17 09:09:13.454 I/am_wtf ( 1524): [0,1524,system_server,-1,DisplayDeviceConfig,requesting nits when no mapping exists.]
02-17 09:09:13.469 E/DisplayDeviceConfig( 1524): requesting nits when no mapping exists.
02-17 09:09:13.470 E/DisplayDeviceConfig( 1524): requesting nits when no mapping exists.
02-17 09:09:13.470 I/am_wtf ( 1524): [0,1524,system_server,-1,DisplayDeviceConfig,requesting nits when no mapping exists.]
02-17 09:09:13.471 I/am_wtf ( 1524): [0,1524,system_server,-1,DisplayDeviceConfig,requesting nits when no mapping exists.]
02-17 09:09:13.487 E/DisplayDeviceConfig( 1524): requesting nits when no mapping exists.
02-17 09:09:13.487 E/DisplayDeviceConfig( 1524): requesting nits when no mapping exists.
02-17 09:09:13.487 I/am_wtf ( 1524): [0,1524,system_server,-1,DisplayDeviceConfig,requesting nits when no mapping exists.]
02-17 09:09:13.488 I/am_wtf ( 1524): [0,1524,system_server,-1,DisplayDeviceConfig,requesting nits when no mapping exists.]
02-17 09:09:13.504 E/DisplayDeviceConfig( 1524): requesting nits when no mapping exists.
02-17 09:09:13.504 E/DisplayDeviceConfig( 1524): requesting nits when no mapping exists.
02-17 09:09:13.504 I/am_wtf ( 1524): [0,1524,system_server,-1,DisplayDeviceConfig,requesting nits when no mapping exists.]
02-17 09:09:13.505 I/am_wtf ( 1524): [0,1524,system_server,-1,DisplayDeviceConfig,requesting nits when no mapping exists.]
02-17 09:09:13.520 E/DisplayDeviceConfig( 1524): requesting nits when no mapping exists.
02-17 09:09:13.521 E/DisplayDeviceConfig( 1524): requesting nits when no mapping exists.
02-17 09:09:13.521 I/am_wtf ( 1524): [0,1524,system_server,-1,DisplayDeviceConfig,requesting nits when no mapping exists.]
02-17 09:09:13.522 I/am_wtf ( 1524): [0,1524,system_server,-1,DisplayDeviceConfig,requesting nits when no mapping exists.]
02-17 09:09:13.537 E/DisplayDeviceConfig( 1524): requesting nits when no mapping exists.
02-17 09:09:13.537 E/DisplayDeviceConfig( 1524): requesting nits when no mapping exists.
02-17 09:09:13.537 I/am_wtf ( 1524): [0,1524,system_server,-1,DisplayDeviceConfig,requesting nits when no mapping exists.]
02-17 09:09:13.538 I/am_wtf ( 1524): [0,1524,system_server,-1,DisplayDeviceConfig,requesting nits when no mapping exists.]
02-17 09:09:13.539 I/service_manager_stats( 1524): [100,30,360702]
02-17 09:09:13.554 E/DisplayDeviceConfig( 1524): requesting nits when no mapping exists.
02-17 09:09:13.554 E/DisplayDeviceConfig( 1524): requesting nits when no mapping exists.
02-17 09:09:13.554 I/am_wtf ( 1524): [0,1524,system_server,-1,DisplayDeviceConfig,requesting nits when no mapping exists.]
02-17 09:09:13.555 I/am_wtf ( 1524): [0,1524,system_server,-1,DisplayDeviceConfig,requesting nits when no mapping exists.]
02-17 09:09:13.570 E/DisplayDeviceConfig( 1524): requesting nits when no mapping exists.
02-17 09:09:13.571 E/DisplayDeviceConfig( 1524): requesting nits when no mapping exists.
02-17 09:09:13.571 I/am_wtf ( 1524): [0,1524,system_server,-1,DisplayDeviceConfig,requesting nits when no mapping exists.]
02-17 09:09:13.572 I/am_wtf ( 1524): [0,1524,system_server,-1,DisplayDeviceConfig,requesting nits when no mapping exists.]
02-17 09:09:13.588 E/DisplayDeviceConfig( 1524): requesting nits when no mapping exists.
02-17 09:09:13.588 E/DisplayDeviceConfig( 1524): requesting nits when no mapping exists.
02-17 09:09:13.588 I/am_wtf ( 1524): [0,1524,system_server,-1,DisplayDeviceConfig,requesting nits when no mapping exists.]
02-17 09:09:13.589 I/am_wtf ( 1524): [0,1524,system_server,-1,DisplayDeviceConfig,requesting nits when no mapping exists.]
02-17 09:09:13.604 E/DisplayDeviceConfig( 1524): requesting nits when no mapping exists.
02-17 09:09:13.605 E/DisplayDeviceConfig( 1524): requesting nits when no mapping exists.
02-17 09:09:13.605 I/am_wtf ( 1524): [0,1524,system_server,-1,DisplayDeviceConfig,requesting nits when no mapping exists.]
02-17 09:09:13.605 I/am_wtf ( 1524): [0,1524,system_server,-1,DisplayDeviceConfig,requesting nits when no mapping exists.]
02-17 09:09:13.621 E/DisplayDeviceConfig( 1524): requesting nits when no mapping exists.
02-17 09:09:13.621 E/DisplayDeviceConfig( 1524): requesting nits when no mapping exists.
02-17 09:09:13.621 I/am_wtf ( 1524): [0,1524,system_server,-1,DisplayDeviceConfig,requesting nits when no mapping exists.]
02-17 09:09:13.622 I/am_wtf ( 1524): [0,1524,system_server,-1,DisplayDeviceConfig,requesting nits when no mapping exists.]
02-17 09:09:13.637 E/DisplayDeviceConfig( 1524): requesting nits when no mapping exists.
02-17 09:09:13.638 E/DisplayDeviceConfig( 1524): requesting nits when no mapping exists.
02-17 09:09:13.638 I/am_wtf ( 1524): [0,1524,system_server,-1,DisplayDeviceConfig,requesting nits when no mapping exists.]
02-17 09:09:13.639 I/am_wtf ( 1524): [0,1524,system_server,-1,DisplayDeviceConfig,requesting nits when no mapping exists.]
02-17 09:09:13.654 E/DisplayDeviceConfig( 1524): requesting nits when no mapping exists.
02-17 09:09:13.655 I/am_wtf ( 1524): [0,1524,system_server,-1,DisplayDeviceConfig,requesting nits when no mapping exists.]
02-17 09:09:13.655 E/DisplayDeviceConfig( 1524): requesting nits when no mapping exists.
02-17 09:09:13.656 I/am_wtf ( 1524): [0,1524,system_server,-1,DisplayDeviceConfig,requesting nits when no mapping exists.]
02-17 09:09:13.671 E/DisplayDeviceConfig( 1524): requesting nits when no mapping exists.
02-17 09:09:13.671 E/DisplayDeviceConfig( 1524): requesting nits when no mapping exists.
02-17 09:09:13.671 I/am_wtf ( 1524): [0,1524,system_server,-1,DisplayDeviceConfig,requesting nits when no mapping exists.]
02-17 09:09:13.672 I/am_wtf ( 1524): [0,1524,system_server,-1,DisplayDeviceConfig,requesting nits when no mapping exists.]
02-17 09:09:13.688 E/DisplayDeviceConfig( 1524): requesting nits when no mapping exists.
02-17 09:09:13.688 E/DisplayDeviceConfig( 1524): requesting nits when no mapping exists.
02-17 09:09:13.688 I/am_wtf ( 1524): [0,1524,system_server,-1,DisplayDeviceConfig,requesting nits when no mapping exists.]
02-17 09:09:13.689 I/am_wtf ( 1524): [0,1524,system_server,-1,DisplayDeviceConfig,requesting nits when no mapping exists.]
02-17 09:09:13.704 E/DisplayDeviceConfig( 1524): requesting nits when no mapping exists.
02-17 09:09:13.704 I/am_wtf ( 1524): [0,1524,system_server,-1,DisplayDeviceConfig,requesting nits when no mapping exists.]
02-17 09:09:13.704 E/DisplayDeviceConfig( 1524): requesting nits when no mapping exists.
02-17 09:09:13.705 I/am_wtf ( 1524): [0,1524,system_server,-1,DisplayDeviceConfig,requesting nits when no mapping exists.]
02-17 09:09:13.721 E/DisplayDeviceConfig( 1524): requesting nits when no mapping exists.
02-17 09:09:13.721 E/DisplayDeviceConfig( 1524): requesting nits when no mapping exists.
02-17 09:09:13.721 I/am_wtf ( 1524): [0,1524,system_server,-1,DisplayDeviceConfig,requesting nits when no mapping exists.]
02-17 09:09:13.722 I/am_wtf ( 1524): [0,1524,system_server,-1,DisplayDeviceConfig,requesting nits when no mapping exists.]
02-17 09:09:13.738 E/DisplayDeviceConfig( 1524): requesting nits when no mapping exists.
02-17 09:09:13.738 E/DisplayDeviceConfig( 1524): requesting nits when no mapping exists.
02-17 09:09:13.738 I/am_wtf ( 1524): [0,1524,system_server,-1,DisplayDeviceConfig,requesting nits when no mapping exists.]
02-17 09:09:13.739 I/am_wtf ( 1524): [0,1524,system_server,-1,DisplayDeviceConfig,requesting nits when no mapping exists.]
02-17 09:09:13.754 E/DisplayDeviceConfig( 1524): requesting nits when no mapping exists.
02-17 09:09:13.755 E/DisplayDeviceConfig( 1524): requesting nits when no mapping exists.
02-17 09:09:13.755 I/am_wtf ( 1524): [0,1524,system_server,-1,DisplayDeviceConfig,requesting nits when no mapping exists.]
02-17 09:09:13.756 I/am_wtf ( 1524): [0,1524,system_server,-1,DisplayDeviceConfig,requesting nits when no mapping exists.]
02-17 09:09:13.771 E/DisplayDeviceConfig( 1524): requesting nits when no mapping exists.
02-17 09:09:13.772 E/DisplayDeviceConfig( 1524): requesting nits when no mapping exists.
02-17 09:09:13.772 I/am_wtf ( 1524): [0,1524,system_server,-1,DisplayDeviceConfig,requesting nits when no mapping exists.]
02-17 09:09:13.773 I/am_wtf ( 1524): [0,1524,system_server,-1,DisplayDeviceConfig,requesting nits when no mapping exists.]
02-17 09:09:13.788 E/DisplayDeviceConfig( 1524): requesting nits when no mapping exists.
02-17 09:09:13.788 E/DisplayDeviceConfig( 1524): requesting nits when no mapping exists.
02-17 09:09:13.788 I/am_wtf ( 1524): [0,1524,system_server,-1,DisplayDeviceConfig,requesting nits when no mapping exists.]
02-17 09:09:13.789 I/am_wtf ( 1524): [0,1524,system_server,-1,DisplayDeviceConfig,requesting nits when no mapping exists.]
02-17 09:09:13.804 E/DisplayDeviceConfig( 1524): requesting nits when no mapping exists.
02-17 09:09:13.805 E/DisplayDeviceConfig( 1524): requesting nits when no mapping exists.
02-17 09:09:13.805 I/am_wtf ( 1524): [0,1524,system_server,-1,DisplayDeviceConfig,requesting nits when no mapping exists.]
02-17 09:09:13.806 I/am_wtf ( 1524): [0,1524,system_server,-1,DisplayDeviceConfig,requesting nits when no mapping exists.]
02-17 09:09:13.821 E/DisplayDeviceConfig( 1524): requesting nits when no mapping exists.
02-17 09:09:13.821 E/DisplayDeviceConfig( 1524): requesting nits when no mapping exists.
02-17 09:09:13.821 I/am_wtf ( 1524): [0,1524,system_server,-1,DisplayDeviceConfig,requesting nits when no mapping exists.]
02-17 09:09:13.822 I/am_wtf ( 1524): [0,1524,system_server,-1,DisplayDeviceConfig,requesting nits when no mapping exists.]
02-17 09:09:13.837 E/DisplayDeviceConfig( 1524): requesting nits when no mapping exists.
02-17 09:09:13.838 I/am_wtf ( 1524): [0,1524,system_server,-1,DisplayDeviceConfig,requesting nits when no mapping exists.]
02-17 09:09:13.838 E/DisplayDeviceConfig( 1524): requesting nits when no mapping exists.
02-17 09:09:13.839 I/am_wtf ( 1524): [0,1524,system_server,-1,DisplayDeviceConfig,requesting nits when no mapping exists.]
02-17 09:09:13.854 E/DisplayDeviceConfig( 1524): requesting nits when no mapping exists.
02-17 09:09:13.855 I/am_wtf ( 1524): [0,1524,system_server,-1,DisplayDeviceConfig,requesting nits when no mapping exists.]
02-17 09:09:13.855 E/DisplayDeviceConfig( 1524): requesting nits when no mapping exists.
02-17 09:09:13.856 I/am_wtf ( 1524): [0,1524,system_server,-1,DisplayDeviceConfig,requesting nits when no mapping exists.]
02-17 09:09:13.871 E/DisplayDeviceConfig( 1524): requesting nits when no mapping exists.
02-17 09:09:13.871 I/am_wtf ( 1524): [0,1524,system_server,-1,DisplayDeviceConfig,requesting nits when no mapping exists.]
02-17 09:09:13.871 E/DisplayDeviceConfig( 1524): requesting nits when no mapping exists.
02-17 09:09:13.872 I/am_wtf ( 1524): [0,1524,system_server,-1,DisplayDeviceConfig,requesting nits when no mapping exists.]
02-17 09:09:13.888 E/DisplayDeviceConfig( 1524): requesting nits when no mapping exists.
02-17 09:09:13.888 I/am_wtf ( 1524): [0,1524,system_server,-1,DisplayDeviceConfig,requesting nits when no mapping exists.]
02-17 09:09:13.888 E/DisplayDeviceConfig( 1524): requesting nits when no mapping exists.
02-17 09:09:13.889 I/am_wtf ( 1524): [0,1524,system_server,-1,DisplayDeviceConfig,requesting nits when no mapping exists.]
02-17 09:09:13.904 E/DisplayDeviceConfig( 1524): requesting nits when no mapping exists.
02-17 09:09:13.905 I/am_wtf ( 1524): [0,1524,system_server,-1,DisplayDeviceConfig,requesting nits when no mapping exists.]
02-17 09:09:13.905 E/DisplayDeviceConfig( 1524): requesting nits when no mapping exists.
02-17 09:09:13.906 I/am_wtf ( 1524): [0,1524,system_server,-1,DisplayDeviceConfig,requesting nits when no mapping exists.]
02-17 09:09:13.921 E/DisplayDeviceConfig( 1524): requesting nits when no mapping exists.
02-17 09:09:13.921 I/am_wtf ( 1524): [0,1524,system_server,-1,DisplayDeviceConfig,requesting nits when no mapping exists.]
02-17 09:09:13.921 E/DisplayDeviceConfig( 1524): requesting nits when no mapping exists.
02-17 09:09:13.922 I/am_wtf ( 1524): [0,1524,system_server,-1,DisplayDeviceConfig,requesting nits when no mapping exists.]
02-17 09:09:13.938 E/DisplayDeviceConfig( 1524): requesting nits when no mapping exists.
02-17 09:09:13.938 I/am_wtf ( 1524): [0,1524,system_server,-1,DisplayDeviceConfig,requesting nits when no mapping exists.]
02-17 09:09:13.938 E/DisplayDeviceConfig( 1524): requesting nits when no mapping exists.
02-17 09:09:13.939 I/am_wtf ( 1524): [0,1524,system_server,-1,DisplayDeviceConfig,requesting nits when no mapping exists.]
02-17 09:09:13.935 I/auditd ( 32): type=1400 audit(0.0:20640): avc: denied { kill } for comm="rcuop/2" capability=5 scontext=u:r:kernel:s0 tcontext=u:r:kernel:s0 tclass=capability permissive=0
02-17 09:09:13.954 E/DisplayDeviceConfig( 1524): requesting nits when no mapping exists.
02-17 09:09:13.955 I/am_wtf ( 1524): [0,1524,system_server,-1,DisplayDeviceConfig,requesting nits when no mapping exists.]
02-17 09:09:13.956 E/DisplayDeviceConfig( 1524): requesting nits when no mapping exists.
02-17 09:09:13.957 I/am_wtf ( 1524): [0,1524,system_server,-1,DisplayDeviceConfig,requesting nits when no mapping exists.]
02-17 09:09:13.971 E/DisplayDeviceConfig( 1524): requesting nits when no mapping exists.
02-17 09:09:13.972 I/am_wtf ( 1524): [0,1524,system_server,-1,DisplayDeviceConfig,requesting nits when no mapping exists.]
02-17 09:09:13.972 E/DisplayDeviceConfig( 1524): requesting nits when no mapping exists.
02-17 09:09:13.973 I/am_wtf ( 1524): [0,1524,system_server,-1,DisplayDeviceConfig,requesting nits when no mapping exists.]
02-17 09:09:13.988 E/DisplayDeviceConfig( 1524): requesting nits when no mapping exists.
02-17 09:09:13.989 E/DisplayDeviceConfig( 1524): requesting nits when no mapping exists.
02-17 09:09:13.989 I/am_wtf ( 1524): [0,1524,system_server,-1,DisplayDeviceConfig,requesting nits when no mapping exists.]
02-17 09:09:13.989 I/am_wtf ( 1524): [0,1524,system_server,-1,DisplayDeviceConfig,requesting nits when no mapping exists.]
02-17 09:09:14.004 E/DisplayDeviceConfig( 1524): requesting nits when no mapping exists.
02-17 09:09:14.005 I/am_wtf ( 1524): [0,1524,system_server,-1,DisplayDeviceConfig,requesting nits when no mapping exists.]
02-17 09:09:14.005 E/DisplayDeviceConfig( 1524): requesting nits when no mapping exists.
02-17 09:09:14.006 I/am_wtf ( 1524): [0,1524,system_server,-1,DisplayDeviceConfig,requesting nits when no mapping exists.]
02-17 09:09:14.021 E/DisplayDeviceConfig( 1524): requesting nits when no mapping exists.
02-17 09:09:14.022 I/am_wtf ( 1524): [0,1524,system_server,-1,DisplayDeviceConfig,requesting nits when no mapping exists.]
02-17 09:09:14.022 E/DisplayDeviceConfig( 1524): requesting nits when no mapping exists.
02-17 09:09:14.023 I/am_wtf ( 1524): [0,1524,system_server,-1,DisplayDeviceConfig,requesting nits when no mapping exists.]
02-17 09:09:14.038 E/DisplayDeviceConfig( 1524): requesting nits when no mapping exists.
02-17 09:09:14.039 I/am_wtf ( 1524): [0,1524,system_server,-1,DisplayDeviceConfig,requesting nits when no mapping exists.]
02-17 09:09:14.039 E/DisplayDeviceConfig( 1524): requesting nits when no mapping exists.
02-17 09:09:14.039 I/am_wtf ( 1524): [0,1524,system_server,-1,DisplayDeviceConfig,requesting nits when no mapping exists.]
02-17 09:09:14.055 E/DisplayDeviceConfig( 1524): requesting nits when no mapping exists.
02-17 09:09:14.055 E/DisplayDeviceConfig( 1524): requesting nits when no mapping exists.
02-17 09:09:14.056 I/am_wtf ( 1524): [0,1524,system_server,-1,DisplayDeviceConfig,requesting nits when no mapping exists.]
02-17 09:09:14.056 I/am_wtf ( 1524): [0,1524,system_server,-1,DisplayDeviceConfig,requesting nits when no mapping exists.]
02-17 09:09:14.071 E/DisplayDeviceConfig( 1524): requesting nits when no mapping exists.
02-17 09:09:14.072 E/DisplayDeviceConfig( 1524): requesting nits when no mapping exists.
02-17 09:09:14.072 I/am_wtf ( 1524): [0,1524,system_server,-1,DisplayDeviceConfig,requesting nits when no mapping exists.]
02-17 09:09:14.073 I/am_wtf ( 1524): [0,1524,system_server,-1,DisplayDeviceConfig,requesting nits when no mapping exists.]
02-17 09:09:14.088 E/DisplayDeviceConfig( 1524): requesting nits when no mapping exists.
02-17 09:09:14.089 E/DisplayDeviceConfig( 1524): requesting nits when no mapping exists.
02-17 09:09:14.089 I/am_wtf ( 1524): [0,1524,system_server,-1,DisplayDeviceConfig,requesting nits when no mapping exists.]
02-17 09:09:14.089 I/am_wtf ( 1524): [0,1524,system_server,-1,DisplayDeviceConfig,requesting nits when no mapping exists.]
02-17 09:09:14.105 E/DisplayDeviceConfig( 1524): requesting nits when no mapping exists.
02-17 09:09:14.105 E/DisplayDeviceConfig( 1524): requesting nits when no mapping exists.
02-17 09:09:14.105 I/am_wtf ( 1524): [0,1524,system_server,-1,DisplayDeviceConfig,requesting nits when no mapping exists.]
02-17 09:09:14.106 I/am_wtf ( 1524): [0,1524,system_server,-1,DisplayDeviceConfig,requesting nits when no mapping exists.]
02-17 09:09:14.122 E/DisplayDeviceConfig( 1524): requesting nits when no mapping exists.
02-17 09:09:14.122 E/DisplayDeviceConfig( 1524): requesting nits when no mapping exists.
02-17 09:09:14.122 I/am_wtf ( 1524): [0,1524,system_server,-1,DisplayDeviceConfig,requesting nits when no mapping exists.]
02-17 09:09:14.123 I/am_wtf ( 1524): [0,1524,system_server,-1,DisplayDeviceConfig,requesting nits when no mapping exists.]
02-17 09:09:14.138 E/DisplayDeviceConfig( 1524): requesting nits when no mapping exists.
02-17 09:09:14.139 E/DisplayDeviceConfig( 1524): requesting nits when no mapping exists.
02-17 09:09:14.139 I/am_wtf ( 1524): [0,1524,system_server,-1,DisplayDeviceConfig,requesting nits when no mapping exists.]
02-17 09:09:14.140 I/am_wtf ( 1524): [0,1524,system_server,-1,DisplayDeviceConfig,requesting nits when no mapping exists.]
02-17 09:09:14.155 E/DisplayDeviceConfig( 1524): requesting nits when no mapping exists.
02-17 09:09:14.156 E/DisplayDeviceConfig( 1524): requesting nits when no mapping exists.
02-17 09:09:14.156 I/am_wtf ( 1524): [0,1524,system_server,-1,DisplayDeviceConfig,requesting nits when no mapping exists.]
02-17 09:09:14.156 I/am_wtf ( 1524): [0,1524,system_server,-1,DisplayDeviceConfig,requesting nits when no mapping exists.]
02-17 09:09:14.172 E/DisplayDeviceConfig( 1524): requesting nits when no mapping exists.
02-17 09:09:14.172 E/DisplayDeviceConfig( 1524): requesting nits when no mapping exists.
02-17 09:09:14.172 I/am_wtf ( 1524): [0,1524,system_server,-1,DisplayDeviceConfig,requesting nits when no mapping exists.]
02-17 09:09:14.173 I/am_wtf ( 1524): [0,1524,system_server,-1,DisplayDeviceConfig,requesting nits when no mapping exists.]
02-17 09:09:14.188 E/DisplayDeviceConfig( 1524): requesting nits when no mapping exists.
02-17 09:09:14.189 E/DisplayDeviceConfig( 1524): requesting nits when no mapping exists.
02-17 09:09:14.189 I/am_wtf ( 1524): [0,1524,system_server,-1,DisplayDeviceConfig,requesting nits when no mapping exists.]
02-17 09:09:14.190 I/am_wtf ( 1524): [0,1524,system_server,-1,DisplayDeviceConfig,requesting nits when no mapping exists.]
02-17 09:09:14.205 E/DisplayDeviceConfig( 1524): requesting nits when no mapping exists.
02-17 09:09:14.205 E/DisplayDeviceConfig( 1524): requesting nits when no mapping exists.
02-17 09:09:14.205 I/am_wtf ( 1524): [0,1524,system_server,-1,DisplayDeviceConfig,requesting nits when no mapping exists.]
02-17 09:09:14.206 I/am_wtf ( 1524): [0,1524,system_server,-1,DisplayDeviceConfig,requesting nits when no mapping exists.]
02-17 09:09:14.222 E/DisplayDeviceConfig( 1524): requesting nits when no mapping exists.
02-17 09:09:14.223 I/am_wtf ( 1524): [0,1524,system_server,-1,DisplayDeviceConfig,requesting nits when no mapping exists.]
02-17 09:09:14.223 E/DisplayDeviceConfig( 1524): requesting nits when no mapping exists.
02-17 09:09:14.223 I/am_wtf ( 1524): [0,1524,system_server,-1,DisplayDeviceConfig,requesting nits when no mapping exists.]
02-17 09:09:14.238 E/DisplayDeviceConfig( 1524): requesting nits when no mapping exists.
02-17 09:09:14.239 I/am_wtf ( 1524): [0,1524,system_server,-1,DisplayDeviceConfig,requesting nits when no mapping exists.]
02-17 09:09:14.239 E/DisplayDeviceConfig( 1524): requesting nits when no mapping exists.
02-17 09:09:14.240 I/am_wtf ( 1524): [0,1524,system_server,-1,DisplayDeviceConfig,requesting nits when no mapping exists.]
02-17 09:09:14.255 E/DisplayDeviceConfig( 1524): requesting nits when no mapping exists.
02-17 09:09:14.256 E/DisplayDeviceConfig( 1524): requesting nits when no mapping exists.
02-17 09:09:14.256 I/am_wtf ( 1524): [0,1524,system_server,-1,DisplayDeviceConfig,requesting nits when no mapping exists.]
02-17 09:09:14.257 I/am_wtf ( 1524): [0,1524,system_server,-1,DisplayDeviceConfig,requesting nits when no mapping exists.]
02-17 09:09:14.272 E/DisplayDeviceConfig( 1524): requesting nits when no mapping exists.
02-17 09:09:14.272 E/DisplayDeviceConfig( 1524): requesting nits when no mapping exists.
02-17 09:09:14.273 I/am_wtf ( 1524): [0,1524,system_server,-1,DisplayDeviceConfig,requesting nits when no mapping exists.]
02-17 09:09:14.273 I/am_wtf ( 1524): [0,1524,system_server,-1,DisplayDeviceConfig,requesting nits when no mapping exists.]
02-17 09:09:14.288 E/DisplayDeviceConfig( 1524): requesting nits when no mapping exists.
02-17 09:09:14.289 I/am_wtf ( 1524): [0,1524,system_server,-1,DisplayDeviceConfig,requesting nits when no mapping exists.]
02-17 09:09:14.289 E/DisplayDeviceConfig( 1524): requesting nits when no mapping exists.
02-17 09:09:14.290 I/am_wtf ( 1524): [0,1524,system_server,-1,DisplayDeviceConfig,requesting nits when no mapping exists.]
02-17 09:09:14.305 E/DisplayDeviceConfig( 1524): requesting nits when no mapping exists.
02-17 09:09:14.306 E/DisplayDeviceConfig( 1524): requesting nits when no mapping exists.
02-17 09:09:14.306 I/am_wtf ( 1524): [0,1524,system_server,-1,DisplayDeviceConfig,requesting nits when no mapping exists.]
02-17 09:09:14.307 I/am_wtf ( 1524): [0,1524,system_server,-1,DisplayDeviceConfig,requesting nits when no mapping exists.]
02-17 09:09:14.322 E/DisplayDeviceConfig( 1524): requesting nits when no mapping exists.
02-17 09:09:14.323 I/am_wtf ( 1524): [0,1524,system_server,-1,DisplayDeviceConfig,requesting nits when no mapping exists.]
02-17 09:09:14.323 E/DisplayDeviceConfig( 1524): requesting nits when no mapping exists.
02-17 09:09:14.324 I/am_wtf ( 1524): [0,1524,system_server,-1,DisplayDeviceConfig,requesting nits when no mapping exists.]
02-17 09:09:14.339 E/DisplayDeviceConfig( 1524): requesting nits when no mapping exists.
02-17 09:09:14.340 E/DisplayDeviceConfig( 1524): requesting nits when no mapping exists.
02-17 09:09:14.340 I/am_wtf ( 1524): [0,1524,system_server,-1,DisplayDeviceConfig,requesting nits when no mapping exists.]
02-17 09:09:14.341 I/am_wtf ( 1524): [0,1524,system_server,-1,DisplayDeviceConfig,requesting nits when no mapping exists.]
01-01 13:19:54.685 E/DTC_ETH,link_delay_work_func( 0): 3003, SQI=0, link=0
02-17 09:09:14.939 I/auditd ( 0): type=1400 audit(0.0:20641): avc: denied { kill } for comm="swapper/0" capability=5 scontext=u:r:kernel:s0 tcontext=u:r:kernel:s0 tclass=capability permissive=0
02-17 09:09:15.939 I/auditd ( 0): type=1400 audit(0.0:20642): avc: denied { kill } for comm="swapper/0" capability=5 scontext=u:r:kernel:s0 tcontext=u:r:kernel:s0 tclass=capability permissive=0
02-17 09:09:16.264 I/am_uid_idle( 1524): 10040
02-17 09:09:16.935 I/auditd ( 0): type=1400 audit(0.0:20643): avc: denied { kill } for comm="swapper/0" capability=5 scontext=u:r:kernel:s0 tcontext=u:r:kernel:s0 tclass=capability permissive=0
02-17 09:09:17.939 I/auditd ( 0): type=1400 audit(0.0:20644): avc: denied { kill } for comm="swapper/0" capability=5 scontext=u:r:kernel:s0 tcontext=u:r:kernel:s0 tclass=capability permissive=0
02-17 09:09:18.939 I/auditd ( 0): type=1400 audit(0.0:20645): avc: denied { kill } for comm="swapper/0" capability=5 scontext=u:r:kernel:s0 tcontext=u:r:kernel:s0 tclass=capability permissive=0
01-01 13:19:59.805 E/DTC_ETH,link_delay_work_func( 0): 3003, SQI=0, link=0
02-17 09:09:19.935 I/auditd ( 0): type=1400 audit(0.0:20646): avc: denied { kill } for comm="swapper/0" capability=5 scontext=u:r:kernel:s0 tcontext=u:r:kernel:s0 tclass=capability permissive=0
02-17 09:09:20.367 I/PowerManagerService( 1524): Napping display group (groupId=0, uid=1000)...
02-17 09:09:20.367 I/PowerManagerService( 1524): Nap time (uid 1000)...
02-17 09:09:20.368 I/DreamManagerService( 1524): Entering dreamland.
02-17 09:09:20.371 I/PowerManagerService( 1524): Dreaming...
02-17 09:09:20.375 I/DreamController( 1524): Starting dream: name=ComponentInfo{com.thundercomm.screensaver/com.thundercomm.saverclock.service.ClockScreensaver}, isTest=false, canDoze=false, userId=0
02-17 09:09:20.375 I/sysui_multi_action( 1524): [757,222,758,1]
02-17 09:09:20.377 I/am_uid_active( 1524): 10040
02-17 09:09:20.394 I/input_focus( 1524): [Focus request 321be4b com.android.launcher3/com.android.launcher3.uioverrides.QuickstepLauncher,reason=UpdateInputWindows]
02-17 09:09:20.394 I/ActivityTaskManager( 1524): START u0 {flg=0x10000000 pkg=com.thundercomm.screensaver cmp=com.thundercomm.screensaver/android.service.dreams.DreamActivity (has extras)} from uid 10040
02-17 09:09:20.396 I/wm_task_created( 1524): [118,-1]
02-17 09:09:20.396 W/ActivityTaskManager( 1524): Can't find TaskDisplayArea to determine support for multi window. Task id=118 attached=false
02-17 09:09:20.400 I/wm_task_moved( 1524): [118,1,14]
02-17 09:09:20.400 I/wm_task_to_front( 1524): [0,118]
02-17 09:09:20.400 I/wm_create_task( 1524): [0,118]
02-17 09:09:20.400 I/wm_create_activity( 1524): [0,7607299,118,com.thundercomm.screensaver/android.service.dreams.DreamActivity,NULL,NULL,NULL,276824064]
02-17 09:09:20.400 I/wm_task_moved( 1524): [118,1,14]
02-17 09:09:20.400 I/wm_on_top_resumed_lost_called( 2568): [128678138,com.android.launcher3.uioverrides.QuickstepLauncher,topStateChangedWhenResumed]
02-17 09:09:20.402 I/wm_pause_activity( 1524): [0,128678138,com.android.launcher3/.uioverrides.QuickstepLauncher,userLeaving=true,pauseBackTasks]
02-17 09:09:20.404 I/wm_on_paused_called( 2568): [128678138,com.android.launcher3.uioverrides.QuickstepLauncher,performPause]
02-17 09:09:20.405 I/ActivityTaskManager( 1524): FOREGROUND_APPLICATION_CHANGED to android.service.dreams.DreamActivity
02-17 09:09:20.406 I/ActivityTaskManager( 1524): The Process com.thundercomm.screensaver Already Exists in BG. So sending its PID: 19147
02-17 09:09:20.406 W/ActivityTaskManager( 1524): Tried to set launchTime (0) < mLastActivityLaunchTime (18830197)
02-17 09:09:20.406 I/wm_add_to_stopping( 1524): [0,128678138,com.android.launcher3/.uioverrides.QuickstepLauncher,makeInvisible]
02-17 09:09:20.406 I/wm_restart_activity( 1524): [0,7607299,118,com.thundercomm.screensaver/android.service.dreams.DreamActivity]
02-17 09:09:20.408 I/wm_set_resumed_activity( 1524): [0,com.thundercomm.screensaver/android.service.dreams.DreamActivity,minimalResumeActivityLocked]
02-17 09:09:20.414 I/sysui_multi_action( 1524): [757,803,799,window_time_0,802,65]
02-17 09:09:20.415 W/ContextImpl( 2121): Calling a method in the system process without a qualified user: android.app.ContextImpl.startService:1816 android.content.ContextWrapper.startService:774 com.thundercomm.gamemode.ingame.services.GameModeActionUtils.startGameModeService:111 com.thundercomm.gamemode.ingame.services.GameModeActionUtils.startGameModeEntry:22 com.thundercomm.gamemode.ingame.services.ActivityMonitoringService$1.onActivityLaunch:139
02-17 09:09:20.415 I/wm_on_create_called(19147): [7607299,android.service.dreams.DreamActivity,performCreate]
02-17 09:09:20.416 I/wm_on_start_called(19147): [7607299,android.service.dreams.DreamActivity,handleStartActivity]
02-17 09:09:20.416 I/wm_on_resume_called(19147): [7607299,android.service.dreams.DreamActivity,RESUME_ACTIVITY]
02-17 09:09:20.417 W/WindowManager( 1524): Failed looking up window session=Session{f7ecec0 19147:u0a10040} callers=com.android.server.wm.WindowManagerService.windowForClientLocked:5628 com.android.server.wm.Session.insetsModified:629 android.view.IWindowSession$Stub.onTransact:1151
02-17 09:09:20.417 I/GameModeConfig( 1524): Current uri is uri = content://com.thundercomm.gamemode.api/gamemode_settings/gamemode_isgaming
02-17 09:09:20.418 I/GameModeConfig( 1524): isGameModeOn = false
02-17 09:09:20.418 I/wm_on_top_resumed_gained_called(19147): [7607299,android.service.dreams.DreamActivity,topStateChangedWhenResumed]
02-17 09:09:20.418 I/GameModeConfig( 1524): isGameModeOn = false
02-17 09:09:20.418 I/GameModeConfig( 1524): isDisableVoice = true
02-17 09:09:20.421 I/input_focus( 1524): [Focus leaving febc086 NotificationShade (server),reason=NOT_FOCUSABLE]
02-17 09:09:20.429 I/input_focus( 1524): [Focus request 619ed5f com.thundercomm.screensaver/android.service.dreams.DreamActivity,reason=UpdateInputWindows]
02-17 09:09:20.436 I/sysui_multi_action( 1524): [319,40,322,40,325,19198,757,761,758,8,759,2,806,com.thundercomm.screensaver,871,android.service.dreams.DreamActivity,904,com.thundercomm.screensaver,905,0,1320,4,1321,2]
02-17 09:09:20.437 I/wm_activity_launch_time( 1524): [0,7607299,com.thundercomm.screensaver/android.service.dreams.DreamActivity,40]
02-17 09:09:20.437 V/DisplayPowerController[0]( 1524): Brightness [1.0] reason changing to: 'manual', previous reason: 'manual [ dim ]'.
02-17 09:09:20.437 I/sysui_multi_action( 1524): [757,1696,758,6,759,3]
02-17 09:09:20.440 I/GameModeConfig( 1524): isGameModeOn = false
02-17 09:09:20.440 I/GameModeConfig( 1524): isGameModeOn = false
02-17 09:09:20.440 I/GameModeConfig( 1524): isGameModeOn = false
02-17 09:09:20.440 I/GameModeConfig( 1524): isGameModeOn = false
02-17 09:09:20.440 I/GameModeConfig( 1524): isGameModeOn = false
02-17 09:09:20.440 I/GameModeConfig( 1524): isGameModeOn = false
02-17 09:09:20.440 I/notification_enqueue( 1524): [10080,1999,com.android.systemui,2048,NULL,0,Notification(channel=updateNotification shortcut=null contentView=null vibrate=null sound=null defaults=0x0 flags=0x0 color=0x00000000 vis=PRIVATE),1]
02-17 09:09:20.440 I/sysui_multi_action( 1999): [757,111,758,2]
02-17 09:09:20.441 I/sysui_multi_action( 1999): [757,111,758,2]
02-17 09:09:20.452 E/DisplayDeviceConfig( 1524): requesting nits when no mapping exists.
02-17 09:09:20.452 I/sysui_multi_action( 1999): [757,111,758,1]
02-17 09:09:20.452 I/sysui_multi_action( 1999): [757,126,758,1,759,126,927,0,928,0,1593,0]
02-17 09:09:20.453 I/sysui_multi_action( 1999): [757,113,758,1,759,113,927,1,928,1,1593,0]
02-17 09:09:20.453 I/sysui_multi_action( 1999): [757,0,758,1,759,0,927,2,928,0,1593,0]
02-17 09:09:20.453 E/DisplayDeviceConfig( 1524): requesting nits when no mapping exists.
02-17 09:09:20.453 I/sysui_multi_action( 1999): [757,0,758,1,759,0,927,3,928,0,1593,0]
02-17 09:09:20.453 I/am_wtf ( 1524): [0,1524,system_server,-1,DisplayDeviceConfig,requesting nits when no mapping exists.]
02-17 09:09:20.453 I/sysui_multi_action( 1999): [757,491,758,1,759,491,927,4,928,0,1311,-1,1593,0]
02-17 09:09:20.453 I/sysui_multi_action( 1999): [757,122,758,1,759,122,927,5,928,1,1593,0]
02-17 09:09:20.453 I/sysui_multi_action( 1999): [757,0,758,1,759,0,927,6,928,0,1593,0]
02-17 09:09:20.453 I/am_wtf ( 1524): [0,1524,system_server,-1,DisplayDeviceConfig,requesting nits when no mapping exists.]
02-17 09:09:20.453 I/sysui_multi_action( 1999): [757,0,758,1,759,0,927,7,1593,0]
02-17 09:09:20.453 I/sysui_multi_action( 1999): [757,111,758,1]
02-17 09:09:20.453 I/sysui_multi_action( 1999): [757,126,758,1,759,126,927,0,928,0,1593,0]
02-17 09:09:20.453 I/sysui_multi_action( 1999): [757,113,758,1,759,113,927,1,928,1,1593,0]
02-17 09:09:20.453 I/sysui_multi_action( 1999): [757,0,758,1,759,0,927,2,928,0,1593,0]
02-17 09:09:20.453 I/sysui_multi_action( 1999): [757,0,758,1,759,0,927,3,928,0,1593,0]
02-17 09:09:20.469 E/DisplayDeviceConfig( 1524): requesting nits when no mapping exists.
02-17 09:09:20.469 E/DisplayDeviceConfig( 1524): requesting nits when no mapping exists.
02-17 09:09:20.470 I/am_wtf ( 1524): [0,1524,system_server,-1,DisplayDeviceConfig,requesting nits when no mapping exists.]
02-17 09:09:20.470 I/am_wtf ( 1524): [0,1524,system_server,-1,DisplayDeviceConfig,requesting nits when no mapping exists.]
02-17 09:09:20.470 I/input_focus( 1524): [Focus entering 619ed5f com.thundercomm.screensaver/android.service.dreams.DreamActivity (server),reason=Window became focusable. Previous reason: NOT_VISIBLE]
02-17 09:09:20.470 I/service_manager_stats( 1524): [100,50,6931]
02-17 09:09:20.487 E/DisplayDeviceConfig( 1524): requesting nits when no mapping exists.
02-17 09:09:20.487 E/DisplayDeviceConfig( 1524): requesting nits when no mapping exists.
02-17 09:09:20.487 I/am_wtf ( 1524): [0,1524,system_server,-1,DisplayDeviceConfig,requesting nits when no mapping exists.]
02-17 09:09:20.487 I/am_wtf ( 1524): [0,1524,system_server,-1,DisplayDeviceConfig,requesting nits when no mapping exists.]
02-17 09:09:20.503 E/DisplayDeviceConfig( 1524): requesting nits when no mapping exists.
02-17 09:09:20.503 E/DisplayDeviceConfig( 1524): requesting nits when no mapping exists.
02-17 09:09:20.503 I/am_wtf ( 1524): [0,1524,system_server,-1,DisplayDeviceConfig,requesting nits when no mapping exists.]
02-17 09:09:20.503 I/am_wtf ( 1524): [0,1524,system_server,-1,DisplayDeviceConfig,requesting nits when no mapping exists.]
02-17 09:09:20.510 W/FreeFormWindowHelper( 1524): Current Display FreeFormTask is null
02-17 09:09:20.511 W/ContextImpl( 2121): Calling a method in the system process without a qualified user: android.app.ContextImpl.startService:1816 android.content.ContextWrapper.startService:774 com.thundercomm.gamemode.ingame.services.GameModeActionUtils.startGameModeService:111 com.thundercomm.gamemode.ingame.services.GameModeActionUtils.startGameModeEntry:22 com.thundercomm.gamemode.ingame.services.ActivityMonitoringService$1.onActivityLaunch:139
02-17 09:09:20.512 I/GameModeConfig( 1524): Current uri is uri = content://com.thundercomm.gamemode.api/gamemode_settings/gamemode_isgaming
02-17 09:09:20.513 I/GameModeConfig( 1524): isGameModeOn = false
02-17 09:09:20.513 I/GameModeConfig( 1524): isGameModeOn = false
02-17 09:09:20.513 I/GameModeConfig( 1524): isDisableVoice = true
02-17 09:09:20.520 E/DisplayDeviceConfig( 1524): requesting nits when no mapping exists.
02-17 09:09:20.520 E/DisplayDeviceConfig( 1524): requesting nits when no mapping exists.
02-17 09:09:20.520 I/am_wtf ( 1524): [0,1524,system_server,-1,DisplayDeviceConfig,requesting nits when no mapping exists.]
02-17 09:09:20.520 I/am_wtf ( 1524): [0,1524,system_server,-1,DisplayDeviceConfig,requesting nits when no mapping exists.]
02-17 09:09:20.536 E/DisplayDeviceConfig( 1524): requesting nits when no mapping exists.
02-17 09:09:20.536 E/DisplayDeviceConfig( 1524): requesting nits when no mapping exists.
02-17 09:09:20.536 I/am_wtf ( 1524): [0,1524,system_server,-1,DisplayDeviceConfig,requesting nits when no mapping exists.]
02-17 09:09:20.537 I/am_wtf ( 1524): [0,1524,system_server,-1,DisplayDeviceConfig,requesting nits when no mapping exists.]
02-17 09:09:20.553 E/DisplayDeviceConfig( 1524): requesting nits when no mapping exists.
02-17 09:09:20.553 I/am_wtf ( 1524): [0,1524,system_server,-1,DisplayDeviceConfig,requesting nits when no mapping exists.]
02-17 09:09:20.553 E/DisplayDeviceConfig( 1524): requesting nits when no mapping exists.
02-17 09:09:20.554 I/am_wtf ( 1524): [0,1524,system_server,-1,DisplayDeviceConfig,requesting nits when no mapping exists.]
02-17 09:09:20.570 E/DisplayDeviceConfig( 1524): requesting nits when no mapping exists.
