02-17 09:14:45.451 I/am_wtf ( 1524): [0,1524,system_server,-1,DisplayDeviceConfig,requesting nits when no mapping exists.]
02-17 09:14:45.452 I/am_wtf ( 1524): [0,1524,system_server,-1,DisplayDeviceConfig,requesting nits when no mapping exists.]
02-17 09:14:45.468 E/DisplayDeviceConfig( 1524): requesting nits when no mapping exists.
02-17 09:14:45.468 E/DisplayDeviceConfig( 1524): requesting nits when no mapping exists.
02-17 09:14:45.468 I/am_wtf ( 1524): [0,1524,system_server,-1,DisplayDeviceConfig,requesting nits when no mapping exists.]
02-17 09:14:45.468 I/am_wtf ( 1524): [0,1524,system_server,-1,DisplayDeviceConfig,requesting nits when no mapping exists.]
02-17 09:14:45.485 E/DisplayDeviceConfig( 1524): requesting nits when no mapping exists.
02-17 09:14:45.485 E/DisplayDeviceConfig( 1524): requesting nits when no mapping exists.
02-17 09:14:45.485 I/am_wtf ( 1524): [0,1524,system_server,-1,DisplayDeviceConfig,requesting nits when no mapping exists.]
02-17 09:14:45.485 I/am_wtf ( 1524): [0,1524,system_server,-1,DisplayDeviceConfig,requesting nits when no mapping exists.]
02-17 09:14:45.502 E/DisplayDeviceConfig( 1524): requesting nits when no mapping exists.
02-17 09:14:45.502 E/DisplayDeviceConfig( 1524): requesting nits when no mapping exists.
02-17 09:14:45.502 I/am_wtf ( 1524): [0,1524,system_server,-1,DisplayDeviceConfig,requesting nits when no mapping exists.]
02-17 09:14:45.502 I/am_wtf ( 1524): [0,1524,system_server,-1,DisplayDeviceConfig,requesting nits when no mapping exists.]
02-17 09:14:45.518 E/DisplayDeviceConfig( 1524): requesting nits when no mapping exists.
02-17 09:14:45.518 I/am_wtf ( 1524): [0,1524,system_server,-1,DisplayDeviceConfig,requesting nits when no mapping exists.]
02-17 09:14:45.518 E/DisplayDeviceConfig( 1524): requesting nits when no mapping exists.
02-17 09:14:45.519 I/am_wtf ( 1524): [0,1524,system_server,-1,DisplayDeviceConfig,requesting nits when no mapping exists.]
02-17 09:14:45.535 E/DisplayDeviceConfig( 1524): requesting nits when no mapping exists.
02-17 09:14:45.535 E/DisplayDeviceConfig( 1524): requesting nits when no mapping exists.
02-17 09:14:45.535 I/am_wtf ( 1524): [0,1524,system_server,-1,DisplayDeviceConfig,requesting nits when no mapping exists.]
02-17 09:14:45.535 I/am_wtf ( 1524): [0,1524,system_server,-1,DisplayDeviceConfig,requesting nits when no mapping exists.]
02-17 09:14:45.552 E/DisplayDeviceConfig( 1524): requesting nits when no mapping exists.
02-17 09:14:45.552 E/DisplayDeviceConfig( 1524): requesting nits when no mapping exists.
02-17 09:14:45.552 I/am_wtf ( 1524): [0,1524,system_server,-1,DisplayDeviceConfig,requesting nits when no mapping exists.]
02-17 09:14:45.552 I/am_wtf ( 1524): [0,1524,system_server,-1,DisplayDeviceConfig,requesting nits when no mapping exists.]
02-17 09:14:45.568 E/DisplayDeviceConfig( 1524): requesting nits when no mapping exists.
02-17 09:14:45.568 E/DisplayDeviceConfig( 1524): requesting nits when no mapping exists.
02-17 09:14:45.568 I/am_wtf ( 1524): [0,1524,system_server,-1,DisplayDeviceConfig,requesting nits when no mapping exists.]
02-17 09:14:45.568 I/am_wtf ( 1524): [0,1524,system_server,-1,DisplayDeviceConfig,requesting nits when no mapping exists.]
02-17 09:14:45.585 E/DisplayDeviceConfig( 1524): requesting nits when no mapping exists.
02-17 09:14:45.585 E/DisplayDeviceConfig( 1524): requesting nits when no mapping exists.
02-17 09:14:45.585 I/am_wtf ( 1524): [0,1524,system_server,-1,DisplayDeviceConfig,requesting nits when no mapping exists.]
02-17 09:14:45.585 I/am_wtf ( 1524): [0,1524,system_server,-1,DisplayDeviceConfig,requesting nits when no mapping exists.]
02-17 09:14:45.602 E/DisplayDeviceConfig( 1524): requesting nits when no mapping exists.
02-17 09:14:45.602 E/DisplayDeviceConfig( 1524): requesting nits when no mapping exists.
02-17 09:14:45.602 I/am_wtf ( 1524): [0,1524,system_server,-1,DisplayDeviceConfig,requesting nits when no mapping exists.]
02-17 09:14:45.602 I/am_wtf ( 1524): [0,1524,system_server,-1,DisplayDeviceConfig,requesting nits when no mapping exists.]
02-17 09:14:45.619 E/DisplayDeviceConfig( 1524): requesting nits when no mapping exists.
02-17 09:14:45.619 E/DisplayDeviceConfig( 1524): requesting nits when no mapping exists.
02-17 09:14:45.619 I/am_wtf ( 1524): [0,1524,system_server,-1,DisplayDeviceConfig,requesting nits when no mapping exists.]
02-17 09:14:45.619 I/am_wtf ( 1524): [0,1524,system_server,-1,DisplayDeviceConfig,requesting nits when no mapping exists.]
02-17 09:14:45.635 E/DisplayDeviceConfig( 1524): requesting nits when no mapping exists.
02-17 09:14:45.635 E/DisplayDeviceConfig( 1524): requesting nits when no mapping exists.
02-17 09:14:45.635 I/am_wtf ( 1524): [0,1524,system_server,-1,DisplayDeviceConfig,requesting nits when no mapping exists.]
02-17 09:14:45.635 I/am_wtf ( 1524): [0,1524,system_server,-1,DisplayDeviceConfig,requesting nits when no mapping exists.]
02-17 09:14:45.652 E/DisplayDeviceConfig( 1524): requesting nits when no mapping exists.
02-17 09:14:45.652 E/DisplayDeviceConfig( 1524): requesting nits when no mapping exists.
02-17 09:14:45.652 I/am_wtf ( 1524): [0,1524,system_server,-1,DisplayDeviceConfig,requesting nits when no mapping exists.]
02-17 09:14:45.652 I/am_wtf ( 1524): [0,1524,system_server,-1,DisplayDeviceConfig,requesting nits when no mapping exists.]
02-17 09:14:45.668 E/DisplayDeviceConfig( 1524): requesting nits when no mapping exists.
02-17 09:14:45.669 E/DisplayDeviceConfig( 1524): requesting nits when no mapping exists.
02-17 09:14:45.669 I/am_wtf ( 1524): [0,1524,system_server,-1,DisplayDeviceConfig,requesting nits when no mapping exists.]
02-17 09:14:45.669 I/am_wtf ( 1524): [0,1524,system_server,-1,DisplayDeviceConfig,requesting nits when no mapping exists.]
02-17 09:14:45.685 E/DisplayDeviceConfig( 1524): requesting nits when no mapping exists.
02-17 09:14:45.685 E/DisplayDeviceConfig( 1524): requesting nits when no mapping exists.
02-17 09:14:45.685 I/am_wtf ( 1524): [0,1524,system_server,-1,DisplayDeviceConfig,requesting nits when no mapping exists.]
02-17 09:14:45.686 I/am_wtf ( 1524): [0,1524,system_server,-1,DisplayDeviceConfig,requesting nits when no mapping exists.]
02-17 09:14:45.701 E/DisplayDeviceConfig( 1524): requesting nits when no mapping exists.
02-17 09:14:45.702 E/DisplayDeviceConfig( 1524): requesting nits when no mapping exists.
02-17 09:14:45.702 I/am_wtf ( 1524): [0,1524,system_server,-1,DisplayDeviceConfig,requesting nits when no mapping exists.]
02-17 09:14:45.702 I/am_wtf ( 1524): [0,1524,system_server,-1,DisplayDeviceConfig,requesting nits when no mapping exists.]
02-17 09:14:45.718 E/DisplayDeviceConfig( 1524): requesting nits when no mapping exists.
02-17 09:14:45.718 E/DisplayDeviceConfig( 1524): requesting nits when no mapping exists.
02-17 09:14:45.718 I/am_wtf ( 1524): [0,1524,system_server,-1,DisplayDeviceConfig,requesting nits when no mapping exists.]
02-17 09:14:45.719 I/am_wtf ( 1524): [0,1524,system_server,-1,DisplayDeviceConfig,requesting nits when no mapping exists.]
02-17 09:14:45.735 E/DisplayDeviceConfig( 1524): requesting nits when no mapping exists.
02-17 09:14:45.735 I/am_wtf ( 1524): [0,1524,system_server,-1,DisplayDeviceConfig,requesting nits when no mapping exists.]
02-17 09:14:45.735 E/DisplayDeviceConfig( 1524): requesting nits when no mapping exists.
02-17 09:14:45.735 I/am_wtf ( 1524): [0,1524,system_server,-1,DisplayDeviceConfig,requesting nits when no mapping exists.]
02-17 09:14:45.935 I/auditd ( 0): type=1400 audit(0.0:20965): avc: denied { kill } for comm="swapper/2" capability=5 scontext=u:r:kernel:s0 tcontext=u:r:kernel:s0 tclass=capability permissive=0
02-17 09:14:46.935 I/auditd ( 0): type=1400 audit(0.0:20966): avc: denied { kill } for comm="swapper/2" capability=5 scontext=u:r:kernel:s0 tcontext=u:r:kernel:s0 tclass=capability permissive=0
01-01 13:25:27.485 E/DTC_ETH,link_delay_work_func( 0): 3003, SQI=0, link=0
02-17 09:14:47.935 I/auditd ( 0): type=1400 audit(0.0:20967): avc: denied { kill } for comm="swapper/7" capability=5 scontext=u:r:kernel:s0 tcontext=u:r:kernel:s0 tclass=capability permissive=0
02-17 09:14:48.939 I/auditd ( 0): type=1400 audit(0.0:20968): avc: denied { kill } for comm="swapper/7" capability=5 scontext=u:r:kernel:s0 tcontext=u:r:kernel:s0 tclass=capability permissive=0
02-17 09:14:49.939 I/auditd ( 0): type=1400 audit(0.0:20969): avc: denied { kill } for comm="swapper/7" capability=5 scontext=u:r:kernel:s0 tcontext=u:r:kernel:s0 tclass=capability permissive=0
02-17 09:14:50.935 I/auditd ( 0): type=1400 audit(0.0:20970): avc: denied { kill } for comm="swapper/7" capability=5 scontext=u:r:kernel:s0 tcontext=u:r:kernel:s0 tclass=capability permissive=0
02-17 09:14:51.935 I/auditd ( 0): type=1400 audit(0.0:20971): avc: denied { kill } for comm="swapper/7" capability=5 scontext=u:r:kernel:s0 tcontext=u:r:kernel:s0 tclass=capability permissive=0
01-01 13:25:32.605 E/DTC_ETH,link_delay_work_func( 0): 3003, SQI=0, link=0
02-17 09:14:52.939 I/auditd ( 0): type=1400 audit(0.0:20972): avc: denied { kill } for comm="swapper/7" capability=5 scontext=u:r:kernel:s0 tcontext=u:r:kernel:s0 tclass=capability permissive=0
02-17 09:14:53.935 I/auditd ( 0): type=1400 audit(0.0:20973): avc: denied { kill } for comm="swapper/7" capability=5 scontext=u:r:kernel:s0 tcontext=u:r:kernel:s0 tclass=capability permissive=0
02-17 09:14:54.935 I/auditd ( 0): type=1400 audit(0.0:20974): avc: denied { kill } for comm="swapper/7" capability=5 scontext=u:r:kernel:s0 tcontext=u:r:kernel:s0 tclass=capability permissive=0
02-17 09:14:55.037 I/GameModeConfig( 1524): isGameModeOn = false
02-17 09:14:55.050 I/GameModeConfig( 1524): isGameModeOn = false
02-17 09:14:55.253 I/GameModeConfig( 1524): isGameModeOn = false
02-17 09:14:55.935 I/auditd ( 0): type=1400 audit(0.0:20975): avc: denied { kill } for comm="swapper/7" capability=5 scontext=u:r:kernel:s0 tcontext=u:r:kernel:s0 tclass=capability permissive=0
02-17 09:14:56.935 I/auditd ( 0): type=1400 audit(0.0:20976): avc: denied { kill } for comm="swapper/7" capability=5 scontext=u:r:kernel:s0 tcontext=u:r:kernel:s0 tclass=capability permissive=0
01-01 13:25:37.725 E/DTC_ETH,link_delay_work_func( 0): 3003, SQI=0, link=0
02-17 09:14:57.935 I/auditd ( 0): type=1400 audit(0.0:20977): avc: denied { kill } for comm="swapper/7" capability=5 scontext=u:r:kernel:s0 tcontext=u:r:kernel:s0 tclass=capability permissive=0
02-17 09:14:58.935 I/auditd ( 0): type=1400 audit(0.0:20978): avc: denied { kill } for comm="swapper/7" capability=5 scontext=u:r:kernel:s0 tcontext=u:r:kernel:s0 tclass=capability permissive=0
02-17 09:14:59.935 I/auditd ( 0): type=1400 audit(0.0:20979): avc: denied { kill } for comm="swapper/7" capability=5 scontext=u:r:kernel:s0 tcontext=u:r:kernel:s0 tclass=capability permissive=0
02-17 09:15:01.935 I/auditd ( 0): type=1400 audit(0.0:20980): avc: denied { kill } for comm="swapper/1" capability=5 scontext=u:r:kernel:s0 tcontext=u:r:kernel:s0 tclass=capability permissive=0
01-01 13:25:42.845 E/DTC_ETH,link_delay_work_func( 0): 3003, SQI=0, link=0
02-17 09:15:02.935 I/auditd ( 0): type=1400 audit(0.0:20981): avc: denied { kill } for comm="swapper/1" capability=5 scontext=u:r:kernel:s0 tcontext=u:r:kernel:s0 tclass=capability permissive=0
02-17 09:15:03.939 I/auditd (19876): type=1400 audit(0.0:20982): avc: denied { kill } for comm="kworker/u16:7" capability=5 scontext=u:r:kernel:s0 tcontext=u:r:kernel:s0 tclass=capability permissive=0
02-17 09:15:04.935 I/auditd ( 0): type=1400 audit(0.0:20983): avc: denied { kill } for comm="swapper/1" capability=5 scontext=u:r:kernel:s0 tcontext=u:r:kernel:s0 tclass=capability permissive=0
02-17 09:15:05.935 I/auditd ( 0): type=1400 audit(0.0:20984): avc: denied { kill } for comm="swapper/1" capability=5 scontext=u:r:kernel:s0 tcontext=u:r:kernel:s0 tclass=capability permissive=0
02-17 09:15:06.939 I/auditd ( 0): type=1400 audit(0.0:20985): avc: denied { kill } for comm="swapper/1" capability=5 scontext=u:r:kernel:s0 tcontext=u:r:kernel:s0 tclass=capability permissive=0
01-01 13:25:47.965 E/DTC_ETH,link_delay_work_func( 0): 3003, SQI=0, link=0
02-17 09:15:07.935 I/auditd ( 0): type=1400 audit(0.0:20986): avc: denied { kill } for comm="swapper/1" capability=5 scontext=u:r:kernel:s0 tcontext=u:r:kernel:s0 tclass=capability permissive=0
02-17 09:15:08.935 I/auditd ( 0): type=1400 audit(0.0:20987): avc: denied { kill } for comm="swapper/1" capability=5 scontext=u:r:kernel:s0 tcontext=u:r:kernel:s0 tclass=capability permissive=0
02-17 09:15:09.935 I/auditd ( 0): type=1400 audit(0.0:20988): avc: denied { kill } for comm="swapper/1" capability=5 scontext=u:r:kernel:s0 tcontext=u:r:kernel:s0 tclass=capability permissive=0
02-17 09:15:10.939 I/auditd ( 0): type=1400 audit(0.0:20989): avc: denied { kill } for comm="swapper/1" capability=5 scontext=u:r:kernel:s0 tcontext=u:r:kernel:s0 tclass=capability permissive=0
02-17 09:15:11.939 I/auditd ( 0): type=1400 audit(0.0:20990): avc: denied { kill } for comm="swapper/1" capability=5 scontext=u:r:kernel:s0 tcontext=u:r:kernel:s0 tclass=capability permissive=0
01-01 13:25:53.085 E/DTC_ETH,link_delay_work_func( 0): 3003, SQI=0, link=0
02-17 09:15:12.935 I/auditd ( 0): type=1400 audit(0.0:20991): avc: denied { kill } for comm="swapper/1" capability=5 scontext=u:r:kernel:s0 tcontext=u:r:kernel:s0 tclass=capability permissive=0
02-17 09:15:13.939 I/auditd ( 0): type=1400 audit(0.0:20992): avc: denied { kill } for comm="swapper/1" capability=5 scontext=u:r:kernel:s0 tcontext=u:r:kernel:s0 tclass=capability permissive=0
02-17 09:15:14.939 I/auditd ( 0): type=1400 audit(0.0:20993): avc: denied { kill } for comm="swapper/1" capability=5 scontext=u:r:kernel:s0 tcontext=u:r:kernel:s0 tclass=capability permissive=0
02-17 09:15:15.935 I/auditd ( 0): type=1400 audit(0.0:20994): avc: denied { kill } for comm="swapper/1" capability=5 scontext=u:r:kernel:s0 tcontext=u:r:kernel:s0 tclass=capability permissive=0
02-17 09:15:16.939 I/auditd ( 0): type=1400 audit(0.0:20995): avc: denied { kill } for comm="swapper/1" capability=5 scontext=u:r:kernel:s0 tcontext=u:r:kernel:s0 tclass=capability permissive=0
02-17 09:15:17.935 I/auditd ( 0): type=1400 audit(0.0:20996): avc: denied { kill } for comm="swapper/1" capability=5 scontext=u:r:kernel:s0 tcontext=u:r:kernel:s0 tclass=capability permissive=0
01-01 13:25:58.205 E/DTC_ETH,link_delay_work_func( 0): 3003, SQI=0, link=0
02-17 09:15:18.939 I/auditd ( 0): type=1400 audit(0.0:20997): avc: denied { kill } for comm="swapper/1" capability=5 scontext=u:r:kernel:s0 tcontext=u:r:kernel:s0 tclass=capability permissive=0
02-17 09:15:19.935 I/auditd ( 0): type=1400 audit(0.0:20998): avc: denied { kill } for comm="swapper/1" capability=5 scontext=u:r:kernel:s0 tcontext=u:r:kernel:s0 tclass=capability permissive=0
02-17 09:15:20.939 I/auditd ( 0): type=1400 audit(0.0:20999): avc: denied { kill } for comm="swapper/1" capability=5 scontext=u:r:kernel:s0 tcontext=u:r:kernel:s0 tclass=capability permissive=0
02-17 09:15:21.939 I/auditd ( 0): type=1400 audit(0.0:21000): avc: denied { kill } for comm="swapper/1" capability=5 scontext=u:r:kernel:s0 tcontext=u:r:kernel:s0 tclass=capability permissive=0
02-17 09:15:22.939 I/auditd ( 0): type=1400 audit(0.0:21001): avc: denied { kill } for comm="swapper/1" capability=5 scontext=u:r:kernel:s0 tcontext=u:r:kernel:s0 tclass=capability permissive=0
01-01 13:26:03.325 E/DTC_ETH,link_delay_work_func( 0): 3003, SQI=0, link=0
02-17 09:15:23.939 I/auditd ( 0): type=1400 audit(0.0:21002): avc: denied { kill } for comm="swapper/1" capability=5 scontext=u:r:kernel:s0 tcontext=u:r:kernel:s0 tclass=capability permissive=0
02-17 09:15:24.935 I/auditd ( 0): type=1400 audit(0.0:21003): avc: denied { kill } for comm="swapper/1" capability=5 scontext=u:r:kernel:s0 tcontext=u:r:kernel:s0 tclass=capability permissive=0
02-17 09:15:25.939 I/auditd ( 0): type=1400 audit(0.0:21004): avc: denied { kill } for comm="swapper/1" capability=5 scontext=u:r:kernel:s0 tcontext=u:r:kernel:s0 tclass=capability permissive=0
02-17 09:15:26.935 I/auditd ( 0): type=1400 audit(0.0:21005): avc: denied { kill } for comm="swapper/1" capability=5 scontext=u:r:kernel:s0 tcontext=u:r:kernel:s0 tclass=capability permissive=0
02-17 09:15:27.935 I/auditd ( 0): type=1400 audit(0.0:21006): avc: denied { kill } for comm="swapper/1" capability=5 scontext=u:r:kernel:s0 tcontext=u:r:kernel:s0 tclass=capability permissive=0
01-01 13:26:08.445 E/DTC_ETH,link_delay_work_func( 0): 3003, SQI=0, link=0
02-17 09:15:28.935 I/auditd ( 0): type=1400 audit(0.0:21007): avc: denied { kill } for comm="swapper/1" capability=5 scontext=u:r:kernel:s0 tcontext=u:r:kernel:s0 tclass=capability permissive=0
02-17 09:15:29.935 I/auditd ( 0): type=1400 audit(0.0:21008): avc: denied { kill } for comm="swapper/1" capability=5 scontext=u:r:kernel:s0 tcontext=u:r:kernel:s0 tclass=capability permissive=0
02-17 09:15:30.935 I/auditd ( 0): type=1400 audit(0.0:21009): avc: denied { kill } for comm="swapper/1" capability=5 scontext=u:r:kernel:s0 tcontext=u:r:kernel:s0 tclass=capability permissive=0
02-17 09:15:31.935 I/auditd ( 0): type=1400 audit(0.0:21010): avc: denied { kill } for comm="swapper/1" capability=5 scontext=u:r:kernel:s0 tcontext=u:r:kernel:s0 tclass=capability permissive=0
02-17 09:15:32.935 I/auditd ( 0): type=1400 audit(0.0:21011): avc: denied { kill } for comm="swapper/1" capability=5 scontext=u:r:kernel:s0 tcontext=u:r:kernel:s0 tclass=capability permissive=0
01-01 13:26:13.565 E/DTC_ETH,link_delay_work_func( 0): 3003, SQI=0, link=0
02-17 09:15:33.935 I/auditd ( 0): type=1400 audit(0.0:21012): avc: denied { kill } for comm="swapper/1" capability=5 scontext=u:r:kernel:s0 tcontext=u:r:kernel:s0 tclass=capability permissive=0
02-17 09:15:34.173 I/input_interaction( 1524): Interaction with: 61906d2 com.thundercomm.screensaver/android.service.dreams.DreamActivity (server), edge-swipe (server), swipe-up (server), PointerEventDispatcher0 (server),
02-17 09:15:34.176 I/service_manager_stats( 1524): [114,26,49376]
02-17 09:15:34.176 I/wm_finish_activity( 1524): [0,187853894,121,com.thundercomm.screensaver/android.service.dreams.DreamActivity,finish-activity]
02-17 09:15:34.176 I/wm_task_moved( 1524): [1,1,13]
02-17 09:15:34.177 I/wm_task_moved( 1524): [9,1,2147483647]
02-17 09:15:34.177 I/wm_task_to_front( 1524): [0,9]
02-17 09:15:34.177 I/wm_focused_root_task( 1524): [0,0,1,121,finish-top adjustFocusToNextFocusableTask]
02-17 09:15:34.178 I/wm_set_resumed_activity( 1524): [0,com.android.launcher3/.uioverrides.QuickstepLauncher,finish-top adjustFocusToNextFocusableTask]
02-17 09:15:34.179 I/wm_pause_activity( 1524): [0,187853894,com.thundercomm.screensaver/android.service.dreams.DreamActivity,userLeaving=false,finish]
02-17 09:15:34.184 I/DreamManagerService( 1524): Gently waking up from dream.
02-17 09:15:34.185 I/DreamManagerService( 1524): Performing gentle wake from dream.
02-17 09:15:34.185 I/wm_on_top_resumed_lost_called(19147): [187853894,android.service.dreams.DreamActivity,topStateChangedWhenResumed]
02-17 09:15:34.186 I/sysui_multi_action( 1524): [757,803,799,window_time_0,802,49]
02-17 09:15:34.186 I/wm_on_paused_called(19147): [187853894,android.service.dreams.DreamActivity,performPause]
02-17 09:15:34.187 I/wm_add_to_stopping( 1524): [0,187853894,com.thundercomm.screensaver/android.service.dreams.DreamActivity,completeFinishing]
02-17 09:15:34.188 I/ActivityTaskManager( 1524): FOREGROUND_APPLICATION_CHANGED to com.android.launcher3.uioverrides.QuickstepLauncher
02-17 09:15:34.189 I/wm_set_resumed_activity( 1524): [0,com.android.launcher3/.uioverrides.QuickstepLauncher,resumeTopActivityInnerLocked]
02-17 09:15:34.190 I/wm_resume_activity( 1524): [0,128678138,9,com.android.launcher3/.uioverrides.QuickstepLauncher]
02-17 09:15:34.195 I/view_enqueue_input_event(19147): [Motion - Cancel,com.thundercomm.screensaver/android.service.dreams.DreamActivity]
02-17 09:15:34.195 I/input_focus( 1524): [Focus leaving 61906d2 com.thundercomm.screensaver/android.service.dreams.DreamActivity (server),reason=NO_WINDOW]
02-17 09:15:34.201 I/sysui_multi_action( 1524): [757,803,799,window_time_0,802,0]
02-17 09:15:34.204 I/wm_on_restart_called( 2568): [128678138,com.android.launcher3.uioverrides.QuickstepLauncher,performRestartActivity]
02-17 09:15:34.204 I/wm_on_start_called( 2568): [128678138,com.android.launcher3.uioverrides.QuickstepLauncher,handleStartActivity]
02-17 09:15:34.205 I/wm_on_resume_called( 2568): [128678138,com.android.launcher3.uioverrides.QuickstepLauncher,RESUME_ACTIVITY]
02-17 09:15:34.205 I/wm_on_top_resumed_gained_called( 2568): [128678138,com.android.launcher3.uioverrides.QuickstepLauncher,topWhenResuming]
02-17 09:15:34.209 W/ContextImpl( 2121): Calling a method in the system process without a qualified user: android.app.ContextImpl.startService:1816 android.content.ContextWrapper.startService:774 com.thundercomm.gamemode.ingame.services.GameModeActionUtils.startGameModeService:111 com.thundercomm.gamemode.ingame.services.GameModeActionUtils.startGameModeEntry:22 com.thundercomm.gamemode.ingame.services.ActivityMonitoringService$1.onActivityLaunch:139
02-17 09:15:34.214 I/GameModeConfig( 1524): Current uri is uri = content://com.thundercomm.gamemode.api/gamemode_settings/gamemode_isgaming
02-17 09:15:34.216 I/GameModeConfig( 1524): isGameModeOn = false
02-17 09:15:34.216 I/GameModeConfig( 1524): isGameModeOn = false
02-17 09:15:34.216 I/GameModeConfig( 1524): isDisableVoice = true
02-17 09:15:34.216 I/input_focus( 1524): [Focus request 321be4b com.android.launcher3/com.android.launcher3.uioverrides.QuickstepLauncher,reason=UpdateInputWindows]
02-17 09:15:34.225 I/input_interaction( 1524): Interaction with: edge-swipe (server), swipe-up (server), PointerEventDispatcher0 (server),
02-17 09:15:34.228 I/am_pss ( 1524): [13291,2000,com.android.shell,6250496,4259840,0,91893760,0,19,5]
02-17 09:15:34.231 I/PowerManagerService( 1524): Powering on display group fromDreaming (groupId=0, uid=1000, reason=WAKE_REASON_UNKNOWN, details=android.server.power:DREAM_FINISHED)...
02-17 09:15:34.231 I/PowerManagerService( 1524): Waking up from Dreaming (uid=1000, reason=WAKE_REASON_UNKNOWN, details=android.server.power:DREAM_FINISHED)...
02-17 09:15:34.238 I/input_focus( 1524): [Focus entering 321be4b com.android.launcher3/com.android.launcher3.uioverrides.QuickstepLauncher (server),reason=setFocusedWindow]
02-17 09:15:34.293 W/FreeFormWindowHelper( 1524): Current Display FreeFormTask is null
02-17 09:15:34.301 W/ContextImpl( 2121): Calling a method in the system process without a qualified user: android.app.ContextImpl.startService:1816 android.content.ContextWrapper.startService:774 com.thundercomm.gamemode.ingame.services.GameModeActionUtils.startGameModeService:111 com.thundercomm.gamemode.ingame.services.GameModeActionUtils.startGameModeEntry:22 com.thundercomm.gamemode.ingame.services.ActivityMonitoringService$1.onActivityLaunch:139
02-17 09:15:34.304 I/GameModeConfig( 1524): Current uri is uri = content://com.thundercomm.gamemode.api/gamemode_settings/gamemode_isgaming
02-17 09:15:34.306 I/GameModeConfig( 1524): isGameModeOn = false
02-17 09:15:34.306 I/GameModeConfig( 1524): isGameModeOn = false
02-17 09:15:34.306 I/GameModeConfig( 1524): isDisableVoice = true
02-17 09:15:34.472 I/wm_destroy_activity( 1524): [0,187853894,121,com.thundercomm.screensaver/android.service.dreams.DreamActivity,finish-imm:idle]
02-17 09:15:34.481 W/ContextImpl( 2121): Calling a method in the system process without a qualified user: android.app.ContextImpl.startService:1816 android.content.ContextWrapper.startService:774 com.thundercomm.gamemode.ingame.services.GameModeActionUtils.startGameModeService:111 com.thundercomm.gamemode.ingame.services.GameModeActionUtils.startGameModeEntry:22 com.thundercomm.gamemode.ingame.services.ActivityMonitoringService$1.onActivityLaunch:139
02-17 09:15:34.484 I/GameModeConfig( 1524): Current uri is uri = content://com.thundercomm.gamemode.api/gamemode_settings/gamemode_isgaming
02-17 09:15:34.487 I/GameModeConfig( 1524): isGameModeOn = false
02-17 09:15:34.487 I/GameModeConfig( 1524): isGameModeOn = false
02-17 09:15:34.487 I/GameModeConfig( 1524): isDisableVoice = true
02-17 09:15:34.492 I/wm_on_stop_called(19147): [187853894,android.service.dreams.DreamActivity,LIFECYCLER_STOP_ACTIVITY]
02-17 09:15:34.492 I/wm_on_destroy_called(19147): [187853894,android.service.dreams.DreamActivity,performDestroy]
02-17 09:15:34.494 I/DreamManagerService( 1524): Leaving dreamland.
02-17 09:15:34.495 I/DreamManagerService( 1524): Performing gentle wake from dream.
02-17 09:15:34.495 I/DreamController( 1524): Stopping dream: name=ComponentInfo{com.thundercomm.screensaver/com.thundercomm.saverclock.service.ClockScreensaver}, isTest=false, canDoze=false, userId=0, reason='finished self'(from 'finished self')
02-17 09:15:34.495 I/sysui_multi_action( 1524): [757,222,758,2]
02-17 09:15:34.495 I/sysui_multi_action( 1524): [757,804,799,dreaming_minutes,801,0,802,1]
02-17 09:15:34.509 I/wm_task_removed( 1524): [121,removeChild:removeChild last r=ActivityRecord{b326c46 u0 com.thundercomm.screensaver/android.service.dreams.DreamActivity t-1 f}} in t=Task{6c763c9 #121 type=dream A=10040:android:com.thundercomm.screensaver/dream U=0 visible=false mode=fullscreen translucent=true sz=0}]
02-17 09:15:34.509 I/wm_task_removed( 1524): [121,removeChild]
02-17 09:15:34.511 W/ActivityTaskManager( 1524): Can't find TaskDisplayArea to determine support for multi window. Task id=121 attached=false
02-17 09:15:34.935 I/auditd ( 0): type=1400 audit(0.0:21013): avc: denied { kill } for comm="swapper/1" capability=5 scontext=u:r:kernel:s0 tcontext=u:r:kernel:s0 tclass=capability permissive=0
02-17 09:15:35.939 I/auditd ( 0): type=1400 audit(0.0:21014): avc: denied { kill } for comm="swapper/1" capability=5 scontext=u:r:kernel:s0 tcontext=u:r:kernel:s0 tclass=capability permissive=0
02-17 09:15:36.939 I/auditd ( 0): type=1400 audit(0.0:21015): avc: denied { kill } for comm="swapper/1" capability=5 scontext=u:r:kernel:s0 tcontext=u:r:kernel:s0 tclass=capability permissive=0
02-17 09:15:37.939 I/auditd ( 0): type=1400 audit(0.0:21016): avc: denied { kill } for comm="swapper/1" capability=5 scontext=u:r:kernel:s0 tcontext=u:r:kernel:s0 tclass=capability permissive=0
01-01 13:26:18.685 E/DTC_ETH,link_delay_work_func( 0): 3003, SQI=0, link=0
02-17 09:15:38.935 I/auditd ( 0): type=1400 audit(0.0:21017): avc: denied { kill } for comm="swapper/1" capability=5 scontext=u:r:kernel:s0 tcontext=u:r:kernel:s0 tclass=capability permissive=0
02-17 09:15:39.935 I/auditd ( 0): type=1400 audit(0.0:21018): avc: denied { kill } for comm="swapper/1" capability=5 scontext=u:r:kernel:s0 tcontext=u:r:kernel:s0 tclass=capability permissive=0
02-17 09:15:40.939 I/auditd ( 0): type=1400 audit(0.0:21019): avc: denied { kill } for comm="swapper/1" capability=5 scontext=u:r:kernel:s0 tcontext=u:r:kernel:s0 tclass=capability permissive=0
02-17 09:15:41.939 I/auditd ( 0): type=1400 audit(0.0:21020): avc: denied { kill } for comm="swapper/1" capability=5 scontext=u:r:kernel:s0 tcontext=u:r:kernel:s0 tclass=capability permissive=0
02-17 09:15:42.935 I/auditd ( 0): type=1400 audit(0.0:21021): avc: denied { kill } for comm="swapper/1" capability=5 scontext=u:r:kernel:s0 tcontext=u:r:kernel:s0 tclass=capability permissive=0
01-01 13:26:23.805 E/DTC_ETH,link_delay_work_func( 0): 3003, SQI=0, link=0
02-17 09:15:43.939 I/auditd (19877): type=1400 audit(0.0:21022): avc: denied { kill } for comm="kworker/u16:10" capability=5 scontext=u:r:kernel:s0 tcontext=u:r:kernel:s0 tclass=capability permissive=0
02-17 09:15:44.935 I/auditd ( 0): type=1400 audit(0.0:21023): avc: denied { kill } for comm="swapper/1" capability=5 scontext=u:r:kernel:s0 tcontext=u:r:kernel:s0 tclass=capability permissive=0
02-17 09:15:45.935 I/auditd ( 0): type=1400 audit(0.0:21024): avc: denied { kill } for comm="swapper/1" capability=5 scontext=u:r:kernel:s0 tcontext=u:r:kernel:s0 tclass=capability permissive=0
02-17 09:15:46.935 I/auditd ( 0): type=1400 audit(0.0:21025): avc: denied { kill } for comm="swapper/1" capability=5 scontext=u:r:kernel:s0 tcontext=u:r:kernel:s0 tclass=capability permissive=0
02-17 09:15:47.935 I/auditd ( 0): type=1400 audit(0.0:21026): avc: denied { kill } for comm="swapper/1" capability=5 scontext=u:r:kernel:s0 tcontext=u:r:kernel:s0 tclass=capability permissive=0
01-01 13:26:28.925 E/DTC_ETH,link_delay_work_func( 0): 3003, SQI=0, link=0
02-17 09:15:48.935 I/auditd ( 0): type=1400 audit(0.0:21027): avc: denied { kill } for comm="swapper/1" capability=5 scontext=u:r:kernel:s0 tcontext=u:r:kernel:s0 tclass=capability permissive=0
02-17 09:15:49.935 I/auditd ( 0): type=1400 audit(0.0:21028): avc: denied { kill } for comm="swapper/1" capability=5 scontext=u:r:kernel:s0 tcontext=u:r:kernel:s0 tclass=capability permissive=0
02-17 09:15:50.939 I/auditd ( 0): type=1400 audit(0.0:21029): avc: denied { kill } for comm="swapper/1" capability=5 scontext=u:r:kernel:s0 tcontext=u:r:kernel:s0 tclass=capability permissive=0
02-17 09:15:51.939 I/auditd ( 0): type=1400 audit(0.0:21030): avc: denied { kill } for comm="swapper/1" capability=5 scontext=u:r:kernel:s0 tcontext=u:r:kernel:s0 tclass=capability permissive=0
02-17 09:15:52.935 I/auditd ( 0): type=1400 audit(0.0:21031): avc: denied { kill } for comm="swapper/1" capability=5 scontext=u:r:kernel:s0 tcontext=u:r:kernel:s0 tclass=capability permissive=0
01-01 13:26:34.045 E/DTC_ETH,link_delay_work_func( 0): 3003, SQI=0, link=0
02-17 09:15:53.939 I/auditd ( 0): type=1400 audit(0.0:21032): avc: denied { kill } for comm="swapper/1" capability=5 scontext=u:r:kernel:s0 tcontext=u:r:kernel:s0 tclass=capability permissive=0
02-17 09:15:54.939 I/auditd ( 0): type=1400 audit(0.0:21033): avc: denied { kill } for comm="swapper/1" capability=5 scontext=u:r:kernel:s0 tcontext=u:r:kernel:s0 tclass=capability permissive=0
02-17 09:15:55.939 I/auditd ( 0): type=1400 audit(0.0:21034): avc: denied { kill } for comm="swapper/1" capability=5 scontext=u:r:kernel:s0 tcontext=u:r:kernel:s0 tclass=capability permissive=0
02-17 09:15:56.939 I/auditd ( 0): type=1400 audit(0.0:21035): avc: denied { kill } for comm="swapper/1" capability=5 scontext=u:r:kernel:s0 tcontext=u:r:kernel:s0 tclass=capability permissive=0
02-17 09:15:57.939 I/auditd ( 0): type=1400 audit(0.0:21036): avc: denied { kill } for comm="swapper/1" capability=5 scontext=u:r:kernel:s0 tcontext=u:r:kernel:s0 tclass=capability permissive=0
02-17 09:15:58.939 I/auditd ( 0): type=1400 audit(0.0:21037): avc: denied { kill } for comm="swapper/1" capability=5 scontext=u:r:kernel:s0 tcontext=u:r:kernel:s0 tclass=capability permissive=0
01-01 13:26:39.165 E/DTC_ETH,link_delay_work_func( 0): 3003, SQI=0, link=0
02-17 09:15:59.939 I/auditd ( 0): type=1400 audit(0.0:21038): avc: denied { kill } for comm="swapper/1" capability=5 scontext=u:r:kernel:s0 tcontext=u:r:kernel:s0 tclass=capability permissive=0
02-17 09:16:00.939 I/auditd ( 0): type=1400 audit(0.0:21039): avc: denied { kill } for comm="swapper/1" capability=5 scontext=u:r:kernel:s0 tcontext=u:r:kernel:s0 tclass=capability permissive=0
02-17 09:16:01.935 I/auditd ( 0): type=1400 audit(0.0:21040): avc: denied { kill } for comm="swapper/1" capability=5 scontext=u:r:kernel:s0 tcontext=u:r:kernel:s0 tclass=capability permissive=0
02-17 09:16:02.935 I/auditd ( 0): type=1400 audit(0.0:21041): avc: denied { kill } for comm="swapper/1" capability=5 scontext=u:r:kernel:s0 tcontext=u:r:kernel:s0 tclass=capability permissive=0
02-17 09:16:03.939 I/auditd ( 0): type=1400 audit(0.0:21042): avc: denied { kill } for comm="swapper/1" capability=5 scontext=u:r:kernel:s0 tcontext=u:r:kernel:s0 tclass=capability permissive=0
01-01 13:26:44.285 E/DTC_ETH,link_delay_work_func( 0): 3003, SQI=0, link=0
02-17 09:16:04.939 I/auditd ( 0): type=1400 audit(0.0:21043): avc: denied { kill } for comm="swapper/1" capability=5 scontext=u:r:kernel:s0 tcontext=u:r:kernel:s0 tclass=capability permissive=0
02-17 09:16:05.939 I/auditd ( 0): type=1400 audit(0.0:21044): avc: denied { kill } for comm="swapper/1" capability=5 scontext=u:r:kernel:s0 tcontext=u:r:kernel:s0 tclass=capability permissive=0
02-17 09:16:06.221 I/input_interaction( 1524): Interaction with: 321be4b com.android.launcher3/com.android.launcher3.uioverrides.QuickstepLauncher (server), 8f82c51 com.android.systemui.ImageWallpaper (server), edge-swipe (server), swipe-up (server), PointerEventDispatcher0 (server),
02-17 09:16:06.365 I/thunderperf( 1524): PlatormCompat.setOverrides: Uid1=10073 Pid1=2568 Uid2=10073 Pid2=2568
02-17 09:16:06.365 I/thunderperf( 1524): PlatormCompat.setOverrides: needCheck:false
02-17 09:16:06.365 I/thunderperf( 1524): CompatConfig.addOverrideUnsafe: bef-state=1
02-17 09:16:06.366 E/thunderperf( 1524): CompatConfig.addOverrideUnsafe: exception:java.lang.SecurityException: Cannot override a change on a non-debuggable app and user build.
02-17 09:16:06.366 I/thunderperf( 1524): CompatConfig.addOverrideUnsafe: aft-state=1
02-17 09:16:06.367 I/thunderperf( 1524): CompatConfig.addOverrideUnsafe: bef-state=1
02-17 09:16:06.367 E/thunderperf( 1524): CompatConfig.addOverrideUnsafe: exception:java.lang.SecurityException: Cannot override a change on a non-debuggable app and user build.
02-17 09:16:06.368 I/thunderperf( 1524): CompatConfig.addOverrideUnsafe: aft-state=1
02-17 09:16:06.368 I/thunderperf( 1524): CompatConfig.addOverrideUnsafe: bef-state=1
02-17 09:16:06.369 E/thunderperf( 1524): CompatConfig.addOverrideUnsafe: exception:java.lang.SecurityException: Cannot override a change on a non-debuggable app and user build.
02-17 09:16:06.369 I/thunderperf( 1524): CompatConfig.addOverrideUnsafe: aft-state=1
02-17 09:16:06.370 I/thunderperf( 1524): CompatConfig.addOverrideUnsafe: bef-state=1
02-17 09:16:06.370 E/thunderperf( 1524): CompatConfig.addOverrideUnsafe: exception:java.lang.SecurityException: Cannot override a change on a non-debuggable app and user build.
02-17 09:16:06.370 I/thunderperf( 1524): CompatConfig.addOverrideUnsafe: aft-state=1
02-17 09:16:06.371 I/thunderperf( 1524): CompatConfig.addOverrideUnsafe: bef-state=1
02-17 09:16:06.372 E/thunderperf( 1524): CompatConfig.addOverrideUnsafe: exception:java.lang.SecurityException: Cannot override a change on a non-debuggable app and user build.
02-17 09:16:06.372 I/thunderperf( 1524): CompatConfig.addOverrideUnsafe: aft-state=1
02-17 09:16:06.372 I/thunderperf( 1524): CompatConfig.addOverrideUnsafe: bef-state=1
02-17 09:16:06.373 E/thunderperf( 1524): CompatConfig.addOverrideUnsafe: exception:java.lang.SecurityException: Cannot override a change on a non-debuggable app and user build.
02-17 09:16:06.373 I/thunderperf( 1524): CompatConfig.addOverrideUnsafe: aft-state=1
02-17 09:16:06.374 I/thunderperf( 1524): CompatConfig.addOverrideUnsafe: bef-state=1
02-17 09:16:06.374 E/thunderperf( 1524): CompatConfig.addOverrideUnsafe: exception:java.lang.SecurityException: Cannot override a change on a non-debuggable app and user build.
02-17 09:16:06.374 I/thunderperf( 1524): CompatConfig.addOverrideUnsafe: aft-state=1
02-17 09:16:06.375 I/thunderperf( 1524): CompatConfig.addOverrideUnsafe: bef-state=1
02-17 09:16:06.375 E/thunderperf( 1524): CompatConfig.addOverrideUnsafe: exception:java.lang.SecurityException: Cannot override a change on a non-debuggable app and user build.
02-17 09:16:06.375 I/thunderperf( 1524): CompatConfig.addOverrideUnsafe: aft-state=1
02-17 09:16:06.376 I/thunderperf( 1524): CompatConfig.addOverrideUnsafe: bef-state=1
02-17 09:16:06.376 E/thunderperf( 1524): CompatConfig.addOverrideUnsafe: exception:java.lang.SecurityException: Cannot override a change on a non-debuggable app and user build.
02-17 09:16:06.376 I/thunderperf( 1524): CompatConfig.addOverrideUnsafe: aft-state=1
02-17 09:16:06.376 I/thunderperf( 1524): CompatConfig.addOverrideUnsafe: bef-state=1
02-17 09:16:06.377 E/thunderperf( 1524): CompatConfig.addOverrideUnsafe: exception:java.lang.SecurityException: Cannot override a change on a non-debuggable app and user build.
02-17 09:16:06.377 I/thunderperf( 1524): CompatConfig.addOverrideUnsafe: aft-state=1
02-17 09:16:06.377 I/thunderperf( 1524): CompatConfig.addOverrideUnsafe: bef-state=1
02-17 09:16:06.377 E/thunderperf( 1524): CompatConfig.addOverrideUnsafe: exception:java.lang.SecurityException: Cannot override a change on a non-debuggable app and user build.
02-17 09:16:06.377 I/thunderperf( 1524): CompatConfig.addOverrideUnsafe: aft-state=1
02-17 09:16:06.378 I/thunderperf( 1524): CompatConfig.addOverrideUnsafe: bef-state=1
02-17 09:16:06.378 E/thunderperf( 1524): CompatConfig.addOverrideUnsafe: exception:java.lang.SecurityException: Cannot override a change on a non-debuggable app and user build.
02-17 09:16:06.378 I/thunderperf( 1524): CompatConfig.addOverrideUnsafe: aft-state=1
02-17 09:16:06.378 I/thunderperf( 1524): CompatConfig.addOverrideUnsafe: bef-state=1
02-17 09:16:06.379 E/thunderperf( 1524): CompatConfig.addOverrideUnsafe: exception:java.lang.SecurityException: Cannot override a change on a non-debuggable app and user build.
02-17 09:16:06.379 I/thunderperf( 1524): CompatConfig.addOverrideUnsafe: aft-state=1
02-17 09:16:06.379 I/thunderperf( 1524): CompatConfig.addOverrideUnsafe: bef-state=1
02-17 09:16:06.379 E/thunderperf( 1524): CompatConfig.addOverrideUnsafe: exception:java.lang.SecurityException: Cannot override a change on a non-debuggable app and user build.
02-17 09:16:06.379 I/thunderperf( 1524): CompatConfig.addOverrideUnsafe: aft-state=1
02-17 09:16:06.384 I/ActivityTaskManager( 1524): START u0 {act=android.intent.action.MAIN cat=[android.intent.category.LAUNCHER] flg=0x10200000 cmp=com.android.settings/.Settings bnds=[2128,710][2314,910]} from uid 10073
02-17 09:16:06.389 I/wm_task_moved( 1524): [85,1,13]
02-17 09:16:06.389 I/wm_task_to_front( 1524): [0,85]
02-17 09:16:06.389 I/wm_focused_root_task( 1524): [0,0,85,1,bringingFoundTaskToFront]
02-17 09:16:06.389 I/wm_set_resumed_activity( 1524): [0,com.android.settings/.homepage.SettingsHomepageActivity,bringingFoundTaskToFront]
02-17 09:16:06.389 I/wm_new_intent( 1524): [0,240984769,85,com.android.settings/.homepage.SettingsHomepageActivity,android.settings.BLUETOOTH_SETTINGS,NULL,NULL,335544320]
02-17 09:16:06.390 D/CompatibilityChangeReporter( 1524): Compat change id reported: 168419799; UID 1000; state: DISABLED
02-17 09:16:06.390 I/wm_pause_activity( 1524): [0,128678138,com.android.launcher3/.uioverrides.QuickstepLauncher,userLeaving=true,pauseBackTasks]
02-17 09:16:06.393 I/wm_on_top_resumed_lost_called( 2568): [128678138,com.android.launcher3.uioverrides.QuickstepLauncher,topStateChangedWhenResumed]
02-17 09:16:06.393 I/wm_on_paused_called( 2568): [128678138,com.android.launcher3.uioverrides.QuickstepLauncher,performPause]
02-17 09:16:06.394 I/ActivityTaskManager( 1524): FOREGROUND_APPLICATION_CHANGED to com.android.settings.homepage.SettingsHomepageActivity
02-17 09:16:06.394 I/ActivityTaskManager( 1524): The Process com.android.settings Already Exists in BG. So sending its PID: 19878
02-17 09:16:06.394 I/wm_add_to_stopping( 1524): [0,128678138,com.android.launcher3/.uioverrides.QuickstepLauncher,makeInvisible]
02-17 09:16:06.395 D/CompatibilityChangeReporter( 1524): Compat change id reported: 174042980; UID 1000; state: DISABLED
02-17 09:16:06.395 D/CompatibilityChangeReporter( 1524): Compat change id reported: 181136395; UID 1000; state: DISABLED
02-17 09:16:06.396 D/CompatibilityChangeReporter( 1524): Compat change id reported: 174042936; UID 1000; state: DISABLED
02-17 09:16:06.396 I/wm_restart_activity( 1524): [0,240984769,85,com.android.settings/.homepage.SettingsHomepageActivity]
02-17 09:16:06.396 I/wm_set_resumed_activity( 1524): [0,com.android.settings/.homepage.SettingsHomepageActivity,minimalResumeActivityLocked]
02-17 09:16:06.400 I/sysui_multi_action( 1524): [757,803,799,window_time_0,802,33]
02-17 09:16:06.405 W/ContextImpl( 2121): Calling a method in the system process without a qualified user: android.app.ContextImpl.startService:1816 android.content.ContextWrapper.startService:774 com.thundercomm.gamemode.ingame.services.GameModeActionUtils.startGameModeService:111 com.thundercomm.gamemode.ingame.services.GameModeActionUtils.startGameModeEntry:22 com.thundercomm.gamemode.ingame.services.ActivityMonitoringService$1.onActivityLaunch:139
02-17 09:16:06.410 I/GameModeConfig( 1524): Current uri is uri = content://com.thundercomm.gamemode.api/gamemode_settings/gamemode_isgaming
02-17 09:16:06.412 I/GameModeConfig( 1524): isGameModeOn = false
02-17 09:16:06.412 I/GameModeConfig( 1524): isGameModeOn = false
02-17 09:16:06.412 I/GameModeConfig( 1524): isDisableVoice = true
02-17 09:16:06.413 E/UserRestrictionsUtils( 1524): Unknown restriction queried by uid 1000 (com.android.localtransport et al): null
02-17 09:16:06.413 E/UserRestrictionsUtils( 1524): Unknown restriction queried by uid 1000 (com.android.localtransport et al): null
02-17 09:16:06.413 E/UserRestrictionsUtils( 1524): Unknown restriction queried by uid 1000 (com.android.localtransport et al): null
02-17 09:16:06.414 E/UserRestrictionsUtils( 1524): Unknown restriction queried by uid 1000 (com.android.localtransport et al): null
02-17 09:16:06.414 E/UserRestrictionsUtils( 1524): Unknown restriction queried by uid 1000 (com.android.localtransport et al): null
02-17 09:16:06.414 I/input_focus( 1524): [Focus leaving 321be4b com.android.launcher3/com.android.launcher3.uioverrides.QuickstepLauncher (server),reason=NO_WINDOW]
02-17 09:16:06.414 E/UserRestrictionsUtils( 1524): Unknown restriction queried by uid 1000 (com.android.localtransport et al): null
02-17 09:16:06.414 E/UserRestrictionsUtils( 1524): Unknown restriction queried by uid 1000 (com.android.localtransport et al): null
02-17 09:16:06.414 E/UserRestrictionsUtils( 1524): Unknown restriction queried by uid 1000 (com.android.localtransport et al): null
02-17 09:16:06.414 E/UserRestrictionsUtils( 1524): Unknown restriction queried by uid 1000 (com.android.localtransport et al): null
02-17 09:16:06.414 E/UserRestrictionsUtils( 1524): Unknown restriction queried by uid 1000 (com.android.localtransport et al): null
02-17 09:16:06.415 E/UserRestrictionsUtils( 1524): Unknown restriction queried by uid 1000 (com.android.localtransport et al): null
02-17 09:16:06.415 E/UserRestrictionsUtils( 1524): Unknown restriction queried by uid 1000 (com.android.localtransport et al): null
02-17 09:16:06.415 E/UserRestrictionsUtils( 1524): Unknown restriction queried by uid 1000 (com.android.localtransport et al): null
02-17 09:16:06.415 E/UserRestrictionsUtils( 1524): Unknown restriction queried by uid 1000 (com.android.localtransport et al): null
02-17 09:16:06.415 E/UserRestrictionsUtils( 1524): Unknown restriction queried by uid 1000 (com.android.localtransport et al): null
02-17 09:16:06.415 E/UserRestrictionsUtils( 1524): Unknown restriction queried by uid 1000 (com.android.localtransport et al): null
02-17 09:16:06.415 E/UserRestrictionsUtils( 1524): Unknown restriction queried by uid 1000 (com.android.localtransport et al): null
02-17 09:16:06.415 E/UserRestrictionsUtils( 1524): Unknown restriction queried by uid 1000 (com.android.localtransport et al): null
02-17 09:16:06.433 W/BluetoothManagerService( 1524): psc is not null in bindBluetoothProfileService
02-17 09:16:06.446 E/UserRestrictionsUtils( 1524): Unknown restriction queried by uid 1000 (com.android.localtransport et al): null
02-17 09:16:06.446 E/UserRestrictionsUtils( 1524): Unknown restriction queried by uid 1000 (com.android.localtransport et al): null
02-17 09:16:06.446 E/UserRestrictionsUtils( 1524): Unknown restriction queried by uid 1000 (com.android.localtransport et al): null
02-17 09:16:06.447 E/UserRestrictionsUtils( 1524): Unknown restriction queried by uid 1000 (com.android.localtransport et al): null
02-17 09:16:06.447 E/UserRestrictionsUtils( 1524): Unknown restriction queried by uid 1000 (com.android.localtransport et al): null
02-17 09:16:06.447 E/UserRestrictionsUtils( 1524): Unknown restriction queried by uid 1000 (com.android.localtransport et al): null
02-17 09:16:06.448 E/UserRestrictionsUtils( 1524): Unknown restriction queried by uid 1000 (com.android.localtransport et al): null
02-17 09:16:06.498 W/FreeFormWindowHelper( 1524): Current Display FreeFormTask is null
02-17 09:16:06.500 W/ContextImpl( 2121): Calling a method in the system process without a qualified user: android.app.ContextImpl.startService:1816 android.content.ContextWrapper.startService:774 com.thundercomm.gamemode.ingame.services.GameModeActionUtils.startGameModeService:111 com.thundercomm.gamemode.ingame.services.GameModeActionUtils.startGameModeEntry:22 com.thundercomm.gamemode.ingame.services.ActivityMonitoringService$1.onActivityLaunch:139
02-17 09:16:06.501 I/GameModeConfig( 1524): Current uri is uri = content://com.thundercomm.gamemode.api/gamemode_settings/gamemode_isgaming
02-17 09:16:06.501 I/GameModeConfig( 1524): isGameModeOn = false
02-17 09:16:06.502 I/GameModeConfig( 1524): isGameModeOn = false
02-17 09:16:06.502 I/GameModeConfig( 1524): isDisableVoice = true
02-17 09:16:06.554 I/am_uid_running( 1524): 10082
02-17 09:16:06.554 D/CompatibilityChangeReporter( 1524): Compat change id reported: 135634846; UID 10082; state: DISABLED
02-17 09:16:06.554 D/CompatibilityChangeReporter( 1524): Compat change id reported: 177438394; UID 10082; state: DISABLED
02-17 09:16:06.554 D/CompatibilityChangeReporter( 1524): Compat change id reported: 135772972; UID 10082; state: DISABLED
02-17 09:16:06.554 D/CompatibilityChangeReporter( 1524): Compat change id reported: 135754954; UID 10082; state: ENABLED
02-17 09:16:06.554 D/CompatibilityChangeReporter( 1524): Compat change id reported: 143937733; UID 10082; state: ENABLED
02-17 09:16:06.555 I/wm_on_create_called(19878): [240984769,com.android.settings.homepage.SettingsHomepageActivity,performCreate]
02-17 09:16:06.559 I/am_proc_start( 1524): [0,19945,10082,com.qualcomm.qti.qccauthmgr,content provider,{com.qualcomm.qti.qccauthmgr/com.qualcomm.qti.qccauthmgr.providers.SMQContentProvider}]
02-17 09:16:06.559 I/ActivityManager( 1524): Start proc 19945:com.qualcomm.qti.qccauthmgr/u0a82 for content provider {com.qualcomm.qti.qccauthmgr/com.qualcomm.qti.qccauthmgr.providers.SMQContentProvider}
01-01 13:26:46.712 I/binder ( 0): 19945:19945 ioctl 40046210 7ffa2be654 returned -22
02-17 09:16:06.567 E/UserRestrictionsUtils( 1524): Unknown restriction queried by uid 1000 (com.android.localtransport et al): null
02-17 09:16:06.567 E/UserRestrictionsUtils( 1524): Unknown restriction queried by uid 1000 (com.android.localtransport et al): null
02-17 09:16:06.567 E/UserRestrictionsUtils( 1524): Unknown restriction queried by uid 1000 (com.android.localtransport et al): null
02-17 09:16:06.567 E/UserRestrictionsUtils( 1524): Unknown restriction queried by uid 1000 (com.android.localtransport et al): null
02-17 09:16:06.567 E/UserRestrictionsUtils( 1524): Unknown restriction queried by uid 1000 (com.android.localtransport et al): null
02-17 09:16:06.567 E/UserRestrictionsUtils( 1524): Unknown restriction queried by uid 1000 (com.android.localtransport et al): null
02-17 09:16:06.568 I/am_proc_bound( 1524): [0,19945,com.qualcomm.qti.qccauthmgr]
02-17 09:16:06.568 E/UserRestrictionsUtils( 1524): Unknown restriction queried by uid 1000 (com.android.localtransport et al): null
02-17 09:16:06.568 E/UserRestrictionsUtils( 1524): Unknown restriction queried by uid 1000 (com.android.localtransport et al): null
02-17 09:16:06.568 E/UserRestrictionsUtils( 1524): Unknown restriction queried by uid 1000 (com.android.localtransport et al): null
02-17 09:16:06.568 E/UserRestrictionsUtils( 1524): Unknown restriction queried by uid 1000 (com.android.localtransport et al): null
02-17 09:16:06.568 D/CompatibilityChangeReporter( 1524): Compat change id reported: 168419799; UID 10082; state: DISABLED
02-17 09:16:06.568 E/UserRestrictionsUtils( 1524): Unknown restriction queried by uid 1000 (com.android.localtransport et al): null
02-17 09:16:06.568 E/UserRestrictionsUtils( 1524): Unknown restriction queried by uid 1000 (com.android.localtransport et al): null
02-17 09:16:06.568 E/UserRestrictionsUtils( 1524): Unknown restriction queried by uid 1000 (com.android.localtransport et al): null
02-17 09:16:06.569 E/UserRestrictionsUtils( 1524): Unknown restriction queried by uid 1000 (com.android.localtransport et al): null
02-17 09:16:06.569 E/UserRestrictionsUtils( 1524): Unknown restriction queried by uid 1000 (com.android.localtransport et al): null
02-17 09:16:06.569 E/UserRestrictionsUtils( 1524): Unknown restriction queried by uid 1000 (com.android.localtransport et al): null
02-17 09:16:06.569 E/UserRestrictionsUtils( 1524): Unknown restriction queried by uid 1000 (com.android.localtransport et al): null
02-17 09:16:06.569 E/UserRestrictionsUtils( 1524): Unknown restriction queried by uid 1000 (com.android.localtransport et al): null
02-17 09:16:06.569 I/am_uid_active( 1524): 10082
02-17 09:16:06.583 I/wm_on_start_called(19878): [240984769,com.android.settings.homepage.SettingsHomepageActivity,handleStartActivity]
02-17 09:16:06.583 I/snet_event_log(19878): [120484087,-1,]
02-17 09:16:06.584 W/BatteryExternalStatsWorker( 1524): error reading modem stats:ERROR_PHONE_NOT_AVAILABLE
02-17 09:16:06.584 I/wm_on_resume_called(19878): [240984769,com.android.settings.homepage.SettingsHomepageActivity,RESUME_ACTIVITY]
02-17 09:16:06.585 I/sysui_multi_action(19878): [757,336,758,1,833,0,1089,156]
02-17 09:16:06.589 I/sysui_multi_action(19878): [757,1729,758,4,854,isParalleledControllers:false,1089,160]
02-17 09:16:06.589 I/sysui_multi_action(19878): [757,35,758,1,833,0,1089,24]
02-17 09:16:06.590 I/sysui_multi_action(19878): [757,1729,758,4,854,isParalleledControllers:false,1089,25]
