02-17 08:41:51.713 E/ActivityThread(16130): Failed to find provider info for com.google.android.gms.nearby.fastpair
02-17 08:41:51.713 E/ActivityThread(16130): Failed to find provider info for com.google.android.gms.nearby.fastpair
02-17 08:41:51.941 I/GameModeConfig( 1524): isGameModeOn = false
02-17 08:41:51.941 I/GameModeConfig( 1524): isGameModeOn = false
02-17 08:41:51.941 I/GameModeConfig( 1524): isGameModeOn = false
02-17 08:41:51.941 I/GameModeConfig( 1524): isGameModeOn = false
02-17 08:41:51.941 I/GameModeConfig( 1524): isGameModeOn = false
02-17 08:41:51.941 I/GameModeConfig( 1524): isGameModeOn = false
02-17 08:41:51.979 W/ContextImpl( 2121): Calling a method in the system process without a qualified user: android.app.ContextImpl.startService:1816 android.content.ContextWrapper.startService:774 com.thundercomm.gamemode.ingame.services.GameModeActionUtils.startGameModeService:111 com.thundercomm.gamemode.ingame.services.GameModeActionUtils.startGameModeEntry:22 com.thundercomm.gamemode.ingame.services.ActivityMonitoringService$1.onActivityLaunch:139
02-17 08:41:51.980 I/GameModeConfig( 1524): Current uri is uri = content://com.thundercomm.gamemode.api/gamemode_settings/gamemode_isgaming
02-17 08:41:51.980 I/GameModeConfig( 1524): isGameModeOn = false
02-17 08:41:51.981 I/GameModeConfig( 1524): isGameModeOn = false
02-17 08:41:51.981 I/GameModeConfig( 1524): isDisableVoice = true
02-17 08:41:51.994 W/ActivityTaskManager( 1524): Can't find TaskDisplayArea to determine support for multi window. Task id=102 attached=false
02-17 08:41:51.994 W/ActivityTaskManager( 1524): Can't find TaskDisplayArea to determine support for multi window. Task id=102 attached=false
02-17 08:41:52.143 I/GameModeConfig( 1524): isGameModeOn = false
02-17 08:41:52.464 W/FreeFormWindowHelper( 1524): Current Display FreeFormTask is null
02-17 08:41:52.470 W/ContextImpl( 2121): Calling a method in the system process without a qualified user: android.app.ContextImpl.startService:1816 android.content.ContextWrapper.startService:774 com.thundercomm.gamemode.ingame.services.GameModeActionUtils.startGameModeService:111 com.thundercomm.gamemode.ingame.services.GameModeActionUtils.startGameModeEntry:22 com.thundercomm.gamemode.ingame.services.ActivityMonitoringService$1.onActivityLaunch:139
02-17 08:41:52.471 I/GameModeConfig( 1524): Current uri is uri = content://com.thundercomm.gamemode.api/gamemode_settings/gamemode_isgaming
02-17 08:41:52.472 I/GameModeConfig( 1524): isGameModeOn = false
02-17 08:41:52.472 I/GameModeConfig( 1524): isGameModeOn = false
02-17 08:41:52.472 I/GameModeConfig( 1524): isDisableVoice = true
02-17 08:41:52.475 W/FreeFormWindowHelper( 1524): Current Display FreeFormTask is null
02-17 08:41:52.476 W/FreeFormWindowHelper( 1524): Current Display FreeFormTask is null
02-17 08:41:52.494 W/FreeFormWindowHelper( 1524): Current Display FreeFormTask is null
02-17 08:41:52.494 W/FreeFormWindowHelper( 1524): Current Display FreeFormTask is null
02-17 08:41:52.509 W/FreeFormWindowHelper( 1524): Current Display FreeFormTask is null
02-17 08:41:52.509 W/FreeFormWindowHelper( 1524): Current Display FreeFormTask is null
02-17 08:41:52.510 W/FreeFormWindowHelper( 1524): Current Display FreeFormTask is null
02-17 08:41:52.525 W/FreeFormWindowHelper( 1524): Current Display FreeFormTask is null
02-17 08:41:52.525 W/FreeFormWindowHelper( 1524): Current Display FreeFormTask is null
02-17 08:41:52.542 W/FreeFormWindowHelper( 1524): Current Display FreeFormTask is null
02-17 08:41:52.543 W/FreeFormWindowHelper( 1524): Current Display FreeFormTask is null
02-17 08:41:52.559 W/FreeFormWindowHelper( 1524): Current Display FreeFormTask is null
02-17 08:41:52.559 W/FreeFormWindowHelper( 1524): Current Display FreeFormTask is null
02-17 08:41:52.576 W/FreeFormWindowHelper( 1524): Current Display FreeFormTask is null
02-17 08:41:52.577 W/FreeFormWindowHelper( 1524): Current Display FreeFormTask is null
02-17 08:41:52.592 W/FreeFormWindowHelper( 1524): Current Display FreeFormTask is null
02-17 08:41:52.595 W/FreeFormWindowHelper( 1524): Current Display FreeFormTask is null
02-17 08:41:52.609 W/FreeFormWindowHelper( 1524): Current Display FreeFormTask is null
02-17 08:41:52.609 W/FreeFormWindowHelper( 1524): Current Display FreeFormTask is null
02-17 08:41:52.668 W/FreeFormWindowHelper( 1524): exitRecentTasks type=0
02-17 08:41:52.675 W/FreeFormWindowHelper( 1524): Current Display FreeFormTask is null
02-17 08:41:52.675 W/FreeFormWindowHelper( 1524): Current Display FreeFormTask is null
02-17 08:41:53.002 E/TaskPersister( 1524): File error accessing recents directory (directory doesn't exist?).
02-17 08:41:53.226 W/FreeFormWindowHelper( 1524): Current Display FreeFormTask is null
02-17 08:41:53.226 W/FreeFormWindowHelper( 1524): Current Display FreeFormTask is null
02-17 08:41:53.229 I/ActivityTaskManager( 1524): FOREGROUND_APPLICATION_CHANGED to com.android.launcher3.uioverrides.QuickstepLauncher
02-17 08:41:53.268 W/ContextImpl( 2121): Calling a method in the system process without a qualified user: android.app.ContextImpl.startService:1816 android.content.ContextWrapper.startService:774 com.thundercomm.gamemode.ingame.services.GameModeActionUtils.startGameModeService:111 com.thundercomm.gamemode.ingame.services.GameModeActionUtils.startGameModeEntry:22 com.thundercomm.gamemode.ingame.services.ActivityMonitoringService$1.onActivityLaunch:139
02-17 08:41:53.269 I/GameModeConfig( 1524): Current uri is uri = content://com.thundercomm.gamemode.api/gamemode_settings/gamemode_isgaming
02-17 08:41:53.272 I/GameModeConfig( 1524): isGameModeOn = false
02-17 08:41:53.272 I/GameModeConfig( 1524): isGameModeOn = false
02-17 08:41:53.272 I/GameModeConfig( 1524): isDisableVoice = true
02-17 08:41:53.310 I/GameModeConfig( 1524): isGameModeOn = false
02-17 08:41:53.336 W/FreeFormWindowHelper( 1524): Current Display FreeFormTask is null
02-17 08:41:53.337 W/ContextImpl( 2121): Calling a method in the system process without a qualified user: android.app.ContextImpl.startService:1816 android.content.ContextWrapper.startService:774 com.thundercomm.gamemode.ingame.services.GameModeActionUtils.startGameModeService:111 com.thundercomm.gamemode.ingame.services.GameModeActionUtils.startGameModeEntry:22 com.thundercomm.gamemode.ingame.services.ActivityMonitoringService$1.onActivityLaunch:139
02-17 08:41:53.338 I/GameModeConfig( 1524): Current uri is uri = content://com.thundercomm.gamemode.api/gamemode_settings/gamemode_isgaming
02-17 08:41:53.339 I/GameModeConfig( 1524): isGameModeOn = false
02-17 08:41:53.339 I/GameModeConfig( 1524): isGameModeOn = false
02-17 08:41:53.339 I/GameModeConfig( 1524): isDisableVoice = true
02-17 08:41:53.507 I/GameModeConfig( 1524): isGameModeOn = false
02-17 08:41:54.259 I/ActivityTaskManager( 1524): START u0 {act=android.settings.BLUETOOTH_SETTINGS flg=0x14000000 cmp=com.android.settings/.Settings$ConnectedDeviceDashboardActivity} from uid 10080
02-17 08:41:54.264 W/ActivityTaskManager( 1524): Can't find TaskDisplayArea to determine support for multi window. Task id=103 attached=false
02-17 08:41:54.269 I/ActivityTaskManager( 1524): FOREGROUND_APPLICATION_CHANGED to com.android.settings.Settings$ConnectedDeviceDashboardActivity
02-17 08:41:54.270 I/ActivityTaskManager( 1524): The Process com.android.settings Already Exists in BG. So sending its PID: 16130
02-17 08:41:54.270 W/ActivityTaskManager( 1524): Tried to set launchTime (0) < mLastActivityLaunchTime (17549164)
02-17 08:41:54.279 I/thunderperf( 1524): PlatormCompat.setOverrides: Uid1=1000 Pid1=16130 Uid2=1000 Pid2=16130
02-17 08:41:54.279 I/thunderperf( 1524): PlatormCompat.setOverrides: needCheck:false
02-17 08:41:54.279 I/thunderperf( 1524): CompatConfig.addOverrideUnsafe: bef-state=0
02-17 08:41:54.279 I/thunderperf( 1524): CompatConfig.addOverrideUnsafe: aft-state=0
02-17 08:41:54.279 I/thunderperf( 1524): CompatConfig.addOverrideUnsafe: bef-state=0
02-17 08:41:54.279 I/thunderperf( 1524): CompatConfig.addOverrideUnsafe: aft-state=0
02-17 08:41:54.280 I/thunderperf( 1524): CompatConfig.addOverrideUnsafe: bef-state=0
02-17 08:41:54.280 I/thunderperf( 1524): CompatConfig.addOverrideUnsafe: aft-state=0
02-17 08:41:54.280 I/thunderperf( 1524): CompatConfig.addOverrideUnsafe: bef-state=0
02-17 08:41:54.280 I/thunderperf( 1524): CompatConfig.addOverrideUnsafe: aft-state=0
02-17 08:41:54.280 I/thunderperf( 1524): CompatConfig.addOverrideUnsafe: bef-state=0
02-17 08:41:54.280 I/thunderperf( 1524): CompatConfig.addOverrideUnsafe: aft-state=0
02-17 08:41:54.280 I/thunderperf( 1524): CompatConfig.addOverrideUnsafe: bef-state=0
02-17 08:41:54.280 I/thunderperf( 1524): CompatConfig.addOverrideUnsafe: aft-state=0
02-17 08:41:54.281 I/thunderperf( 1524): CompatConfig.addOverrideUnsafe: bef-state=0
02-17 08:41:54.281 I/thunderperf( 1524): CompatConfig.addOverrideUnsafe: aft-state=0
02-17 08:41:54.281 W/ContextImpl( 2121): Calling a method in the system process without a qualified user: android.app.ContextImpl.startService:1816 android.content.ContextWrapper.startService:774 com.thundercomm.gamemode.ingame.services.GameModeActionUtils.startGameModeService:111 com.thundercomm.gamemode.ingame.services.GameModeActionUtils.startGameModeEntry:22 com.thundercomm.gamemode.ingame.services.ActivityMonitoringService$1.onActivityLaunch:139
02-17 08:41:54.281 I/thunderperf( 1524): CompatConfig.addOverrideUnsafe: bef-state=0
02-17 08:41:54.281 I/thunderperf( 1524): CompatConfig.addOverrideUnsafe: aft-state=0
02-17 08:41:54.281 I/thunderperf( 1524): CompatConfig.addOverrideUnsafe: bef-state=0
02-17 08:41:54.281 I/thunderperf( 1524): CompatConfig.addOverrideUnsafe: aft-state=0
02-17 08:41:54.281 I/thunderperf( 1524): CompatConfig.addOverrideUnsafe: bef-state=0
02-17 08:41:54.281 I/thunderperf( 1524): CompatConfig.addOverrideUnsafe: aft-state=0
02-17 08:41:54.282 I/thunderperf( 1524): CompatConfig.addOverrideUnsafe: bef-state=0
02-17 08:41:54.282 I/thunderperf( 1524): CompatConfig.addOverrideUnsafe: aft-state=0
02-17 08:41:54.282 I/thunderperf( 1524): CompatConfig.addOverrideUnsafe: bef-state=0
02-17 08:41:54.282 I/thunderperf( 1524): CompatConfig.addOverrideUnsafe: aft-state=0
02-17 08:41:54.282 I/thunderperf( 1524): CompatConfig.addOverrideUnsafe: bef-state=0
02-17 08:41:54.282 I/thunderperf( 1524): CompatConfig.addOverrideUnsafe: aft-state=0
02-17 08:41:54.282 I/thunderperf( 1524): CompatConfig.addOverrideUnsafe: bef-state=0
02-17 08:41:54.282 I/thunderperf( 1524): CompatConfig.addOverrideUnsafe: aft-state=0
02-17 08:41:54.282 I/GameModeConfig( 1524): Current uri is uri = content://com.thundercomm.gamemode.api/gamemode_settings/gamemode_isgaming
02-17 08:41:54.283 I/GameModeConfig( 1524): isGameModeOn = false
02-17 08:41:54.283 I/GameModeConfig( 1524): isGameModeOn = false
02-17 08:41:54.283 I/GameModeConfig( 1524): isDisableVoice = true
02-17 08:41:54.284 I/ActivityTaskManager( 1524): START u0 {act=android.settings.BLUETOOTH_SETTINGS flg=0x14000000 cmp=com.android.settings/.homepage.SettingsHomepageActivity (has extras)} from uid 1000
02-17 08:41:54.289 I/ActivityTaskManager( 1524): FOREGROUND_APPLICATION_CHANGED to com.android.settings.homepage.SettingsHomepageActivity
02-17 08:41:54.293 E/ActivityThread(16130): Failed to find provider info for com.google.android.gms.nearby.fastpair
02-17 08:41:54.293 E/ActivityThread(16130): Failed to find provider info for com.google.android.gms.nearby.fastpair
02-17 08:41:54.360 W/StartingSurfaceDrawer( 1999): Window background is transparent, fill background with black color
02-17 08:41:54.362 W/ActivityTaskManager( 1524): Can't find TaskDisplayArea to determine support for multi window. Task id=103 attached=false
02-17 08:41:54.362 W/ActivityTaskManager( 1524): Can't find TaskDisplayArea to determine support for multi window. Task id=103 attached=false
02-17 08:41:54.392 W/FreeFormWindowHelper( 1524): Current Display FreeFormTask is null
02-17 08:41:54.394 W/ContextImpl( 2121): Calling a method in the system process without a qualified user: android.app.ContextImpl.startService:1816 android.content.ContextWrapper.startService:774 com.thundercomm.gamemode.ingame.services.GameModeActionUtils.startGameModeService:111 com.thundercomm.gamemode.ingame.services.GameModeActionUtils.startGameModeEntry:22 com.thundercomm.gamemode.ingame.services.ActivityMonitoringService$1.onActivityLaunch:139
02-17 08:41:54.395 I/GameModeConfig( 1524): Current uri is uri = content://com.thundercomm.gamemode.api/gamemode_settings/gamemode_isgaming
02-17 08:41:54.395 I/GameModeConfig( 1524): isGameModeOn = false
02-17 08:41:54.396 I/GameModeConfig( 1524): isGameModeOn = false
02-17 08:41:54.396 I/GameModeConfig( 1524): isDisableVoice = true
02-17 08:41:54.533 E/UserRestrictionsUtils( 1524): Unknown restriction queried by uid 1000 (com.android.localtransport et al): null
02-17 08:41:54.564 E/ActivityThread(16130): Failed to find provider info for com.google.android.gms.nearby.fastpair
02-17 08:41:54.564 E/ActivityThread(16130): Failed to find provider info for com.google.android.gms.nearby.fastpair
02-17 08:41:54.865 I/GameModeConfig( 1524): isGameModeOn = false
02-17 08:41:54.865 I/GameModeConfig( 1524): isGameModeOn = false
02-17 08:41:54.865 I/GameModeConfig( 1524): isGameModeOn = false
02-17 08:41:54.865 I/GameModeConfig( 1524): isGameModeOn = false
02-17 08:41:54.865 I/GameModeConfig( 1524): isGameModeOn = false
02-17 08:41:54.865 I/GameModeConfig( 1524): isGameModeOn = false
02-17 08:41:54.902 W/ContextImpl( 2121): Calling a method in the system process without a qualified user: android.app.ContextImpl.startService:1816 android.content.ContextWrapper.startService:774 com.thundercomm.gamemode.ingame.services.GameModeActionUtils.startGameModeService:111 com.thundercomm.gamemode.ingame.services.GameModeActionUtils.startGameModeEntry:22 com.thundercomm.gamemode.ingame.services.ActivityMonitoringService$1.onActivityLaunch:139
02-17 08:41:54.903 I/GameModeConfig( 1524): Current uri is uri = content://com.thundercomm.gamemode.api/gamemode_settings/gamemode_isgaming
02-17 08:41:54.904 I/GameModeConfig( 1524): isGameModeOn = false
02-17 08:41:54.904 I/GameModeConfig( 1524): isGameModeOn = false
02-17 08:41:54.904 I/GameModeConfig( 1524): isDisableVoice = true
02-17 08:41:55.067 I/GameModeConfig( 1524): isGameModeOn = false
02-17 08:41:55.336 W/FreeFormWindowHelper( 1524): Current Display FreeFormTask is null
02-17 08:41:55.342 W/ContextImpl( 2121): Calling a method in the system process without a qualified user: android.app.ContextImpl.startService:1816 android.content.ContextWrapper.startService:774 com.thundercomm.gamemode.ingame.services.GameModeActionUtils.startGameModeService:111 com.thundercomm.gamemode.ingame.services.GameModeActionUtils.startGameModeEntry:22 com.thundercomm.gamemode.ingame.services.ActivityMonitoringService$1.onActivityLaunch:139
02-17 08:41:55.343 I/GameModeConfig( 1524): Current uri is uri = content://com.thundercomm.gamemode.api/gamemode_settings/gamemode_isgaming
02-17 08:41:55.343 I/GameModeConfig( 1524): isGameModeOn = false
02-17 08:41:55.344 I/GameModeConfig( 1524): isGameModeOn = false
02-17 08:41:55.344 I/GameModeConfig( 1524): isDisableVoice = true
02-17 08:41:55.349 W/FreeFormWindowHelper( 1524): Current Display FreeFormTask is null
02-17 08:41:55.349 W/FreeFormWindowHelper( 1524): Current Display FreeFormTask is null
02-17 08:41:55.368 W/FreeFormWindowHelper( 1524): Current Display FreeFormTask is null
02-17 08:41:55.368 W/FreeFormWindowHelper( 1524): Current Display FreeFormTask is null
02-17 08:41:55.371 W/FreeFormWindowHelper( 1524): Current Display FreeFormTask is null
02-17 08:41:55.382 W/FreeFormWindowHelper( 1524): Current Display FreeFormTask is null
02-17 08:41:55.382 W/FreeFormWindowHelper( 1524): Current Display FreeFormTask is null
02-17 08:41:55.399 W/FreeFormWindowHelper( 1524): Current Display FreeFormTask is null
02-17 08:41:55.400 W/FreeFormWindowHelper( 1524): Current Display FreeFormTask is null
02-17 08:41:55.419 W/FreeFormWindowHelper( 1524): Current Display FreeFormTask is null
02-17 08:41:55.419 W/FreeFormWindowHelper( 1524): Current Display FreeFormTask is null
02-17 08:41:55.432 W/FreeFormWindowHelper( 1524): Current Display FreeFormTask is null
02-17 08:41:55.432 W/FreeFormWindowHelper( 1524): Current Display FreeFormTask is null
02-17 08:41:55.449 W/FreeFormWindowHelper( 1524): Current Display FreeFormTask is null
02-17 08:41:55.449 W/FreeFormWindowHelper( 1524): Current Display FreeFormTask is null
02-17 08:41:55.512 W/FreeFormWindowHelper( 1524): exitRecentTasks type=0
02-17 08:41:55.515 W/FreeFormWindowHelper( 1524): Current Display FreeFormTask is null
02-17 08:41:55.515 W/FreeFormWindowHelper( 1524): Current Display FreeFormTask is null
02-17 08:41:55.883 W/FreeFormWindowHelper( 1524): Current Display FreeFormTask is null
02-17 08:41:55.883 W/FreeFormWindowHelper( 1524): Current Display FreeFormTask is null
02-17 08:41:55.888 I/ActivityTaskManager( 1524): FOREGROUND_APPLICATION_CHANGED to com.android.launcher3.uioverrides.QuickstepLauncher
02-17 08:41:55.924 W/ContextImpl( 2121): Calling a method in the system process without a qualified user: android.app.ContextImpl.startService:1816 android.content.ContextWrapper.startService:774 com.thundercomm.gamemode.ingame.services.GameModeActionUtils.startGameModeService:111 com.thundercomm.gamemode.ingame.services.GameModeActionUtils.startGameModeEntry:22 com.thundercomm.gamemode.ingame.services.ActivityMonitoringService$1.onActivityLaunch:139
02-17 08:41:55.926 I/GameModeConfig( 1524): Current uri is uri = content://com.thundercomm.gamemode.api/gamemode_settings/gamemode_isgaming
02-17 08:41:55.926 I/GameModeConfig( 1524): isGameModeOn = false
02-17 08:41:55.927 I/GameModeConfig( 1524): isGameModeOn = false
02-17 08:41:55.927 I/GameModeConfig( 1524): isDisableVoice = true
02-17 08:41:55.997 W/FreeFormWindowHelper( 1524): Current Display FreeFormTask is null
02-17 08:41:55.998 W/ContextImpl( 2121): Calling a method in the system process without a qualified user: android.app.ContextImpl.startService:1816 android.content.ContextWrapper.startService:774 com.thundercomm.gamemode.ingame.services.GameModeActionUtils.startGameModeService:111 com.thundercomm.gamemode.ingame.services.GameModeActionUtils.startGameModeEntry:22 com.thundercomm.gamemode.ingame.services.ActivityMonitoringService$1.onActivityLaunch:139
02-17 08:41:56.000 I/GameModeConfig( 1524): Current uri is uri = content://com.thundercomm.gamemode.api/gamemode_settings/gamemode_isgaming
02-17 08:41:56.000 I/GameModeConfig( 1524): isGameModeOn = false
02-17 08:41:56.000 I/GameModeConfig( 1524): isGameModeOn = false
02-17 08:41:56.000 I/GameModeConfig( 1524): isDisableVoice = true
02-17 08:41:56.028 I/GameModeConfig( 1524): isGameModeOn = false
01-01 12:52:36.285 E/DTC_ETH,link_delay_work_func( 0): 3003, SQI=0, link=0
02-17 08:41:56.229 I/GameModeConfig( 1524): isGameModeOn = false
02-17 08:41:57.072 I/ActivityTaskManager( 1524): START u0 {act=android.settings.BLUETOOTH_SETTINGS flg=0x14000000 cmp=com.android.settings/.Settings$ConnectedDeviceDashboardActivity} from uid 10080
02-17 08:41:57.077 W/ActivityTaskManager( 1524): Can't find TaskDisplayArea to determine support for multi window. Task id=104 attached=false
02-17 08:41:57.083 I/ActivityTaskManager( 1524): FOREGROUND_APPLICATION_CHANGED to com.android.settings.Settings$ConnectedDeviceDashboardActivity
02-17 08:41:57.084 I/ActivityTaskManager( 1524): The Process com.android.settings Already Exists in BG. So sending its PID: 16130
02-17 08:41:57.084 W/ActivityTaskManager( 1524): Tried to set launchTime (0) < mLastActivityLaunchTime (17552020)
02-17 08:41:57.091 W/ContextImpl( 2121): Calling a method in the system process without a qualified user: android.app.ContextImpl.startService:1816 android.content.ContextWrapper.startService:774 com.thundercomm.gamemode.ingame.services.GameModeActionUtils.startGameModeService:111 com.thundercomm.gamemode.ingame.services.GameModeActionUtils.startGameModeEntry:22 com.thundercomm.gamemode.ingame.services.ActivityMonitoringService$1.onActivityLaunch:139
02-17 08:41:57.092 I/GameModeConfig( 1524): Current uri is uri = content://com.thundercomm.gamemode.api/gamemode_settings/gamemode_isgaming
02-17 08:41:57.093 I/GameModeConfig( 1524): isGameModeOn = false
02-17 08:41:57.093 I/GameModeConfig( 1524): isGameModeOn = false
02-17 08:41:57.093 I/GameModeConfig( 1524): isDisableVoice = true
02-17 08:41:57.098 I/thunderperf( 1524): PlatormCompat.setOverrides: Uid1=1000 Pid1=16130 Uid2=1000 Pid2=16130
02-17 08:41:57.098 I/thunderperf( 1524): PlatormCompat.setOverrides: needCheck:false
02-17 08:41:57.098 I/thunderperf( 1524): CompatConfig.addOverrideUnsafe: bef-state=0
02-17 08:41:57.098 I/thunderperf( 1524): CompatConfig.addOverrideUnsafe: aft-state=0
02-17 08:41:57.098 I/thunderperf( 1524): CompatConfig.addOverrideUnsafe: bef-state=0
02-17 08:41:57.098 I/thunderperf( 1524): CompatConfig.addOverrideUnsafe: aft-state=0
02-17 08:41:57.098 I/thunderperf( 1524): CompatConfig.addOverrideUnsafe: bef-state=0
02-17 08:41:57.098 I/thunderperf( 1524): CompatConfig.addOverrideUnsafe: aft-state=0
02-17 08:41:57.098 I/thunderperf( 1524): CompatConfig.addOverrideUnsafe: bef-state=0
02-17 08:41:57.098 I/thunderperf( 1524): CompatConfig.addOverrideUnsafe: aft-state=0
02-17 08:41:57.098 I/thunderperf( 1524): CompatConfig.addOverrideUnsafe: bef-state=0
02-17 08:41:57.099 I/thunderperf( 1524): CompatConfig.addOverrideUnsafe: aft-state=0
02-17 08:41:57.099 I/thunderperf( 1524): CompatConfig.addOverrideUnsafe: bef-state=0
02-17 08:41:57.099 I/thunderperf( 1524): CompatConfig.addOverrideUnsafe: aft-state=0
02-17 08:41:57.099 I/thunderperf( 1524): CompatConfig.addOverrideUnsafe: bef-state=0
02-17 08:41:57.099 I/thunderperf( 1524): CompatConfig.addOverrideUnsafe: aft-state=0
02-17 08:41:57.099 I/thunderperf( 1524): CompatConfig.addOverrideUnsafe: bef-state=0
02-17 08:41:57.099 I/thunderperf( 1524): CompatConfig.addOverrideUnsafe: aft-state=0
02-17 08:41:57.099 I/thunderperf( 1524): CompatConfig.addOverrideUnsafe: bef-state=0
02-17 08:41:57.099 I/thunderperf( 1524): CompatConfig.addOverrideUnsafe: aft-state=0
02-17 08:41:57.099 I/thunderperf( 1524): CompatConfig.addOverrideUnsafe: bef-state=0
02-17 08:41:57.099 I/thunderperf( 1524): CompatConfig.addOverrideUnsafe: aft-state=0
02-17 08:41:57.100 I/thunderperf( 1524): CompatConfig.addOverrideUnsafe: bef-state=0
02-17 08:41:57.100 I/thunderperf( 1524): CompatConfig.addOverrideUnsafe: aft-state=0
02-17 08:41:57.100 I/thunderperf( 1524): CompatConfig.addOverrideUnsafe: bef-state=0
02-17 08:41:57.100 I/thunderperf( 1524): CompatConfig.addOverrideUnsafe: aft-state=0
02-17 08:41:57.100 I/thunderperf( 1524): CompatConfig.addOverrideUnsafe: bef-state=0
02-17 08:41:57.100 I/thunderperf( 1524): CompatConfig.addOverrideUnsafe: aft-state=0
02-17 08:41:57.100 I/thunderperf( 1524): CompatConfig.addOverrideUnsafe: bef-state=0
02-17 08:41:57.100 I/thunderperf( 1524): CompatConfig.addOverrideUnsafe: aft-state=0
02-17 08:41:57.104 I/ActivityTaskManager( 1524): START u0 {act=android.settings.BLUETOOTH_SETTINGS flg=0x14000000 cmp=com.android.settings/.homepage.SettingsHomepageActivity (has extras)} from uid 1000
02-17 08:41:57.108 I/ActivityTaskManager( 1524): FOREGROUND_APPLICATION_CHANGED to com.android.settings.homepage.SettingsHomepageActivity
02-17 08:41:57.112 E/ActivityThread(16130): Failed to find provider info for com.google.android.gms.nearby.fastpair
02-17 08:41:57.114 E/ActivityThread(16130): Failed to find provider info for com.google.android.gms.nearby.fastpair
02-17 08:41:57.211 W/FreeFormWindowHelper( 1524): Current Display FreeFormTask is null
02-17 08:41:57.213 W/ContextImpl( 2121): Calling a method in the system process without a qualified user: android.app.ContextImpl.startService:1816 android.content.ContextWrapper.startService:774 com.thundercomm.gamemode.ingame.services.GameModeActionUtils.startGameModeService:111 com.thundercomm.gamemode.ingame.services.GameModeActionUtils.startGameModeEntry:22 com.thundercomm.gamemode.ingame.services.ActivityMonitoringService$1.onActivityLaunch:139
02-17 08:41:57.214 I/GameModeConfig( 1524): Current uri is uri = content://com.thundercomm.gamemode.api/gamemode_settings/gamemode_isgaming
02-17 08:41:57.214 I/GameModeConfig( 1524): isGameModeOn = false
02-17 08:41:57.215 I/GameModeConfig( 1524): isGameModeOn = false
02-17 08:41:57.215 I/GameModeConfig( 1524): isDisableVoice = true
02-17 08:41:57.350 E/UserRestrictionsUtils( 1524): Unknown restriction queried by uid 1000 (com.android.localtransport et al): null
02-17 08:41:57.381 E/ActivityThread(16130): Failed to find provider info for com.google.android.gms.nearby.fastpair
02-17 08:41:57.381 E/ActivityThread(16130): Failed to find provider info for com.google.android.gms.nearby.fastpair
02-17 08:41:57.621 I/GameModeConfig( 1524): isGameModeOn = false
02-17 08:41:57.622 I/GameModeConfig( 1524): isGameModeOn = false
02-17 08:41:57.622 I/GameModeConfig( 1524): isGameModeOn = false
02-17 08:41:57.622 I/GameModeConfig( 1524): isGameModeOn = false
02-17 08:41:57.622 I/GameModeConfig( 1524): isGameModeOn = false
02-17 08:41:57.622 I/GameModeConfig( 1524): isGameModeOn = false
02-17 08:41:57.661 W/ContextImpl( 2121): Calling a method in the system process without a qualified user: android.app.ContextImpl.startService:1816 android.content.ContextWrapper.startService:774 com.thundercomm.gamemode.ingame.services.GameModeActionUtils.startGameModeService:111 com.thundercomm.gamemode.ingame.services.GameModeActionUtils.startGameModeEntry:22 com.thundercomm.gamemode.ingame.services.ActivityMonitoringService$1.onActivityLaunch:139
02-17 08:41:57.662 I/GameModeConfig( 1524): Current uri is uri = content://com.thundercomm.gamemode.api/gamemode_settings/gamemode_isgaming
02-17 08:41:57.662 I/GameModeConfig( 1524): isGameModeOn = false
02-17 08:41:57.662 I/GameModeConfig( 1524): isGameModeOn = false
02-17 08:41:57.663 I/GameModeConfig( 1524): isDisableVoice = true
02-17 08:41:57.672 W/ActivityTaskManager( 1524): Can't find TaskDisplayArea to determine support for multi window. Task id=104 attached=false
02-17 08:41:57.672 W/ActivityTaskManager( 1524): Can't find TaskDisplayArea to determine support for multi window. Task id=104 attached=false
02-17 08:41:57.823 I/GameModeConfig( 1524): isGameModeOn = false
02-17 08:41:58.063 W/FreeFormWindowHelper( 1524): Current Display FreeFormTask is null
02-17 08:41:58.070 W/ContextImpl( 2121): Calling a method in the system process without a qualified user: android.app.ContextImpl.startService:1816 android.content.ContextWrapper.startService:774 com.thundercomm.gamemode.ingame.services.GameModeActionUtils.startGameModeService:111 com.thundercomm.gamemode.ingame.services.GameModeActionUtils.startGameModeEntry:22 com.thundercomm.gamemode.ingame.services.ActivityMonitoringService$1.onActivityLaunch:139
02-17 08:41:58.071 I/GameModeConfig( 1524): Current uri is uri = content://com.thundercomm.gamemode.api/gamemode_settings/gamemode_isgaming
02-17 08:41:58.072 I/GameModeConfig( 1524): isGameModeOn = false
02-17 08:41:58.072 I/GameModeConfig( 1524): isGameModeOn = false
02-17 08:41:58.072 I/GameModeConfig( 1524): isDisableVoice = true
02-17 08:41:58.073 W/FreeFormWindowHelper( 1524): Current Display FreeFormTask is null
02-17 08:41:58.073 W/FreeFormWindowHelper( 1524): Current Display FreeFormTask is null
02-17 08:41:58.091 W/FreeFormWindowHelper( 1524): Current Display FreeFormTask is null
02-17 08:41:58.091 W/FreeFormWindowHelper( 1524): Current Display FreeFormTask is null
02-17 08:41:58.094 W/FreeFormWindowHelper( 1524): Current Display FreeFormTask is null
02-17 08:41:58.105 W/FreeFormWindowHelper( 1524): Current Display FreeFormTask is null
02-17 08:41:58.105 W/FreeFormWindowHelper( 1524): Current Display FreeFormTask is null
02-17 08:41:58.122 W/FreeFormWindowHelper( 1524): Current Display FreeFormTask is null
02-17 08:41:58.122 W/FreeFormWindowHelper( 1524): Current Display FreeFormTask is null
02-17 08:41:58.140 W/FreeFormWindowHelper( 1524): Current Display FreeFormTask is null
02-17 08:41:58.140 W/FreeFormWindowHelper( 1524): Current Display FreeFormTask is null
02-17 08:41:58.156 W/FreeFormWindowHelper( 1524): Current Display FreeFormTask is null
02-17 08:41:58.156 W/FreeFormWindowHelper( 1524): Current Display FreeFormTask is null
02-17 08:41:58.172 W/FreeFormWindowHelper( 1524): Current Display FreeFormTask is null
02-17 08:41:58.172 W/FreeFormWindowHelper( 1524): Current Display FreeFormTask is null
02-17 08:41:58.253 W/FreeFormWindowHelper( 1524): exitRecentTasks type=0
02-17 08:41:58.255 W/FreeFormWindowHelper( 1524): Current Display FreeFormTask is null
02-17 08:41:58.256 W/FreeFormWindowHelper( 1524): Current Display FreeFormTask is null
02-17 08:41:58.776 E/TaskPersister( 1524): File error accessing recents directory (directory doesn't exist?).
02-17 08:41:58.823 W/FreeFormWindowHelper( 1524): Current Display FreeFormTask is null
02-17 08:41:58.823 W/FreeFormWindowHelper( 1524): Current Display FreeFormTask is null
02-17 08:41:58.829 I/ActivityTaskManager( 1524): FOREGROUND_APPLICATION_CHANGED to com.android.launcher3.uioverrides.QuickstepLauncher
02-17 08:41:58.863 W/ContextImpl( 2121): Calling a method in the system process without a qualified user: android.app.ContextImpl.startService:1816 android.content.ContextWrapper.startService:774 com.thundercomm.gamemode.ingame.services.GameModeActionUtils.startGameModeService:111 com.thundercomm.gamemode.ingame.services.GameModeActionUtils.startGameModeEntry:22 com.thundercomm.gamemode.ingame.services.ActivityMonitoringService$1.onActivityLaunch:139
02-17 08:41:58.864 I/GameModeConfig( 1524): Current uri is uri = content://com.thundercomm.gamemode.api/gamemode_settings/gamemode_isgaming
02-17 08:41:58.865 I/GameModeConfig( 1524): isGameModeOn = false
02-17 08:41:58.865 I/GameModeConfig( 1524): isGameModeOn = false
02-17 08:41:58.865 I/GameModeConfig( 1524): isDisableVoice = true
02-17 08:41:58.936 W/ContextImpl( 2121): Calling a method in the system process without a qualified user: android.app.ContextImpl.startService:1816 android.content.ContextWrapper.startService:774 com.thundercomm.gamemode.ingame.services.GameModeActionUtils.startGameModeService:111 com.thundercomm.gamemode.ingame.services.GameModeActionUtils.startGameModeEntry:22 com.thundercomm.gamemode.ingame.services.ActivityMonitoringService$1.onActivityLaunch:139
02-17 08:41:58.936 W/FreeFormWindowHelper( 1524): Current Display FreeFormTask is null
02-17 08:41:58.937 I/GameModeConfig( 1524): Current uri is uri = content://com.thundercomm.gamemode.api/gamemode_settings/gamemode_isgaming
02-17 08:41:58.937 I/GameModeConfig( 1524): isGameModeOn = false
02-17 08:41:58.938 I/GameModeConfig( 1524): isGameModeOn = false
02-17 08:41:58.938 I/GameModeConfig( 1524): isDisableVoice = true
02-17 08:41:59.020 I/GameModeConfig( 1524): isGameModeOn = false
02-17 08:41:59.221 I/GameModeConfig( 1524): isGameModeOn = false
02-17 08:41:59.797 I/ActivityTaskManager( 1524): START u0 {act=android.settings.BLUETOOTH_SETTINGS flg=0x14000000 cmp=com.android.settings/.Settings$ConnectedDeviceDashboardActivity} from uid 10080
02-17 08:41:59.803 W/ActivityTaskManager( 1524): Can't find TaskDisplayArea to determine support for multi window. Task id=105 attached=false
02-17 08:41:59.810 I/ActivityTaskManager( 1524): FOREGROUND_APPLICATION_CHANGED to com.android.settings.Settings$ConnectedDeviceDashboardActivity
02-17 08:41:59.810 I/ActivityTaskManager( 1524): The Process com.android.settings Already Exists in BG. So sending its PID: 16130
02-17 08:41:59.810 W/ActivityTaskManager( 1524): Tried to set launchTime (0) < mLastActivityLaunchTime (17554834)
02-17 08:41:59.819 W/ContextImpl( 2121): Calling a method in the system process without a qualified user: android.app.ContextImpl.startService:1816 android.content.ContextWrapper.startService:774 com.thundercomm.gamemode.ingame.services.GameModeActionUtils.startGameModeService:111 com.thundercomm.gamemode.ingame.services.GameModeActionUtils.startGameModeEntry:22 com.thundercomm.gamemode.ingame.services.ActivityMonitoringService$1.onActivityLaunch:139
02-17 08:41:59.820 I/GameModeConfig( 1524): Current uri is uri = content://com.thundercomm.gamemode.api/gamemode_settings/gamemode_isgaming
02-17 08:41:59.820 I/GameModeConfig( 1524): isGameModeOn = false
02-17 08:41:59.820 I/GameModeConfig( 1524): isGameModeOn = false
02-17 08:41:59.820 I/GameModeConfig( 1524): isDisableVoice = true
02-17 08:41:59.821 I/thunderperf( 1524): PlatormCompat.setOverrides: Uid1=1000 Pid1=16130 Uid2=1000 Pid2=16130
02-17 08:41:59.821 I/thunderperf( 1524): PlatormCompat.setOverrides: needCheck:false
02-17 08:41:59.821 I/thunderperf( 1524): CompatConfig.addOverrideUnsafe: bef-state=0
02-17 08:41:59.821 I/thunderperf( 1524): CompatConfig.addOverrideUnsafe: aft-state=0
02-17 08:41:59.822 I/thunderperf( 1524): CompatConfig.addOverrideUnsafe: bef-state=0
02-17 08:41:59.822 I/thunderperf( 1524): CompatConfig.addOverrideUnsafe: aft-state=0
02-17 08:41:59.822 I/thunderperf( 1524): CompatConfig.addOverrideUnsafe: bef-state=0
02-17 08:41:59.822 I/thunderperf( 1524): CompatConfig.addOverrideUnsafe: aft-state=0
02-17 08:41:59.822 I/thunderperf( 1524): CompatConfig.addOverrideUnsafe: bef-state=0
02-17 08:41:59.822 I/thunderperf( 1524): CompatConfig.addOverrideUnsafe: aft-state=0
02-17 08:41:59.822 I/thunderperf( 1524): CompatConfig.addOverrideUnsafe: bef-state=0
02-17 08:41:59.822 I/thunderperf( 1524): CompatConfig.addOverrideUnsafe: aft-state=0
02-17 08:41:59.822 I/thunderperf( 1524): CompatConfig.addOverrideUnsafe: bef-state=0
02-17 08:41:59.822 I/thunderperf( 1524): CompatConfig.addOverrideUnsafe: aft-state=0
02-17 08:41:59.823 I/thunderperf( 1524): CompatConfig.addOverrideUnsafe: bef-state=0
02-17 08:41:59.823 I/thunderperf( 1524): CompatConfig.addOverrideUnsafe: aft-state=0
02-17 08:41:59.823 I/thunderperf( 1524): CompatConfig.addOverrideUnsafe: bef-state=0
02-17 08:41:59.823 I/thunderperf( 1524): CompatConfig.addOverrideUnsafe: aft-state=0
02-17 08:41:59.823 I/thunderperf( 1524): CompatConfig.addOverrideUnsafe: bef-state=0
02-17 08:41:59.823 I/thunderperf( 1524): CompatConfig.addOverrideUnsafe: aft-state=0
02-17 08:41:59.823 I/thunderperf( 1524): CompatConfig.addOverrideUnsafe: bef-state=0
02-17 08:41:59.823 I/thunderperf( 1524): CompatConfig.addOverrideUnsafe: aft-state=0
02-17 08:41:59.823 I/thunderperf( 1524): CompatConfig.addOverrideUnsafe: bef-state=0
02-17 08:41:59.823 I/thunderperf( 1524): CompatConfig.addOverrideUnsafe: aft-state=0
02-17 08:41:59.823 I/thunderperf( 1524): CompatConfig.addOverrideUnsafe: bef-state=0
02-17 08:41:59.823 I/thunderperf( 1524): CompatConfig.addOverrideUnsafe: aft-state=0
02-17 08:41:59.824 I/thunderperf( 1524): CompatConfig.addOverrideUnsafe: bef-state=0
02-17 08:41:59.824 I/thunderperf( 1524): CompatConfig.addOverrideUnsafe: aft-state=0
02-17 08:41:59.824 I/thunderperf( 1524): CompatConfig.addOverrideUnsafe: bef-state=0
02-17 08:41:59.824 I/thunderperf( 1524): CompatConfig.addOverrideUnsafe: aft-state=0
02-17 08:41:59.825 I/ActivityTaskManager( 1524): START u0 {act=android.settings.BLUETOOTH_SETTINGS flg=0x14000000 cmp=com.android.settings/.homepage.SettingsHomepageActivity (has extras)} from uid 1000
02-17 08:41:59.830 I/ActivityTaskManager( 1524): FOREGROUND_APPLICATION_CHANGED to com.android.settings.homepage.SettingsHomepageActivity
02-17 08:41:59.835 E/ActivityThread(16130): Failed to find provider info for com.google.android.gms.nearby.fastpair
02-17 08:41:59.835 E/ActivityThread(16130): Failed to find provider info for com.google.android.gms.nearby.fastpair
02-17 08:41:59.889 W/ActivityTaskManager( 1524): Can't find TaskDisplayArea to determine support for multi window. Task id=105 attached=false
02-17 08:41:59.889 W/ActivityTaskManager( 1524): Can't find TaskDisplayArea to determine support for multi window. Task id=105 attached=false
02-17 08:41:59.890 W/StartingSurfaceDrawer( 1999): Window background is transparent, fill background with black color
02-17 08:41:59.934 W/FreeFormWindowHelper( 1524): Current Display FreeFormTask is null
02-17 08:41:59.936 W/ContextImpl( 2121): Calling a method in the system process without a qualified user: android.app.ContextImpl.startService:1816 android.content.ContextWrapper.startService:774 com.thundercomm.gamemode.ingame.services.GameModeActionUtils.startGameModeService:111 com.thundercomm.gamemode.ingame.services.GameModeActionUtils.startGameModeEntry:22 com.thundercomm.gamemode.ingame.services.ActivityMonitoringService$1.onActivityLaunch:139
02-17 08:41:59.937 I/GameModeConfig( 1524): Current uri is uri = content://com.thundercomm.gamemode.api/gamemode_settings/gamemode_isgaming
02-17 08:41:59.937 I/GameModeConfig( 1524): isGameModeOn = false
02-17 08:41:59.938 I/GameModeConfig( 1524): isGameModeOn = false
02-17 08:41:59.938 I/GameModeConfig( 1524): isDisableVoice = true
02-17 08:42:00.076 E/UserRestrictionsUtils( 1524): Unknown restriction queried by uid 1000 (com.android.localtransport et al): null
02-17 08:42:00.107 E/ActivityThread(16130): Failed to find provider info for com.google.android.gms.nearby.fastpair
02-17 08:42:00.107 E/ActivityThread(16130): Failed to find provider info for com.google.android.gms.nearby.fastpair
02-17 08:42:00.395 I/GameModeConfig( 1524): isGameModeOn = false
02-17 08:42:00.395 I/GameModeConfig( 1524): isGameModeOn = false
02-17 08:42:00.395 I/GameModeConfig( 1524): isGameModeOn = false
02-17 08:42:00.395 I/GameModeConfig( 1524): isGameModeOn = false
02-17 08:42:00.395 I/GameModeConfig( 1524): isGameModeOn = false
02-17 08:42:00.395 I/GameModeConfig( 1524): isGameModeOn = false
02-17 08:42:00.431 W/ContextImpl( 2121): Calling a method in the system process without a qualified user: android.app.ContextImpl.startService:1816 android.content.ContextWrapper.startService:774 com.thundercomm.gamemode.ingame.services.GameModeActionUtils.startGameModeService:111 com.thundercomm.gamemode.ingame.services.GameModeActionUtils.startGameModeEntry:22 com.thundercomm.gamemode.ingame.services.ActivityMonitoringService$1.onActivityLaunch:139
02-17 08:42:00.433 I/GameModeConfig( 1524): Current uri is uri = content://com.thundercomm.gamemode.api/gamemode_settings/gamemode_isgaming
02-17 08:42:00.433 I/GameModeConfig( 1524): isGameModeOn = false
02-17 08:42:00.434 I/GameModeConfig( 1524): isGameModeOn = false
02-17 08:42:00.434 I/GameModeConfig( 1524): isDisableVoice = true
02-17 08:42:00.596 I/GameModeConfig( 1524): isGameModeOn = false
02-17 08:42:00.923 W/FreeFormWindowHelper( 1524): Current Display FreeFormTask is null
02-17 08:42:00.929 W/FreeFormWindowHelper( 1524): Current Display FreeFormTask is null
02-17 08:42:00.929 W/FreeFormWindowHelper( 1524): Current Display FreeFormTask is null
02-17 08:42:00.930 W/ContextImpl( 2121): Calling a method in the system process without a qualified user: android.app.ContextImpl.startService:1816 android.content.ContextWrapper.startService:774 com.thundercomm.gamemode.ingame.services.GameModeActionUtils.startGameModeService:111 com.thundercomm.gamemode.ingame.services.GameModeActionUtils.startGameModeEntry:22 com.thundercomm.gamemode.ingame.services.ActivityMonitoringService$1.onActivityLaunch:139
02-17 08:42:00.931 I/GameModeConfig( 1524): Current uri is uri = content://com.thundercomm.gamemode.api/gamemode_settings/gamemode_isgaming
02-17 08:42:00.932 I/GameModeConfig( 1524): isGameModeOn = false
02-17 08:42:00.932 I/GameModeConfig( 1524): isGameModeOn = false
02-17 08:42:00.932 I/GameModeConfig( 1524): isDisableVoice = true
02-17 08:42:00.949 W/FreeFormWindowHelper( 1524): Current Display FreeFormTask is null
02-17 08:42:00.949 W/FreeFormWindowHelper( 1524): Current Display FreeFormTask is null
02-17 08:42:00.963 W/FreeFormWindowHelper( 1524): Current Display FreeFormTask is null
02-17 08:42:00.963 W/FreeFormWindowHelper( 1524): Current Display FreeFormTask is null
02-17 08:42:00.964 W/FreeFormWindowHelper( 1524): Current Display FreeFormTask is null
02-17 08:42:00.979 W/FreeFormWindowHelper( 1524): Current Display FreeFormTask is null
02-17 08:42:00.979 W/FreeFormWindowHelper( 1524): Current Display FreeFormTask is null
02-17 08:42:00.996 W/FreeFormWindowHelper( 1524): Current Display FreeFormTask is null
02-17 08:42:00.997 W/FreeFormWindowHelper( 1524): Current Display FreeFormTask is null
02-17 08:42:01.012 W/FreeFormWindowHelper( 1524): Current Display FreeFormTask is null
02-17 08:42:01.013 W/FreeFormWindowHelper( 1524): Current Display FreeFormTask is null
02-17 08:42:01.029 W/FreeFormWindowHelper( 1524): Current Display FreeFormTask is null
02-17 08:42:01.029 W/FreeFormWindowHelper( 1524): Current Display FreeFormTask is null
02-17 08:42:01.046 W/FreeFormWindowHelper( 1524): Current Display FreeFormTask is null
02-17 08:42:01.046 W/FreeFormWindowHelper( 1524): Current Display FreeFormTask is null
02-17 08:42:01.139 W/FreeFormWindowHelper( 1524): exitRecentTasks type=0
02-17 08:42:01.146 W/FreeFormWindowHelper( 1524): Current Display FreeFormTask is null
02-17 08:42:01.146 W/FreeFormWindowHelper( 1524): Current Display FreeFormTask is null
01-01 12:52:41.405 E/DTC_ETH,link_delay_work_func( 0): 3003, SQI=0, link=0
02-17 08:42:01.697 W/FreeFormWindowHelper( 1524): Current Display FreeFormTask is null
02-17 08:42:01.697 W/FreeFormWindowHelper( 1524): Current Display FreeFormTask is null
02-17 08:42:01.704 I/ActivityTaskManager( 1524): FOREGROUND_APPLICATION_CHANGED to com.android.launcher3.uioverrides.QuickstepLauncher
02-17 08:42:01.738 W/ContextImpl( 2121): Calling a method in the system process without a qualified user: android.app.ContextImpl.startService:1816 android.content.ContextWrapper.startService:774 com.thundercomm.gamemode.ingame.services.GameModeActionUtils.startGameModeService:111 com.thundercomm.gamemode.ingame.services.GameModeActionUtils.startGameModeEntry:22 com.thundercomm.gamemode.ingame.services.ActivityMonitoringService$1.onActivityLaunch:139
02-17 08:42:01.739 I/GameModeConfig( 1524): Current uri is uri = content://com.thundercomm.gamemode.api/gamemode_settings/gamemode_isgaming
02-17 08:42:01.740 I/GameModeConfig( 1524): isGameModeOn = false
02-17 08:42:01.740 I/GameModeConfig( 1524): isGameModeOn = false
02-17 08:42:01.740 I/GameModeConfig( 1524): isDisableVoice = true
02-17 08:42:01.810 W/FreeFormWindowHelper( 1524): Current Display FreeFormTask is null
02-17 08:42:01.813 W/ContextImpl( 2121): Calling a method in the system process without a qualified user: android.app.ContextImpl.startService:1816 android.content.ContextWrapper.startService:774 com.thundercomm.gamemode.ingame.services.GameModeActionUtils.startGameModeService:111 com.thundercomm.gamemode.ingame.services.GameModeActionUtils.startGameModeEntry:22 com.thundercomm.gamemode.ingame.services.ActivityMonitoringService$1.onActivityLaunch:139
02-17 08:42:01.817 I/GameModeConfig( 1524): Current uri is uri = content://com.thundercomm.gamemode.api/gamemode_settings/gamemode_isgaming
02-17 08:42:01.818 I/GameModeConfig( 1524): isGameModeOn = false
02-17 08:42:01.819 I/GameModeConfig( 1524): isGameModeOn = false
02-17 08:42:01.819 I/GameModeConfig( 1524): isDisableVoice = true
02-17 08:42:01.949 I/GameModeConfig( 1524): isGameModeOn = false
02-17 08:42:02.143 I/GameModeConfig( 1524): isGameModeOn = false
02-17 08:42:02.747 I/ActivityTaskManager( 1524): START u0 {act=android.settings.BLUETOOTH_SETTINGS flg=0x14000000 cmp=com.android.settings/.Settings$ConnectedDeviceDashboardActivity} from uid 10080
02-17 08:42:02.751 W/ActivityTaskManager( 1524): Can't find TaskDisplayArea to determine support for multi window. Task id=106 attached=false
02-17 08:42:02.756 I/ActivityTaskManager( 1524): FOREGROUND_APPLICATION_CHANGED to com.android.settings.Settings$ConnectedDeviceDashboardActivity
02-17 08:42:02.757 I/ActivityTaskManager( 1524): The Process com.android.settings Already Exists in BG. So sending its PID: 16130
02-17 08:42:02.757 W/ActivityTaskManager( 1524): Tried to set launchTime (0) < mLastActivityLaunchTime (17557560)
02-17 08:42:02.764 W/ContextImpl( 2121): Calling a method in the system process without a qualified user: android.app.ContextImpl.startService:1816 android.content.ContextWrapper.startService:774 com.thundercomm.gamemode.ingame.services.GameModeActionUtils.startGameModeService:111 com.thundercomm.gamemode.ingame.services.GameModeActionUtils.startGameModeEntry:22 com.thundercomm.gamemode.ingame.services.ActivityMonitoringService$1.onActivityLaunch:139
02-17 08:42:02.765 I/GameModeConfig( 1524): Current uri is uri = content://com.thundercomm.gamemode.api/gamemode_settings/gamemode_isgaming
02-17 08:42:02.766 I/GameModeConfig( 1524): isGameModeOn = false
02-17 08:42:02.766 I/GameModeConfig( 1524): isGameModeOn = false
02-17 08:42:02.766 I/GameModeConfig( 1524): isDisableVoice = true
02-17 08:42:02.775 I/thunderperf( 1524): PlatormCompat.setOverrides: Uid1=1000 Pid1=16130 Uid2=1000 Pid2=16130
02-17 08:42:02.775 I/thunderperf( 1524): PlatormCompat.setOverrides: needCheck:false
02-17 08:42:02.775 I/thunderperf( 1524): CompatConfig.addOverrideUnsafe: bef-state=0
02-17 08:42:02.775 I/thunderperf( 1524): CompatConfig.addOverrideUnsafe: aft-state=0
02-17 08:42:02.776 I/thunderperf( 1524): CompatConfig.addOverrideUnsafe: bef-state=0
02-17 08:42:02.776 I/thunderperf( 1524): CompatConfig.addOverrideUnsafe: aft-state=0
02-17 08:42:02.776 I/thunderperf( 1524): CompatConfig.addOverrideUnsafe: bef-state=0
02-17 08:42:02.776 I/thunderperf( 1524): CompatConfig.addOverrideUnsafe: aft-state=0
02-17 08:42:02.776 I/thunderperf( 1524): CompatConfig.addOverrideUnsafe: bef-state=0
02-17 08:42:02.777 I/thunderperf( 1524): CompatConfig.addOverrideUnsafe: aft-state=0
02-17 08:42:02.777 I/thunderperf( 1524): CompatConfig.addOverrideUnsafe: bef-state=0
02-17 08:42:02.777 I/thunderperf( 1524): CompatConfig.addOverrideUnsafe: aft-state=0
02-17 08:42:02.777 I/thunderperf( 1524): CompatConfig.addOverrideUnsafe: bef-state=0
02-17 08:42:02.777 I/thunderperf( 1524): CompatConfig.addOverrideUnsafe: aft-state=0
02-17 08:42:02.777 I/thunderperf( 1524): CompatConfig.addOverrideUnsafe: bef-state=0
02-17 08:42:02.777 I/thunderperf( 1524): CompatConfig.addOverrideUnsafe: aft-state=0
02-17 08:42:02.777 I/thunderperf( 1524): CompatConfig.addOverrideUnsafe: bef-state=0
02-17 08:42:02.777 I/thunderperf( 1524): CompatConfig.addOverrideUnsafe: aft-state=0
02-17 08:42:02.777 I/thunderperf( 1524): CompatConfig.addOverrideUnsafe: bef-state=0
02-17 08:42:02.777 I/thunderperf( 1524): CompatConfig.addOverrideUnsafe: aft-state=0
02-17 08:42:02.778 I/thunderperf( 1524): CompatConfig.addOverrideUnsafe: bef-state=0
02-17 08:42:02.778 I/thunderperf( 1524): CompatConfig.addOverrideUnsafe: aft-state=0
02-17 08:42:02.778 I/thunderperf( 1524): CompatConfig.addOverrideUnsafe: bef-state=0
02-17 08:42:02.778 I/thunderperf( 1524): CompatConfig.addOverrideUnsafe: aft-state=0
02-17 08:42:02.778 I/thunderperf( 1524): CompatConfig.addOverrideUnsafe: bef-state=0
02-17 08:42:02.778 I/thunderperf( 1524): CompatConfig.addOverrideUnsafe: aft-state=0
02-17 08:42:02.778 I/thunderperf( 1524): CompatConfig.addOverrideUnsafe: bef-state=0
02-17 08:42:02.778 I/thunderperf( 1524): CompatConfig.addOverrideUnsafe: aft-state=0
02-17 08:42:02.779 I/thunderperf( 1524): CompatConfig.addOverrideUnsafe: bef-state=0
02-17 08:42:02.779 I/thunderperf( 1524): CompatConfig.addOverrideUnsafe: aft-state=0
02-17 08:42:02.782 I/ActivityTaskManager( 1524): START u0 {act=android.settings.BLUETOOTH_SETTINGS flg=0x14000000 cmp=com.android.settings/.homepage.SettingsHomepageActivity (has extras)} from uid 1000
02-17 08:42:02.787 I/ActivityTaskManager( 1524): FOREGROUND_APPLICATION_CHANGED to com.android.settings.homepage.SettingsHomepageActivity
02-17 08:42:02.791 E/ActivityThread(16130): Failed to find provider info for com.google.android.gms.nearby.fastpair
02-17 08:42:02.791 E/ActivityThread(16130): Failed to find provider info for com.google.android.gms.nearby.fastpair
02-17 08:42:02.890 W/FreeFormWindowHelper( 1524): Current Display FreeFormTask is null
02-17 08:42:02.892 W/ContextImpl( 2121): Calling a method in the system process without a qualified user: android.app.ContextImpl.startService:1816 android.content.ContextWrapper.startService:774 com.thundercomm.gamemode.ingame.services.GameModeActionUtils.startGameModeService:111 com.thundercomm.gamemode.ingame.services.GameModeActionUtils.startGameModeEntry:22 com.thundercomm.gamemode.ingame.services.ActivityMonitoringService$1.onActivityLaunch:139
02-17 08:42:02.893 I/GameModeConfig( 1524): Current uri is uri = content://com.thundercomm.gamemode.api/gamemode_settings/gamemode_isgaming
02-17 08:42:02.894 I/GameModeConfig( 1524): isGameModeOn = false
02-17 08:42:02.894 I/GameModeConfig( 1524): isGameModeOn = false
02-17 08:42:02.894 I/GameModeConfig( 1524): isDisableVoice = true
02-17 08:42:03.031 E/UserRestrictionsUtils( 1524): Unknown restriction queried by uid 1000 (com.android.localtransport et al): null
02-17 08:42:03.062 E/ActivityThread(16130): Failed to find provider info for com.google.android.gms.nearby.fastpair
02-17 08:42:03.062 E/ActivityThread(16130): Failed to find provider info for com.google.android.gms.nearby.fastpair
02-17 08:42:03.302 I/GameModeConfig( 1524): isGameModeOn = false
02-17 08:42:03.302 I/GameModeConfig( 1524): isGameModeOn = false
02-17 08:42:03.302 I/GameModeConfig( 1524): isGameModeOn = false
02-17 08:42:03.302 I/GameModeConfig( 1524): isGameModeOn = false
02-17 08:42:03.302 I/GameModeConfig( 1524): isGameModeOn = false
02-17 08:42:03.302 I/GameModeConfig( 1524): isGameModeOn = false
