02-17 08:47:13.935 I/auditd ( 0): type=1400 audit(0.0:19206): avc: denied { kill } for comm="swapper/0" capability=5 scontext=u:r:kernel:s0 tcontext=u:r:kernel:s0 tclass=capability permissive=0
02-17 08:47:14.939 I/auditd ( 0): type=1400 audit(0.0:19207): avc: denied { kill } for comm="swapper/0" capability=5 scontext=u:r:kernel:s0 tcontext=u:r:kernel:s0 tclass=capability permissive=0
02-17 08:47:15.939 I/auditd ( 0): type=1400 audit(0.0:19208): avc: denied { kill } for comm="swapper/0" capability=5 scontext=u:r:kernel:s0 tcontext=u:r:kernel:s0 tclass=capability permissive=0
02-17 08:47:16.935 I/auditd ( 0): type=1400 audit(0.0:19209): avc: denied { kill } for comm="swapper/0" capability=5 scontext=u:r:kernel:s0 tcontext=u:r:kernel:s0 tclass=capability permissive=0
02-17 08:47:17.939 I/auditd ( 0): type=1400 audit(0.0:19210): avc: denied { kill } for comm="swapper/0" capability=5 scontext=u:r:kernel:s0 tcontext=u:r:kernel:s0 tclass=capability permissive=0
01-01 12:57:58.845 E/DTC_ETH,link_delay_work_func( 0): 3003, SQI=0, link=0
02-17 08:47:18.939 I/auditd ( 0): type=1400 audit(0.0:19211): avc: denied { kill } for comm="swapper/0" capability=5 scontext=u:r:kernel:s0 tcontext=u:r:kernel:s0 tclass=capability permissive=0
02-17 08:47:19.935 I/auditd ( 0): type=1400 audit(0.0:19212): avc: denied { kill } for comm="swapper/0" capability=5 scontext=u:r:kernel:s0 tcontext=u:r:kernel:s0 tclass=capability permissive=0
02-17 08:47:20.935 I/auditd ( 0): type=1400 audit(0.0:19213): avc: denied { kill } for comm="swapper/0" capability=5 scontext=u:r:kernel:s0 tcontext=u:r:kernel:s0 tclass=capability permissive=0
02-17 08:47:21.935 I/auditd ( 0): type=1400 audit(0.0:19214): avc: denied { kill } for comm="swapper/0" capability=5 scontext=u:r:kernel:s0 tcontext=u:r:kernel:s0 tclass=capability permissive=0
02-17 08:47:22.939 I/auditd ( 0): type=1400 audit(0.0:19215): avc: denied { kill } for comm="swapper/0" capability=5 scontext=u:r:kernel:s0 tcontext=u:r:kernel:s0 tclass=capability permissive=0
01-01 12:58:03.965 E/DTC_ETH,link_delay_work_func( 0): 3003, SQI=0, link=0
02-17 08:47:23.939 I/auditd ( 0): type=1400 audit(0.0:19216): avc: denied { kill } for comm="swapper/0" capability=5 scontext=u:r:kernel:s0 tcontext=u:r:kernel:s0 tclass=capability permissive=0
02-17 08:47:24.935 I/auditd ( 0): type=1400 audit(0.0:19217): avc: denied { kill } for comm="swapper/0" capability=5 scontext=u:r:kernel:s0 tcontext=u:r:kernel:s0 tclass=capability permissive=0
02-17 08:47:25.935 I/auditd ( 0): type=1400 audit(0.0:19218): avc: denied { kill } for comm="swapper/0" capability=5 scontext=u:r:kernel:s0 tcontext=u:r:kernel:s0 tclass=capability permissive=0
02-17 08:47:26.935 I/auditd ( 0): type=1400 audit(0.0:19219): avc: denied { kill } for comm="swapper/0" capability=5 scontext=u:r:kernel:s0 tcontext=u:r:kernel:s0 tclass=capability permissive=0
02-17 08:47:27.935 I/auditd ( 0): type=1400 audit(0.0:19220): avc: denied { kill } for comm="swapper/0" capability=5 scontext=u:r:kernel:s0 tcontext=u:r:kernel:s0 tclass=capability permissive=0
02-17 08:47:28.935 I/auditd ( 0): type=1400 audit(0.0:19221): avc: denied { kill } for comm="swapper/0" capability=5 scontext=u:r:kernel:s0 tcontext=u:r:kernel:s0 tclass=capability permissive=0
01-01 12:58:09.085 E/DTC_ETH,link_delay_work_func( 0): 3003, SQI=0, link=0
02-17 08:47:29.935 I/auditd ( 0): type=1400 audit(0.0:19222): avc: denied { kill } for comm="swapper/0" capability=5 scontext=u:r:kernel:s0 tcontext=u:r:kernel:s0 tclass=capability permissive=0
02-17 08:47:30.935 I/auditd ( 0): type=1400 audit(0.0:19223): avc: denied { kill } for comm="swapper/0" capability=5 scontext=u:r:kernel:s0 tcontext=u:r:kernel:s0 tclass=capability permissive=0
02-17 08:47:31.935 I/auditd ( 0): type=1400 audit(0.0:19224): avc: denied { kill } for comm="swapper/0" capability=5 scontext=u:r:kernel:s0 tcontext=u:r:kernel:s0 tclass=capability permissive=0
02-17 08:47:32.939 I/auditd ( 0): type=1400 audit(0.0:19225): avc: denied { kill } for comm="swapper/0" capability=5 scontext=u:r:kernel:s0 tcontext=u:r:kernel:s0 tclass=capability permissive=0
02-17 08:47:33.939 I/auditd ( 0): type=1400 audit(0.0:19226): avc: denied { kill } for comm="swapper/0" capability=5 scontext=u:r:kernel:s0 tcontext=u:r:kernel:s0 tclass=capability permissive=0
01-01 12:58:14.205 E/DTC_ETH,link_delay_work_func( 0): 3003, SQI=0, link=0
02-17 08:47:34.939 I/auditd ( 0): type=1400 audit(0.0:19227): avc: denied { kill } for comm="swapper/0" capability=5 scontext=u:r:kernel:s0 tcontext=u:r:kernel:s0 tclass=capability permissive=0
02-17 08:47:35.935 I/auditd ( 0): type=1400 audit(0.0:19228): avc: denied { kill } for comm="swapper/0" capability=5 scontext=u:r:kernel:s0 tcontext=u:r:kernel:s0 tclass=capability permissive=0
02-17 08:47:36.028 I/input_interaction( 1524): Interaction with: d4326e3 StatusBar (server), edge-swipe (server), swipe-up (server), PointerEventDispatcher0 (server),
02-17 08:47:36.031 I/sysui_multi_action( 1999): [757,803,799,panel_open,802,1]
02-17 08:47:36.032 I/sysui_multi_action( 1999): [757,1328,758,4,1326,48,1327,2,1329,0]
02-17 08:47:36.089 I/sysui_multi_action( 1524): [757,127,758,1]
02-17 08:47:36.090 I/sysui_multi_action( 1524): [757,804,799,note_load,801,3,802,1]
02-17 08:47:36.090 I/notification_panel_revealed( 1524): 3
02-17 08:47:36.106 I/input_focus( 1524): [Focus request febc086 NotificationShade,reason=UpdateInputWindows]
02-17 08:47:36.113 I/sysui_multi_action( 1524): [757,128,758,1,793,16680723,794,0,795,16680723,796,26,798,0,806,android,857,DEVELOPER_IMPORTANT,858,4,947,0,1395,3,1500,16680516,1688,1]
02-17 08:47:36.113 I/sysui_multi_action( 1524): [757,804,799,note_freshness,801,16680723,802,1]
02-17 08:47:36.113 I/notification_visibility( 1524): [-1|android|26|null|1000,1,16680723,16680723,0,0]
02-17 08:47:36.113 I/sysui_multi_action( 1524): [757,128,758,1,793,1913647,794,0,795,1913647,796,4273,798,1,806,com.android.systemui,857,screen_record,858,3,947,0,1395,3,1500,1913443,1688,1,1745,680407814]
02-17 08:47:36.113 I/sysui_multi_action( 1524): [757,804,799,note_freshness,801,1913647,802,1]
02-17 08:47:36.113 I/notification_visibility( 1524): [0|com.android.systemui|4273|null|10080,1,1913647,1913647,0,1]
02-17 08:47:36.113 I/sysui_multi_action( 1524): [757,128,758,1,793,17882658,794,0,795,17882658,796,32,798,2,806,android,857,USB,858,1,947,0,1395,3,1500,17882226,1688,1]
02-17 08:47:36.113 I/sysui_multi_action( 1524): [757,804,799,note_freshness,801,17882658,802,1]
02-17 08:47:36.113 I/notification_visibility( 1524): [-1|android|32|null|1000,1,17882658,17882658,0,2]
02-17 08:47:36.121 I/input_focus( 1524): [Focus leaving 321be4b com.android.launcher3/com.android.launcher3.uioverrides.QuickstepLauncher (server),reason=setFocusedWindow]
02-17 08:47:36.121 I/input_focus( 1524): [Focus entering febc086 NotificationShade (server),reason=setFocusedWindow]
02-17 08:47:36.170 I/sysui_multi_action( 1999): [757,111,758,1]
02-17 08:47:36.171 I/sysui_multi_action( 1999): [757,126,758,1,759,126,927,0,928,0,1593,0]
02-17 08:47:36.171 I/sysui_multi_action( 1999): [757,113,758,1,759,113,927,1,928,1,1593,0]
02-17 08:47:36.171 I/sysui_multi_action( 1999): [757,0,758,1,759,0,927,2,928,0,1593,0]
02-17 08:47:36.171 I/sysui_multi_action( 1999): [757,0,758,1,759,0,927,3,928,0,1593,0]
02-17 08:47:36.172 I/sysui_multi_action( 1999): [757,491,758,1,759,491,927,4,928,0,1311,-1,1593,0]
02-17 08:47:36.172 I/sysui_multi_action( 1999): [757,122,758,1,759,122,927,5,928,1,1593,0]
02-17 08:47:36.172 I/sysui_multi_action( 1999): [757,0,758,1,759,0,927,6,928,0,1593,0]
02-17 08:47:36.172 I/sysui_multi_action( 1999): [757,0,758,1,759,0,927,7,1593,0]
02-17 08:47:36.172 I/sysui_multi_action( 1999): [757,111,758,1]
02-17 08:47:36.172 I/sysui_multi_action( 1999): [757,126,758,1,759,126,927,0,928,0,1593,0]
02-17 08:47:36.172 I/sysui_multi_action( 1999): [757,113,758,1,759,113,927,1,928,1,1593,0]
02-17 08:47:36.172 I/sysui_multi_action( 1999): [757,0,758,1,759,0,927,2,928,0,1593,0]
02-17 08:47:36.172 I/sysui_multi_action( 1999): [757,0,758,1,759,0,927,3,928,0,1593,0]
02-17 08:47:37.016 I/input_interaction( 1524): Interaction with: febc086 NotificationShade (server), edge-swipe (server), swipe-up (server), PointerEventDispatcher0 (server),
02-17 08:47:37.459 I/GameModeConfig( 1524): isGameModeOn = false
02-17 08:47:37.459 I/GameModeConfig( 1524): isGameModeOn = false
02-17 08:47:37.459 I/GameModeConfig( 1524): isGameModeOn = false
02-17 08:47:37.459 I/GameModeConfig( 1524): isGameModeOn = false
02-17 08:47:37.460 I/GameModeConfig( 1524): isGameModeOn = false
02-17 08:47:37.460 I/GameModeConfig( 1524): isGameModeOn = false
02-17 08:47:37.461 I/notification_enqueue( 1524): [10080,1999,com.android.systemui,2048,NULL,0,Notification(channel=updateNotification shortcut=null contentView=null vibrate=null sound=null defaults=0x0 flags=0x0 color=0x00000000 vis=PRIVATE),1]
02-17 08:47:37.463 I/sysui_multi_action( 1999): [757,111,758,2]
02-17 08:47:37.463 I/sysui_multi_action( 1999): [757,111,758,2]
02-17 08:47:37.663 I/GameModeConfig( 1524): isGameModeOn = false
02-17 08:47:37.673 I/input_focus( 1524): [Focus request 321be4b com.android.launcher3/com.android.launcher3.uioverrides.QuickstepLauncher,reason=UpdateInputWindows]
02-17 08:47:37.677 I/sysui_multi_action( 1524): [757,128,758,2,793,16682288,794,1565,795,16682288,796,26,798,0,806,android,857,DEVELOPER_IMPORTANT,858,4,947,0,1395,3,1500,16682081,1688,1]
02-17 08:47:37.677 I/notification_visibility( 1524): [-1|android|26|null|1000,0,16682288,16682288,0,0]
02-17 08:47:37.678 I/sysui_multi_action( 1524): [757,128,758,2,793,1915211,794,1564,795,1915211,796,4273,798,1,806,com.android.systemui,857,screen_record,858,3,947,0,1395,3,1500,1915007,1688,1,1745,680407814]
02-17 08:47:37.678 I/notification_visibility( 1524): [0|com.android.systemui|4273|null|10080,0,1915211,1915211,0,1]
02-17 08:47:37.678 I/sysui_multi_action( 1524): [757,128,758,2,793,17884223,794,1565,795,17884223,796,32,798,2,806,android,857,USB,858,1,947,0,1395,3,1500,17883791,1688,1]
02-17 08:47:37.678 I/notification_visibility( 1524): [-1|android|32|null|1000,0,17884223,17884223,0,2]
02-17 08:47:37.678 I/sysui_multi_action( 1524): [757,127,758,2]
02-17 08:47:37.679 I/notification_panel_hidden( 1524):
02-17 08:47:37.690 I/input_focus( 1524): [Focus leaving febc086 NotificationShade (server),reason=NO_WINDOW]
02-17 08:47:37.691 I/input_focus( 1524): [Focus entering 321be4b com.android.launcher3/com.android.launcher3.uioverrides.QuickstepLauncher (server),reason=setFocusedWindow]
02-17 08:47:37.905 I/input_interaction( 1524): Interaction with: 321be4b com.android.launcher3/com.android.launcher3.uioverrides.QuickstepLauncher (server), 8f82c51 com.android.systemui.ImageWallpaper (server), edge-swipe (server), swipe-up (server), PointerEventDispatcher0 (server),
02-17 08:47:37.935 I/auditd ( 0): type=1400 audit(0.0:19229): avc: denied { kill } for comm="swapper/0" capability=5 scontext=u:r:kernel:s0 tcontext=u:r:kernel:s0 tclass=capability permissive=0
02-17 08:47:37.978 W/FreeFormWindowHelper( 1524): Current Display FreeFormTask is null
02-17 08:47:37.978 W/FreeFormWindowHelper( 1524): Current Display FreeFormTask is null
02-17 08:47:37.979 W/FreeFormWindowHelper( 1524): Current Display FreeFormTask is null
02-17 08:47:37.997 W/FreeFormWindowHelper( 1524): Current Display FreeFormTask is null
02-17 08:47:37.997 W/FreeFormWindowHelper( 1524): Current Display FreeFormTask is null
02-17 08:47:37.999 I/view_enqueue_input_event( 2568): [Motion - Cancel,com.android.launcher3/com.android.launcher3.uioverrides.QuickstepLauncher]
02-17 08:47:37.999 W/FreeFormWindowHelper( 1524): Current Display FreeFormTask is null
02-17 08:47:37.999 I/input_interaction( 1524): Interaction with: edge-swipe (server), swipe-up (server), PointerEventDispatcher0 (server),
02-17 08:47:38.000 W/FreeFormWindowHelper( 1524): Current Display FreeFormTask is null
02-17 08:47:38.001 W/FreeFormWindowHelper( 1524): Current Display FreeFormTask is null
02-17 08:47:38.006 W/FreeFormWindowHelper( 1524): Current Display FreeFormTask is null
02-17 08:47:38.006 W/FreeFormWindowHelper( 1524): Current Display FreeFormTask is null
02-17 08:47:38.040 W/FreeFormWindowHelper( 1524): Current Display FreeFormTask is null
02-17 08:47:38.040 W/FreeFormWindowHelper( 1524): Current Display FreeFormTask is null
02-17 08:47:38.057 W/FreeFormWindowHelper( 1524): Current Display FreeFormTask is null
02-17 08:47:38.057 W/FreeFormWindowHelper( 1524): Current Display FreeFormTask is null
02-17 08:47:38.073 W/FreeFormWindowHelper( 1524): Current Display FreeFormTask is null
02-17 08:47:38.073 W/FreeFormWindowHelper( 1524): Current Display FreeFormTask is null
02-17 08:47:38.183 I/commit_sys_config_file( 1524): [settings-1-0,6]
02-17 08:47:38.475 W/FreeFormWindowHelper( 1524): Current Display FreeFormTask is null
02-17 08:47:38.475 W/FreeFormWindowHelper( 1524): Current Display FreeFormTask is null
02-17 08:47:38.493 W/FreeFormWindowHelper( 1524): Current Display FreeFormTask is null
02-17 08:47:38.493 W/FreeFormWindowHelper( 1524): Current Display FreeFormTask is null
02-17 08:47:38.509 W/FreeFormWindowHelper( 1524): Current Display FreeFormTask is null
02-17 08:47:38.509 W/FreeFormWindowHelper( 1524): Current Display FreeFormTask is null
02-17 08:47:38.526 W/FreeFormWindowHelper( 1524): Current Display FreeFormTask is null
02-17 08:47:38.526 W/FreeFormWindowHelper( 1524): Current Display FreeFormTask is null
02-17 08:47:38.542 W/FreeFormWindowHelper( 1524): Current Display FreeFormTask is null
02-17 08:47:38.543 W/FreeFormWindowHelper( 1524): Current Display FreeFormTask is null
02-17 08:47:38.559 W/FreeFormWindowHelper( 1524): Current Display FreeFormTask is null
02-17 08:47:38.559 W/FreeFormWindowHelper( 1524): Current Display FreeFormTask is null
02-17 08:47:38.576 W/FreeFormWindowHelper( 1524): Current Display FreeFormTask is null
02-17 08:47:38.576 W/FreeFormWindowHelper( 1524): Current Display FreeFormTask is null
02-17 08:47:38.593 W/FreeFormWindowHelper( 1524): Current Display FreeFormTask is null
02-17 08:47:38.593 W/FreeFormWindowHelper( 1524): Current Display FreeFormTask is null
02-17 08:47:38.609 W/FreeFormWindowHelper( 1524): Current Display FreeFormTask is null
02-17 08:47:38.609 W/FreeFormWindowHelper( 1524): Current Display FreeFormTask is null
02-17 08:47:38.626 W/FreeFormWindowHelper( 1524): Current Display FreeFormTask is null
02-17 08:47:38.626 W/FreeFormWindowHelper( 1524): Current Display FreeFormTask is null
02-17 08:47:38.643 W/FreeFormWindowHelper( 1524): Current Display FreeFormTask is null
02-17 08:47:38.643 W/FreeFormWindowHelper( 1524): Current Display FreeFormTask is null
02-17 08:47:38.660 W/FreeFormWindowHelper( 1524): Current Display FreeFormTask is null
02-17 08:47:38.660 W/FreeFormWindowHelper( 1524): Current Display FreeFormTask is null
02-17 08:47:38.669 I/commit_sys_config_file( 1524): [settings-1-0,11]
02-17 08:47:38.676 W/FreeFormWindowHelper( 1524): Current Display FreeFormTask is null
02-17 08:47:38.676 W/FreeFormWindowHelper( 1524): Current Display FreeFormTask is null
02-17 08:47:38.693 W/FreeFormWindowHelper( 1524): Current Display FreeFormTask is null
02-17 08:47:38.693 W/FreeFormWindowHelper( 1524): Current Display FreeFormTask is null
02-17 08:47:38.709 W/FreeFormWindowHelper( 1524): Current Display FreeFormTask is null
02-17 08:47:38.709 W/FreeFormWindowHelper( 1524): Current Display FreeFormTask is null
02-17 08:47:38.726 W/FreeFormWindowHelper( 1524): Current Display FreeFormTask is null
02-17 08:47:38.727 W/FreeFormWindowHelper( 1524): Current Display FreeFormTask is null
02-17 08:47:38.743 W/FreeFormWindowHelper( 1524): Current Display FreeFormTask is null
02-17 08:47:38.744 W/FreeFormWindowHelper( 1524): Current Display FreeFormTask is null
02-17 08:47:38.760 W/FreeFormWindowHelper( 1524): Current Display FreeFormTask is null
02-17 08:47:38.760 W/FreeFormWindowHelper( 1524): Current Display FreeFormTask is null
02-17 08:47:38.777 W/FreeFormWindowHelper( 1524): Current Display FreeFormTask is null
02-17 08:47:38.777 W/FreeFormWindowHelper( 1524): Current Display FreeFormTask is null
02-17 08:47:38.778 W/FreeFormWindowHelper( 1524): Current Display FreeFormTask is null
02-17 08:47:38.786 W/FreeFormWindowHelper( 1524): Current Display FreeFormTask is null
02-17 08:47:38.786 W/FreeFormWindowHelper( 1524): Current Display FreeFormTask is null
02-17 08:47:38.824 W/FreeFormWindowHelper( 1524): Current Display FreeFormTask is null
02-17 08:47:38.825 W/FreeFormWindowHelper( 1524): Current Display FreeFormTask is null
02-17 08:47:38.841 W/FreeFormWindowHelper( 1524): Current Display FreeFormTask is null
02-17 08:47:38.841 W/FreeFormWindowHelper( 1524): Current Display FreeFormTask is null
02-17 08:47:38.939 I/auditd ( 0): type=1400 audit(0.0:19230): avc: denied { kill } for comm="swapper/0" capability=5 scontext=u:r:kernel:s0 tcontext=u:r:kernel:s0 tclass=capability permissive=0
01-01 12:58:19.325 E/DTC_ETH,link_delay_work_func( 0): 3003, SQI=0, link=0
02-17 08:47:39.345 I/input_interaction( 1524): Interaction with: 321be4b com.android.launcher3/com.android.launcher3.uioverrides.QuickstepLauncher (server), 8f82c51 com.android.systemui.ImageWallpaper (server), edge-swipe (server), swipe-up (server), PointerEventDispatcher0 (server),
02-17 08:47:39.477 W/FreeFormWindowHelper( 1524): Current Display FreeFormTask is null
02-17 08:47:39.477 W/FreeFormWindowHelper( 1524): Current Display FreeFormTask is null
02-17 08:47:39.493 W/FreeFormWindowHelper( 1524): exitRecentTasks type=0
02-17 08:47:39.495 W/FreeFormWindowHelper( 1524): Current Display FreeFormTask is null
02-17 08:47:39.495 W/FreeFormWindowHelper( 1524): Current Display FreeFormTask is null
02-17 08:47:39.871 I/am_uid_idle( 1524): 10040
02-17 08:47:39.935 I/auditd ( 0): type=1400 audit(0.0:19231): avc: denied { kill } for comm="swapper/0" capability=5 scontext=u:r:kernel:s0 tcontext=u:r:kernel:s0 tclass=capability permissive=0
02-17 08:47:40.747 W/FreeFormWindowHelper( 1524): Current Display FreeFormTask is null
02-17 08:47:40.748 W/FreeFormWindowHelper( 1524): Current Display FreeFormTask is null
02-17 08:47:40.749 W/FreeFormWindowHelper( 1524): Current Display FreeFormTask is null
02-17 08:47:40.772 I/view_enqueue_input_event( 2568): [Motion - Cancel,com.android.launcher3/com.android.launcher3.uioverrides.QuickstepLauncher]
02-17 08:47:40.773 W/FreeFormWindowHelper( 1524): Current Display FreeFormTask is null
02-17 08:47:40.773 W/FreeFormWindowHelper( 1524): Current Display FreeFormTask is null
02-17 08:47:40.774 I/input_interaction( 1524): Interaction with: edge-swipe (server), swipe-up (server), PointerEventDispatcher0 (server),
02-17 08:47:40.774 W/FreeFormWindowHelper( 1524): Current Display FreeFormTask is null
02-17 08:47:40.775 W/FreeFormWindowHelper( 1524): Current Display FreeFormTask is null
02-17 08:47:40.776 W/FreeFormWindowHelper( 1524): Current Display FreeFormTask is null
02-17 08:47:40.779 W/FreeFormWindowHelper( 1524): Current Display FreeFormTask is null
02-17 08:47:40.779 W/FreeFormWindowHelper( 1524): Current Display FreeFormTask is null
02-17 08:47:40.813 W/FreeFormWindowHelper( 1524): Current Display FreeFormTask is null
02-17 08:47:40.813 W/FreeFormWindowHelper( 1524): Current Display FreeFormTask is null
02-17 08:47:40.830 W/FreeFormWindowHelper( 1524): Current Display FreeFormTask is null
02-17 08:47:40.830 W/FreeFormWindowHelper( 1524): Current Display FreeFormTask is null
02-17 08:47:40.935 I/auditd ( 0): type=1400 audit(0.0:19232): avc: denied { kill } for comm="swapper/0" capability=5 scontext=u:r:kernel:s0 tcontext=u:r:kernel:s0 tclass=capability permissive=0
02-17 08:47:40.950 I/commit_sys_config_file( 1524): [settings-1-0,4]
02-17 08:47:41.210 W/FreeFormWindowHelper( 1524): Current Display FreeFormTask is null
02-17 08:47:41.210 W/FreeFormWindowHelper( 1524): Current Display FreeFormTask is null
02-17 08:47:41.217 W/FreeFormWindowHelper( 1524): Current Display FreeFormTask is null
02-17 08:47:41.217 W/FreeFormWindowHelper( 1524): Current Display FreeFormTask is null
02-17 08:47:41.233 W/FreeFormWindowHelper( 1524): Current Display FreeFormTask is null
02-17 08:47:41.233 W/FreeFormWindowHelper( 1524): Current Display FreeFormTask is null
02-17 08:47:41.249 W/FreeFormWindowHelper( 1524): Current Display FreeFormTask is null
02-17 08:47:41.249 W/FreeFormWindowHelper( 1524): Current Display FreeFormTask is null
02-17 08:47:41.266 W/FreeFormWindowHelper( 1524): Current Display FreeFormTask is null
02-17 08:47:41.266 W/FreeFormWindowHelper( 1524): Current Display FreeFormTask is null
02-17 08:47:41.283 W/FreeFormWindowHelper( 1524): Current Display FreeFormTask is null
02-17 08:47:41.283 W/FreeFormWindowHelper( 1524): Current Display FreeFormTask is null
02-17 08:47:41.300 W/FreeFormWindowHelper( 1524): Current Display FreeFormTask is null
02-17 08:47:41.300 W/FreeFormWindowHelper( 1524): Current Display FreeFormTask is null
02-17 08:47:41.317 W/FreeFormWindowHelper( 1524): Current Display FreeFormTask is null
02-17 08:47:41.317 W/FreeFormWindowHelper( 1524): Current Display FreeFormTask is null
02-17 08:47:41.333 W/FreeFormWindowHelper( 1524): Current Display FreeFormTask is null
02-17 08:47:41.333 W/FreeFormWindowHelper( 1524): Current Display FreeFormTask is null
02-17 08:47:41.350 W/FreeFormWindowHelper( 1524): Current Display FreeFormTask is null
02-17 08:47:41.350 W/FreeFormWindowHelper( 1524): Current Display FreeFormTask is null
02-17 08:47:41.367 W/FreeFormWindowHelper( 1524): Current Display FreeFormTask is null
02-17 08:47:41.367 W/FreeFormWindowHelper( 1524): Current Display FreeFormTask is null
02-17 08:47:41.383 W/FreeFormWindowHelper( 1524): Current Display FreeFormTask is null
02-17 08:47:41.383 W/FreeFormWindowHelper( 1524): Current Display FreeFormTask is null
02-17 08:47:41.395 I/commit_sys_config_file( 1524): [settings-1-0,4]
02-17 08:47:41.400 W/FreeFormWindowHelper( 1524): Current Display FreeFormTask is null
02-17 08:47:41.400 W/FreeFormWindowHelper( 1524): Current Display FreeFormTask is null
02-17 08:47:41.417 W/FreeFormWindowHelper( 1524): Current Display FreeFormTask is null
02-17 08:47:41.417 W/FreeFormWindowHelper( 1524): Current Display FreeFormTask is null
02-17 08:47:41.434 W/FreeFormWindowHelper( 1524): Current Display FreeFormTask is null
02-17 08:47:41.434 W/FreeFormWindowHelper( 1524): Current Display FreeFormTask is null
02-17 08:47:41.451 W/FreeFormWindowHelper( 1524): Current Display FreeFormTask is null
02-17 08:47:41.451 W/FreeFormWindowHelper( 1524): Current Display FreeFormTask is null
02-17 08:47:41.468 W/FreeFormWindowHelper( 1524): Current Display FreeFormTask is null
02-17 08:47:41.468 W/FreeFormWindowHelper( 1524): Current Display FreeFormTask is null
02-17 08:47:41.483 W/FreeFormWindowHelper( 1524): Current Display FreeFormTask is null
02-17 08:47:41.484 W/FreeFormWindowHelper( 1524): Current Display FreeFormTask is null
02-17 08:47:41.501 W/FreeFormWindowHelper( 1524): Current Display FreeFormTask is null
02-17 08:47:41.501 W/FreeFormWindowHelper( 1524): Current Display FreeFormTask is null
02-17 08:47:41.501 W/FreeFormWindowHelper( 1524): Current Display FreeFormTask is null
02-17 08:47:41.510 W/FreeFormWindowHelper( 1524): Current Display FreeFormTask is null
02-17 08:47:41.510 W/FreeFormWindowHelper( 1524): Current Display FreeFormTask is null
02-17 08:47:41.531 W/FreeFormWindowHelper( 1524): Current Display FreeFormTask is null
02-17 08:47:41.531 W/FreeFormWindowHelper( 1524): Current Display FreeFormTask is null
02-17 08:47:41.548 W/FreeFormWindowHelper( 1524): Current Display FreeFormTask is null
02-17 08:47:41.548 W/FreeFormWindowHelper( 1524): Current Display FreeFormTask is null
02-17 08:47:41.781 I/input_interaction( 1524): Interaction with: 321be4b com.android.launcher3/com.android.launcher3.uioverrides.QuickstepLauncher (server), 8f82c51 com.android.systemui.ImageWallpaper (server), edge-swipe (server), swipe-up (server), PointerEventDispatcher0 (server),
02-17 08:47:41.935 I/auditd ( 0): type=1400 audit(0.0:19233): avc: denied { kill } for comm="swapper/0" capability=5 scontext=u:r:kernel:s0 tcontext=u:r:kernel:s0 tclass=capability permissive=0
02-17 08:47:41.949 W/FreeFormWindowHelper( 1524): Current Display FreeFormTask is null
02-17 08:47:41.949 W/FreeFormWindowHelper( 1524): Current Display FreeFormTask is null
02-17 08:47:41.958 W/FreeFormWindowHelper( 1524): exitRecentTasks type=0
02-17 08:47:41.966 W/FreeFormWindowHelper( 1524): Current Display FreeFormTask is null
02-17 08:47:41.966 W/FreeFormWindowHelper( 1524): Current Display FreeFormTask is null
02-17 08:47:42.935 I/auditd ( 0): type=1400 audit(0.0:19234): avc: denied { kill } for comm="swapper/0" capability=5 scontext=u:r:kernel:s0 tcontext=u:r:kernel:s0 tclass=capability permissive=0
02-17 08:47:43.474 I/thunderperf( 1524): PlatormCompat.setOverrides: Uid1=10073 Pid1=2568 Uid2=10073 Pid2=2568
02-17 08:47:43.474 I/thunderperf( 1524): PlatormCompat.setOverrides: needCheck:false
02-17 08:47:43.474 I/thunderperf( 1524): CompatConfig.addOverrideUnsafe: bef-state=1
02-17 08:47:43.474 E/thunderperf( 1524): CompatConfig.addOverrideUnsafe: exception:java.lang.SecurityException: Cannot override a change on a non-debuggable app and user build.
02-17 08:47:43.474 I/thunderperf( 1524): CompatConfig.addOverrideUnsafe: aft-state=1
02-17 08:47:43.476 I/thunderperf( 1524): CompatConfig.addOverrideUnsafe: bef-state=1
02-17 08:47:43.477 E/thunderperf( 1524): CompatConfig.addOverrideUnsafe: exception:java.lang.SecurityException: Cannot override a change on a non-debuggable app and user build.
02-17 08:47:43.477 I/thunderperf( 1524): CompatConfig.addOverrideUnsafe: aft-state=1
02-17 08:47:43.477 I/thunderperf( 1524): CompatConfig.addOverrideUnsafe: bef-state=1
02-17 08:47:43.478 E/thunderperf( 1524): CompatConfig.addOverrideUnsafe: exception:java.lang.SecurityException: Cannot override a change on a non-debuggable app and user build.
02-17 08:47:43.478 I/thunderperf( 1524): CompatConfig.addOverrideUnsafe: aft-state=1
02-17 08:47:43.479 I/thunderperf( 1524): CompatConfig.addOverrideUnsafe: bef-state=1
02-17 08:47:43.479 E/thunderperf( 1524): CompatConfig.addOverrideUnsafe: exception:java.lang.SecurityException: Cannot override a change on a non-debuggable app and user build.
02-17 08:47:43.479 I/thunderperf( 1524): CompatConfig.addOverrideUnsafe: aft-state=1
02-17 08:47:43.480 I/thunderperf( 1524): CompatConfig.addOverrideUnsafe: bef-state=1
02-17 08:47:43.480 E/thunderperf( 1524): CompatConfig.addOverrideUnsafe: exception:java.lang.SecurityException: Cannot override a change on a non-debuggable app and user build.
02-17 08:47:43.480 I/thunderperf( 1524): CompatConfig.addOverrideUnsafe: aft-state=1
02-17 08:47:43.481 I/thunderperf( 1524): CompatConfig.addOverrideUnsafe: bef-state=1
02-17 08:47:43.481 E/thunderperf( 1524): CompatConfig.addOverrideUnsafe: exception:java.lang.SecurityException: Cannot override a change on a non-debuggable app and user build.
02-17 08:47:43.481 I/thunderperf( 1524): CompatConfig.addOverrideUnsafe: aft-state=1
02-17 08:47:43.481 I/thunderperf( 1524): CompatConfig.addOverrideUnsafe: bef-state=1
02-17 08:47:43.482 E/thunderperf( 1524): CompatConfig.addOverrideUnsafe: exception:java.lang.SecurityException: Cannot override a change on a non-debuggable app and user build.
02-17 08:47:43.482 I/thunderperf( 1524): CompatConfig.addOverrideUnsafe: aft-state=1
02-17 08:47:43.482 I/thunderperf( 1524): CompatConfig.addOverrideUnsafe: bef-state=1
02-17 08:47:43.483 E/thunderperf( 1524): CompatConfig.addOverrideUnsafe: exception:java.lang.SecurityException: Cannot override a change on a non-debuggable app and user build.
02-17 08:47:43.483 I/thunderperf( 1524): CompatConfig.addOverrideUnsafe: aft-state=1
02-17 08:47:43.483 I/thunderperf( 1524): CompatConfig.addOverrideUnsafe: bef-state=1
02-17 08:47:43.483 E/thunderperf( 1524): CompatConfig.addOverrideUnsafe: exception:java.lang.SecurityException: Cannot override a change on a non-debuggable app and user build.
02-17 08:47:43.483 I/thunderperf( 1524): CompatConfig.addOverrideUnsafe: aft-state=1
02-17 08:47:43.484 I/thunderperf( 1524): CompatConfig.addOverrideUnsafe: bef-state=1
02-17 08:47:43.484 E/thunderperf( 1524): CompatConfig.addOverrideUnsafe: exception:java.lang.SecurityException: Cannot override a change on a non-debuggable app and user build.
02-17 08:47:43.484 I/thunderperf( 1524): CompatConfig.addOverrideUnsafe: aft-state=1
02-17 08:47:43.485 I/thunderperf( 1524): CompatConfig.addOverrideUnsafe: bef-state=1
02-17 08:47:43.485 E/thunderperf( 1524): CompatConfig.addOverrideUnsafe: exception:java.lang.SecurityException: Cannot override a change on a non-debuggable app and user build.
02-17 08:47:43.485 I/thunderperf( 1524): CompatConfig.addOverrideUnsafe: aft-state=1
02-17 08:47:43.485 I/thunderperf( 1524): CompatConfig.addOverrideUnsafe: bef-state=1
02-17 08:47:43.486 E/thunderperf( 1524): CompatConfig.addOverrideUnsafe: exception:java.lang.SecurityException: Cannot override a change on a non-debuggable app and user build.
02-17 08:47:43.486 I/thunderperf( 1524): CompatConfig.addOverrideUnsafe: aft-state=1
02-17 08:47:43.486 I/thunderperf( 1524): CompatConfig.addOverrideUnsafe: bef-state=1
02-17 08:47:43.486 E/thunderperf( 1524): CompatConfig.addOverrideUnsafe: exception:java.lang.SecurityException: Cannot override a change on a non-debuggable app and user build.
02-17 08:47:43.486 I/thunderperf( 1524): CompatConfig.addOverrideUnsafe: aft-state=1
02-17 08:47:43.487 I/thunderperf( 1524): CompatConfig.addOverrideUnsafe: bef-state=1
02-17 08:47:43.487 E/thunderperf( 1524): CompatConfig.addOverrideUnsafe: exception:java.lang.SecurityException: Cannot override a change on a non-debuggable app and user build.
02-17 08:47:43.487 I/thunderperf( 1524): CompatConfig.addOverrideUnsafe: aft-state=1
02-17 08:47:43.493 I/ActivityTaskManager( 1524): START u0 {act=android.intent.action.MAIN cat=[android.intent.category.LAUNCHER] flg=0x10200000 cmp=com.android.settings/.Settings bnds=[2128,710][2314,910]} from uid 10073
02-17 08:47:43.495 I/wm_task_moved( 1524): [85,1,13]
02-17 08:47:43.495 I/wm_task_to_front( 1524): [0,85]
02-17 08:47:43.496 I/wm_focused_root_task( 1524): [0,0,85,1,bringingFoundTaskToFront]
02-17 08:47:43.496 I/wm_set_resumed_activity( 1524): [0,com.android.settings/.homepage.SettingsHomepageActivity,bringingFoundTaskToFront]
02-17 08:47:43.497 I/wm_new_intent( 1524): [0,240984769,85,com.android.settings/.homepage.SettingsHomepageActivity,android.settings.BLUETOOTH_SETTINGS,NULL,NULL,335544320]
02-17 08:47:43.499 I/wm_pause_activity( 1524): [0,128678138,com.android.launcher3/.uioverrides.QuickstepLauncher,userLeaving=true,pauseBackTasks]
02-17 08:47:43.505 I/wm_on_top_resumed_lost_called( 2568): [128678138,com.android.launcher3.uioverrides.QuickstepLauncher,topStateChangedWhenResumed]
02-17 08:47:43.510 I/wm_on_paused_called( 2568): [128678138,com.android.launcher3.uioverrides.QuickstepLauncher,performPause]
02-17 08:47:43.511 I/ActivityTaskManager( 1524): FOREGROUND_APPLICATION_CHANGED to com.android.settings.homepage.SettingsHomepageActivity
02-17 08:47:43.512 I/wm_set_resumed_activity( 1524): [0,com.android.settings/.homepage.SettingsHomepageActivity,resumeTopActivityInnerLocked]
02-17 08:47:43.513 I/wm_add_to_stopping( 1524): [0,128678138,com.android.launcher3/.uioverrides.QuickstepLauncher,makeInvisible]
02-17 08:47:43.515 I/wm_resume_activity( 1524): [0,240984769,85,com.android.settings/.homepage.SettingsHomepageActivity]
02-17 08:47:43.519 I/sysui_multi_action( 1524): [757,803,799,window_time_0,802,64]
02-17 08:47:43.526 I/wm_on_restart_called(16130): [240984769,com.android.settings.homepage.SettingsHomepageActivity,performRestartActivity]
02-17 08:47:43.528 E/ActivityThread(16130): Failed to find provider info for com.google.android.gms.nearby.fastpair
02-17 08:47:43.530 W/BatteryExternalStatsWorker( 1524): error reading modem stats:ERROR_PHONE_NOT_AVAILABLE
02-17 08:47:43.530 E/ActivityThread(16130): Failed to find provider info for com.google.android.gms.nearby.fastpair
02-17 08:47:43.533 W/ContextImpl( 2121): Calling a method in the system process without a qualified user: android.app.ContextImpl.startService:1816 android.content.ContextWrapper.startService:774 com.thundercomm.gamemode.ingame.services.GameModeActionUtils.startGameModeService:111 com.thundercomm.gamemode.ingame.services.GameModeActionUtils.startGameModeEntry:22 com.thundercomm.gamemode.ingame.services.ActivityMonitoringService$1.onActivityLaunch:139
02-17 08:47:43.535 I/am_pss ( 1524): [19271,10063,com.android.calendar,6687744,4841472,0,91090944,0,19,5]
02-17 08:47:43.537 I/input_focus( 1524): [Focus leaving 321be4b com.android.launcher3/com.android.launcher3.uioverrides.QuickstepLauncher (server),reason=NO_WINDOW]
02-17 08:47:43.542 I/GameModeConfig( 1524): Current uri is uri = content://com.thundercomm.gamemode.api/gamemode_settings/gamemode_isgaming
02-17 08:47:43.543 I/GameModeConfig( 1524): isGameModeOn = false
02-17 08:47:43.544 I/GameModeConfig( 1524): isGameModeOn = false
02-17 08:47:43.544 I/GameModeConfig( 1524): isDisableVoice = true
02-17 08:47:43.548 E/KernelCpuSpeedReader( 1524): Failed to read cpu-freq: /sys/devices/system/cpu/cpu4/cpufreq/stats/time_in_state: open failed: ENOENT (No such file or directory)
02-17 08:47:43.548 E/KernelCpuSpeedReader( 1524): Failed to read cpu-freq: /sys/devices/system/cpu/cpu0/cpufreq/stats/time_in_state: open failed: ENOENT (No such file or directory)
02-17 08:47:43.543 I/auditd ( 568): type=1400 audit(0.0:19235): avc: denied { read } for comm="Binder:568_2" name="wakeup58" dev="sysfs" ino=71413 scontext=u:r:system_suspend:s0 tcontext=u:object_r:sysfs:s0 tclass=dir permissive=0
01-01 12:58:23.698 W/audit ( 0): audit_lost=1502 audit_rate_limit=5 audit_backlog_limit=64
02-17 08:47:43.543 I/auditd ( 568): type=1400 audit(0.0:19236): avc: denied { read } for comm="Binder:568_2" name="wakeup4" dev="sysfs" ino=47054 scontext=u:r:system_suspend:s0 tcontext=u:object_r:sysfs:s0 tclass=dir permissive=0
02-17 08:47:43.547 I/auditd ( 568): type=1400 audit(0.0:19237): avc: denied { read } for comm="Binder:568_2" name="wakeup28" dev="sysfs" ino=53119 scontext=u:r:system_suspend:s0 tcontext=u:object_r:sysfs:s0 tclass=dir permissive=0
02-17 08:47:43.547 I/auditd ( 568): type=1400 audit(0.0:19238): avc: denied { read } for comm="Binder:568_2" name="wakeup56" dev="sysfs" ino=71341 scontext=u:r:system_suspend:s0 tcontext=u:object_r:sysfs:s0 tclass=dir permissive=0
02-17 08:47:43.547 I/auditd ( 568): type=1400 audit(0.0:19239): avc: denied { read } for comm="Binder:568_2" name="wakeup2" dev="sysfs" ino=46578 scontext=u:r:system_suspend:s0 tcontext=u:object_r:sysfs:s0 tclass=dir permissive=0
02-17 08:47:43.553 I/am_pss ( 1524): [19263,10065,com.android.gallery3d,8272896,6348800,0,93331456,0,19,5]
01-01 12:58:23.698 E/audit ( 0): rate limit exceeded
02-17 08:47:43.559 I/am_pss ( 1524): [19261,10067,com.android.deskclock,8838144,6012928,0,95211520,0,19,6]
02-17 08:47:43.563 W/BatteryExternalStatsWorker( 1524): error reading modem stats:ERROR_PHONE_NOT_AVAILABLE
02-17 08:47:43.565 I/wm_on_start_called(16130): [240984769,com.android.settings.homepage.SettingsHomepageActivity,handleStartActivity]
02-17 08:47:43.565 I/snet_event_log(16130): [120484087,-1,]
02-17 08:47:43.565 I/wm_on_resume_called(16130): [240984769,com.android.settings.homepage.SettingsHomepageActivity,RESUME_ACTIVITY]
02-17 08:47:43.565 I/sysui_multi_action(16130): [757,35,758,1,833,0,1089,0]
02-17 08:47:43.566 I/sysui_multi_action(16130): [757,747,758,1,833,0,1089,0]
02-17 08:47:43.568 E/KernelCpuSpeedReader( 1524): Failed to read cpu-freq: /sys/devices/system/cpu/cpu4/cpufreq/stats/time_in_state: open failed: ENOENT (No such file or directory)
02-17 08:47:43.568 I/wm_on_top_resumed_gained_called(16130): [240984769,com.android.settings.homepage.SettingsHomepageActivity,topWhenResuming]
02-17 08:47:43.568 E/KernelCpuSpeedReader( 1524): Failed to read cpu-freq: /sys/devices/system/cpu/cpu0/cpufreq/stats/time_in_state: open failed: ENOENT (No such file or directory)
02-17 08:47:43.577 I/input_focus( 1524): [Focus request ed28269 com.android.settings/com.android.settings.homepage.SettingsHomepageActivity,reason=UpdateInputWindows]
02-17 08:47:43.600 I/sysui_multi_action( 1524): [319,29,321,27,322,100,325,17901,757,761,758,9,759,4,806,com.android.settings,871,com.android.settings.homepage.SettingsHomepageActivity,904,com.android.settings,905,0,1320,8,1321,5]
02-17 08:47:43.604 I/input_focus( 1524): [Focus entering ed28269 com.android.settings/com.android.settings.homepage.SettingsHomepageActivity (server),reason=setFocusedWindow]
02-17 08:47:43.617 W/FreeFormWindowHelper( 1524): Current Display FreeFormTask is null
02-17 08:47:43.623 W/ContextImpl( 2121): Calling a method in the system process without a qualified user: android.app.ContextImpl.startService:1816 android.content.ContextWrapper.startService:774 com.thundercomm.gamemode.ingame.services.GameModeActionUtils.startGameModeService:111 com.thundercomm.gamemode.ingame.services.GameModeActionUtils.startGameModeEntry:22 com.thundercomm.gamemode.ingame.services.ActivityMonitoringService$1.onActivityLaunch:139
02-17 08:47:43.627 I/GameModeConfig( 1524): Current uri is uri = content://com.thundercomm.gamemode.api/gamemode_settings/gamemode_isgaming
02-17 08:47:43.630 I/GameModeConfig( 1524): isGameModeOn = false
02-17 08:47:43.630 I/GameModeConfig( 1524): isGameModeOn = false
02-17 08:47:43.630 I/GameModeConfig( 1524): isDisableVoice = true
02-17 08:47:44.059 I/wm_stop_activity( 1524): [0,128678138,com.android.launcher3/.uioverrides.QuickstepLauncher]
02-17 08:47:44.080 I/wm_on_stop_called( 2568): [128678138,com.android.launcher3.uioverrides.QuickstepLauncher,STOP_ACTIVITY_ITEM]
02-17 08:47:44.100 W/ContextImpl( 2121): Calling a method in the system process without a qualified user: android.app.ContextImpl.startService:1816 android.content.ContextWrapper.startService:774 com.thundercomm.gamemode.ingame.services.GameModeActionUtils.startGameModeService:111 com.thundercomm.gamemode.ingame.services.GameModeActionUtils.startGameModeEntry:22 com.thundercomm.gamemode.ingame.services.ActivityMonitoringService$1.onActivityLaunch:139
02-17 08:47:44.104 I/GameModeConfig( 1524): Current uri is uri = content://com.thundercomm.gamemode.api/gamemode_settings/gamemode_isgaming
02-17 08:47:44.105 I/GameModeConfig( 1524): isGameModeOn = false
02-17 08:47:44.105 I/GameModeConfig( 1524): isGameModeOn = false
02-17 08:47:44.106 I/GameModeConfig( 1524): isDisableVoice = true
01-01 12:58:24.445 E/DTC_ETH,link_delay_work_func( 0): 3003, SQI=0, link=0
02-17 08:47:44.454 I/input_interaction( 1524): Interaction with: ed28269 com.android.settings/com.android.settings.homepage.SettingsHomepageActivity (server), edge-swipe (server), swipe-up (server), PointerEventDispatcher0 (server),
02-17 08:47:44.479 I/view_enqueue_input_event(16130): [Motion - Cancel,com.android.settings/com.android.settings.homepage.SettingsHomepageActivity]
02-17 08:47:44.495 I/input_interaction( 1524): Interaction with: edge-swipe (server), swipe-up (server), PointerEventDispatcher0 (server),
02-17 08:47:44.659 I/sysui_multi_action( 1524): [757,803,799,key_back_press,802,1]
02-17 08:47:44.664 I/input_interaction( 1524): Interaction with: ed28269 com.android.settings/com.android.settings.homepage.SettingsHomepageActivity (server), PointerEventDispatcher0 (server),
02-17 08:47:44.666 I/ActivityTaskManager( 1524): moveTaskToBack: Task{318bd8f #85 type=standard A=1000:com.android.settings.root U=0 visible=true mode=fullscreen translucent=false sz=1}
02-17 08:47:44.666 I/wm_task_moved( 1524): [85,0,0]
02-17 08:47:44.670 I/wm_focused_root_task( 1524): [0,0,1,85,moveTaskToBackLocked]
02-17 08:47:44.670 I/wm_add_to_stopping( 1524): [0,240984769,com.android.settings/.homepage.SettingsHomepageActivity,makeInvisible]
02-17 08:47:44.672 I/wm_pause_activity( 1524): [0,240984769,com.android.settings/.homepage.SettingsHomepageActivity,userLeaving=false,pauseBackTasks]
02-17 08:47:44.674 I/ActivityTaskManager( 1524): FOREGROUND_APPLICATION_CHANGED to com.android.launcher3.uioverrides.QuickstepLauncher
02-17 08:47:44.676 I/wm_set_resumed_activity( 1524): [0,com.android.launcher3/.uioverrides.QuickstepLauncher,resumeTopActivityInnerLocked]
02-17 08:47:44.677 I/service_manager_stats( 1524): [100,77,85194]
02-17 08:47:44.679 I/wm_resume_activity( 1524): [0,128678138,9,com.android.launcher3/.uioverrides.QuickstepLauncher]
02-17 08:47:44.680 I/wm_on_top_resumed_lost_called(16130): [240984769,com.android.settings.homepage.SettingsHomepageActivity,topStateChangedWhenResumed]
02-17 08:47:44.681 I/sysui_multi_action(16130): [757,35,758,2,1089,1115]
02-17 08:47:44.682 I/sysui_multi_action(16130): [757,747,758,2,1089,1116]
02-17 08:47:44.682 I/wm_on_paused_called(16130): [240984769,com.android.settings.homepage.SettingsHomepageActivity,performPause]
02-17 08:47:44.688 I/wm_on_restart_called( 2568): [128678138,com.android.launcher3.uioverrides.QuickstepLauncher,performRestartActivity]
02-17 08:47:44.689 I/wm_on_start_called( 2568): [128678138,com.android.launcher3.uioverrides.QuickstepLauncher,handleStartActivity]
02-17 08:47:44.690 I/wm_on_resume_called( 2568): [128678138,com.android.launcher3.uioverrides.QuickstepLauncher,RESUME_ACTIVITY]
02-17 08:47:44.691 I/wm_on_top_resumed_gained_called( 2568): [128678138,com.android.launcher3.uioverrides.QuickstepLauncher,topStateChangedWhenResumed]
02-17 08:47:44.691 I/input_focus( 1524): [Focus leaving ed28269 com.android.settings/com.android.settings.homepage.SettingsHomepageActivity (server),reason=NO_WINDOW]
02-17 08:47:44.700 I/sysui_multi_action( 1524): [757,803,799,window_time_0,802,1]
02-17 08:47:44.702 I/input_focus( 1524): [Focus request 321be4b com.android.launcher3/com.android.launcher3.uioverrides.QuickstepLauncher,reason=UpdateInputWindows]
02-17 08:47:44.706 W/ContextImpl( 2121): Calling a method in the system process without a qualified user: android.app.ContextImpl.startService:1816 android.content.ContextWrapper.startService:774 com.thundercomm.gamemode.ingame.services.GameModeActionUtils.startGameModeService:111 com.thundercomm.gamemode.ingame.services.GameModeActionUtils.startGameModeEntry:22 com.thundercomm.gamemode.ingame.services.ActivityMonitoringService$1.onActivityLaunch:139
02-17 08:47:44.708 I/GameModeConfig( 1524): Current uri is uri = content://com.thundercomm.gamemode.api/gamemode_settings/gamemode_isgaming
02-17 08:47:44.709 I/GameModeConfig( 1524): isGameModeOn = false
02-17 08:47:44.710 I/GameModeConfig( 1524): isGameModeOn = false
02-17 08:47:44.710 I/GameModeConfig( 1524): isDisableVoice = true
02-17 08:47:44.740 I/input_focus( 1524): [Focus entering 321be4b com.android.launcher3/com.android.launcher3.uioverrides.QuickstepLauncher (server),reason=Window became focusable. Previous reason: NOT_VISIBLE]
02-17 08:47:44.775 W/FreeFormWindowHelper( 1524): Current Display FreeFormTask is null
02-17 08:47:44.784 W/ContextImpl( 2121): Calling a method in the system process without a qualified user: android.app.ContextImpl.startService:1816 android.content.ContextWrapper.startService:774 com.thundercomm.gamemode.ingame.services.GameModeActionUtils.startGameModeService:111 com.thundercomm.gamemode.ingame.services.GameModeActionUtils.startGameModeEntry:22 com.thundercomm.gamemode.ingame.services.ActivityMonitoringService$1.onActivityLaunch:139
02-17 08:47:44.788 I/GameModeConfig( 1524): Current uri is uri = content://com.thundercomm.gamemode.api/gamemode_settings/gamemode_isgaming
02-17 08:47:44.790 I/GameModeConfig( 1524): isGameModeOn = false
02-17 08:47:44.792 I/GameModeConfig( 1524): isGameModeOn = false
02-17 08:47:44.792 I/GameModeConfig( 1524): isDisableVoice = true
02-17 08:47:44.935 I/auditd ( 0): type=1400 audit(0.0:19336): avc: denied { kill } for comm="swapper/0" capability=5 scontext=u:r:kernel:s0 tcontext=u:r:kernel:s0 tclass=capability permissive=0
02-17 08:47:45.099 I/wm_stop_activity( 1524): [0,240984769,com.android.settings/.homepage.SettingsHomepageActivity]
02-17 08:47:45.129 I/wm_on_stop_called(16130): [240984769,com.android.settings.homepage.SettingsHomepageActivity,STOP_ACTIVITY_ITEM]
02-17 08:47:45.153 W/ContextImpl( 2121): Calling a method in the system process without a qualified user: android.app.ContextImpl.startService:1816 android.content.ContextWrapper.startService:774 com.thundercomm.gamemode.ingame.services.GameModeActionUtils.startGameModeService:111 com.thundercomm.gamemode.ingame.services.GameModeActionUtils.startGameModeEntry:22 com.thundercomm.gamemode.ingame.services.ActivityMonitoringService$1.onActivityLaunch:139
02-17 08:47:45.158 I/GameModeConfig( 1524): Current uri is uri = content://com.thundercomm.gamemode.api/gamemode_settings/gamemode_isgaming
02-17 08:47:45.160 I/GameModeConfig( 1524): isGameModeOn = false
02-17 08:47:45.161 I/GameModeConfig( 1524): isGameModeOn = false
02-17 08:47:45.161 I/GameModeConfig( 1524): isDisableVoice = true
02-17 08:47:45.283 I/input_interaction( 1524): Interaction with: 321be4b com.android.launcher3/com.android.launcher3.uioverrides.QuickstepLauncher (server), 8f82c51 com.android.systemui.ImageWallpaper (server), edge-swipe (server), swipe-up (server), PointerEventDispatcher0 (server),
02-17 08:47:45.312 W/FreeFormWindowHelper( 1524): Current Display FreeFormTask is null
02-17 08:47:45.312 W/FreeFormWindowHelper( 1524): Current Display FreeFormTask is null
02-17 08:47:45.313 W/FreeFormWindowHelper( 1524): Current Display FreeFormTask is null
02-17 08:47:45.332 W/FreeFormWindowHelper( 1524): Current Display FreeFormTask is null
02-17 08:47:45.332 W/FreeFormWindowHelper( 1524): Current Display FreeFormTask is null
02-17 08:47:45.333 I/view_enqueue_input_event( 2568): [Motion - Cancel,com.android.launcher3/com.android.launcher3.uioverrides.QuickstepLauncher]
02-17 08:47:45.333 W/FreeFormWindowHelper( 1524): Current Display FreeFormTask is null
02-17 08:47:45.335 W/FreeFormWindowHelper( 1524): Current Display FreeFormTask is null
02-17 08:47:45.335 W/FreeFormWindowHelper( 1524): Current Display FreeFormTask is null
02-17 08:47:45.336 I/input_interaction( 1524): Interaction with: edge-swipe (server), swipe-up (server), PointerEventDispatcher0 (server),
02-17 08:47:45.341 W/FreeFormWindowHelper( 1524): Current Display FreeFormTask is null
02-17 08:47:45.341 W/FreeFormWindowHelper( 1524): Current Display FreeFormTask is null
02-17 08:47:45.358 W/FreeFormWindowHelper( 1524): Current Display FreeFormTask is null
02-17 08:47:45.358 W/FreeFormWindowHelper( 1524): Current Display FreeFormTask is null
02-17 08:47:45.374 W/FreeFormWindowHelper( 1524): Current Display FreeFormTask is null
02-17 08:47:45.374 W/FreeFormWindowHelper( 1524): Current Display FreeFormTask is null
02-17 08:47:45.391 W/FreeFormWindowHelper( 1524): Current Display FreeFormTask is null
02-17 08:47:45.391 W/FreeFormWindowHelper( 1524): Current Display FreeFormTask is null
02-17 08:47:45.513 I/commit_sys_config_file( 1524): [settings-1-0,4]
02-17 08:47:45.739 W/FreeFormWindowHelper( 1524): Current Display FreeFormTask is null
02-17 08:47:45.739 W/FreeFormWindowHelper( 1524): Current Display FreeFormTask is null
02-17 08:47:45.744 W/FreeFormWindowHelper( 1524): Current Display FreeFormTask is null
02-17 08:47:45.745 W/FreeFormWindowHelper( 1524): Current Display FreeFormTask is null
02-17 08:47:45.760 W/FreeFormWindowHelper( 1524): Current Display FreeFormTask is null
02-17 08:47:45.760 W/FreeFormWindowHelper( 1524): Current Display FreeFormTask is null
02-17 08:47:45.776 W/FreeFormWindowHelper( 1524): Current Display FreeFormTask is null
02-17 08:47:45.776 W/FreeFormWindowHelper( 1524): Current Display FreeFormTask is null
02-17 08:47:45.793 W/FreeFormWindowHelper( 1524): Current Display FreeFormTask is null
02-17 08:47:45.794 W/FreeFormWindowHelper( 1524): Current Display FreeFormTask is null
02-17 08:47:45.817 W/FreeFormWindowHelper( 1524): Current Display FreeFormTask is null
02-17 08:47:45.817 W/FreeFormWindowHelper( 1524): Current Display FreeFormTask is null
02-17 08:47:45.827 W/FreeFormWindowHelper( 1524): Current Display FreeFormTask is null
02-17 08:47:45.827 W/FreeFormWindowHelper( 1524): Current Display FreeFormTask is null
02-17 08:47:45.843 W/FreeFormWindowHelper( 1524): Current Display FreeFormTask is null
02-17 08:47:45.847 W/FreeFormWindowHelper( 1524): Current Display FreeFormTask is null
02-17 08:47:45.863 W/FreeFormWindowHelper( 1524): Current Display FreeFormTask is null
02-17 08:47:45.863 W/FreeFormWindowHelper( 1524): Current Display FreeFormTask is null
02-17 08:47:45.881 W/FreeFormWindowHelper( 1524): Current Display FreeFormTask is null
02-17 08:47:45.882 W/FreeFormWindowHelper( 1524): Current Display FreeFormTask is null
02-17 08:47:45.896 W/FreeFormWindowHelper( 1524): Current Display FreeFormTask is null
02-17 08:47:45.896 W/FreeFormWindowHelper( 1524): Current Display FreeFormTask is null
02-17 08:47:45.912 W/FreeFormWindowHelper( 1524): Current Display FreeFormTask is null
02-17 08:47:45.913 W/FreeFormWindowHelper( 1524): Current Display FreeFormTask is null
02-17 08:47:45.928 I/commit_sys_config_file( 1524): [settings-1-0,4]
02-17 08:47:45.928 W/FreeFormWindowHelper( 1524): Current Display FreeFormTask is null
02-17 08:47:45.928 W/FreeFormWindowHelper( 1524): Current Display FreeFormTask is null
02-17 08:47:45.935 I/auditd ( 0): type=1400 audit(0.0:19337): avc: denied { kill } for comm="swapper/0" capability=5 scontext=u:r:kernel:s0 tcontext=u:r:kernel:s0 tclass=capability permissive=0
02-17 08:47:45.945 W/FreeFormWindowHelper( 1524): Current Display FreeFormTask is null
02-17 08:47:45.946 W/FreeFormWindowHelper( 1524): Current Display FreeFormTask is null
02-17 08:47:45.962 W/FreeFormWindowHelper( 1524): Current Display FreeFormTask is null
02-17 08:47:45.962 W/FreeFormWindowHelper( 1524): Current Display FreeFormTask is null
