01-01 13:11:43.165 E/DTC_ETH,link_delay_work_func( 0): 3003, SQI=0, link=0
02-17 09:01:03.744 I/input_interaction( 1524): Interaction with: d4326e3 StatusBar (server), edge-swipe (server), swipe-up (server), PointerEventDispatcher0 (server),
02-17 09:01:03.746 I/sysui_multi_action( 1999): [757,803,799,panel_open,802,1]
02-17 09:01:03.748 I/sysui_multi_action( 1999): [757,1328,758,4,1326,40,1327,3,1329,0]
02-17 09:01:03.814 I/sysui_multi_action( 1524): [757,127,758,1]
02-17 09:01:03.814 I/sysui_multi_action( 1524): [757,804,799,note_load,801,3,802,1]
02-17 09:01:03.815 I/notification_panel_revealed( 1524): 3
02-17 09:01:03.823 I/input_focus( 1524): [Focus request febc086 NotificationShade,reason=UpdateInputWindows]
02-17 09:01:03.832 I/sysui_multi_action( 1524): [757,128,758,1,793,17488443,794,0,795,17488443,796,26,798,0,806,android,857,DEVELOPER_IMPORTANT,858,4,947,0,1395,3,1500,17488236,1688,1]
02-17 09:01:03.832 I/sysui_multi_action( 1524): [757,804,799,note_freshness,801,17488443,802,1]
02-17 09:01:03.832 I/notification_visibility( 1524): [-1|android|26|null|1000,1,17488443,17488443,0,0]
02-17 09:01:03.833 I/sysui_multi_action( 1524): [757,128,758,1,793,2721367,794,0,795,2721367,796,4273,798,1,806,com.android.systemui,857,screen_record,858,3,947,0,1395,3,1500,2721163,1688,1,1745,680407814]
02-17 09:01:03.833 I/sysui_multi_action( 1524): [757,804,799,note_freshness,801,2721367,802,1]
02-17 09:01:03.833 I/notification_visibility( 1524): [0|com.android.systemui|4273|null|10080,1,2721367,2721367,0,1]
02-17 09:01:03.833 I/sysui_multi_action( 1524): [757,128,758,1,793,18690378,794,0,795,18690378,796,32,798,2,806,android,857,USB,858,1,947,0,1395,3,1500,18689946,1688,1]
02-17 09:01:03.833 I/sysui_multi_action( 1524): [757,804,799,note_freshness,801,18690378,802,1]
02-17 09:01:03.833 I/notification_visibility( 1524): [-1|android|32|null|1000,1,18690378,18690378,0,2]
02-17 09:01:03.845 I/input_focus( 1524): [Focus leaving 321be4b com.android.launcher3/com.android.launcher3.uioverrides.QuickstepLauncher (server),reason=setFocusedWindow]
02-17 09:01:03.845 I/input_focus( 1524): [Focus entering febc086 NotificationShade (server),reason=setFocusedWindow]
02-17 09:01:03.911 I/sysui_multi_action( 1999): [757,111,758,1]
02-17 09:01:03.911 I/sysui_multi_action( 1999): [757,126,758,1,759,126,927,0,928,0,1593,0]
02-17 09:01:03.912 I/sysui_multi_action( 1999): [757,113,758,1,759,113,927,1,928,1,1593,0]
02-17 09:01:03.912 I/sysui_multi_action( 1999): [757,0,758,1,759,0,927,2,928,0,1593,0]
02-17 09:01:03.912 I/sysui_multi_action( 1999): [757,0,758,1,759,0,927,3,928,0,1593,0]
02-17 09:01:03.912 I/sysui_multi_action( 1999): [757,491,758,1,759,491,927,4,928,0,1311,-1,1593,0]
02-17 09:01:03.913 I/sysui_multi_action( 1999): [757,122,758,1,759,122,927,5,928,1,1593,0]
02-17 09:01:03.913 I/sysui_multi_action( 1999): [757,0,758,1,759,0,927,6,928,0,1593,0]
02-17 09:01:03.913 I/sysui_multi_action( 1999): [757,0,758,1,759,0,927,7,1593,0]
02-17 09:01:03.913 I/sysui_multi_action( 1999): [757,111,758,1]
02-17 09:01:03.913 I/sysui_multi_action( 1999): [757,126,758,1,759,126,927,0,928,0,1593,0]
02-17 09:01:03.913 I/sysui_multi_action( 1999): [757,113,758,1,759,113,927,1,928,1,1593,0]
02-17 09:01:03.913 I/sysui_multi_action( 1999): [757,0,758,1,759,0,927,2,928,0,1593,0]
02-17 09:01:03.913 I/sysui_multi_action( 1999): [757,0,758,1,759,0,927,3,928,0,1593,0]
02-17 09:01:03.935 I/auditd ( 0): type=1400 audit(0.0:20168): avc: denied { kill } for comm="swapper/0" capability=5 scontext=u:r:kernel:s0 tcontext=u:r:kernel:s0 tclass=capability permissive=0
02-17 09:01:03.962 I/service_manager_stats( 1524): [100,25,39847]
02-17 09:01:05.935 I/auditd ( 0): type=1400 audit(0.0:20169): avc: denied { kill } for comm="swapper/0" capability=5 scontext=u:r:kernel:s0 tcontext=u:r:kernel:s0 tclass=capability permissive=0
02-17 09:01:06.939 I/auditd ( 0): type=1400 audit(0.0:20170): avc: denied { kill } for comm="swapper/0" capability=5 scontext=u:r:kernel:s0 tcontext=u:r:kernel:s0 tclass=capability permissive=0
02-17 09:01:07.935 I/auditd ( 0): type=1400 audit(0.0:20171): avc: denied { kill } for comm="swapper/0" capability=5 scontext=u:r:kernel:s0 tcontext=u:r:kernel:s0 tclass=capability permissive=0
01-01 13:11:48.285 E/DTC_ETH,link_delay_work_func( 0): 3003, SQI=0, link=0
02-17 09:01:08.935 I/auditd ( 0): type=1400 audit(0.0:20172): avc: denied { kill } for comm="swapper/0" capability=5 scontext=u:r:kernel:s0 tcontext=u:r:kernel:s0 tclass=capability permissive=0
02-17 09:01:09.730 I/input_interaction( 1524): Interaction with: febc086 NotificationShade (server), edge-swipe (server), swipe-up (server), PointerEventDispatcher0 (server),
02-17 09:01:09.935 I/auditd ( 0): type=1400 audit(0.0:20173): avc: denied { kill } for comm="swapper/0" capability=5 scontext=u:r:kernel:s0 tcontext=u:r:kernel:s0 tclass=capability permissive=0
02-17 09:01:10.145 I/GameModeConfig( 1524): isGameModeOn = false
02-17 09:01:10.145 I/GameModeConfig( 1524): isGameModeOn = false
02-17 09:01:10.145 I/GameModeConfig( 1524): isGameModeOn = false
02-17 09:01:10.146 I/GameModeConfig( 1524): isGameModeOn = false
02-17 09:01:10.146 I/GameModeConfig( 1524): isGameModeOn = false
02-17 09:01:10.146 I/GameModeConfig( 1524): isGameModeOn = false
02-17 09:01:10.148 I/notification_enqueue( 1524): [10080,1999,com.android.systemui,2048,NULL,0,Notification(channel=updateNotification shortcut=null contentView=null vibrate=null sound=null defaults=0x0 flags=0x0 color=0x00000000 vis=PRIVATE),1]
02-17 09:01:10.148 I/sysui_multi_action( 1999): [757,111,758,2]
02-17 09:01:10.149 I/sysui_multi_action( 1999): [757,111,758,2]
02-17 09:01:10.351 I/GameModeConfig( 1524): isGameModeOn = false
02-17 09:01:10.352 I/input_interaction( 1524): Interaction with: febc086 NotificationShade (server), 8f82c51 com.android.systemui.ImageWallpaper (server), edge-swipe (server), swipe-up (server), PointerEventDispatcher0 (server),
02-17 09:01:10.363 I/input_focus( 1524): [Focus request 321be4b com.android.launcher3/com.android.launcher3.uioverrides.QuickstepLauncher,reason=UpdateInputWindows]
02-17 09:01:10.370 I/sysui_multi_action( 1524): [757,128,758,2,793,17494981,794,6538,795,17494981,796,26,798,0,806,android,857,DEVELOPER_IMPORTANT,858,4,947,0,1395,3,1500,17494774,1688,1]
02-17 09:01:10.370 I/notification_visibility( 1524): [-1|android|26|null|1000,0,17494981,17494981,0,0]
02-17 09:01:10.371 I/sysui_multi_action( 1524): [757,128,758,2,793,2727905,794,6538,795,2727905,796,4273,798,1,806,com.android.systemui,857,screen_record,858,3,947,0,1395,3,1500,2727701,1688,1,1745,680407814]
02-17 09:01:10.371 I/notification_visibility( 1524): [0|com.android.systemui|4273|null|10080,0,2727905,2727905,0,1]
02-17 09:01:10.371 I/sysui_multi_action( 1524): [757,128,758,2,793,18696916,794,6538,795,18696916,796,32,798,2,806,android,857,USB,858,1,947,0,1395,3,1500,18696484,1688,1]
02-17 09:01:10.371 I/notification_visibility( 1524): [-1|android|32|null|1000,0,18696916,18696916,0,2]
02-17 09:01:10.372 I/sysui_multi_action( 1524): [757,127,758,2]
02-17 09:01:10.372 I/notification_panel_hidden( 1524):
02-17 09:01:10.393 I/input_focus( 1524): [Focus leaving febc086 NotificationShade (server),reason=NO_WINDOW]
02-17 09:01:10.394 I/input_focus( 1524): [Focus entering 321be4b com.android.launcher3/com.android.launcher3.uioverrides.QuickstepLauncher (server),reason=setFocusedWindow]
02-17 09:01:10.403 I/view_enqueue_input_event( 1999): [Motion - Cancel,NotificationShade]
02-17 09:01:10.935 I/auditd ( 0): type=1400 audit(0.0:20174): avc: denied { kill } for comm="swapper/1" capability=5 scontext=u:r:kernel:s0 tcontext=u:r:kernel:s0 tclass=capability permissive=0
02-17 09:01:10.943 I/input_interaction( 1524): Interaction with: 321be4b com.android.launcher3/com.android.launcher3.uioverrides.QuickstepLauncher (server), 8f82c51 com.android.systemui.ImageWallpaper (server), edge-swipe (server), swipe-up (server), PointerEventDispatcher0 (server),
02-17 09:01:11.935 I/auditd ( 0): type=1400 audit(0.0:20175): avc: denied { kill } for comm="swapper/1" capability=5 scontext=u:r:kernel:s0 tcontext=u:r:kernel:s0 tclass=capability permissive=0
02-17 09:01:12.939 I/auditd ( 0): type=1400 audit(0.0:20176): avc: denied { kill } for comm="swapper/1" capability=5 scontext=u:r:kernel:s0 tcontext=u:r:kernel:s0 tclass=capability permissive=0
01-01 13:11:53.405 E/DTC_ETH,link_delay_work_func( 0): 3003, SQI=0, link=0
02-17 09:01:13.935 I/auditd ( 0): type=1400 audit(0.0:20177): avc: denied { kill } for comm="swapper/1" capability=5 scontext=u:r:kernel:s0 tcontext=u:r:kernel:s0 tclass=capability permissive=0
02-17 09:01:14.939 I/auditd ( 0): type=1400 audit(0.0:20178): avc: denied { kill } for comm="swapper/1" capability=5 scontext=u:r:kernel:s0 tcontext=u:r:kernel:s0 tclass=capability permissive=0
02-17 09:01:15.939 I/auditd ( 0): type=1400 audit(0.0:20179): avc: denied { kill } for comm="swapper/1" capability=5 scontext=u:r:kernel:s0 tcontext=u:r:kernel:s0 tclass=capability permissive=0
02-17 09:01:16.939 I/auditd ( 0): type=1400 audit(0.0:20180): avc: denied { kill } for comm="swapper/1" capability=5 scontext=u:r:kernel:s0 tcontext=u:r:kernel:s0 tclass=capability permissive=0
02-17 09:01:17.935 I/auditd ( 0): type=1400 audit(0.0:20181): avc: denied { kill } for comm="swapper/1" capability=5 scontext=u:r:kernel:s0 tcontext=u:r:kernel:s0 tclass=capability permissive=0
01-01 13:11:58.525 E/DTC_ETH,link_delay_work_func( 0): 3003, SQI=0, link=0
02-17 09:01:18.935 I/auditd ( 0): type=1400 audit(0.0:20182): avc: denied { kill } for comm="swapper/1" capability=5 scontext=u:r:kernel:s0 tcontext=u:r:kernel:s0 tclass=capability permissive=0
02-17 09:01:19.935 I/auditd ( 0): type=1400 audit(0.0:20183): avc: denied { kill } for comm="swapper/1" capability=5 scontext=u:r:kernel:s0 tcontext=u:r:kernel:s0 tclass=capability permissive=0
02-17 09:01:20.352 I/GameModeConfig( 1524): isGameModeOn = false
02-17 09:01:20.939 I/auditd ( 0): type=1400 audit(0.0:20184): avc: denied { kill } for comm="swapper/1" capability=5 scontext=u:r:kernel:s0 tcontext=u:r:kernel:s0 tclass=capability permissive=0
02-17 09:01:21.939 I/auditd ( 0): type=1400 audit(0.0:20185): avc: denied { kill } for comm="swapper/1" capability=5 scontext=u:r:kernel:s0 tcontext=u:r:kernel:s0 tclass=capability permissive=0
02-17 09:01:22.935 I/auditd ( 0): type=1400 audit(0.0:20186): avc: denied { kill } for comm="swapper/1" capability=5 scontext=u:r:kernel:s0 tcontext=u:r:kernel:s0 tclass=capability permissive=0
01-01 13:12:03.645 E/DTC_ETH,link_delay_work_func( 0): 3003, SQI=0, link=0
02-17 09:01:23.939 I/auditd ( 0): type=1400 audit(0.0:20187): avc: denied { kill } for comm="swapper/1" capability=5 scontext=u:r:kernel:s0 tcontext=u:r:kernel:s0 tclass=capability permissive=0
02-17 09:01:24.939 I/auditd ( 0): type=1400 audit(0.0:20188): avc: denied { kill } for comm="swapper/1" capability=5 scontext=u:r:kernel:s0 tcontext=u:r:kernel:s0 tclass=capability permissive=0
02-17 09:01:25.574 I/commit_sys_config_file( 1524): [settings-1-0,5]
02-17 09:01:25.909 I/commit_sys_config_file( 1524): [settings-1-0,4]
02-17 09:01:25.935 I/auditd ( 0): type=1400 audit(0.0:20189): avc: denied { kill } for comm="swapper/1" capability=5 scontext=u:r:kernel:s0 tcontext=u:r:kernel:s0 tclass=capability permissive=0
02-17 09:01:26.939 I/auditd ( 0): type=1400 audit(0.0:20190): avc: denied { kill } for comm="swapper/1" capability=5 scontext=u:r:kernel:s0 tcontext=u:r:kernel:s0 tclass=capability permissive=0
02-17 09:01:27.373 I/commit_sys_config_file( 1524): [settings-1-0,5]
02-17 09:01:27.939 I/auditd ( 0): type=1400 audit(0.0:20191): avc: denied { kill } for comm="swapper/1" capability=5 scontext=u:r:kernel:s0 tcontext=u:r:kernel:s0 tclass=capability permissive=0
01-01 13:12:08.765 E/DTC_ETH,link_delay_work_func( 0): 3003, SQI=0, link=0
02-17 09:01:28.692 I/thunderperf( 1524): PlatormCompat.setOverrides: Uid1=10073 Pid1=2568 Uid2=10073 Pid2=2568
02-17 09:01:28.692 I/thunderperf( 1524): PlatormCompat.setOverrides: needCheck:false
02-17 09:01:28.692 I/thunderperf( 1524): CompatConfig.addOverrideUnsafe: bef-state=1
02-17 09:01:28.692 E/thunderperf( 1524): CompatConfig.addOverrideUnsafe: exception:java.lang.SecurityException: Cannot override a change on a non-debuggable app and user build.
02-17 09:01:28.692 I/thunderperf( 1524): CompatConfig.addOverrideUnsafe: aft-state=1
02-17 09:01:28.693 I/thunderperf( 1524): CompatConfig.addOverrideUnsafe: bef-state=1
02-17 09:01:28.694 E/thunderperf( 1524): CompatConfig.addOverrideUnsafe: exception:java.lang.SecurityException: Cannot override a change on a non-debuggable app and user build.
02-17 09:01:28.694 I/thunderperf( 1524): CompatConfig.addOverrideUnsafe: aft-state=1
02-17 09:01:28.694 I/thunderperf( 1524): CompatConfig.addOverrideUnsafe: bef-state=1
02-17 09:01:28.695 E/thunderperf( 1524): CompatConfig.addOverrideUnsafe: exception:java.lang.SecurityException: Cannot override a change on a non-debuggable app and user build.
02-17 09:01:28.695 I/thunderperf( 1524): CompatConfig.addOverrideUnsafe: aft-state=1
02-17 09:01:28.695 I/thunderperf( 1524): CompatConfig.addOverrideUnsafe: bef-state=1
02-17 09:01:28.696 E/thunderperf( 1524): CompatConfig.addOverrideUnsafe: exception:java.lang.SecurityException: Cannot override a change on a non-debuggable app and user build.
02-17 09:01:28.696 I/thunderperf( 1524): CompatConfig.addOverrideUnsafe: aft-state=1
02-17 09:01:28.696 I/thunderperf( 1524): CompatConfig.addOverrideUnsafe: bef-state=1
02-17 09:01:28.697 E/thunderperf( 1524): CompatConfig.addOverrideUnsafe: exception:java.lang.SecurityException: Cannot override a change on a non-debuggable app and user build.
02-17 09:01:28.697 I/thunderperf( 1524): CompatConfig.addOverrideUnsafe: aft-state=1
02-17 09:01:28.697 I/thunderperf( 1524): CompatConfig.addOverrideUnsafe: bef-state=1
02-17 09:01:28.697 E/thunderperf( 1524): CompatConfig.addOverrideUnsafe: exception:java.lang.SecurityException: Cannot override a change on a non-debuggable app and user build.
02-17 09:01:28.697 I/thunderperf( 1524): CompatConfig.addOverrideUnsafe: aft-state=1
02-17 09:01:28.698 I/thunderperf( 1524): CompatConfig.addOverrideUnsafe: bef-state=1
02-17 09:01:28.698 E/thunderperf( 1524): CompatConfig.addOverrideUnsafe: exception:java.lang.SecurityException: Cannot override a change on a non-debuggable app and user build.
02-17 09:01:28.698 I/thunderperf( 1524): CompatConfig.addOverrideUnsafe: aft-state=1
02-17 09:01:28.699 I/thunderperf( 1524): CompatConfig.addOverrideUnsafe: bef-state=1
02-17 09:01:28.699 E/thunderperf( 1524): CompatConfig.addOverrideUnsafe: exception:java.lang.SecurityException: Cannot override a change on a non-debuggable app and user build.
02-17 09:01:28.699 I/thunderperf( 1524): CompatConfig.addOverrideUnsafe: aft-state=1
02-17 09:01:28.699 I/thunderperf( 1524): CompatConfig.addOverrideUnsafe: bef-state=1
02-17 09:01:28.700 E/thunderperf( 1524): CompatConfig.addOverrideUnsafe: exception:java.lang.SecurityException: Cannot override a change on a non-debuggable app and user build.
02-17 09:01:28.700 I/thunderperf( 1524): CompatConfig.addOverrideUnsafe: aft-state=1
02-17 09:01:28.700 I/thunderperf( 1524): CompatConfig.addOverrideUnsafe: bef-state=1
02-17 09:01:28.700 E/thunderperf( 1524): CompatConfig.addOverrideUnsafe: exception:java.lang.SecurityException: Cannot override a change on a non-debuggable app and user build.
02-17 09:01:28.701 I/thunderperf( 1524): CompatConfig.addOverrideUnsafe: aft-state=1
02-17 09:01:28.701 I/thunderperf( 1524): CompatConfig.addOverrideUnsafe: bef-state=1
02-17 09:01:28.701 E/thunderperf( 1524): CompatConfig.addOverrideUnsafe: exception:java.lang.SecurityException: Cannot override a change on a non-debuggable app and user build.
02-17 09:01:28.701 I/thunderperf( 1524): CompatConfig.addOverrideUnsafe: aft-state=1
02-17 09:01:28.702 I/thunderperf( 1524): CompatConfig.addOverrideUnsafe: bef-state=1
02-17 09:01:28.702 E/thunderperf( 1524): CompatConfig.addOverrideUnsafe: exception:java.lang.SecurityException: Cannot override a change on a non-debuggable app and user build.
02-17 09:01:28.702 I/thunderperf( 1524): CompatConfig.addOverrideUnsafe: aft-state=1
02-17 09:01:28.703 I/thunderperf( 1524): CompatConfig.addOverrideUnsafe: bef-state=1
02-17 09:01:28.703 E/thunderperf( 1524): CompatConfig.addOverrideUnsafe: exception:java.lang.SecurityException: Cannot override a change on a non-debuggable app and user build.
02-17 09:01:28.703 I/thunderperf( 1524): CompatConfig.addOverrideUnsafe: aft-state=1
02-17 09:01:28.703 I/thunderperf( 1524): CompatConfig.addOverrideUnsafe: bef-state=1
02-17 09:01:28.704 E/thunderperf( 1524): CompatConfig.addOverrideUnsafe: exception:java.lang.SecurityException: Cannot override a change on a non-debuggable app and user build.
02-17 09:01:28.704 I/thunderperf( 1524): CompatConfig.addOverrideUnsafe: aft-state=1
02-17 09:01:28.709 I/ActivityTaskManager( 1524): START u0 {act=android.intent.action.MAIN cat=[android.intent.category.LAUNCHER] flg=0x10200000 cmp=com.android.calendar/.AllInOneActivity bnds=[290,252][590,550]} from uid 10073
02-17 09:01:28.715 I/wm_task_moved( 1524): [41,1,13]
02-17 09:01:28.715 I/wm_task_to_front( 1524): [0,41]
02-17 09:01:28.716 I/wm_focused_root_task( 1524): [0,0,41,1,bringingFoundTaskToFront]
02-17 09:01:28.716 I/wm_set_resumed_activity( 1524): [0,com.android.calendar/.AllInOneActivity,bringingFoundTaskToFront]
02-17 09:01:28.716 I/wm_new_intent( 1524): [0,206913332,41,com.android.calendar/.AllInOneActivity,android.intent.action.MAIN,NULL,NULL,270532608]
02-17 09:01:28.716 D/CompatibilityChangeReporter( 1524): Compat change id reported: 168419799; UID 10063; state: DISABLED
02-17 09:01:28.717 I/wm_pause_activity( 1524): [0,128678138,com.android.launcher3/.uioverrides.QuickstepLauncher,userLeaving=true,pauseBackTasks]
02-17 09:01:28.720 I/wm_on_top_resumed_lost_called( 2568): [128678138,com.android.launcher3.uioverrides.QuickstepLauncher,topStateChangedWhenResumed]
02-17 09:01:28.722 I/wm_on_paused_called( 2568): [128678138,com.android.launcher3.uioverrides.QuickstepLauncher,performPause]
02-17 09:01:28.722 I/ActivityTaskManager( 1524): FOREGROUND_APPLICATION_CHANGED to com.android.calendar.AllInOneActivity
02-17 09:01:28.723 I/ActivityTaskManager( 1524): The Process com.android.calendar Already Exists in BG. So sending its PID: 19551
02-17 09:01:28.723 I/wm_add_to_stopping( 1524): [0,128678138,com.android.launcher3/.uioverrides.QuickstepLauncher,makeInvisible]
02-17 09:01:28.724 D/CompatibilityChangeReporter( 1524): Compat change id reported: 174042980; UID 10063; state: DISABLED
02-17 09:01:28.724 D/CompatibilityChangeReporter( 1524): Compat change id reported: 181136395; UID 10063; state: DISABLED
02-17 09:01:28.724 D/CompatibilityChangeReporter( 1524): Compat change id reported: 174042936; UID 10063; state: DISABLED
02-17 09:01:28.724 D/CompatibilityChangeReporter( 1524): Compat change id reported: 184838306; UID 10063; state: DISABLED
02-17 09:01:28.724 D/CompatibilityChangeReporter( 1524): Compat change id reported: 185004937; UID 10063; state: DISABLED
02-17 09:01:28.725 I/wm_restart_activity( 1524): [0,206913332,41,com.android.calendar/.AllInOneActivity]
02-17 09:01:28.725 I/wm_set_resumed_activity( 1524): [0,com.android.calendar/.AllInOneActivity,minimalResumeActivityLocked]
02-17 09:01:28.726 I/am_uid_active( 1524): 10063
02-17 09:01:28.727 I/sysui_multi_action( 1524): [757,803,799,window_time_0,802,27]
02-17 09:01:28.730 W/ContextImpl( 2121): Calling a method in the system process without a qualified user: android.app.ContextImpl.startService:1816 android.content.ContextWrapper.startService:774 com.thundercomm.gamemode.ingame.services.GameModeActionUtils.startGameModeService:111 com.thundercomm.gamemode.ingame.services.GameModeActionUtils.startGameModeEntry:22 com.thundercomm.gamemode.ingame.services.ActivityMonitoringService$1.onActivityLaunch:139
02-17 09:01:28.731 I/GameModeConfig( 1524): Current uri is uri = content://com.thundercomm.gamemode.api/gamemode_settings/gamemode_isgaming
02-17 09:01:28.732 I/GameModeConfig( 1524): isGameModeOn = false
02-17 09:01:28.732 I/GameModeConfig( 1524): isGameModeOn = false
02-17 09:01:28.732 I/GameModeConfig( 1524): isDisableVoice = true
02-17 09:01:28.734 I/am_pss ( 1524): [15908,1000,com.qti.diagservices,6176768,3874816,0,93454336,0,10,5]
02-17 09:01:28.737 I/am_uid_running( 1524): 10028
02-17 09:01:28.738 D/CompatibilityChangeReporter( 1524): Compat change id reported: 135634846; UID 10028; state: DISABLED
02-17 09:01:28.738 D/CompatibilityChangeReporter( 1524): Compat change id reported: 177438394; UID 10028; state: DISABLED
02-17 09:01:28.738 D/CompatibilityChangeReporter( 1524): Compat change id reported: 135772972; UID 10028; state: DISABLED
02-17 09:01:28.738 D/CompatibilityChangeReporter( 1524): Compat change id reported: 135754954; UID 10028; state: ENABLED
02-17 09:01:28.738 D/CompatibilityChangeReporter( 1524): Compat change id reported: 143937733; UID 10028; state: ENABLED
02-17 09:01:28.743 I/am_proc_start( 1524): [0,19630,10028,com.android.providers.calendar,content provider,{com.android.providers.calendar/com.android.providers.calendar.CalendarProvider2}]
02-17 09:01:28.743 I/ActivityManager( 1524): Start proc 19630:com.android.providers.calendar/u0a28 for content provider {com.android.providers.calendar/com.android.providers.calendar.CalendarProvider2}
02-17 09:01:28.745 I/wm_on_create_called(19551): [206913332,com.android.calendar.AllInOneActivity,performCreate]
01-01 13:12:08.897 I/binder ( 0): 19630:19630 ioctl 40046210 7ffa2be654 returned -22
02-17 09:01:28.752 I/am_proc_bound( 1524): [0,19630,com.android.providers.calendar]
02-17 09:01:28.753 I/input_focus( 1524): [Focus leaving 321be4b com.android.launcher3/com.android.launcher3.uioverrides.QuickstepLauncher (server),reason=NO_WINDOW]
02-17 09:01:28.754 D/CompatibilityChangeReporter( 1524): Compat change id reported: 168419799; UID 10028; state: DISABLED
02-17 09:01:28.755 I/am_uid_active( 1524): 10028
02-17 09:01:28.763 I/wm_on_start_called(19551): [206913332,com.android.calendar.AllInOneActivity,handleStartActivity]
02-17 09:01:28.770 I/wm_on_resume_called(19551): [206913332,com.android.calendar.AllInOneActivity,RESUME_ACTIVITY]
02-17 09:01:28.775 I/wm_on_top_resumed_gained_called(19551): [206913332,com.android.calendar.AllInOneActivity,topStateChangedWhenResumed]
02-17 09:01:28.778 D/CompatibilityChangeReporter( 1524): Compat change id reported: 143231523; UID 10063; state: DISABLED
02-17 09:01:28.780 I/input_focus( 1524): [Focus request 261c7df com.android.calendar/com.android.calendar.AllInOneActivity,reason=UpdateInputWindows]
02-17 09:01:28.788 D/CompatibilityChangeReporter( 1524): Compat change id reported: 143231523; UID 10028; state: DISABLED
01-01 13:12:08.941 I/binder ( 0): 19551:19625 ioctl 40046210 7afdd0c1f4 returned -22
02-17 09:01:28.808 I/sysui_multi_action( 1524): [319,51,321,48,322,98,325,18726,757,761,758,8,759,1,806,com.android.calendar,871,com.android.calendar.AllInOneActivity,904,com.android.launcher3,905,0,1320,4,1321,1]
02-17 09:01:28.809 I/wm_activity_launch_time( 1524): [0,206913332,com.android.calendar/.AllInOneActivity,98]
02-17 09:01:28.820 I/input_focus( 1524): [Focus entering 261c7df com.android.calendar/com.android.calendar.AllInOneActivity (server),reason=Window became focusable. Previous reason: NOT_VISIBLE]
02-17 09:01:28.826 W/FreeFormWindowHelper( 1524): Current Display FreeFormTask is null
02-17 09:01:28.829 W/ContextImpl( 2121): Calling a method in the system process without a qualified user: android.app.ContextImpl.startService:1816 android.content.ContextWrapper.startService:774 com.thundercomm.gamemode.ingame.services.GameModeActionUtils.startGameModeService:111 com.thundercomm.gamemode.ingame.services.GameModeActionUtils.startGameModeEntry:22 com.thundercomm.gamemode.ingame.services.ActivityMonitoringService$1.onActivityLaunch:139
02-17 09:01:28.830 I/GameModeConfig( 1524): Current uri is uri = content://com.thundercomm.gamemode.api/gamemode_settings/gamemode_isgaming
02-17 09:01:28.830 I/GameModeConfig( 1524): isGameModeOn = false
02-17 09:01:28.830 I/GameModeConfig( 1524): isGameModeOn = false
02-17 09:01:28.830 I/GameModeConfig( 1524): isDisableVoice = true
02-17 09:01:28.935 I/auditd ( 0): type=1400 audit(0.0:20192): avc: denied { kill } for comm="swapper/1" capability=5 scontext=u:r:kernel:s0 tcontext=u:r:kernel:s0 tclass=capability permissive=0
02-17 09:01:29.288 I/wm_stop_activity( 1524): [0,128678138,com.android.launcher3/.uioverrides.QuickstepLauncher]
02-17 09:01:29.306 I/wm_on_stop_called( 2568): [128678138,com.android.launcher3.uioverrides.QuickstepLauncher,STOP_ACTIVITY_ITEM]
02-17 09:01:29.323 W/ContextImpl( 2121): Calling a method in the system process without a qualified user: android.app.ContextImpl.startService:1816 android.content.ContextWrapper.startService:774 com.thundercomm.gamemode.ingame.services.GameModeActionUtils.startGameModeService:111 com.thundercomm.gamemode.ingame.services.GameModeActionUtils.startGameModeEntry:22 com.thundercomm.gamemode.ingame.services.ActivityMonitoringService$1.onActivityLaunch:139
02-17 09:01:29.324 I/GameModeConfig( 1524): Current uri is uri = content://com.thundercomm.gamemode.api/gamemode_settings/gamemode_isgaming
02-17 09:01:29.325 I/GameModeConfig( 1524): isGameModeOn = false
02-17 09:01:29.325 I/GameModeConfig( 1524): isGameModeOn = false
02-17 09:01:29.325 I/GameModeConfig( 1524): isDisableVoice = true
02-17 09:01:29.935 I/auditd ( 0): type=1400 audit(0.0:20193): avc: denied { kill } for comm="swapper/1" capability=5 scontext=u:r:kernel:s0 tcontext=u:r:kernel:s0 tclass=capability permissive=0
02-17 09:01:30.588 I/input_interaction( 1524): Interaction with: 261c7df com.android.calendar/com.android.calendar.AllInOneActivity (server), edge-swipe (server), swipe-up (server), PointerEventDispatcher0 (server),
02-17 09:01:30.939 I/auditd ( 0): type=1400 audit(0.0:20194): avc: denied { kill } for comm="swapper/1" capability=5 scontext=u:r:kernel:s0 tcontext=u:r:kernel:s0 tclass=capability permissive=0
02-17 09:01:31.735 E/TaskPersister( 1524): File error accessing recents directory (directory doesn't exist?).
02-17 09:01:32.002 I/view_enqueue_input_event(19551): [Motion - Cancel,com.android.calendar/com.android.calendar.AllInOneActivity]
02-17 09:01:32.015 I/input_interaction( 1524): Interaction with: edge-swipe (server), swipe-up (server), PointerEventDispatcher0 (server),
02-17 09:01:32.169 I/input_interaction( 1524): Interaction with: 261c7df com.android.calendar/com.android.calendar.AllInOneActivity (server), edge-swipe (server), swipe-up (server), PointerEventDispatcher0 (server),
02-17 09:01:32.939 I/auditd ( 0): type=1400 audit(0.0:20195): avc: denied { kill } for comm="swapper/3" capability=5 scontext=u:r:kernel:s0 tcontext=u:r:kernel:s0 tclass=capability permissive=0
01-01 13:12:13.885 E/DTC_ETH,link_delay_work_func( 0): 3003, SQI=0, link=0
02-17 09:01:33.935 I/auditd ( 0): type=1400 audit(0.0:20196): avc: denied { kill } for comm="swapper/3" capability=5 scontext=u:r:kernel:s0 tcontext=u:r:kernel:s0 tclass=capability permissive=0
02-17 09:01:34.935 I/auditd ( 0): type=1400 audit(0.0:20197): avc: denied { kill } for comm="swapper/3" capability=5 scontext=u:r:kernel:s0 tcontext=u:r:kernel:s0 tclass=capability permissive=0
02-17 09:01:35.935 I/auditd ( 0): type=1400 audit(0.0:20198): avc: denied { kill } for comm="swapper/3" capability=5 scontext=u:r:kernel:s0 tcontext=u:r:kernel:s0 tclass=capability permissive=0
02-17 09:01:37.935 I/auditd ( 0): type=1400 audit(0.0:20199): avc: denied { kill } for comm="swapper/0" capability=5 scontext=u:r:kernel:s0 tcontext=u:r:kernel:s0 tclass=capability permissive=0
01-01 13:12:19.005 E/DTC_ETH,link_delay_work_func( 0): 3003, SQI=0, link=0
02-17 09:01:38.935 I/auditd ( 0): type=1400 audit(0.0:20200): avc: denied { kill } for comm="swapper/0" capability=5 scontext=u:r:kernel:s0 tcontext=u:r:kernel:s0 tclass=capability permissive=0
02-17 09:01:40.498 I/am_pss ( 1524): [19551,10063,com.android.calendar,54612992,47890432,0,179044352,0,2,9]
02-17 09:01:40.935 I/auditd ( 0): type=1400 audit(0.0:20201): avc: denied { kill } for comm="swapper/0" capability=5 scontext=u:r:kernel:s0 tcontext=u:r:kernel:s0 tclass=capability permissive=0
02-17 09:01:41.935 I/auditd ( 0): type=1400 audit(0.0:20202): avc: denied { kill } for comm="swapper/0" capability=5 scontext=u:r:kernel:s0 tcontext=u:r:kernel:s0 tclass=capability permissive=0
02-17 09:01:42.935 I/auditd ( 0): type=1400 audit(0.0:20203): avc: denied { kill } for comm="swapper/0" capability=5 scontext=u:r:kernel:s0 tcontext=u:r:kernel:s0 tclass=capability permissive=0
02-17 09:01:43.935 I/auditd ( 0): type=1400 audit(0.0:20204): avc: denied { kill } for comm="swapper/0" capability=5 scontext=u:r:kernel:s0 tcontext=u:r:kernel:s0 tclass=capability permissive=0
01-01 13:12:24.125 E/DTC_ETH,link_delay_work_func( 0): 3003, SQI=0, link=0
02-17 09:01:44.522 I/input_focus( 1524): [Focus request 91eb9f PopupWindow:5e8ba14,reason=UpdateInputWindows]
02-17 09:01:44.543 I/input_focus( 1524): [Focus leaving 261c7df com.android.calendar/com.android.calendar.AllInOneActivity (server),reason=Waiting for window because NOT_VISIBLE]
02-17 09:01:44.576 I/input_focus( 1524): [Focus entering 91eb9f PopupWindow:5e8ba14 (server),reason=Window became focusable. Previous reason: NOT_VISIBLE]
02-17 09:01:44.935 I/auditd ( 0): type=1400 audit(0.0:20205): avc: denied { kill } for comm="swapper/0" capability=5 scontext=u:r:kernel:s0 tcontext=u:r:kernel:s0 tclass=capability permissive=0
02-17 09:01:45.873 I/input_interaction( 1524): Interaction with: 91eb9f PopupWindow:5e8ba14 (server), edge-swipe (server), swipe-up (server), PointerEventDispatcher0 (server),
02-17 09:01:45.939 I/auditd ( 0): type=1400 audit(0.0:20206): avc: denied { kill } for comm="swapper/0" capability=5 scontext=u:r:kernel:s0 tcontext=u:r:kernel:s0 tclass=capability permissive=0
01-01 13:12:26.179 W/rpmh_rsc_send_data( 0): 4 callbacks suppressed
01-01 13:12:26.179 I/qcom_rpmh DRV( 0): apps_rsc TCS Busy, retrying RPMH message send: addr=0x40d00
02-17 09:01:46.084 I/input_focus( 1524): [Focus request 261c7df com.android.calendar/com.android.calendar.AllInOneActivity,reason=UpdateInputWindows]
02-17 09:01:46.112 I/input_focus( 1524): [Focus leaving 91eb9f PopupWindow:5e8ba14 (server),reason=NOT_FOCUSABLE]
02-17 09:01:46.112 I/input_focus( 1524): [Focus entering 261c7df com.android.calendar/com.android.calendar.AllInOneActivity (server),reason=setFocusedWindow]
02-17 09:01:46.935 I/auditd ( 0): type=1400 audit(0.0:20207): avc: denied { kill } for comm="swapper/0" capability=5 scontext=u:r:kernel:s0 tcontext=u:r:kernel:s0 tclass=capability permissive=0
02-17 09:01:47.329 I/input_interaction( 1524): Interaction with: 261c7df com.android.calendar/com.android.calendar.AllInOneActivity (server), edge-swipe (server), swipe-up (server), PointerEventDispatcher0 (server),
02-17 09:01:47.935 I/auditd ( 0): type=1400 audit(0.0:20208): avc: denied { kill } for comm="swapper/0" capability=5 scontext=u:r:kernel:s0 tcontext=u:r:kernel:s0 tclass=capability permissive=0
02-17 09:01:48.935 I/auditd ( 0): type=1400 audit(0.0:20209): avc: denied { kill } for comm="swapper/0" capability=5 scontext=u:r:kernel:s0 tcontext=u:r:kernel:s0 tclass=capability permissive=0
01-01 13:12:29.252 E/DTC_ETH,link_delay_work_func( 0): 3003, SQI=0, link=0
02-17 09:01:49.935 I/auditd ( 0): type=1400 audit(0.0:20210): avc: denied { kill } for comm="swapper/0" capability=5 scontext=u:r:kernel:s0 tcontext=u:r:kernel:s0 tclass=capability permissive=0
02-17 09:01:51.935 I/auditd ( 0): type=1400 audit(0.0:20211): avc: denied { kill } for comm="swapper/2" capability=5 scontext=u:r:kernel:s0 tcontext=u:r:kernel:s0 tclass=capability permissive=0
02-17 09:01:52.935 I/auditd ( 0): type=1400 audit(0.0:20212): avc: denied { kill } for comm="swapper/2" capability=5 scontext=u:r:kernel:s0 tcontext=u:r:kernel:s0 tclass=capability permissive=0
02-17 09:01:53.935 I/auditd ( 0): type=1400 audit(0.0:20213): avc: denied { kill } for comm="swapper/2" capability=5 scontext=u:r:kernel:s0 tcontext=u:r:kernel:s0 tclass=capability permissive=0
01-01 13:12:34.365 E/DTC_ETH,link_delay_work_func( 0): 3003, SQI=0, link=0
02-17 09:01:54.939 I/auditd ( 0): type=1400 audit(0.0:20214): avc: denied { kill } for comm="swapper/2" capability=5 scontext=u:r:kernel:s0 tcontext=u:r:kernel:s0 tclass=capability permissive=0
02-17 09:01:55.935 I/auditd ( 0): type=1400 audit(0.0:20215): avc: denied { kill } for comm="swapper/2" capability=5 scontext=u:r:kernel:s0 tcontext=u:r:kernel:s0 tclass=capability permissive=0
02-17 09:01:56.935 I/auditd ( 0): type=1400 audit(0.0:20216): avc: denied { kill } for comm="swapper/2" capability=5 scontext=u:r:kernel:s0 tcontext=u:r:kernel:s0 tclass=capability permissive=0
02-17 09:01:57.627 I/service_manager_stats( 1524): [100,60,53666]
02-17 09:01:58.935 I/auditd ( 0): type=1400 audit(0.0:20217): avc: denied { kill } for comm="swapper/0" capability=5 scontext=u:r:kernel:s0 tcontext=u:r:kernel:s0 tclass=capability permissive=0
01-01 13:12:39.485 E/DTC_ETH,link_delay_work_func( 0): 3003, SQI=0, link=0
02-17 09:01:59.935 I/auditd ( 0): type=1400 audit(0.0:20218): avc: denied { kill } for comm="swapper/0" capability=5 scontext=u:r:kernel:s0 tcontext=u:r:kernel:s0 tclass=capability permissive=0
02-17 09:02:00.939 I/auditd ( 0): type=1400 audit(0.0:20219): avc: denied { kill } for comm="swapper/0" capability=5 scontext=u:r:kernel:s0 tcontext=u:r:kernel:s0 tclass=capability permissive=0
02-17 09:02:01.935 I/auditd ( 0): type=1400 audit(0.0:20220): avc: denied { kill } for comm="swapper/0" capability=5 scontext=u:r:kernel:s0 tcontext=u:r:kernel:s0 tclass=capability permissive=0
02-17 09:02:02.187 I/am_uid_idle( 1524): 10040
02-17 09:02:02.939 I/auditd ( 0): type=1400 audit(0.0:20221): avc: denied { kill } for comm="swapper/0" capability=5 scontext=u:r:kernel:s0 tcontext=u:r:kernel:s0 tclass=capability permissive=0
02-17 09:02:03.935 I/auditd ( 0): type=1400 audit(0.0:20222): avc: denied { kill } for comm="swapper/0" capability=5 scontext=u:r:kernel:s0 tcontext=u:r:kernel:s0 tclass=capability permissive=0
01-01 13:12:44.606 E/DTC_ETH,link_delay_work_func( 0): 3003, SQI=0, link=0
02-17 09:02:04.935 I/auditd ( 0): type=1400 audit(0.0:20223): avc: denied { kill } for comm="swapper/0" capability=5 scontext=u:r:kernel:s0 tcontext=u:r:kernel:s0 tclass=capability permissive=0
02-17 09:02:05.939 I/auditd ( 0): type=1400 audit(0.0:20224): avc: denied { kill } for comm="swapper/0" capability=5 scontext=u:r:kernel:s0 tcontext=u:r:kernel:s0 tclass=capability permissive=0
02-17 09:02:06.935 I/auditd ( 0): type=1400 audit(0.0:20225): avc: denied { kill } for comm="swapper/0" capability=5 scontext=u:r:kernel:s0 tcontext=u:r:kernel:s0 tclass=capability permissive=0
02-17 09:02:07.939 I/auditd ( 0): type=1400 audit(0.0:20226): avc: denied { kill } for comm="swapper/0" capability=5 scontext=u:r:kernel:s0 tcontext=u:r:kernel:s0 tclass=capability permissive=0
02-17 09:02:08.071 I/wm_task_moved( 1524): [1,0,0]
02-17 09:02:08.072 W/FreeFormWindowHelper( 1524): Current Display FreeFormTask is null
02-17 09:02:08.072 I/wm_task_moved( 1524): [1,0,12]
02-17 09:02:08.078 I/wm_on_restart_called( 2568): [128678138,com.android.launcher3.uioverrides.QuickstepLauncher,performRestartActivity]
02-17 09:02:08.087 W/FreeFormWindowHelper( 1524): Current Display FreeFormTask is null
02-17 09:02:08.087 W/FreeFormWindowHelper( 1524): Current Display FreeFormTask is null
02-17 09:02:08.088 W/FreeFormWindowHelper( 1524): Current Display FreeFormTask is null
02-17 09:02:08.092 W/ContextImpl( 2121): Calling a method in the system process without a qualified user: android.app.ContextImpl.startService:1816 android.content.ContextWrapper.startService:774 com.thundercomm.gamemode.ingame.services.GameModeActionUtils.startGameModeService:111 com.thundercomm.gamemode.ingame.services.GameModeActionUtils.startGameModeEntry:22 com.thundercomm.gamemode.ingame.services.ActivityMonitoringService$1.onActivityLaunch:139
02-17 09:02:08.103 I/GameModeConfig( 1524): Current uri is uri = content://com.thundercomm.gamemode.api/gamemode_settings/gamemode_isgaming
02-17 09:02:08.104 I/GameModeConfig( 1524): isGameModeOn = false
02-17 09:02:08.105 I/GameModeConfig( 1524): isGameModeOn = false
02-17 09:02:08.105 I/GameModeConfig( 1524): isDisableVoice = true
02-17 09:02:08.115 I/wm_on_start_called( 2568): [128678138,com.android.launcher3.uioverrides.QuickstepLauncher,handleStartActivity]
02-17 09:02:08.125 W/FreeFormWindowHelper( 1524): Current Display FreeFormTask is null
02-17 09:02:08.126 W/FreeFormWindowHelper( 1524): Current Display FreeFormTask is null
02-17 09:02:08.138 W/FreeFormWindowHelper( 1524): Current Display FreeFormTask is null
02-17 09:02:08.138 W/FreeFormWindowHelper( 1524): Current Display FreeFormTask is null
02-17 09:02:08.138 I/sysui_multi_action( 1524): [319,10,322,61,325,18765,757,761,758,9,759,5,806,com.android.launcher3,871,com.android.launcher3.uioverrides.QuickstepLauncher,904,com.android.launcher3,905,0,1320,8,1321,5]
02-17 09:02:08.147 W/FreeFormWindowHelper( 1524): Current Display FreeFormTask is null
02-17 09:02:08.147 W/FreeFormWindowHelper( 1524): Current Display FreeFormTask is null
02-17 09:02:08.156 I/view_enqueue_input_event(19551): [Motion - Cancel,com.android.calendar/com.android.calendar.AllInOneActivity]
02-17 09:02:08.159 I/sysui_latency( 2568): [1,71]
02-17 09:02:08.161 I/input_focus( 1524): [Focus request recents_animation_input_consumer,reason=UpdateInputWindows]
02-17 09:02:08.162 I/input_interaction( 1524): Interaction with: edge-swipe (server), swipe-up (server), PointerEventDispatcher0 (server),
02-17 09:02:08.165 I/input_focus( 1524): [Focus leaving 261c7df com.android.calendar/com.android.calendar.AllInOneActivity (server),reason=NOT_FOCUSABLE]
02-17 09:02:08.165 I/input_focus( 1524): [Focus entering recents_animation_input_consumer (server),reason=setFocusedWindow]
02-17 09:02:08.167 W/FreeFormWindowHelper( 1524): Current Display FreeFormTask is null
02-17 09:02:08.169 W/FreeFormWindowHelper( 1524): Current Display FreeFormTask is null
02-17 09:02:08.169 W/FreeFormWindowHelper( 1524): Current Display FreeFormTask is null
02-17 09:02:08.169 W/FreeFormWindowHelper( 1524): Current Display FreeFormTask is null
02-17 09:02:08.170 W/FreeFormWindowHelper( 1524): Current Display FreeFormTask is null
02-17 09:02:08.184 W/FreeFormWindowHelper( 1524): Current Display FreeFormTask is null
02-17 09:02:08.184 W/FreeFormWindowHelper( 1524): Current Display FreeFormTask is null
02-17 09:02:08.198 W/FreeFormWindowHelper( 1524): Current Display FreeFormTask is null
02-17 09:02:08.198 W/FreeFormWindowHelper( 1524): Current Display FreeFormTask is null
02-17 09:02:08.214 W/FreeFormWindowHelper( 1524): Current Display FreeFormTask is null
02-17 09:02:08.214 W/FreeFormWindowHelper( 1524): Current Display FreeFormTask is null
02-17 09:02:08.231 W/FreeFormWindowHelper( 1524): Current Display FreeFormTask is null
02-17 09:02:08.231 W/FreeFormWindowHelper( 1524): Current Display FreeFormTask is null
02-17 09:02:08.248 W/FreeFormWindowHelper( 1524): Current Display FreeFormTask is null
02-17 09:02:08.248 W/FreeFormWindowHelper( 1524): Current Display FreeFormTask is null
02-17 09:02:08.286 I/commit_sys_config_file( 1524): [settings-1-0,3]
02-17 09:02:08.434 I/sysui_latency( 1524): [8,73]
02-17 09:02:08.593 W/FreeFormWindowHelper( 1524): Current Display FreeFormTask is null
02-17 09:02:08.593 W/FreeFormWindowHelper( 1524): Current Display FreeFormTask is null
02-17 09:02:08.594 W/FreeFormWindowHelper( 1524): Current Display FreeFormTask is null
02-17 09:02:08.907 I/wm_task_moved( 1524): [1,1,13]
02-17 09:02:08.911 I/wm_focused_root_task( 1524): [0,0,1,41,RecentsAnimation.onAnimationFinished()]
02-17 09:02:08.911 I/wm_on_top_resumed_lost_called(19551): [206913332,com.android.calendar.AllInOneActivity,topStateChangedWhenResumed]
02-17 09:02:08.914 I/wm_pause_activity( 1524): [0,206913332,com.android.calendar/.AllInOneActivity,userLeaving=false,pauseBackTasks]
02-17 09:02:08.916 I/ActivityTaskManager( 1524): FOREGROUND_APPLICATION_CHANGED to com.android.launcher3.uioverrides.QuickstepLauncher
02-17 09:02:08.917 I/wm_set_resumed_activity( 1524): [0,com.android.launcher3/.uioverrides.QuickstepLauncher,resumeTopActivityInnerLocked]
02-17 09:02:08.919 I/wm_resume_activity( 1524): [0,128678138,9,com.android.launcher3/.uioverrides.QuickstepLauncher]
02-17 09:02:08.920 I/wm_add_to_stopping( 1524): [0,206913332,com.android.calendar/.AllInOneActivity,makeInvisible]
02-17 09:02:08.924 I/wm_on_resume_called( 2568): [128678138,com.android.launcher3.uioverrides.QuickstepLauncher,RESUME_ACTIVITY]
02-17 09:02:08.928 I/input_focus( 1524): [Focus request 321be4b com.android.launcher3/com.android.launcher3.uioverrides.QuickstepLauncher,reason=UpdateInputWindows]
02-17 09:02:08.931 W/FreeFormWindowHelper( 1524): Current Display FreeFormTask is null
02-17 09:02:08.931 W/FreeFormWindowHelper( 1524): Current Display FreeFormTask is null
02-17 09:02:08.933 I/wm_on_paused_called(19551): [206913332,com.android.calendar.AllInOneActivity,performPause]
02-17 09:02:08.934 I/input_focus( 1524): [Focus leaving recents_animation_input_consumer (server),reason=NOT_VISIBLE]
02-17 09:02:08.935 I/wm_stop_activity( 1524): [0,206913332,com.android.calendar/.AllInOneActivity]
02-17 09:02:08.935 W/FreeFormWindowHelper( 1524): Current Display FreeFormTask is null
02-17 09:02:08.936 I/sysui_multi_action( 1524): [757,803,799,window_time_0,802,40]
02-17 09:02:08.942 I/sysui_multi_action( 1524): [757,803,799,window_time_0,802,0]
02-17 09:02:08.950 I/input_focus( 1524): [Focus entering 321be4b com.android.launcher3/com.android.launcher3.uioverrides.QuickstepLauncher (server),reason=setFocusedWindow]
02-17 09:02:08.962 I/wm_on_top_resumed_gained_called( 2568): [128678138,com.android.launcher3.uioverrides.QuickstepLauncher,topStateChangedWhenResumed]
02-17 09:02:08.962 I/wm_on_stop_called(19551): [206913332,com.android.calendar.AllInOneActivity,STOP_ACTIVITY_ITEM]
02-17 09:02:08.963 W/FreeFormWindowHelper( 1524): Current Display FreeFormTask is null
02-17 09:02:08.963 W/FreeFormWindowHelper( 1524): Current Display FreeFormTask is null
02-17 09:02:08.985 W/ContextImpl( 2121): Calling a method in the system process without a qualified user: android.app.ContextImpl.startService:1816 android.content.ContextWrapper.startService:774 com.thundercomm.gamemode.ingame.services.GameModeActionUtils.startGameModeService:111 com.thundercomm.gamemode.ingame.services.GameModeActionUtils.startGameModeEntry:22 com.thundercomm.gamemode.ingame.services.ActivityMonitoringService$1.onActivityLaunch:139
02-17 09:02:08.988 I/GameModeConfig( 1524): Current uri is uri = content://com.thundercomm.gamemode.api/gamemode_settings/gamemode_isgaming
02-17 09:02:08.989 I/GameModeConfig( 1524): isGameModeOn = false
02-17 09:02:08.990 I/GameModeConfig( 1524): isGameModeOn = false
02-17 09:02:08.990 I/GameModeConfig( 1524): isDisableVoice = true
02-17 09:02:09.032 W/FreeFormWindowHelper( 1524): Current Display FreeFormTask is null
02-17 09:02:09.041 W/ContextImpl( 2121): Calling a method in the system process without a qualified user: android.app.ContextImpl.startService:1816 android.content.ContextWrapper.startService:774 com.thundercomm.gamemode.ingame.services.GameModeActionUtils.startGameModeService:111 com.thundercomm.gamemode.ingame.services.GameModeActionUtils.startGameModeEntry:22 com.thundercomm.gamemode.ingame.services.ActivityMonitoringService$1.onActivityLaunch:139
02-17 09:02:09.046 I/GameModeConfig( 1524): Current uri is uri = content://com.thundercomm.gamemode.api/gamemode_settings/gamemode_isgaming
02-17 09:02:09.048 I/GameModeConfig( 1524): isGameModeOn = false
02-17 09:02:09.049 I/GameModeConfig( 1524): isGameModeOn = false
02-17 09:02:09.049 I/GameModeConfig( 1524): isDisableVoice = true
02-17 09:02:09.156 I/commit_sys_config_file( 1524): [settings-1-0,5]
01-01 13:12:49.725 E/DTC_ETH,link_delay_work_func( 0): 3003, SQI=0, link=0
02-17 09:02:09.929 I/input_interaction( 1524): Interaction with: 321be4b com.android.launcher3/com.android.launcher3.uioverrides.QuickstepLauncher (server), 8f82c51 com.android.systemui.ImageWallpaper (server), edge-swipe (server), swipe-up (server), PointerEventDispatcher0 (server),
02-17 09:02:09.935 I/auditd ( 0): type=1400 audit(0.0:20227): avc: denied { kill } for comm="swapper/0" capability=5 scontext=u:r:kernel:s0 tcontext=u:r:kernel:s0 tclass=capability permissive=0
02-17 09:02:10.070 W/FreeFormWindowHelper( 1524): Current Display FreeFormTask is null
02-17 09:02:10.070 W/FreeFormWindowHelper( 1524): Current Display FreeFormTask is null
02-17 09:02:10.088 W/FreeFormWindowHelper( 1524): exitRecentTasks type=0
02-17 09:02:10.090 W/FreeFormWindowHelper( 1524): Current Display FreeFormTask is null
02-17 09:02:10.090 W/FreeFormWindowHelper( 1524): Current Display FreeFormTask is null
02-17 09:02:11.192 I/input_interaction( 1524): Interaction with: d4326e3 StatusBar (server), edge-swipe (server), swipe-up (server), PointerEventDispatcher0 (server),
02-17 09:02:11.196 I/sysui_multi_action( 1999): [757,803,799,panel_open,802,1]
02-17 09:02:11.197 I/sysui_multi_action( 1999): [757,1328,758,4,1326,29,1327,5,1329,0]
02-17 09:02:11.260 I/sysui_multi_action( 1524): [757,127,758,1]
02-17 09:02:11.261 I/sysui_multi_action( 1524): [757,804,799,note_load,801,3,802,1]
02-17 09:02:11.261 I/notification_panel_revealed( 1524): 3
02-17 09:02:11.276 I/input_focus( 1524): [Focus request febc086 NotificationShade,reason=UpdateInputWindows]
02-17 09:02:11.284 I/sysui_multi_action( 1524): [757,128,758,1,793,17555895,794,0,795,17555895,796,26,798,0,806,android,857,DEVELOPER_IMPORTANT,858,4,947,0,1395,3,1500,17555688,1688,1]
02-17 09:02:11.284 I/sysui_multi_action( 1524): [757,804,799,note_freshness,801,17555895,802,1]
02-17 09:02:11.284 I/notification_visibility( 1524): [-1|android|26|null|1000,1,17555895,17555895,0,0]
02-17 09:02:11.284 I/sysui_multi_action( 1524): [757,128,758,1,793,2788818,794,0,795,2788818,796,4273,798,1,806,com.android.systemui,857,screen_record,858,3,947,0,1395,3,1500,2788614,1688,1,1745,680407814]
02-17 09:02:11.284 I/sysui_multi_action( 1524): [757,804,799,note_freshness,801,2788818,802,1]
02-17 09:02:11.284 I/notification_visibility( 1524): [0|com.android.systemui|4273|null|10080,1,2788818,2788818,0,1]
02-17 09:02:11.285 I/sysui_multi_action( 1524): [757,128,758,1,793,18757830,794,0,795,18757830,796,32,798,2,806,android,857,USB,858,1,947,0,1395,3,1500,18757398,1688,1]
02-17 09:02:11.285 I/sysui_multi_action( 1524): [757,804,799,note_freshness,801,18757830,802,1]
02-17 09:02:11.285 I/notification_visibility( 1524): [-1|android|32|null|1000,1,18757830,18757830,0,2]
02-17 09:02:11.291 I/input_focus( 1524): [Focus leaving 321be4b com.android.launcher3/com.android.launcher3.uioverrides.QuickstepLauncher (server),reason=setFocusedWindow]
02-17 09:02:11.291 I/input_focus( 1524): [Focus entering febc086 NotificationShade (server),reason=setFocusedWindow]
02-17 09:02:11.340 I/sysui_multi_action( 1999): [757,111,758,1]
02-17 09:02:11.340 I/sysui_multi_action( 1999): [757,126,758,1,759,126,927,0,928,0,1593,0]
02-17 09:02:11.341 I/sysui_multi_action( 1999): [757,113,758,1,759,113,927,1,928,1,1593,0]
02-17 09:02:11.341 I/sysui_multi_action( 1999): [757,0,758,1,759,0,927,2,928,0,1593,0]
02-17 09:02:11.341 I/sysui_multi_action( 1999): [757,0,758,1,759,0,927,3,928,0,1593,0]
02-17 09:02:11.341 I/sysui_multi_action( 1999): [757,491,758,1,759,491,927,4,928,0,1311,-1,1593,0]
02-17 09:02:11.341 I/sysui_multi_action( 1999): [757,122,758,1,759,122,927,5,928,1,1593,0]
02-17 09:02:11.341 I/sysui_multi_action( 1999): [757,0,758,1,759,0,927,6,928,0,1593,0]
02-17 09:02:11.341 I/sysui_multi_action( 1999): [757,0,758,1,759,0,927,7,1593,0]
02-17 09:02:11.341 I/sysui_multi_action( 1999): [757,111,758,1]
02-17 09:02:11.342 I/sysui_multi_action( 1999): [757,126,758,1,759,126,927,0,928,0,1593,0]
02-17 09:02:11.342 I/sysui_multi_action( 1999): [757,113,758,1,759,113,927,1,928,1,1593,0]
02-17 09:02:11.342 I/sysui_multi_action( 1999): [757,0,758,1,759,0,927,2,928,0,1593,0]
02-17 09:02:11.342 I/sysui_multi_action( 1999): [757,0,758,1,759,0,927,3,928,0,1593,0]
02-17 09:02:11.935 I/auditd ( 0): type=1400 audit(0.0:20228): avc: denied { kill } for comm="swapper/2" capability=5 scontext=u:r:kernel:s0 tcontext=u:r:kernel:s0 tclass=capability permissive=0
02-17 09:02:12.288 I/input_interaction( 1524): Interaction with: febc086 NotificationShade (server), edge-swipe (server), swipe-up (server), PointerEventDispatcher0 (server),
02-17 09:02:12.729 I/GameModeConfig( 1524): isGameModeOn = false
02-17 09:02:12.729 I/GameModeConfig( 1524): isGameModeOn = false
02-17 09:02:12.729 I/GameModeConfig( 1524): isGameModeOn = false
02-17 09:02:12.729 I/GameModeConfig( 1524): isGameModeOn = false
02-17 09:02:12.729 I/GameModeConfig( 1524): isGameModeOn = false
02-17 09:02:12.730 I/GameModeConfig( 1524): isGameModeOn = false
02-17 09:02:12.731 I/notification_enqueue( 1524): [10080,1999,com.android.systemui,2048,NULL,0,Notification(channel=updateNotification shortcut=null contentView=null vibrate=null sound=null defaults=0x0 flags=0x0 color=0x00000000 vis=PRIVATE),1]
02-17 09:02:12.731 I/sysui_multi_action( 1999): [757,111,758,2]
02-17 09:02:12.731 I/sysui_multi_action( 1999): [757,111,758,2]
02-17 09:02:12.933 I/GameModeConfig( 1524): isGameModeOn = false
02-17 09:02:12.949 I/input_focus( 1524): [Focus request 321be4b com.android.launcher3/com.android.launcher3.uioverrides.QuickstepLauncher,reason=UpdateInputWindows]
02-17 09:02:12.955 I/sysui_multi_action( 1524): [757,128,758,2,793,17557566,794,1671,795,17557566,796,26,798,0,806,android,857,DEVELOPER_IMPORTANT,858,4,947,0,1395,3,1500,17557359,1688,1]
02-17 09:02:12.955 I/notification_visibility( 1524): [-1|android|26|null|1000,0,17557566,17557566,0,0]
