02-17 09:05:16.935 I/auditd ( 0): type=1400 audit(0.0:20409): avc: denied { kill } for comm="swapper/2" capability=5 scontext=u:r:kernel:s0 tcontext=u:r:kernel:s0 tclass=capability permissive=0
02-17 09:05:17.939 I/auditd ( 0): type=1400 audit(0.0:20410): avc: denied { kill } for comm="swapper/2" capability=5 scontext=u:r:kernel:s0 tcontext=u:r:kernel:s0 tclass=capability permissive=0
02-17 09:05:18.935 I/auditd ( 0): type=1400 audit(0.0:20411): avc: denied { kill } for comm="swapper/2" capability=5 scontext=u:r:kernel:s0 tcontext=u:r:kernel:s0 tclass=capability permissive=0
01-01 13:15:59.165 E/DTC_ETH,link_delay_work_func( 0): 3003, SQI=0, link=0
02-17 09:05:19.939 I/auditd ( 0): type=1400 audit(0.0:20412): avc: denied { kill } for comm="swapper/2" capability=5 scontext=u:r:kernel:s0 tcontext=u:r:kernel:s0 tclass=capability permissive=0
02-17 09:05:20.939 I/auditd ( 0): type=1400 audit(0.0:20413): avc: denied { kill } for comm="swapper/2" capability=5 scontext=u:r:kernel:s0 tcontext=u:r:kernel:s0 tclass=capability permissive=0
02-17 09:05:21.939 I/auditd ( 0): type=1400 audit(0.0:20414): avc: denied { kill } for comm="swapper/2" capability=5 scontext=u:r:kernel:s0 tcontext=u:r:kernel:s0 tclass=capability permissive=0
02-17 09:05:22.935 I/auditd ( 0): type=1400 audit(0.0:20415): avc: denied { kill } for comm="swapper/2" capability=5 scontext=u:r:kernel:s0 tcontext=u:r:kernel:s0 tclass=capability permissive=0
02-17 09:05:23.935 I/auditd ( 0): type=1400 audit(0.0:20416): avc: denied { kill } for comm="swapper/2" capability=5 scontext=u:r:kernel:s0 tcontext=u:r:kernel:s0 tclass=capability permissive=0
01-01 13:16:04.285 E/DTC_ETH,link_delay_work_func( 0): 3003, SQI=0, link=0
02-17 09:05:24.935 I/auditd ( 0): type=1400 audit(0.0:20417): avc: denied { kill } for comm="swapper/2" capability=5 scontext=u:r:kernel:s0 tcontext=u:r:kernel:s0 tclass=capability permissive=0
02-17 09:05:25.939 I/auditd ( 0): type=1400 audit(0.0:20418): avc: denied { kill } for comm="swapper/2" capability=5 scontext=u:r:kernel:s0 tcontext=u:r:kernel:s0 tclass=capability permissive=0
02-17 09:05:26.935 I/auditd ( 0): type=1400 audit(0.0:20419): avc: denied { kill } for comm="swapper/2" capability=5 scontext=u:r:kernel:s0 tcontext=u:r:kernel:s0 tclass=capability permissive=0
02-17 09:05:27.939 I/auditd ( 0): type=1400 audit(0.0:20420): avc: denied { kill } for comm="swapper/2" capability=5 scontext=u:r:kernel:s0 tcontext=u:r:kernel:s0 tclass=capability permissive=0
02-17 09:05:28.935 I/auditd ( 0): type=1400 audit(0.0:20421): avc: denied { kill } for comm="swapper/2" capability=5 scontext=u:r:kernel:s0 tcontext=u:r:kernel:s0 tclass=capability permissive=0
01-01 13:16:09.405 E/DTC_ETH,link_delay_work_func( 0): 3003, SQI=0, link=0
02-17 09:05:29.935 I/auditd ( 0): type=1400 audit(0.0:20422): avc: denied { kill } for comm="swapper/2" capability=5 scontext=u:r:kernel:s0 tcontext=u:r:kernel:s0 tclass=capability permissive=0
02-17 09:05:30.939 I/auditd ( 0): type=1400 audit(0.0:20423): avc: denied { kill } for comm="swapper/2" capability=5 scontext=u:r:kernel:s0 tcontext=u:r:kernel:s0 tclass=capability permissive=0
02-17 09:05:31.939 I/auditd ( 0): type=1400 audit(0.0:20424): avc: denied { kill } for comm="swapper/2" capability=5 scontext=u:r:kernel:s0 tcontext=u:r:kernel:s0 tclass=capability permissive=0
02-17 09:05:32.935 I/auditd ( 0): type=1400 audit(0.0:20425): avc: denied { kill } for comm="swapper/2" capability=5 scontext=u:r:kernel:s0 tcontext=u:r:kernel:s0 tclass=capability permissive=0
02-17 09:05:33.935 I/auditd ( 0): type=1400 audit(0.0:20426): avc: denied { kill } for comm="swapper/2" capability=5 scontext=u:r:kernel:s0 tcontext=u:r:kernel:s0 tclass=capability permissive=0
01-01 13:16:14.525 E/DTC_ETH,link_delay_work_func( 0): 3003, SQI=0, link=0
02-17 09:05:34.939 I/auditd ( 0): type=1400 audit(0.0:20427): avc: denied { kill } for comm="swapper/2" capability=5 scontext=u:r:kernel:s0 tcontext=u:r:kernel:s0 tclass=capability permissive=0
02-17 09:05:35.939 I/auditd ( 0): type=1400 audit(0.0:20428): avc: denied { kill } for comm="swapper/2" capability=5 scontext=u:r:kernel:s0 tcontext=u:r:kernel:s0 tclass=capability permissive=0
02-17 09:05:36.939 I/auditd ( 0): type=1400 audit(0.0:20429): avc: denied { kill } for comm="swapper/2" capability=5 scontext=u:r:kernel:s0 tcontext=u:r:kernel:s0 tclass=capability permissive=0
02-17 09:05:37.935 I/auditd ( 0): type=1400 audit(0.0:20430): avc: denied { kill } for comm="swapper/2" capability=5 scontext=u:r:kernel:s0 tcontext=u:r:kernel:s0 tclass=capability permissive=0
02-17 09:05:38.935 I/auditd ( 0): type=1400 audit(0.0:20431): avc: denied { kill } for comm="swapper/2" capability=5 scontext=u:r:kernel:s0 tcontext=u:r:kernel:s0 tclass=capability permissive=0
01-01 13:16:19.645 E/DTC_ETH,link_delay_work_func( 0): 3003, SQI=0, link=0
02-17 09:05:39.935 I/auditd ( 0): type=1400 audit(0.0:20432): avc: denied { kill } for comm="swapper/2" capability=5 scontext=u:r:kernel:s0 tcontext=u:r:kernel:s0 tclass=capability permissive=0
02-17 09:05:40.939 I/auditd ( 0): type=1400 audit(0.0:20433): avc: denied { kill } for comm="swapper/2" capability=5 scontext=u:r:kernel:s0 tcontext=u:r:kernel:s0 tclass=capability permissive=0
02-17 09:05:41.939 I/auditd ( 0): type=1400 audit(0.0:20434): avc: denied { kill } for comm="swapper/2" capability=5 scontext=u:r:kernel:s0 tcontext=u:r:kernel:s0 tclass=capability permissive=0
02-17 09:05:42.939 I/auditd ( 0): type=1400 audit(0.0:20435): avc: denied { kill } for comm="swapper/2" capability=5 scontext=u:r:kernel:s0 tcontext=u:r:kernel:s0 tclass=capability permissive=0
02-17 09:05:43.935 I/auditd ( 0): type=1400 audit(0.0:20436): avc: denied { kill } for comm="swapper/2" capability=5 scontext=u:r:kernel:s0 tcontext=u:r:kernel:s0 tclass=capability permissive=0
01-01 13:16:24.765 E/DTC_ETH,link_delay_work_func( 0): 3003, SQI=0, link=0
02-17 09:05:44.939 I/auditd ( 0): type=1400 audit(0.0:20437): avc: denied { kill } for comm="swapper/2" capability=5 scontext=u:r:kernel:s0 tcontext=u:r:kernel:s0 tclass=capability permissive=0
02-17 09:05:45.939 I/auditd ( 0): type=1400 audit(0.0:20438): avc: denied { kill } for comm="swapper/2" capability=5 scontext=u:r:kernel:s0 tcontext=u:r:kernel:s0 tclass=capability permissive=0
02-17 09:05:46.939 I/auditd ( 0): type=1400 audit(0.0:20439): avc: denied { kill } for comm="swapper/2" capability=5 scontext=u:r:kernel:s0 tcontext=u:r:kernel:s0 tclass=capability permissive=0
02-17 09:05:47.935 I/auditd ( 0): type=1400 audit(0.0:20440): avc: denied { kill } for comm="swapper/2" capability=5 scontext=u:r:kernel:s0 tcontext=u:r:kernel:s0 tclass=capability permissive=0
02-17 09:05:48.935 I/auditd ( 0): type=1400 audit(0.0:20441): avc: denied { kill } for comm="swapper/2" capability=5 scontext=u:r:kernel:s0 tcontext=u:r:kernel:s0 tclass=capability permissive=0
01-01 13:16:29.885 E/DTC_ETH,link_delay_work_func( 0): 3003, SQI=0, link=0
02-17 09:05:49.935 I/auditd ( 0): type=1400 audit(0.0:20442): avc: denied { kill } for comm="swapper/2" capability=5 scontext=u:r:kernel:s0 tcontext=u:r:kernel:s0 tclass=capability permissive=0
02-17 09:05:50.939 I/auditd ( 0): type=1400 audit(0.0:20443): avc: denied { kill } for comm="swapper/2" capability=5 scontext=u:r:kernel:s0 tcontext=u:r:kernel:s0 tclass=capability permissive=0
02-17 09:05:51.939 I/auditd ( 0): type=1400 audit(0.0:20444): avc: denied { kill } for comm="swapper/2" capability=5 scontext=u:r:kernel:s0 tcontext=u:r:kernel:s0 tclass=capability permissive=0
02-17 09:05:52.939 I/auditd ( 0): type=1400 audit(0.0:20445): avc: denied { kill } for comm="swapper/2" capability=5 scontext=u:r:kernel:s0 tcontext=u:r:kernel:s0 tclass=capability permissive=0
02-17 09:05:53.939 I/auditd ( 0): type=1400 audit(0.0:20446): avc: denied { kill } for comm="swapper/2" capability=5 scontext=u:r:kernel:s0 tcontext=u:r:kernel:s0 tclass=capability permissive=0
01-01 13:16:35.005 E/DTC_ETH,link_delay_work_func( 0): 3003, SQI=0, link=0
02-17 09:05:54.935 I/auditd ( 0): type=1400 audit(0.0:20447): avc: denied { kill } for comm="swapper/2" capability=5 scontext=u:r:kernel:s0 tcontext=u:r:kernel:s0 tclass=capability permissive=0
02-17 09:05:55.935 I/auditd ( 0): type=1400 audit(0.0:20448): avc: denied { kill } for comm="swapper/2" capability=5 scontext=u:r:kernel:s0 tcontext=u:r:kernel:s0 tclass=capability permissive=0
02-17 09:05:56.939 I/auditd ( 0): type=1400 audit(0.0:20449): avc: denied { kill } for comm="swapper/2" capability=5 scontext=u:r:kernel:s0 tcontext=u:r:kernel:s0 tclass=capability permissive=0
02-17 09:05:57.935 I/auditd ( 0): type=1400 audit(0.0:20450): avc: denied { kill } for comm="swapper/2" capability=5 scontext=u:r:kernel:s0 tcontext=u:r:kernel:s0 tclass=capability permissive=0
02-17 09:05:58.935 I/auditd ( 0): type=1400 audit(0.0:20451): avc: denied { kill } for comm="swapper/2" capability=5 scontext=u:r:kernel:s0 tcontext=u:r:kernel:s0 tclass=capability permissive=0
01-01 13:16:40.125 E/DTC_ETH,link_delay_work_func( 0): 3003, SQI=0, link=0
02-17 09:06:01.935 I/auditd ( 0): type=1400 audit(0.0:20452): avc: denied { kill } for comm="swapper/0" capability=5 scontext=u:r:kernel:s0 tcontext=u:r:kernel:s0 tclass=capability permissive=0
02-17 09:06:02.935 I/auditd ( 0): type=1400 audit(0.0:20453): avc: denied { kill } for comm="swapper/0" capability=5 scontext=u:r:kernel:s0 tcontext=u:r:kernel:s0 tclass=capability permissive=0
02-17 09:06:03.935 I/auditd ( 0): type=1400 audit(0.0:20454): avc: denied { kill } for comm="swapper/0" capability=5 scontext=u:r:kernel:s0 tcontext=u:r:kernel:s0 tclass=capability permissive=0
02-17 09:06:04.935 I/auditd ( 0): type=1400 audit(0.0:20455): avc: denied { kill } for comm="swapper/0" capability=5 scontext=u:r:kernel:s0 tcontext=u:r:kernel:s0 tclass=capability permissive=0
01-01 13:16:45.246 E/DTC_ETH,link_delay_work_func( 0): 3003, SQI=0, link=0
02-17 09:06:05.939 I/auditd ( 0): type=1400 audit(0.0:20456): avc: denied { kill } for comm="swapper/0" capability=5 scontext=u:r:kernel:s0 tcontext=u:r:kernel:s0 tclass=capability permissive=0
02-17 09:06:06.935 I/auditd ( 0): type=1400 audit(0.0:20457): avc: denied { kill } for comm="swapper/0" capability=5 scontext=u:r:kernel:s0 tcontext=u:r:kernel:s0 tclass=capability permissive=0
02-17 09:06:07.935 I/auditd ( 0): type=1400 audit(0.0:20458): avc: denied { kill } for comm="swapper/0" capability=5 scontext=u:r:kernel:s0 tcontext=u:r:kernel:s0 tclass=capability permissive=0
02-17 09:06:08.935 I/auditd ( 0): type=1400 audit(0.0:20459): avc: denied { kill } for comm="swapper/0" capability=5 scontext=u:r:kernel:s0 tcontext=u:r:kernel:s0 tclass=capability permissive=0
02-17 09:06:09.935 I/auditd ( 0): type=1400 audit(0.0:20460): avc: denied { kill } for comm="swapper/0" capability=5 scontext=u:r:kernel:s0 tcontext=u:r:kernel:s0 tclass=capability permissive=0
01-01 13:16:50.365 E/DTC_ETH,link_delay_work_func( 0): 3003, SQI=0, link=0
02-17 09:06:10.939 I/auditd ( 0): type=1400 audit(0.0:20461): avc: denied { kill } for comm="swapper/0" capability=5 scontext=u:r:kernel:s0 tcontext=u:r:kernel:s0 tclass=capability permissive=0
02-17 09:06:11.935 I/auditd ( 0): type=1400 audit(0.0:20462): avc: denied { kill } for comm="swapper/0" capability=5 scontext=u:r:kernel:s0 tcontext=u:r:kernel:s0 tclass=capability permissive=0
02-17 09:06:12.939 I/auditd ( 0): type=1400 audit(0.0:20463): avc: denied { kill } for comm="swapper/0" capability=5 scontext=u:r:kernel:s0 tcontext=u:r:kernel:s0 tclass=capability permissive=0
02-17 09:06:13.935 I/auditd ( 0): type=1400 audit(0.0:20464): avc: denied { kill } for comm="swapper/0" capability=5 scontext=u:r:kernel:s0 tcontext=u:r:kernel:s0 tclass=capability permissive=0
02-17 09:06:14.939 I/auditd ( 0): type=1400 audit(0.0:20465): avc: denied { kill } for comm="swapper/0" capability=5 scontext=u:r:kernel:s0 tcontext=u:r:kernel:s0 tclass=capability permissive=0
01-01 13:16:55.485 E/DTC_ETH,link_delay_work_func( 0): 3003, SQI=0, link=0
02-17 09:06:15.935 I/auditd ( 0): type=1400 audit(0.0:20466): avc: denied { kill } for comm="swapper/0" capability=5 scontext=u:r:kernel:s0 tcontext=u:r:kernel:s0 tclass=capability permissive=0
02-17 09:06:16.939 I/auditd ( 0): type=1400 audit(0.0:20467): avc: denied { kill } for comm="swapper/0" capability=5 scontext=u:r:kernel:s0 tcontext=u:r:kernel:s0 tclass=capability permissive=0
02-17 09:06:17.935 I/auditd ( 0): type=1400 audit(0.0:20468): avc: denied { kill } for comm="swapper/0" capability=5 scontext=u:r:kernel:s0 tcontext=u:r:kernel:s0 tclass=capability permissive=0
02-17 09:06:18.939 I/auditd ( 0): type=1400 audit(0.0:20469): avc: denied { kill } for comm="swapper/0" capability=5 scontext=u:r:kernel:s0 tcontext=u:r:kernel:s0 tclass=capability permissive=0
02-17 09:06:19.935 I/auditd ( 0): type=1400 audit(0.0:20470): avc: denied { kill } for comm="swapper/0" capability=5 scontext=u:r:kernel:s0 tcontext=u:r:kernel:s0 tclass=capability permissive=0
01-01 13:17:00.605 E/DTC_ETH,link_delay_work_func( 0): 3003, SQI=0, link=0
02-17 09:06:20.935 I/auditd ( 0): type=1400 audit(0.0:20471): avc: denied { kill } for comm="swapper/0" capability=5 scontext=u:r:kernel:s0 tcontext=u:r:kernel:s0 tclass=capability permissive=0
02-17 09:06:21.935 I/auditd ( 0): type=1400 audit(0.0:20472): avc: denied { kill } for comm="swapper/0" capability=5 scontext=u:r:kernel:s0 tcontext=u:r:kernel:s0 tclass=capability permissive=0
02-17 09:06:22.939 I/auditd ( 0): type=1400 audit(0.0:20473): avc: denied { kill } for comm="swapper/0" capability=5 scontext=u:r:kernel:s0 tcontext=u:r:kernel:s0 tclass=capability permissive=0
02-17 09:06:23.939 I/auditd ( 0): type=1400 audit(0.0:20474): avc: denied { kill } for comm="swapper/0" capability=5 scontext=u:r:kernel:s0 tcontext=u:r:kernel:s0 tclass=capability permissive=0
02-17 09:06:24.935 I/auditd ( 0): type=1400 audit(0.0:20475): avc: denied { kill } for comm="swapper/0" capability=5 scontext=u:r:kernel:s0 tcontext=u:r:kernel:s0 tclass=capability permissive=0
01-01 13:17:05.725 E/DTC_ETH,link_delay_work_func( 0): 3003, SQI=0, link=0
02-17 09:06:25.939 I/auditd ( 0): type=1400 audit(0.0:20476): avc: denied { kill } for comm="swapper/0" capability=5 scontext=u:r:kernel:s0 tcontext=u:r:kernel:s0 tclass=capability permissive=0
02-17 09:06:26.939 I/auditd ( 0): type=1400 audit(0.0:20477): avc: denied { kill } for comm="swapper/0" capability=5 scontext=u:r:kernel:s0 tcontext=u:r:kernel:s0 tclass=capability permissive=0
02-17 09:06:27.939 I/auditd ( 0): type=1400 audit(0.0:20478): avc: denied { kill } for comm="swapper/0" capability=5 scontext=u:r:kernel:s0 tcontext=u:r:kernel:s0 tclass=capability permissive=0
02-17 09:06:28.935 I/auditd ( 0): type=1400 audit(0.0:20479): avc: denied { kill } for comm="swapper/0" capability=5 scontext=u:r:kernel:s0 tcontext=u:r:kernel:s0 tclass=capability permissive=0
02-17 09:06:29.939 I/auditd ( 0): type=1400 audit(0.0:20480): avc: denied { kill } for comm="swapper/0" capability=5 scontext=u:r:kernel:s0 tcontext=u:r:kernel:s0 tclass=capability permissive=0
01-01 13:17:10.845 E/DTC_ETH,link_delay_work_func( 0): 3003, SQI=0, link=0
02-17 09:06:30.939 I/auditd ( 0): type=1400 audit(0.0:20481): avc: denied { kill } for comm="swapper/0" capability=5 scontext=u:r:kernel:s0 tcontext=u:r:kernel:s0 tclass=capability permissive=0
02-17 09:06:31.935 I/auditd ( 0): type=1400 audit(0.0:20482): avc: denied { kill } for comm="swapper/0" capability=5 scontext=u:r:kernel:s0 tcontext=u:r:kernel:s0 tclass=capability permissive=0
02-17 09:06:32.935 I/auditd ( 0): type=1400 audit(0.0:20483): avc: denied { kill } for comm="swapper/0" capability=5 scontext=u:r:kernel:s0 tcontext=u:r:kernel:s0 tclass=capability permissive=0
02-17 09:06:33.939 I/auditd ( 0): type=1400 audit(0.0:20484): avc: denied { kill } for comm="swapper/0" capability=5 scontext=u:r:kernel:s0 tcontext=u:r:kernel:s0 tclass=capability permissive=0
02-17 09:06:34.939 I/auditd ( 0): type=1400 audit(0.0:20485): avc: denied { kill } for comm="swapper/0" capability=5 scontext=u:r:kernel:s0 tcontext=u:r:kernel:s0 tclass=capability permissive=0
01-01 13:17:15.965 E/DTC_ETH,link_delay_work_func( 0): 3003, SQI=0, link=0
02-17 09:06:35.939 I/auditd ( 0): type=1400 audit(0.0:20486): avc: denied { kill } for comm="swapper/0" capability=5 scontext=u:r:kernel:s0 tcontext=u:r:kernel:s0 tclass=capability permissive=0
02-17 09:06:36.935 I/auditd ( 0): type=1400 audit(0.0:20487): avc: denied { kill } for comm="swapper/0" capability=5 scontext=u:r:kernel:s0 tcontext=u:r:kernel:s0 tclass=capability permissive=0
02-17 09:06:37.939 I/auditd ( 0): type=1400 audit(0.0:20488): avc: denied { kill } for comm="swapper/0" capability=5 scontext=u:r:kernel:s0 tcontext=u:r:kernel:s0 tclass=capability permissive=0
02-17 09:06:38.935 I/auditd ( 0): type=1400 audit(0.0:20489): avc: denied { kill } for comm="swapper/0" capability=5 scontext=u:r:kernel:s0 tcontext=u:r:kernel:s0 tclass=capability permissive=0
02-17 09:06:39.935 I/auditd ( 0): type=1400 audit(0.0:20490): avc: denied { kill } for comm="swapper/0" capability=5 scontext=u:r:kernel:s0 tcontext=u:r:kernel:s0 tclass=capability permissive=0
02-17 09:06:40.935 I/auditd ( 0): type=1400 audit(0.0:20491): avc: denied { kill } for comm="swapper/0" capability=5 scontext=u:r:kernel:s0 tcontext=u:r:kernel:s0 tclass=capability permissive=0
01-01 13:17:21.085 E/DTC_ETH,link_delay_work_func( 0): 3003, SQI=0, link=0
02-17 09:06:41.939 I/auditd ( 0): type=1400 audit(0.0:20492): avc: denied { kill } for comm="swapper/0" capability=5 scontext=u:r:kernel:s0 tcontext=u:r:kernel:s0 tclass=capability permissive=0
02-17 09:06:42.939 I/auditd ( 0): type=1400 audit(0.0:20493): avc: denied { kill } for comm="swapper/0" capability=5 scontext=u:r:kernel:s0 tcontext=u:r:kernel:s0 tclass=capability permissive=0
02-17 09:06:43.939 I/auditd ( 0): type=1400 audit(0.0:20494): avc: denied { kill } for comm="swapper/0" capability=5 scontext=u:r:kernel:s0 tcontext=u:r:kernel:s0 tclass=capability permissive=0
02-17 09:06:44.935 I/auditd ( 0): type=1400 audit(0.0:20495): avc: denied { kill } for comm="swapper/0" capability=5 scontext=u:r:kernel:s0 tcontext=u:r:kernel:s0 tclass=capability permissive=0
02-17 09:06:45.939 I/auditd ( 0): type=1400 audit(0.0:20496): avc: denied { kill } for comm="swapper/0" capability=5 scontext=u:r:kernel:s0 tcontext=u:r:kernel:s0 tclass=capability permissive=0
01-01 13:17:26.205 E/DTC_ETH,link_delay_work_func( 0): 3003, SQI=0, link=0
02-17 09:06:46.935 I/auditd ( 0): type=1400 audit(0.0:20497): avc: denied { kill } for comm="swapper/0" capability=5 scontext=u:r:kernel:s0 tcontext=u:r:kernel:s0 tclass=capability permissive=0
02-17 09:06:47.935 I/auditd ( 0): type=1400 audit(0.0:20498): avc: denied { kill } for comm="swapper/0" capability=5 scontext=u:r:kernel:s0 tcontext=u:r:kernel:s0 tclass=capability permissive=0
02-17 09:06:48.935 I/auditd ( 0): type=1400 audit(0.0:20499): avc: denied { kill } for comm="swapper/0" capability=5 scontext=u:r:kernel:s0 tcontext=u:r:kernel:s0 tclass=capability permissive=0
02-17 09:06:49.935 I/auditd ( 0): type=1400 audit(0.0:20500): avc: denied { kill } for comm="swapper/0" capability=5 scontext=u:r:kernel:s0 tcontext=u:r:kernel:s0 tclass=capability permissive=0
02-17 09:06:50.939 I/auditd ( 0): type=1400 audit(0.0:20501): avc: denied { kill } for comm="swapper/0" capability=5 scontext=u:r:kernel:s0 tcontext=u:r:kernel:s0 tclass=capability permissive=0
01-01 13:17:31.325 E/DTC_ETH,link_delay_work_func( 0): 3003, SQI=0, link=0
02-17 09:06:51.939 I/auditd ( 0): type=1400 audit(0.0:20502): avc: denied { kill } for comm="swapper/0" capability=5 scontext=u:r:kernel:s0 tcontext=u:r:kernel:s0 tclass=capability permissive=0
02-17 09:06:52.935 I/auditd ( 0): type=1400 audit(0.0:20503): avc: denied { kill } for comm="swapper/0" capability=5 scontext=u:r:kernel:s0 tcontext=u:r:kernel:s0 tclass=capability permissive=0
02-17 09:06:53.935 I/auditd ( 0): type=1400 audit(0.0:20504): avc: denied { kill } for comm="swapper/0" capability=5 scontext=u:r:kernel:s0 tcontext=u:r:kernel:s0 tclass=capability permissive=0
02-17 09:06:54.935 I/auditd ( 0): type=1400 audit(0.0:20505): avc: denied { kill } for comm="swapper/0" capability=5 scontext=u:r:kernel:s0 tcontext=u:r:kernel:s0 tclass=capability permissive=0
02-17 09:06:55.939 I/auditd ( 0): type=1400 audit(0.0:20506): avc: denied { kill } for comm="swapper/0" capability=5 scontext=u:r:kernel:s0 tcontext=u:r:kernel:s0 tclass=capability permissive=0
01-01 13:17:36.445 E/DTC_ETH,link_delay_work_func( 0): 3003, SQI=0, link=0
02-17 09:06:56.935 I/auditd ( 0): type=1400 audit(0.0:20507): avc: denied { kill } for comm="swapper/0" capability=5 scontext=u:r:kernel:s0 tcontext=u:r:kernel:s0 tclass=capability permissive=0
02-17 09:06:57.935 I/auditd ( 0): type=1400 audit(0.0:20508): avc: denied { kill } for comm="swapper/0" capability=5 scontext=u:r:kernel:s0 tcontext=u:r:kernel:s0 tclass=capability permissive=0
02-17 09:06:58.935 I/auditd ( 0): type=1400 audit(0.0:20509): avc: denied { kill } for comm="swapper/0" capability=5 scontext=u:r:kernel:s0 tcontext=u:r:kernel:s0 tclass=capability permissive=0
02-17 09:06:59.935 I/auditd ( 0): type=1400 audit(0.0:20510): avc: denied { kill } for comm="swapper/0" capability=5 scontext=u:r:kernel:s0 tcontext=u:r:kernel:s0 tclass=capability permissive=0
01-01 13:17:41.565 E/DTC_ETH,link_delay_work_func( 0): 3003, SQI=0, link=0
02-17 09:07:01.935 I/auditd ( 0): type=1400 audit(0.0:20511): avc: denied { kill } for comm="swapper/0" capability=5 scontext=u:r:kernel:s0 tcontext=u:r:kernel:s0 tclass=capability permissive=0
02-17 09:07:03.939 I/auditd ( 0): type=1400 audit(0.0:20512): avc: denied { kill } for comm="swapper/0" capability=5 scontext=u:r:kernel:s0 tcontext=u:r:kernel:s0 tclass=capability permissive=0
02-17 09:07:04.939 I/auditd ( 0): type=1400 audit(0.0:20513): avc: denied { kill } for comm="swapper/0" capability=5 scontext=u:r:kernel:s0 tcontext=u:r:kernel:s0 tclass=capability permissive=0
02-17 09:07:05.939 I/auditd ( 0): type=1400 audit(0.0:20514): avc: denied { kill } for comm="swapper/0" capability=5 scontext=u:r:kernel:s0 tcontext=u:r:kernel:s0 tclass=capability permissive=0
01-01 13:17:46.685 E/DTC_ETH,link_delay_work_func( 0): 3003, SQI=0, link=0
02-17 09:07:06.935 I/auditd ( 0): type=1400 audit(0.0:20515): avc: denied { kill } for comm="swapper/0" capability=5 scontext=u:r:kernel:s0 tcontext=u:r:kernel:s0 tclass=capability permissive=0
02-17 09:07:07.935 I/auditd ( 0): type=1400 audit(0.0:20516): avc: denied { kill } for comm="swapper/0" capability=5 scontext=u:r:kernel:s0 tcontext=u:r:kernel:s0 tclass=capability permissive=0
02-17 09:07:08.939 I/auditd ( 0): type=1400 audit(0.0:20517): avc: denied { kill } for comm="swapper/0" capability=5 scontext=u:r:kernel:s0 tcontext=u:r:kernel:s0 tclass=capability permissive=0
02-17 09:07:09.939 I/auditd ( 0): type=1400 audit(0.0:20518): avc: denied { kill } for comm="swapper/0" capability=5 scontext=u:r:kernel:s0 tcontext=u:r:kernel:s0 tclass=capability permissive=0
02-17 09:07:10.935 I/auditd ( 0): type=1400 audit(0.0:20519): avc: denied { kill } for comm="swapper/1" capability=5 scontext=u:r:kernel:s0 tcontext=u:r:kernel:s0 tclass=capability permissive=0
01-01 13:17:51.805 E/DTC_ETH,link_delay_work_func( 0): 3003, SQI=0, link=0
02-17 09:07:11.939 I/auditd ( 0): type=1400 audit(0.0:20520): avc: denied { kill } for comm="swapper/1" capability=5 scontext=u:r:kernel:s0 tcontext=u:r:kernel:s0 tclass=capability permissive=0
02-17 09:07:12.935 I/auditd ( 0): type=1400 audit(0.0:20521): avc: denied { kill } for comm="swapper/1" capability=5 scontext=u:r:kernel:s0 tcontext=u:r:kernel:s0 tclass=capability permissive=0
02-17 09:07:13.939 I/auditd ( 0): type=1400 audit(0.0:20522): avc: denied { kill } for comm="swapper/1" capability=5 scontext=u:r:kernel:s0 tcontext=u:r:kernel:s0 tclass=capability permissive=0
02-17 09:07:14.935 I/auditd ( 0): type=1400 audit(0.0:20523): avc: denied { kill } for comm="swapper/1" capability=5 scontext=u:r:kernel:s0 tcontext=u:r:kernel:s0 tclass=capability permissive=0
02-17 09:07:15.935 I/auditd ( 0): type=1400 audit(0.0:20524): avc: denied { kill } for comm="swapper/1" capability=5 scontext=u:r:kernel:s0 tcontext=u:r:kernel:s0 tclass=capability permissive=0
01-01 13:17:56.925 E/DTC_ETH,link_delay_work_func( 0): 3003, SQI=0, link=0
02-17 09:07:16.935 I/auditd ( 0): type=1400 audit(0.0:20525): avc: denied { kill } for comm="swapper/1" capability=5 scontext=u:r:kernel:s0 tcontext=u:r:kernel:s0 tclass=capability permissive=0
02-17 09:07:17.935 I/auditd ( 0): type=1400 audit(0.0:20526): avc: denied { kill } for comm="swapper/1" capability=5 scontext=u:r:kernel:s0 tcontext=u:r:kernel:s0 tclass=capability permissive=0
02-17 09:07:18.939 I/auditd ( 0): type=1400 audit(0.0:20527): avc: denied { kill } for comm="swapper/1" capability=5 scontext=u:r:kernel:s0 tcontext=u:r:kernel:s0 tclass=capability permissive=0
02-17 09:07:19.935 I/auditd ( 0): type=1400 audit(0.0:20528): avc: denied { kill } for comm="swapper/1" capability=5 scontext=u:r:kernel:s0 tcontext=u:r:kernel:s0 tclass=capability permissive=0
02-17 09:07:20.935 I/auditd ( 0): type=1400 audit(0.0:20529): avc: denied { kill } for comm="swapper/1" capability=5 scontext=u:r:kernel:s0 tcontext=u:r:kernel:s0 tclass=capability permissive=0
01-01 13:18:02.045 E/DTC_ETH,link_delay_work_func( 0): 3003, SQI=0, link=0
02-17 09:07:21.939 I/auditd ( 0): type=1400 audit(0.0:20530): avc: denied { kill } for comm="swapper/1" capability=5 scontext=u:r:kernel:s0 tcontext=u:r:kernel:s0 tclass=capability permissive=0
02-17 09:07:22.939 I/auditd ( 0): type=1400 audit(0.0:20531): avc: denied { kill } for comm="swapper/1" capability=5 scontext=u:r:kernel:s0 tcontext=u:r:kernel:s0 tclass=capability permissive=0
02-17 09:07:23.939 I/auditd ( 0): type=1400 audit(0.0:20532): avc: denied { kill } for comm="swapper/1" capability=5 scontext=u:r:kernel:s0 tcontext=u:r:kernel:s0 tclass=capability permissive=0
02-17 09:07:24.935 I/auditd ( 0): type=1400 audit(0.0:20533): avc: denied { kill } for comm="swapper/1" capability=5 scontext=u:r:kernel:s0 tcontext=u:r:kernel:s0 tclass=capability permissive=0
02-17 09:07:25.935 I/auditd ( 0): type=1400 audit(0.0:20534): avc: denied { kill } for comm="swapper/1" capability=5 scontext=u:r:kernel:s0 tcontext=u:r:kernel:s0 tclass=capability permissive=0
02-17 09:07:26.935 I/auditd ( 0): type=1400 audit(0.0:20535): avc: denied { kill } for comm="swapper/1" capability=5 scontext=u:r:kernel:s0 tcontext=u:r:kernel:s0 tclass=capability permissive=0
01-01 13:18:07.165 E/DTC_ETH,link_delay_work_func( 0): 3003, SQI=0, link=0
02-17 09:07:27.939 I/auditd ( 0): type=1400 audit(0.0:20536): avc: denied { kill } for comm="swapper/1" capability=5 scontext=u:r:kernel:s0 tcontext=u:r:kernel:s0 tclass=capability permissive=0
02-17 09:07:28.939 I/auditd ( 0): type=1400 audit(0.0:20537): avc: denied { kill } for comm="swapper/1" capability=5 scontext=u:r:kernel:s0 tcontext=u:r:kernel:s0 tclass=capability permissive=0
02-17 09:07:29.939 I/auditd ( 0): type=1400 audit(0.0:20538): avc: denied { kill } for comm="swapper/1" capability=5 scontext=u:r:kernel:s0 tcontext=u:r:kernel:s0 tclass=capability permissive=0
02-17 09:07:30.935 I/auditd ( 0): type=1400 audit(0.0:20539): avc: denied { kill } for comm="swapper/1" capability=5 scontext=u:r:kernel:s0 tcontext=u:r:kernel:s0 tclass=capability permissive=0
02-17 09:07:31.935 I/auditd ( 0): type=1400 audit(0.0:20540): avc: denied { kill } for comm="swapper/1" capability=5 scontext=u:r:kernel:s0 tcontext=u:r:kernel:s0 tclass=capability permissive=0
01-01 13:18:12.285 E/DTC_ETH,link_delay_work_func( 0): 3003, SQI=0, link=0
02-17 09:07:32.939 I/auditd ( 0): type=1400 audit(0.0:20541): avc: denied { kill } for comm="swapper/1" capability=5 scontext=u:r:kernel:s0 tcontext=u:r:kernel:s0 tclass=capability permissive=0
02-17 09:07:33.939 I/auditd ( 0): type=1400 audit(0.0:20542): avc: denied { kill } for comm="swapper/1" capability=5 scontext=u:r:kernel:s0 tcontext=u:r:kernel:s0 tclass=capability permissive=0
02-17 09:07:34.939 I/auditd ( 0): type=1400 audit(0.0:20543): avc: denied { kill } for comm="swapper/1" capability=5 scontext=u:r:kernel:s0 tcontext=u:r:kernel:s0 tclass=capability permissive=0
02-17 09:07:35.939 I/auditd ( 0): type=1400 audit(0.0:20544): avc: denied { kill } for comm="swapper/1" capability=5 scontext=u:r:kernel:s0 tcontext=u:r:kernel:s0 tclass=capability permissive=0
02-17 09:07:36.939 I/auditd ( 0): type=1400 audit(0.0:20545): avc: denied { kill } for comm="swapper/1" capability=5 scontext=u:r:kernel:s0 tcontext=u:r:kernel:s0 tclass=capability permissive=0
01-01 13:18:17.405 E/DTC_ETH,link_delay_work_func( 0): 3003, SQI=0, link=0
02-17 09:07:37.935 I/auditd ( 0): type=1400 audit(0.0:20546): avc: denied { kill } for comm="swapper/1" capability=5 scontext=u:r:kernel:s0 tcontext=u:r:kernel:s0 tclass=capability permissive=0
02-17 09:07:38.939 I/auditd ( 0): type=1400 audit(0.0:20547): avc: denied { kill } for comm="swapper/1" capability=5 scontext=u:r:kernel:s0 tcontext=u:r:kernel:s0 tclass=capability permissive=0
02-17 09:07:39.939 I/auditd ( 0): type=1400 audit(0.0:20548): avc: denied { kill } for comm="swapper/1" capability=5 scontext=u:r:kernel:s0 tcontext=u:r:kernel:s0 tclass=capability permissive=0
02-17 09:07:40.935 I/auditd ( 0): type=1400 audit(0.0:20549): avc: denied { kill } for comm="swapper/1" capability=5 scontext=u:r:kernel:s0 tcontext=u:r:kernel:s0 tclass=capability permissive=0
02-17 09:07:41.935 I/auditd ( 0): type=1400 audit(0.0:20550): avc: denied { kill } for comm="swapper/1" capability=5 scontext=u:r:kernel:s0 tcontext=u:r:kernel:s0 tclass=capability permissive=0
01-01 13:18:22.525 E/DTC_ETH,link_delay_work_func( 0): 3003, SQI=0, link=0
02-17 09:07:42.935 I/auditd ( 0): type=1400 audit(0.0:20551): avc: denied { kill } for comm="swapper/1" capability=5 scontext=u:r:kernel:s0 tcontext=u:r:kernel:s0 tclass=capability permissive=0
02-17 09:07:43.935 I/auditd ( 0): type=1400 audit(0.0:20552): avc: denied { kill } for comm="swapper/1" capability=5 scontext=u:r:kernel:s0 tcontext=u:r:kernel:s0 tclass=capability permissive=0
02-17 09:07:44.935 I/auditd ( 0): type=1400 audit(0.0:20553): avc: denied { kill } for comm="swapper/1" capability=5 scontext=u:r:kernel:s0 tcontext=u:r:kernel:s0 tclass=capability permissive=0
02-17 09:07:45.935 I/auditd ( 0): type=1400 audit(0.0:20554): avc: denied { kill } for comm="swapper/1" capability=5 scontext=u:r:kernel:s0 tcontext=u:r:kernel:s0 tclass=capability permissive=0
02-17 09:07:46.939 I/auditd ( 0): type=1400 audit(0.0:20555): avc: denied { kill } for comm="swapper/1" capability=5 scontext=u:r:kernel:s0 tcontext=u:r:kernel:s0 tclass=capability permissive=0
01-01 13:18:27.645 E/DTC_ETH,link_delay_work_func( 0): 3003, SQI=0, link=0
02-17 09:07:47.939 I/auditd ( 0): type=1400 audit(0.0:20556): avc: denied { kill } for comm="swapper/0" capability=5 scontext=u:r:kernel:s0 tcontext=u:r:kernel:s0 tclass=capability permissive=0
02-17 09:07:49.939 I/auditd ( 0): type=1400 audit(0.0:20557): avc: denied { kill } for comm="swapper/0" capability=5 scontext=u:r:kernel:s0 tcontext=u:r:kernel:s0 tclass=capability permissive=0
02-17 09:07:50.939 I/auditd ( 0): type=1400 audit(0.0:20558): avc: denied { kill } for comm="swapper/0" capability=5 scontext=u:r:kernel:s0 tcontext=u:r:kernel:s0 tclass=capability permissive=0
02-17 09:07:51.935 I/auditd ( 0): type=1400 audit(0.0:20559): avc: denied { kill } for comm="swapper/0" capability=5 scontext=u:r:kernel:s0 tcontext=u:r:kernel:s0 tclass=capability permissive=0
01-01 13:18:32.765 E/DTC_ETH,link_delay_work_func( 0): 3003, SQI=0, link=0
02-17 09:07:52.935 I/auditd ( 0): type=1400 audit(0.0:20560): avc: denied { kill } for comm="swapper/0" capability=5 scontext=u:r:kernel:s0 tcontext=u:r:kernel:s0 tclass=capability permissive=0
02-17 09:07:53.935 I/auditd ( 0): type=1400 audit(0.0:20561): avc: denied { kill } for comm="swapper/0" capability=5 scontext=u:r:kernel:s0 tcontext=u:r:kernel:s0 tclass=capability permissive=0
02-17 09:07:54.935 I/auditd ( 0): type=1400 audit(0.0:20562): avc: denied { kill } for comm="swapper/0" capability=5 scontext=u:r:kernel:s0 tcontext=u:r:kernel:s0 tclass=capability permissive=0
02-17 09:07:55.939 I/auditd ( 0): type=1400 audit(0.0:20563): avc: denied { kill } for comm="swapper/0" capability=5 scontext=u:r:kernel:s0 tcontext=u:r:kernel:s0 tclass=capability permissive=0
02-17 09:07:56.935 I/auditd ( 0): type=1400 audit(0.0:20564): avc: denied { kill } for comm="swapper/0" capability=5 scontext=u:r:kernel:s0 tcontext=u:r:kernel:s0 tclass=capability permissive=0
01-01 13:18:37.885 E/DTC_ETH,link_delay_work_func( 0): 3003, SQI=0, link=0
02-17 09:07:57.935 I/auditd ( 0): type=1400 audit(0.0:20565): avc: denied { kill } for comm="swapper/0" capability=5 scontext=u:r:kernel:s0 tcontext=u:r:kernel:s0 tclass=capability permissive=0
02-17 09:07:58.935 I/auditd ( 0): type=1400 audit(0.0:20566): avc: denied { kill } for comm="swapper/0" capability=5 scontext=u:r:kernel:s0 tcontext=u:r:kernel:s0 tclass=capability permissive=0
02-17 09:07:59.935 I/auditd ( 0): type=1400 audit(0.0:20567): avc: denied { kill } for comm="swapper/0" capability=5 scontext=u:r:kernel:s0 tcontext=u:r:kernel:s0 tclass=capability permissive=0
02-17 09:08:00.935 I/auditd ( 0): type=1400 audit(0.0:20568): avc: denied { kill } for comm="swapper/0" capability=5 scontext=u:r:kernel:s0 tcontext=u:r:kernel:s0 tclass=capability permissive=0
02-17 09:08:01.935 I/auditd ( 0): type=1400 audit(0.0:20569): avc: denied { kill } for comm="swapper/0" capability=5 scontext=u:r:kernel:s0 tcontext=u:r:kernel:s0 tclass=capability permissive=0
01-01 13:18:43.005 E/DTC_ETH,link_delay_work_func( 0): 3003, SQI=0, link=0
02-17 09:08:02.935 I/auditd ( 0): type=1400 audit(0.0:20570): avc: denied { kill } for comm="swapper/0" capability=5 scontext=u:r:kernel:s0 tcontext=u:r:kernel:s0 tclass=capability permissive=0
02-17 09:08:03.935 I/auditd ( 0): type=1400 audit(0.0:20571): avc: denied { kill } for comm="swapper/0" capability=5 scontext=u:r:kernel:s0 tcontext=u:r:kernel:s0 tclass=capability permissive=0
02-17 09:08:04.935 I/auditd ( 0): type=1400 audit(0.0:20572): avc: denied { kill } for comm="swapper/0" capability=5 scontext=u:r:kernel:s0 tcontext=u:r:kernel:s0 tclass=capability permissive=0
02-17 09:08:05.939 I/auditd ( 0): type=1400 audit(0.0:20573): avc: denied { kill } for comm="swapper/0" capability=5 scontext=u:r:kernel:s0 tcontext=u:r:kernel:s0 tclass=capability permissive=0
02-17 09:08:06.935 I/auditd ( 0): type=1400 audit(0.0:20574): avc: denied { kill } for comm="swapper/0" capability=5 scontext=u:r:kernel:s0 tcontext=u:r:kernel:s0 tclass=capability permissive=0
02-17 09:08:07.935 I/auditd ( 0): type=1400 audit(0.0:20575): avc: denied { kill } for comm="swapper/0" capability=5 scontext=u:r:kernel:s0 tcontext=u:r:kernel:s0 tclass=capability permissive=0
01-01 13:18:48.125 E/DTC_ETH,link_delay_work_func( 0): 3003, SQI=0, link=0
02-17 09:08:08.939 I/auditd ( 0): type=1400 audit(0.0:20576): avc: denied { kill } for comm="swapper/0" capability=5 scontext=u:r:kernel:s0 tcontext=u:r:kernel:s0 tclass=capability permissive=0
02-17 09:08:09.935 I/auditd ( 0): type=1400 audit(0.0:20577): avc: denied { kill } for comm="swapper/0" capability=5 scontext=u:r:kernel:s0 tcontext=u:r:kernel:s0 tclass=capability permissive=0
02-17 09:08:10.939 I/auditd ( 0): type=1400 audit(0.0:20578): avc: denied { kill } for comm="swapper/0" capability=5 scontext=u:r:kernel:s0 tcontext=u:r:kernel:s0 tclass=capability permissive=0
02-17 09:08:11.935 I/auditd ( 0): type=1400 audit(0.0:20579): avc: denied { kill } for comm="swapper/0" capability=5 scontext=u:r:kernel:s0 tcontext=u:r:kernel:s0 tclass=capability permissive=0
02-17 09:08:12.935 I/auditd ( 0): type=1400 audit(0.0:20580): avc: denied { kill } for comm="swapper/0" capability=5 scontext=u:r:kernel:s0 tcontext=u:r:kernel:s0 tclass=capability permissive=0
01-01 13:18:53.245 E/DTC_ETH,link_delay_work_func( 0): 3003, SQI=0, link=0
02-17 09:08:13.935 I/auditd ( 0): type=1400 audit(0.0:20581): avc: denied { kill } for comm="swapper/0" capability=5 scontext=u:r:kernel:s0 tcontext=u:r:kernel:s0 tclass=capability permissive=0
02-17 09:08:14.935 I/auditd ( 0): type=1400 audit(0.0:20582): avc: denied { kill } for comm="swapper/0" capability=5 scontext=u:r:kernel:s0 tcontext=u:r:kernel:s0 tclass=capability permissive=0
02-17 09:08:15.926 I/input_interaction( 1524): Interaction with: fe4451d com.thundercomm.screensaver/android.service.dreams.DreamActivity (server), edge-swipe (server), swipe-up (server), PointerEventDispatcher0 (server),
02-17 09:08:15.930 I/wm_finish_activity( 1524): [0,211274721,117,com.thundercomm.screensaver/android.service.dreams.DreamActivity,finish-activity]
02-17 09:08:15.930 I/wm_task_moved( 1524): [1,1,13]
02-17 09:08:15.931 I/wm_task_moved( 1524): [9,1,2147483647]
02-17 09:08:15.931 I/wm_task_to_front( 1524): [0,9]
02-17 09:08:15.931 I/wm_focused_root_task( 1524): [0,0,1,117,finish-top adjustFocusToNextFocusableTask]
02-17 09:08:15.932 I/wm_set_resumed_activity( 1524): [0,com.android.launcher3/.uioverrides.QuickstepLauncher,finish-top adjustFocusToNextFocusableTask]
02-17 09:08:15.934 I/wm_pause_activity( 1524): [0,211274721,com.thundercomm.screensaver/android.service.dreams.DreamActivity,userLeaving=false,finish]
02-17 09:08:15.938 I/DreamManagerService( 1524): Gently waking up from dream.
02-17 09:08:15.940 I/wm_on_top_resumed_lost_called(19147): [211274721,android.service.dreams.DreamActivity,topStateChangedWhenResumed]
02-17 09:08:15.940 I/DreamManagerService( 1524): Performing gentle wake from dream.
02-17 09:08:15.941 I/sysui_multi_action( 1524): [757,803,799,window_time_0,802,303]
02-17 09:08:15.941 I/wm_on_paused_called(19147): [211274721,android.service.dreams.DreamActivity,performPause]
02-17 09:08:15.941 I/wm_add_to_stopping( 1524): [0,211274721,com.thundercomm.screensaver/android.service.dreams.DreamActivity,completeFinishing]
02-17 09:08:15.943 I/ActivityTaskManager( 1524): FOREGROUND_APPLICATION_CHANGED to com.android.launcher3.uioverrides.QuickstepLauncher
02-17 09:08:15.945 I/wm_set_resumed_activity( 1524): [0,com.android.launcher3/.uioverrides.QuickstepLauncher,resumeTopActivityInnerLocked]
02-17 09:08:15.947 I/wm_resume_activity( 1524): [0,128678138,9,com.android.launcher3/.uioverrides.QuickstepLauncher]
02-17 09:08:15.956 I/sysui_multi_action( 1524): [757,803,799,window_time_0,802,0]
02-17 09:08:15.956 W/ContextImpl( 2121): Calling a method in the system process without a qualified user: android.app.ContextImpl.startService:1816 android.content.ContextWrapper.startService:774 com.thundercomm.gamemode.ingame.services.GameModeActionUtils.startGameModeService:111 com.thundercomm.gamemode.ingame.services.GameModeActionUtils.startGameModeEntry:22 com.thundercomm.gamemode.ingame.services.ActivityMonitoringService$1.onActivityLaunch:139
02-17 09:08:15.957 I/view_enqueue_input_event(19147): [Motion - Cancel,com.thundercomm.screensaver/android.service.dreams.DreamActivity]
02-17 09:08:15.957 I/input_focus( 1524): [Focus leaving fe4451d com.thundercomm.screensaver/android.service.dreams.DreamActivity (server),reason=NO_WINDOW]
02-17 09:08:15.957 I/input_interaction( 1524): Interaction with: edge-swipe (server), swipe-up (server), PointerEventDispatcher0 (server),
02-17 09:08:15.959 I/am_uid_active( 1524): 10062
02-17 09:08:15.962 I/GameModeConfig( 1524): Current uri is uri = content://com.thundercomm.gamemode.api/gamemode_settings/gamemode_isgaming
02-17 09:08:15.965 I/wm_on_restart_called( 2568): [128678138,com.android.launcher3.uioverrides.QuickstepLauncher,performRestartActivity]
02-17 09:08:15.965 I/wm_on_start_called( 2568): [128678138,com.android.launcher3.uioverrides.QuickstepLauncher,handleStartActivity]
02-17 09:08:15.965 I/wm_on_resume_called( 2568): [128678138,com.android.launcher3.uioverrides.QuickstepLauncher,RESUME_ACTIVITY]
02-17 09:08:15.966 I/wm_on_top_resumed_gained_called( 2568): [128678138,com.android.launcher3.uioverrides.QuickstepLauncher,topWhenResuming]
02-17 09:08:15.969 I/GameModeConfig( 1524): isGameModeOn = false
02-17 09:08:15.969 I/GameModeConfig( 1524): isGameModeOn = false
02-17 09:08:15.969 I/GameModeConfig( 1524): isDisableVoice = true
02-17 09:08:15.974 I/am_pss ( 1524): [16130,1000,com.android.settings,137270272,121073664,0,275574784,0,16,12]
02-17 09:08:15.984 I/am_pss ( 1524): [18271,1002,com.android.bluetooth,31967232,27365376,0,141193216,0,0,8]
02-17 09:08:15.986 I/input_focus( 1524): [Focus request 321be4b com.android.launcher3/com.android.launcher3.uioverrides.QuickstepLauncher,reason=UpdateInputWindows]
02-17 09:08:15.993 I/am_pss ( 1524): [13361,10084,com.android.music,24821760,17879040,0,149979136,0,4,8]
02-17 09:08:16.000 I/input_focus( 1524): [Focus entering 321be4b com.android.launcher3/com.android.launcher3.uioverrides.QuickstepLauncher (server),reason=setFocusedWindow]
02-17 09:08:16.008 I/PowerManagerService( 1524): Powering on display group fromDreaming (groupId=0, uid=1000, reason=WAKE_REASON_UNKNOWN, details=android.server.power:DREAM_FINISHED)...
02-17 09:08:16.008 I/PowerManagerService( 1524): Waking up from Dreaming (uid=1000, reason=WAKE_REASON_UNKNOWN, details=android.server.power:DREAM_FINISHED)...
02-17 09:08:16.048 W/FreeFormWindowHelper( 1524): Current Display FreeFormTask is null
02-17 09:08:16.056 W/ContextImpl( 2121): Calling a method in the system process without a qualified user: android.app.ContextImpl.startService:1816 android.content.ContextWrapper.startService:774 com.thundercomm.gamemode.ingame.services.GameModeActionUtils.startGameModeService:111 com.thundercomm.gamemode.ingame.services.GameModeActionUtils.startGameModeEntry:22 com.thundercomm.gamemode.ingame.services.ActivityMonitoringService$1.onActivityLaunch:139
02-17 09:08:16.061 I/GameModeConfig( 1524): Current uri is uri = content://com.thundercomm.gamemode.api/gamemode_settings/gamemode_isgaming
02-17 09:08:16.062 I/GameModeConfig( 1524): isGameModeOn = false
02-17 09:08:16.062 I/GameModeConfig( 1524): isGameModeOn = false
02-17 09:08:16.062 I/GameModeConfig( 1524): isDisableVoice = true
02-17 09:08:16.238 I/wm_destroy_activity( 1524): [0,211274721,117,com.thundercomm.screensaver/android.service.dreams.DreamActivity,finish-imm:idle]
02-17 09:08:16.245 W/ContextImpl( 2121): Calling a method in the system process without a qualified user: android.app.ContextImpl.startService:1816 android.content.ContextWrapper.startService:774 com.thundercomm.gamemode.ingame.services.GameModeActionUtils.startGameModeService:111 com.thundercomm.gamemode.ingame.services.GameModeActionUtils.startGameModeEntry:22 com.thundercomm.gamemode.ingame.services.ActivityMonitoringService$1.onActivityLaunch:139
02-17 09:08:16.250 I/GameModeConfig( 1524): Current uri is uri = content://com.thundercomm.gamemode.api/gamemode_settings/gamemode_isgaming
02-17 09:08:16.251 I/GameModeConfig( 1524): isGameModeOn = false
02-17 09:08:16.251 I/GameModeConfig( 1524): isGameModeOn = false
02-17 09:08:16.251 I/GameModeConfig( 1524): isDisableVoice = true
02-17 09:08:16.257 I/wm_on_stop_called(19147): [211274721,android.service.dreams.DreamActivity,LIFECYCLER_STOP_ACTIVITY]
02-17 09:08:16.257 I/wm_on_destroy_called(19147): [211274721,android.service.dreams.DreamActivity,performDestroy]
02-17 09:08:16.259 I/DreamManagerService( 1524): Leaving dreamland.
02-17 09:08:16.261 I/DreamManagerService( 1524): Performing gentle wake from dream.
02-17 09:08:16.261 I/DreamController( 1524): Stopping dream: name=ComponentInfo{com.thundercomm.screensaver/com.thundercomm.saverclock.service.ClockScreensaver}, isTest=false, canDoze=false, userId=0, reason='finished self'(from 'finished self')
02-17 09:08:16.261 I/sysui_multi_action( 1524): [757,222,758,2]
02-17 09:08:16.261 I/sysui_multi_action( 1524): [757,804,799,dreaming_minutes,801,5,802,1]
02-17 09:08:16.270 I/wm_task_removed( 1524): [117,removeChild:removeChild last r=ActivityRecord{c97cbe1 u0 com.thundercomm.screensaver/android.service.dreams.DreamActivity t-1 f}} in t=Task{636e542 #117 type=dream A=10040:android:com.thundercomm.screensaver/dream U=0 visible=false mode=fullscreen translucent=true sz=0}]
02-17 09:08:16.270 I/wm_task_removed( 1524): [117,removeChild]
02-17 09:08:16.272 W/ActivityTaskManager( 1524): Can't find TaskDisplayArea to determine support for multi window. Task id=117 attached=false
02-17 09:08:16.939 I/auditd ( 0): type=1400 audit(0.0:20583): avc: denied { kill } for comm="swapper/0" capability=5 scontext=u:r:kernel:s0 tcontext=u:r:kernel:s0 tclass=capability permissive=0
02-17 09:08:17.935 I/auditd ( 0): type=1400 audit(0.0:20584): avc: denied { kill } for comm="swapper/0" capability=5 scontext=u:r:kernel:s0 tcontext=u:r:kernel:s0 tclass=capability permissive=0
01-01 13:18:58.365 E/DTC_ETH,link_delay_work_func( 0): 3003, SQI=0, link=0
02-17 09:08:18.939 I/auditd ( 0): type=1400 audit(0.0:20585): avc: denied { kill } for comm="swapper/0" capability=5 scontext=u:r:kernel:s0 tcontext=u:r:kernel:s0 tclass=capability permissive=0
02-17 09:08:19.935 I/auditd ( 0): type=1400 audit(0.0:20586): avc: denied { kill } for comm="swapper/0" capability=5 scontext=u:r:kernel:s0 tcontext=u:r:kernel:s0 tclass=capability permissive=0
02-17 09:08:20.142 I/input_interaction( 1524): Interaction with: d4326e3 StatusBar (server), edge-swipe (server), swipe-up (server), PointerEventDispatcher0 (server),
02-17 09:08:20.146 I/sysui_multi_action( 1999): [757,803,799,panel_open,802,1]
02-17 09:08:20.147 I/sysui_multi_action( 1999): [757,1328,758,4,1326,37,1327,4,1329,0]
02-17 09:08:20.188 I/sysui_multi_action( 1524): [757,127,758,1]
02-17 09:08:20.188 I/sysui_multi_action( 1524): [757,804,799,note_load,801,3,802,1]
02-17 09:08:20.188 I/notification_panel_revealed( 1524): 3
02-17 09:08:20.201 I/input_focus( 1524): [Focus request febc086 NotificationShade,reason=UpdateInputWindows]
02-17 09:08:20.209 I/sysui_multi_action( 1524): [757,128,758,1,793,17924820,794,0,795,17924820,796,26,798,0,806,android,857,DEVELOPER_IMPORTANT,858,4,947,0,1395,3,1500,17924613,1688,1]
02-17 09:08:20.209 I/sysui_multi_action( 1524): [757,804,799,note_freshness,801,17924820,802,1]
02-17 09:08:20.209 I/notification_visibility( 1524): [-1|android|26|null|1000,1,17924820,17924820,0,0]
02-17 09:08:20.210 I/sysui_multi_action( 1524): [757,128,758,1,793,3157744,794,0,795,3157744,796,4273,798,1,806,com.android.systemui,857,screen_record,858,3,947,0,1395,3,1500,3157540,1688,1,1745,680407814]
02-17 09:08:20.210 I/sysui_multi_action( 1524): [757,804,799,note_freshness,801,3157744,802,1]
02-17 09:08:20.210 I/notification_visibility( 1524): [0|com.android.systemui|4273|null|10080,1,3157744,3157744,0,1]
02-17 09:08:20.210 I/sysui_multi_action( 1524): [757,128,758,1,793,19126755,794,0,795,19126755,796,32,798,2,806,android,857,USB,858,1,947,0,1395,3,1500,19126323,1688,1]
02-17 09:08:20.210 I/sysui_multi_action( 1524): [757,804,799,note_freshness,801,19126755,802,1]
02-17 09:08:20.210 I/notification_visibility( 1524): [-1|android|32|null|1000,1,19126755,19126755,0,2]
02-17 09:08:20.225 I/sysui_multi_action( 1999): [757,111,758,1]
02-17 09:08:20.225 I/sysui_multi_action( 1999): [757,126,758,1,759,126,927,0,928,0,1593,0]
02-17 09:08:20.225 I/sysui_multi_action( 1999): [757,113,758,1,759,113,927,1,928,1,1593,0]
02-17 09:08:20.225 I/sysui_multi_action( 1999): [757,0,758,1,759,0,927,2,928,0,1593,0]
02-17 09:08:20.225 I/sysui_multi_action( 1999): [757,0,758,1,759,0,927,3,928,0,1593,0]
02-17 09:08:20.226 I/sysui_multi_action( 1999): [757,491,758,1,759,491,927,4,928,0,1311,-1,1593,0]
02-17 09:08:20.226 I/sysui_multi_action( 1999): [757,122,758,1,759,122,927,5,928,1,1593,0]
02-17 09:08:20.226 I/sysui_multi_action( 1999): [757,0,758,1,759,0,927,6,928,0,1593,0]
02-17 09:08:20.226 I/sysui_multi_action( 1999): [757,0,758,1,759,0,927,7,1593,0]
02-17 09:08:20.226 I/sysui_multi_action( 1999): [757,111,758,1]
02-17 09:08:20.226 I/sysui_multi_action( 1999): [757,126,758,1,759,126,927,0,928,0,1593,0]
02-17 09:08:20.226 I/sysui_multi_action( 1999): [757,113,758,1,759,113,927,1,928,1,1593,0]
02-17 09:08:20.226 I/sysui_multi_action( 1999): [757,0,758,1,759,0,927,2,928,0,1593,0]
02-17 09:08:20.226 I/sysui_multi_action( 1999): [757,0,758,1,759,0,927,3,928,0,1593,0]
02-17 09:08:20.227 I/input_focus( 1524): [Focus leaving 321be4b com.android.launcher3/com.android.launcher3.uioverrides.QuickstepLauncher (server),reason=setFocusedWindow]
02-17 09:08:20.227 I/input_focus( 1524): [Focus entering febc086 NotificationShade (server),reason=setFocusedWindow]
02-17 09:08:20.935 I/auditd ( 0): type=1400 audit(0.0:20587): avc: denied { kill } for comm="swapper/0" capability=5 scontext=u:r:kernel:s0 tcontext=u:r:kernel:s0 tclass=capability permissive=0
02-17 09:08:21.935 I/auditd ( 0): type=1400 audit(0.0:20588): avc: denied { kill } for comm="swapper/0" capability=5 scontext=u:r:kernel:s0 tcontext=u:r:kernel:s0 tclass=capability permissive=0
02-17 09:08:22.935 I/auditd ( 0): type=1400 audit(0.0:20589): avc: denied { kill } for comm="swapper/0" capability=5 scontext=u:r:kernel:s0 tcontext=u:r:kernel:s0 tclass=capability permissive=0
01-01 13:19:03.486 E/DTC_ETH,link_delay_work_func( 0): 3003, SQI=0, link=0
02-17 09:08:23.935 I/auditd ( 0): type=1400 audit(0.0:20590): avc: denied { kill } for comm="swapper/0" capability=5 scontext=u:r:kernel:s0 tcontext=u:r:kernel:s0 tclass=capability permissive=0
02-17 09:08:24.939 I/auditd ( 0): type=1400 audit(0.0:20591): avc: denied { kill } for comm="swapper/0" capability=5 scontext=u:r:kernel:s0 tcontext=u:r:kernel:s0 tclass=capability permissive=0
02-17 09:08:25.939 I/auditd ( 0): type=1400 audit(0.0:20592): avc: denied { kill } for comm="swapper/0" capability=5 scontext=u:r:kernel:s0 tcontext=u:r:kernel:s0 tclass=capability permissive=0
02-17 09:08:26.935 I/auditd ( 0): type=1400 audit(0.0:20593): avc: denied { kill } for comm="swapper/0" capability=5 scontext=u:r:kernel:s0 tcontext=u:r:kernel:s0 tclass=capability permissive=0
