02-17 08:48:44.379 I/notification_visibility( 1524): [-1|android|32|null|1000,1,17950924,17950924,0,2]
02-17 08:48:44.382 E/DisplayDeviceConfig( 1524): requesting nits when no mapping exists.
02-17 08:48:44.382 E/DisplayDeviceConfig( 1524): requesting nits when no mapping exists.
02-17 08:48:44.383 I/am_wtf ( 1524): [0,1524,system_server,-1,DisplayDeviceConfig,requesting nits when no mapping exists.]
02-17 08:48:44.383 I/input_focus( 1524): [Focus leaving 321be4b com.android.launcher3/com.android.launcher3.uioverrides.QuickstepLauncher (server),reason=setFocusedWindow]
02-17 08:48:44.384 I/input_focus( 1524): [Focus entering febc086 NotificationShade (server),reason=setFocusedWindow]
02-17 08:48:44.384 I/am_wtf ( 1524): [0,1524,system_server,-1,DisplayDeviceConfig,requesting nits when no mapping exists.]
02-17 08:48:44.398 E/DisplayDeviceConfig( 1524): requesting nits when no mapping exists.
02-17 08:48:44.398 E/DisplayDeviceConfig( 1524): requesting nits when no mapping exists.
02-17 08:48:44.398 I/am_wtf ( 1524): [0,1524,system_server,-1,DisplayDeviceConfig,requesting nits when no mapping exists.]
02-17 08:48:44.399 I/am_wtf ( 1524): [0,1524,system_server,-1,DisplayDeviceConfig,requesting nits when no mapping exists.]
02-17 08:48:44.416 E/DisplayDeviceConfig( 1524): requesting nits when no mapping exists.
02-17 08:48:44.417 E/DisplayDeviceConfig( 1524): requesting nits when no mapping exists.
02-17 08:48:44.417 I/am_wtf ( 1524): [0,1524,system_server,-1,DisplayDeviceConfig,requesting nits when no mapping exists.]
02-17 08:48:44.417 I/am_wtf ( 1524): [0,1524,system_server,-1,DisplayDeviceConfig,requesting nits when no mapping exists.]
02-17 08:48:44.432 I/sysui_multi_action( 1999): [757,111,758,1]
02-17 08:48:44.432 I/sysui_multi_action( 1999): [757,126,758,1,759,126,927,0,928,0,1593,0]
02-17 08:48:44.432 I/sysui_multi_action( 1999): [757,113,758,1,759,113,927,1,928,1,1593,0]
02-17 08:48:44.432 I/sysui_multi_action( 1999): [757,0,758,1,759,0,927,2,928,0,1593,0]
02-17 08:48:44.432 I/sysui_multi_action( 1999): [757,0,758,1,759,0,927,3,928,0,1593,0]
02-17 08:48:44.433 I/sysui_multi_action( 1999): [757,491,758,1,759,491,927,4,928,0,1311,-1,1593,0]
02-17 08:48:44.433 I/sysui_multi_action( 1999): [757,122,758,1,759,122,927,5,928,1,1593,0]
02-17 08:48:44.433 I/sysui_multi_action( 1999): [757,0,758,1,759,0,927,6,928,0,1593,0]
02-17 08:48:44.433 I/sysui_multi_action( 1999): [757,0,758,1,759,0,927,7,1593,0]
02-17 08:48:44.433 I/sysui_multi_action( 1999): [757,111,758,1]
02-17 08:48:44.433 I/sysui_multi_action( 1999): [757,126,758,1,759,126,927,0,928,0,1593,0]
02-17 08:48:44.433 I/sysui_multi_action( 1999): [757,113,758,1,759,113,927,1,928,1,1593,0]
02-17 08:48:44.433 I/sysui_multi_action( 1999): [757,0,758,1,759,0,927,2,928,0,1593,0]
02-17 08:48:44.433 I/sysui_multi_action( 1999): [757,0,758,1,759,0,927,3,928,0,1593,0]
02-17 08:48:44.434 E/DisplayDeviceConfig( 1524): requesting nits when no mapping exists.
02-17 08:48:44.435 E/DisplayDeviceConfig( 1524): requesting nits when no mapping exists.
02-17 08:48:44.435 I/am_wtf ( 1524): [0,1524,system_server,-1,DisplayDeviceConfig,requesting nits when no mapping exists.]
02-17 08:48:44.435 I/am_wtf ( 1524): [0,1524,system_server,-1,DisplayDeviceConfig,requesting nits when no mapping exists.]
02-17 08:48:44.449 E/DisplayDeviceConfig( 1524): requesting nits when no mapping exists.
02-17 08:48:44.449 E/DisplayDeviceConfig( 1524): requesting nits when no mapping exists.
02-17 08:48:44.450 I/am_wtf ( 1524): [0,1524,system_server,-1,DisplayDeviceConfig,requesting nits when no mapping exists.]
02-17 08:48:44.450 I/am_wtf ( 1524): [0,1524,system_server,-1,DisplayDeviceConfig,requesting nits when no mapping exists.]
02-17 08:48:44.465 E/DisplayDeviceConfig( 1524): requesting nits when no mapping exists.
02-17 08:48:44.466 E/DisplayDeviceConfig( 1524): requesting nits when no mapping exists.
02-17 08:48:44.466 I/am_wtf ( 1524): [0,1524,system_server,-1,DisplayDeviceConfig,requesting nits when no mapping exists.]
02-17 08:48:44.467 I/am_wtf ( 1524): [0,1524,system_server,-1,DisplayDeviceConfig,requesting nits when no mapping exists.]
02-17 08:48:44.483 E/DisplayDeviceConfig( 1524): requesting nits when no mapping exists.
02-17 08:48:44.484 E/DisplayDeviceConfig( 1524): requesting nits when no mapping exists.
02-17 08:48:44.484 I/am_wtf ( 1524): [0,1524,system_server,-1,DisplayDeviceConfig,requesting nits when no mapping exists.]
02-17 08:48:44.484 I/am_wtf ( 1524): [0,1524,system_server,-1,DisplayDeviceConfig,requesting nits when no mapping exists.]
02-17 08:48:44.499 E/DisplayDeviceConfig( 1524): requesting nits when no mapping exists.
02-17 08:48:44.499 E/DisplayDeviceConfig( 1524): requesting nits when no mapping exists.
02-17 08:48:44.499 I/am_wtf ( 1524): [0,1524,system_server,-1,DisplayDeviceConfig,requesting nits when no mapping exists.]
02-17 08:48:44.500 I/am_wtf ( 1524): [0,1524,system_server,-1,DisplayDeviceConfig,requesting nits when no mapping exists.]
02-17 08:48:44.516 E/DisplayDeviceConfig( 1524): requesting nits when no mapping exists.
02-17 08:48:44.517 E/DisplayDeviceConfig( 1524): requesting nits when no mapping exists.
02-17 08:48:44.517 I/am_wtf ( 1524): [0,1524,system_server,-1,DisplayDeviceConfig,requesting nits when no mapping exists.]
02-17 08:48:44.517 I/am_wtf ( 1524): [0,1524,system_server,-1,DisplayDeviceConfig,requesting nits when no mapping exists.]
02-17 08:48:44.533 E/DisplayDeviceConfig( 1524): requesting nits when no mapping exists.
02-17 08:48:44.534 I/am_wtf ( 1524): [0,1524,system_server,-1,DisplayDeviceConfig,requesting nits when no mapping exists.]
02-17 08:48:44.534 E/DisplayDeviceConfig( 1524): requesting nits when no mapping exists.
02-17 08:48:44.534 I/am_wtf ( 1524): [0,1524,system_server,-1,DisplayDeviceConfig,requesting nits when no mapping exists.]
02-17 08:48:44.550 E/DisplayDeviceConfig( 1524): requesting nits when no mapping exists.
02-17 08:48:44.550 I/am_wtf ( 1524): [0,1524,system_server,-1,DisplayDeviceConfig,requesting nits when no mapping exists.]
02-17 08:48:44.550 E/DisplayDeviceConfig( 1524): requesting nits when no mapping exists.
02-17 08:48:44.551 I/am_wtf ( 1524): [0,1524,system_server,-1,DisplayDeviceConfig,requesting nits when no mapping exists.]
02-17 08:48:44.566 E/DisplayDeviceConfig( 1524): requesting nits when no mapping exists.
02-17 08:48:44.567 E/DisplayDeviceConfig( 1524): requesting nits when no mapping exists.
02-17 08:48:44.567 I/am_wtf ( 1524): [0,1524,system_server,-1,DisplayDeviceConfig,requesting nits when no mapping exists.]
02-17 08:48:44.568 I/am_wtf ( 1524): [0,1524,system_server,-1,DisplayDeviceConfig,requesting nits when no mapping exists.]
02-17 08:48:44.583 E/DisplayDeviceConfig( 1524): requesting nits when no mapping exists.
02-17 08:48:44.583 I/am_wtf ( 1524): [0,1524,system_server,-1,DisplayDeviceConfig,requesting nits when no mapping exists.]
02-17 08:48:44.583 E/DisplayDeviceConfig( 1524): requesting nits when no mapping exists.
02-17 08:48:44.584 I/am_wtf ( 1524): [0,1524,system_server,-1,DisplayDeviceConfig,requesting nits when no mapping exists.]
02-17 08:48:44.599 E/DisplayDeviceConfig( 1524): requesting nits when no mapping exists.
02-17 08:48:44.600 E/DisplayDeviceConfig( 1524): requesting nits when no mapping exists.
02-17 08:48:44.600 I/am_wtf ( 1524): [0,1524,system_server,-1,DisplayDeviceConfig,requesting nits when no mapping exists.]
02-17 08:48:44.600 I/am_wtf ( 1524): [0,1524,system_server,-1,DisplayDeviceConfig,requesting nits when no mapping exists.]
02-17 08:48:44.616 E/DisplayDeviceConfig( 1524): requesting nits when no mapping exists.
02-17 08:48:44.617 E/DisplayDeviceConfig( 1524): requesting nits when no mapping exists.
02-17 08:48:44.617 I/am_wtf ( 1524): [0,1524,system_server,-1,DisplayDeviceConfig,requesting nits when no mapping exists.]
02-17 08:48:44.617 I/am_wtf ( 1524): [0,1524,system_server,-1,DisplayDeviceConfig,requesting nits when no mapping exists.]
02-17 08:48:44.633 E/DisplayDeviceConfig( 1524): requesting nits when no mapping exists.
02-17 08:48:44.633 E/DisplayDeviceConfig( 1524): requesting nits when no mapping exists.
02-17 08:48:44.633 I/am_wtf ( 1524): [0,1524,system_server,-1,DisplayDeviceConfig,requesting nits when no mapping exists.]
02-17 08:48:44.635 I/am_wtf ( 1524): [0,1524,system_server,-1,DisplayDeviceConfig,requesting nits when no mapping exists.]
02-17 08:48:44.649 E/DisplayDeviceConfig( 1524): requesting nits when no mapping exists.
02-17 08:48:44.650 E/DisplayDeviceConfig( 1524): requesting nits when no mapping exists.
02-17 08:48:44.650 I/am_wtf ( 1524): [0,1524,system_server,-1,DisplayDeviceConfig,requesting nits when no mapping exists.]
02-17 08:48:44.650 I/am_wtf ( 1524): [0,1524,system_server,-1,DisplayDeviceConfig,requesting nits when no mapping exists.]
02-17 08:48:44.666 E/DisplayDeviceConfig( 1524): requesting nits when no mapping exists.
02-17 08:48:44.667 E/DisplayDeviceConfig( 1524): requesting nits when no mapping exists.
02-17 08:48:44.667 I/am_wtf ( 1524): [0,1524,system_server,-1,DisplayDeviceConfig,requesting nits when no mapping exists.]
02-17 08:48:44.667 I/am_wtf ( 1524): [0,1524,system_server,-1,DisplayDeviceConfig,requesting nits when no mapping exists.]
02-17 08:48:44.683 E/DisplayDeviceConfig( 1524): requesting nits when no mapping exists.
02-17 08:48:44.684 I/am_wtf ( 1524): [0,1524,system_server,-1,DisplayDeviceConfig,requesting nits when no mapping exists.]
02-17 08:48:44.684 E/DisplayDeviceConfig( 1524): requesting nits when no mapping exists.
02-17 08:48:44.687 I/am_wtf ( 1524): [0,1524,system_server,-1,DisplayDeviceConfig,requesting nits when no mapping exists.]
02-17 08:48:44.699 E/DisplayDeviceConfig( 1524): requesting nits when no mapping exists.
02-17 08:48:44.700 E/DisplayDeviceConfig( 1524): requesting nits when no mapping exists.
02-17 08:48:44.700 I/am_wtf ( 1524): [0,1524,system_server,-1,DisplayDeviceConfig,requesting nits when no mapping exists.]
02-17 08:48:44.701 I/am_wtf ( 1524): [0,1524,system_server,-1,DisplayDeviceConfig,requesting nits when no mapping exists.]
02-17 08:48:44.716 E/DisplayDeviceConfig( 1524): requesting nits when no mapping exists.
02-17 08:48:44.717 E/DisplayDeviceConfig( 1524): requesting nits when no mapping exists.
02-17 08:48:44.717 I/am_wtf ( 1524): [0,1524,system_server,-1,DisplayDeviceConfig,requesting nits when no mapping exists.]
02-17 08:48:44.717 I/am_wtf ( 1524): [0,1524,system_server,-1,DisplayDeviceConfig,requesting nits when no mapping exists.]
02-17 08:48:44.733 E/DisplayDeviceConfig( 1524): requesting nits when no mapping exists.
02-17 08:48:44.733 E/DisplayDeviceConfig( 1524): requesting nits when no mapping exists.
02-17 08:48:44.733 I/am_wtf ( 1524): [0,1524,system_server,-1,DisplayDeviceConfig,requesting nits when no mapping exists.]
02-17 08:48:44.734 I/am_wtf ( 1524): [0,1524,system_server,-1,DisplayDeviceConfig,requesting nits when no mapping exists.]
02-17 08:48:44.750 E/DisplayDeviceConfig( 1524): requesting nits when no mapping exists.
02-17 08:48:44.750 E/DisplayDeviceConfig( 1524): requesting nits when no mapping exists.
02-17 08:48:44.750 I/am_wtf ( 1524): [0,1524,system_server,-1,DisplayDeviceConfig,requesting nits when no mapping exists.]
02-17 08:48:44.751 I/am_wtf ( 1524): [0,1524,system_server,-1,DisplayDeviceConfig,requesting nits when no mapping exists.]
02-17 08:48:44.766 E/DisplayDeviceConfig( 1524): requesting nits when no mapping exists.
02-17 08:48:44.767 E/DisplayDeviceConfig( 1524): requesting nits when no mapping exists.
02-17 08:48:44.767 I/am_wtf ( 1524): [0,1524,system_server,-1,DisplayDeviceConfig,requesting nits when no mapping exists.]
02-17 08:48:44.768 I/am_wtf ( 1524): [0,1524,system_server,-1,DisplayDeviceConfig,requesting nits when no mapping exists.]
02-17 08:48:44.783 E/DisplayDeviceConfig( 1524): requesting nits when no mapping exists.
02-17 08:48:44.784 E/DisplayDeviceConfig( 1524): requesting nits when no mapping exists.
02-17 08:48:44.784 I/am_wtf ( 1524): [0,1524,system_server,-1,DisplayDeviceConfig,requesting nits when no mapping exists.]
02-17 08:48:44.788 I/am_wtf ( 1524): [0,1524,system_server,-1,DisplayDeviceConfig,requesting nits when no mapping exists.]
02-17 08:48:44.800 E/DisplayDeviceConfig( 1524): requesting nits when no mapping exists.
02-17 08:48:44.800 E/DisplayDeviceConfig( 1524): requesting nits when no mapping exists.
02-17 08:48:44.800 I/am_wtf ( 1524): [0,1524,system_server,-1,DisplayDeviceConfig,requesting nits when no mapping exists.]
02-17 08:48:44.801 I/am_wtf ( 1524): [0,1524,system_server,-1,DisplayDeviceConfig,requesting nits when no mapping exists.]
02-17 08:48:44.816 E/DisplayDeviceConfig( 1524): requesting nits when no mapping exists.
02-17 08:48:44.817 E/DisplayDeviceConfig( 1524): requesting nits when no mapping exists.
02-17 08:48:44.817 I/am_wtf ( 1524): [0,1524,system_server,-1,DisplayDeviceConfig,requesting nits when no mapping exists.]
02-17 08:48:44.819 I/am_wtf ( 1524): [0,1524,system_server,-1,DisplayDeviceConfig,requesting nits when no mapping exists.]
02-17 08:48:44.833 E/DisplayDeviceConfig( 1524): requesting nits when no mapping exists.
02-17 08:48:44.834 I/am_wtf ( 1524): [0,1524,system_server,-1,DisplayDeviceConfig,requesting nits when no mapping exists.]
02-17 08:48:44.834 E/DisplayDeviceConfig( 1524): requesting nits when no mapping exists.
02-17 08:48:44.835 I/am_wtf ( 1524): [0,1524,system_server,-1,DisplayDeviceConfig,requesting nits when no mapping exists.]
02-17 08:48:44.850 E/DisplayDeviceConfig( 1524): requesting nits when no mapping exists.
02-17 08:48:44.850 E/DisplayDeviceConfig( 1524): requesting nits when no mapping exists.
02-17 08:48:44.851 I/am_wtf ( 1524): [0,1524,system_server,-1,DisplayDeviceConfig,requesting nits when no mapping exists.]
02-17 08:48:44.851 I/am_wtf ( 1524): [0,1524,system_server,-1,DisplayDeviceConfig,requesting nits when no mapping exists.]
02-17 08:48:44.867 E/DisplayDeviceConfig( 1524): requesting nits when no mapping exists.
02-17 08:48:44.868 E/DisplayDeviceConfig( 1524): requesting nits when no mapping exists.
02-17 08:48:44.868 I/am_wtf ( 1524): [0,1524,system_server,-1,DisplayDeviceConfig,requesting nits when no mapping exists.]
02-17 08:48:44.868 I/am_wtf ( 1524): [0,1524,system_server,-1,DisplayDeviceConfig,requesting nits when no mapping exists.]
02-17 08:48:44.883 E/DisplayDeviceConfig( 1524): requesting nits when no mapping exists.
02-17 08:48:44.884 E/DisplayDeviceConfig( 1524): requesting nits when no mapping exists.
02-17 08:48:44.884 I/am_wtf ( 1524): [0,1524,system_server,-1,DisplayDeviceConfig,requesting nits when no mapping exists.]
02-17 08:48:44.884 I/am_wtf ( 1524): [0,1524,system_server,-1,DisplayDeviceConfig,requesting nits when no mapping exists.]
02-17 08:48:44.900 E/DisplayDeviceConfig( 1524): requesting nits when no mapping exists.
02-17 08:48:44.901 E/DisplayDeviceConfig( 1524): requesting nits when no mapping exists.
02-17 08:48:44.901 I/am_wtf ( 1524): [0,1524,system_server,-1,DisplayDeviceConfig,requesting nits when no mapping exists.]
02-17 08:48:44.902 I/am_wtf ( 1524): [0,1524,system_server,-1,DisplayDeviceConfig,requesting nits when no mapping exists.]
02-17 08:48:44.917 E/DisplayDeviceConfig( 1524): requesting nits when no mapping exists.
02-17 08:48:44.917 E/DisplayDeviceConfig( 1524): requesting nits when no mapping exists.
02-17 08:48:44.922 I/am_wtf ( 1524): [0,1524,system_server,-1,DisplayDeviceConfig,requesting nits when no mapping exists.]
02-17 08:48:44.923 I/am_wtf ( 1524): [0,1524,system_server,-1,DisplayDeviceConfig,requesting nits when no mapping exists.]
02-17 08:48:44.933 E/DisplayDeviceConfig( 1524): requesting nits when no mapping exists.
02-17 08:48:44.934 E/DisplayDeviceConfig( 1524): requesting nits when no mapping exists.
02-17 08:48:44.934 I/am_wtf ( 1524): [0,1524,system_server,-1,DisplayDeviceConfig,requesting nits when no mapping exists.]
02-17 08:48:44.935 I/am_wtf ( 1524): [0,1524,system_server,-1,DisplayDeviceConfig,requesting nits when no mapping exists.]
02-17 08:48:44.935 I/auditd ( 0): type=1400 audit(0.0:19396): avc: denied { kill } for comm="swapper/0" capability=5 scontext=u:r:kernel:s0 tcontext=u:r:kernel:s0 tclass=capability permissive=0
02-17 08:48:44.950 E/DisplayDeviceConfig( 1524): requesting nits when no mapping exists.
02-17 08:48:44.951 E/DisplayDeviceConfig( 1524): requesting nits when no mapping exists.
02-17 08:48:44.951 I/am_wtf ( 1524): [0,1524,system_server,-1,DisplayDeviceConfig,requesting nits when no mapping exists.]
02-17 08:48:44.951 I/am_wtf ( 1524): [0,1524,system_server,-1,DisplayDeviceConfig,requesting nits when no mapping exists.]
02-17 08:48:44.967 E/DisplayDeviceConfig( 1524): requesting nits when no mapping exists.
02-17 08:48:44.967 E/DisplayDeviceConfig( 1524): requesting nits when no mapping exists.
02-17 08:48:44.967 I/am_wtf ( 1524): [0,1524,system_server,-1,DisplayDeviceConfig,requesting nits when no mapping exists.]
02-17 08:48:44.968 I/am_wtf ( 1524): [0,1524,system_server,-1,DisplayDeviceConfig,requesting nits when no mapping exists.]
02-17 08:48:44.984 E/DisplayDeviceConfig( 1524): requesting nits when no mapping exists.
02-17 08:48:44.984 E/DisplayDeviceConfig( 1524): requesting nits when no mapping exists.
02-17 08:48:44.984 I/am_wtf ( 1524): [0,1524,system_server,-1,DisplayDeviceConfig,requesting nits when no mapping exists.]
02-17 08:48:44.985 I/am_wtf ( 1524): [0,1524,system_server,-1,DisplayDeviceConfig,requesting nits when no mapping exists.]
02-17 08:48:45.000 E/DisplayDeviceConfig( 1524): requesting nits when no mapping exists.
02-17 08:48:45.001 E/DisplayDeviceConfig( 1524): requesting nits when no mapping exists.
02-17 08:48:45.001 I/am_wtf ( 1524): [0,1524,system_server,-1,DisplayDeviceConfig,requesting nits when no mapping exists.]
02-17 08:48:45.002 I/am_wtf ( 1524): [0,1524,system_server,-1,DisplayDeviceConfig,requesting nits when no mapping exists.]
02-17 08:48:45.017 E/DisplayDeviceConfig( 1524): requesting nits when no mapping exists.
02-17 08:48:45.018 E/DisplayDeviceConfig( 1524): requesting nits when no mapping exists.
02-17 08:48:45.018 I/am_wtf ( 1524): [0,1524,system_server,-1,DisplayDeviceConfig,requesting nits when no mapping exists.]
02-17 08:48:45.019 I/am_wtf ( 1524): [0,1524,system_server,-1,DisplayDeviceConfig,requesting nits when no mapping exists.]
02-17 08:48:45.034 E/DisplayDeviceConfig( 1524): requesting nits when no mapping exists.
02-17 08:48:45.034 E/DisplayDeviceConfig( 1524): requesting nits when no mapping exists.
02-17 08:48:45.034 I/am_wtf ( 1524): [0,1524,system_server,-1,DisplayDeviceConfig,requesting nits when no mapping exists.]
02-17 08:48:45.035 I/am_wtf ( 1524): [0,1524,system_server,-1,DisplayDeviceConfig,requesting nits when no mapping exists.]
02-17 08:48:45.050 E/DisplayDeviceConfig( 1524): requesting nits when no mapping exists.
02-17 08:48:45.051 E/DisplayDeviceConfig( 1524): requesting nits when no mapping exists.
02-17 08:48:45.051 I/am_wtf ( 1524): [0,1524,system_server,-1,DisplayDeviceConfig,requesting nits when no mapping exists.]
02-17 08:48:45.051 I/am_wtf ( 1524): [0,1524,system_server,-1,DisplayDeviceConfig,requesting nits when no mapping exists.]
02-17 08:48:45.067 E/DisplayDeviceConfig( 1524): requesting nits when no mapping exists.
02-17 08:48:45.068 E/DisplayDeviceConfig( 1524): requesting nits when no mapping exists.
02-17 08:48:45.068 I/am_wtf ( 1524): [0,1524,system_server,-1,DisplayDeviceConfig,requesting nits when no mapping exists.]
02-17 08:48:45.068 I/am_wtf ( 1524): [0,1524,system_server,-1,DisplayDeviceConfig,requesting nits when no mapping exists.]
02-17 08:48:45.084 E/DisplayDeviceConfig( 1524): requesting nits when no mapping exists.
02-17 08:48:45.084 E/DisplayDeviceConfig( 1524): requesting nits when no mapping exists.
02-17 08:48:45.084 I/am_wtf ( 1524): [0,1524,system_server,-1,DisplayDeviceConfig,requesting nits when no mapping exists.]
02-17 08:48:45.085 I/am_wtf ( 1524): [0,1524,system_server,-1,DisplayDeviceConfig,requesting nits when no mapping exists.]
02-17 08:48:45.101 E/DisplayDeviceConfig( 1524): requesting nits when no mapping exists.
02-17 08:48:45.101 E/DisplayDeviceConfig( 1524): requesting nits when no mapping exists.
02-17 08:48:45.101 I/am_wtf ( 1524): [0,1524,system_server,-1,DisplayDeviceConfig,requesting nits when no mapping exists.]
02-17 08:48:45.102 I/am_wtf ( 1524): [0,1524,system_server,-1,DisplayDeviceConfig,requesting nits when no mapping exists.]
02-17 08:48:45.117 E/DisplayDeviceConfig( 1524): requesting nits when no mapping exists.
02-17 08:48:45.118 E/DisplayDeviceConfig( 1524): requesting nits when no mapping exists.
02-17 08:48:45.118 I/am_wtf ( 1524): [0,1524,system_server,-1,DisplayDeviceConfig,requesting nits when no mapping exists.]
02-17 08:48:45.123 I/am_wtf ( 1524): [0,1524,system_server,-1,DisplayDeviceConfig,requesting nits when no mapping exists.]
02-17 08:48:45.134 E/DisplayDeviceConfig( 1524): requesting nits when no mapping exists.
02-17 08:48:45.135 I/am_wtf ( 1524): [0,1524,system_server,-1,DisplayDeviceConfig,requesting nits when no mapping exists.]
02-17 08:48:45.135 E/DisplayDeviceConfig( 1524): requesting nits when no mapping exists.
02-17 08:48:45.135 I/am_wtf ( 1524): [0,1524,system_server,-1,DisplayDeviceConfig,requesting nits when no mapping exists.]
02-17 08:48:45.151 E/DisplayDeviceConfig( 1524): requesting nits when no mapping exists.
02-17 08:48:45.151 I/am_wtf ( 1524): [0,1524,system_server,-1,DisplayDeviceConfig,requesting nits when no mapping exists.]
02-17 08:48:45.151 E/DisplayDeviceConfig( 1524): requesting nits when no mapping exists.
02-17 08:48:45.152 I/am_wtf ( 1524): [0,1524,system_server,-1,DisplayDeviceConfig,requesting nits when no mapping exists.]
02-17 08:48:45.167 E/DisplayDeviceConfig( 1524): requesting nits when no mapping exists.
02-17 08:48:45.168 E/DisplayDeviceConfig( 1524): requesting nits when no mapping exists.
02-17 08:48:45.168 I/am_wtf ( 1524): [0,1524,system_server,-1,DisplayDeviceConfig,requesting nits when no mapping exists.]
02-17 08:48:45.174 I/am_wtf ( 1524): [0,1524,system_server,-1,DisplayDeviceConfig,requesting nits when no mapping exists.]
02-17 08:48:45.184 E/DisplayDeviceConfig( 1524): requesting nits when no mapping exists.
02-17 08:48:45.185 E/DisplayDeviceConfig( 1524): requesting nits when no mapping exists.
02-17 08:48:45.185 I/am_wtf ( 1524): [0,1524,system_server,-1,DisplayDeviceConfig,requesting nits when no mapping exists.]
02-17 08:48:45.185 I/am_wtf ( 1524): [0,1524,system_server,-1,DisplayDeviceConfig,requesting nits when no mapping exists.]
02-17 08:48:45.201 E/DisplayDeviceConfig( 1524): requesting nits when no mapping exists.
02-17 08:48:45.201 E/DisplayDeviceConfig( 1524): requesting nits when no mapping exists.
02-17 08:48:45.201 I/am_wtf ( 1524): [0,1524,system_server,-1,DisplayDeviceConfig,requesting nits when no mapping exists.]
02-17 08:48:45.202 I/am_wtf ( 1524): [0,1524,system_server,-1,DisplayDeviceConfig,requesting nits when no mapping exists.]
02-17 08:48:45.218 E/DisplayDeviceConfig( 1524): requesting nits when no mapping exists.
02-17 08:48:45.218 E/DisplayDeviceConfig( 1524): requesting nits when no mapping exists.
02-17 08:48:45.218 I/am_wtf ( 1524): [0,1524,system_server,-1,DisplayDeviceConfig,requesting nits when no mapping exists.]
02-17 08:48:45.223 I/am_wtf ( 1524): [0,1524,system_server,-1,DisplayDeviceConfig,requesting nits when no mapping exists.]
02-17 08:48:45.234 E/DisplayDeviceConfig( 1524): requesting nits when no mapping exists.
02-17 08:48:45.235 I/am_wtf ( 1524): [0,1524,system_server,-1,DisplayDeviceConfig,requesting nits when no mapping exists.]
02-17 08:48:45.235 E/DisplayDeviceConfig( 1524): requesting nits when no mapping exists.
02-17 08:48:45.235 I/am_wtf ( 1524): [0,1524,system_server,-1,DisplayDeviceConfig,requesting nits when no mapping exists.]
02-17 08:48:45.251 E/DisplayDeviceConfig( 1524): requesting nits when no mapping exists.
02-17 08:48:45.251 E/DisplayDeviceConfig( 1524): requesting nits when no mapping exists.
02-17 08:48:45.251 I/am_wtf ( 1524): [0,1524,system_server,-1,DisplayDeviceConfig,requesting nits when no mapping exists.]
02-17 08:48:45.252 I/am_wtf ( 1524): [0,1524,system_server,-1,DisplayDeviceConfig,requesting nits when no mapping exists.]
02-17 08:48:45.678 I/input_interaction( 1524): Interaction with: febc086 NotificationShade (server), edge-swipe (server), swipe-up (server), PointerEventDispatcher0 (server),
01-01 12:59:25.885 E/DTC_ETH,link_delay_work_func( 0): 3003, SQI=0, link=0
02-17 08:48:45.935 I/auditd ( 0): type=1400 audit(0.0:19397): avc: denied { kill } for comm="swapper/0" capability=5 scontext=u:r:kernel:s0 tcontext=u:r:kernel:s0 tclass=capability permissive=0
02-17 08:48:46.106 I/GameModeConfig( 1524): isGameModeOn = false
02-17 08:48:46.106 I/GameModeConfig( 1524): isGameModeOn = false
02-17 08:48:46.107 I/GameModeConfig( 1524): isGameModeOn = false
02-17 08:48:46.107 I/GameModeConfig( 1524): isGameModeOn = false
02-17 08:48:46.107 I/GameModeConfig( 1524): isGameModeOn = false
02-17 08:48:46.107 I/GameModeConfig( 1524): isGameModeOn = false
02-17 08:48:46.108 I/sysui_multi_action( 1999): [757,111,758,2]
02-17 08:48:46.109 I/sysui_multi_action( 1999): [757,111,758,2]
02-17 08:48:46.111 I/notification_enqueue( 1524): [10080,1999,com.android.systemui,2048,NULL,0,Notification(channel=updateNotification shortcut=null contentView=null vibrate=null sound=null defaults=0x0 flags=0x0 color=0x00000000 vis=PRIVATE),1]
02-17 08:48:46.313 I/GameModeConfig( 1524): isGameModeOn = false
02-17 08:48:46.326 I/input_focus( 1524): [Focus request 321be4b com.android.launcher3/com.android.launcher3.uioverrides.QuickstepLauncher,reason=UpdateInputWindows]
02-17 08:48:46.331 I/sysui_multi_action( 1524): [757,128,758,2,793,16750942,794,1953,795,16750942,796,26,798,0,806,android,857,DEVELOPER_IMPORTANT,858,4,947,0,1395,3,1500,16750735,1688,1]
02-17 08:48:46.332 I/notification_visibility( 1524): [-1|android|26|null|1000,0,16750942,16750942,0,0]
02-17 08:48:46.332 I/sysui_multi_action( 1524): [757,128,758,2,793,1983866,794,1954,795,1983866,796,4273,798,1,806,com.android.systemui,857,screen_record,858,3,947,0,1395,3,1500,1983662,1688,1,1745,680407814]
02-17 08:48:46.332 I/notification_visibility( 1524): [0|com.android.systemui|4273|null|10080,0,1983866,1983866,0,1]
02-17 08:48:46.333 I/sysui_multi_action( 1524): [757,128,758,2,793,17952878,794,1954,795,17952878,796,32,798,2,806,android,857,USB,858,1,947,0,1395,3,1500,17952446,1688,1]
02-17 08:48:46.333 I/notification_visibility( 1524): [-1|android|32|null|1000,0,17952878,17952878,0,2]
02-17 08:48:46.334 I/sysui_multi_action( 1524): [757,127,758,2]
02-17 08:48:46.334 I/notification_panel_hidden( 1524):
02-17 08:48:46.355 I/input_focus( 1524): [Focus leaving febc086 NotificationShade (server),reason=NO_WINDOW]
02-17 08:48:46.356 I/input_focus( 1524): [Focus entering 321be4b com.android.launcher3/com.android.launcher3.uioverrides.QuickstepLauncher (server),reason=setFocusedWindow]
02-17 08:48:46.700 I/input_interaction( 1524): Interaction with: 321be4b com.android.launcher3/com.android.launcher3.uioverrides.QuickstepLauncher (server), 8f82c51 com.android.systemui.ImageWallpaper (server), edge-swipe (server), swipe-up (server), PointerEventDispatcher0 (server),
02-17 08:48:46.743 W/FreeFormWindowHelper( 1524): Current Display FreeFormTask is null
02-17 08:48:46.744 W/FreeFormWindowHelper( 1524): Current Display FreeFormTask is null
02-17 08:48:46.744 W/FreeFormWindowHelper( 1524): Current Display FreeFormTask is null
02-17 08:48:46.759 W/FreeFormWindowHelper( 1524): Current Display FreeFormTask is null
02-17 08:48:46.759 W/FreeFormWindowHelper( 1524): Current Display FreeFormTask is null
02-17 08:48:46.760 I/view_enqueue_input_event( 2568): [Motion - Cancel,com.android.launcher3/com.android.launcher3.uioverrides.QuickstepLauncher]
02-17 08:48:46.760 W/FreeFormWindowHelper( 1524): Current Display FreeFormTask is null
02-17 08:48:46.762 W/FreeFormWindowHelper( 1524): Current Display FreeFormTask is null
02-17 08:48:46.762 W/FreeFormWindowHelper( 1524): Current Display FreeFormTask is null
02-17 08:48:46.767 I/input_interaction( 1524): Interaction with: edge-swipe (server), swipe-up (server), PointerEventDispatcher0 (server),
02-17 08:48:46.771 W/FreeFormWindowHelper( 1524): Current Display FreeFormTask is null
02-17 08:48:46.772 W/FreeFormWindowHelper( 1524): Current Display FreeFormTask is null
02-17 08:48:46.788 W/FreeFormWindowHelper( 1524): Current Display FreeFormTask is null
02-17 08:48:46.788 W/FreeFormWindowHelper( 1524): Current Display FreeFormTask is null
02-17 08:48:46.805 W/FreeFormWindowHelper( 1524): Current Display FreeFormTask is null
02-17 08:48:46.805 W/FreeFormWindowHelper( 1524): Current Display FreeFormTask is null
02-17 08:48:46.935 I/auditd ( 0): type=1400 audit(0.0:19398): avc: denied { kill } for comm="swapper/0" capability=5 scontext=u:r:kernel:s0 tcontext=u:r:kernel:s0 tclass=capability permissive=0
02-17 08:48:46.947 I/commit_sys_config_file( 1524): [settings-1-0,4]
02-17 08:48:47.212 W/FreeFormWindowHelper( 1524): Current Display FreeFormTask is null
02-17 08:48:47.212 W/FreeFormWindowHelper( 1524): Current Display FreeFormTask is null
02-17 08:48:47.225 W/FreeFormWindowHelper( 1524): Current Display FreeFormTask is null
02-17 08:48:47.226 W/FreeFormWindowHelper( 1524): Current Display FreeFormTask is null
02-17 08:48:47.241 W/FreeFormWindowHelper( 1524): Current Display FreeFormTask is null
02-17 08:48:47.241 W/FreeFormWindowHelper( 1524): Current Display FreeFormTask is null
02-17 08:48:47.257 W/FreeFormWindowHelper( 1524): Current Display FreeFormTask is null
02-17 08:48:47.257 W/FreeFormWindowHelper( 1524): Current Display FreeFormTask is null
02-17 08:48:47.274 W/FreeFormWindowHelper( 1524): Current Display FreeFormTask is null
02-17 08:48:47.274 W/FreeFormWindowHelper( 1524): Current Display FreeFormTask is null
02-17 08:48:47.291 W/FreeFormWindowHelper( 1524): Current Display FreeFormTask is null
02-17 08:48:47.291 W/FreeFormWindowHelper( 1524): Current Display FreeFormTask is null
02-17 08:48:47.307 W/FreeFormWindowHelper( 1524): Current Display FreeFormTask is null
02-17 08:48:47.307 W/FreeFormWindowHelper( 1524): Current Display FreeFormTask is null
02-17 08:48:47.324 W/FreeFormWindowHelper( 1524): Current Display FreeFormTask is null
02-17 08:48:47.325 W/FreeFormWindowHelper( 1524): Current Display FreeFormTask is null
02-17 08:48:47.341 W/FreeFormWindowHelper( 1524): Current Display FreeFormTask is null
02-17 08:48:47.341 W/FreeFormWindowHelper( 1524): Current Display FreeFormTask is null
02-17 08:48:47.358 W/FreeFormWindowHelper( 1524): Current Display FreeFormTask is null
02-17 08:48:47.358 W/FreeFormWindowHelper( 1524): Current Display FreeFormTask is null
02-17 08:48:47.375 W/FreeFormWindowHelper( 1524): Current Display FreeFormTask is null
02-17 08:48:47.375 W/FreeFormWindowHelper( 1524): Current Display FreeFormTask is null
02-17 08:48:47.391 W/FreeFormWindowHelper( 1524): Current Display FreeFormTask is null
02-17 08:48:47.391 W/FreeFormWindowHelper( 1524): Current Display FreeFormTask is null
02-17 08:48:47.402 I/commit_sys_config_file( 1524): [settings-1-0,3]
02-17 08:48:47.408 W/FreeFormWindowHelper( 1524): Current Display FreeFormTask is null
02-17 08:48:47.408 W/FreeFormWindowHelper( 1524): Current Display FreeFormTask is null
02-17 08:48:47.425 W/FreeFormWindowHelper( 1524): Current Display FreeFormTask is null
02-17 08:48:47.425 W/FreeFormWindowHelper( 1524): Current Display FreeFormTask is null
02-17 08:48:47.441 W/FreeFormWindowHelper( 1524): Current Display FreeFormTask is null
02-17 08:48:47.441 W/FreeFormWindowHelper( 1524): Current Display FreeFormTask is null
02-17 08:48:47.458 W/FreeFormWindowHelper( 1524): Current Display FreeFormTask is null
02-17 08:48:47.458 W/FreeFormWindowHelper( 1524): Current Display FreeFormTask is null
02-17 08:48:47.475 W/FreeFormWindowHelper( 1524): Current Display FreeFormTask is null
02-17 08:48:47.475 W/FreeFormWindowHelper( 1524): Current Display FreeFormTask is null
02-17 08:48:47.492 W/FreeFormWindowHelper( 1524): Current Display FreeFormTask is null
02-17 08:48:47.492 W/FreeFormWindowHelper( 1524): Current Display FreeFormTask is null
02-17 08:48:47.508 W/FreeFormWindowHelper( 1524): Current Display FreeFormTask is null
02-17 08:48:47.509 W/FreeFormWindowHelper( 1524): Current Display FreeFormTask is null
02-17 08:48:47.509 W/FreeFormWindowHelper( 1524): Current Display FreeFormTask is null
02-17 08:48:47.517 W/FreeFormWindowHelper( 1524): Current Display FreeFormTask is null
02-17 08:48:47.517 W/FreeFormWindowHelper( 1524): Current Display FreeFormTask is null
02-17 08:48:47.540 W/FreeFormWindowHelper( 1524): Current Display FreeFormTask is null
02-17 08:48:47.540 W/FreeFormWindowHelper( 1524): Current Display FreeFormTask is null
02-17 08:48:47.573 W/FreeFormWindowHelper( 1524): Current Display FreeFormTask is null
02-17 08:48:47.573 W/FreeFormWindowHelper( 1524): Current Display FreeFormTask is null
02-17 08:48:47.935 I/auditd ( 0): type=1400 audit(0.0:19399): avc: denied { kill } for comm="swapper/0" capability=5 scontext=u:r:kernel:s0 tcontext=u:r:kernel:s0 tclass=capability permissive=0
02-17 08:48:48.066 I/input_interaction( 1524): Interaction with: 321be4b com.android.launcher3/com.android.launcher3.uioverrides.QuickstepLauncher (server), 8f82c51 com.android.systemui.ImageWallpaper (server), edge-swipe (server), swipe-up (server), PointerEventDispatcher0 (server),
02-17 08:48:48.195 W/FreeFormWindowHelper( 1524): Current Display FreeFormTask is null
02-17 08:48:48.195 W/FreeFormWindowHelper( 1524): Current Display FreeFormTask is null
02-17 08:48:48.212 W/FreeFormWindowHelper( 1524): exitRecentTasks type=0
02-17 08:48:48.214 W/FreeFormWindowHelper( 1524): Current Display FreeFormTask is null
02-17 08:48:48.214 W/FreeFormWindowHelper( 1524): Current Display FreeFormTask is null
02-17 08:48:48.935 I/auditd ( 0): type=1400 audit(0.0:19400): avc: denied { kill } for comm="swapper/0" capability=5 scontext=u:r:kernel:s0 tcontext=u:r:kernel:s0 tclass=capability permissive=0
02-17 08:48:49.016 I/service_manager_stats( 1524): [168,101,5585]
02-17 08:48:49.130 W/FreeFormWindowHelper( 1524): Current Display FreeFormTask is null
02-17 08:48:49.131 W/FreeFormWindowHelper( 1524): Current Display FreeFormTask is null
02-17 08:48:49.132 W/FreeFormWindowHelper( 1524): Current Display FreeFormTask is null
02-17 08:48:49.155 I/view_enqueue_input_event( 2568): [Motion - Cancel,com.android.launcher3/com.android.launcher3.uioverrides.QuickstepLauncher]
02-17 08:48:49.156 W/FreeFormWindowHelper( 1524): Current Display FreeFormTask is null
02-17 08:48:49.156 W/FreeFormWindowHelper( 1524): Current Display FreeFormTask is null
02-17 08:48:49.157 W/FreeFormWindowHelper( 1524): Current Display FreeFormTask is null
02-17 08:48:49.159 W/FreeFormWindowHelper( 1524): Current Display FreeFormTask is null
02-17 08:48:49.159 W/FreeFormWindowHelper( 1524): Current Display FreeFormTask is null
02-17 08:48:49.164 W/FreeFormWindowHelper( 1524): Current Display FreeFormTask is null
02-17 08:48:49.164 W/FreeFormWindowHelper( 1524): Current Display FreeFormTask is null
02-17 08:48:49.165 I/input_interaction( 1524): Interaction with: edge-swipe (server), swipe-up (server), PointerEventDispatcher0 (server),
02-17 08:48:49.194 W/FreeFormWindowHelper( 1524): Current Display FreeFormTask is null
02-17 08:48:49.194 W/FreeFormWindowHelper( 1524): Current Display FreeFormTask is null
02-17 08:48:49.211 W/FreeFormWindowHelper( 1524): Current Display FreeFormTask is null
02-17 08:48:49.211 W/FreeFormWindowHelper( 1524): Current Display FreeFormTask is null
02-17 08:48:49.227 W/FreeFormWindowHelper( 1524): Current Display FreeFormTask is null
02-17 08:48:49.228 W/FreeFormWindowHelper( 1524): Current Display FreeFormTask is null
02-17 08:48:49.333 I/commit_sys_config_file( 1524): [settings-1-0,4]
02-17 08:48:49.598 W/FreeFormWindowHelper( 1524): Current Display FreeFormTask is null
02-17 08:48:49.598 W/FreeFormWindowHelper( 1524): Current Display FreeFormTask is null
02-17 08:48:49.614 W/FreeFormWindowHelper( 1524): Current Display FreeFormTask is null
02-17 08:48:49.614 W/FreeFormWindowHelper( 1524): Current Display FreeFormTask is null
02-17 08:48:49.630 W/FreeFormWindowHelper( 1524): Current Display FreeFormTask is null
02-17 08:48:49.631 W/FreeFormWindowHelper( 1524): Current Display FreeFormTask is null
02-17 08:48:49.647 W/FreeFormWindowHelper( 1524): Current Display FreeFormTask is null
02-17 08:48:49.647 W/FreeFormWindowHelper( 1524): Current Display FreeFormTask is null
02-17 08:48:49.669 W/FreeFormWindowHelper( 1524): Current Display FreeFormTask is null
02-17 08:48:49.669 W/FreeFormWindowHelper( 1524): Current Display FreeFormTask is null
02-17 08:48:49.680 W/FreeFormWindowHelper( 1524): Current Display FreeFormTask is null
02-17 08:48:49.681 W/FreeFormWindowHelper( 1524): Current Display FreeFormTask is null
02-17 08:48:49.696 W/FreeFormWindowHelper( 1524): Current Display FreeFormTask is null
02-17 08:48:49.697 W/FreeFormWindowHelper( 1524): Current Display FreeFormTask is null
02-17 08:48:49.714 W/FreeFormWindowHelper( 1524): Current Display FreeFormTask is null
02-17 08:48:49.714 W/FreeFormWindowHelper( 1524): Current Display FreeFormTask is null
02-17 08:48:49.730 W/FreeFormWindowHelper( 1524): Current Display FreeFormTask is null
02-17 08:48:49.730 W/FreeFormWindowHelper( 1524): Current Display FreeFormTask is null
02-17 08:48:49.748 W/FreeFormWindowHelper( 1524): Current Display FreeFormTask is null
02-17 08:48:49.748 W/FreeFormWindowHelper( 1524): Current Display FreeFormTask is null
02-17 08:48:49.764 W/FreeFormWindowHelper( 1524): Current Display FreeFormTask is null
02-17 08:48:49.764 W/FreeFormWindowHelper( 1524): Current Display FreeFormTask is null
02-17 08:48:49.781 W/FreeFormWindowHelper( 1524): Current Display FreeFormTask is null
02-17 08:48:49.782 W/FreeFormWindowHelper( 1524): Current Display FreeFormTask is null
02-17 08:48:49.784 I/commit_sys_config_file( 1524): [settings-1-0,4]
02-17 08:48:49.798 W/FreeFormWindowHelper( 1524): Current Display FreeFormTask is null
02-17 08:48:49.798 W/FreeFormWindowHelper( 1524): Current Display FreeFormTask is null
02-17 08:48:49.814 W/FreeFormWindowHelper( 1524): Current Display FreeFormTask is null
02-17 08:48:49.814 W/FreeFormWindowHelper( 1524): Current Display FreeFormTask is null
02-17 08:48:49.830 W/FreeFormWindowHelper( 1524): Current Display FreeFormTask is null
02-17 08:48:49.831 W/FreeFormWindowHelper( 1524): Current Display FreeFormTask is null
02-17 08:48:49.848 W/FreeFormWindowHelper( 1524): Current Display FreeFormTask is null
02-17 08:48:49.848 W/FreeFormWindowHelper( 1524): Current Display FreeFormTask is null
02-17 08:48:49.864 W/FreeFormWindowHelper( 1524): Current Display FreeFormTask is null
02-17 08:48:49.865 W/FreeFormWindowHelper( 1524): Current Display FreeFormTask is null
02-17 08:48:49.882 W/FreeFormWindowHelper( 1524): Current Display FreeFormTask is null
02-17 08:48:49.883 W/FreeFormWindowHelper( 1524): Current Display FreeFormTask is null
02-17 08:48:49.899 W/FreeFormWindowHelper( 1524): Current Display FreeFormTask is null
02-17 08:48:49.899 W/FreeFormWindowHelper( 1524): Current Display FreeFormTask is null
02-17 08:48:49.899 W/FreeFormWindowHelper( 1524): Current Display FreeFormTask is null
02-17 08:48:49.911 W/FreeFormWindowHelper( 1524): Current Display FreeFormTask is null
02-17 08:48:49.911 W/FreeFormWindowHelper( 1524): Current Display FreeFormTask is null
02-17 08:48:49.935 I/auditd ( 0): type=1400 audit(0.0:19401): avc: denied { kill } for comm="swapper/0" capability=5 scontext=u:r:kernel:s0 tcontext=u:r:kernel:s0 tclass=capability permissive=0
02-17 08:48:49.946 W/FreeFormWindowHelper( 1524): Current Display FreeFormTask is null
02-17 08:48:49.946 W/FreeFormWindowHelper( 1524): Current Display FreeFormTask is null
02-17 08:48:49.962 W/FreeFormWindowHelper( 1524): Current Display FreeFormTask is null
02-17 08:48:49.963 W/FreeFormWindowHelper( 1524): Current Display FreeFormTask is null
02-17 08:48:50.246 I/input_interaction( 1524): Interaction with: 321be4b com.android.launcher3/com.android.launcher3.uioverrides.QuickstepLauncher (server), 8f82c51 com.android.systemui.ImageWallpaper (server), edge-swipe (server), swipe-up (server), PointerEventDispatcher0 (server),
02-17 08:48:50.380 W/FreeFormWindowHelper( 1524): Current Display FreeFormTask is null
02-17 08:48:50.380 W/FreeFormWindowHelper( 1524): Current Display FreeFormTask is null
02-17 08:48:50.389 W/FreeFormWindowHelper( 1524): exitRecentTasks type=0
02-17 08:48:50.397 W/FreeFormWindowHelper( 1524): Current Display FreeFormTask is null
02-17 08:48:50.397 W/FreeFormWindowHelper( 1524): Current Display FreeFormTask is null
01-01 12:59:31.005 E/DTC_ETH,link_delay_work_func( 0): 3003, SQI=0, link=0
02-17 08:48:50.935 I/auditd ( 0): type=1400 audit(0.0:19402): avc: denied { kill } for comm="swapper/0" capability=5 scontext=u:r:kernel:s0 tcontext=u:r:kernel:s0 tclass=capability permissive=0
02-17 08:48:51.168 I/am_uid_idle( 1524): 10062
02-17 08:48:51.236 W/FreeFormWindowHelper( 1524): Current Display FreeFormTask is null
02-17 08:48:51.237 W/FreeFormWindowHelper( 1524): Current Display FreeFormTask is null
02-17 08:48:51.239 W/FreeFormWindowHelper( 1524): Current Display FreeFormTask is null
02-17 08:48:51.254 I/view_enqueue_input_event( 2568): [Motion - Cancel,com.android.launcher3/com.android.launcher3.uioverrides.QuickstepLauncher]
02-17 08:48:51.255 W/FreeFormWindowHelper( 1524): Current Display FreeFormTask is null
02-17 08:48:51.255 W/FreeFormWindowHelper( 1524): Current Display FreeFormTask is null
02-17 08:48:51.256 W/FreeFormWindowHelper( 1524): Current Display FreeFormTask is null
02-17 08:48:51.257 W/FreeFormWindowHelper( 1524): Current Display FreeFormTask is null
02-17 08:48:51.257 W/FreeFormWindowHelper( 1524): Current Display FreeFormTask is null
02-17 08:48:51.261 I/input_interaction( 1524): Interaction with: edge-swipe (server), swipe-up (server), PointerEventDispatcher0 (server),
02-17 08:48:51.265 W/FreeFormWindowHelper( 1524): Current Display FreeFormTask is null
02-17 08:48:51.266 W/FreeFormWindowHelper( 1524): Current Display FreeFormTask is null
02-17 08:48:51.299 W/FreeFormWindowHelper( 1524): Current Display FreeFormTask is null
02-17 08:48:51.300 W/FreeFormWindowHelper( 1524): Current Display FreeFormTask is null
02-17 08:48:51.316 W/FreeFormWindowHelper( 1524): Current Display FreeFormTask is null
02-17 08:48:51.316 W/FreeFormWindowHelper( 1524): Current Display FreeFormTask is null
02-17 08:48:51.438 I/commit_sys_config_file( 1524): [settings-1-0,3]
02-17 08:48:51.678 W/FreeFormWindowHelper( 1524): Current Display FreeFormTask is null
02-17 08:48:51.678 W/FreeFormWindowHelper( 1524): Current Display FreeFormTask is null
02-17 08:48:51.685 W/FreeFormWindowHelper( 1524): Current Display FreeFormTask is null
02-17 08:48:51.685 W/FreeFormWindowHelper( 1524): Current Display FreeFormTask is null
02-17 08:48:51.702 W/FreeFormWindowHelper( 1524): Current Display FreeFormTask is null
02-17 08:48:51.702 W/FreeFormWindowHelper( 1524): Current Display FreeFormTask is null
02-17 08:48:51.718 W/FreeFormWindowHelper( 1524): Current Display FreeFormTask is null
02-17 08:48:51.718 W/FreeFormWindowHelper( 1524): Current Display FreeFormTask is null
02-17 08:48:51.735 W/FreeFormWindowHelper( 1524): Current Display FreeFormTask is null
02-17 08:48:51.735 W/FreeFormWindowHelper( 1524): Current Display FreeFormTask is null
02-17 08:48:51.760 W/FreeFormWindowHelper( 1524): Current Display FreeFormTask is null
02-17 08:48:51.760 W/FreeFormWindowHelper( 1524): Current Display FreeFormTask is null
02-17 08:48:51.769 W/FreeFormWindowHelper( 1524): Current Display FreeFormTask is null
02-17 08:48:51.769 W/FreeFormWindowHelper( 1524): Current Display FreeFormTask is null
02-17 08:48:51.785 W/FreeFormWindowHelper( 1524): Current Display FreeFormTask is null
02-17 08:48:51.785 W/FreeFormWindowHelper( 1524): Current Display FreeFormTask is null
02-17 08:48:51.802 W/FreeFormWindowHelper( 1524): Current Display FreeFormTask is null
02-17 08:48:51.802 W/FreeFormWindowHelper( 1524): Current Display FreeFormTask is null
02-17 08:48:51.819 W/FreeFormWindowHelper( 1524): Current Display FreeFormTask is null
02-17 08:48:51.819 W/FreeFormWindowHelper( 1524): Current Display FreeFormTask is null
02-17 08:48:51.837 W/FreeFormWindowHelper( 1524): Current Display FreeFormTask is null
02-17 08:48:51.837 W/FreeFormWindowHelper( 1524): Current Display FreeFormTask is null
02-17 08:48:51.852 W/FreeFormWindowHelper( 1524): Current Display FreeFormTask is null
02-17 08:48:51.852 W/FreeFormWindowHelper( 1524): Current Display FreeFormTask is null
02-17 08:48:51.869 W/FreeFormWindowHelper( 1524): Current Display FreeFormTask is null
02-17 08:48:51.869 W/FreeFormWindowHelper( 1524): Current Display FreeFormTask is null
02-17 08:48:51.874 I/commit_sys_config_file( 1524): [settings-1-0,9]
02-17 08:48:51.886 W/FreeFormWindowHelper( 1524): Current Display FreeFormTask is null
02-17 08:48:51.886 W/FreeFormWindowHelper( 1524): Current Display FreeFormTask is null
02-17 08:48:51.903 W/FreeFormWindowHelper( 1524): Current Display FreeFormTask is null
02-17 08:48:51.903 W/FreeFormWindowHelper( 1524): Current Display FreeFormTask is null
02-17 08:48:51.919 W/FreeFormWindowHelper( 1524): Current Display FreeFormTask is null
02-17 08:48:51.920 W/FreeFormWindowHelper( 1524): Current Display FreeFormTask is null
02-17 08:48:51.936 W/FreeFormWindowHelper( 1524): Current Display FreeFormTask is null
02-17 08:48:51.936 W/FreeFormWindowHelper( 1524): Current Display FreeFormTask is null
02-17 08:48:51.935 I/auditd ( 0): type=1400 audit(0.0:19403): avc: denied { kill } for comm="swapper/0" capability=5 scontext=u:r:kernel:s0 tcontext=u:r:kernel:s0 tclass=capability permissive=0
02-17 08:48:51.953 W/FreeFormWindowHelper( 1524): Current Display FreeFormTask is null
02-17 08:48:51.954 W/FreeFormWindowHelper( 1524): Current Display FreeFormTask is null
02-17 08:48:51.971 W/FreeFormWindowHelper( 1524): Current Display FreeFormTask is null
02-17 08:48:51.971 W/FreeFormWindowHelper( 1524): Current Display FreeFormTask is null
02-17 08:48:51.971 W/FreeFormWindowHelper( 1524): Current Display FreeFormTask is null
02-17 08:48:51.980 W/FreeFormWindowHelper( 1524): Current Display FreeFormTask is null
02-17 08:48:51.980 W/FreeFormWindowHelper( 1524): Current Display FreeFormTask is null
02-17 08:48:52.017 W/FreeFormWindowHelper( 1524): Current Display FreeFormTask is null
02-17 08:48:52.017 W/FreeFormWindowHelper( 1524): Current Display FreeFormTask is null
02-17 08:48:52.034 W/FreeFormWindowHelper( 1524): Current Display FreeFormTask is null
02-17 08:48:52.034 W/FreeFormWindowHelper( 1524): Current Display FreeFormTask is null
02-17 08:48:52.291 I/input_interaction( 1524): Interaction with: 321be4b com.android.launcher3/com.android.launcher3.uioverrides.QuickstepLauncher (server), 8f82c51 com.android.systemui.ImageWallpaper (server), edge-swipe (server), swipe-up (server), PointerEventDispatcher0 (server),
02-17 08:48:52.404 W/FreeFormWindowHelper( 1524): Current Display FreeFormTask is null
02-17 08:48:52.404 W/FreeFormWindowHelper( 1524): Current Display FreeFormTask is null
02-17 08:48:52.412 W/FreeFormWindowHelper( 1524): exitRecentTasks type=0
02-17 08:48:52.418 W/FreeFormWindowHelper( 1524): Current Display FreeFormTask is null
02-17 08:48:52.419 W/FreeFormWindowHelper( 1524): Current Display FreeFormTask is null
02-17 08:48:52.935 I/auditd ( 0): type=1400 audit(0.0:19404): avc: denied { kill } for comm="swapper/0" capability=5 scontext=u:r:kernel:s0 tcontext=u:r:kernel:s0 tclass=capability permissive=0
02-17 08:48:53.935 I/auditd ( 0): type=1400 audit(0.0:19405): avc: denied { kill } for comm="swapper/0" capability=5 scontext=u:r:kernel:s0 tcontext=u:r:kernel:s0 tclass=capability permissive=0
02-17 08:48:54.935 I/auditd ( 0): type=1400 audit(0.0:19406): avc: denied { kill } for comm="swapper/0" capability=5 scontext=u:r:kernel:s0 tcontext=u:r:kernel:s0 tclass=capability permissive=0
02-17 08:48:55.939 I/auditd ( 0): type=1400 audit(0.0:19407): avc: denied { kill } for comm="swapper/0" capability=5 scontext=u:r:kernel:s0 tcontext=u:r:kernel:s0 tclass=capability permissive=0
01-01 12:59:36.125 E/DTC_ETH,link_delay_work_func( 0): 3003, SQI=0, link=0
02-17 08:48:56.349 I/GameModeConfig( 1524): isGameModeOn = false
02-17 08:48:56.935 I/auditd ( 0): type=1400 audit(0.0:19408): avc: denied { kill } for comm="swapper/0" capability=5 scontext=u:r:kernel:s0 tcontext=u:r:kernel:s0 tclass=capability permissive=0
02-17 08:48:57.939 I/auditd ( 0): type=1400 audit(0.0:19409): avc: denied { kill } for comm="swapper/0" capability=5 scontext=u:r:kernel:s0 tcontext=u:r:kernel:s0 tclass=capability permissive=0
02-17 08:48:58.935 I/auditd ( 0): type=1400 audit(0.0:19410): avc: denied { kill } for comm="swapper/0" capability=5 scontext=u:r:kernel:s0 tcontext=u:r:kernel:s0 tclass=capability permissive=0
02-17 08:48:59.939 I/auditd ( 0): type=1400 audit(0.0:19411): avc: denied { kill } for comm="swapper/0" capability=5 scontext=u:r:kernel:s0 tcontext=u:r:kernel:s0 tclass=capability permissive=0
02-17 08:49:00.939 I/auditd ( 0): type=1400 audit(0.0:19412): avc: denied { kill } for comm="swapper/0" capability=5 scontext=u:r:kernel:s0 tcontext=u:r:kernel:s0 tclass=capability permissive=0
01-01 12:59:41.245 E/DTC_ETH,link_delay_work_func( 0): 3003, SQI=0, link=0
02-17 08:49:01.935 I/auditd ( 0): type=1400 audit(0.0:19413): avc: denied { kill } for comm="swapper/0" capability=5 scontext=u:r:kernel:s0 tcontext=u:r:kernel:s0 tclass=capability permissive=0
02-17 08:49:02.939 I/auditd (19135): type=1400 audit(0.0:19414): avc: denied { kill } for comm="kworker/u16:14" capability=5 scontext=u:r:kernel:s0 tcontext=u:r:kernel:s0 tclass=capability permissive=0
