02-22 01:13:13.025 I/am_proc_bound( 1521): [0,3532,com.android.music]
02-22 01:13:13.026 I/am_uid_active( 1521): 10087
02-22 01:13:13.074 I/am_uid_running( 1521): 10059
02-22 01:13:13.080 I/am_proc_start( 1521): [0,3548,10059,com.android.onetimeinitializer,broadcast,{com.android.onetimeinitializer/com.android.onetimeinitializer.OneTimeInitializerReceiver}]
02-22 01:13:13.089 I/am_proc_bound( 1521): [0,3548,com.android.onetimeinitializer]
02-22 01:13:13.090 I/am_uid_active( 1521): 10059
02-22 01:13:13.120 I/am_uid_running( 1521): 10022
02-22 01:13:13.126 I/am_proc_start( 1521): [0,3565,10022,com.android.packageinstaller,broadcast,{com.android.packageinstaller/com.android.packageinstaller.TemporaryFileManager}]
02-22 01:13:13.135 I/am_proc_bound( 1521): [0,3565,com.android.packageinstaller]
02-22 01:13:13.137 I/am_uid_active( 1521): 10022
02-22 01:13:13.169 I/am_uid_running( 1521): 10092
02-22 01:13:13.175 I/am_proc_start( 1521): [0,3580,10092,com.android.permissioncontroller,broadcast,{com.android.permissioncontroller/com.android.permissioncontroller.permission.service.LocationAccessCheck$SetupPeriodicBackgroundLocationAccessCheck}]
02-22 01:13:13.183 I/am_proc_bound( 1521): [0,3580,com.android.permissioncontroller]
02-22 01:13:13.185 I/am_uid_active( 1521): 10092
02-22 01:13:13.258 I/am_uid_running( 1521): 10026
02-22 01:13:13.263 I/am_proc_start( 1521): [0,3596,10026,com.android.providers.calendar,broadcast,{com.android.providers.calendar/com.android.providers.calendar.CalendarReceiver}]
02-22 01:13:13.272 I/am_proc_bound( 1521): [0,3596,com.android.providers.calendar]
02-22 01:13:13.273 I/am_uid_active( 1521): 10026
02-22 01:13:13.281 I/sysui_multi_action( 1521): [757,128,758,1,793,4339,794,0,795,4339,796,26,798,0,806,android,857,DEVELOPER_IMPORTANT,858,4,947,0,1395,2,1500,3969,1688,1]
02-22 01:13:13.281 I/sysui_multi_action( 1521): [757,804,799,note_freshness,801,4339,802,1]
02-22 01:13:13.281 I/notification_visibility( 1521): [-1|android|26|null|1000,1,4339,4339,0,0]
02-22 01:13:13.281 I/sysui_multi_action( 1521): [757,128,758,2,793,4901,794,500,795,4901,796,32,798,1,806,android,857,USB,858,1,947,0,1395,2,1500,4646,1688,1]
02-22 01:13:13.281 I/notification_visibility( 1521): [-1|android|32|null|1000,0,4901,4901,0,1]
02-22 01:13:13.348 I/am_uid_running( 1521): 2000
02-22 01:13:13.354 I/am_proc_start( 1521): [0,3618,2000,com.android.shell,broadcast,{com.android.shell/com.android.shell.HeapDumpReceiver}]
02-22 01:13:13.362 I/am_proc_bound( 1521): [0,3618,com.android.shell]
02-22 01:13:13.363 I/am_uid_active( 1521): 2000
02-22 01:13:13.403 I/am_uid_running( 1521): 10079
02-22 01:13:13.409 I/am_proc_start( 1521): [0,3634,10079,com.qti.ltebc,broadcast,{com.qti.ltebc/com.qualcomm.ltebc.LTEBroadcastBootReceiver}]
02-22 01:13:13.417 I/am_proc_bound( 1521): [0,3634,com.qti.ltebc]
02-22 01:13:13.419 I/am_uid_active( 1521): 10079
02-22 01:13:13.535 I/auditd ( 3673): type=1400 audit(0.0:282): avc: denied { read } for comm="cat" name="address" dev="sysfs" ino=61794 scontext=u:r:platform_app:s0:c512,c768 tcontext=u:object_r:sysfs:s0 tclass=file permissive=0 app=com.hht.lebocast
02-22 01:13:13.759 I/am_uid_running( 1521): 10058
02-22 01:13:13.762 I/am_proc_start( 1521): [0,3680,10058,com.qualcomm.qti.qms.service.connectionsecurity,broadcast,{com.qualcomm.qti.qms.service.connectionsecurity/com.qualcomm.qti.qms.service.connectionsecurity.ConnSecBroadcastReceiver}]
02-22 01:13:13.765 I/am_proc_died( 1521): [0,3634,com.qti.ltebc,905,19]
02-22 01:13:13.765 I/am_uid_stopped( 1521): 10079
02-22 01:13:13.766 I/am_uid_active( 1521): 10058
02-22 01:13:13.771 I/am_proc_bound( 1521): [0,3680,com.qualcomm.qti.qms.service.connectionsecurity]
02-22 01:13:13.794 I/liblog ( 1317): 250
02-22 01:13:13.794 I/liblog ( 1317): 2
02-22 01:13:13.794 I/liblog ( 1317): 2
02-22 01:13:13.794 I/liblog ( 1317): 2
02-22 01:13:13.794 I/liblog ( 1317): 1
02-22 01:13:13.794 I/liblog ( 1317): 4
02-22 01:13:13.794 I/liblog ( 1317): 2
02-22 01:13:13.794 I/liblog ( 1317): 1
02-22 01:13:13.794 I/liblog ( 1317): 2
02-22 01:13:13.794 I/liblog ( 1317): 1
02-22 01:13:13.794 I/liblog ( 1317): 1
02-22 01:13:13.794 I/liblog ( 1317): 2
02-22 01:13:13.794 I/liblog ( 1317): 2
02-22 01:13:13.794 I/liblog ( 1317): 1
02-22 01:13:13.794 I/liblog ( 1317): 1
02-22 01:13:13.794 I/liblog ( 1317): 1
02-22 01:13:13.794 I/liblog ( 1317): 1
02-22 01:13:13.794 I/liblog ( 1317): 1
02-22 01:13:13.794 I/liblog ( 1317): 2
02-22 01:13:13.794 I/liblog ( 1317): 1
02-22 01:13:13.794 I/liblog ( 1317): 1
02-22 01:13:13.794 I/liblog ( 1317): 1
02-22 01:13:13.794 I/liblog ( 1317): 2
02-22 01:13:13.794 I/liblog ( 1317): 2
02-22 01:13:13.794 I/liblog ( 1317): 1
02-22 01:13:13.794 I/liblog ( 1317): 1
02-22 01:13:13.794 I/liblog ( 1317): 1
02-22 01:13:13.794 I/liblog ( 1317): 1
02-22 01:13:13.794 I/liblog ( 1317): 1
02-22 01:13:13.794 I/liblog ( 1317): 3
02-22 01:13:13.794 I/liblog ( 1317): 1
02-22 01:13:13.794 I/liblog ( 1317): 1
02-22 01:13:13.825 I/am_uid_running( 1521): 10033
02-22 01:13:13.830 I/am_proc_start( 1521): [0,3708,10033,com.android.externalstorage,broadcast,{com.android.externalstorage/com.android.externalstorage.MountReceiver}]
02-22 01:13:13.842 I/am_proc_bound( 1521): [0,3708,com.android.externalstorage]
02-22 01:13:13.857 I/notification_enqueue( 1521): [1000,1521,android,17303299,com.android.wifi,0,Notification(channel=NETWORK_AVAILABLE shortcut=null contentView=null vibrate=null sound=null tick defaults=0x0 flags=0x100 color=0x00000000 actions=2 vis=PRIVATE),0]
02-22 01:13:13.888 I/am_uid_running( 1521): 10079
02-22 01:13:13.895 I/am_proc_start( 1521): [0,3734,10079,com.qti.ltebc,broadcast,{com.qti.ltebc/com.qualcomm.ltebc.LTEBroadcastReceiver}]
02-22 01:13:13.904 I/am_proc_bound( 1521): [0,3734,com.qti.ltebc]
02-22 01:13:13.906 I/am_uid_active( 1521): 10079
02-22 01:13:14.057 I/sysui_multi_action( 1521): [757,1501,758,1,793,201,794,0,795,201,796,17303299,797,com.android.wifi,806,android,857,NETWORK_AVAILABLE,858,2,947,0,1500,0,1688,1]
02-22 01:13:14.057 I/sysui_multi_action( 1521): [757,804,799,note_interruptive,801,0,802,1]
02-22 01:13:14.195 I/am_proc_died( 1521): [0,3734,com.qti.ltebc,0,11]
02-22 01:13:14.195 I/am_broadcast_discard_app( 1521): [0,193467262,android.intent.action.MEDIA_MOUNTED,2,ResolveInfo{ba7f4f2 com.qti.ltebc/com.qualcomm.ltebc.LTEBroadcastReceiver m=0x208000}]
02-22 01:13:14.195 I/am_uid_stopped( 1521): 10079
02-22 01:13:14.205 I/am_uid_running( 1521): 10079
02-22 01:13:14.210 I/am_proc_start( 1521): [0,3761,10079,com.qti.ltebc,broadcast,{com.qti.ltebc/com.qualcomm.ltebc.LTEBroadcastReceiver}]
02-22 01:13:14.217 I/am_proc_bound( 1521): [0,3761,com.qti.ltebc]
02-22 01:13:14.218 I/am_uid_active( 1521): 10079
02-22 01:13:14.505 I/am_proc_died( 1521): [0,3761,com.qti.ltebc,0,11]
02-22 01:13:14.505 I/am_broadcast_discard_app( 1521): [0,171778496,android.intent.action.MEDIA_MOUNTED,2,ResolveInfo{2fee2ee com.qti.ltebc/com.qualcomm.ltebc.LTEBroadcastReceiver m=0x208000}]
02-22 01:13:14.505 I/am_uid_stopped( 1521): 10079
02-22 01:13:15.778 I/sysui_multi_action( 1521): [757,1717,758,1,759,0]
02-22 01:13:15.779 I/sysui_multi_action( 1521): [757,1717,758,2,759,0]
02-22 01:13:15.779 I/sysui_multi_action( 1521): [757,1717,758,3,759,0]
02-22 01:13:16.290 I/commit_sys_config_file( 1521): [package-user-0,2]
02-22 01:13:16.290 I/commit_sys_config_file( 1521): [package,51]
02-22 01:13:17.715 I/commit_sys_config_file( 1521): [appops,5]
02-22 01:13:18.476 I/sysui_heads_up_status( 1972): [-1|android|26|null|1000,0]
02-22 01:13:18.751 I/am_uid_running( 1521): 10079
02-22 01:13:18.762 I/am_proc_start( 1521): [0,3811,10079,com.qti.ltebc,broadcast,{com.qti.ltebc/com.qualcomm.ltebc.LTEBroadcastAlarmReceiver}]
02-22 01:13:18.786 I/am_proc_bound( 1521): [0,3811,com.qti.ltebc]
02-22 01:13:18.793 I/am_uid_active( 1521): 10079
02-22 01:13:18.906 I/sysui_multi_action( 1521): [757,128,758,1,793,5050,794,0,795,5050,796,17303299,797,com.android.wifi,798,1,806,android,857,NETWORK_AVAILABLE,858,2,947,0,1395,3,1500,4849,1688,1]
02-22 01:13:18.906 I/sysui_multi_action( 1521): [757,804,799,note_freshness,801,5050,802,1]
02-22 01:13:18.906 I/notification_visibility( 1521): [0|android|17303299|com.android.wifi|1000,1,5050,5050,0,1]
02-22 01:13:18.906 I/sysui_multi_action( 1521): [757,128,758,1,793,10526,794,0,795,10526,796,32,798,2,806,android,857,USB,858,1,947,0,1395,3,1500,10271,1688,1]
02-22 01:13:18.906 I/sysui_multi_action( 1521): [757,804,799,note_freshness,801,10526,802,1]
02-22 01:13:18.906 I/notification_visibility( 1521): [-1|android|32|null|1000,1,10526,10526,0,2]
02-22 01:13:18.907 I/sysui_multi_action( 1521): [757,128,758,2,793,9965,794,5626,795,9965,796,26,798,0,806,android,857,DEVELOPER_IMPORTANT,858,4,947,0,1395,3,1500,9595,1688,1]
02-22 01:13:18.907 I/notification_visibility( 1521): [-1|android|26|null|1000,0,9965,9965,0,0]
02-22 01:13:18.907 I/sysui_multi_action( 1521): [757,128,758,2,793,5051,794,1,795,5051,796,17303299,797,com.android.wifi,798,1,806,android,857,NETWORK_AVAILABLE,858,2,947,0,1395,3,1500,4850,1688,1]
02-22 01:13:18.907 I/notification_visibility( 1521): [0|android|17303299|com.android.wifi|1000,0,5051,5051,0,1]
02-22 01:13:18.907 I/sysui_multi_action( 1521): [757,128,758,2,793,10527,794,1,795,10527,796,32,798,2,806,android,857,USB,858,1,947,0,1395,3,1500,10272,1688,1]
02-22 01:13:18.907 I/notification_visibility( 1521): [-1|android|32|null|1000,0,10527,10527,0,2]
02-22 01:13:18.907 I/sysui_multi_action( 1521): [757,127,758,2]
02-22 01:13:18.907 I/notification_panel_hidden( 1521):
02-22 01:13:19.136 I/am_uid_running( 1521): 10054
02-22 01:13:19.149 I/am_proc_start( 1521): [0,3845,10054,com.qualcomm.qti.qms.service.trustzoneaccess,service,{com.qualcomm.qti.qms.service.trustzoneaccess/com.qualcomm.qti.qms.service.trustzoneaccess.TZAccessService}]
02-22 01:13:19.171 I/am_proc_bound( 1521): [0,3845,com.qualcomm.qti.qms.service.trustzoneaccess]
02-22 01:13:19.274 I/am_proc_died( 1521): [0,3811,com.qti.ltebc,905,19]
02-22 01:13:19.275 I/am_uid_stopped( 1521): 10079
02-22 01:13:29.576 I/am_pss ( 1521): [2529,10080,com.android.launcher3,110305280,87769088,0,257785856,0,2,17]
02-22 01:13:29.587 I/am_pss ( 1521): [2669,10068,com.android.deskclock,9357312,6660096,0,101646336,0,19,8]
02-22 01:13:29.594 I/am_pss ( 1521): [2989,10088,com.qualcomm.qtil.aptxui,7204864,5681152,0,90669056,0,19,6]
02-22 01:13:29.600 I/am_pss ( 1521): [2975,10070,com.qualcomm.location.XT,6304768,4616192,0,92827648,0,6,5]
02-22 01:13:29.608 I/am_pss ( 1521): [2370,1000,com.android.settings,28341248,17051648,0,146890752,0,19,7]
02-22 01:13:29.615 I/am_pss ( 1521): [2383,10094,android.ext.services,12852224,5558272,0,123510784,0,5,5]
02-22 01:13:29.695 I/am_pss ( 1521): [3059,10030,com.android.traceur,8604672,5734400,0,95084544,0,19,8]
02-22 01:13:32.659 I/am_pss ( 1521): [3159,1000,com.qti.diagservices,5836800,3825664,0,94695424,0,10,11]
02-22 01:13:32.765 I/am_pss ( 1521): [3412,10062,com.android.calendar,6070272,4071424,0,91099136,0,19,11]
02-22 01:13:32.778 I/am_pss ( 1521): [3391,1000,com.android.localtransport,5370880,3768320,0,90419200,0,19,9]
02-22 01:13:32.937 I/am_pss ( 1521): [3471,1000,com.android.dynsystem:dynsystem,5646336,3866624,0,90927104,0,19,10]
02-22 01:13:32.947 I/am_pss ( 1521): [2911,1000,com.android.keychain,8239104,6627328,0,93405184,0,19,8]
02-22 01:13:32.956 I/am_pss ( 1521): [3450,1000,com.android.dynsystem,5305344,3670016,0,89759744,0,19,7]
02-22 01:13:33.023 I/am_pss ( 1521): [3506,10034,com.android.managedprovisioning,8753152,7159808,0,93523968,0,19,10]
02-22 01:13:33.092 I/am_pss ( 1521): [3532,10087,com.android.music,7235584,5267456,0,93224960,0,19,11]
02-22 01:13:33.134 I/am_pss ( 1521): [3548,10059,com.android.onetimeinitializer,5066752,3493888,0,89567232,0,19,10]
02-22 01:13:33.267 I/am_pss ( 1521): [3565,10022,com.android.packageinstaller,7095296,5582848,0,90304512,0,19,10]
02-22 01:13:33.408 I/am_pss ( 1521): [3618,2000,com.android.shell,5899264,4263936,0,91369472,0,19,11]
02-22 01:13:33.781 I/am_pss ( 1521): [3680,10058,com.qualcomm.qti.qms.service.connectionsecurity,18668544,4276224,0,77406208,0,19,7]
02-22 01:13:40.119 I/input_interaction( 1521): Interaction with: 2e286ad com.android.systemui/com.android.systemui.usb.UsbDebuggingActivity (server), edge-swipe (server), swipe-up (server), PointerEventDispatcher0 (server),
02-22 01:13:41.257 I/wm_finish_activity( 1521): [0,415950,8,com.android.systemui/.usb.UsbDebuggingActivity,app-request]
02-22 01:13:41.258 I/wm_task_moved( 1521): [13,1,6]
02-22 01:13:41.261 I/wm_task_moved( 1521): [14,1,2147483647]
02-22 01:13:41.261 I/wm_task_to_front( 1521): [0,14]
02-22 01:13:41.262 I/wm_focused_root_task( 1521): [0,0,13,-1,finish-top adjustFocusToNextFocusableTask]
02-22 01:13:41.277 I/wm_pause_activity( 1521): [0,415950,com.android.systemui/.usb.UsbDebuggingActivity,userLeaving=false,finish]
02-22 01:13:41.285 I/input_focus( 1521): [Focus request ad16e1f com.android.launcher3/com.android.launcher3.uioverrides.QuickstepLauncher,reason=UpdateInputWindows]
02-22 01:13:41.289 I/wm_on_top_resumed_lost_called( 1972): [415950,com.android.systemui.usb.UsbDebuggingActivity,topStateChangedWhenResumed]
02-22 01:13:41.290 I/wm_on_paused_called( 1972): [415950,com.android.systemui.usb.UsbDebuggingActivity,performPause]
02-22 01:13:41.292 I/wm_set_resumed_activity( 1521): [0,com.android.launcher3/.uioverrides.QuickstepLauncher,resumeTopActivityInnerLocked]
02-22 01:13:41.295 I/wm_resume_activity( 1521): [0,98139469,14,com.android.launcher3/.uioverrides.QuickstepLauncher]
02-22 01:13:41.301 I/input_focus( 1521): [Focus leaving 2e286ad com.android.systemui/com.android.systemui.usb.UsbDebuggingActivity (server),reason=NO_WINDOW]
02-22 01:13:41.301 I/input_focus( 1521): [Focus entering ad16e1f com.android.launcher3/com.android.launcher3.uioverrides.QuickstepLauncher (server),reason=setFocusedWindow]
02-22 01:13:41.305 I/wm_on_resume_called( 2529): [98139469,com.android.launcher3.uioverrides.QuickstepLauncher,RESUME_ACTIVITY]
02-22 01:13:41.305 I/wm_on_top_resumed_gained_called( 2529): [98139469,com.android.launcher3.uioverrides.QuickstepLauncher,topWhenResuming]
02-22 01:13:41.310 I/sysui_multi_action( 1521): [319,28544,322,208,325,14,757,761,758,8,759,2,806,com.android.launcher3,871,com.android.launcher3.uioverrides.QuickstepLauncher,904,com.android.launcher3,905,0,1320,4,1321,1]
02-22 01:13:41.311 I/sysui_multi_action( 1521): [757,803,799,window_time_0,802,33]
02-22 01:13:41.312 I/wm_activity_launch_time( 1521): [0,98139469,com.android.launcher3/.uioverrides.QuickstepLauncher,208]
02-22 01:13:41.324 I/am_uid_running( 1521): 10025
02-22 01:13:41.333 I/wm_destroy_activity( 1521): [0,415950,8,com.android.systemui/.usb.UsbDebuggingActivity,finish-idle]
02-22 01:13:41.337 I/wm_on_stop_called( 1972): [415950,com.android.systemui.usb.UsbDebuggingActivity,LIFECYCLER_STOP_ACTIVITY]
02-22 01:13:41.337 I/wm_on_destroy_called( 1972): [415950,com.android.systemui.usb.UsbDebuggingActivity,performDestroy]
02-22 01:13:41.338 I/am_proc_start( 1521): [0,3906,10025,com.baidu.input,service,{com.baidu.input/com.baidu.input.ImeService}]
02-22 01:13:41.341 I/am_pss ( 1521): [2529,10080,com.android.launcher3,110811136,87818240,0,257961984,0,2,8]
02-22 01:13:41.353 I/am_pss ( 1521): [1972,10078,com.android.systemui,174603264,152817664,0,337285120,0,0,11]
02-22 01:13:41.360 I/am_proc_bound( 1521): [0,3906,com.baidu.input]
02-22 01:13:41.362 I/am_pss ( 1521): [1955,1002,com.android.bluetooth,31270912,22454272,0,146558976,0,0,7]
02-22 01:13:41.368 I/am_pss ( 1521): [3845,10054,com.qualcomm.qti.qms.service.trustzoneaccess,5535744,3792896,0,91086848,0,19,4]
02-22 01:13:41.369 I/am_uid_active( 1521): 10025
02-22 01:13:41.374 I/am_pss ( 1521): [3596,10026,com.android.providers.calendar,7165952,5214208,0,97660928,0,19,6]
02-22 01:13:41.381 I/am_pss ( 1521): [2875,10093,com.android.providers.media.module,16202752,12861440,0,117813248,0,0,6]
02-22 01:13:41.387 I/am_pss ( 1521): [3092,10017,android.process.media,11538432,9572352,0,101662720,0,19,4]
02-22 01:13:41.393 I/am_pss ( 1521): [3708,10033,com.android.externalstorage,5440512,3825664,0,91004928,0,19,5]
02-22 01:13:41.400 I/am_pss ( 1521): [2580,10086,com.qualcomm.qti.qccauthmgr,6173696,4321280,0,95010816,0,19,5]
02-22 01:13:41.406 I/am_pss ( 1521): [3199,10018,android.process.acore,13607936,9920512,0,117071872,0,19,6]
02-22 01:13:41.412 I/am_pss ( 1521): [2871,10071,com.qualcomm.location,9767936,7290880,0,102207488,0,0,5]
02-22 01:13:41.418 I/am_pss ( 1521): [2844,10081,com.qualcomm.qti.workloadclassifier,8255488,6692864,0,92647424,0,0,5]
02-22 01:13:41.424 I/am_pss ( 1521): [2817,10085,com.qualcomm.qti.qccnetstat,5886976,4284416,0,90992640,0,0,5]
02-22 01:13:41.430 I/am_pss ( 1521): [2735,10057,ts.car.uart,5943296,4415488,0,89792512,0,0,5]
02-22 01:13:41.436 I/am_pss ( 1521): [2773,10072,com.qualcomm.qti.services.systemhelper:systemhelper_service,6149120,4448256,0,93024256,0,0,5]
02-22 01:13:41.442 I/am_pss ( 1521): [2764,10053,.pasr,5140480,3624960,0,88555520,0,0,5]
02-22 01:13:41.448 I/am_pss ( 1521): [2761,1000,com.hryt.hiphishowfsecontrol,14196736,12124160,0,105259008,0,0,5]
02-22 01:13:41.455 I/am_pss ( 1521): [2725,10082,com.hht.lebocast,35451904,16084992,0,111853568,0,0,5]
02-22 01:13:41.462 I/am_pss ( 1521): [2352,1000,com.qualcomm.qti.qdma,9597952,6488064,0,105443328,0,0,5]
02-22 01:13:41.468 I/am_pss ( 1521): [3132,10065,com.qualcomm.qti.devicestatisticsservice,5040128,3522560,0,88371200,0,0,5]
02-22 01:13:41.474 I/am_pss ( 1521): [2328,1000,com.thundercomm.tcservice,8328192,6569984,0,95932416,0,0,6]
02-22 01:13:41.481 I/am_pss ( 1521): [2315,1000,com.thundercomm.remotecontrolservice,9239552,6991872,0,100696064,0,0,6]
02-22 01:13:41.487 I/am_pss ( 1521): [2301,1068,com.android.se,5573632,3989504,0,90959872,0,0,5]
02-22 01:13:41.492 I/am_pss ( 1521): [2236,1000,com.thundercomm.tcsetupwizard,6595584,5074944,0,90771456,0,0,5]
02-22 01:13:41.497 I/am_pss ( 1521): [2227,1000,com.tc.logclient,7459840,5492736,0,98566144,0,0,5]
02-22 01:13:41.504 I/am_pss ( 1521): [2250,10084,com.qti.qualcomm.mstatssystemservice,5256192,3731456,0,89333760,0,0,6]
02-22 01:13:41.510 I/am_pss ( 1521): [2217,1000,com.thundercomm.tchttpserver,7710720,6033408,0,93933568,0,0,6]
02-22 01:13:41.516 I/am_pss ( 1521): [2248,1000,vendor.qti.qesdk.sysservice,5337088,3723264,0,91095040,0,0,5]
02-22 01:13:41.522 I/am_pss ( 1521): [2199,10055,.qtidataservices,5696512,4141056,0,90767360,0,0,6]
02-22 01:13:41.528 I/am_pss ( 1521): [2175,1001,.dataservices,7989248,6307840,0,93556736,0,0,5]
02-22 01:13:41.536 I/am_pss ( 1521): [2167,1000,com.thundercomm.microsettings,38152192,35086336,0,131317760,0,0,6]
02-22 01:13:41.542 I/am_pss ( 1521): [2164,1000,com.thundercomm.microservice,8557568,6893568,0,95129600,0,0,5]
02-22 01:13:41.549 I/am_pss ( 1521): [2106,1000,com.thundercomm.gamemode,24825856,18714624,0,132669440,0,0,6]
02-22 01:13:41.555 I/am_pss ( 1521): [2061,1073,com.android.networkstack.process,11485184,9154560,0,104603648,0,0,6]
02-22 01:13:41.568 I/wm_task_removed( 1521): [8,removeChild:removeChild last r=ActivityRecord{658ce u0 com.android.systemui/.usb.UsbDebuggingActivity t-1 f}} in t=Task{5fade65 #8 type=standard A=10078:com.android.systemui U=0 visible=false mode=fullscreen translucent=true sz=0}]
02-22 01:13:41.568 I/wm_task_removed( 1521): [8,removeChild]
02-22 01:13:41.575 I/am_pss ( 1521): [1521,1000,system,223264768,126406656,0,558342144,0,0,19]
02-22 01:13:42.497 I/input_interaction( 1521): Interaction with: ad16e1f com.android.launcher3/com.android.launcher3.uioverrides.QuickstepLauncher (server), bb1c062 com.android.systemui.ImageWallpaper (server), edge-swipe (server), swipe-up (server), PointerEventDispatcher0 (server),
02-22 01:13:43.911 I/input_interaction( 1521): Interaction with: 2ea66f5 StatusBar (server), edge-swipe (server), swipe-up (server), PointerEventDispatcher0 (server),
02-22 01:13:43.915 I/service_manager_stats( 1521): [100,49,32086]
02-22 01:13:43.916 I/sysui_multi_action( 1972): [757,803,799,panel_open,802,1]
02-22 01:13:43.918 I/sysui_multi_action( 1972): [757,1328,758,4,1326,56,1327,5,1329,0]
02-22 01:13:43.963 I/sysui_multi_action( 1521): [757,127,758,1]
02-22 01:13:43.963 I/sysui_multi_action( 1521): [757,804,799,note_load,801,3,802,1]
02-22 01:13:43.963 I/notification_panel_revealed( 1521): 3
02-22 01:13:43.972 I/input_focus( 1521): [Focus request 36c1000 NotificationShade,reason=UpdateInputWindows]
02-22 01:13:43.981 I/sysui_multi_action( 1521): [757,128,758,1,793,35039,794,0,795,35039,796,26,798,0,806,android,857,DEVELOPER_IMPORTANT,858,4,947,0,1395,3,1500,34669,1688,1]
02-22 01:13:43.981 I/sysui_multi_action( 1521): [757,804,799,note_freshness,801,35039,802,1]
02-22 01:13:43.981 I/notification_visibility( 1521): [-1|android|26|null|1000,1,35039,35039,0,0]
02-22 01:13:43.981 I/sysui_multi_action( 1521): [757,128,758,1,793,30125,794,0,795,30125,796,17303299,797,com.android.wifi,798,1,806,android,857,NETWORK_AVAILABLE,858,2,947,0,1395,3,1500,29924,1688,1]
02-22 01:13:43.982 I/sysui_multi_action( 1521): [757,804,799,note_freshness,801,30125,802,1]
02-22 01:13:43.982 I/notification_visibility( 1521): [0|android|17303299|com.android.wifi|1000,1,30125,30125,0,1]
02-22 01:13:43.982 I/sysui_multi_action( 1521): [757,128,758,1,793,35602,794,0,795,35602,796,32,798,2,806,android,857,USB,858,1,947,0,1395,3,1500,35347,1688,1]
02-22 01:13:43.982 I/sysui_multi_action( 1521): [757,804,799,note_freshness,801,35602,802,1]
02-22 01:13:43.982 I/notification_visibility( 1521): [-1|android|32|null|1000,1,35602,35602,0,2]
02-22 01:13:43.991 I/input_focus( 1521): [Focus leaving ad16e1f com.android.launcher3/com.android.launcher3.uioverrides.QuickstepLauncher (server),reason=setFocusedWindow]
02-22 01:13:43.992 I/input_focus( 1521): [Focus entering 36c1000 NotificationShade (server),reason=setFocusedWindow]
02-22 01:13:44.008 I/sysui_multi_action( 1972): [757,111,758,1]
02-22 01:13:44.009 I/sysui_multi_action( 1972): [757,126,758,1,759,126,927,0,928,1,1593,0]
02-22 01:13:44.009 I/sysui_multi_action( 1972): [757,113,758,1,759,113,927,1,928,1,1593,0]
02-22 01:13:44.009 I/sysui_multi_action( 1972): [757,0,758,1,759,0,927,2,928,0,1593,0]
02-22 01:13:44.009 I/sysui_multi_action( 1972): [757,0,758,1,759,0,927,3,928,0,1593,0]
02-22 01:13:44.009 I/sysui_multi_action( 1972): [757,491,758,1,759,491,927,4,928,0,1311,-1,1593,0]
02-22 01:13:44.009 I/sysui_multi_action( 1972): [757,0,758,1,759,0,927,5,928,0,1593,0]
02-22 01:13:44.009 I/sysui_multi_action( 1972): [757,111,758,1]
02-22 01:13:44.010 I/sysui_multi_action( 1972): [757,126,758,1,759,126,927,0,928,1,1593,0]
02-22 01:13:44.010 I/sysui_multi_action( 1972): [757,113,758,1,759,113,927,1,928,1,1593,0]
02-22 01:13:44.010 I/sysui_multi_action( 1972): [757,0,758,1,759,0,927,2,928,0,1593,0]
02-22 01:13:44.010 I/sysui_multi_action( 1972): [757,0,758,1,759,0,927,3,928,0,1593,0]
02-22 01:13:45.081 I/input_interaction( 1521): Interaction with: 36c1000 NotificationShade (server), edge-swipe (server), swipe-up (server), PointerEventDispatcher0 (server),
02-22 01:13:45.163 I/am_wtf ( 1521): [0,1521,system_server,-1,DisplayDeviceConfig,requesting nits when no mapping exists.]
02-22 01:13:45.166 I/am_wtf ( 1521): [0,1521,system_server,-1,DisplayDeviceConfig,requesting nits when no mapping exists.]
02-22 01:13:45.178 I/am_wtf ( 1521): [0,1521,system_server,-1,DisplayDeviceConfig,requesting nits when no mapping exists.]
02-22 01:13:45.179 I/am_wtf ( 1521): [0,1521,system_server,-1,DisplayDeviceConfig,requesting nits when no mapping exists.]
02-22 01:13:45.195 I/am_wtf ( 1521): [0,1521,system_server,-1,DisplayDeviceConfig,requesting nits when no mapping exists.]
02-22 01:13:45.196 I/am_wtf ( 1521): [0,1521,system_server,-1,DisplayDeviceConfig,requesting nits when no mapping exists.]
02-22 01:13:45.212 I/am_wtf ( 1521): [0,1521,system_server,-1,DisplayDeviceConfig,requesting nits when no mapping exists.]
02-22 01:13:45.215 I/am_wtf ( 1521): [0,1521,system_server,-1,DisplayDeviceConfig,requesting nits when no mapping exists.]
02-22 01:13:45.228 I/am_wtf ( 1521): [0,1521,system_server,-1,DisplayDeviceConfig,requesting nits when no mapping exists.]
02-22 01:13:45.229 I/am_wtf ( 1521): [0,1521,system_server,-1,DisplayDeviceConfig,requesting nits when no mapping exists.]
02-22 01:13:45.245 I/am_wtf ( 1521): [0,1521,system_server,-1,DisplayDeviceConfig,requesting nits when no mapping exists.]
02-22 01:13:45.246 I/am_wtf ( 1521): [0,1521,system_server,-1,DisplayDeviceConfig,requesting nits when no mapping exists.]
02-22 01:13:45.261 I/am_wtf ( 1521): [0,1521,system_server,-1,DisplayDeviceConfig,requesting nits when no mapping exists.]
02-22 01:13:45.264 I/am_wtf ( 1521): [0,1521,system_server,-1,DisplayDeviceConfig,requesting nits when no mapping exists.]
02-22 01:13:45.278 I/am_wtf ( 1521): [0,1521,system_server,-1,DisplayDeviceConfig,requesting nits when no mapping exists.]
02-22 01:13:45.278 I/am_wtf ( 1521): [0,1521,system_server,-1,DisplayDeviceConfig,requesting nits when no mapping exists.]
02-22 01:13:45.295 I/am_wtf ( 1521): [0,1521,system_server,-1,DisplayDeviceConfig,requesting nits when no mapping exists.]
02-22 01:13:45.296 I/am_wtf ( 1521): [0,1521,system_server,-1,DisplayDeviceConfig,requesting nits when no mapping exists.]
02-22 01:13:45.311 I/am_wtf ( 1521): [0,1521,system_server,-1,DisplayDeviceConfig,requesting nits when no mapping exists.]
02-22 01:13:45.312 I/am_wtf ( 1521): [0,1521,system_server,-1,DisplayDeviceConfig,requesting nits when no mapping exists.]
02-22 01:13:45.328 I/am_wtf ( 1521): [0,1521,system_server,-1,DisplayDeviceConfig,requesting nits when no mapping exists.]
02-22 01:13:45.329 I/am_wtf ( 1521): [0,1521,system_server,-1,DisplayDeviceConfig,requesting nits when no mapping exists.]
02-22 01:13:45.345 I/am_wtf ( 1521): [0,1521,system_server,-1,DisplayDeviceConfig,requesting nits when no mapping exists.]
02-22 01:13:45.345 I/am_wtf ( 1521): [0,1521,system_server,-1,DisplayDeviceConfig,requesting nits when no mapping exists.]
02-22 01:13:45.362 I/am_wtf ( 1521): [0,1521,system_server,-1,DisplayDeviceConfig,requesting nits when no mapping exists.]
02-22 01:13:45.363 I/am_wtf ( 1521): [0,1521,system_server,-1,DisplayDeviceConfig,requesting nits when no mapping exists.]
02-22 01:13:45.379 I/am_wtf ( 1521): [0,1521,system_server,-1,DisplayDeviceConfig,requesting nits when no mapping exists.]
02-22 01:13:45.379 I/am_wtf ( 1521): [0,1521,system_server,-1,DisplayDeviceConfig,requesting nits when no mapping exists.]
02-22 01:13:45.395 I/am_wtf ( 1521): [0,1521,system_server,-1,DisplayDeviceConfig,requesting nits when no mapping exists.]
02-22 01:13:45.396 I/am_wtf ( 1521): [0,1521,system_server,-1,DisplayDeviceConfig,requesting nits when no mapping exists.]
02-22 01:13:45.412 I/am_wtf ( 1521): [0,1521,system_server,-1,DisplayDeviceConfig,requesting nits when no mapping exists.]
02-22 01:13:45.413 I/am_wtf ( 1521): [0,1521,system_server,-1,DisplayDeviceConfig,requesting nits when no mapping exists.]
02-22 01:13:45.428 I/am_wtf ( 1521): [0,1521,system_server,-1,DisplayDeviceConfig,requesting nits when no mapping exists.]
02-22 01:13:45.429 I/am_wtf ( 1521): [0,1521,system_server,-1,DisplayDeviceConfig,requesting nits when no mapping exists.]
02-22 01:13:45.445 I/am_wtf ( 1521): [0,1521,system_server,-1,DisplayDeviceConfig,requesting nits when no mapping exists.]
02-22 01:13:45.445 I/am_wtf ( 1521): [0,1521,system_server,-1,DisplayDeviceConfig,requesting nits when no mapping exists.]
02-22 01:13:45.462 I/am_wtf ( 1521): [0,1521,system_server,-1,DisplayDeviceConfig,requesting nits when no mapping exists.]
02-22 01:13:45.463 I/am_wtf ( 1521): [0,1521,system_server,-1,DisplayDeviceConfig,requesting nits when no mapping exists.]
02-22 01:13:45.479 I/am_wtf ( 1521): [0,1521,system_server,-1,DisplayDeviceConfig,requesting nits when no mapping exists.]
02-22 01:13:45.480 I/am_wtf ( 1521): [0,1521,system_server,-1,DisplayDeviceConfig,requesting nits when no mapping exists.]
02-22 01:13:45.495 I/am_wtf ( 1521): [0,1521,system_server,-1,DisplayDeviceConfig,requesting nits when no mapping exists.]
02-22 01:13:45.498 I/am_wtf ( 1521): [0,1521,system_server,-1,DisplayDeviceConfig,requesting nits when no mapping exists.]
02-22 01:13:45.515 I/am_wtf ( 1521): [0,1521,system_server,-1,DisplayDeviceConfig,requesting nits when no mapping exists.]
02-22 01:13:45.516 I/am_wtf ( 1521): [0,1521,system_server,-1,DisplayDeviceConfig,requesting nits when no mapping exists.]
02-22 01:13:45.528 I/am_wtf ( 1521): [0,1521,system_server,-1,DisplayDeviceConfig,requesting nits when no mapping exists.]
02-22 01:13:45.529 I/am_wtf ( 1521): [0,1521,system_server,-1,DisplayDeviceConfig,requesting nits when no mapping exists.]
02-22 01:13:45.546 I/am_wtf ( 1521): [0,1521,system_server,-1,DisplayDeviceConfig,requesting nits when no mapping exists.]
02-22 01:13:45.549 I/am_wtf ( 1521): [0,1521,system_server,-1,DisplayDeviceConfig,requesting nits when no mapping exists.]
02-22 01:13:45.579 I/am_wtf ( 1521): [0,1521,system_server,-1,DisplayDeviceConfig,requesting nits when no mapping exists.]
02-22 01:13:45.579 I/am_wtf ( 1521): [0,1521,system_server,-1,DisplayDeviceConfig,requesting nits when no mapping exists.]
02-22 01:13:45.595 I/am_wtf ( 1521): [0,1521,system_server,-1,DisplayDeviceConfig,requesting nits when no mapping exists.]
02-22 01:13:45.596 I/am_wtf ( 1521): [0,1521,system_server,-1,DisplayDeviceConfig,requesting nits when no mapping exists.]
02-22 01:13:45.646 I/am_wtf ( 1521): [0,1521,system_server,-1,DisplayDeviceConfig,requesting nits when no mapping exists.]
02-22 01:13:45.646 I/am_wtf ( 1521): [0,1521,system_server,-1,DisplayDeviceConfig,requesting nits when no mapping exists.]
02-22 01:13:45.684 I/sysui_multi_action( 1972): [757,219,758,4,759,17]
02-22 01:13:45.693 I/commit_sys_config_file( 1521): [display-state,5]
02-22 01:13:45.764 I/am_wtf ( 1521): [0,1521,system_server,-1,DisplayDeviceConfig,requesting nits when no mapping exists.]
02-22 01:13:45.764 I/am_wtf ( 1521): [0,1521,system_server,-1,DisplayDeviceConfig,requesting nits when no mapping exists.]
02-22 01:13:45.779 I/am_wtf ( 1521): [0,1521,system_server,-1,DisplayDeviceConfig,requesting nits when no mapping exists.]
02-22 01:13:45.780 I/am_wtf ( 1521): [0,1521,system_server,-1,DisplayDeviceConfig,requesting nits when no mapping exists.]
02-22 01:13:45.796 I/am_wtf ( 1521): [0,1521,system_server,-1,DisplayDeviceConfig,requesting nits when no mapping exists.]
02-22 01:13:45.797 I/am_wtf ( 1521): [0,1521,system_server,-1,DisplayDeviceConfig,requesting nits when no mapping exists.]
02-22 01:13:45.813 I/am_wtf ( 1521): [0,1521,system_server,-1,DisplayDeviceConfig,requesting nits when no mapping exists.]
02-22 01:13:45.813 I/am_wtf ( 1521): [0,1521,system_server,-1,DisplayDeviceConfig,requesting nits when no mapping exists.]
02-22 01:13:45.829 I/am_wtf ( 1521): [0,1521,system_server,-1,DisplayDeviceConfig,requesting nits when no mapping exists.]
02-22 01:13:45.830 I/am_wtf ( 1521): [0,1521,system_server,-1,DisplayDeviceConfig,requesting nits when no mapping exists.]
02-22 01:13:45.846 I/am_wtf ( 1521): [0,1521,system_server,-1,DisplayDeviceConfig,requesting nits when no mapping exists.]
02-22 01:13:45.847 I/am_wtf ( 1521): [0,1521,system_server,-1,DisplayDeviceConfig,requesting nits when no mapping exists.]
02-22 01:13:45.863 I/am_wtf ( 1521): [0,1521,system_server,-1,DisplayDeviceConfig,requesting nits when no mapping exists.]
02-22 01:13:45.865 I/am_wtf ( 1521): [0,1521,system_server,-1,DisplayDeviceConfig,requesting nits when no mapping exists.]
02-22 01:13:45.879 I/am_wtf ( 1521): [0,1521,system_server,-1,DisplayDeviceConfig,requesting nits when no mapping exists.]
02-22 01:13:45.880 I/am_wtf ( 1521): [0,1521,system_server,-1,DisplayDeviceConfig,requesting nits when no mapping exists.]
02-22 01:13:45.897 I/am_wtf ( 1521): [0,1521,system_server,-1,DisplayDeviceConfig,requesting nits when no mapping exists.]
02-22 01:13:45.897 I/am_wtf ( 1521): [0,1521,system_server,-1,DisplayDeviceConfig,requesting nits when no mapping exists.]
02-22 01:13:45.903 I/commit_sys_config_file( 1521): [settings-1-0,7]
02-22 01:13:45.913 I/am_wtf ( 1521): [0,1521,system_server,-1,DisplayDeviceConfig,requesting nits when no mapping exists.]
02-22 01:13:45.914 I/am_wtf ( 1521): [0,1521,system_server,-1,DisplayDeviceConfig,requesting nits when no mapping exists.]
02-22 01:13:45.930 I/am_wtf ( 1521): [0,1521,system_server,-1,DisplayDeviceConfig,requesting nits when no mapping exists.]
02-22 01:13:45.930 I/am_wtf ( 1521): [0,1521,system_server,-1,DisplayDeviceConfig,requesting nits when no mapping exists.]
02-22 01:13:45.946 I/am_wtf ( 1521): [0,1521,system_server,-1,DisplayDeviceConfig,requesting nits when no mapping exists.]
02-22 01:13:45.949 I/am_wtf ( 1521): [0,1521,system_server,-1,DisplayDeviceConfig,requesting nits when no mapping exists.]
02-22 01:13:45.963 I/am_wtf ( 1521): [0,1521,system_server,-1,DisplayDeviceConfig,requesting nits when no mapping exists.]
02-22 01:13:45.964 I/am_wtf ( 1521): [0,1521,system_server,-1,DisplayDeviceConfig,requesting nits when no mapping exists.]
02-22 01:13:45.980 I/am_wtf ( 1521): [0,1521,system_server,-1,DisplayDeviceConfig,requesting nits when no mapping exists.]
02-22 01:13:45.980 I/am_wtf ( 1521): [0,1521,system_server,-1,DisplayDeviceConfig,requesting nits when no mapping exists.]
02-22 01:13:45.997 I/am_wtf ( 1521): [0,1521,system_server,-1,DisplayDeviceConfig,requesting nits when no mapping exists.]
02-22 01:13:45.998 I/am_wtf ( 1521): [0,1521,system_server,-1,DisplayDeviceConfig,requesting nits when no mapping exists.]
02-22 01:13:46.014 I/am_wtf ( 1521): [0,1521,system_server,-1,DisplayDeviceConfig,requesting nits when no mapping exists.]
02-22 01:13:46.015 I/am_wtf ( 1521): [0,1521,system_server,-1,DisplayDeviceConfig,requesting nits when no mapping exists.]
02-22 01:13:46.030 I/am_wtf ( 1521): [0,1521,system_server,-1,DisplayDeviceConfig,requesting nits when no mapping exists.]
02-22 01:13:46.032 I/am_wtf ( 1521): [0,1521,system_server,-1,DisplayDeviceConfig,requesting nits when no mapping exists.]
02-22 01:13:46.047 I/am_wtf ( 1521): [0,1521,system_server,-1,DisplayDeviceConfig,requesting nits when no mapping exists.]
02-22 01:13:46.047 I/am_wtf ( 1521): [0,1521,system_server,-1,DisplayDeviceConfig,requesting nits when no mapping exists.]
02-22 01:13:46.063 I/am_wtf ( 1521): [0,1521,system_server,-1,DisplayDeviceConfig,requesting nits when no mapping exists.]
02-22 01:13:46.064 I/am_wtf ( 1521): [0,1521,system_server,-1,DisplayDeviceConfig,requesting nits when no mapping exists.]
02-22 01:13:46.080 I/am_wtf ( 1521): [0,1521,system_server,-1,DisplayDeviceConfig,requesting nits when no mapping exists.]
02-22 01:13:46.081 I/am_wtf ( 1521): [0,1521,system_server,-1,DisplayDeviceConfig,requesting nits when no mapping exists.]
02-22 01:13:46.097 I/am_wtf ( 1521): [0,1521,system_server,-1,DisplayDeviceConfig,requesting nits when no mapping exists.]
02-22 01:13:46.098 I/am_wtf ( 1521): [0,1521,system_server,-1,DisplayDeviceConfig,requesting nits when no mapping exists.]
02-22 01:13:46.138 I/sysui_multi_action( 1972): [757,219,758,4,759,100]
02-22 01:13:46.142 I/commit_sys_config_file( 1521): [display-state,455]
02-22 01:13:46.351 I/commit_sys_config_file( 1521): [settings-1-0,6]
02-22 01:13:47.385 I/am_wtf ( 1521): [0,1521,system_server,-1,DisplayDeviceConfig,requesting nits when no mapping exists.]
02-22 01:13:47.385 I/am_wtf ( 1521): [0,1521,system_server,-1,DisplayDeviceConfig,requesting nits when no mapping exists.]
02-22 01:13:47.399 I/am_wtf ( 1521): [0,1521,system_server,-1,DisplayDeviceConfig,requesting nits when no mapping exists.]
02-22 01:13:47.400 I/am_wtf ( 1521): [0,1521,system_server,-1,DisplayDeviceConfig,requesting nits when no mapping exists.]
02-22 01:13:47.420 I/am_wtf ( 1521): [0,1521,system_server,-1,DisplayDeviceConfig,requesting nits when no mapping exists.]
02-22 01:13:47.420 I/am_wtf ( 1521): [0,1521,system_server,-1,DisplayDeviceConfig,requesting nits when no mapping exists.]
02-22 01:13:47.433 I/am_wtf ( 1521): [0,1521,system_server,-1,DisplayDeviceConfig,requesting nits when no mapping exists.]
02-22 01:13:47.433 I/am_wtf ( 1521): [0,1521,system_server,-1,DisplayDeviceConfig,requesting nits when no mapping exists.]
02-22 01:13:47.451 I/am_wtf ( 1521): [0,1521,system_server,-1,DisplayDeviceConfig,requesting nits when no mapping exists.]
02-22 01:13:47.452 I/am_wtf ( 1521): [0,1521,system_server,-1,DisplayDeviceConfig,requesting nits when no mapping exists.]
02-22 01:13:47.467 I/am_wtf ( 1521): [0,1521,system_server,-1,DisplayDeviceConfig,requesting nits when no mapping exists.]
02-22 01:13:47.468 I/am_wtf ( 1521): [0,1521,system_server,-1,DisplayDeviceConfig,requesting nits when no mapping exists.]
02-22 01:13:47.484 I/am_wtf ( 1521): [0,1521,system_server,-1,DisplayDeviceConfig,requesting nits when no mapping exists.]
02-22 01:13:47.486 I/am_wtf ( 1521): [0,1521,system_server,-1,DisplayDeviceConfig,requesting nits when no mapping exists.]
02-22 01:13:47.500 I/am_wtf ( 1521): [0,1521,system_server,-1,DisplayDeviceConfig,requesting nits when no mapping exists.]
02-22 01:13:47.501 I/am_wtf ( 1521): [0,1521,system_server,-1,DisplayDeviceConfig,requesting nits when no mapping exists.]
02-22 01:13:47.517 I/am_wtf ( 1521): [0,1521,system_server,-1,DisplayDeviceConfig,requesting nits when no mapping exists.]
02-22 01:13:47.518 I/am_wtf ( 1521): [0,1521,system_server,-1,DisplayDeviceConfig,requesting nits when no mapping exists.]
02-22 01:13:47.533 I/am_wtf ( 1521): [0,1521,system_server,-1,DisplayDeviceConfig,requesting nits when no mapping exists.]
02-22 01:13:47.534 I/am_wtf ( 1521): [0,1521,system_server,-1,DisplayDeviceConfig,requesting nits when no mapping exists.]
02-22 01:13:47.550 I/am_wtf ( 1521): [0,1521,system_server,-1,DisplayDeviceConfig,requesting nits when no mapping exists.]
02-22 01:13:47.550 I/am_wtf ( 1521): [0,1521,system_server,-1,DisplayDeviceConfig,requesting nits when no mapping exists.]
02-22 01:13:47.567 I/am_wtf ( 1521): [0,1521,system_server,-1,DisplayDeviceConfig,requesting nits when no mapping exists.]
02-22 01:13:47.568 I/am_wtf ( 1521): [0,1521,system_server,-1,DisplayDeviceConfig,requesting nits when no mapping exists.]
02-22 01:13:47.609 I/sysui_multi_action( 1972): [757,219,758,4,759,30]
02-22 01:13:47.613 I/commit_sys_config_file( 1521): [display-state,1925]
02-22 01:13:47.666 I/netstats_mobile_sample( 1521): [0,0,0,0,0,0,0,0,0,0,0,0,1676999627666]
02-22 01:13:47.666 I/netstats_wifi_sample( 1521): [0,0,0,0,0,0,0,0,0,0,0,0,1676999627666]
02-22 01:13:47.822 I/commit_sys_config_file( 1521): [settings-1-0,5]
02-22 01:13:48.052 I/am_wtf ( 1521): [0,1521,system_server,-1,DisplayDeviceConfig,requesting nits when no mapping exists.]
02-22 01:13:48.053 I/am_wtf ( 1521): [0,1521,system_server,-1,DisplayDeviceConfig,requesting nits when no mapping exists.]
02-22 01:13:48.068 I/am_wtf ( 1521): [0,1521,system_server,-1,DisplayDeviceConfig,requesting nits when no mapping exists.]
02-22 01:13:48.069 I/am_wtf ( 1521): [0,1521,system_server,-1,DisplayDeviceConfig,requesting nits when no mapping exists.]
02-22 01:13:48.085 I/am_wtf ( 1521): [0,1521,system_server,-1,DisplayDeviceConfig,requesting nits when no mapping exists.]
02-22 01:13:48.086 I/am_wtf ( 1521): [0,1521,system_server,-1,DisplayDeviceConfig,requesting nits when no mapping exists.]
02-22 01:13:48.102 I/am_wtf ( 1521): [0,1521,system_server,-1,DisplayDeviceConfig,requesting nits when no mapping exists.]
02-22 01:13:48.103 I/am_wtf ( 1521): [0,1521,system_server,-1,DisplayDeviceConfig,requesting nits when no mapping exists.]
02-22 01:13:48.118 I/am_wtf ( 1521): [0,1521,system_server,-1,DisplayDeviceConfig,requesting nits when no mapping exists.]
02-22 01:13:48.119 I/am_wtf ( 1521): [0,1521,system_server,-1,DisplayDeviceConfig,requesting nits when no mapping exists.]
02-22 01:13:48.135 I/am_wtf ( 1521): [0,1521,system_server,-1,DisplayDeviceConfig,requesting nits when no mapping exists.]
02-22 01:13:48.136 I/am_wtf ( 1521): [0,1521,system_server,-1,DisplayDeviceConfig,requesting nits when no mapping exists.]
02-22 01:13:48.152 I/am_wtf ( 1521): [0,1521,system_server,-1,DisplayDeviceConfig,requesting nits when no mapping exists.]
02-22 01:13:48.153 I/am_wtf ( 1521): [0,1521,system_server,-1,DisplayDeviceConfig,requesting nits when no mapping exists.]
02-22 01:13:48.169 I/am_wtf ( 1521): [0,1521,system_server,-1,DisplayDeviceConfig,requesting nits when no mapping exists.]
02-22 01:13:48.169 I/am_wtf ( 1521): [0,1521,system_server,-1,DisplayDeviceConfig,requesting nits when no mapping exists.]
02-22 01:13:48.185 I/am_wtf ( 1521): [0,1521,system_server,-1,DisplayDeviceConfig,requesting nits when no mapping exists.]
02-22 01:13:48.188 I/am_wtf ( 1521): [0,1521,system_server,-1,DisplayDeviceConfig,requesting nits when no mapping exists.]
02-22 01:13:48.201 I/am_wtf ( 1521): [0,1521,system_server,-1,DisplayDeviceConfig,requesting nits when no mapping exists.]
02-22 01:13:48.203 I/am_wtf ( 1521): [0,1521,system_server,-1,DisplayDeviceConfig,requesting nits when no mapping exists.]
02-22 01:13:48.219 I/am_wtf ( 1521): [0,1521,system_server,-1,DisplayDeviceConfig,requesting nits when no mapping exists.]
02-22 01:13:48.221 I/am_wtf ( 1521): [0,1521,system_server,-1,DisplayDeviceConfig,requesting nits when no mapping exists.]
02-22 01:13:48.236 I/am_wtf ( 1521): [0,1521,system_server,-1,DisplayDeviceConfig,requesting nits when no mapping exists.]
02-22 01:13:48.237 I/am_wtf ( 1521): [0,1521,system_server,-1,DisplayDeviceConfig,requesting nits when no mapping exists.]
02-22 01:13:48.268 I/sysui_multi_action( 1972): [757,219,758,4,759,100]
02-22 01:13:48.272 I/commit_sys_config_file( 1521): [display-state,2585]
02-22 01:13:48.481 I/commit_sys_config_file( 1521): [settings-1-0,6]
02-22 01:13:48.823 I/am_wtf ( 1521): [0,1521,system_server,-1,DisplayDeviceConfig,requesting nits when no mapping exists.]
02-22 01:13:48.824 I/am_wtf ( 1521): [0,1521,system_server,-1,DisplayDeviceConfig,requesting nits when no mapping exists.]
02-22 01:13:48.838 I/am_wtf ( 1521): [0,1521,system_server,-1,DisplayDeviceConfig,requesting nits when no mapping exists.]
02-22 01:13:48.840 I/am_wtf ( 1521): [0,1521,system_server,-1,DisplayDeviceConfig,requesting nits when no mapping exists.]
02-22 01:13:48.853 I/am_wtf ( 1521): [0,1521,system_server,-1,DisplayDeviceConfig,requesting nits when no mapping exists.]
02-22 01:13:48.856 I/am_wtf ( 1521): [0,1521,system_server,-1,DisplayDeviceConfig,requesting nits when no mapping exists.]
02-22 01:13:48.870 I/am_wtf ( 1521): [0,1521,system_server,-1,DisplayDeviceConfig,requesting nits when no mapping exists.]
02-22 01:13:48.871 I/am_wtf ( 1521): [0,1521,system_server,-1,DisplayDeviceConfig,requesting nits when no mapping exists.]
02-22 01:13:48.887 I/am_wtf ( 1521): [0,1521,system_server,-1,DisplayDeviceConfig,requesting nits when no mapping exists.]
02-22 01:13:48.888 I/am_wtf ( 1521): [0,1521,system_server,-1,DisplayDeviceConfig,requesting nits when no mapping exists.]
02-22 01:13:48.898 I/liblog ( 1317): 31
02-22 01:13:48.907 I/liblog ( 1317): 22
02-22 01:13:48.921 I/am_wtf ( 1521): [0,1521,system_server,-1,DisplayDeviceConfig,requesting nits when no mapping exists.]
02-22 01:13:48.922 I/service_manager_stats( 1521): [179,96,5006]
02-22 01:13:48.922 I/am_wtf ( 1521): [0,1521,system_server,-1,DisplayDeviceConfig,requesting nits when no mapping exists.]
02-22 01:13:48.943 I/am_wtf ( 1521): [0,1521,system_server,-1,DisplayDeviceConfig,requesting nits when no mapping exists.]
02-22 01:13:48.943 I/am_wtf ( 1521): [0,1521,system_server,-1,DisplayDeviceConfig,requesting nits when no mapping exists.]
02-22 01:13:48.954 I/am_wtf ( 1521): [0,1521,system_server,-1,DisplayDeviceConfig,requesting nits when no mapping exists.]
02-22 01:13:48.955 I/am_wtf ( 1521): [0,1521,system_server,-1,DisplayDeviceConfig,requesting nits when no mapping exists.]
02-22 01:13:48.970 I/am_wtf ( 1521): [0,1521,system_server,-1,DisplayDeviceConfig,requesting nits when no mapping exists.]
02-22 01:13:48.970 I/am_wtf ( 1521): [0,1521,system_server,-1,DisplayDeviceConfig,requesting nits when no mapping exists.]
02-22 01:13:48.987 I/am_wtf ( 1521): [0,1521,system_server,-1,DisplayDeviceConfig,requesting nits when no mapping exists.]
02-22 01:13:48.990 I/am_wtf ( 1521): [0,1521,system_server,-1,DisplayDeviceConfig,requesting nits when no mapping exists.]
02-22 01:13:49.003 I/am_wtf ( 1521): [0,1521,system_server,-1,DisplayDeviceConfig,requesting nits when no mapping exists.]
02-22 01:13:49.004 I/am_wtf ( 1521): [0,1521,system_server,-1,DisplayDeviceConfig,requesting nits when no mapping exists.]
02-22 01:13:49.043 I/sysui_multi_action( 1972): [757,219,758,4,759,15]
02-22 01:13:49.048 I/commit_sys_config_file( 1521): [display-state,3360]
02-22 01:13:49.256 I/commit_sys_config_file( 1521): [settings-1-0,6]
02-22 01:13:49.422 I/am_wtf ( 1521): [0,1521,system_server,-1,DisplayDeviceConfig,requesting nits when no mapping exists.]
02-22 01:13:49.422 I/am_wtf ( 1521): [0,1521,system_server,-1,DisplayDeviceConfig,requesting nits when no mapping exists.]
02-22 01:13:49.438 I/am_wtf ( 1521): [0,1521,system_server,-1,DisplayDeviceConfig,requesting nits when no mapping exists.]
02-22 01:13:49.439 I/am_wtf ( 1521): [0,1521,system_server,-1,DisplayDeviceConfig,requesting nits when no mapping exists.]
02-22 01:13:49.455 I/am_wtf ( 1521): [0,1521,system_server,-1,DisplayDeviceConfig,requesting nits when no mapping exists.]
02-22 01:13:49.456 I/am_wtf ( 1521): [0,1521,system_server,-1,DisplayDeviceConfig,requesting nits when no mapping exists.]
02-22 01:13:49.472 I/am_wtf ( 1521): [0,1521,system_server,-1,DisplayDeviceConfig,requesting nits when no mapping exists.]
02-22 01:13:49.474 I/am_wtf ( 1521): [0,1521,system_server,-1,DisplayDeviceConfig,requesting nits when no mapping exists.]
02-22 01:13:49.488 I/am_wtf ( 1521): [0,1521,system_server,-1,DisplayDeviceConfig,requesting nits when no mapping exists.]
02-22 01:13:49.489 I/am_wtf ( 1521): [0,1521,system_server,-1,DisplayDeviceConfig,requesting nits when no mapping exists.]
02-22 01:13:49.505 I/am_wtf ( 1521): [0,1521,system_server,-1,DisplayDeviceConfig,requesting nits when no mapping exists.]
02-22 01:13:49.506 I/am_wtf ( 1521): [0,1521,system_server,-1,DisplayDeviceConfig,requesting nits when no mapping exists.]
02-22 01:13:49.522 I/am_wtf ( 1521): [0,1521,system_server,-1,DisplayDeviceConfig,requesting nits when no mapping exists.]
02-22 01:13:49.522 I/am_wtf ( 1521): [0,1521,system_server,-1,DisplayDeviceConfig,requesting nits when no mapping exists.]
02-22 01:13:49.538 I/am_wtf ( 1521): [0,1521,system_server,-1,DisplayDeviceConfig,requesting nits when no mapping exists.]
02-22 01:13:49.539 I/am_wtf ( 1521): [0,1521,system_server,-1,DisplayDeviceConfig,requesting nits when no mapping exists.]
02-22 01:13:49.555 I/am_wtf ( 1521): [0,1521,system_server,-1,DisplayDeviceConfig,requesting nits when no mapping exists.]
02-22 01:13:49.556 I/am_wtf ( 1521): [0,1521,system_server,-1,DisplayDeviceConfig,requesting nits when no mapping exists.]
02-22 01:13:49.572 I/am_wtf ( 1521): [0,1521,system_server,-1,DisplayDeviceConfig,requesting nits when no mapping exists.]
02-22 01:13:49.572 I/am_wtf ( 1521): [0,1521,system_server,-1,DisplayDeviceConfig,requesting nits when no mapping exists.]
02-22 01:13:49.620 I/sysui_multi_action( 1972): [757,219,758,4,759,97]
02-22 01:13:49.624 I/commit_sys_config_file( 1521): [display-state,3937]
02-22 01:13:49.834 I/commit_sys_config_file( 1521): [settings-1-0,5]
02-22 01:13:50.075 I/am_wtf ( 1521): [0,1521,system_server,-1,DisplayDeviceConfig,requesting nits when no mapping exists.]
02-22 01:13:50.075 I/am_wtf ( 1521): [0,1521,system_server,-1,DisplayDeviceConfig,requesting nits when no mapping exists.]
02-22 01:13:50.089 I/am_wtf ( 1521): [0,1521,system_server,-1,DisplayDeviceConfig,requesting nits when no mapping exists.]
02-22 01:13:50.090 I/am_wtf ( 1521): [0,1521,system_server,-1,DisplayDeviceConfig,requesting nits when no mapping exists.]
02-22 01:13:50.106 I/am_wtf ( 1521): [0,1521,system_server,-1,DisplayDeviceConfig,requesting nits when no mapping exists.]
02-22 01:13:50.107 I/am_wtf ( 1521): [0,1521,system_server,-1,DisplayDeviceConfig,requesting nits when no mapping exists.]
02-22 01:13:50.123 I/am_wtf ( 1521): [0,1521,system_server,-1,DisplayDeviceConfig,requesting nits when no mapping exists.]
02-22 01:13:50.124 I/am_wtf ( 1521): [0,1521,system_server,-1,DisplayDeviceConfig,requesting nits when no mapping exists.]
02-22 01:13:50.141 I/am_wtf ( 1521): [0,1521,system_server,-1,DisplayDeviceConfig,requesting nits when no mapping exists.]
02-22 01:13:50.142 I/am_wtf ( 1521): [0,1521,system_server,-1,DisplayDeviceConfig,requesting nits when no mapping exists.]
02-22 01:13:50.157 I/am_wtf ( 1521): [0,1521,system_server,-1,DisplayDeviceConfig,requesting nits when no mapping exists.]
02-22 01:13:50.159 I/am_wtf ( 1521): [0,1521,system_server,-1,DisplayDeviceConfig,requesting nits when no mapping exists.]
02-22 01:13:50.173 I/am_wtf ( 1521): [0,1521,system_server,-1,DisplayDeviceConfig,requesting nits when no mapping exists.]
02-22 01:13:50.174 I/am_wtf ( 1521): [0,1521,system_server,-1,DisplayDeviceConfig,requesting nits when no mapping exists.]
02-22 01:13:50.190 I/am_wtf ( 1521): [0,1521,system_server,-1,DisplayDeviceConfig,requesting nits when no mapping exists.]
02-22 01:13:50.190 I/am_wtf ( 1521): [0,1521,system_server,-1,DisplayDeviceConfig,requesting nits when no mapping exists.]
02-22 01:13:50.209 I/am_wtf ( 1521): [0,1521,system_server,-1,DisplayDeviceConfig,requesting nits when no mapping exists.]
02-22 01:13:50.210 I/am_wtf ( 1521): [0,1521,system_server,-1,DisplayDeviceConfig,requesting nits when no mapping exists.]
02-22 01:13:50.223 I/am_wtf ( 1521): [0,1521,system_server,-1,DisplayDeviceConfig,requesting nits when no mapping exists.]
02-22 01:13:50.224 I/am_wtf ( 1521): [0,1521,system_server,-1,DisplayDeviceConfig,requesting nits when no mapping exists.]
