02-22 01:25:30.533 I/vol.Events( 1972): writeEvent level_changed STREAM_SYSTEM 0
02-22 01:25:30.534 D/MicroSettings: VolumeChangeObserver( 2167): onReceive:
02-22 01:25:30.534 I/vol.Events( 1972): writeEvent level_changed STREAM_VOICE_CALL 1
02-22 01:25:30.534 I/volume_changed( 1521): [3,34,0,39,com.android.systemui]
02-22 01:25:30.534 D/MicroSettings: VolumeChangeObserver( 2167): onReceive:
02-22 01:25:30.535 D/MicroSettings: VolumeChangeObserver( 2167): onReceive:
02-22 01:25:30.535 D/MicroSettings: VolumeChangeObserver( 2167): onReceive currentVolume: 0
02-22 01:25:30.535 D/MicroSettings: VolumeChangeObserver( 2167): onReceive mVolumeType: -1
02-22 01:25:30.535 D/MicroSettings: VolumeChangeObserver( 2167): onReceive no return:
02-22 01:25:30.535 D/MicroSettings: VolumeChangeObserver( 2167): onReceive no return isClickMediaVolumeSeekbar: false
02-22 01:25:30.535 E/MicroSettings: SoundSettingServiceBinder( 2167): onVolumeChanged: 0
02-22 01:25:30.535 D/MicroSettings: SoundManager( 2167): onMediaVolumeChanged
02-22 01:25:30.536 I/vol.Events( 1972): writeEvent level_changed STREAM_MUSIC 0
02-22 01:25:30.536 I/vol.Events( 1972): writeEvent mute_changed STREAM_MUSIC true
02-22 01:25:30.578 D/BluetoothDatabase( 1955): getBondedDevicesOrdered: Invalid address for device LocalStorage
02-22 01:25:30.673 W/hpplay-java( 2725): [main]:IPManager:getActiveNets invalid networkInfo:null
02-22 01:25:30.673 I/hpplay-java( 2725): [main]:IPManager:getActiveNets eth0:false wifi:false mobile:false ap:false
02-22 01:25:30.673 I/hpplay-java( 2725): [main]:ServerTaskManager:get local ip:null
02-22 01:25:30.926 I/OpenGLRenderer( 1972): Davey! duration=9223371284135ms; Flags=0, FrameTimelineVsyncId=18393, IntendedVsync=752719598861, Vsync=752719598861, InputEventId=0, HandleInputStart=752720169398, AnimationStart=752720176429, PerformTraversalsStart=752720179034, DrawStart=752725909815, FrameDeadline=752757598859, FrameInterval=752720161117, FrameStartTime=16666666, SyncQueued=752727055752, SyncStart=752727178721, IssueDrawCommandsStart=752728752367, SwapBuffers=752737088565, FrameCompleted=9223372036854775807, DequeueBufferDuration=50729, QueueBufferDuration=1267188, GpuCompleted=9223372036854775807, SwapBuffersCompleted=752739011534, DisplayPresentTime=0,
02-22 01:25:30.930 I/mpu_uart( 645): [MSG-P:RECV]:No message received in 1000 ms
02-22 01:25:31.251 I/commit_sys_config_file( 1521): [settings-1-0,5]
02-22 01:25:31.261 I/OMX-VENC: venc_dev( 1219): stats: avg. fps 15.00, bitrate 637778
02-22 01:25:31.460 D/AS.AudioService( 1521): forceVolumeControlStream cb:android.os.BinderProxy@be6f8c8 is already linked.
02-22 01:25:31.462 W/AudioIDCMicroNegotiator( 1521): idcm_warn: idcm control is not enable
02-22 01:25:31.464 D/MicroSettings: VolumeChangeObserver( 2167): onReceive:
02-22 01:25:31.464 D/MicroSettings: VolumeChangeObserver( 2167): onReceive:
02-22 01:25:31.465 D/MicroSettings: VolumeChangeObserver( 2167): onReceive:
02-22 01:25:31.466 D/MicroSettings: VolumeChangeObserver( 2167): onReceive:
02-22 01:25:31.466 D/MicroSettings: VolumeChangeObserver( 2167): onReceive:
02-22 01:25:31.467 D/MicroSettings: VolumeChangeObserver( 2167): onReceive:
02-22 01:25:31.468 D/MicroSettings: VolumeChangeObserver( 2167): onReceive:
02-22 01:25:31.468 I/vol.Events( 1972): writeEvent level_changed STREAM_ALARM 6
02-22 01:25:31.469 D/MicroSettings: VolumeChangeObserver( 2167): onReceive:
02-22 01:25:31.469 I/vol.Events( 1972): writeEvent level_changed STREAM_RING 6
02-22 01:25:31.470 D/MicroSettings: VolumeChangeObserver( 2167): onReceive:
02-22 01:25:31.470 I/vol.Events( 1972): writeEvent level_changed STREAM_SYSTEM 6
02-22 01:25:31.470 D/MicroSettings: VolumeChangeObserver( 2167): onReceive:
02-22 01:25:31.470 I/volume_changed( 1521): [3,0,33,39,com.android.systemui]
02-22 01:25:31.471 I/vol.Events( 1972): writeEvent level_changed STREAM_VOICE_CALL 4
02-22 01:25:31.471 D/MicroSettings: VolumeChangeObserver( 2167): onReceive:
02-22 01:25:31.471 D/MicroSettings: VolumeChangeObserver( 2167): onReceive:
02-22 01:25:31.471 D/MicroSettings: VolumeChangeObserver( 2167): onReceive currentVolume: 33
02-22 01:25:31.471 D/MicroSettings: VolumeChangeObserver( 2167): onReceive mVolumeType: -1
02-22 01:25:31.471 D/MicroSettings: VolumeChangeObserver( 2167): onReceive no return:
02-22 01:25:31.471 D/MicroSettings: VolumeChangeObserver( 2167): onReceive no return isClickMediaVolumeSeekbar: false
02-22 01:25:31.471 E/MicroSettings: SoundSettingServiceBinder( 2167): onVolumeChanged: 33
02-22 01:25:31.471 D/MicroSettings: SoundManager( 2167): onMediaVolumeChanged
02-22 01:25:31.472 I/vol.Events( 1972): writeEvent level_changed STREAM_MUSIC 33
02-22 01:25:31.472 I/vol.Events( 1972): writeEvent mute_changed STREAM_MUSIC false
02-22 01:25:31.516 D/BluetoothDatabase( 1955): getBondedDevicesOrdered: Invalid address for device LocalStorage
02-22 01:25:31.674 W/hpplay-java( 2725): [main]:IPManager:getActiveNets invalid networkInfo:null
02-22 01:25:31.675 I/hpplay-java( 2725): [main]:IPManager:getActiveNets eth0:false wifi:false mobile:false ap:false
02-22 01:25:31.675 I/hpplay-java( 2725): [main]:ServerTaskManager:get local ip:null
01-01 11:31:18.863 E/DTC_ETH,link_delay_work_func( 0): 3003, SQI=0, link=0
02-22 01:25:31.925 I/OpenGLRenderer( 1972): Davey! duration=9223371283132ms; Flags=0, FrameTimelineVsyncId=18436, IntendedVsync=753722042605, Vsync=753722042605, InputEventId=0, HandleInputStart=753722472367, AnimationStart=753722474919, PerformTraversalsStart=753722477419, DrawStart=753728231065, FrameDeadline=753760042603, FrameInterval=753722464606, FrameStartTime=16666666, SyncQueued=753729461429, SyncStart=753729582731, IssueDrawCommandsStart=753731350335, SwapBuffers=753740704450, FrameCompleted=9223372036854775807, DequeueBufferDuration=62187, QueueBufferDuration=1312865, GpuCompleted=9223372036854775807, SwapBuffersCompleted=753742719137, DisplayPresentTime=0,
02-22 01:25:31.931 I/mpu_uart( 645): [MSG-P:RECV]:No message received in 1000 ms
02-22 01:25:32.183 I/commit_sys_config_file( 1521): [settings-1-0,4]
02-22 01:25:32.269 I/OMX-VENC: venc_dev( 1219): stats: avg. fps 12.89, bitrate 545145
02-22 01:25:32.426 I/mpu_uart( 645): [MSG-P:R]:recv sync frame timeout
02-22 01:25:32.459 D/AS.AudioService( 1521): forceVolumeControlStream cb:android.os.BinderProxy@be6f8c8 is already linked.
02-22 01:25:32.460 W/AudioIDCMicroNegotiator( 1521): idcm_warn: idcm control is not enable
02-22 01:25:32.462 D/MicroSettings: VolumeChangeObserver( 2167): onReceive:
02-22 01:25:32.463 D/MicroSettings: VolumeChangeObserver( 2167): onReceive:
02-22 01:25:32.463 D/MicroSettings: VolumeChangeObserver( 2167): onReceive:
02-22 01:25:32.464 D/MicroSettings: VolumeChangeObserver( 2167): onReceive:
02-22 01:25:32.464 D/MicroSettings: VolumeChangeObserver( 2167): onReceive:
02-22 01:25:32.465 D/MicroSettings: VolumeChangeObserver( 2167): onReceive:
02-22 01:25:32.466 D/MicroSettings: VolumeChangeObserver( 2167): onReceive:
02-22 01:25:32.466 D/MicroSettings: VolumeChangeObserver( 2167): onReceive:
02-22 01:25:32.467 D/MicroSettings: VolumeChangeObserver( 2167): onReceive:
02-22 01:25:32.468 D/MicroSettings: VolumeChangeObserver( 2167): onReceive:
02-22 01:25:32.468 I/vol.Events( 1972): writeEvent level_changed STREAM_ALARM 1
02-22 01:25:32.468 I/vol.Events( 1972): writeEvent level_changed STREAM_RING 0
02-22 01:25:32.468 I/vol.Events( 1972): writeEvent level_changed STREAM_SYSTEM 0
02-22 01:25:32.468 I/volume_changed( 1521): [3,33,0,39,com.android.systemui]
02-22 01:25:32.468 I/vol.Events( 1972): writeEvent level_changed STREAM_VOICE_CALL 1
02-22 01:25:32.468 D/MicroSettings: VolumeChangeObserver( 2167): onReceive:
02-22 01:25:32.469 D/MicroSettings: VolumeChangeObserver( 2167): onReceive:
02-22 01:25:32.469 D/MicroSettings: VolumeChangeObserver( 2167): onReceive currentVolume: 0
02-22 01:25:32.469 D/MicroSettings: VolumeChangeObserver( 2167): onReceive mVolumeType: -1
02-22 01:25:32.469 D/MicroSettings: VolumeChangeObserver( 2167): onReceive no return:
02-22 01:25:32.469 D/MicroSettings: VolumeChangeObserver( 2167): onReceive no return isClickMediaVolumeSeekbar: false
02-22 01:25:32.469 E/MicroSettings: SoundSettingServiceBinder( 2167): onVolumeChanged: 0
02-22 01:25:32.469 D/MicroSettings: SoundManager( 2167): onMediaVolumeChanged
02-22 01:25:32.469 I/vol.Events( 1972): writeEvent level_changed STREAM_MUSIC 0
02-22 01:25:32.471 I/vol.Events( 1972): writeEvent mute_changed STREAM_MUSIC true
02-22 01:25:32.510 D/BluetoothDatabase( 1955): getBondedDevicesOrdered: Invalid address for device LocalStorage
02-22 01:25:32.677 W/hpplay-java( 2725): [main]:IPManager:getActiveNets invalid networkInfo:null
02-22 01:25:32.677 I/hpplay-java( 2725): [main]:IPManager:getActiveNets eth0:false wifi:false mobile:false ap:false
02-22 01:25:32.677 I/hpplay-java( 2725): [main]:ServerTaskManager:get local ip:null
02-22 01:25:32.914 I/OpenGLRenderer( 1972): Davey! duration=9223371282146ms; Flags=0, FrameTimelineVsyncId=18481, IntendedVsync=754707725009, Vsync=754707725009, InputEventId=0, HandleInputStart=754708398929, AnimationStart=754708401325, PerformTraversalsStart=754708403981, DrawStart=754713966429, FrameDeadline=754745725007, FrameInterval=754708390752, FrameStartTime=16666666, SyncQueued=754714997470, SyncStart=754715097991, IssueDrawCommandsStart=754716497835, SwapBuffers=754724955908, FrameCompleted=9223372036854775807, DequeueBufferDuration=50730, QueueBufferDuration=1232031, GpuCompleted=9223372036854775807, SwapBuffersCompleted=754726848981, DisplayPresentTime=0,
02-22 01:25:32.931 I/mpu_uart( 645): [MSG-P:RECV]:No message received in 1000 ms
02-22 01:25:33.181 I/commit_sys_config_file( 1521): [settings-1-0,3]
02-22 01:25:33.270 I/OMX-VENC: venc_dev( 1219): stats: avg. fps 13.99, bitrate 581048
02-22 01:25:33.679 W/hpplay-java( 2725): [main]:IPManager:getActiveNets invalid networkInfo:null
02-22 01:25:33.679 I/hpplay-java( 2725): [main]:IPManager:getActiveNets eth0:false wifi:false mobile:false ap:false
02-22 01:25:33.680 I/hpplay-java( 2725): [main]:ServerTaskManager:get local ip:null
02-22 01:25:33.931 I/mpu_uart( 645): [MSG-P:RECV]:No message received in 1000 ms
02-22 01:25:34.190 D/AS.AudioService( 1521): forceVolumeControlStream cb:android.os.BinderProxy@be6f8c8 is already linked.
02-22 01:25:34.192 W/AudioIDCMicroNegotiator( 1521): idcm_warn: idcm control is not enable
02-22 01:25:34.194 D/MicroSettings: VolumeChangeObserver( 2167): onReceive:
02-22 01:25:34.195 D/MicroSettings: VolumeChangeObserver( 2167): onReceive:
02-22 01:25:34.195 D/MicroSettings: VolumeChangeObserver( 2167): onReceive:
02-22 01:25:34.196 D/MicroSettings: VolumeChangeObserver( 2167): onReceive:
02-22 01:25:34.196 D/MicroSettings: VolumeChangeObserver( 2167): onReceive:
02-22 01:25:34.197 D/MicroSettings: VolumeChangeObserver( 2167): onReceive:
02-22 01:25:34.197 D/MicroSettings: VolumeChangeObserver( 2167): onReceive:
02-22 01:25:34.198 I/vol.Events( 1972): writeEvent level_changed STREAM_ALARM 7
02-22 01:25:34.198 D/MicroSettings: VolumeChangeObserver( 2167): onReceive:
02-22 01:25:34.199 D/MicroSettings: VolumeChangeObserver( 2167): onReceive:
02-22 01:25:34.199 I/vol.Events( 1972): writeEvent level_changed STREAM_RING 7
02-22 01:25:34.199 I/vol.Events( 1972): writeEvent level_changed STREAM_SYSTEM 7
02-22 01:25:34.200 I/volume_changed( 1521): [3,0,36,39,com.android.systemui]
02-22 01:25:34.200 I/vol.Events( 1972): writeEvent level_changed STREAM_VOICE_CALL 5
02-22 01:25:34.200 D/MicroSettings: VolumeChangeObserver( 2167): onReceive:
02-22 01:25:34.200 D/MicroSettings: VolumeChangeObserver( 2167): onReceive:
02-22 01:25:34.201 D/MicroSettings: VolumeChangeObserver( 2167): onReceive:
02-22 01:25:34.201 D/MicroSettings: VolumeChangeObserver( 2167): onReceive currentVolume: 36
02-22 01:25:34.201 D/MicroSettings: VolumeChangeObserver( 2167): onReceive mVolumeType: -1
02-22 01:25:34.201 D/MicroSettings: VolumeChangeObserver( 2167): onReceive no return:
02-22 01:25:34.201 D/MicroSettings: VolumeChangeObserver( 2167): onReceive no return isClickMediaVolumeSeekbar: false
02-22 01:25:34.201 I/vol.Events( 1972): writeEvent level_changed STREAM_MUSIC 36
02-22 01:25:34.201 E/MicroSettings: SoundSettingServiceBinder( 2167): onVolumeChanged: 36
02-22 01:25:34.201 D/MicroSettings: SoundManager( 2167): onMediaVolumeChanged
02-22 01:25:34.201 I/vol.Events( 1972): writeEvent mute_changed STREAM_MUSIC false
02-22 01:25:34.243 D/BluetoothDatabase( 1955): getBondedDevicesOrdered: Invalid address for device LocalStorage
02-22 01:25:34.280 I/OMX-VENC: venc_dev( 1219): stats: avg. fps 12.86, bitrate 543997
02-22 01:25:34.682 W/hpplay-java( 2725): [main]:IPManager:getActiveNets invalid networkInfo:null
02-22 01:25:34.682 I/hpplay-java( 2725): [main]:IPManager:getActiveNets eth0:false wifi:false mobile:false ap:false
02-22 01:25:34.682 I/hpplay-java( 2725): [main]:ServerTaskManager:get local ip:null
02-22 01:25:34.825 D/RemoteControlService( 2315): startVlanDispatchThread
02-22 01:25:34.913 I/commit_sys_config_file( 1521): [settings-1-0,4]
02-22 01:25:34.914 I/OpenGLRenderer( 1972): Davey! duration=9223371280141ms; Flags=0, FrameTimelineVsyncId=18548, IntendedVsync=756712530518, Vsync=756712530518, InputEventId=0, HandleInputStart=756713151688, AnimationStart=756713154553, PerformTraversalsStart=756713157105, DrawStart=756719160543, FrameDeadline=756733863850, FrameInterval=756713143095, FrameStartTime=16666666, SyncQueued=756720410699, SyncStart=756720682886, IssueDrawCommandsStart=756722041845, SwapBuffers=756730460178, FrameCompleted=9223372036854775807, DequeueBufferDuration=53125, QueueBufferDuration=1526146, GpuCompleted=9223372036854775807, SwapBuffersCompleted=756732471168, DisplayPresentTime=0,
02-22 01:25:34.931 I/mpu_uart( 645): [MSG-P:RECV]:No message received in 1000 ms
02-22 01:25:35.288 I/OMX-VENC: venc_dev( 1219): stats: avg. fps 11.91, bitrate 1088714
02-22 01:25:35.348 D/AS.AudioService( 1521): forceVolumeControlStream cb:android.os.BinderProxy@be6f8c8 is already linked.
02-22 01:25:35.349 W/AudioIDCMicroNegotiator( 1521): idcm_warn: idcm control is not enable
02-22 01:25:35.351 D/MicroSettings: VolumeChangeObserver( 2167): onReceive:
02-22 01:25:35.352 D/MicroSettings: VolumeChangeObserver( 2167): onReceive:
02-22 01:25:35.352 D/MicroSettings: VolumeChangeObserver( 2167): onReceive:
02-22 01:25:35.353 D/MicroSettings: VolumeChangeObserver( 2167): onReceive:
02-22 01:25:35.354 D/MicroSettings: VolumeChangeObserver( 2167): onReceive:
02-22 01:25:35.354 D/MicroSettings: VolumeChangeObserver( 2167): onReceive:
02-22 01:25:35.355 D/MicroSettings: VolumeChangeObserver( 2167): onReceive:
02-22 01:25:35.356 I/vol.Events( 1972): writeEvent level_changed STREAM_ALARM 1
02-22 01:25:35.356 D/MicroSettings: VolumeChangeObserver( 2167): onReceive:
02-22 01:25:35.356 I/vol.Events( 1972): writeEvent level_changed STREAM_RING 0
02-22 01:25:35.357 D/MicroSettings: VolumeChangeObserver( 2167): onReceive:
02-22 01:25:35.357 I/vol.Events( 1972): writeEvent level_changed STREAM_SYSTEM 0
02-22 01:25:35.358 D/MicroSettings: VolumeChangeObserver( 2167): onReceive:
02-22 01:25:35.358 I/vol.Events( 1972): writeEvent level_changed STREAM_VOICE_CALL 1
02-22 01:25:35.358 I/volume_changed( 1521): [3,36,0,39,com.android.systemui]
02-22 01:25:35.358 D/MicroSettings: VolumeChangeObserver( 2167): onReceive:
02-22 01:25:35.359 D/MicroSettings: VolumeChangeObserver( 2167): onReceive:
02-22 01:25:35.359 D/MicroSettings: VolumeChangeObserver( 2167): onReceive currentVolume: 0
02-22 01:25:35.359 D/MicroSettings: VolumeChangeObserver( 2167): onReceive mVolumeType: -1
02-22 01:25:35.359 D/MicroSettings: VolumeChangeObserver( 2167): onReceive no return:
02-22 01:25:35.359 D/MicroSettings: VolumeChangeObserver( 2167): onReceive no return isClickMediaVolumeSeekbar: false
02-22 01:25:35.359 E/MicroSettings: SoundSettingServiceBinder( 2167): onVolumeChanged: 0
02-22 01:25:35.359 D/MicroSettings: SoundManager( 2167): onMediaVolumeChanged
02-22 01:25:35.360 I/vol.Events( 1972): writeEvent level_changed STREAM_MUSIC 0
02-22 01:25:35.360 I/vol.Events( 1972): writeEvent mute_changed STREAM_MUSIC true
02-22 01:25:35.405 D/BluetoothDatabase( 1955): getBondedDevicesOrdered: Invalid address for device LocalStorage
02-22 01:25:35.428 I/mpu_uart( 645): [MSG-P:R]:recv sync frame timeout
02-22 01:25:35.448 E/tlogd ( 1273): [TzLogger](isPathReadable) file /sys/kernel/debug/tzdbg/qsee_log isn't exist or no permission, err: No such file or directory
02-22 01:25:35.448 E/tlogd ( 1273): [TzLogger](saveTzlogAsync) /sys/kernel/debug/tzdbg/qsee_log can not read.
02-22 01:25:35.448 E/tlogd ( 1273): [TzLogger](isPathReadable) file /sys/kernel/debug/tzdbg/log isn't exist or no permission, err: No such file or directory
02-22 01:25:35.448 E/tlogd ( 1273): [TzLogger](saveTzlogAsync) /sys/kernel/debug/tzdbg/log can not read.
02-22 01:25:35.684 W/hpplay-java( 2725): [main]:IPManager:getActiveNets invalid networkInfo:null
02-22 01:25:35.685 I/hpplay-java( 2725): [main]:IPManager:getActiveNets eth0:false wifi:false mobile:false ap:false
02-22 01:25:35.685 I/hpplay-java( 2725): [main]:ServerTaskManager:get local ip:null
02-22 01:25:35.769 I/selfinstaller( 1191): create socket failed: Network is unreachable 101
02-22 01:25:35.922 I/OpenGLRenderer( 1972): Davey! duration=9223371279139ms; Flags=0, FrameTimelineVsyncId=18603, IntendedVsync=757714961458, Vsync=757714961458, InputEventId=0, HandleInputStart=757715582990, AnimationStart=757715585803, PerformTraversalsStart=757715588355, DrawStart=757721337625, FrameDeadline=757752961456, FrameInterval=757715575230, FrameStartTime=16666666, SyncQueued=757722365698, SyncStart=757722475750, IssueDrawCommandsStart=757723846011, SwapBuffers=757731963094, FrameCompleted=9223372036854775807, DequeueBufferDuration=55781, QueueBufferDuration=1246667, GpuCompleted=9223372036854775807, SwapBuffersCompleted=757734048719, DisplayPresentTime=0,
02-22 01:25:35.931 I/mpu_uart( 645): [MSG-P:RECV]:No message received in 1000 ms
02-22 01:25:36.069 I/commit_sys_config_file( 1521): [settings-1-0,4]
02-22 01:25:36.269 D/AS.AudioService( 1521): forceVolumeControlStream cb:android.os.BinderProxy@be6f8c8 is already linked.
02-22 01:25:36.270 W/AudioIDCMicroNegotiator( 1521): idcm_warn: idcm control is not enable
02-22 01:25:36.272 D/MicroSettings: VolumeChangeObserver( 2167): onReceive:
02-22 01:25:36.273 D/MicroSettings: VolumeChangeObserver( 2167): onReceive:
02-22 01:25:36.273 D/MicroSettings: VolumeChangeObserver( 2167): onReceive:
02-22 01:25:36.273 D/MicroSettings: VolumeChangeObserver( 2167): onReceive:
02-22 01:25:36.276 D/MicroSettings: VolumeChangeObserver( 2167): onReceive:
02-22 01:25:36.276 D/MicroSettings: VolumeChangeObserver( 2167): onReceive:
02-22 01:25:36.276 D/MicroSettings: VolumeChangeObserver( 2167): onReceive:
02-22 01:25:36.276 D/MicroSettings: VolumeChangeObserver( 2167): onReceive:
02-22 01:25:36.277 I/vol.Events( 1972): writeEvent level_changed STREAM_ALARM 6
02-22 01:25:36.278 D/MicroSettings: VolumeChangeObserver( 2167): onReceive:
02-22 01:25:36.278 D/MicroSettings: VolumeChangeObserver( 2167): onReceive:
02-22 01:25:36.278 I/volume_changed( 1521): [3,0,34,39,com.android.systemui]
02-22 01:25:36.278 D/MicroSettings: VolumeChangeObserver( 2167): onReceive:
02-22 01:25:36.279 D/MicroSettings: VolumeChangeObserver( 2167): onReceive:
02-22 01:25:36.279 D/MicroSettings: VolumeChangeObserver( 2167): onReceive currentVolume: 34
02-22 01:25:36.279 D/MicroSettings: VolumeChangeObserver( 2167): onReceive mVolumeType: -1
02-22 01:25:36.279 D/MicroSettings: VolumeChangeObserver( 2167): onReceive no return:
02-22 01:25:36.279 D/MicroSettings: VolumeChangeObserver( 2167): onReceive no return isClickMediaVolumeSeekbar: false
02-22 01:25:36.279 E/MicroSettings: SoundSettingServiceBinder( 2167): onVolumeChanged: 34
02-22 01:25:36.279 D/MicroSettings: SoundManager( 2167): onMediaVolumeChanged
02-22 01:25:36.281 I/vol.Events( 1972): writeEvent level_changed STREAM_RING 6
02-22 01:25:36.281 I/vol.Events( 1972): writeEvent level_changed STREAM_SYSTEM 6
02-22 01:25:36.281 I/vol.Events( 1972): writeEvent level_changed STREAM_VOICE_CALL 5
02-22 01:25:36.281 I/vol.Events( 1972): writeEvent level_changed STREAM_MUSIC 34
02-22 01:25:36.281 I/vol.Events( 1972): writeEvent mute_changed STREAM_MUSIC false
02-22 01:25:36.289 I/OMX-VENC: venc_dev( 1219): stats: avg. fps 16.99, bitrate 718782
02-22 01:25:36.323 D/BluetoothDatabase( 1955): getBondedDevicesOrdered: Invalid address for device LocalStorage
02-22 01:25:36.333 I/OpenGLRenderer( 1972): Davey! duration=9223371278738ms; Flags=0, FrameTimelineVsyncId=18637, IntendedVsync=758115914977, Vsync=758132581643, InputEventId=433149321, HandleInputStart=758140624761, AnimationStart=758140627782, PerformTraversalsStart=758140629865, DrawStart=758140718042, FrameDeadline=758153914975, FrameInterval=758140614396, FrameStartTime=16666666, SyncQueued=758141005282, SyncStart=758141204084, IssueDrawCommandsStart=758142259188, SwapBuffers=758148594969, FrameCompleted=9223372036854775807, DequeueBufferDuration=51041, QueueBufferDuration=1252396, GpuCompleted=9223372036854775807, SwapBuffersCompleted=758150348146, DisplayPresentTime=0,
02-22 01:25:36.687 W/hpplay-java( 2725): [main]:IPManager:getActiveNets invalid networkInfo:null
02-22 01:25:36.687 I/hpplay-java( 2725): [main]:IPManager:getActiveNets eth0:false wifi:false mobile:false ap:false
02-22 01:25:36.687 I/hpplay-java( 2725): [main]:ServerTaskManager:get local ip:null
02-22 01:25:36.922 I/OpenGLRenderer( 1972): Davey! duration=9223371278137ms; Flags=0, FrameTimelineVsyncId=18648, IntendedVsync=758717359875, Vsync=758717359875, InputEventId=0, HandleInputStart=758717947729, AnimationStart=758717949917, PerformTraversalsStart=758717952156, DrawStart=758723202104, FrameDeadline=758755359873, FrameInterval=758717939917, FrameStartTime=16666666, SyncQueued=758724395021, SyncStart=758724509865, IssueDrawCommandsStart=758725897208, SwapBuffers=758734396271, FrameCompleted=9223372036854775807, DequeueBufferDuration=57083, QueueBufferDuration=1337709, GpuCompleted=9223372036854775807, SwapBuffersCompleted=758736418302, DisplayPresentTime=0,
01-01 11:31:23.983 E/DTC_ETH,link_delay_work_func( 0): 3003, SQI=0, link=0
02-22 01:25:36.932 I/mpu_uart( 645): [MSG-P:RECV]:No message received in 1000 ms
02-22 01:25:36.995 I/commit_sys_config_file( 1521): [settings-1-0,5]
02-22 01:25:37.295 I/OMX-VENC: venc_dev( 1219): stats: avg. fps 3.98, bitrate 164627
02-22 01:25:37.690 W/hpplay-java( 2725): [main]:IPManager:getActiveNets invalid networkInfo:null
02-22 01:25:37.690 I/hpplay-java( 2725): [main]:IPManager:getActiveNets eth0:false wifi:false mobile:false ap:false
02-22 01:25:37.690 I/hpplay-java( 2725): [main]:ServerTaskManager:get local ip:null
02-22 01:25:37.926 I/OpenGLRenderer( 1972): Davey! duration=9223371277134ms; Flags=0, FrameTimelineVsyncId=18654, IntendedVsync=759719820392, Vsync=759719820392, InputEventId=0, HandleInputStart=759720548093, AnimationStart=759720551791, PerformTraversalsStart=759720554552, DrawStart=759726221635, FrameDeadline=759757820390, FrameInterval=759720535750, FrameStartTime=16666666, SyncQueued=759727212677, SyncStart=759727408510, IssueDrawCommandsStart=759728837156, SwapBuffers=759737000021, FrameCompleted=9223372036854775807, DequeueBufferDuration=51458, QueueBufferDuration=1255834, GpuCompleted=9223372036854775807, SwapBuffersCompleted=759738878562, DisplayPresentTime=0,
02-22 01:25:37.932 I/mpu_uart( 645): [MSG-P:RECV]:No message received in 1000 ms
02-22 01:25:37.942 E/audio_hw_primary( 799): out_write: error -5, cannot write stream data: I/O error
02-22 01:25:37.942 D/audio_hw_primary( 799): out_standby: enter: stream (0xe41821a0) usecase(1: low-latency-playback)
01-01 11:31:25.207 E/msm_pcm_playback_close( 0): CMD_EOS failed, cmd_pending 0x8
01-01 11:31:25.214 I/afe_close( 0): port_id = 0x9000
02-22 01:25:38.157 D/audio_hw_primary( 799): disable_audio_route: reset and update mixer path: low-latency-playback
02-22 01:25:38.158 E/soundtrigger( 799): audio_extn_sound_trigger_update_stream_status: invalid input device 0x0, for event 2
02-22 01:25:38.159 D/soundtrigger( 799): audio_extn_sound_trigger_update_stream_status: uc_info->id 1 of type 0 for Event 2, with Raise=0
02-22 01:25:38.159 D/msm8974_platform( 799): platform_split_snd_device: snd_device(2) num devices(0) new_snd_devices(0)
02-22 01:25:38.159 I/msm8974_platform( 799): platform_get_custom_mtmx_params: no matching param with id 0 ip_ch 2 op_ch 2 uc_id 1 snd_dev 2
02-22 01:25:38.159 D/hardware_info( 799): hw_info_append_hw_type : device_name = speaker
02-22 01:25:38.159 D/audio_hw_primary( 799): disable_snd_device: snd_device(2: speaker)
02-22 01:25:38.159 D/msm8974_platform( 799): platform_split_snd_device: snd_device(2) num devices(0) new_snd_devices(0)
02-22 01:25:38.159 I/soundtrigger( 799): audio_extn_sound_trigger_update_device_status: device 0x2 of type 0 for Event 0, with Raise=0
02-22 01:25:38.159 D/audio_hw_primary( 799): out_standby: exit
02-22 01:25:38.164 D/audio_hw_primary( 799): start_output_stream: enter: stream(0xe41821a0)usecase(1: low-latency-playback) devices(0x2) is_haptic_usecase(0)
02-22 01:25:38.164 D/audio_hw_primary( 799): select_devices for use case (low-latency-playback)
02-22 01:25:38.164 I/msm8974_platform( 799): platform_check_and_set_codec_backend_cfg:becf: afe: bitwidth 16, samplerate 48000 channels 2, backend_idx 0 usecase = 1 device (speaker)
02-22 01:25:38.164 D/msm8974_platform( 799): platform_split_snd_device: snd_device(2) num devices(1) new_snd_devices(0)
02-22 01:25:38.164 I/msm8974_platform( 799): platform_check_and_set_codec_backend_cfg: new_snd_devices[0] is 2
02-22 01:25:38.164 I/msm8974_platform( 799): platform_check_codec_backend_cfg:becf: afe: bitwidth 16, samplerate 48000 channels 2, backend_idx 0 usecase = 1 device (speaker)
02-22 01:25:38.166 D/audio_hw_extn( 799): audio_extn_enable_hifi_filter: mixer_value set 0
02-22 01:25:38.166 D/msm8974_platform( 799): platform_check_codec_backend_cfg:becf: updated afe: bitwidth 16, samplerate 48000 channels 2,backend_idx 0 usecase = 1 device (speaker)
02-22 01:25:38.166 D/msm8974_platform( 799): platform_check_codec_backend_cfg:becf: afe: playback on codec device not supporting native playback set default Sample Rate(48k)
02-22 01:25:38.166 I/msm8974_platform( 799): platform_check_codec_backend_cfg:becf: afe: Codec selected backend: 0 updated bit width: 16 and sample rate: 48000
02-22 01:25:38.166 D/audio_hw_primary( 799): check_usecases_codec_backend:becf: force routing 0
02-22 01:25:38.166 E/msm8974_platform( 799): platform_check_backends_match: Invalid snd_device =
02-22 01:25:38.166 D/audio_hw_primary( 799): check_usecases_codec_backend:becf: (78) check_usecases curr device: speaker, usecase device: backends match 0
02-22 01:25:38.166 D/audio_hw_primary( 799): check_usecases_codec_backend:becf: check_usecases num.of Usecases to switch 0
02-22 01:25:38.166 D/hardware_info( 799): hw_info_append_hw_type : device_name = speaker
02-22 01:25:38.166 D/msm8974_platform( 799): platform_split_snd_device: snd_device(2) num devices(0) new_snd_devices(0)
02-22 01:25:38.166 D/audio_hw_primary( 799): enable_snd_device: snd_device(2: speaker)
02-22 01:25:38.166 D/msm8974_platform( 799): platform_get_island_cfg_on_device:island cfg status on snd_device = (speaker 0)
02-22 01:25:38.166 I/soundtrigger( 799): audio_extn_sound_trigger_update_device_status: device 0x2 of type 0 for Event 1, with Raise=0
02-22 01:25:38.166 D/audio_route( 799): Apply path: speaker
02-22 01:25:38.166 I/audio_hw_utils( 799): audio_extn_utils_update_stream_output_app_type_cfg Allowing 24 and above bits playback on speaker ONLY at default sampling rate
02-22 01:25:38.166 E/soundtrigger( 799): audio_extn_sound_trigger_update_stream_status: invalid input device 0x0, for event 3
02-22 01:25:38.166 D/soundtrigger( 799): audio_extn_sound_trigger_update_stream_status: uc_info->id 1 of type 0 for Event 3, with Raise=0
02-22 01:25:38.166 D/audio_hw_utils( 799): audio_extn_utils_send_app_type_cfg: usecase->out_snd_device speaker
02-22 01:25:38.166 D/msm8974_platform( 799): platform_split_snd_device: snd_device(2) num devices(0) new_snd_devices(0)
02-22 01:25:38.166 D/audio_hw_utils( 799): audio_extn_btsco_get_sample_rate:Not a BT SCO device, need not update sampling rate
02-22 01:25:38.166 I/audio_hw_utils( 799): send_app_type_cfg_for_device PLAYBACK app_type 69937, acdb_dev_id 15, sample_rate 48000, snd_device_be_idx 179
02-22 01:25:38.167 D/msm8974_platform( 799): platform_split_snd_device: snd_device(2) num devices(1) new_snd_devices(0)
02-22 01:25:38.167 D/audio_hw_utils( 799): audio_extn_btsco_get_sample_rate:Not a BT SCO device, need not update sampling rate
02-22 01:25:38.167 D/ACDB-LOADER( 799): ACDB -> send_audio_cal, acdb_id = 15, path = 0, app id = 0x11131, sample rate = 48000, afe_sample_rate = 48000
02-22 01:25:38.167 D/ACDB-LOADER( 799): ACDB -> send_asm_topology
02-22 01:25:38.167 D/ACDB-LOADER( 799): ACDB -> ACDB_CMD_GET_AUDPROC_STREAM_TOPOLOGY_ID
02-22 01:25:38.167 D/ACDB-LOADER( 799): ACDB -> send_adm_topology
02-22 01:25:38.167 D/ACDB-LOADER( 799): ACDB -> ACDB_CMD_GET_AUDPROC_COMMON_TOPOLOGY_ID
02-22 01:25:38.167 D/ACDB-LOADER( 799): ACDB -> send_audtable
02-22 01:25:38.167 D/ACDB-LOADER( 799): ACDB -> ACDB_CMD_GET_AUDPROC_INSTANCE_COMMON_TABLE_SIZE
02-22 01:25:38.167 D/ACDB-LOADER( 799): ACDB -> ACDB_CMD_GET_AUDPROC_INSTANCE_COMMON_TABLE
02-22 01:25:38.167 D/ACDB-LOADER( 799): ACDB -> AUDIO_SET_AUDPROC_CAL cal_type[11] acdb_id[15] app_type[69937]
02-22 01:25:38.167 D/ACDB-LOADER( 799): ACDB -> send_audvoltable
02-22 01:25:38.167 D/ACDB-LOADER( 799): ACDB -> ACDB_CMD_GET_AUDPROC_INSTANCE_GAIN_DEP_STEP_TABLE_SIZE
02-22 01:25:38.167 D/ACDB-LOADER( 799): ACDB -> ACDB_CMD_GET_AUDPROC_INSTANCE_GAIN_DEP_STEP_TABLE, vol index 0
02-22 01:25:38.167 D/ACDB-LOADER( 799): ACDB -> AUDIO_SET_VOL_CAL cal type = 12
02-22 01:25:38.167 D/ACDB-LOADER( 799): ACDB -> ACDB_CMD_GET_AUDPROC_INSTANCE_STREAM_TABLE_SIZE
02-22 01:25:38.167 D/ACDB-LOADER( 799): ACDB -> send_audstrmtable
02-22 01:25:38.167 D/ACDB-LOADER( 799): ACDB -> ACDB_CMD_GET_AUDPROC_INSTANCE_STREAM_TABLE
02-22 01:25:38.167 D/ACDB-LOADER( 799): ACDB -> audstrm_cal->cal_type.cal_data.cal_size = 20
02-22 01:25:38.167 D/ACDB-LOADER( 799): ACDB -> send_afe_topology
02-22 01:25:38.167 D/ACDB-LOADER( 799): ACDB -> ACDB_CMD_GET_AFE_TOPOLOGY_ID
02-22 01:25:38.167 D/ACDB-LOADER( 799): ACDB -> GET_AFE_TOPOLOGY_ID for adcd_id 15, Topology Id 112fc
02-22 01:25:38.167 D/ACDB-LOADER( 799): ACDB -> send_afe_cal
02-22 01:25:38.167 D/ACDB-LOADER( 799): ACDB -> ACDB_CMD_GET_AFE_INSTANCE_COMMON_TABLE_SIZE
02-22 01:25:38.167 D/android.hardware.audio.service( 799): Failed to fetch the lookup information of the device 0000000F
02-22 01:25:38.167 D/ACDB-LOADER( 799): Error: ACDB_CMD_GET_AFE_INSTANCE_COMMON_TABLE_SIZE Returned = -19
02-22 01:25:38.167 D/ACDB-LOADER( 799): ACDB -> ACDB_CMD_GET_AFE_INSTANCE_COMMON_TABLE
02-22 01:25:38.167 D/android.hardware.audio.service( 799): Failed to fetch the lookup information of the device 0000000F
02-22 01:25:38.167 D/ACDB-LOADER( 799): Error: ACDB AFE returned = -19
02-22 01:25:38.167 D/ACDB-LOADER( 799): ACDB -> AUDIO_SET_AFE_CAL cal_type[16] acdb_id[15]
02-22 01:25:38.167 D/ACDB-LOADER( 799): ACDB -> send_hw_delay : acdb_id = 15 path = 0
02-22 01:25:38.167 D/ACDB-LOADER( 799): ACDB -> ACDB_AVSYNC_INFO: ACDB_CMD_GET_DEVICE_PROPERTY
02-22 01:25:38.167 D/msm8974_platform( 799): platform_split_snd_device: snd_device(2) num devices(0) new_snd_devices(0)
02-22 01:25:38.167 I/msm8974_platform( 799): platform_get_custom_mtmx_params: no matching param with id 0 ip_ch 2 op_ch 2 uc_id 1 snd_dev 2
02-22 01:25:38.167 D/audio_hw_primary( 799): enable_audio_route: apply mixer and update path: low-latency-playback
02-22 01:25:38.167 D/audio_route( 799): Apply path: low-latency-playback
02-22 01:25:38.168 D/audio_hw_primary( 799): select_devices: done
01-01 11:31:25.236 I/afe_find_cal_topo_id_by_port( 0): port id: 0x9000, dev_acdb_id: 0
01-01 11:31:25.236 I/afe_find_cal_topo_id_by_port( 0): top_id:112fc acdb_id:15 afe_port:0x9000
01-01 11:31:25.236 I/afe_get_cal_topology_id( 0): port_id = 0x9000 acdb_id = 15 topology_id = 0x112fc cal_type_index=8 ret=0
01-01 11:31:25.237 I/afe_send_port_topology_id( 0): AFE set topology id 0x112fc enable for port 0x9000 ret 0
01-01 11:31:25.237 I/send_afe_cal_type( 0): cal_index is 0
01-01 11:31:25.237 I/send_afe_cal_type( 0): dev_acdb_id[55] is 0
01-01 11:31:25.237 I/send_afe_cal_type( 0): Sending cal_index cal 0
01-01 11:31:25.237 E/send_afe_cal_type( 0): No cal sent for cal_index 0, port_id = 0x9000! ret -22
01-01 11:31:25.237 I/afe_send_hw_delay( 0): port_id 0x9000 rate 48000 delay_usec 474 status 0
02-22 01:25:38.195 D/msm8974_platform( 799): platform_set_channel_map mixer_ctl_name:Playback Channel Map9
02-22 01:25:38.195 D/msm8974_platform( 799): platform_set_channel_map: set mapping(1 2 0 0 0 0 0 0) for channel:2
02-22 01:25:38.196 D/audio_hw_primary( 799): start_output_stream: exit
02-22 01:25:38.249 I/input_interaction( 1521): Interaction with: f27e54b systemui.screen.recording (server), edge-swipe (server), swipe-up (server), PointerEventDispatcher0 (server),
02-22 01:25:38.373 D/RecordingService( 1972): onStartCommand com.android.systemui.screenrecord.STOP
02-22 01:25:38.374 D/RecordingService( 1972): notifying for user 0
02-22 01:25:38.391 W/MediaCodec( 1190): mapFormat: no mediaType information
02-22 01:25:38.391 W/MediaCodec( 1190): mapFormat: no mediaType information
02-22 01:25:38.391 D/MPEG4Writer( 1190): reset()
02-22 01:25:38.391 D/MPEG4Writer( 1190): Video track stopping. Stop source
02-22 01:25:38.391 D/MPEG4Writer( 1190): Video track source stopping
02-22 01:25:38.391 I/MediaCodecSource( 1190): encoder (video) stopping
02-22 01:25:38.430 I/mpu_uart( 645): [MSG-P:R]:recv sync frame timeout
02-22 01:25:38.597 I/commit_sys_config_file( 1521): [settings-1-0,6]
02-22 01:25:38.692 W/hpplay-java( 2725): [main]:IPManager:getActiveNets invalid networkInfo:null
02-22 01:25:38.692 I/hpplay-java( 2725): [main]:IPManager:getActiveNets eth0:false wifi:false mobile:false ap:false
02-22 01:25:38.692 I/hpplay-java( 2725): [main]:ServerTaskManager:get local ip:null
02-22 01:25:38.800 I/OMX-VENC: venc_dev( 1219): stats: avg. fps 4.65, bitrate 83018
02-22 01:25:38.815 E/OMX-VENC: venc_dev( 1219): async_venc_message_thread interrupted to be exited
02-22 01:25:38.817 I/OMX-VENC( 1219): Component Deinit
01-01 11:31:25.881 I/msm_vidc( 0): high: 00000001: h264e: Closed video instance: 0000000000000000
02-22 01:25:38.819 I/android.hardware.media.omx@1.0-service( 1219): vendor/qcom/proprietary/adsprpc/src/rpcmem_android.c:192: rpcmem_deinit_internal: closed ION fd 7
02-22 01:25:38.819 I/android.hardware.media.omx@1.0-service( 1219): vendor/qcom/proprietary/adsprpc/src/fastrpc_apps_user.c:3019: fastrpc_apps_user_deinit done
02-22 01:25:38.823 D/MediaCodecSource( 1190): source (video) stopping stalled
02-22 01:25:38.823 I/MediaCodecSource( 1190): encoder (video) stopped
02-22 01:25:38.823 I/MediaCodecSource( 1190): source (video) stopped
02-22 01:25:38.823 V/MediaWriter( 1190): Track event err/info msg:101, trackId:1, type:1000,val:-1011
02-22 01:25:38.823 I/MPEG4Writer( 1190): Received total/0-length (753/0) buffers and encoded 752 frames. - Video
02-22 01:25:38.824 D/MPEG4Writer( 1190): Video track source stopped
02-22 01:25:38.824 D/MPEG4Writer( 1190): Video track stopped. Status:0. Stop source
02-22 01:25:38.824 D/MPEG4Writer( 1190): 0 chunks are written in the last batch
02-22 01:25:38.824 D/MPEG4Writer( 1190): WriterThread stopped. Status:0
02-22 01:25:38.824 I/MPEG4Writer( 1190): Adjust the moov start time from 58837 us -> 58837 us
02-22 01:25:38.824 I/MPEG4Writer( 1190): MOOV atom was written to the file
02-22 01:25:38.824 D/MPEG4Writer( 1190): release()
02-22 01:25:38.824 D/MPEG4Writer( 1190): ftruncate mPreAllocateFileEndOffset:5549772 mOffset:9594 mMdatEndOffset:5539552 diff:10220
02-22 01:25:38.832 D/MPEG4Writer( 1190): final fsync() takes 7 ms, file size 5539552
02-22 01:25:38.832 D/MPEG4Writer( 1190): MP4WtrCtrlHlpLooper stopped
02-22 01:25:38.832 D/MPEG4Writer( 1190): Top 5 write durations(microseconds): #1:315 #2:468 #3:515 #4:3704 #5:4372
02-22 01:25:38.832 D/MPEG4Writer( 1190): reset()
02-22 01:25:38.832 D/MPEG4Writer( 1190): Video track stopping. Stop source
02-22 01:25:38.832 E/MPEG4Writer( 1190): Stop() called but track is not started or stopped
02-22 01:25:38.833 W/StagefrightRecorder( 1190): stop while neither recording nor paused
02-22 01:25:38.835 I/DisplayDeviceRepository( 1521): Display device removed: DisplayDeviceInfo{"Recording Display": uniqueId="virtual:com.android.systemui,10078,Recording Display,0", 2380 x 1020, modeId 4, defaultModeId 4, supportedModes [{id=4, width=2380, height=1020, fps=60.0, alternativeRefreshRates=[]}], colorMode 0, supportedColorModes [0], hdrCapabilities null, allmSupported false, gameContentTypeSupported false, density 240, 240.0 x 240.0 dpi, appVsyncOff 0, presDeadline 16666666, touch NONE, rotation 0, type VIRTUAL, deviceProductInfo null, state ON, owner com.android.systemui (uid 10078), frameRateOverride , brightnessMinimum 0.0, brightnessMaximum 0.0, brightnessDefault 0.0, FLAG_PRIVATE, FLAG_PRESENTATION}
02-22 01:25:38.836 I/LogicalDisplayMapper( 1521): Removing display: 2
02-22 01:25:38.838 D/ScreenMediaRecorder( 1972): end recording
02-22 01:25:38.839 W/InputManager-JNI( 1521): Input channel object '76a61ed ShellDropTarget (client)' was disposed without first being removed with the input manager!
02-22 01:25:38.841 I/notification_enqueue( 1521): [10078,1972,com.android.systemui,4275,NULL,0,Notification(channel=screen_record shortcut=null contentView=null vibrate=null sound=null defaults=0x0 flags=0x0 color=0x00000000 vis=PRIVATE),0]
02-22 01:25:38.841 D/RecordingService( 1972): saving recording
02-22 01:25:38.842 E/ActivityManager( 1521): Sending non-protected broadcast com.android.systemui.screenrecord.UPDATE_STATE_OUTSIDE from system 1972:com.android.systemui/u0a78 pkg com.android.systemui
02-22 01:25:38.842 E/ActivityManager( 1521): java.lang.Throwable
02-22 01:25:38.842 E/ActivityManager( 1521): at com.android.server.am.ActivityManagerService.checkBroadcastFromSystem(ActivityManagerService.java:12877)
02-22 01:25:38.842 E/ActivityManager( 1521): at com.android.server.am.ActivityManagerService.broadcastIntentLocked(ActivityManagerService.java:13477)
02-22 01:25:38.842 E/ActivityManager( 1521): at com.android.server.am.ActivityManagerService.broadcastIntentLocked(ActivityManagerService.java:12894)
02-22 01:25:38.842 E/ActivityManager( 1521): at com.android.server.am.ActivityManagerService.broadcastIntentWithFeature(ActivityManagerService.java:13729)
02-22 01:25:38.842 E/ActivityManager( 1521): at android.app.IActivityManager$Stub.onTransact(IActivityManager.java:2326)
02-22 01:25:38.842 E/ActivityManager( 1521): at com.android.server.am.ActivityManagerService.onTransact(ActivityManagerService.java:2528)
02-22 01:25:38.842 E/ActivityManager( 1521): at android.os.Binder.execTransactInternal(Binder.java:1184)
02-22 01:25:38.842 E/ActivityManager( 1521): at android.os.Binder.execTransact(Binder.java:1143)
02-22 01:25:38.843 E/ActivityManager( 1521): Sending non-protected broadcast com.android.systemui.screenrecord.UPDATE_STATE_OUTSIDE from system 1972:com.android.systemui/u0a78 pkg com.android.systemui
02-22 01:25:38.843 E/ActivityManager( 1521): java.lang.Throwable
02-22 01:25:38.843 E/ActivityManager( 1521): at com.android.server.am.ActivityManagerService.checkBroadcastFromSystem(ActivityManagerService.java:12877)
02-22 01:25:38.843 E/ActivityManager( 1521): at com.android.server.am.ActivityManagerService.broadcastIntentLocked(ActivityManagerService.java:13572)
02-22 01:25:38.843 E/ActivityManager( 1521): at com.android.server.am.ActivityManagerService.broadcastIntentLocked(ActivityManagerService.java:12894)
02-22 01:25:38.843 E/ActivityManager( 1521): at com.android.server.am.ActivityManagerService.broadcastIntentWithFeature(ActivityManagerService.java:13729)
02-22 01:25:38.843 E/ActivityManager( 1521): at android.app.IActivityManager$Stub.onTransact(IActivityManager.java:2326)
02-22 01:25:38.843 E/ActivityManager( 1521): at com.android.server.am.ActivityManagerService.onTransact(ActivityManagerService.java:2528)
02-22 01:25:38.843 E/ActivityManager( 1521): at android.os.Binder.execTransactInternal(Binder.java:1184)
02-22 01:25:38.843 E/ActivityManager( 1521): at android.os.Binder.execTransact(Binder.java:1143)
02-22 01:25:38.844 I/am_wtf ( 1521): [0,1521,system_server,-1,ActivityManager,Sending non-protected broadcast com.android.systemui.screenrecord.UPDATE_STATE_OUTSIDE from system 1972:com.android.systemui/u0a78 pkg com.android.systemui]
02-22 01:25:38.844 D/CompatibilityChangeReporter( 1972): Compat change id reported: 147798919; UID 10078; state: ENABLED
02-22 01:25:38.847 I/DropBoxManagerService( 1521): add tag=system_server_wtf isTagEnabled=true flags=0x2
02-22 01:25:38.848 I/am_wtf ( 1521): [0,1521,system_server,-1,ActivityManager,Sending non-protected broadcast com.android.systemui.screenrecord.UPDATE_STATE_OUTSIDE from system 1972:com.android.systemui/u0a78 pkg com.android.systemui]
02-22 01:25:38.849 D/GameMode_GameModeService( 2106): Received recording state update intent: false
02-22 01:25:38.849 I/DropBoxManagerService( 1521): add tag=system_server_wtf isTagEnabled=true flags=0x2
02-22 01:25:38.850 I/InputDispatcher( 1521): Erasing monitor PointerEventDispatcher2 (server) on display 2, pid=1521
02-22 01:25:38.850 D/CompatibilityChangeReporter( 1521): Compat change id reported: 149924527; UID 10078; state: ENABLED
02-22 01:25:38.850 D/CompatibilityChangeReporter( 1521): Compat change id reported: 132649864; UID 10078; state: DISABLED
02-22 01:25:38.851 D/CompatibilityChangeReporter( 1521): Compat change id reported: 182734110; UID 10078; state: ENABLED
02-22 01:25:38.854 D/CompatibilityChangeReporter( 1521): Compat change id reported: 172100307; UID 10078; state: ENABLED
02-22 01:25:38.855 W/InputManager-JNI( 1521): Input channel object 'f27e54b systemui.screen.recording (client)' was disposed without first being removed with the input manager!
02-22 01:25:38.856 W/MediaProvider( 2875): isAppCloneUserPair failed. Users: 0 and 0
02-22 01:25:38.856 W/MediaProvider( 2875): isAppCloneUserPair for user 0: false
02-22 01:25:38.858 W/MediaRecorder( 1972): mediarecorder went away with unhandled events
02-22 01:25:38.859 I/sysui_multi_action( 1521): [757,128,758,5,759,8,793,53758,794,51077,795,53758,796,4274,806,com.android.systemui,857,screen_record,858,3,947,0,1500,53554,1688,1]
02-22 01:25:38.859 I/notification_canceled( 1521): [0|com.android.systemui|4274|null|10078,8,53758,53758,51077,-1,-1,NULL]
02-22 01:25:38.862 D/CompatibilityChangeReporter( 1521): Compat change id reported: 175319604; UID 10078; state: ENABLED
02-22 01:25:38.862 W/WindowManager( 1521): Failed looking up window session=Session{3361e28 1972:u0a10078} callers=com.android.server.wm.WindowManagerService.windowForClientLocked:5628 com.android.server.wm.WindowManagerService.removeWindow:2033 com.android.server.wm.Session.remove:218
02-22 01:25:38.862 D/CompatibilityChangeReporter( 1521): Compat change id reported: 175319604; UID 1000; state: ENABLED
02-22 01:25:38.863 D/CompatibilityChangeReporter( 1521): Compat change id reported: 175319604; UID 1000; state: DISABLED
02-22 01:25:38.864 D/CompatibilityChangeReporter( 1521): Compat change id reported: 175319604; UID 10094; state: DISABLED
02-22 01:25:38.870 D/ScreenMediaRecorder( 1972): content://media/external_primary/video/media/20
02-22 01:25:38.875 I/MediaProvider( 2875): Open with lower FS for /storage/emulated/0/Movies/screen-20230222-012538.mp4. Uid: 10078
02-22 01:25:38.877 D/BaseIconFactory( 1972): normalizeAndWrapToAdaptiveIcon: scale=0.8095146
02-22 01:25:38.878 I/am_pss ( 1521): [2529,10080,com.android.launcher3,151601152,130633728,0,299257856,0,2,10]
02-22 01:25:38.904 D/PeopleSpaceWidgetMgr( 1972): Sbn doesn't contain valid PeopleTileKey: null/0/com.android.systemui
02-22 01:25:38.911 W/MediaProvider( 2875): Failed to fetch original file descriptor
02-22 01:25:38.911 W/MediaProvider( 2875): java.io.IOException: stat failed: ENOENT (No such file or directory)
02-22 01:25:38.911 W/MediaProvider( 2875): at com.android.providers.media.MediaProvider.getFileFromFileDescriptor(MediaProvider.java:5794)
02-22 01:25:38.911 W/MediaProvider( 2875): at com.android.providers.media.MediaProvider.getOriginalMediaFormatFileDescriptor(MediaProvider.java:5711)
02-22 01:25:38.911 W/MediaProvider( 2875): at com.android.providers.media.MediaProvider.openTypedAssetFileCommon(MediaProvider.java:7134)
02-22 01:25:38.911 W/MediaProvider( 2875): at com.android.providers.media.MediaProvider.openTypedAssetFile(MediaProvider.java:7115)
02-22 01:25:38.911 W/MediaProvider( 2875): at android.content.ContentProvider$Transport.openTypedAssetFile(ContentProvider.java:548)
02-22 01:25:38.911 W/MediaProvider( 2875): at android.content.ContentProviderNative.onTransact(ContentProviderNative.java:327)
02-22 01:25:38.911 W/MediaProvider( 2875): at android.os.Binder.execTransactInternal(Binder.java:1184)
02-22 01:25:38.911 W/MediaProvider( 2875): at android.os.Binder.execTransact(Binder.java:1143)
02-22 01:25:38.911 W/MediaProvider( 2875): Caused by: android.system.ErrnoException: stat failed: ENOENT (No such file or directory)
02-22 01:25:38.911 W/MediaProvider( 2875): at libcore.io.Linux.stat(Native Method)
02-22 01:25:38.911 W/MediaProvider( 2875): at libcore.io.ForwardingOs.stat(ForwardingOs.java:853)
02-22 01:25:38.911 W/MediaProvider( 2875): at libcore.io.BlockGuardOs.stat(BlockGuardOs.java:420)
02-22 01:25:38.911 W/MediaProvider( 2875): at libcore.io.ForwardingOs.stat(ForwardingOs.java:853)
02-22 01:25:38.911 W/MediaProvider( 2875): at android.app.ActivityThread$AndroidOs.stat(ActivityThread.java:7780)
02-22 01:25:38.911 W/MediaProvider( 2875): at android.system.Os.stat(Os.java:919)
02-22 01:25:38.911 W/MediaProvider( 2875): at com.android.providers.media.MediaProvider.getFileFromFileDescriptor(MediaProvider.java:5788)
02-22 01:25:38.911 W/MediaProvider( 2875): ... 7 more
02-22 01:25:38.911 I/ExtendedUtils( 1190): printFileName fd(9) -> /data/user_de/0/com.android.systemui/cache/temp5523181863550439953.mp4
02-22 01:25:38.921 I/ExtendedUtils( 1190): printFileName fd(12) -> /storage/emulated/0/Movies/screen-20230222-012538.mp4
02-22 01:25:38.927 I/MMParserExtractor( 1186): Created(0xb4000075667487f0)
02-22 01:25:38.928 E/MM_OSAL ( 1186): FileSource::FileSource
02-22 01:25:38.928 E/MM_OSAL ( 1186): FileSource::FileSource m_bEveryThingOK 1
02-22 01:25:38.932 I/mpu_uart( 645): [MSG-P:RECV]:No message received in 1000 ms
02-22 01:25:38.936 E/MetadataRetrieverClient( 1190): failed to extract an album art
02-22 01:25:38.937 E/MediaMetadataRetrieverJNI( 1972): getEmbeddedPicture: Call to getEmbeddedPicture failed.
02-22 01:25:38.939 E/MM_OSAL ( 1186): resetPlayback no need to reset
02-22 01:25:38.940 I/MMParserExtractor( 1186): Created(0xb4000075667497b0)
02-22 01:25:38.941 D/MediaCodecList( 1190): codecHandlesFormat: no format, so no extra checks
02-22 01:25:38.941 D/MediaCodecList( 1190): codecHandlesFormat: no format, so no extra checks
02-22 01:25:38.941 D/MediaCodecList( 1190): codecHandlesFormat: no format, so no extra checks
02-22 01:25:38.941 D/MediaCodecList( 1190): codecHandlesFormat: no format, so no extra checks
02-22 01:25:38.941 D/FrameDecoder( 1190): FrameDecoder created
02-22 01:25:38.941 D/renderfright( 1190): RenderEngine with GLES Backend
02-22 01:25:38.944 D/libEGL ( 1190): loaded /vendor/lib/egl/libEGL_adreno.so
02-22 01:25:38.949 I/ExtendedUtils( 1190): printFileName fd(11) -> /storage/emulated/0/Movies/screen-20230222-012538.mp4
02-22 01:25:38.957 D/libEGL ( 1190): loaded /vendor/lib/egl/libGLESv1_CM_adreno.so
02-22 01:25:38.960 I/MMParserExtractor( 1186): Created(0xb4000075667497b0)
02-22 01:25:38.971 D/libEGL ( 1190): loaded /vendor/lib/egl/libGLESv2_adreno.so
02-22 01:25:39.003 I/AdrenoGLES-0( 1190): QUALCOMM build : 47421dbee6, I139f36ad46
02-22 01:25:39.003 I/AdrenoGLES-0( 1190): Build Date : 02/18/22
02-22 01:25:39.003 I/AdrenoGLES-0( 1190): OpenGL ES Shader Compiler Version: EV031.32.02.17
02-22 01:25:39.003 I/AdrenoGLES-0( 1190): Local Branch :
02-22 01:25:39.003 I/AdrenoGLES-0( 1190): Remote Branch :
02-22 01:25:39.003 I/AdrenoGLES-0( 1190): Remote Branch :
02-22 01:25:39.003 I/AdrenoGLES-0( 1190): Reconstruct Branch :
02-22 01:25:39.003 I/AdrenoGLES-0( 1190): Build Config : S P 10.0.7 AArch32
02-22 01:25:39.003 I/AdrenoGLES-0( 1190): Driver Path : /vendor/lib/egl/libGLESv2_adreno.so
02-22 01:25:39.004 I/hwservicemanager( 505): getTransport: Cannot find entry android.hardware.graphics.mapper@4.0::IMapper/default in either framework or device VINTF manifest.
02-22 01:25:39.009 I/AdrenoGLES-0( 1190): PFP: 0x016dd093, ME: 0x00000000
02-22 01:25:39.019 E/SELinux ( 505): avc: denied { find } for interface=vendor.qti.qspmhal::IQspmhal sid=u:r:mediaserver:s0 pid=1190 scontext=u:r:mediaserver:s0 tcontext=u:object_r:vendor_hal_qspmhal_hwservice:s0 tclass=hwservice_manager permissive=0
02-22 01:25:39.019 I/auditd ( 505): avc: denied { find } for interface=vendor.qti.qspmhal::IQspmhal sid=u:r:mediaserver:s0 pid=1190 scontext=u:r:mediaserver:s0 tcontext=u:object_r:vendor_hal_qspmhal_hwservice:s0 tclass=hwservice_manager permissive=0
02-22 01:25:39.019 E/Adreno-AppProfiles( 1190): Could not find QSPM HAL service
02-22 01:25:39.023 E/RenderEngine( 1190): Couldn't set SCHED_FIFO for ImageManager
02-22 01:25:39.024 I/hwservicemanager( 505): getTransport: Cannot find entry android.hardware.graphics.allocator@4.0::IAllocator/default in either framework or device VINTF manifest.
02-22 01:25:39.024 W/Gralloc4( 1190): allocator 4.x is not supported
02-22 01:25:39.025 I/RenderEngine( 1190): OpenGL ES informations:
