02-22 01:22:46.383 I/wm_pause_activity( 1521): [0,239243841,com.thundercomm.screensaver/android.service.dreams.DreamActivity,userLeaving=false,finish]
02-22 01:22:46.389 I/wm_on_top_resumed_lost_called( 4273): [239243841,android.service.dreams.DreamActivity,topStateChangedWhenResumed]
02-22 01:22:46.390 I/sysui_multi_action( 1521): [757,803,799,window_time_0,802,51]
02-22 01:22:46.390 I/wm_on_paused_called( 4273): [239243841,android.service.dreams.DreamActivity,performPause]
02-22 01:22:46.391 I/wm_add_to_stopping( 1521): [0,239243841,com.thundercomm.screensaver/android.service.dreams.DreamActivity,completeFinishing]
02-22 01:22:46.394 I/wm_set_resumed_activity( 1521): [0,com.android.launcher3/.uioverrides.QuickstepLauncher,resumeTopActivityInnerLocked]
02-22 01:22:46.395 I/wm_resume_activity( 1521): [0,98139469,14,com.android.launcher3/.uioverrides.QuickstepLauncher]
02-22 01:22:46.403 I/sysui_multi_action( 1521): [757,803,799,window_time_0,802,0]
02-22 01:22:46.410 I/wm_on_restart_called( 2529): [98139469,com.android.launcher3.uioverrides.QuickstepLauncher,performRestartActivity]
02-22 01:22:46.410 I/wm_on_start_called( 2529): [98139469,com.android.launcher3.uioverrides.QuickstepLauncher,handleStartActivity]
02-22 01:22:46.410 I/wm_on_resume_called( 2529): [98139469,com.android.launcher3.uioverrides.QuickstepLauncher,RESUME_ACTIVITY]
02-22 01:22:46.410 I/wm_on_top_resumed_gained_called( 2529): [98139469,com.android.launcher3.uioverrides.QuickstepLauncher,topWhenResuming]
02-22 01:22:46.414 I/view_enqueue_input_event( 4273): [Motion - Cancel,com.thundercomm.screensaver/android.service.dreams.DreamActivity]
02-22 01:22:46.418 I/input_focus( 1521): [Focus leaving 2364879 com.thundercomm.screensaver/android.service.dreams.DreamActivity (server),reason=NO_WINDOW]
02-22 01:22:46.422 I/input_focus( 1521): [Focus request ad16e1f com.android.launcher3/com.android.launcher3.uioverrides.QuickstepLauncher,reason=UpdateInputWindows]
02-22 01:22:46.445 I/input_focus( 1521): [Focus entering ad16e1f com.android.launcher3/com.android.launcher3.uioverrides.QuickstepLauncher (server),reason=setFocusedWindow]
02-22 01:22:46.681 I/wm_destroy_activity( 1521): [0,239243841,21,com.thundercomm.screensaver/android.service.dreams.DreamActivity,finish-imm:idle]
02-22 01:22:46.702 I/wm_on_stop_called( 4273): [239243841,android.service.dreams.DreamActivity,LIFECYCLER_STOP_ACTIVITY]
02-22 01:22:46.703 I/wm_on_destroy_called( 4273): [239243841,android.service.dreams.DreamActivity,performDestroy]
02-22 01:22:46.707 I/sysui_multi_action( 1521): [757,222,758,2]
02-22 01:22:46.707 I/sysui_multi_action( 1521): [757,804,799,dreaming_minutes,801,0,802,1]
02-22 01:22:46.714 I/wm_task_removed( 1521): [21,removeChild:removeChild last r=ActivityRecord{e429241 u0 com.thundercomm.screensaver/android.service.dreams.DreamActivity t-1 f}} in t=Task{7c48a70 #21 type=dream A=10047:android:com.thundercomm.screensaver/dream U=0 visible=false mode=fullscreen translucent=true sz=0}]
02-22 01:22:46.715 I/wm_task_removed( 1521): [21,removeChild]
02-22 01:22:47.773 I/input_interaction( 1521): Interaction with: 2ea66f5 StatusBar (server), edge-swipe (server), swipe-up (server), PointerEventDispatcher0 (server),
02-22 01:22:47.776 I/sysui_multi_action( 1972): [757,803,799,panel_open,802,1]
02-22 01:22:47.778 I/sysui_multi_action( 1972): [757,1328,758,4,1326,46,1327,2,1329,0]
02-22 01:22:47.837 I/sysui_multi_action( 1521): [757,127,758,1]
02-22 01:22:47.837 I/sysui_multi_action( 1521): [757,804,799,note_load,801,3,802,1]
02-22 01:22:47.837 I/notification_panel_revealed( 1521): 3
02-22 01:22:47.851 I/input_focus( 1521): [Focus request 36c1000 NotificationShade,reason=UpdateInputWindows]
02-22 01:22:47.859 I/sysui_multi_action( 1521): [757,128,758,1,793,578916,794,0,795,578916,796,26,798,0,806,android,857,DEVELOPER_IMPORTANT,858,4,947,0,1395,3,1500,578546,1688,1]
02-22 01:22:47.859 I/sysui_multi_action( 1521): [757,804,799,note_freshness,801,578916,802,1]
02-22 01:22:47.859 I/notification_visibility( 1521): [-1|android|26|null|1000,1,578916,578916,0,0]
02-22 01:22:47.859 I/sysui_multi_action( 1521): [757,128,758,1,793,574003,794,0,795,574003,796,17303299,797,com.android.wifi,798,1,806,android,857,NETWORK_AVAILABLE,858,2,947,0,1395,3,1500,573802,1688,1]
02-22 01:22:47.859 I/sysui_multi_action( 1521): [757,804,799,note_freshness,801,574003,802,1]
02-22 01:22:47.859 I/notification_visibility( 1521): [0|android|17303299|com.android.wifi|1000,1,574003,574003,0,1]
02-22 01:22:47.859 I/sysui_multi_action( 1521): [757,128,758,1,793,579479,794,0,795,579479,796,32,798,2,806,android,857,USB,858,1,947,0,1395,3,1500,579224,1688,1]
02-22 01:22:47.859 I/sysui_multi_action( 1521): [757,804,799,note_freshness,801,579479,802,1]
02-22 01:22:47.860 I/notification_visibility( 1521): [-1|android|32|null|1000,1,579479,579479,0,2]
02-22 01:22:47.866 I/input_focus( 1521): [Focus leaving ad16e1f com.android.launcher3/com.android.launcher3.uioverrides.QuickstepLauncher (server),reason=setFocusedWindow]
02-22 01:22:47.866 I/input_focus( 1521): [Focus entering 36c1000 NotificationShade (server),reason=setFocusedWindow]
02-22 01:22:47.931 I/sysui_multi_action( 1972): [757,111,758,1]
02-22 01:22:47.931 I/sysui_multi_action( 1972): [757,126,758,1,759,126,927,0,928,1,1593,0]
02-22 01:22:47.931 I/sysui_multi_action( 1972): [757,113,758,1,759,113,927,1,928,1,1593,0]
02-22 01:22:47.931 I/sysui_multi_action( 1972): [757,0,758,1,759,0,927,2,928,0,1593,0]
02-22 01:22:47.931 I/sysui_multi_action( 1972): [757,0,758,1,759,0,927,3,928,0,1593,0]
02-22 01:22:47.932 I/sysui_multi_action( 1972): [757,491,758,1,759,491,927,4,928,0,1311,-1,1593,0]
02-22 01:22:47.932 I/sysui_multi_action( 1972): [757,0,758,1,759,0,927,5,928,0,1593,0]
02-22 01:22:47.932 I/sysui_multi_action( 1972): [757,111,758,1]
02-22 01:22:47.932 I/sysui_multi_action( 1972): [757,126,758,1,759,126,927,0,928,1,1593,0]
02-22 01:22:47.932 I/sysui_multi_action( 1972): [757,113,758,1,759,113,927,1,928,1,1593,0]
02-22 01:22:47.932 I/sysui_multi_action( 1972): [757,0,758,1,759,0,927,2,928,0,1593,0]
02-22 01:22:47.933 I/sysui_multi_action( 1972): [757,0,758,1,759,0,927,3,928,0,1593,0]
02-22 01:22:50.045 I/input_interaction( 1521): Interaction with: 36c1000 NotificationShade (server), edge-swipe (server), swipe-up (server), PointerEventDispatcher0 (server),
02-22 01:22:50.513 I/notification_enqueue( 1521): [10078,1972,com.android.systemui,2048,NULL,0,Notification(channel=updateNotification shortcut=null contentView=null vibrate=null sound=null defaults=0x0 flags=0x0 color=0x00000000 vis=PRIVATE),1]
02-22 01:22:50.513 I/sysui_multi_action( 1972): [757,111,758,2]
02-22 01:22:50.515 I/sysui_multi_action( 1972): [757,111,758,2]
02-22 01:22:50.726 I/input_focus( 1521): [Focus request ad16e1f com.android.launcher3/com.android.launcher3.uioverrides.QuickstepLauncher,reason=UpdateInputWindows]
02-22 01:22:50.732 I/sysui_multi_action( 1521): [757,128,758,2,793,581790,794,2874,795,581790,796,26,798,0,806,android,857,DEVELOPER_IMPORTANT,858,4,947,0,1395,3,1500,581420,1688,1]
02-22 01:22:50.733 I/notification_visibility( 1521): [-1|android|26|null|1000,0,581790,581790,0,0]
02-22 01:22:50.735 I/sysui_multi_action( 1521): [757,128,758,2,793,576878,794,2875,795,576878,796,17303299,797,com.android.wifi,798,1,806,android,857,NETWORK_AVAILABLE,858,2,947,0,1395,3,1500,576677,1688,1]
02-22 01:22:50.735 I/notification_visibility( 1521): [0|android|17303299|com.android.wifi|1000,0,576878,576878,0,1]
02-22 01:22:50.737 I/sysui_multi_action( 1521): [757,128,758,2,793,582356,794,2877,795,582356,796,32,798,2,806,android,857,USB,858,1,947,0,1395,3,1500,582101,1688,1]
02-22 01:22:50.737 I/notification_visibility( 1521): [-1|android|32|null|1000,0,582356,582356,0,2]
02-22 01:22:50.738 I/sysui_multi_action( 1521): [757,127,758,2]
02-22 01:22:50.739 I/notification_panel_hidden( 1521):
02-22 01:22:50.756 I/input_focus( 1521): [Focus leaving 36c1000 NotificationShade (server),reason=NO_WINDOW]
02-22 01:22:50.756 I/input_focus( 1521): [Focus entering ad16e1f com.android.launcher3/com.android.launcher3.uioverrides.QuickstepLauncher (server),reason=setFocusedWindow]
02-22 01:22:51.541 I/input_interaction( 1521): Interaction with: ad16e1f com.android.launcher3/com.android.launcher3.uioverrides.QuickstepLauncher (server), bb1c062 com.android.systemui.ImageWallpaper (server), edge-swipe (server), swipe-up (server), PointerEventDispatcher0 (server),
02-22 01:22:51.596 I/view_enqueue_input_event( 2529): [Motion - Cancel,com.android.launcher3/com.android.launcher3.uioverrides.QuickstepLauncher]
02-22 01:22:51.606 I/input_interaction( 1521): Interaction with: edge-swipe (server), swipe-up (server), PointerEventDispatcher0 (server),
02-22 01:22:51.648 I/service_manager_stats( 1521): [100,22,56060]
02-22 01:22:51.782 I/commit_sys_config_file( 1521): [settings-1-0,5]
02-22 01:22:52.216 I/commit_sys_config_file( 1521): [settings-1-0,7]
02-22 01:22:53.469 I/input_interaction( 1521): Interaction with: ad16e1f com.android.launcher3/com.android.launcher3.uioverrides.QuickstepLauncher (server), bb1c062 com.android.systemui.ImageWallpaper (server), edge-swipe (server), swipe-up (server), PointerEventDispatcher0 (server),
02-22 01:22:54.081 I/wm_finish_activity( 1521): [0,22298043,19,com.android.settings/.Settings,recent-task-trimmed]
02-22 01:22:54.083 I/wm_destroy_activity( 1521): [0,22298043,19,com.android.settings/.Settings,finish-imm:finishIfPossible]
02-22 01:22:54.087 I/am_kill ( 1521): [0,4491,com.android.settings,900,remove task]
02-22 01:22:54.089 I/sysui_multi_action( 1521): [757,803,799,window_time_0,802,7]
02-22 01:22:54.141 I/am_proc_died( 1521): [0,4491,com.android.settings,900,18]
02-22 01:22:54.150 I/wm_task_removed( 1521): [19,removeChild:removeChild last r=ActivityRecord{1543dbb u0 com.android.settings/.Settings t-1 f}} in t=Task{60d38a2 #19 type=standard A=1000:com.android.settings.root U=0 visible=false mode=fullscreen translucent=true sz=0}]
02-22 01:22:54.150 I/wm_task_removed( 1521): [19,removeChild]
02-22 01:22:54.170 I/am_proc_start( 1521): [0,4697,1000,com.android.settings,NULL,]
02-22 01:22:54.211 I/am_proc_bound( 1521): [0,4697,com.android.settings]
02-22 01:22:54.268 I/am_wtf ( 1521): [0,4697,com.android.settings,952647173,RoleParser,com.android.permissioncontroller.role.model.AssistantRoleBehavior]
02-22 01:22:54.270 I/am_wtf ( 1521): [0,4697,com.android.settings,952647173,RoleParser,com.android.permissioncontroller.role.model.BrowserRoleBehavior]
02-22 01:22:54.272 I/am_wtf ( 1521): [0,4697,com.android.settings,952647173,RoleParser,com.android.permissioncontroller.role.model.DialerRoleBehavior]
02-22 01:22:54.273 I/am_wtf ( 1521): [0,4697,com.android.settings,952647173,RoleParser,com.android.permissioncontroller.role.model.SmsRoleBehavior]
02-22 01:22:54.275 I/am_wtf ( 1521): [0,4697,com.android.settings,952647173,RoleParser,com.android.permissioncontroller.role.model.EmergencyRoleBehavior]
02-22 01:22:54.277 I/am_wtf ( 1521): [0,4697,com.android.settings,952647173,RoleParser,com.android.permissioncontroller.role.model.HomeRoleBehavior]
02-22 01:22:54.281 I/am_wtf ( 1521): [0,4697,com.android.settings,952647173,RoleParser,com.android.permissioncontroller.role.model.SystemAutomotiveClusterRoleBehavior]
02-22 01:22:54.282 I/am_wtf ( 1521): [0,4697,com.android.settings,952647173,RoleParser,com.android.permissioncontroller.role.model.CompanionDeviceWatchRoleBehavior]
02-22 01:22:54.284 I/am_wtf ( 1521): [0,4697,com.android.settings,952647173,RoleParser,com.android.permissioncontroller.role.model.SystemShellRoleBehavior]
02-22 01:22:54.287 I/am_wtf ( 1521): [0,4697,com.android.settings,952647173,RoleParser,com.android.permissioncontroller.role.model.TelevisionRoleBehavior]
02-22 01:22:54.292 I/am_wtf ( 1521): [0,4697,com.android.settings,952647173,RoleParser,com.android.permissioncontroller.role.model.TelevisionRoleBehavior]
02-22 01:22:56.032 I/input_interaction( 1521): Interaction with: 2ea66f5 StatusBar (server), edge-swipe (server), swipe-up (server), PointerEventDispatcher0 (server),
02-22 01:22:56.035 I/sysui_multi_action( 1972): [757,803,799,panel_open,802,1]
02-22 01:22:56.037 I/sysui_multi_action( 1972): [757,1328,758,4,1326,62,1327,3,1329,0]
02-22 01:22:56.088 I/sysui_multi_action( 1521): [757,127,758,1]
02-22 01:22:56.088 I/sysui_multi_action( 1521): [757,804,799,note_load,801,3,802,1]
02-22 01:22:56.089 I/notification_panel_revealed( 1521): 3
02-22 01:22:56.102 I/input_focus( 1521): [Focus request 36c1000 NotificationShade,reason=UpdateInputWindows]
02-22 01:22:56.111 I/sysui_multi_action( 1521): [757,128,758,1,793,587169,794,0,795,587169,796,26,798,0,806,android,857,DEVELOPER_IMPORTANT,858,4,947,0,1395,3,1500,586799,1688,1]
02-22 01:22:56.111 I/sysui_multi_action( 1521): [757,804,799,note_freshness,801,587169,802,1]
02-22 01:22:56.111 I/notification_visibility( 1521): [-1|android|26|null|1000,1,587169,587169,0,0]
02-22 01:22:56.111 I/sysui_multi_action( 1521): [757,128,758,1,793,582255,794,0,795,582255,796,17303299,797,com.android.wifi,798,1,806,android,857,NETWORK_AVAILABLE,858,2,947,0,1395,3,1500,582054,1688,1]
02-22 01:22:56.111 I/sysui_multi_action( 1521): [757,804,799,note_freshness,801,582255,802,1]
02-22 01:22:56.111 I/notification_visibility( 1521): [0|android|17303299|com.android.wifi|1000,1,582255,582255,0,1]
02-22 01:22:56.112 I/sysui_multi_action( 1521): [757,128,758,1,793,587732,794,0,795,587732,796,32,798,2,806,android,857,USB,858,1,947,0,1395,3,1500,587477,1688,1]
02-22 01:22:56.112 I/sysui_multi_action( 1521): [757,804,799,note_freshness,801,587732,802,1]
02-22 01:22:56.112 I/notification_visibility( 1521): [-1|android|32|null|1000,1,587732,587732,0,2]
02-22 01:22:56.119 I/input_focus( 1521): [Focus leaving ad16e1f com.android.launcher3/com.android.launcher3.uioverrides.QuickstepLauncher (server),reason=setFocusedWindow]
02-22 01:22:56.119 I/input_focus( 1521): [Focus entering 36c1000 NotificationShade (server),reason=setFocusedWindow]
02-22 01:22:56.150 I/sysui_multi_action( 1972): [757,111,758,1]
02-22 01:22:56.151 I/sysui_multi_action( 1972): [757,126,758,1,759,126,927,0,928,1,1593,0]
02-22 01:22:56.151 I/sysui_multi_action( 1972): [757,113,758,1,759,113,927,1,928,1,1593,0]
02-22 01:22:56.151 I/sysui_multi_action( 1972): [757,0,758,1,759,0,927,2,928,0,1593,0]
02-22 01:22:56.151 I/sysui_multi_action( 1972): [757,0,758,1,759,0,927,3,928,0,1593,0]
02-22 01:22:56.151 I/sysui_multi_action( 1972): [757,491,758,1,759,491,927,4,928,0,1311,-1,1593,0]
02-22 01:22:56.152 I/sysui_multi_action( 1972): [757,0,758,1,759,0,927,5,928,0,1593,0]
02-22 01:22:56.152 I/sysui_multi_action( 1972): [757,111,758,1]
02-22 01:22:56.152 I/sysui_multi_action( 1972): [757,126,758,1,759,126,927,0,928,1,1593,0]
02-22 01:22:56.152 I/sysui_multi_action( 1972): [757,113,758,1,759,113,927,1,928,1,1593,0]
02-22 01:22:56.152 I/sysui_multi_action( 1972): [757,0,758,1,759,0,927,2,928,0,1593,0]
02-22 01:22:56.152 I/sysui_multi_action( 1972): [757,0,758,1,759,0,927,3,928,0,1593,0]
02-22 01:23:01.884 I/input_interaction( 1521): Interaction with: 36c1000 NotificationShade (server), edge-swipe (server), swipe-up (server), PointerEventDispatcher0 (server),
02-22 01:23:09.713 I/am_freeze( 1521): [3059,com.android.traceur]
02-22 01:23:09.715 I/am_kill ( 1521): [0,3059,com.android.traceur,975,Unable to freeze binder interface]
02-22 01:23:09.749 I/am_proc_died( 1521): [0,3059,com.android.traceur,975,19]
02-22 01:23:09.749 I/am_uid_stopped( 1521): 10030
02-22 01:23:12.708 I/am_freeze( 1521): [3391,com.android.localtransport]
02-22 01:23:12.709 I/am_kill ( 1521): [0,3391,com.android.localtransport,975,Unable to freeze binder interface]
02-22 01:23:12.741 I/am_proc_died( 1521): [0,3391,com.android.localtransport,975,19]
02-22 01:23:12.793 I/am_freeze( 1521): [3412,com.android.calendar]
02-22 01:23:12.794 I/am_kill ( 1521): [0,3412,com.android.calendar,975,Unable to freeze binder interface]
02-22 01:23:12.822 I/am_proc_died( 1521): [0,3412,com.android.calendar,975,19]
02-22 01:23:12.823 I/am_uid_stopped( 1521): 10062
02-22 01:23:12.848 I/am_freeze( 1521): [2911,com.android.keychain]
02-22 01:23:12.852 I/am_freeze( 1521): [3450,com.android.dynsystem]
02-22 01:23:12.853 I/am_kill ( 1521): [0,2911,com.android.keychain,965,Unable to freeze binder interface]
02-22 01:23:12.855 I/am_kill ( 1521): [0,3450,com.android.dynsystem,965,Unable to freeze binder interface]
02-22 01:23:12.897 I/am_proc_died( 1521): [0,2911,com.android.keychain,965,19]
02-22 01:23:12.901 I/am_proc_died( 1521): [0,3450,com.android.dynsystem,965,19]
02-22 01:23:12.918 I/am_freeze( 1521): [3471,com.android.dynsystem:dynsystem]
02-22 01:23:12.919 I/am_kill ( 1521): [0,3471,com.android.dynsystem:dynsystem,985,Unable to freeze binder interface]
02-22 01:23:12.949 I/am_proc_died( 1521): [0,3471,com.android.dynsystem:dynsystem,985,19]
02-22 01:23:13.164 I/am_freeze( 1521): [3548,com.android.onetimeinitializer]
02-22 01:23:13.165 I/am_kill ( 1521): [0,3548,com.android.onetimeinitializer,975,Unable to freeze binder interface]
02-22 01:23:13.187 I/am_proc_died( 1521): [0,3548,com.android.onetimeinitializer,975,19]
02-22 01:23:13.188 I/am_uid_stopped( 1521): 10059
02-22 01:23:13.846 I/am_freeze( 1521): [3680,com.qualcomm.qti.qms.service.connectionsecurity]
02-22 01:23:13.849 I/am_freeze( 1521): [2989,com.qualcomm.qtil.aptxui]
02-22 01:23:13.850 I/am_kill ( 1521): [0,3680,com.qualcomm.qti.qms.service.connectionsecurity,965,Unable to freeze binder interface]
02-22 01:23:13.853 I/am_kill ( 1521): [0,2989,com.qualcomm.qtil.aptxui,955,Unable to freeze binder interface]
02-22 01:23:13.870 I/am_proc_died( 1521): [0,3680,com.qualcomm.qti.qms.service.connectionsecurity,965,19]
02-22 01:23:13.871 I/am_uid_stopped( 1521): 10058
02-22 01:23:13.876 I/am_proc_died( 1521): [0,2989,com.qualcomm.qtil.aptxui,955,19]
02-22 01:23:13.876 I/am_uid_stopped( 1521): 10088
02-22 01:23:14.218 I/am_freeze( 1521): [3708,com.android.externalstorage]
02-22 01:23:14.219 I/am_kill ( 1521): [0,3708,com.android.externalstorage,955,Unable to freeze binder interface]
02-22 01:23:14.245 I/am_proc_died( 1521): [0,3708,com.android.externalstorage,955,19]
02-22 01:23:14.246 I/am_uid_stopped( 1521): 10033
02-22 01:23:14.257 I/am_pss ( 1521): [4697,1000,com.android.settings,21974016,12967936,0,122126336,0,19,7]
02-22 01:23:14.521 I/am_freeze( 1521): [2669,com.android.deskclock]
02-22 01:23:14.523 I/am_kill ( 1521): [0,2669,com.android.deskclock,945,Unable to freeze binder interface]
02-22 01:23:14.559 I/am_proc_died( 1521): [0,2669,com.android.deskclock,945,19]
02-22 01:23:14.560 I/am_uid_stopped( 1521): 10068
02-22 01:23:18.397 I/am_freeze( 1521): [3596,com.android.providers.calendar]
02-22 01:23:18.398 I/am_kill ( 1521): [0,3596,com.android.providers.calendar,935,Unable to freeze binder interface]
02-22 01:23:18.430 I/am_proc_died( 1521): [0,3596,com.android.providers.calendar,935,19]
02-22 01:23:18.431 I/am_uid_stopped( 1521): 10026
02-22 01:23:19.244 I/am_freeze( 1521): [3845,com.qualcomm.qti.qms.service.trustzoneaccess]
02-22 01:23:19.246 I/am_kill ( 1521): [0,3845,com.qualcomm.qti.qms.service.trustzoneaccess,935,Unable to freeze binder interface]
02-22 01:23:19.273 I/am_proc_died( 1521): [0,3845,com.qualcomm.qti.qms.service.trustzoneaccess,935,19]
02-22 01:23:19.274 I/am_uid_stopped( 1521): 10054
02-22 01:23:41.350 I/am_freeze( 1521): [3092,android.process.media]
02-22 01:23:41.353 I/am_freeze( 1521): [3199,android.process.acore]
02-22 01:23:41.355 I/am_kill ( 1521): [0,3092,android.process.media,935,Unable to freeze binder interface]
02-22 01:23:41.357 I/am_kill ( 1521): [0,3199,android.process.acore,955,Unable to freeze binder interface]
02-22 01:23:41.391 I/am_proc_died( 1521): [0,3199,android.process.acore,955,19]
02-22 01:23:41.393 I/am_uid_stopped( 1521): 10018
02-22 01:23:41.395 I/am_proc_died( 1521): [0,3092,android.process.media,935,19]
02-22 01:23:41.396 I/am_uid_stopped( 1521): 10017
02-22 01:23:41.403 I/am_pss ( 1521): [1955,1002,com.android.bluetooth,33294336,24387584,0,147456000,0,0,8]
02-22 01:23:41.409 I/am_pss ( 1521): [4697,1000,com.android.settings,22195200,12967936,0,122126336,0,19,5]
02-22 01:23:41.415 I/am_pss ( 1521): [2383,10094,android.ext.services,16011264,6230016,0,133021696,0,5,5]
02-22 01:23:41.420 I/am_pss ( 1521): [2352,1000,com.qualcomm.qti.qdma,9836544,6483968,0,105443328,0,0,4]
02-22 01:23:41.425 I/am_pss ( 1521): [2328,1000,com.thundercomm.tcservice,10482688,8032256,0,99373056,0,0,5]
02-22 01:23:41.431 I/am_pss ( 1521): [2315,1000,com.thundercomm.remotecontrolservice,11108352,8351744,0,102055936,0,0,5]
02-22 01:23:41.436 I/am_pss ( 1521): [2301,1068,com.android.se,6039552,3989504,0,90959872,0,0,5]
02-22 01:23:41.441 I/am_pss ( 1521): [2236,1000,com.thundercomm.tcsetupwizard,7059456,5074944,0,90771456,0,0,4]
02-22 01:23:41.446 I/am_pss ( 1521): [2227,1000,com.tc.logclient,7927808,5476352,0,98549760,0,0,5]
02-22 01:23:41.451 I/am_pss ( 1521): [2250,10084,com.qti.qualcomm.mstatssystemservice,5720064,3731456,0,89333760,0,0,4]
02-22 01:23:41.455 I/am_pss ( 1521): [2217,1000,com.thundercomm.tchttpserver,8158208,6008832,0,93974528,0,0,4]
02-22 01:23:41.460 I/am_pss ( 1521): [2248,1000,vendor.qti.qesdk.sysservice,5807104,3723264,0,91095040,0,0,4]
02-22 01:23:41.465 I/am_pss ( 1521): [2199,10055,.qtidataservices,6169600,4141056,0,90767360,0,0,4]
02-22 01:23:41.470 I/am_pss ( 1521): [2175,1001,.dataservices,8457216,6320128,0,93569024,0,0,4]
02-22 01:23:41.476 I/am_pss ( 1521): [2167,1000,com.thundercomm.microsettings,30944256,19824640,0,132018176,0,0,5]
02-22 01:23:41.480 I/am_pss ( 1521): [2164,1000,com.thundercomm.microservice,9048064,6909952,0,95211520,0,0,4]
02-22 01:23:41.486 I/am_pss ( 1521): [2106,1000,com.thundercomm.gamemode,25757696,18731008,0,133963776,0,0,6]
02-22 01:23:41.492 I/am_pss ( 1521): [2061,1073,com.android.networkstack.process,12176384,9347072,0,104718336,0,0,5]
02-22 01:23:41.505 I/am_pss ( 1521): [1972,10078,com.android.systemui,259898368,239579136,0,426827776,0,1,12]
02-22 01:23:41.525 I/am_pss ( 1521): [1521,1000,system,219645952,124798976,0,555870208,0,0,18]
02-22 01:23:46.708 I/am_uid_idle( 1521): 10047
02-22 01:23:49.184 I/sysui_multi_action( 1972): [757,111,758,2]
02-22 01:23:49.184 I/notification_enqueue( 1521): [10078,1972,com.android.systemui,2048,NULL,0,Notification(channel=updateNotification shortcut=null contentView=null vibrate=null sound=null defaults=0x0 flags=0x0 color=0x00000000 vis=PRIVATE),1]
02-22 01:23:49.185 I/sysui_multi_action( 1972): [757,111,758,2]
02-22 01:23:49.398 I/input_focus( 1521): [Focus request ad16e1f com.android.launcher3/com.android.launcher3.uioverrides.QuickstepLauncher,reason=UpdateInputWindows]
02-22 01:23:49.404 I/sysui_multi_action( 1521): [757,128,758,2,793,640462,794,53293,795,640462,796,26,798,0,806,android,857,DEVELOPER_IMPORTANT,858,4,947,0,1395,3,1500,640092,1688,1]
02-22 01:23:49.405 I/notification_visibility( 1521): [-1|android|26|null|1000,0,640462,640462,0,0]
02-22 01:23:49.405 I/sysui_multi_action( 1521): [757,128,758,2,793,635549,794,53294,795,635549,796,17303299,797,com.android.wifi,798,1,806,android,857,NETWORK_AVAILABLE,858,2,947,0,1395,3,1500,635348,1688,1]
02-22 01:23:49.406 I/notification_visibility( 1521): [0|android|17303299|com.android.wifi|1000,0,635549,635549,0,1]
02-22 01:23:49.406 I/sysui_multi_action( 1521): [757,128,758,2,793,641026,794,53294,795,641026,796,32,798,2,806,android,857,USB,858,1,947,0,1395,3,1500,640771,1688,1]
02-22 01:23:49.406 I/notification_visibility( 1521): [-1|android|32|null|1000,0,641026,641026,0,2]
02-22 01:23:49.407 I/sysui_multi_action( 1521): [757,127,758,2]
02-22 01:23:49.407 I/notification_panel_hidden( 1521):
02-22 01:23:49.430 I/input_focus( 1521): [Focus leaving 36c1000 NotificationShade (server),reason=NO_WINDOW]
02-22 01:23:49.430 I/input_focus( 1521): [Focus entering ad16e1f com.android.launcher3/com.android.launcher3.uioverrides.QuickstepLauncher (server),reason=setFocusedWindow]
02-22 01:23:49.892 I/input_interaction( 1521): Interaction with: 2ea66f5 StatusBar (server), edge-swipe (server), swipe-up (server), PointerEventDispatcher0 (server),
02-22 01:23:49.896 I/sysui_multi_action( 1972): [757,803,799,panel_open,802,1]
02-22 01:23:49.897 I/sysui_multi_action( 1972): [757,1328,758,4,1326,49,1327,6,1329,0]
02-22 01:23:49.933 I/sysui_multi_action( 1521): [757,127,758,1]
02-22 01:23:49.933 I/sysui_multi_action( 1521): [757,804,799,note_load,801,3,802,1]
02-22 01:23:49.934 I/notification_panel_revealed( 1521): 3
02-22 01:23:49.944 I/input_focus( 1521): [Focus request 36c1000 NotificationShade,reason=UpdateInputWindows]
02-22 01:23:49.958 I/sysui_multi_action( 1521): [757,128,758,1,793,641015,794,0,795,641015,796,26,798,0,806,android,857,DEVELOPER_IMPORTANT,858,4,947,0,1395,3,1500,640645,1688,1]
02-22 01:23:49.958 I/sysui_multi_action( 1521): [757,804,799,note_freshness,801,641015,802,1]
02-22 01:23:49.958 I/notification_visibility( 1521): [-1|android|26|null|1000,1,641015,641015,0,0]
02-22 01:23:49.958 I/sysui_multi_action( 1521): [757,128,758,1,793,636102,794,0,795,636102,796,17303299,797,com.android.wifi,798,1,806,android,857,NETWORK_AVAILABLE,858,2,947,0,1395,3,1500,635901,1688,1]
02-22 01:23:49.958 I/sysui_multi_action( 1521): [757,804,799,note_freshness,801,636102,802,1]
02-22 01:23:49.958 I/notification_visibility( 1521): [0|android|17303299|com.android.wifi|1000,1,636102,636102,0,1]
02-22 01:23:49.958 I/sysui_multi_action( 1521): [757,128,758,1,793,641578,794,0,795,641578,796,32,798,2,806,android,857,USB,858,1,947,0,1395,3,1500,641323,1688,1]
02-22 01:23:49.959 I/sysui_multi_action( 1521): [757,804,799,note_freshness,801,641578,802,1]
02-22 01:23:49.959 I/notification_visibility( 1521): [-1|android|32|null|1000,1,641578,641578,0,2]
02-22 01:23:49.968 I/input_focus( 1521): [Focus leaving ad16e1f com.android.launcher3/com.android.launcher3.uioverrides.QuickstepLauncher (server),reason=setFocusedWindow]
02-22 01:23:49.968 I/input_focus( 1521): [Focus entering 36c1000 NotificationShade (server),reason=setFocusedWindow]
02-22 01:23:49.980 I/sysui_multi_action( 1972): [757,111,758,1]
02-22 01:23:49.980 I/sysui_multi_action( 1972): [757,126,758,1,759,126,927,0,928,1,1593,0]
02-22 01:23:49.980 I/sysui_multi_action( 1972): [757,113,758,1,759,113,927,1,928,1,1593,0]
02-22 01:23:49.980 I/sysui_multi_action( 1972): [757,0,758,1,759,0,927,2,928,0,1593,0]
02-22 01:23:49.980 I/sysui_multi_action( 1972): [757,0,758,1,759,0,927,3,928,0,1593,0]
02-22 01:23:49.981 I/sysui_multi_action( 1972): [757,491,758,1,759,491,927,4,928,0,1311,-1,1593,0]
02-22 01:23:49.981 I/sysui_multi_action( 1972): [757,0,758,1,759,0,927,5,928,0,1593,0]
02-22 01:23:49.981 I/sysui_multi_action( 1972): [757,111,758,1]
02-22 01:23:49.981 I/sysui_multi_action( 1972): [757,126,758,1,759,126,927,0,928,1,1593,0]
02-22 01:23:49.981 I/sysui_multi_action( 1972): [757,113,758,1,759,113,927,1,928,1,1593,0]
02-22 01:23:49.981 I/sysui_multi_action( 1972): [757,0,758,1,759,0,927,2,928,0,1593,0]
02-22 01:23:49.981 I/sysui_multi_action( 1972): [757,0,758,1,759,0,927,3,928,0,1593,0]
02-22 01:23:52.424 I/am_uid_idle( 1521): 10061
02-22 01:23:56.415 I/input_interaction( 1521): Interaction with: 36c1000 NotificationShade (server), edge-swipe (server), swipe-up (server), PointerEventDispatcher0 (server),
02-22 01:23:56.856 I/notification_enqueue( 1521): [10078,1972,com.android.systemui,2048,NULL,0,Notification(channel=updateNotification shortcut=null contentView=null vibrate=null sound=null defaults=0x0 flags=0x0 color=0x00000000 vis=PRIVATE),1]
02-22 01:23:56.856 I/sysui_multi_action( 1972): [757,111,758,2]
02-22 01:23:56.857 I/sysui_multi_action( 1972): [757,111,758,2]
02-22 01:23:57.066 I/input_focus( 1521): [Focus request ad16e1f com.android.launcher3/com.android.launcher3.uioverrides.QuickstepLauncher,reason=UpdateInputWindows]
02-22 01:23:57.071 I/sysui_multi_action( 1521): [757,128,758,2,793,648129,794,7114,795,648129,796,26,798,0,806,android,857,DEVELOPER_IMPORTANT,858,4,947,0,1395,3,1500,647759,1688,1]
02-22 01:23:57.071 I/notification_visibility( 1521): [-1|android|26|null|1000,0,648129,648129,0,0]
02-22 01:23:57.072 I/sysui_multi_action( 1521): [757,128,758,2,793,643215,794,7113,795,643215,796,17303299,797,com.android.wifi,798,1,806,android,857,NETWORK_AVAILABLE,858,2,947,0,1395,3,1500,643014,1688,1]
02-22 01:23:57.072 I/notification_visibility( 1521): [0|android|17303299|com.android.wifi|1000,0,643215,643215,0,1]
02-22 01:23:57.073 I/sysui_multi_action( 1521): [757,128,758,2,793,648692,794,7114,795,648692,796,32,798,2,806,android,857,USB,858,1,947,0,1395,3,1500,648437,1688,1]
02-22 01:23:57.073 I/notification_visibility( 1521): [-1|android|32|null|1000,0,648692,648692,0,2]
02-22 01:23:57.073 I/sysui_multi_action( 1521): [757,127,758,2]
02-22 01:23:57.073 I/notification_panel_hidden( 1521):
02-22 01:23:57.083 I/input_focus( 1521): [Focus leaving 36c1000 NotificationShade (server),reason=NO_WINDOW]
02-22 01:23:57.083 I/input_focus( 1521): [Focus entering ad16e1f com.android.launcher3/com.android.launcher3.uioverrides.QuickstepLauncher (server),reason=setFocusedWindow] --------- beginning of main
02-22 01:24:04.486 W/hpplay-java( 2725): [main]:IPManager:getActiveNets invalid networkInfo:null
02-22 01:24:04.486 I/hpplay-java( 2725): [main]:IPManager:getActiveNets eth0:false wifi:false mobile:false ap:false
02-22 01:24:04.486 I/hpplay-java( 2725): [main]:ServerTaskManager:get local ip:null
02-22 01:24:04.643 D/RemoteControlService( 2315): startVlanDispatchThread --------- beginning of kernel
01-01 11:29:51.824 E/DTC_ETH,link_delay_work_func( 0): 3003, SQI=0, link=0
02-22 01:24:04.903 I/mpu_uart( 645): [MSG-P:RECV]:No message received in 1000 ms
02-22 01:24:05.347 I/mpu_uart( 645): [MSG-P:R]:recv sync frame timeout
02-22 01:24:05.438 E/tlogd ( 1273): [TzLogger](isPathReadable) file /sys/kernel/debug/tzdbg/qsee_log isn't exist or no permission, err: No such file or directory
02-22 01:24:05.438 E/tlogd ( 1273): [TzLogger](saveTzlogAsync) /sys/kernel/debug/tzdbg/qsee_log can not read.
02-22 01:24:05.438 E/tlogd ( 1273): [TzLogger](isPathReadable) file /sys/kernel/debug/tzdbg/log isn't exist or no permission, err: No such file or directory
02-22 01:24:05.438 E/tlogd ( 1273): [TzLogger](saveTzlogAsync) /sys/kernel/debug/tzdbg/log can not read.
02-22 01:24:05.487 W/hpplay-java( 2725): [main]:IPManager:getActiveNets invalid networkInfo:null
02-22 01:24:05.488 I/hpplay-java( 2725): [main]:IPManager:getActiveNets eth0:false wifi:false mobile:false ap:false
02-22 01:24:05.488 I/hpplay-java( 2725): [main]:ServerTaskManager:get local ip:null
02-22 01:24:05.721 I/selfinstaller( 1191): create socket failed: Network is unreachable 101
02-22 01:24:05.904 I/mpu_uart( 645): [MSG-P:RECV]:No message received in 1000 ms
02-22 01:24:06.489 W/hpplay-java( 2725): [main]:IPManager:getActiveNets invalid networkInfo:null
02-22 01:24:06.489 I/hpplay-java( 2725): [main]:IPManager:getActiveNets eth0:false wifi:false mobile:false ap:false
02-22 01:24:06.489 I/hpplay-java( 2725): [main]:ServerTaskManager:get local ip:null --------- beginning of system
02-22 01:24:06.860 I/GameModeConfig( 1521): isGameModeOn = false
02-22 01:24:06.904 I/mpu_uart( 645): [MSG-P:RECV]:No message received in 1000 ms
02-22 01:24:07.059 I/GameModeConfig( 1521): isGameModeOn = false
02-22 01:24:07.068 D/InterruptionStateProvider( 1972): No bubble up: not allowed to bubble: -1|android|26|null|1000
02-22 01:24:07.068 D/InterruptionStateProvider( 1972): No alerting: filtered notification: 0|com.android.systemui|1|empty_media|10078
02-22 01:24:07.068 D/InterruptionStateProvider( 1972): No bubble up: not allowed to bubble: 0|com.android.systemui|2048|null|10078
02-22 01:24:07.068 D/InterruptionStateProvider( 1972): No bubble up: not allowed to bubble: 0|android|17303299|com.android.wifi|1000
02-22 01:24:07.068 D/InterruptionStateProvider( 1972): No bubble up: not allowed to bubble: -1|android|32|null|1000
02-22 01:24:07.491 W/hpplay-java( 2725): [main]:IPManager:getActiveNets invalid networkInfo:null
02-22 01:24:07.491 I/hpplay-java( 2725): [main]:IPManager:getActiveNets eth0:false wifi:false mobile:false ap:false
02-22 01:24:07.491 I/hpplay-java( 2725): [main]:ServerTaskManager:get local ip:null
02-22 01:24:07.905 I/mpu_uart( 645): [MSG-P:RECV]:No message received in 1000 ms
02-22 01:24:07.909 W/DeviceIdleController( 1521): motion timeout went off and device isn't stationary
02-22 01:24:07.917 D/CompatibilityChangeReporter( 1521): Compat change id reported: 168419799; UID 1000; state: DISABLED
02-22 01:24:07.917 D/CompatibilityInfo( 1521): mCompatibilityFlags - 4
02-22 01:24:07.917 D/CompatibilityInfo( 1521): applicationDensity - 240
02-22 01:24:07.917 D/CompatibilityInfo( 1521): applicationScale - 1.0
02-22 01:24:07.933 I/am_pss ( 1521): [2975,10070,com.qualcomm.location.XT,6747136,4616192,0,92827648,0,6,10]
02-22 01:24:08.177 W/system_server( 1521): ClassLoaderContext classpath element mismatch. expected=/system_ext/framework/com.nxp.nfc.nq.jar, found=/system/system_ext/framework/com.nxp.nfc.nq.jar (PCL[]{PCL[/system_ext/framework/com.nxp.nfc.nq.jar*475593520]} | PCL[]{PCL[]})
02-22 01:24:08.350 I/mpu_uart( 645): [MSG-P:R]:recv sync frame timeout
02-22 01:24:08.493 W/hpplay-java( 2725): [main]:IPManager:getActiveNets invalid networkInfo:null
02-22 01:24:08.493 I/hpplay-java( 2725): [main]:IPManager:getActiveNets eth0:false wifi:false mobile:false ap:false
02-22 01:24:08.493 I/hpplay-java( 2725): [main]:ServerTaskManager:get local ip:null
02-22 01:24:08.905 I/mpu_uart( 645): [MSG-P:RECV]:No message received in 1000 ms
02-22 01:24:09.424 W/system_server( 1521): ClassLoaderContext shared library size mismatch. Expected=1, found=0 (PCL[]{PCL[/vendor/framework/androidx.camera.extensions.impl.jar*2178592659]} | PCL[])
02-22 01:24:09.495 W/hpplay-java( 2725): [main]:IPManager:getActiveNets invalid networkInfo:null
02-22 01:24:09.496 I/hpplay-java( 2725): [main]:IPManager:getActiveNets eth0:false wifi:false mobile:false ap:false
02-22 01:24:09.496 I/hpplay-java( 2725): [main]:ServerTaskManager:get local ip:null
02-22 01:24:09.640 W/system_server( 1521): ClassLoaderContext shared library size mismatch. Expected=2, found=0 (PCL[]{PCL[/system/framework/org.apache.http.legacy.jar*2058259660]#PCL[/system_ext/framework/extphonelib.jar*2894378777]} | PCL[])
02-22 01:24:09.649 D/RemoteControlService( 2315): startVlanDispatchThread
02-22 01:24:09.708 W/system_server( 1521): ClassLoaderContext shared library size mismatch. Expected=0, found=3 (PCL[] | PCL[]{PCL[]#PCL[]#PCL[]})
02-22 01:24:09.713 W/system_server( 1521): ClassLoaderContext shared library size mismatch. Expected=0, found=1 (PCL[] | PCL[]{PCL[]})
02-22 01:24:09.771 W/system_server( 1521): ClassLoaderContext shared library size mismatch. Expected=0, found=1 (PCL[] | PCL[]{PCL[]})
01-01 11:29:56.943 E/DTC_ETH,link_delay_work_func( 0): 3003, SQI=0, link=0
02-22 01:24:09.897 I/BackgroundDexOptService( 1521): Pinning optimized code {}
02-22 01:24:09.905 I/mpu_uart( 645): [MSG-P:RECV]:No message received in 1000 ms
02-22 01:24:10.439 E/tlogd ( 1273): [TzLogger](isPathReadable) file /sys/kernel/debug/tzdbg/qsee_log isn't exist or no permission, err: No such file or directory
02-22 01:24:10.439 E/tlogd ( 1273): [TzLogger](saveTzlogAsync) /sys/kernel/debug/tzdbg/qsee_log can not read.
02-22 01:24:10.439 E/tlogd ( 1273): [TzLogger](isPathReadable) file /sys/kernel/debug/tzdbg/log isn't exist or no permission, err: No such file or directory
02-22 01:24:10.439 E/tlogd ( 1273): [TzLogger](saveTzlogAsync) /sys/kernel/debug/tzdbg/log can not read.
02-22 01:24:10.498 W/hpplay-java( 2725): [main]:IPManager:getActiveNets invalid networkInfo:null
02-22 01:24:10.498 I/hpplay-java( 2725): [main]:IPManager:getActiveNets eth0:false wifi:false mobile:false ap:false
02-22 01:24:10.498 I/hpplay-java( 2725): [main]:ServerTaskManager:get local ip:null
02-22 01:24:10.906 I/mpu_uart( 645): [MSG-P:RECV]:No message received in 1000 ms
02-22 01:24:11.353 I/mpu_uart( 645): [MSG-P:R]:recv sync frame timeout
02-22 01:24:11.500 W/hpplay-java( 2725): [main]:IPManager:getActiveNets invalid networkInfo:null
02-22 01:24:11.500 I/hpplay-java( 2725): [main]:IPManager:getActiveNets eth0:false wifi:false mobile:false ap:false
02-22 01:24:11.500 I/hpplay-java( 2725): [main]:ServerTaskManager:get local ip:null
02-22 01:24:11.906 I/mpu_uart( 645): [MSG-P:RECV]:No message received in 1000 ms
02-22 01:24:12.502 W/hpplay-java( 2725): [main]:IPManager:getActiveNets invalid networkInfo:null
02-22 01:24:12.502 I/hpplay-java( 2725): [main]:IPManager:getActiveNets eth0:false wifi:false mobile:false ap:false
02-22 01:24:12.502 I/hpplay-java( 2725): [main]:ServerTaskManager:get local ip:null
02-22 01:24:12.907 I/mpu_uart( 645): [MSG-P:RECV]:No message received in 1000 ms
02-22 01:24:13.504 W/hpplay-java( 2725): [main]:IPManager:getActiveNets invalid networkInfo:null
02-22 01:24:13.504 I/hpplay-java( 2725): [main]:IPManager:getActiveNets eth0:false wifi:false mobile:false ap:false
02-22 01:24:13.504 I/hpplay-java( 2725): [main]:ServerTaskManager:get local ip:null
02-22 01:24:13.907 I/mpu_uart( 645): [MSG-P:RECV]:No message received in 1000 ms
02-22 01:24:14.357 I/mpu_uart( 645): [MSG-P:R]:recv sync frame timeout
02-22 01:24:14.507 W/hpplay-java( 2725): [main]:IPManager:getActiveNets invalid networkInfo:null
02-22 01:24:14.507 I/hpplay-java( 2725): [main]:IPManager:getActiveNets eth0:false wifi:false mobile:false ap:false
02-22 01:24:14.507 I/hpplay-java( 2725): [main]:ServerTaskManager:get local ip:null
02-22 01:24:14.658 D/RemoteControlService( 2315): startVlanDispatchThread
02-22 01:24:14.907 I/mpu_uart( 645): [MSG-P:RECV]:No message received in 1000 ms
01-01 11:30:02.064 E/DTC_ETH,link_delay_work_func( 0): 3003, SQI=0, link=0
02-22 01:24:15.154 I/hpplay-java( 2725): [main]:IMTask:getIMRoot
02-22 01:24:15.160 W/hpplay-java( 2725): [AsyncTask #63]:HttpRequest:
02-22 01:24:15.161 W/hpplay-java( 2725): [AsyncTask #63]:HttpRequest:
02-22 01:24:15.161 W/hpplay-java( 2725): [AsyncTask #63]:HttpRequest:
02-22 01:24:15.162 E/hpplay-java( 2725): [main]:IMTask:getIMRoot failed
02-22 01:24:15.440 E/tlogd ( 1273): [TzLogger](isPathReadable) file /sys/kernel/debug/tzdbg/qsee_log isn't exist or no permission, err: No such file or directory
02-22 01:24:15.440 E/tlogd ( 1273): [TzLogger](saveTzlogAsync) /sys/kernel/debug/tzdbg/qsee_log can not read.
02-22 01:24:15.440 E/tlogd ( 1273): [TzLogger](isPathReadable) file /sys/kernel/debug/tzdbg/log isn't exist or no permission, err: No such file or directory
02-22 01:24:15.440 E/tlogd ( 1273): [TzLogger](saveTzlogAsync) /sys/kernel/debug/tzdbg/log can not read.
02-22 01:24:15.508 W/hpplay-java( 2725): [main]:IPManager:getActiveNets invalid networkInfo:null
02-22 01:24:15.508 I/hpplay-java( 2725): [main]:IPManager:getActiveNets eth0:false wifi:false mobile:false ap:false
02-22 01:24:15.508 I/hpplay-java( 2725): [main]:ServerTaskManager:get local ip:null
02-22 01:24:15.908 I/mpu_uart( 645): [MSG-P:RECV]:No message received in 1000 ms
02-22 01:24:16.510 W/hpplay-java( 2725): [main]:IPManager:getActiveNets invalid networkInfo:null
02-22 01:24:16.510 I/hpplay-java( 2725): [main]:IPManager:getActiveNets eth0:false wifi:false mobile:false ap:false
02-22 01:24:16.510 I/hpplay-java( 2725): [main]:ServerTaskManager:get local ip:null
02-22 01:24:16.908 I/mpu_uart( 645): [MSG-P:RECV]:No message received in 1000 ms
02-22 01:24:17.360 I/mpu_uart( 645): [MSG-P:R]:recv sync frame timeout
02-22 01:24:17.512 W/hpplay-java( 2725): [main]:IPManager:getActiveNets invalid networkInfo:null
02-22 01:24:17.512 I/hpplay-java( 2725): [main]:IPManager:getActiveNets eth0:false wifi:false mobile:false ap:false
02-22 01:24:17.512 I/hpplay-java( 2725): [main]:ServerTaskManager:get local ip:null
02-22 01:24:17.796 D/ActivityManager( 1521): freezing 3580 com.android.permissioncontroller
02-22 01:24:17.796 E/ActivityManager( 1521): Unable to freeze binder for 3580 com.android.permissioncontroller
01-01 11:30:04.861 I/binder ( 0): 1521:1681 ioctl 400c620e 6d4ac435d8 returned -22
01-01 11:30:04.864 I/binder ( 0): 1521:1681 ioctl c00c620f 6d4ac435b8 returned -22
02-22 01:24:17.799 D/ActivityManager( 1521): froze 3580 com.android.permissioncontroller
02-22 01:24:17.799 I/am_freeze( 1521): [3580,com.android.permissioncontroller]
02-22 01:24:17.799 E/ActivityManager( 1521): Unable to freeze binder for 3580 com.android.permissioncontroller
02-22 01:24:17.801 I/ActivityManager( 1521): Killing 3580:com.android.permissioncontroller/u0a92 (adj 955): Unable to freeze binder interface
02-22 01:24:17.801 I/am_kill ( 1521): [0,3580,com.android.permissioncontroller,955,Unable to freeze binder interface]
02-22 01:24:17.809 I/libprocessgroup( 1521): Successfully killed process cgroup uid 10092 pid 3580 in 5ms
02-22 01:24:17.831 I/am_proc_died( 1521): [0,3580,com.android.permissioncontroller,955,19]
02-22 01:24:17.831 I/Zygote ( 666): Process 3580 exited due to signal 9 (Killed)
02-22 01:24:17.831 I/am_uid_stopped( 1521): 10092
02-22 01:24:17.840 I/am_pss ( 1521): [2875,10093,com.android.providers.media.module,17369088,13385728,0,118464512,0,0,7]
02-22 01:24:17.846 I/am_pss ( 1521): [2871,10071,com.qualcomm.location,10637312,7376896,0,104267776,0,0,5]
02-22 01:24:17.908 I/mpu_uart( 645): [MSG-P:RECV]:No message received in 1000 ms
02-22 01:24:18.513 W/hpplay-java( 2725): [main]:IPManager:getActiveNets invalid networkInfo:null
02-22 01:24:18.513 I/hpplay-java( 2725): [main]:IPManager:getActiveNets eth0:false wifi:false mobile:false ap:false
02-22 01:24:18.513 I/hpplay-java( 2725): [main]:ServerTaskManager:get local ip:null
02-22 01:24:18.909 I/mpu_uart( 645): [MSG-P:RECV]:No message received in 1000 ms
02-22 01:24:19.515 W/hpplay-java( 2725): [main]:IPManager:getActiveNets invalid networkInfo:null
02-22 01:24:19.515 I/hpplay-java( 2725): [main]:IPManager:getActiveNets eth0:false wifi:false mobile:false ap:false
02-22 01:24:19.515 I/hpplay-java( 2725): [main]:ServerTaskManager:get local ip:null
02-22 01:24:19.670 D/RemoteControlService( 2315): startVlanDispatchThread
02-22 01:24:19.909 I/mpu_uart( 645): [MSG-P:RECV]:No message received in 1000 ms
01-01 11:30:07.184 E/DTC_ETH,link_delay_work_func( 0): 3003, SQI=0, link=0
02-22 01:24:20.364 I/mpu_uart( 645): [MSG-P:R]:recv sync frame timeout
02-22 01:24:20.440 E/tlogd ( 1273): [TzLogger](isPathReadable) file /sys/kernel/debug/tzdbg/qsee_log isn't exist or no permission, err: No such file or directory
02-22 01:24:20.440 E/tlogd ( 1273): [TzLogger](saveTzlogAsync) /sys/kernel/debug/tzdbg/qsee_log can not read.
02-22 01:24:20.440 E/tlogd ( 1273): [TzLogger](isPathReadable) file /sys/kernel/debug/tzdbg/log isn't exist or no permission, err: No such file or directory
02-22 01:24:20.440 E/tlogd ( 1273): [TzLogger](saveTzlogAsync) /sys/kernel/debug/tzdbg/log can not read.
02-22 01:24:20.517 W/hpplay-java( 2725): [main]:IPManager:getActiveNets invalid networkInfo:null
02-22 01:24:20.517 I/hpplay-java( 2725): [main]:IPManager:getActiveNets eth0:false wifi:false mobile:false ap:false
02-22 01:24:20.517 I/hpplay-java( 2725): [main]:ServerTaskManager:get local ip:null
02-22 01:24:20.909 I/mpu_uart( 645): [MSG-P:RECV]:No message received in 1000 ms
02-22 01:24:21.519 W/hpplay-java( 2725): [main]:IPManager:getActiveNets invalid networkInfo:null
02-22 01:24:21.519 I/hpplay-java( 2725): [main]:IPManager:getActiveNets eth0:false wifi:false mobile:false ap:false
02-22 01:24:21.519 I/hpplay-java( 2725): [main]:ServerTaskManager:get local ip:null
02-22 01:24:21.910 I/mpu_uart( 645): [MSG-P:RECV]:No message received in 1000 ms
02-22 01:24:22.521 W/hpplay-java( 2725): [main]:IPManager:getActiveNets invalid networkInfo:null
02-22 01:24:22.521 I/hpplay-java( 2725): [main]:IPManager:getActiveNets eth0:false wifi:false mobile:false ap:false
02-22 01:24:22.521 I/hpplay-java( 2725): [main]:ServerTaskManager:get local ip:null
02-22 01:24:22.910 I/mpu_uart( 645): [MSG-P:RECV]:No message received in 1000 ms
02-22 01:24:23.367 I/mpu_uart( 645): [MSG-P:R]:recv sync frame timeout
02-22 01:24:23.523 W/hpplay-java( 2725): [main]:IPManager:getActiveNets invalid networkInfo:null
02-22 01:24:23.523 I/hpplay-java( 2725): [main]:IPManager:getActiveNets eth0:false wifi:false mobile:false ap:false
02-22 01:24:23.523 I/hpplay-java( 2725): [main]:ServerTaskManager:get local ip:null
02-22 01:24:23.911 I/mpu_uart( 645): [MSG-P:RECV]:No message received in 1000 ms
02-22 01:24:24.525 W/hpplay-java( 2725): [main]:IPManager:getActiveNets invalid networkInfo:null
02-22 01:24:24.525 I/hpplay-java( 2725): [main]:IPManager:getActiveNets eth0:false wifi:false mobile:false ap:false
02-22 01:24:24.525 I/hpplay-java( 2725): [main]:ServerTaskManager:get local ip:null
02-22 01:24:24.679 D/RemoteControlService( 2315): startVlanDispatchThread
02-22 01:24:24.911 I/mpu_uart( 645): [MSG-P:RECV]:No message received in 1000 ms
01-01 11:30:12.304 E/DTC_ETH,link_delay_work_func( 0): 3003, SQI=0, link=0
02-22 01:24:25.441 E/tlogd ( 1273): [TzLogger](isPathReadable) file /sys/kernel/debug/tzdbg/qsee_log isn't exist or no permission, err: No such file or directory
02-22 01:24:25.441 E/tlogd ( 1273): [TzLogger](saveTzlogAsync) /sys/kernel/debug/tzdbg/qsee_log can not read.
02-22 01:24:25.441 E/tlogd ( 1273): [TzLogger](isPathReadable) file /sys/kernel/debug/tzdbg/log isn't exist or no permission, err: No such file or directory
02-22 01:24:25.441 E/tlogd ( 1273): [TzLogger](saveTzlogAsync) /sys/kernel/debug/tzdbg/log can not read.
02-22 01:24:25.527 W/hpplay-java( 2725): [main]:IPManager:getActiveNets invalid networkInfo:null
02-22 01:24:25.527 I/hpplay-java( 2725): [main]:IPManager:getActiveNets eth0:false wifi:false mobile:false ap:false
02-22 01:24:25.527 I/hpplay-java( 2725): [main]:ServerTaskManager:get local ip:null
02-22 01:24:25.911 I/mpu_uart( 645): [MSG-P:RECV]:No message received in 1000 ms
02-22 01:24:26.371 I/mpu_uart( 645): [MSG-P:R]:recv sync frame timeout
02-22 01:24:26.528 W/hpplay-java( 2725): [main]:IPManager:getActiveNets invalid networkInfo:null
02-22 01:24:26.529 I/hpplay-java( 2725): [main]:IPManager:getActiveNets eth0:false wifi:false mobile:false ap:false
02-22 01:24:26.529 I/hpplay-java( 2725): [main]:ServerTaskManager:get local ip:null
02-22 01:24:26.912 I/mpu_uart( 645): [MSG-P:RECV]:No message received in 1000 ms
02-22 01:24:27.530 W/hpplay-java( 2725): [main]:IPManager:getActiveNets invalid networkInfo:null
02-22 01:24:27.530 I/hpplay-java( 2725): [main]:IPManager:getActiveNets eth0:false wifi:false mobile:false ap:false
02-22 01:24:27.531 I/hpplay-java( 2725): [main]:ServerTaskManager:get local ip:null
02-22 01:24:27.912 I/mpu_uart( 645): [MSG-P:RECV]:No message received in 1000 ms
02-22 01:24:28.532 W/hpplay-java( 2725): [main]:IPManager:getActiveNets invalid networkInfo:null
02-22 01:24:28.532 I/hpplay-java( 2725): [main]:IPManager:getActiveNets eth0:false wifi:false mobile:false ap:false
02-22 01:24:28.532 I/hpplay-java( 2725): [main]:ServerTaskManager:get local ip:null
02-22 01:24:28.913 I/mpu_uart( 645): [MSG-P:RECV]:No message received in 1000 ms
02-22 01:24:29.374 I/mpu_uart( 645): [MSG-P:R]:recv sync frame timeout
02-22 01:24:29.534 W/hpplay-java( 2725): [main]:IPManager:getActiveNets invalid networkInfo:null
02-22 01:24:29.534 I/hpplay-java( 2725): [main]:IPManager:getActiveNets eth0:false wifi:false mobile:false ap:false
02-22 01:24:29.534 I/hpplay-java( 2725): [main]:ServerTaskManager:get local ip:null
02-22 01:24:29.692 D/RemoteControlService( 2315): startVlanDispatchThread
02-22 01:24:29.913 I/mpu_uart( 645): [MSG-P:RECV]:No message received in 1000 ms
01-01 11:30:17.424 E/DTC_ETH,link_delay_work_func( 0): 3003, SQI=0, link=0
02-22 01:24:30.441 E/tlogd ( 1273): [TzLogger](isPathReadable) file /sys/kernel/debug/tzdbg/qsee_log isn't exist or no permission, err: No such file or directory
02-22 01:24:30.442 E/tlogd ( 1273): [TzLogger](saveTzlogAsync) /sys/kernel/debug/tzdbg/qsee_log can not read.
02-22 01:24:30.442 E/tlogd ( 1273): [TzLogger](isPathReadable) file /sys/kernel/debug/tzdbg/log isn't exist or no permission, err: No such file or directory
02-22 01:24:30.442 E/tlogd ( 1273): [TzLogger](saveTzlogAsync) /sys/kernel/debug/tzdbg/log can not read.
02-22 01:24:30.536 W/hpplay-java( 2725): [main]:IPManager:getActiveNets invalid networkInfo:null
02-22 01:24:30.536 I/hpplay-java( 2725): [main]:IPManager:getActiveNets eth0:false wifi:false mobile:false ap:false
02-22 01:24:30.536 I/hpplay-java( 2725): [main]:ServerTaskManager:get local ip:null
02-22 01:24:30.914 I/mpu_uart( 645): [MSG-P:RECV]:No message received in 1000 ms
02-22 01:24:31.538 W/hpplay-java( 2725): [main]:IPManager:getActiveNets invalid networkInfo:null
02-22 01:24:31.538 I/hpplay-java( 2725): [main]:IPManager:getActiveNets eth0:false wifi:false mobile:false ap:false
02-22 01:24:31.538 I/hpplay-java( 2725): [main]:ServerTaskManager:get local ip:null
02-22 01:24:31.914 I/mpu_uart( 645): [MSG-P:RECV]:No message received in 1000 ms
02-22 01:24:32.377 I/mpu_uart( 645): [MSG-P:R]:recv sync frame timeout
02-22 01:24:32.540 W/hpplay-java( 2725): [main]:IPManager:getActiveNets invalid networkInfo:null
02-22 01:24:32.540 I/hpplay-java( 2725): [main]:IPManager:getActiveNets eth0:false wifi:false mobile:false ap:false
02-22 01:24:32.540 I/hpplay-java( 2725): [main]:ServerTaskManager:get local ip:null
02-22 01:24:32.915 I/mpu_uart( 645): [MSG-P:RECV]:No message received in 1000 ms
01-01 11:30:20.575 I/logd ( 0): logdr: UID=2000 GID=2000 PID=4764 b tail=0 logMask=bf pid=0 start=0ns deadline=0ns
02-22 01:24:33.542 W/hpplay-java( 2725): [main]:IPManager:getActiveNets invalid networkInfo:null
02-22 01:24:33.542 I/hpplay-java( 2725): [main]:IPManager:getActiveNets eth0:false wifi:false mobile:false ap:false
02-22 01:24:33.542 I/hpplay-java( 2725): [main]:ServerTaskManager:get local ip:null
02-22 01:24:33.915 I/mpu_uart( 645): [MSG-P:RECV]:No message received in 1000 ms
02-22 01:24:34.544 W/hpplay-java( 2725): [main]:IPManager:getActiveNets invalid networkInfo:null
