02-22 01:25:20.504 D/MicroSettings: VolumeChangeObserver( 2167): onReceive:
02-22 01:25:20.504 D/MicroSettings: VolumeChangeObserver( 2167): onReceive:
02-22 01:25:20.505 D/MicroSettings: VolumeChangeObserver( 2167): onReceive:
02-22 01:25:20.505 D/MicroSettings: VolumeChangeObserver( 2167): onReceive:
02-22 01:25:20.505 I/vol.Events( 1972): writeEvent level_changed STREAM_ALARM 7
02-22 01:25:20.506 D/MicroSettings: VolumeChangeObserver( 2167): onReceive:
02-22 01:25:20.506 I/vol.Events( 1972): writeEvent level_changed STREAM_RING 7
02-22 01:25:20.506 D/MicroSettings: VolumeChangeObserver( 2167): onReceive:
02-22 01:25:20.506 I/vol.Events( 1972): writeEvent level_changed STREAM_SYSTEM 7
02-22 01:25:20.507 I/vol.Events( 1972): writeEvent level_changed STREAM_VOICE_CALL 5
02-22 01:25:20.507 D/MicroSettings: VolumeChangeObserver( 2167): onReceive:
02-22 01:25:20.508 D/MicroSettings: VolumeChangeObserver( 2167): onReceive:
02-22 01:25:20.508 D/MicroSettings: VolumeChangeObserver( 2167): onReceive currentVolume: 36
02-22 01:25:20.508 D/MicroSettings: VolumeChangeObserver( 2167): onReceive mVolumeType: -1
02-22 01:25:20.508 D/MicroSettings: VolumeChangeObserver( 2167): onReceive no return:
02-22 01:25:20.508 D/MicroSettings: VolumeChangeObserver( 2167): onReceive no return isClickMediaVolumeSeekbar: false
02-22 01:25:20.508 E/MicroSettings: SoundSettingServiceBinder( 2167): onVolumeChanged: 36
02-22 01:25:20.508 D/MicroSettings: SoundManager( 2167): onMediaVolumeChanged
02-22 01:25:20.508 I/vol.Events( 1972): writeEvent level_changed STREAM_MUSIC 36
02-22 01:25:20.509 I/vol.Events( 1972): writeEvent mute_changed STREAM_MUSIC false
02-22 01:25:20.549 D/BluetoothDatabase( 1955): getBondedDevicesOrdered: Invalid address for device LocalStorage
02-22 01:25:20.652 W/hpplay-java( 2725): [main]:IPManager:getActiveNets invalid networkInfo:null
02-22 01:25:20.652 I/hpplay-java( 2725): [main]:IPManager:getActiveNets eth0:false wifi:false mobile:false ap:false
02-22 01:25:20.652 I/hpplay-java( 2725): [main]:ServerTaskManager:get local ip:null
02-22 01:25:20.851 I/OpenGLRenderer( 1972): Davey! duration=9223371294209ms; Flags=0, FrameTimelineVsyncId=17916, IntendedVsync=742645410168, Vsync=742645410168, InputEventId=0, HandleInputStart=742646046850, AnimationStart=742646049506, PerformTraversalsStart=742646052110, DrawStart=742651839767, FrameDeadline=742683410166, FrameInterval=742646039090, FrameStartTime=16666666, SyncQueued=742653093204, SyncStart=742653217840, IssueDrawCommandsStart=742654707631, SwapBuffers=742663435235, FrameCompleted=9223372036854775807, DequeueBufferDuration=56093, QueueBufferDuration=1319062, GpuCompleted=9223372036854775807, SwapBuffersCompleted=742665472787, DisplayPresentTime=0,
02-22 01:25:20.928 I/mpu_uart( 645): [MSG-P:RECV]:No message received in 1000 ms
02-22 01:25:21.219 I/commit_sys_config_file( 1521): [settings-1-0,4]
02-22 01:25:21.321 I/OMX-VENC: venc_dev( 1219): stats: avg. fps 14.06, bitrate 596064
02-22 01:25:21.516 D/AS.AudioService( 1521): forceVolumeControlStream cb:android.os.BinderProxy@be6f8c8 is already linked.
02-22 01:25:21.517 W/AudioIDCMicroNegotiator( 1521): idcm_warn: idcm control is not enable
02-22 01:25:21.520 D/MicroSettings: VolumeChangeObserver( 2167): onReceive:
02-22 01:25:21.520 D/MicroSettings: VolumeChangeObserver( 2167): onReceive:
02-22 01:25:21.521 D/MicroSettings: VolumeChangeObserver( 2167): onReceive:
02-22 01:25:21.521 D/MicroSettings: VolumeChangeObserver( 2167): onReceive:
02-22 01:25:21.522 D/MicroSettings: VolumeChangeObserver( 2167): onReceive:
02-22 01:25:21.523 D/MicroSettings: VolumeChangeObserver( 2167): onReceive:
02-22 01:25:21.524 D/MicroSettings: VolumeChangeObserver( 2167): onReceive:
02-22 01:25:21.524 D/MicroSettings: VolumeChangeObserver( 2167): onReceive:
02-22 01:25:21.524 I/vol.Events( 1972): writeEvent level_changed STREAM_ALARM 1
02-22 01:25:21.524 I/vol.Events( 1972): writeEvent level_changed STREAM_RING 0
02-22 01:25:21.525 D/MicroSettings: VolumeChangeObserver( 2167): onReceive:
02-22 01:25:21.525 I/vol.Events( 1972): writeEvent level_changed STREAM_SYSTEM 0
02-22 01:25:21.525 I/volume_changed( 1521): [3,36,0,39,com.android.systemui]
02-22 01:25:21.526 D/MicroSettings: VolumeChangeObserver( 2167): onReceive:
02-22 01:25:21.526 I/vol.Events( 1972): writeEvent level_changed STREAM_VOICE_CALL 1
02-22 01:25:21.527 D/MicroSettings: VolumeChangeObserver( 2167): onReceive:
02-22 01:25:21.527 D/MicroSettings: VolumeChangeObserver( 2167): onReceive:
02-22 01:25:21.527 D/MicroSettings: VolumeChangeObserver( 2167): onReceive currentVolume: 0
02-22 01:25:21.527 D/MicroSettings: VolumeChangeObserver( 2167): onReceive mVolumeType: -1
02-22 01:25:21.527 D/MicroSettings: VolumeChangeObserver( 2167): onReceive no return:
02-22 01:25:21.527 D/MicroSettings: VolumeChangeObserver( 2167): onReceive no return isClickMediaVolumeSeekbar: false
02-22 01:25:21.527 E/MicroSettings: SoundSettingServiceBinder( 2167): onVolumeChanged: 0
02-22 01:25:21.527 D/MicroSettings: SoundManager( 2167): onMediaVolumeChanged
02-22 01:25:21.528 I/vol.Events( 1972): writeEvent level_changed STREAM_MUSIC 0
02-22 01:25:21.528 I/vol.Events( 1972): writeEvent mute_changed STREAM_MUSIC true
01-01 11:31:08.623 E/DTC_ETH,link_delay_work_func( 0): 3003, SQI=0, link=0
02-22 01:25:21.568 D/BluetoothDatabase( 1955): getBondedDevicesOrdered: Invalid address for device LocalStorage
02-22 01:25:21.654 W/hpplay-java( 2725): [main]:IPManager:getActiveNets invalid networkInfo:null
02-22 01:25:21.654 I/hpplay-java( 2725): [main]:IPManager:getActiveNets eth0:false wifi:false mobile:false ap:false
02-22 01:25:21.654 I/hpplay-java( 2725): [main]:ServerTaskManager:get local ip:null
02-22 01:25:21.849 I/OpenGLRenderer( 1972): Davey! duration=9223371293206ms; Flags=0, FrameTimelineVsyncId=17963, IntendedVsync=743647789234, Vsync=743647789234, InputEventId=0, HandleInputStart=743648469975, AnimationStart=743648472266, PerformTraversalsStart=743648475079, DrawStart=743654239818, FrameDeadline=743685789232, FrameInterval=743648461902, FrameStartTime=16666666, SyncQueued=743655368152, SyncStart=743655495183, IssueDrawCommandsStart=743657109089, SwapBuffers=743666036329, FrameCompleted=9223372036854775807, DequeueBufferDuration=53229, QueueBufferDuration=1164271, GpuCompleted=9223372036854775807, SwapBuffersCompleted=743667865443, DisplayPresentTime=0,
02-22 01:25:21.929 I/mpu_uart( 645): [MSG-P:RECV]:No message received in 1000 ms
02-22 01:25:22.203 D/AS.AudioService( 1521): forceVolumeControlStream cb:android.os.BinderProxy@be6f8c8 is already linked.
02-22 01:25:22.204 W/AudioIDCMicroNegotiator( 1521): idcm_warn: idcm control is not enable
02-22 01:25:22.206 D/MicroSettings: VolumeChangeObserver( 2167): onReceive:
02-22 01:25:22.206 D/MicroSettings: VolumeChangeObserver( 2167): onReceive:
02-22 01:25:22.207 D/MicroSettings: VolumeChangeObserver( 2167): onReceive:
02-22 01:25:22.207 D/MicroSettings: VolumeChangeObserver( 2167): onReceive:
02-22 01:25:22.208 D/MicroSettings: VolumeChangeObserver( 2167): onReceive:
02-22 01:25:22.209 D/MicroSettings: VolumeChangeObserver( 2167): onReceive:
02-22 01:25:22.209 D/MicroSettings: VolumeChangeObserver( 2167): onReceive:
02-22 01:25:22.210 I/vol.Events( 1972): writeEvent level_changed STREAM_ALARM 7
02-22 01:25:22.210 D/MicroSettings: VolumeChangeObserver( 2167): onReceive:
02-22 01:25:22.211 D/MicroSettings: VolumeChangeObserver( 2167): onReceive:
02-22 01:25:22.211 I/vol.Events( 1972): writeEvent level_changed STREAM_RING 7
02-22 01:25:22.212 D/MicroSettings: VolumeChangeObserver( 2167): onReceive:
02-22 01:25:22.212 I/vol.Events( 1972): writeEvent level_changed STREAM_SYSTEM 7
02-22 01:25:22.212 I/volume_changed( 1521): [3,0,37,39,com.android.systemui]
02-22 01:25:22.212 I/vol.Events( 1972): writeEvent level_changed STREAM_VOICE_CALL 5
02-22 01:25:22.212 D/MicroSettings: VolumeChangeObserver( 2167): onReceive:
02-22 01:25:22.213 D/MicroSettings: VolumeChangeObserver( 2167): onReceive:
02-22 01:25:22.213 D/MicroSettings: VolumeChangeObserver( 2167): onReceive currentVolume: 37
02-22 01:25:22.213 D/MicroSettings: VolumeChangeObserver( 2167): onReceive mVolumeType: -1
02-22 01:25:22.213 D/MicroSettings: VolumeChangeObserver( 2167): onReceive no return:
02-22 01:25:22.213 D/MicroSettings: VolumeChangeObserver( 2167): onReceive no return isClickMediaVolumeSeekbar: false
02-22 01:25:22.213 E/MicroSettings: SoundSettingServiceBinder( 2167): onVolumeChanged: 37
02-22 01:25:22.213 D/MicroSettings: SoundManager( 2167): onMediaVolumeChanged
02-22 01:25:22.213 I/vol.Events( 1972): writeEvent level_changed STREAM_MUSIC 37
02-22 01:25:22.214 I/vol.Events( 1972): writeEvent mute_changed STREAM_MUSIC false
02-22 01:25:22.247 I/commit_sys_config_file( 1521): [settings-1-0,12]
02-22 01:25:22.251 I/OpenGLRenderer( 1972): Davey! duration=9223371292803ms; Flags=0, FrameTimelineVsyncId=17990, IntendedVsync=744048764246, Vsync=744048764246, InputEventId=468142582, HandleInputStart=744055876589, AnimationStart=744055878777, PerformTraversalsStart=744055880495, DrawStart=744056898256, FrameDeadline=744086764244, FrameInterval=744055871224, FrameStartTime=16666666, SyncQueued=744057184245, SyncStart=744059657318, IssueDrawCommandsStart=744060702735, SwapBuffers=744066591433, FrameCompleted=9223372036854775807, DequeueBufferDuration=27395, QueueBufferDuration=1469948, GpuCompleted=9223372036854775807, SwapBuffersCompleted=744068642370, DisplayPresentTime=0,
02-22 01:25:22.252 D/BluetoothDatabase( 1955): getBondedDevicesOrdered: Invalid address for device LocalStorage
02-22 01:25:22.657 W/hpplay-java( 2725): [main]:IPManager:getActiveNets invalid networkInfo:null
02-22 01:25:22.657 I/hpplay-java( 2725): [main]:IPManager:getActiveNets eth0:false wifi:false mobile:false ap:false
02-22 01:25:22.657 I/hpplay-java( 2725): [main]:ServerTaskManager:get local ip:null
02-22 01:25:22.855 I/OpenGLRenderer( 1972): Davey! duration=9223371292204ms; Flags=0, FrameTimelineVsyncId=18001, IntendedVsync=744650226553, Vsync=744650226553, InputEventId=0, HandleInputStart=744650850547, AnimationStart=744650853151, PerformTraversalsStart=744650855860, DrawStart=744656680912, FrameDeadline=744688226551, FrameInterval=744650842995, FrameStartTime=16666666, SyncQueued=744657688568, SyncStart=744657795443, IssueDrawCommandsStart=744659149401, SwapBuffers=744667335391, FrameCompleted=9223372036854775807, DequeueBufferDuration=54896, QueueBufferDuration=1490260, GpuCompleted=9223372036854775807, SwapBuffersCompleted=744669483985, DisplayPresentTime=0,
02-22 01:25:22.861 I/OMX-VENC: venc_dev( 1219): stats: avg. fps 16.23, bitrate 1068794
02-22 01:25:22.928 I/commit_sys_config_file( 1521): [settings-1-0,7]
02-22 01:25:22.929 I/mpu_uart( 645): [MSG-P:RECV]:No message received in 1000 ms
02-22 01:25:23.138 D/AS.AudioService( 1521): forceVolumeControlStream cb:android.os.BinderProxy@be6f8c8 is already linked.
02-22 01:25:23.139 W/AudioIDCMicroNegotiator( 1521): idcm_warn: idcm control is not enable
02-22 01:25:23.140 D/MicroSettings: VolumeChangeObserver( 2167): onReceive:
02-22 01:25:23.140 D/MicroSettings: VolumeChangeObserver( 2167): onReceive:
02-22 01:25:23.141 D/MicroSettings: VolumeChangeObserver( 2167): onReceive:
02-22 01:25:23.142 D/MicroSettings: VolumeChangeObserver( 2167): onReceive:
02-22 01:25:23.142 D/MicroSettings: VolumeChangeObserver( 2167): onReceive:
02-22 01:25:23.143 D/MicroSettings: VolumeChangeObserver( 2167): onReceive:
02-22 01:25:23.144 D/MicroSettings: VolumeChangeObserver( 2167): onReceive:
02-22 01:25:23.145 I/vol.Events( 1972): writeEvent level_changed STREAM_ALARM 2
02-22 01:25:23.145 D/MicroSettings: VolumeChangeObserver( 2167): onReceive:
02-22 01:25:23.145 D/MicroSettings: VolumeChangeObserver( 2167): onReceive:
02-22 01:25:23.146 I/vol.Events( 1972): writeEvent level_changed STREAM_RING 1
02-22 01:25:23.146 I/vol.Events( 1972): writeEvent level_changed STREAM_SYSTEM 1
02-22 01:25:23.146 D/MicroSettings: VolumeChangeObserver( 2167): onReceive:
02-22 01:25:23.146 I/volume_changed( 1521): [3,37,3,39,com.android.systemui]
02-22 01:25:23.147 I/vol.Events( 1972): writeEvent level_changed STREAM_VOICE_CALL 1
02-22 01:25:23.147 D/MicroSettings: VolumeChangeObserver( 2167): onReceive:
02-22 01:25:23.148 D/MicroSettings: VolumeChangeObserver( 2167): onReceive:
02-22 01:25:23.148 D/MicroSettings: VolumeChangeObserver( 2167): onReceive currentVolume: 3
02-22 01:25:23.148 D/MicroSettings: VolumeChangeObserver( 2167): onReceive mVolumeType: -1
02-22 01:25:23.148 D/MicroSettings: VolumeChangeObserver( 2167): onReceive no return:
02-22 01:25:23.148 D/MicroSettings: VolumeChangeObserver( 2167): onReceive no return isClickMediaVolumeSeekbar: false
02-22 01:25:23.148 E/MicroSettings: SoundSettingServiceBinder( 2167): onVolumeChanged: 3
02-22 01:25:23.148 D/MicroSettings: SoundManager( 2167): onMediaVolumeChanged
02-22 01:25:23.152 I/vol.Events( 1972): writeEvent level_changed STREAM_MUSIC 3
02-22 01:25:23.164 D/BluetoothDatabase( 1955): getBondedDevicesOrdered: Invalid address for device LocalStorage
02-22 01:25:23.421 I/mpu_uart( 645): [MSG-P:R]:recv sync frame timeout
02-22 01:25:23.658 W/hpplay-java( 2725): [main]:IPManager:getActiveNets invalid networkInfo:null
02-22 01:25:23.658 I/hpplay-java( 2725): [main]:IPManager:getActiveNets eth0:false wifi:false mobile:false ap:false
02-22 01:25:23.658 I/hpplay-java( 2725): [main]:ServerTaskManager:get local ip:null
02-22 01:25:23.852 D/AS.AudioService( 1521): forceVolumeControlStream cb:android.os.BinderProxy@be6f8c8 is already linked.
02-22 01:25:23.853 W/AudioIDCMicroNegotiator( 1521): idcm_warn: idcm control is not enable
02-22 01:25:23.855 D/MicroSettings: VolumeChangeObserver( 2167): onReceive:
02-22 01:25:23.857 D/MicroSettings: VolumeChangeObserver( 2167): onReceive:
02-22 01:25:23.857 D/MicroSettings: VolumeChangeObserver( 2167): onReceive:
02-22 01:25:23.857 D/MicroSettings: VolumeChangeObserver( 2167): onReceive:
02-22 01:25:23.857 D/MicroSettings: VolumeChangeObserver( 2167): onReceive:
02-22 01:25:23.858 D/MicroSettings: VolumeChangeObserver( 2167): onReceive:
02-22 01:25:23.859 D/MicroSettings: VolumeChangeObserver( 2167): onReceive:
02-22 01:25:23.860 D/MicroSettings: VolumeChangeObserver( 2167): onReceive:
02-22 01:25:23.860 I/commit_sys_config_file( 1521): [settings-1-0,5]
02-22 01:25:23.860 D/MicroSettings: VolumeChangeObserver( 2167): onReceive:
02-22 01:25:23.860 D/MicroSettings: VolumeChangeObserver( 2167): onReceive:
02-22 01:25:23.861 I/vol.Events( 1972): writeEvent level_changed STREAM_ALARM 6
02-22 01:25:23.861 I/vol.Events( 1972): writeEvent level_changed STREAM_RING 6
02-22 01:25:23.861 I/vol.Events( 1972): writeEvent level_changed STREAM_SYSTEM 6
02-22 01:25:23.861 I/volume_changed( 1521): [3,3,32,39,com.android.systemui]
02-22 01:25:23.861 I/vol.Events( 1972): writeEvent level_changed STREAM_VOICE_CALL 4
02-22 01:25:23.861 D/MicroSettings: VolumeChangeObserver( 2167): onReceive:
02-22 01:25:23.862 D/MicroSettings: VolumeChangeObserver( 2167): onReceive:
02-22 01:25:23.862 D/MicroSettings: VolumeChangeObserver( 2167): onReceive currentVolume: 32
02-22 01:25:23.862 D/MicroSettings: VolumeChangeObserver( 2167): onReceive mVolumeType: -1
02-22 01:25:23.862 D/MicroSettings: VolumeChangeObserver( 2167): onReceive no return:
02-22 01:25:23.862 D/MicroSettings: VolumeChangeObserver( 2167): onReceive no return isClickMediaVolumeSeekbar: false
02-22 01:25:23.862 E/MicroSettings: SoundSettingServiceBinder( 2167): onVolumeChanged: 32
02-22 01:25:23.862 D/MicroSettings: SoundManager( 2167): onMediaVolumeChanged
02-22 01:25:23.868 I/vol.Events( 1972): writeEvent level_changed STREAM_MUSIC 32
02-22 01:25:23.878 D/BluetoothDatabase( 1955): getBondedDevicesOrdered: Invalid address for device LocalStorage
02-22 01:25:23.891 I/OMX-VENC: venc_dev( 1219): stats: avg. fps 24.27, bitrate 1006909
02-22 01:25:23.929 I/mpu_uart( 645): [MSG-P:RECV]:No message received in 1000 ms
02-22 01:25:24.574 I/commit_sys_config_file( 1521): [settings-1-0,3]
02-22 01:25:24.660 W/hpplay-java( 2725): [main]:IPManager:getActiveNets invalid networkInfo:null
02-22 01:25:24.660 I/hpplay-java( 2725): [main]:IPManager:getActiveNets eth0:false wifi:false mobile:false ap:false
02-22 01:25:24.660 I/hpplay-java( 2725): [main]:ServerTaskManager:get local ip:null
02-22 01:25:24.772 D/AS.AudioService( 1521): forceVolumeControlStream cb:android.os.BinderProxy@be6f8c8 is already linked.
02-22 01:25:24.773 W/AudioIDCMicroNegotiator( 1521): idcm_warn: idcm control is not enable
02-22 01:25:24.776 D/MicroSettings: VolumeChangeObserver( 2167): onReceive:
02-22 01:25:24.776 D/MicroSettings: VolumeChangeObserver( 2167): onReceive:
02-22 01:25:24.776 D/MicroSettings: VolumeChangeObserver( 2167): onReceive:
02-22 01:25:24.777 D/MicroSettings: VolumeChangeObserver( 2167): onReceive:
02-22 01:25:24.778 D/MicroSettings: VolumeChangeObserver( 2167): onReceive:
02-22 01:25:24.778 D/MicroSettings: VolumeChangeObserver( 2167): onReceive:
02-22 01:25:24.779 D/MicroSettings: VolumeChangeObserver( 2167): onReceive:
02-22 01:25:24.779 I/vol.Events( 1972): writeEvent level_changed STREAM_ALARM 1
02-22 01:25:24.780 D/MicroSettings: VolumeChangeObserver( 2167): onReceive:
02-22 01:25:24.780 I/vol.Events( 1972): writeEvent level_changed STREAM_RING 0
02-22 01:25:24.781 D/MicroSettings: VolumeChangeObserver( 2167): onReceive:
02-22 01:25:24.781 I/vol.Events( 1972): writeEvent level_changed STREAM_SYSTEM 0
02-22 01:25:24.781 D/MicroSettings: VolumeChangeObserver( 2167): onReceive:
02-22 01:25:24.782 I/volume_changed( 1521): [3,32,0,39,com.android.systemui]
02-22 01:25:24.782 I/vol.Events( 1972): writeEvent level_changed STREAM_VOICE_CALL 1
02-22 01:25:24.782 D/MicroSettings: VolumeChangeObserver( 2167): onReceive:
02-22 01:25:24.783 D/MicroSettings: VolumeChangeObserver( 2167): onReceive:
02-22 01:25:24.783 D/MicroSettings: VolumeChangeObserver( 2167): onReceive currentVolume: 0
02-22 01:25:24.783 D/MicroSettings: VolumeChangeObserver( 2167): onReceive mVolumeType: -1
02-22 01:25:24.783 D/MicroSettings: VolumeChangeObserver( 2167): onReceive no return:
02-22 01:25:24.783 D/MicroSettings: VolumeChangeObserver( 2167): onReceive no return isClickMediaVolumeSeekbar: false
02-22 01:25:24.783 E/MicroSettings: SoundSettingServiceBinder( 2167): onVolumeChanged: 0
02-22 01:25:24.783 D/MicroSettings: SoundManager( 2167): onMediaVolumeChanged
02-22 01:25:24.783 I/vol.Events( 1972): writeEvent level_changed STREAM_MUSIC 0
02-22 01:25:24.784 I/vol.Events( 1972): writeEvent mute_changed STREAM_MUSIC true
02-22 01:25:24.813 D/RemoteControlService( 2315): startVlanDispatchThread
02-22 01:25:24.830 D/BluetoothDatabase( 1955): getBondedDevicesOrdered: Invalid address for device LocalStorage
02-22 01:25:24.929 I/mpu_uart( 645): [MSG-P:RECV]:No message received in 1000 ms
02-22 01:25:25.250 I/OMX-VENC: venc_dev( 1219): stats: avg. fps 12.51, bitrate 520079
02-22 01:25:25.446 E/tlogd ( 1273): [TzLogger](isPathReadable) file /sys/kernel/debug/tzdbg/qsee_log isn't exist or no permission, err: No such file or directory
02-22 01:25:25.447 E/tlogd ( 1273): [TzLogger](saveTzlogAsync) /sys/kernel/debug/tzdbg/qsee_log can not read.
02-22 01:25:25.447 E/tlogd ( 1273): [TzLogger](isPathReadable) file /sys/kernel/debug/tzdbg/log isn't exist or no permission, err: No such file or directory
02-22 01:25:25.447 E/tlogd ( 1273): [TzLogger](saveTzlogAsync) /sys/kernel/debug/tzdbg/log can not read.
02-22 01:25:25.498 I/commit_sys_config_file( 1521): [settings-1-0,5]
02-22 01:25:25.663 W/hpplay-java( 2725): [main]:IPManager:getActiveNets invalid networkInfo:null
02-22 01:25:25.663 I/hpplay-java( 2725): [main]:IPManager:getActiveNets eth0:false wifi:false mobile:false ap:false
02-22 01:25:25.663 I/hpplay-java( 2725): [main]:ServerTaskManager:get local ip:null
02-22 01:25:25.726 I/OpenGLRenderer( 1972): Davey! duration=9223371289330ms; Flags=0, FrameTimelineVsyncId=18132, IntendedVsync=747523793245, Vsync=747523793245, InputEventId=367373439, HandleInputStart=747523980859, AnimationStart=747525356431, PerformTraversalsStart=747525358463, DrawStart=747525483098, FrameDeadline=747561793243, FrameInterval=747523978463, FrameStartTime=16666666, SyncQueued=747525806171, SyncStart=747525983150, IssueDrawCommandsStart=747527039348, SwapBuffers=747534348931, FrameCompleted=9223372036854775807, DequeueBufferDuration=49010, QueueBufferDuration=1258438, GpuCompleted=9223372036854775807, SwapBuffersCompleted=747536208879, DisplayPresentTime=0,
02-22 01:25:25.885 D/AS.AudioService( 1521): forceVolumeControlStream cb:android.os.BinderProxy@be6f8c8 is already linked.
02-22 01:25:25.887 W/AudioIDCMicroNegotiator( 1521): idcm_warn: idcm control is not enable
02-22 01:25:25.888 D/MicroSettings: VolumeChangeObserver( 2167): onReceive:
02-22 01:25:25.889 D/MicroSettings: VolumeChangeObserver( 2167): onReceive:
02-22 01:25:25.890 D/MicroSettings: VolumeChangeObserver( 2167): onReceive:
02-22 01:25:25.890 D/MicroSettings: VolumeChangeObserver( 2167): onReceive:
02-22 01:25:25.890 D/MicroSettings: VolumeChangeObserver( 2167): onReceive:
02-22 01:25:25.891 D/MicroSettings: VolumeChangeObserver( 2167): onReceive:
02-22 01:25:25.892 D/MicroSettings: VolumeChangeObserver( 2167): onReceive:
02-22 01:25:25.892 I/vol.Events( 1972): writeEvent level_changed STREAM_ALARM 6
02-22 01:25:25.893 D/MicroSettings: VolumeChangeObserver( 2167): onReceive:
02-22 01:25:25.893 I/vol.Events( 1972): writeEvent level_changed STREAM_RING 6
02-22 01:25:25.893 D/MicroSettings: VolumeChangeObserver( 2167): onReceive:
02-22 01:25:25.894 I/vol.Events( 1972): writeEvent level_changed STREAM_SYSTEM 6
02-22 01:25:25.894 D/MicroSettings: VolumeChangeObserver( 2167): onReceive:
02-22 01:25:25.895 I/volume_changed( 1521): [3,0,33,39,com.android.systemui]
02-22 01:25:25.895 D/MicroSettings: VolumeChangeObserver( 2167): onReceive:
02-22 01:25:25.895 I/vol.Events( 1972): writeEvent level_changed STREAM_VOICE_CALL 4
02-22 01:25:25.896 D/MicroSettings: VolumeChangeObserver( 2167): onReceive:
02-22 01:25:25.896 D/MicroSettings: VolumeChangeObserver( 2167): onReceive currentVolume: 33
02-22 01:25:25.896 D/MicroSettings: VolumeChangeObserver( 2167): onReceive mVolumeType: -1
02-22 01:25:25.896 D/MicroSettings: VolumeChangeObserver( 2167): onReceive no return:
02-22 01:25:25.896 D/MicroSettings: VolumeChangeObserver( 2167): onReceive no return isClickMediaVolumeSeekbar: false
02-22 01:25:25.896 E/MicroSettings: SoundSettingServiceBinder( 2167): onVolumeChanged: 33
02-22 01:25:25.896 D/MicroSettings: SoundManager( 2167): onMediaVolumeChanged
02-22 01:25:25.896 I/vol.Events( 1972): writeEvent level_changed STREAM_MUSIC 33
02-22 01:25:25.897 I/vol.Events( 1972): writeEvent mute_changed STREAM_MUSIC false
02-22 01:25:25.929 I/mpu_uart( 645): [MSG-P:RECV]:No message received in 1000 ms
02-22 01:25:25.938 D/BluetoothDatabase( 1955): getBondedDevicesOrdered: Invalid address for device LocalStorage
02-22 01:25:26.252 I/OMX-VENC: venc_dev( 1219): stats: avg. fps 12.98, bitrate 1149778
02-22 01:25:26.422 I/mpu_uart( 645): [MSG-P:R]:recv sync frame timeout
02-22 01:25:26.608 I/commit_sys_config_file( 1521): [settings-1-0,3]
02-22 01:25:26.665 W/hpplay-java( 2725): [main]:IPManager:getActiveNets invalid networkInfo:null
02-22 01:25:26.665 I/hpplay-java( 2725): [main]:IPManager:getActiveNets eth0:false wifi:false mobile:false ap:false
02-22 01:25:26.665 I/hpplay-java( 2725): [main]:ServerTaskManager:get local ip:null
01-01 11:31:13.744 E/DTC_ETH,link_delay_work_func( 0): 3003, SQI=0, link=0
02-22 01:25:26.812 D/AS.AudioService( 1521): forceVolumeControlStream cb:android.os.BinderProxy@be6f8c8 is already linked.
02-22 01:25:26.813 W/AudioIDCMicroNegotiator( 1521): idcm_warn: idcm control is not enable
02-22 01:25:26.816 D/MicroSettings: VolumeChangeObserver( 2167): onReceive:
02-22 01:25:26.817 D/MicroSettings: VolumeChangeObserver( 2167): onReceive:
02-22 01:25:26.817 D/MicroSettings: VolumeChangeObserver( 2167): onReceive:
02-22 01:25:26.817 D/MicroSettings: VolumeChangeObserver( 2167): onReceive:
02-22 01:25:26.818 D/MicroSettings: VolumeChangeObserver( 2167): onReceive:
02-22 01:25:26.818 D/MicroSettings: VolumeChangeObserver( 2167): onReceive:
02-22 01:25:26.819 D/MicroSettings: VolumeChangeObserver( 2167): onReceive:
02-22 01:25:26.819 I/vol.Events( 1972): writeEvent level_changed STREAM_ALARM 1
02-22 01:25:26.820 I/vol.Events( 1972): writeEvent level_changed STREAM_RING 0
02-22 01:25:26.820 D/MicroSettings: VolumeChangeObserver( 2167): onReceive:
02-22 01:25:26.820 D/MicroSettings: VolumeChangeObserver( 2167): onReceive:
02-22 01:25:26.821 I/vol.Events( 1972): writeEvent level_changed STREAM_SYSTEM 0
02-22 01:25:26.821 D/MicroSettings: VolumeChangeObserver( 2167): onReceive:
02-22 01:25:26.821 I/volume_changed( 1521): [3,33,0,39,com.android.systemui]
02-22 01:25:26.822 I/vol.Events( 1972): writeEvent level_changed STREAM_VOICE_CALL 1
02-22 01:25:26.822 D/MicroSettings: VolumeChangeObserver( 2167): onReceive:
02-22 01:25:26.822 D/MicroSettings: VolumeChangeObserver( 2167): onReceive:
02-22 01:25:26.822 D/MicroSettings: VolumeChangeObserver( 2167): onReceive currentVolume: 0
02-22 01:25:26.822 D/MicroSettings: VolumeChangeObserver( 2167): onReceive mVolumeType: -1
02-22 01:25:26.822 D/MicroSettings: VolumeChangeObserver( 2167): onReceive no return:
02-22 01:25:26.822 D/MicroSettings: VolumeChangeObserver( 2167): onReceive no return isClickMediaVolumeSeekbar: false
02-22 01:25:26.822 E/MicroSettings: SoundSettingServiceBinder( 2167): onVolumeChanged: 0
02-22 01:25:26.823 D/MicroSettings: SoundManager( 2167): onMediaVolumeChanged
02-22 01:25:26.823 I/vol.Events( 1972): writeEvent level_changed STREAM_MUSIC 0
02-22 01:25:26.823 I/vol.Events( 1972): writeEvent mute_changed STREAM_MUSIC true
02-22 01:25:26.870 D/BluetoothDatabase( 1955): getBondedDevicesOrdered: Invalid address for device LocalStorage
02-22 01:25:26.929 I/mpu_uart( 645): [MSG-P:RECV]:No message received in 1000 ms
02-22 01:25:27.254 I/OMX-VENC: venc_dev( 1219): stats: avg. fps 13.97, bitrate 578244
02-22 01:25:27.446 E/audio_hw_primary( 799): out_write: error -5, cannot write stream data: I/O error
02-22 01:25:27.446 D/audio_hw_primary( 799): out_standby: enter: stream (0xe41821a0) usecase(1: low-latency-playback)
02-22 01:25:27.534 I/commit_sys_config_file( 1521): [settings-1-0,4]
02-22 01:25:27.565 I/OpenGLRenderer( 1972): Davey! duration=9223371287493ms; Flags=0, FrameTimelineVsyncId=18219, IntendedVsync=749361523610, Vsync=749361523610, InputEventId=410728010, HandleInputStart=749361821639, AnimationStart=749363294816, PerformTraversalsStart=749363296483, DrawStart=749363387525, FrameDeadline=749382856942, FrameInterval=749361818150, FrameStartTime=16666666, SyncQueued=749363684295, SyncStart=749363831170, IssueDrawCommandsStart=749365062472, SwapBuffers=749372123514, FrameCompleted=9223372036854775807, DequeueBufferDuration=44167, QueueBufferDuration=1065625, GpuCompleted=9223372036854775807, SwapBuffersCompleted=749373914712, DisplayPresentTime=0,
01-01 11:31:14.711 E/msm_pcm_playback_close( 0): CMD_EOS failed, cmd_pending 0x8
01-01 11:31:14.717 I/afe_close( 0): port_id = 0x9000
02-22 01:25:27.660 D/audio_hw_primary( 799): disable_audio_route: reset and update mixer path: low-latency-playback
02-22 01:25:27.661 E/soundtrigger( 799): audio_extn_sound_trigger_update_stream_status: invalid input device 0x0, for event 2
02-22 01:25:27.661 D/soundtrigger( 799): audio_extn_sound_trigger_update_stream_status: uc_info->id 1 of type 0 for Event 2, with Raise=0
02-22 01:25:27.661 D/msm8974_platform( 799): platform_split_snd_device: snd_device(2) num devices(0) new_snd_devices(0)
02-22 01:25:27.661 I/msm8974_platform( 799): platform_get_custom_mtmx_params: no matching param with id 0 ip_ch 2 op_ch 2 uc_id 1 snd_dev 2
02-22 01:25:27.661 D/hardware_info( 799): hw_info_append_hw_type : device_name = speaker
02-22 01:25:27.661 D/audio_hw_primary( 799): disable_snd_device: snd_device(2: speaker)
02-22 01:25:27.661 D/msm8974_platform( 799): platform_split_snd_device: snd_device(2) num devices(0) new_snd_devices(0)
02-22 01:25:27.661 I/soundtrigger( 799): audio_extn_sound_trigger_update_device_status: device 0x2 of type 0 for Event 0, with Raise=0
02-22 01:25:27.661 D/audio_hw_primary( 799): out_standby: exit
02-22 01:25:27.665 D/audio_hw_primary( 799): start_output_stream: enter: stream(0xe41821a0)usecase(1: low-latency-playback) devices(0x2) is_haptic_usecase(0)
02-22 01:25:27.666 D/audio_hw_primary( 799): select_devices for use case (low-latency-playback)
02-22 01:25:27.666 I/msm8974_platform( 799): platform_check_and_set_codec_backend_cfg:becf: afe: bitwidth 16, samplerate 48000 channels 2, backend_idx 0 usecase = 1 device (speaker)
02-22 01:25:27.666 D/msm8974_platform( 799): platform_split_snd_device: snd_device(2) num devices(1) new_snd_devices(0)
02-22 01:25:27.666 I/msm8974_platform( 799): platform_check_and_set_codec_backend_cfg: new_snd_devices[0] is 2
02-22 01:25:27.666 I/msm8974_platform( 799): platform_check_codec_backend_cfg:becf: afe: bitwidth 16, samplerate 48000 channels 2, backend_idx 0 usecase = 1 device (speaker)
02-22 01:25:27.667 W/hpplay-java( 2725): [main]:IPManager:getActiveNets invalid networkInfo:null
02-22 01:25:27.667 I/hpplay-java( 2725): [main]:IPManager:getActiveNets eth0:false wifi:false mobile:false ap:false
02-22 01:25:27.667 I/hpplay-java( 2725): [main]:ServerTaskManager:get local ip:null
02-22 01:25:27.667 D/audio_hw_extn( 799): audio_extn_enable_hifi_filter: mixer_value set 0
02-22 01:25:27.667 D/msm8974_platform( 799): platform_check_codec_backend_cfg:becf: updated afe: bitwidth 16, samplerate 48000 channels 2,backend_idx 0 usecase = 1 device (speaker)
02-22 01:25:27.667 D/msm8974_platform( 799): platform_check_codec_backend_cfg:becf: afe: playback on codec device not supporting native playback set default Sample Rate(48k)
02-22 01:25:27.667 I/msm8974_platform( 799): platform_check_codec_backend_cfg:becf: afe: Codec selected backend: 0 updated bit width: 16 and sample rate: 48000
02-22 01:25:27.667 D/audio_hw_primary( 799): check_usecases_codec_backend:becf: force routing 0
02-22 01:25:27.667 E/msm8974_platform( 799): platform_check_backends_match: Invalid snd_device =
02-22 01:25:27.667 D/audio_hw_primary( 799): check_usecases_codec_backend:becf: (78) check_usecases curr device: speaker, usecase device: backends match 0
02-22 01:25:27.667 D/audio_hw_primary( 799): check_usecases_codec_backend:becf: check_usecases num.of Usecases to switch 0
02-22 01:25:27.667 D/hardware_info( 799): hw_info_append_hw_type : device_name = speaker
02-22 01:25:27.667 D/msm8974_platform( 799): platform_split_snd_device: snd_device(2) num devices(0) new_snd_devices(0)
02-22 01:25:27.667 D/audio_hw_primary( 799): enable_snd_device: snd_device(2: speaker)
02-22 01:25:27.668 D/msm8974_platform( 799): platform_get_island_cfg_on_device:island cfg status on snd_device = (speaker 0)
02-22 01:25:27.668 I/soundtrigger( 799): audio_extn_sound_trigger_update_device_status: device 0x2 of type 0 for Event 1, with Raise=0
02-22 01:25:27.668 D/audio_route( 799): Apply path: speaker
02-22 01:25:27.668 I/audio_hw_utils( 799): audio_extn_utils_update_stream_output_app_type_cfg Allowing 24 and above bits playback on speaker ONLY at default sampling rate
02-22 01:25:27.668 E/soundtrigger( 799): audio_extn_sound_trigger_update_stream_status: invalid input device 0x0, for event 3
02-22 01:25:27.668 D/soundtrigger( 799): audio_extn_sound_trigger_update_stream_status: uc_info->id 1 of type 0 for Event 3, with Raise=0
02-22 01:25:27.668 D/audio_hw_utils( 799): audio_extn_utils_send_app_type_cfg: usecase->out_snd_device speaker
02-22 01:25:27.668 D/msm8974_platform( 799): platform_split_snd_device: snd_device(2) num devices(0) new_snd_devices(0)
02-22 01:25:27.668 D/audio_hw_utils( 799): audio_extn_btsco_get_sample_rate:Not a BT SCO device, need not update sampling rate
02-22 01:25:27.668 I/audio_hw_utils( 799): send_app_type_cfg_for_device PLAYBACK app_type 69937, acdb_dev_id 15, sample_rate 48000, snd_device_be_idx 179
02-22 01:25:27.668 D/msm8974_platform( 799): platform_split_snd_device: snd_device(2) num devices(1) new_snd_devices(0)
02-22 01:25:27.668 D/audio_hw_utils( 799): audio_extn_btsco_get_sample_rate:Not a BT SCO device, need not update sampling rate
02-22 01:25:27.668 D/ACDB-LOADER( 799): ACDB -> send_audio_cal, acdb_id = 15, path = 0, app id = 0x11131, sample rate = 48000, afe_sample_rate = 48000
02-22 01:25:27.668 D/ACDB-LOADER( 799): ACDB -> send_asm_topology
02-22 01:25:27.668 D/ACDB-LOADER( 799): ACDB -> ACDB_CMD_GET_AUDPROC_STREAM_TOPOLOGY_ID
02-22 01:25:27.668 D/ACDB-LOADER( 799): ACDB -> send_adm_topology
02-22 01:25:27.668 D/ACDB-LOADER( 799): ACDB -> ACDB_CMD_GET_AUDPROC_COMMON_TOPOLOGY_ID
02-22 01:25:27.669 D/ACDB-LOADER( 799): ACDB -> send_audtable
02-22 01:25:27.669 D/ACDB-LOADER( 799): ACDB -> ACDB_CMD_GET_AUDPROC_INSTANCE_COMMON_TABLE_SIZE
02-22 01:25:27.669 D/ACDB-LOADER( 799): ACDB -> ACDB_CMD_GET_AUDPROC_INSTANCE_COMMON_TABLE
02-22 01:25:27.669 D/ACDB-LOADER( 799): ACDB -> AUDIO_SET_AUDPROC_CAL cal_type[11] acdb_id[15] app_type[69937]
02-22 01:25:27.669 D/ACDB-LOADER( 799): ACDB -> send_audvoltable
02-22 01:25:27.669 D/ACDB-LOADER( 799): ACDB -> ACDB_CMD_GET_AUDPROC_INSTANCE_GAIN_DEP_STEP_TABLE_SIZE
02-22 01:25:27.669 D/ACDB-LOADER( 799): ACDB -> ACDB_CMD_GET_AUDPROC_INSTANCE_GAIN_DEP_STEP_TABLE, vol index 0
02-22 01:25:27.669 D/ACDB-LOADER( 799): ACDB -> AUDIO_SET_VOL_CAL cal type = 12
02-22 01:25:27.669 D/ACDB-LOADER( 799): ACDB -> ACDB_CMD_GET_AUDPROC_INSTANCE_STREAM_TABLE_SIZE
02-22 01:25:27.669 D/ACDB-LOADER( 799): ACDB -> send_audstrmtable
01-01 11:31:14.739 I/afe_find_cal_topo_id_by_port( 0): port id: 0x9000, dev_acdb_id: 0
02-22 01:25:27.669 D/ACDB-LOADER( 799): ACDB -> ACDB_CMD_GET_AUDPROC_INSTANCE_STREAM_TABLE
01-01 11:31:14.739 I/afe_find_cal_topo_id_by_port( 0): top_id:112fc acdb_id:15 afe_port:0x9000
02-22 01:25:27.669 D/ACDB-LOADER( 799): ACDB -> audstrm_cal->cal_type.cal_data.cal_size = 20
02-22 01:25:27.669 D/ACDB-LOADER( 799): ACDB -> send_afe_topology
02-22 01:25:27.669 D/ACDB-LOADER( 799): ACDB -> ACDB_CMD_GET_AFE_TOPOLOGY_ID
02-22 01:25:27.669 D/ACDB-LOADER( 799): ACDB -> GET_AFE_TOPOLOGY_ID for adcd_id 15, Topology Id 112fc
01-01 11:31:14.739 I/afe_get_cal_topology_id( 0): port_id = 0x9000 acdb_id = 15 topology_id = 0x112fc cal_type_index=8 ret=0
02-22 01:25:27.669 D/ACDB-LOADER( 799): ACDB -> send_afe_cal
02-22 01:25:27.669 D/ACDB-LOADER( 799): ACDB -> ACDB_CMD_GET_AFE_INSTANCE_COMMON_TABLE_SIZE
01-01 11:31:14.739 I/afe_send_port_topology_id( 0): AFE set topology id 0x112fc enable for port 0x9000 ret 0
02-22 01:25:27.669 D/android.hardware.audio.service( 799): Failed to fetch the lookup information of the device 0000000F
01-01 11:31:14.739 I/send_afe_cal_type( 0): cal_index is 0
02-22 01:25:27.669 D/ACDB-LOADER( 799): Error: ACDB_CMD_GET_AFE_INSTANCE_COMMON_TABLE_SIZE Returned = -19
02-22 01:25:27.669 D/ACDB-LOADER( 799): ACDB -> ACDB_CMD_GET_AFE_INSTANCE_COMMON_TABLE
02-22 01:25:27.669 D/android.hardware.audio.service( 799): Failed to fetch the lookup information of the device 0000000F
02-22 01:25:27.669 D/ACDB-LOADER( 799): Error: ACDB AFE returned = -19
02-22 01:25:27.669 D/ACDB-LOADER( 799): ACDB -> AUDIO_SET_AFE_CAL cal_type[16] acdb_id[15]
02-22 01:25:27.669 D/ACDB-LOADER( 799): ACDB -> send_hw_delay : acdb_id = 15 path = 0
01-01 11:31:14.739 I/send_afe_cal_type( 0): dev_acdb_id[55] is 0
02-22 01:25:27.669 D/ACDB-LOADER( 799): ACDB -> ACDB_AVSYNC_INFO: ACDB_CMD_GET_DEVICE_PROPERTY
02-22 01:25:27.669 D/msm8974_platform( 799): platform_split_snd_device: snd_device(2) num devices(0) new_snd_devices(0)
02-22 01:25:27.669 I/msm8974_platform( 799): platform_get_custom_mtmx_params: no matching param with id 0 ip_ch 2 op_ch 2 uc_id 1 snd_dev 2
02-22 01:25:27.669 D/audio_hw_primary( 799): enable_audio_route: apply mixer and update path: low-latency-playback
02-22 01:25:27.669 D/audio_route( 799): Apply path: low-latency-playback
01-01 11:31:14.739 I/send_afe_cal_type( 0): Sending cal_index cal 0
02-22 01:25:27.670 D/audio_hw_primary( 799): select_devices: done
01-01 11:31:14.739 E/send_afe_cal_type( 0): No cal sent for cal_index 0, port_id = 0x9000! ret -22
01-01 11:31:14.740 I/afe_send_hw_delay( 0): port_id 0x9000 rate 48000 delay_usec 474 status 0
02-22 01:25:27.697 D/msm8974_platform( 799): platform_set_channel_map mixer_ctl_name:Playback Channel Map9
02-22 01:25:27.698 D/msm8974_platform( 799): platform_set_channel_map: set mapping(1 2 0 0 0 0 0 0) for channel:2
02-22 01:25:27.700 D/audio_hw_primary( 799): start_output_stream: exit
02-22 01:25:27.705 W/AudioFlinger( 971): write blocked for 41796 msecs, 5 delayed writes, thread 13
02-22 01:25:27.706 D/audio_hw_primary( 799): out_set_parameters: enter: usecase(1: low-latency-playback) kvpairs: suspend_playback=true
02-22 01:25:27.706 D/audio_hw_extn( 799): audio_extn_fm_set_parameters: Enter
02-22 01:25:27.716 D/audio_hw_primary( 799): out_set_parameters: enter: usecase(1: low-latency-playback) kvpairs: suspend_playback=false
02-22 01:25:27.716 D/audio_hw_extn( 799): audio_extn_fm_set_parameters: Enter
02-22 01:25:27.747 D/AS.AudioService( 1521): forceVolumeControlStream cb:android.os.BinderProxy@be6f8c8 is already linked.
02-22 01:25:27.748 W/AudioIDCMicroNegotiator( 1521): idcm_warn: idcm control is not enable
02-22 01:25:27.750 D/MicroSettings: VolumeChangeObserver( 2167): onReceive:
02-22 01:25:27.750 D/MicroSettings: VolumeChangeObserver( 2167): onReceive:
02-22 01:25:27.751 D/MicroSettings: VolumeChangeObserver( 2167): onReceive:
02-22 01:25:27.752 D/MicroSettings: VolumeChangeObserver( 2167): onReceive:
02-22 01:25:27.752 D/MicroSettings: VolumeChangeObserver( 2167): onReceive:
02-22 01:25:27.753 D/MicroSettings: VolumeChangeObserver( 2167): onReceive:
02-22 01:25:27.753 D/MicroSettings: VolumeChangeObserver( 2167): onReceive:
02-22 01:25:27.754 I/vol.Events( 1972): writeEvent level_changed STREAM_ALARM 6
02-22 01:25:27.754 D/MicroSettings: VolumeChangeObserver( 2167): onReceive:
02-22 01:25:27.754 I/vol.Events( 1972): writeEvent level_changed STREAM_RING 6
02-22 01:25:27.755 D/MicroSettings: VolumeChangeObserver( 2167): onReceive:
02-22 01:25:27.755 I/vol.Events( 1972): writeEvent level_changed STREAM_SYSTEM 6
02-22 01:25:27.756 D/MicroSettings: VolumeChangeObserver( 2167): onReceive:
02-22 01:25:27.756 I/vol.Events( 1972): writeEvent level_changed STREAM_VOICE_CALL 4
02-22 01:25:27.756 I/volume_changed( 1521): [3,0,32,39,com.android.systemui]
02-22 01:25:27.756 D/MicroSettings: VolumeChangeObserver( 2167): onReceive:
02-22 01:25:27.757 D/MicroSettings: VolumeChangeObserver( 2167): onReceive:
02-22 01:25:27.757 D/MicroSettings: VolumeChangeObserver( 2167): onReceive currentVolume: 32
02-22 01:25:27.757 I/vol.Events( 1972): writeEvent level_changed STREAM_MUSIC 32
02-22 01:25:27.757 D/MicroSettings: VolumeChangeObserver( 2167): onReceive mVolumeType: -1
02-22 01:25:27.757 D/MicroSettings: VolumeChangeObserver( 2167): onReceive no return:
02-22 01:25:27.757 D/MicroSettings: VolumeChangeObserver( 2167): onReceive no return isClickMediaVolumeSeekbar: false
02-22 01:25:27.757 E/MicroSettings: SoundSettingServiceBinder( 2167): onVolumeChanged: 32
02-22 01:25:27.757 D/MicroSettings: SoundManager( 2167): onMediaVolumeChanged
02-22 01:25:27.757 I/vol.Events( 1972): writeEvent mute_changed STREAM_MUSIC false
02-22 01:25:27.793 I/OpenGLRenderer( 1972): Davey! duration=9223371287259ms; Flags=0, FrameTimelineVsyncId=18243, IntendedVsync=749595436647, Vsync=749612103313, InputEventId=790894153, HandleInputStart=749613918722, AnimationStart=749613921587, PerformTraversalsStart=749613923514, DrawStart=749614024295, FrameDeadline=749633436645, FrameInterval=749613908254, FrameStartTime=16666666, SyncQueued=749614304347, SyncStart=749614362629, IssueDrawCommandsStart=749614682472, SwapBuffers=749615826899, FrameCompleted=9223372036854775807, DequeueBufferDuration=22604, QueueBufferDuration=657135, GpuCompleted=9223372036854775807, SwapBuffersCompleted=749616873826, DisplayPresentTime=0,
02-22 01:25:27.796 D/BluetoothDatabase( 1955): getBondedDevicesOrdered: Invalid address for device LocalStorage
02-22 01:25:27.915 I/OpenGLRenderer( 1972): Davey! duration=9223371287142ms; Flags=0, FrameTimelineVsyncId=18253, IntendedVsync=749712389472, Vsync=749712389472, InputEventId=0, HandleInputStart=749712782785, AnimationStart=749712785181, PerformTraversalsStart=749712874087, DrawStart=749718868097, FrameDeadline=749750389470, FrameInterval=749712775754, FrameStartTime=16666666, SyncQueued=749719926118, SyncStart=749720143358, IssueDrawCommandsStart=749721518097, SwapBuffers=749729989399, FrameCompleted=9223372036854775807, DequeueBufferDuration=50157, QueueBufferDuration=2723281, GpuCompleted=9223372036854775807, SwapBuffersCompleted=749733562056, DisplayPresentTime=0,
02-22 01:25:27.930 I/mpu_uart( 645): [MSG-P:RECV]:No message received in 1000 ms
02-22 01:25:28.256 I/OMX-VENC: venc_dev( 1219): stats: avg. fps 14.96, bitrate 632914
02-22 01:25:28.469 I/commit_sys_config_file( 1521): [settings-1-0,4]
02-22 01:25:28.669 W/hpplay-java( 2725): [main]:IPManager:getActiveNets invalid networkInfo:null
02-22 01:25:28.669 I/hpplay-java( 2725): [main]:IPManager:getActiveNets eth0:false wifi:false mobile:false ap:false
02-22 01:25:28.669 I/hpplay-java( 2725): [main]:ServerTaskManager:get local ip:null
02-22 01:25:28.671 D/AS.AudioService( 1521): forceVolumeControlStream cb:android.os.BinderProxy@be6f8c8 is already linked.
02-22 01:25:28.672 W/AudioIDCMicroNegotiator( 1521): idcm_warn: idcm control is not enable
02-22 01:25:28.675 D/MicroSettings: VolumeChangeObserver( 2167): onReceive:
02-22 01:25:28.675 D/MicroSettings: VolumeChangeObserver( 2167): onReceive:
02-22 01:25:28.676 D/MicroSettings: VolumeChangeObserver( 2167): onReceive:
02-22 01:25:28.676 D/MicroSettings: VolumeChangeObserver( 2167): onReceive:
02-22 01:25:28.677 D/MicroSettings: VolumeChangeObserver( 2167): onReceive:
02-22 01:25:28.678 D/MicroSettings: VolumeChangeObserver( 2167): onReceive:
02-22 01:25:28.678 D/MicroSettings: VolumeChangeObserver( 2167): onReceive:
02-22 01:25:28.679 I/vol.Events( 1972): writeEvent level_changed STREAM_ALARM 1
02-22 01:25:28.679 D/MicroSettings: VolumeChangeObserver( 2167): onReceive:
02-22 01:25:28.679 I/vol.Events( 1972): writeEvent level_changed STREAM_RING 0
02-22 01:25:28.680 D/MicroSettings: VolumeChangeObserver( 2167): onReceive:
02-22 01:25:28.680 I/vol.Events( 1972): writeEvent level_changed STREAM_SYSTEM 0
02-22 01:25:28.680 D/MicroSettings: VolumeChangeObserver( 2167): onReceive:
02-22 01:25:28.681 I/vol.Events( 1972): writeEvent level_changed STREAM_VOICE_CALL 1
02-22 01:25:28.681 I/volume_changed( 1521): [3,32,0,39,com.android.systemui]
02-22 01:25:28.681 D/MicroSettings: VolumeChangeObserver( 2167): onReceive:
02-22 01:25:28.681 D/MicroSettings: VolumeChangeObserver( 2167): onReceive:
02-22 01:25:28.682 D/MicroSettings: VolumeChangeObserver( 2167): onReceive currentVolume: 0
02-22 01:25:28.682 D/MicroSettings: VolumeChangeObserver( 2167): onReceive mVolumeType: -1
02-22 01:25:28.682 D/MicroSettings: VolumeChangeObserver( 2167): onReceive no return:
02-22 01:25:28.682 I/vol.Events( 1972): writeEvent level_changed STREAM_MUSIC 0
02-22 01:25:28.682 D/MicroSettings: VolumeChangeObserver( 2167): onReceive no return isClickMediaVolumeSeekbar: false
02-22 01:25:28.682 E/MicroSettings: SoundSettingServiceBinder( 2167): onVolumeChanged: 0
02-22 01:25:28.682 D/MicroSettings: SoundManager( 2167): onMediaVolumeChanged
02-22 01:25:28.682 I/vol.Events( 1972): writeEvent mute_changed STREAM_MUSIC true
02-22 01:25:28.722 D/BluetoothDatabase( 1955): getBondedDevicesOrdered: Invalid address for device LocalStorage
02-22 01:25:28.916 I/OpenGLRenderer( 1972): Davey! duration=9223371286139ms; Flags=0, FrameTimelineVsyncId=18299, IntendedVsync=750714777847, Vsync=750714777847, InputEventId=0, HandleInputStart=750715614295, AnimationStart=750715616639, PerformTraversalsStart=750715619191, DrawStart=750721640441, FrameDeadline=750752777845, FrameInterval=750715606639, FrameStartTime=16666666, SyncQueued=750722839451, SyncStart=750722958409, IssueDrawCommandsStart=750724614451, SwapBuffers=750732745076, FrameCompleted=9223372036854775807, DequeueBufferDuration=51354, QueueBufferDuration=2176042, GpuCompleted=9223372036854775807, SwapBuffersCompleted=750735898878, DisplayPresentTime=0,
02-22 01:25:28.930 I/mpu_uart( 645): [MSG-P:RECV]:No message received in 1000 ms
02-22 01:25:29.259 I/OMX-VENC: venc_dev( 1219): stats: avg. fps 13.97, bitrate 582495
02-22 01:25:29.393 I/commit_sys_config_file( 1521): [settings-1-0,4]
02-22 01:25:29.426 I/mpu_uart( 645): [MSG-P:R]:recv sync frame timeout
02-22 01:25:29.591 D/AS.AudioService( 1521): forceVolumeControlStream cb:android.os.BinderProxy@be6f8c8 is already linked.
02-22 01:25:29.593 W/AudioIDCMicroNegotiator( 1521): idcm_warn: idcm control is not enable
02-22 01:25:29.595 D/MicroSettings: VolumeChangeObserver( 2167): onReceive:
02-22 01:25:29.595 D/MicroSettings: VolumeChangeObserver( 2167): onReceive:
02-22 01:25:29.595 D/MicroSettings: VolumeChangeObserver( 2167): onReceive:
02-22 01:25:29.596 D/MicroSettings: VolumeChangeObserver( 2167): onReceive:
02-22 01:25:29.597 D/MicroSettings: VolumeChangeObserver( 2167): onReceive:
02-22 01:25:29.598 D/MicroSettings: VolumeChangeObserver( 2167): onReceive:
02-22 01:25:29.599 D/MicroSettings: VolumeChangeObserver( 2167): onReceive:
02-22 01:25:29.600 I/vol.Events( 1972): writeEvent level_changed STREAM_ALARM 6
02-22 01:25:29.600 D/MicroSettings: VolumeChangeObserver( 2167): onReceive:
02-22 01:25:29.600 D/MicroSettings: VolumeChangeObserver( 2167): onReceive:
02-22 01:25:29.600 I/vol.Events( 1972): writeEvent level_changed STREAM_RING 6
02-22 01:25:29.600 I/vol.Events( 1972): writeEvent level_changed STREAM_SYSTEM 6
02-22 01:25:29.600 D/MicroSettings: VolumeChangeObserver( 2167): onReceive:
02-22 01:25:29.601 I/volume_changed( 1521): [3,0,34,39,com.android.systemui]
02-22 01:25:29.601 I/vol.Events( 1972): writeEvent level_changed STREAM_VOICE_CALL 5
02-22 01:25:29.601 D/MicroSettings: VolumeChangeObserver( 2167): onReceive:
02-22 01:25:29.602 D/MicroSettings: VolumeChangeObserver( 2167): onReceive:
02-22 01:25:29.602 D/MicroSettings: VolumeChangeObserver( 2167): onReceive currentVolume: 34
02-22 01:25:29.602 D/MicroSettings: VolumeChangeObserver( 2167): onReceive mVolumeType: -1
02-22 01:25:29.602 D/MicroSettings: VolumeChangeObserver( 2167): onReceive no return:
02-22 01:25:29.602 D/MicroSettings: VolumeChangeObserver( 2167): onReceive no return isClickMediaVolumeSeekbar: false
02-22 01:25:29.602 E/MicroSettings: SoundSettingServiceBinder( 2167): onVolumeChanged: 34
02-22 01:25:29.602 D/MicroSettings: SoundManager( 2167): onMediaVolumeChanged
02-22 01:25:29.602 I/vol.Events( 1972): writeEvent level_changed STREAM_MUSIC 34
02-22 01:25:29.603 I/vol.Events( 1972): writeEvent mute_changed STREAM_MUSIC false
02-22 01:25:29.647 D/BluetoothDatabase( 1955): getBondedDevicesOrdered: Invalid address for device LocalStorage
02-22 01:25:29.671 W/hpplay-java( 2725): [main]:IPManager:getActiveNets invalid networkInfo:null
02-22 01:25:29.671 I/hpplay-java( 2725): [main]:IPManager:getActiveNets eth0:false wifi:false mobile:false ap:false
02-22 01:25:29.671 I/hpplay-java( 2725): [main]:ServerTaskManager:get local ip:null
02-22 01:25:29.822 D/RemoteControlService( 2315): startVlanDispatchThread
02-22 01:25:29.923 I/OpenGLRenderer( 1972): Davey! duration=9223371285137ms; Flags=0, FrameTimelineVsyncId=18347, IntendedVsync=751717194919, Vsync=751717194919, InputEventId=0, HandleInputStart=751717823669, AnimationStart=751717826117, PerformTraversalsStart=751717828617, DrawStart=751723682419, FrameDeadline=751755194917, FrameInterval=751717816378, FrameStartTime=16666666, SyncQueued=751724918513, SyncStart=751725021534, IssueDrawCommandsStart=751726383774, SwapBuffers=751735632003, FrameCompleted=9223372036854775807, DequeueBufferDuration=57136, QueueBufferDuration=1223073, GpuCompleted=9223372036854775807, SwapBuffersCompleted=751737612992, DisplayPresentTime=0,
02-22 01:25:29.930 I/mpu_uart( 645): [MSG-P:RECV]:No message received in 1000 ms
02-22 01:25:30.261 I/OMX-VENC: venc_dev( 1219): stats: avg. fps 15.97, bitrate 1256872
02-22 01:25:30.315 I/commit_sys_config_file( 1521): [settings-1-0,6]
02-22 01:25:30.447 E/tlogd ( 1273): [TzLogger](isPathReadable) file /sys/kernel/debug/tzdbg/qsee_log isn't exist or no permission, err: No such file or directory
02-22 01:25:30.447 E/tlogd ( 1273): [TzLogger](saveTzlogAsync) /sys/kernel/debug/tzdbg/qsee_log can not read.
02-22 01:25:30.447 E/tlogd ( 1273): [TzLogger](isPathReadable) file /sys/kernel/debug/tzdbg/log isn't exist or no permission, err: No such file or directory
02-22 01:25:30.447 E/tlogd ( 1273): [TzLogger](saveTzlogAsync) /sys/kernel/debug/tzdbg/log can not read.
02-22 01:25:30.526 D/AS.AudioService( 1521): forceVolumeControlStream cb:android.os.BinderProxy@be6f8c8 is already linked.
02-22 01:25:30.527 W/AudioIDCMicroNegotiator( 1521): idcm_warn: idcm control is not enable
02-22 01:25:30.529 D/MicroSettings: VolumeChangeObserver( 2167): onReceive:
02-22 01:25:30.530 D/MicroSettings: VolumeChangeObserver( 2167): onReceive:
02-22 01:25:30.530 D/MicroSettings: VolumeChangeObserver( 2167): onReceive:
02-22 01:25:30.530 D/MicroSettings: VolumeChangeObserver( 2167): onReceive:
02-22 01:25:30.531 D/MicroSettings: VolumeChangeObserver( 2167): onReceive:
02-22 01:25:30.531 D/MicroSettings: VolumeChangeObserver( 2167): onReceive:
02-22 01:25:30.532 D/MicroSettings: VolumeChangeObserver( 2167): onReceive:
02-22 01:25:30.532 I/vol.Events( 1972): writeEvent level_changed STREAM_ALARM 1
02-22 01:25:30.532 D/MicroSettings: VolumeChangeObserver( 2167): onReceive:
02-22 01:25:30.533 I/vol.Events( 1972): writeEvent level_changed STREAM_RING 0
02-22 01:25:30.533 D/MicroSettings: VolumeChangeObserver( 2167): onReceive:
