02-22 01:24:49.810 I/DropBoxManagerService( 1521): add tag=system_server_wtf isTagEnabled=true flags=0x2
02-22 01:24:49.811 I/am_wtf ( 1521): [0,1521,system_server,-1,DisplayDeviceConfig,requesting nits when no mapping exists.]
02-22 01:24:49.818 I/OMX-VENC: venc_dev( 1219): stats: avg. fps 1.98, bitrate 92533
02-22 01:24:49.822 E/DisplayDeviceConfig( 1521): requesting nits when no mapping exists.
02-22 01:24:49.822 I/am_wtf ( 1521): [0,1521,system_server,-1,DisplayDeviceConfig,requesting nits when no mapping exists.]
02-22 01:24:49.822 E/DisplayDeviceConfig( 1521): requesting nits when no mapping exists.
02-22 01:24:49.823 I/am_wtf ( 1521): [0,1521,system_server,-1,DisplayDeviceConfig,requesting nits when no mapping exists.]
02-22 01:24:49.839 E/DisplayDeviceConfig( 1521): requesting nits when no mapping exists.
02-22 01:24:49.840 E/DisplayDeviceConfig( 1521): requesting nits when no mapping exists.
02-22 01:24:49.840 I/am_wtf ( 1521): [0,1521,system_server,-1,DisplayDeviceConfig,requesting nits when no mapping exists.]
02-22 01:24:49.840 I/am_wtf ( 1521): [0,1521,system_server,-1,DisplayDeviceConfig,requesting nits when no mapping exists.]
02-22 01:24:49.856 E/DisplayDeviceConfig( 1521): requesting nits when no mapping exists.
02-22 01:24:49.856 E/DisplayDeviceConfig( 1521): requesting nits when no mapping exists.
02-22 01:24:49.856 I/am_wtf ( 1521): [0,1521,system_server,-1,DisplayDeviceConfig,requesting nits when no mapping exists.]
02-22 01:24:49.857 I/am_wtf ( 1521): [0,1521,system_server,-1,DisplayDeviceConfig,requesting nits when no mapping exists.]
02-22 01:24:49.873 E/DisplayDeviceConfig( 1521): requesting nits when no mapping exists.
02-22 01:24:49.873 E/DisplayDeviceConfig( 1521): requesting nits when no mapping exists.
02-22 01:24:49.873 I/am_wtf ( 1521): [0,1521,system_server,-1,DisplayDeviceConfig,requesting nits when no mapping exists.]
02-22 01:24:49.874 I/am_wtf ( 1521): [0,1521,system_server,-1,DisplayDeviceConfig,requesting nits when no mapping exists.]
02-22 01:24:49.889 E/DisplayDeviceConfig( 1521): requesting nits when no mapping exists.
02-22 01:24:49.889 E/DisplayDeviceConfig( 1521): requesting nits when no mapping exists.
02-22 01:24:49.889 I/am_wtf ( 1521): [0,1521,system_server,-1,DisplayDeviceConfig,requesting nits when no mapping exists.]
02-22 01:24:49.890 I/am_wtf ( 1521): [0,1521,system_server,-1,DisplayDeviceConfig,requesting nits when no mapping exists.]
02-22 01:24:49.906 E/DisplayDeviceConfig( 1521): requesting nits when no mapping exists.
02-22 01:24:49.907 E/DisplayDeviceConfig( 1521): requesting nits when no mapping exists.
02-22 01:24:49.907 I/am_wtf ( 1521): [0,1521,system_server,-1,DisplayDeviceConfig,requesting nits when no mapping exists.]
02-22 01:24:49.908 I/am_wtf ( 1521): [0,1521,system_server,-1,DisplayDeviceConfig,requesting nits when no mapping exists.]
02-22 01:24:49.921 I/mpu_uart( 645): [MSG-P:RECV]:No message received in 1000 ms
02-22 01:24:49.923 E/DisplayDeviceConfig( 1521): requesting nits when no mapping exists.
02-22 01:24:49.924 E/DisplayDeviceConfig( 1521): requesting nits when no mapping exists.
02-22 01:24:49.924 I/am_wtf ( 1521): [0,1521,system_server,-1,DisplayDeviceConfig,requesting nits when no mapping exists.]
02-22 01:24:49.925 I/am_wtf ( 1521): [0,1521,system_server,-1,DisplayDeviceConfig,requesting nits when no mapping exists.]
02-22 01:24:49.939 E/DisplayDeviceConfig( 1521): requesting nits when no mapping exists.
02-22 01:24:49.940 E/DisplayDeviceConfig( 1521): requesting nits when no mapping exists.
02-22 01:24:49.940 I/am_wtf ( 1521): [0,1521,system_server,-1,DisplayDeviceConfig,requesting nits when no mapping exists.]
02-22 01:24:49.940 I/am_wtf ( 1521): [0,1521,system_server,-1,DisplayDeviceConfig,requesting nits when no mapping exists.]
02-22 01:24:49.956 E/DisplayDeviceConfig( 1521): requesting nits when no mapping exists.
02-22 01:24:49.957 E/DisplayDeviceConfig( 1521): requesting nits when no mapping exists.
02-22 01:24:49.957 I/am_wtf ( 1521): [0,1521,system_server,-1,DisplayDeviceConfig,requesting nits when no mapping exists.]
02-22 01:24:49.958 I/am_wtf ( 1521): [0,1521,system_server,-1,DisplayDeviceConfig,requesting nits when no mapping exists.]
02-22 01:24:49.973 E/DisplayDeviceConfig( 1521): requesting nits when no mapping exists.
02-22 01:24:49.974 E/DisplayDeviceConfig( 1521): requesting nits when no mapping exists.
02-22 01:24:49.974 I/am_wtf ( 1521): [0,1521,system_server,-1,DisplayDeviceConfig,requesting nits when no mapping exists.]
02-22 01:24:49.975 I/am_wtf ( 1521): [0,1521,system_server,-1,DisplayDeviceConfig,requesting nits when no mapping exists.]
02-22 01:24:50.008 I/sysui_multi_action( 1972): [757,219,758,4,759,27]
02-22 01:24:50.015 I/commit_sys_config_file( 1521): [display-state,664327]
02-22 01:24:50.016 V/DisplayPowerController[0]( 1521): Brightness [0.26262626] reason changing to: 'manual', previous reason: 'temporary'.
02-22 01:24:50.224 I/commit_sys_config_file( 1521): [settings-1-0,5]
02-22 01:24:50.395 I/mpu_uart( 645): [MSG-P:R]:recv sync frame timeout
02-22 01:24:50.444 E/tlogd ( 1273): [TzLogger](isPathReadable) file /sys/kernel/debug/tzdbg/qsee_log isn't exist or no permission, err: No such file or directory
02-22 01:24:50.444 E/tlogd ( 1273): [TzLogger](saveTzlogAsync) /sys/kernel/debug/tzdbg/qsee_log can not read.
02-22 01:24:50.444 E/tlogd ( 1273): [TzLogger](isPathReadable) file /sys/kernel/debug/tzdbg/log isn't exist or no permission, err: No such file or directory
02-22 01:24:50.444 E/tlogd ( 1273): [TzLogger](saveTzlogAsync) /sys/kernel/debug/tzdbg/log can not read.
02-22 01:24:50.582 W/hpplay-java( 2725): [main]:IPManager:getActiveNets invalid networkInfo:null
02-22 01:24:50.583 I/hpplay-java( 2725): [main]:IPManager:getActiveNets eth0:false wifi:false mobile:false ap:false
02-22 01:24:50.583 I/hpplay-java( 2725): [main]:ServerTaskManager:get local ip:null
02-22 01:24:50.720 I/GameModeConfig( 1521): isGameModeOn = false
02-22 01:24:50.730 D/InterruptionStateProvider( 1972): No bubble up: not allowed to bubble: 0|com.android.systemui|4274|null|10078
02-22 01:24:50.730 D/InterruptionStateProvider( 1972): No bubble up: not allowed to bubble: -1|android|26|null|1000
02-22 01:24:50.730 D/InterruptionStateProvider( 1972): No alerting: filtered notification: 0|com.android.systemui|1|empty_media|10078
02-22 01:24:50.730 D/InterruptionStateProvider( 1972): No bubble up: not allowed to bubble: 0|com.android.systemui|2048|null|10078
02-22 01:24:50.731 D/InterruptionStateProvider( 1972): No bubble up: not allowed to bubble: 0|android|17303299|com.android.wifi|1000
02-22 01:24:50.731 D/InterruptionStateProvider( 1972): No bubble up: not allowed to bubble: -1|android|32|null|1000
02-22 01:24:50.824 V/DisplayPowerController[0]( 1521): Brightness [0.26262626] reason changing to: 'temporary', previous reason: 'manual'.
02-22 01:24:50.825 E/DisplayDeviceConfig( 1521): requesting nits when no mapping exists.
02-22 01:24:50.826 E/DisplayDeviceConfig( 1521): requesting nits when no mapping exists.
02-22 01:24:50.826 I/am_wtf ( 1521): [0,1521,system_server,-1,DisplayDeviceConfig,requesting nits when no mapping exists.]
02-22 01:24:50.827 I/am_wtf ( 1521): [0,1521,system_server,-1,DisplayDeviceConfig,requesting nits when no mapping exists.]
02-22 01:24:50.841 E/DisplayDeviceConfig( 1521): requesting nits when no mapping exists.
02-22 01:24:50.841 E/DisplayDeviceConfig( 1521): requesting nits when no mapping exists.
02-22 01:24:50.841 I/am_wtf ( 1521): [0,1521,system_server,-1,DisplayDeviceConfig,requesting nits when no mapping exists.]
01-01 11:30:37.903 E/DTC_ETH,link_delay_work_func( 0): 3003, SQI=0, link=0
02-22 01:24:50.842 I/service_manager_stats( 1521): [100,57,119195]
02-22 01:24:50.842 I/am_wtf ( 1521): [0,1521,system_server,-1,DisplayDeviceConfig,requesting nits when no mapping exists.]
02-22 01:24:50.860 E/DisplayDeviceConfig( 1521): requesting nits when no mapping exists.
02-22 01:24:50.860 E/DisplayDeviceConfig( 1521): requesting nits when no mapping exists.
02-22 01:24:50.860 I/am_wtf ( 1521): [0,1521,system_server,-1,DisplayDeviceConfig,requesting nits when no mapping exists.]
02-22 01:24:50.862 I/am_wtf ( 1521): [0,1521,system_server,-1,DisplayDeviceConfig,requesting nits when no mapping exists.]
02-22 01:24:50.863 I/OMX-VENC: venc_dev( 1219): stats: avg. fps 17.23, bitrate 821785
02-22 01:24:50.875 E/DisplayDeviceConfig( 1521): requesting nits when no mapping exists.
02-22 01:24:50.875 I/am_wtf ( 1521): [0,1521,system_server,-1,DisplayDeviceConfig,requesting nits when no mapping exists.]
02-22 01:24:50.875 E/DisplayDeviceConfig( 1521): requesting nits when no mapping exists.
02-22 01:24:50.876 I/am_wtf ( 1521): [0,1521,system_server,-1,DisplayDeviceConfig,requesting nits when no mapping exists.]
02-22 01:24:50.887 D/BufferPoolAccessor2.0( 1255): evictor expired: 1, evicted: 0
02-22 01:24:50.889 D/BufferPoolAccessor2.0( 2106): evictor expired: 1, evicted: 0
02-22 01:24:50.892 E/DisplayDeviceConfig( 1521): requesting nits when no mapping exists.
02-22 01:24:50.893 E/DisplayDeviceConfig( 1521): requesting nits when no mapping exists.
02-22 01:24:50.893 I/am_wtf ( 1521): [0,1521,system_server,-1,DisplayDeviceConfig,requesting nits when no mapping exists.]
02-22 01:24:50.894 I/am_wtf ( 1521): [0,1521,system_server,-1,DisplayDeviceConfig,requesting nits when no mapping exists.]
02-22 01:24:50.908 E/DisplayDeviceConfig( 1521): requesting nits when no mapping exists.
02-22 01:24:50.909 E/DisplayDeviceConfig( 1521): requesting nits when no mapping exists.
02-22 01:24:50.909 I/am_wtf ( 1521): [0,1521,system_server,-1,DisplayDeviceConfig,requesting nits when no mapping exists.]
02-22 01:24:50.910 I/am_wtf ( 1521): [0,1521,system_server,-1,DisplayDeviceConfig,requesting nits when no mapping exists.]
02-22 01:24:50.921 I/mpu_uart( 645): [MSG-P:RECV]:No message received in 1000 ms
02-22 01:24:50.926 E/DisplayDeviceConfig( 1521): requesting nits when no mapping exists.
02-22 01:24:50.926 E/DisplayDeviceConfig( 1521): requesting nits when no mapping exists.
02-22 01:24:50.926 I/am_wtf ( 1521): [0,1521,system_server,-1,DisplayDeviceConfig,requesting nits when no mapping exists.]
02-22 01:24:50.927 I/am_wtf ( 1521): [0,1521,system_server,-1,DisplayDeviceConfig,requesting nits when no mapping exists.]
02-22 01:24:50.969 I/sysui_multi_action( 1972): [757,219,758,4,759,81]
02-22 01:24:50.974 I/commit_sys_config_file( 1521): [display-state,665286]
02-22 01:24:50.975 V/DisplayPowerController[0]( 1521): Brightness [0.8080808] reason changing to: 'manual', previous reason: 'temporary'.
02-22 01:24:51.183 I/commit_sys_config_file( 1521): [settings-1-0,5]
02-22 01:24:51.585 W/hpplay-java( 2725): [main]:IPManager:getActiveNets invalid networkInfo:null
02-22 01:24:51.585 I/hpplay-java( 2725): [main]:IPManager:getActiveNets eth0:false wifi:false mobile:false ap:false
02-22 01:24:51.585 I/hpplay-java( 2725): [main]:ServerTaskManager:get local ip:null
02-22 01:24:51.743 V/DisplayPowerController[0]( 1521): Brightness [0.8080808] reason changing to: 'temporary', previous reason: 'manual'.
02-22 01:24:51.745 E/DisplayDeviceConfig( 1521): requesting nits when no mapping exists.
02-22 01:24:51.746 E/DisplayDeviceConfig( 1521): requesting nits when no mapping exists.
02-22 01:24:51.746 I/am_wtf ( 1521): [0,1521,system_server,-1,DisplayDeviceConfig,requesting nits when no mapping exists.]
02-22 01:24:51.747 I/am_wtf ( 1521): [0,1521,system_server,-1,DisplayDeviceConfig,requesting nits when no mapping exists.]
02-22 01:24:51.778 E/DisplayDeviceConfig( 1521): requesting nits when no mapping exists.
02-22 01:24:51.779 E/DisplayDeviceConfig( 1521): requesting nits when no mapping exists.
02-22 01:24:51.779 I/am_wtf ( 1521): [0,1521,system_server,-1,DisplayDeviceConfig,requesting nits when no mapping exists.]
02-22 01:24:51.779 I/am_wtf ( 1521): [0,1521,system_server,-1,DisplayDeviceConfig,requesting nits when no mapping exists.]
02-22 01:24:51.794 E/DisplayDeviceConfig( 1521): requesting nits when no mapping exists.
02-22 01:24:51.794 E/DisplayDeviceConfig( 1521): requesting nits when no mapping exists.
02-22 01:24:51.794 I/am_wtf ( 1521): [0,1521,system_server,-1,DisplayDeviceConfig,requesting nits when no mapping exists.]
02-22 01:24:51.795 I/am_wtf ( 1521): [0,1521,system_server,-1,DisplayDeviceConfig,requesting nits when no mapping exists.]
02-22 01:24:51.811 E/DisplayDeviceConfig( 1521): requesting nits when no mapping exists.
02-22 01:24:51.813 I/am_wtf ( 1521): [0,1521,system_server,-1,DisplayDeviceConfig,requesting nits when no mapping exists.]
02-22 01:24:51.813 E/DisplayDeviceConfig( 1521): requesting nits when no mapping exists.
02-22 01:24:51.814 I/am_wtf ( 1521): [0,1521,system_server,-1,DisplayDeviceConfig,requesting nits when no mapping exists.]
02-22 01:24:51.844 E/DisplayDeviceConfig( 1521): requesting nits when no mapping exists.
02-22 01:24:51.844 E/DisplayDeviceConfig( 1521): requesting nits when no mapping exists.
02-22 01:24:51.845 I/am_wtf ( 1521): [0,1521,system_server,-1,DisplayDeviceConfig,requesting nits when no mapping exists.]
02-22 01:24:51.846 I/am_wtf ( 1521): [0,1521,system_server,-1,DisplayDeviceConfig,requesting nits when no mapping exists.]
02-22 01:24:51.860 E/DisplayDeviceConfig( 1521): requesting nits when no mapping exists.
02-22 01:24:51.861 E/DisplayDeviceConfig( 1521): requesting nits when no mapping exists.
02-22 01:24:51.861 I/am_wtf ( 1521): [0,1521,system_server,-1,DisplayDeviceConfig,requesting nits when no mapping exists.]
02-22 01:24:51.861 I/am_wtf ( 1521): [0,1521,system_server,-1,DisplayDeviceConfig,requesting nits when no mapping exists.]
02-22 01:24:51.877 E/DisplayDeviceConfig( 1521): requesting nits when no mapping exists.
02-22 01:24:51.878 E/DisplayDeviceConfig( 1521): requesting nits when no mapping exists.
02-22 01:24:51.878 I/am_wtf ( 1521): [0,1521,system_server,-1,DisplayDeviceConfig,requesting nits when no mapping exists.]
02-22 01:24:51.879 I/OMX-VENC: venc_dev( 1219): stats: avg. fps 13.78, bitrate 1208266
02-22 01:24:51.879 I/am_wtf ( 1521): [0,1521,system_server,-1,DisplayDeviceConfig,requesting nits when no mapping exists.]
02-22 01:24:51.887 D/BufferPoolAccessor2.0( 1190): evictor expired: 1, evicted: 0
02-22 01:24:51.894 E/DisplayDeviceConfig( 1521): requesting nits when no mapping exists.
02-22 01:24:51.894 E/DisplayDeviceConfig( 1521): requesting nits when no mapping exists.
02-22 01:24:51.894 I/am_wtf ( 1521): [0,1521,system_server,-1,DisplayDeviceConfig,requesting nits when no mapping exists.]
02-22 01:24:51.895 I/am_wtf ( 1521): [0,1521,system_server,-1,DisplayDeviceConfig,requesting nits when no mapping exists.]
02-22 01:24:51.911 E/DisplayDeviceConfig( 1521): requesting nits when no mapping exists.
02-22 01:24:51.911 I/am_wtf ( 1521): [0,1521,system_server,-1,DisplayDeviceConfig,requesting nits when no mapping exists.]
02-22 01:24:51.911 E/DisplayDeviceConfig( 1521): requesting nits when no mapping exists.
02-22 01:24:51.912 I/am_wtf ( 1521): [0,1521,system_server,-1,DisplayDeviceConfig,requesting nits when no mapping exists.]
02-22 01:24:51.921 I/mpu_uart( 645): [MSG-P:RECV]:No message received in 1000 ms
02-22 01:24:51.928 E/DisplayDeviceConfig( 1521): requesting nits when no mapping exists.
02-22 01:24:51.928 E/DisplayDeviceConfig( 1521): requesting nits when no mapping exists.
02-22 01:24:51.928 I/am_wtf ( 1521): [0,1521,system_server,-1,DisplayDeviceConfig,requesting nits when no mapping exists.]
02-22 01:24:51.929 I/am_wtf ( 1521): [0,1521,system_server,-1,DisplayDeviceConfig,requesting nits when no mapping exists.]
02-22 01:24:51.944 E/DisplayDeviceConfig( 1521): requesting nits when no mapping exists.
02-22 01:24:51.944 I/am_wtf ( 1521): [0,1521,system_server,-1,DisplayDeviceConfig,requesting nits when no mapping exists.]
02-22 01:24:51.945 E/DisplayDeviceConfig( 1521): requesting nits when no mapping exists.
02-22 01:24:51.945 I/am_wtf ( 1521): [0,1521,system_server,-1,DisplayDeviceConfig,requesting nits when no mapping exists.]
02-22 01:24:51.961 E/DisplayDeviceConfig( 1521): requesting nits when no mapping exists.
02-22 01:24:51.961 E/DisplayDeviceConfig( 1521): requesting nits when no mapping exists.
02-22 01:24:51.961 I/am_wtf ( 1521): [0,1521,system_server,-1,DisplayDeviceConfig,requesting nits when no mapping exists.]
02-22 01:24:51.962 I/am_wtf ( 1521): [0,1521,system_server,-1,DisplayDeviceConfig,requesting nits when no mapping exists.]
02-22 01:24:51.978 E/DisplayDeviceConfig( 1521): requesting nits when no mapping exists.
02-22 01:24:51.979 I/am_wtf ( 1521): [0,1521,system_server,-1,DisplayDeviceConfig,requesting nits when no mapping exists.]
02-22 01:24:51.979 E/DisplayDeviceConfig( 1521): requesting nits when no mapping exists.
02-22 01:24:51.980 I/am_wtf ( 1521): [0,1521,system_server,-1,DisplayDeviceConfig,requesting nits when no mapping exists.]
02-22 01:24:52.024 I/sysui_multi_action( 1972): [757,219,758,4,759,6]
02-22 01:24:52.029 I/commit_sys_config_file( 1521): [display-state,666341]
02-22 01:24:52.029 V/DisplayPowerController[0]( 1521): Brightness [0.05050505] reason changing to: 'manual', previous reason: 'temporary'.
02-22 01:24:52.237 I/commit_sys_config_file( 1521): [settings-1-0,6]
02-22 01:24:52.588 W/hpplay-java( 2725): [main]:IPManager:getActiveNets invalid networkInfo:null
02-22 01:24:52.588 I/hpplay-java( 2725): [main]:IPManager:getActiveNets eth0:false wifi:false mobile:false ap:false
02-22 01:24:52.588 I/hpplay-java( 2725): [main]:ServerTaskManager:get local ip:null
02-22 01:24:52.781 V/DisplayPowerController[0]( 1521): Brightness [0.05050505] reason changing to: 'temporary', previous reason: 'manual'.
02-22 01:24:52.782 E/DisplayDeviceConfig( 1521): requesting nits when no mapping exists.
02-22 01:24:52.783 E/DisplayDeviceConfig( 1521): requesting nits when no mapping exists.
02-22 01:24:52.783 I/am_wtf ( 1521): [0,1521,system_server,-1,DisplayDeviceConfig,requesting nits when no mapping exists.]
02-22 01:24:52.784 I/am_wtf ( 1521): [0,1521,system_server,-1,DisplayDeviceConfig,requesting nits when no mapping exists.]
02-22 01:24:52.797 E/DisplayDeviceConfig( 1521): requesting nits when no mapping exists.
02-22 01:24:52.797 E/DisplayDeviceConfig( 1521): requesting nits when no mapping exists.
02-22 01:24:52.797 I/am_wtf ( 1521): [0,1521,system_server,-1,DisplayDeviceConfig,requesting nits when no mapping exists.]
02-22 01:24:52.798 I/am_wtf ( 1521): [0,1521,system_server,-1,DisplayDeviceConfig,requesting nits when no mapping exists.]
02-22 01:24:52.812 E/DisplayDeviceConfig( 1521): requesting nits when no mapping exists.
02-22 01:24:52.813 E/DisplayDeviceConfig( 1521): requesting nits when no mapping exists.
02-22 01:24:52.813 I/am_wtf ( 1521): [0,1521,system_server,-1,DisplayDeviceConfig,requesting nits when no mapping exists.]
02-22 01:24:52.813 I/am_wtf ( 1521): [0,1521,system_server,-1,DisplayDeviceConfig,requesting nits when no mapping exists.]
02-22 01:24:52.829 E/DisplayDeviceConfig( 1521): requesting nits when no mapping exists.
02-22 01:24:52.830 E/DisplayDeviceConfig( 1521): requesting nits when no mapping exists.
02-22 01:24:52.830 I/am_wtf ( 1521): [0,1521,system_server,-1,DisplayDeviceConfig,requesting nits when no mapping exists.]
02-22 01:24:52.831 I/am_wtf ( 1521): [0,1521,system_server,-1,DisplayDeviceConfig,requesting nits when no mapping exists.]
02-22 01:24:52.846 E/DisplayDeviceConfig( 1521): requesting nits when no mapping exists.
02-22 01:24:52.846 E/DisplayDeviceConfig( 1521): requesting nits when no mapping exists.
02-22 01:24:52.846 I/am_wtf ( 1521): [0,1521,system_server,-1,DisplayDeviceConfig,requesting nits when no mapping exists.]
02-22 01:24:52.847 I/am_wtf ( 1521): [0,1521,system_server,-1,DisplayDeviceConfig,requesting nits when no mapping exists.]
02-22 01:24:52.863 E/DisplayDeviceConfig( 1521): requesting nits when no mapping exists.
02-22 01:24:52.864 E/DisplayDeviceConfig( 1521): requesting nits when no mapping exists.
02-22 01:24:52.864 I/am_wtf ( 1521): [0,1521,system_server,-1,DisplayDeviceConfig,requesting nits when no mapping exists.]
02-22 01:24:52.864 I/am_wtf ( 1521): [0,1521,system_server,-1,DisplayDeviceConfig,requesting nits when no mapping exists.]
02-22 01:24:52.879 I/OMX-VENC: venc_dev( 1219): stats: avg. fps 17.00, bitrate 715310
02-22 01:24:52.880 E/DisplayDeviceConfig( 1521): requesting nits when no mapping exists.
02-22 01:24:52.881 E/DisplayDeviceConfig( 1521): requesting nits when no mapping exists.
02-22 01:24:52.881 I/am_wtf ( 1521): [0,1521,system_server,-1,DisplayDeviceConfig,requesting nits when no mapping exists.]
02-22 01:24:52.881 I/am_wtf ( 1521): [0,1521,system_server,-1,DisplayDeviceConfig,requesting nits when no mapping exists.]
02-22 01:24:52.887 D/BufferPoolAccessor2.0( 1190): bufferpool2 0xf2e02788 : 0(0 size) total buffers - 0(0 size) used buffers - 38/46 (recycle/alloc) - 8/90 (fetch/transfer)
02-22 01:24:52.887 D/BufferPoolAccessor2.0( 1190): evictor expired: 1, evicted: 1
02-22 01:24:52.888 D/BufferPoolAccessor2.0( 1255): bufferpool2 0xb4000076faf0f498 : 0(0 size) total buffers - 0(0 size) used buffers - 40/43 (recycle/alloc) - 3/42 (fetch/transfer)
02-22 01:24:52.888 D/BufferPoolAccessor2.0( 1255): evictor expired: 1, evicted: 1
02-22 01:24:52.897 E/DisplayDeviceConfig( 1521): requesting nits when no mapping exists.
02-22 01:24:52.897 E/DisplayDeviceConfig( 1521): requesting nits when no mapping exists.
02-22 01:24:52.898 I/am_wtf ( 1521): [0,1521,system_server,-1,DisplayDeviceConfig,requesting nits when no mapping exists.]
02-22 01:24:52.898 I/am_wtf ( 1521): [0,1521,system_server,-1,DisplayDeviceConfig,requesting nits when no mapping exists.]
02-22 01:24:52.921 I/mpu_uart( 645): [MSG-P:RECV]:No message received in 1000 ms
02-22 01:24:52.945 I/sysui_multi_action( 1972): [757,219,758,4,759,81]
02-22 01:24:52.949 I/commit_sys_config_file( 1521): [display-state,667262]
02-22 01:24:52.950 V/DisplayPowerController[0]( 1521): Brightness [0.8080808] reason changing to: 'manual', previous reason: 'temporary'.
02-22 01:24:53.156 I/commit_sys_config_file( 1521): [settings-1-0,4]
02-22 01:24:53.398 I/mpu_uart( 645): [MSG-P:R]:recv sync frame timeout
02-22 01:24:53.497 V/DisplayPowerController[0]( 1521): Brightness [0.8080808] reason changing to: 'temporary', previous reason: 'manual'.
02-22 01:24:53.499 E/DisplayDeviceConfig( 1521): requesting nits when no mapping exists.
02-22 01:24:53.499 E/DisplayDeviceConfig( 1521): requesting nits when no mapping exists.
02-22 01:24:53.500 I/am_wtf ( 1521): [0,1521,system_server,-1,DisplayDeviceConfig,requesting nits when no mapping exists.]
02-22 01:24:53.500 I/am_wtf ( 1521): [0,1521,system_server,-1,DisplayDeviceConfig,requesting nits when no mapping exists.]
02-22 01:24:53.514 E/DisplayDeviceConfig( 1521): requesting nits when no mapping exists.
02-22 01:24:53.515 E/DisplayDeviceConfig( 1521): requesting nits when no mapping exists.
02-22 01:24:53.515 I/am_wtf ( 1521): [0,1521,system_server,-1,DisplayDeviceConfig,requesting nits when no mapping exists.]
02-22 01:24:53.515 I/am_wtf ( 1521): [0,1521,system_server,-1,DisplayDeviceConfig,requesting nits when no mapping exists.]
02-22 01:24:53.532 E/DisplayDeviceConfig( 1521): requesting nits when no mapping exists.
02-22 01:24:53.532 E/DisplayDeviceConfig( 1521): requesting nits when no mapping exists.
02-22 01:24:53.532 I/am_wtf ( 1521): [0,1521,system_server,-1,DisplayDeviceConfig,requesting nits when no mapping exists.]
02-22 01:24:53.534 I/am_wtf ( 1521): [0,1521,system_server,-1,DisplayDeviceConfig,requesting nits when no mapping exists.]
02-22 01:24:53.548 E/DisplayDeviceConfig( 1521): requesting nits when no mapping exists.
02-22 01:24:53.548 E/DisplayDeviceConfig( 1521): requesting nits when no mapping exists.
02-22 01:24:53.548 I/am_wtf ( 1521): [0,1521,system_server,-1,DisplayDeviceConfig,requesting nits when no mapping exists.]
02-22 01:24:53.549 I/am_wtf ( 1521): [0,1521,system_server,-1,DisplayDeviceConfig,requesting nits when no mapping exists.]
02-22 01:24:53.565 E/DisplayDeviceConfig( 1521): requesting nits when no mapping exists.
02-22 01:24:53.565 E/DisplayDeviceConfig( 1521): requesting nits when no mapping exists.
02-22 01:24:53.565 I/am_wtf ( 1521): [0,1521,system_server,-1,DisplayDeviceConfig,requesting nits when no mapping exists.]
02-22 01:24:53.566 I/am_wtf ( 1521): [0,1521,system_server,-1,DisplayDeviceConfig,requesting nits when no mapping exists.]
02-22 01:24:53.582 E/DisplayDeviceConfig( 1521): requesting nits when no mapping exists.
02-22 01:24:53.582 E/DisplayDeviceConfig( 1521): requesting nits when no mapping exists.
02-22 01:24:53.582 I/am_wtf ( 1521): [0,1521,system_server,-1,DisplayDeviceConfig,requesting nits when no mapping exists.]
02-22 01:24:53.583 I/am_wtf ( 1521): [0,1521,system_server,-1,DisplayDeviceConfig,requesting nits when no mapping exists.]
02-22 01:24:53.590 W/hpplay-java( 2725): [main]:IPManager:getActiveNets invalid networkInfo:null
02-22 01:24:53.590 I/hpplay-java( 2725): [main]:IPManager:getActiveNets eth0:false wifi:false mobile:false ap:false
02-22 01:24:53.590 I/hpplay-java( 2725): [main]:ServerTaskManager:get local ip:null
02-22 01:24:53.598 E/DisplayDeviceConfig( 1521): requesting nits when no mapping exists.
02-22 01:24:53.599 E/DisplayDeviceConfig( 1521): requesting nits when no mapping exists.
02-22 01:24:53.599 I/am_wtf ( 1521): [0,1521,system_server,-1,DisplayDeviceConfig,requesting nits when no mapping exists.]
02-22 01:24:53.599 I/am_wtf ( 1521): [0,1521,system_server,-1,DisplayDeviceConfig,requesting nits when no mapping exists.]
02-22 01:24:53.615 E/DisplayDeviceConfig( 1521): requesting nits when no mapping exists.
02-22 01:24:53.615 I/am_wtf ( 1521): [0,1521,system_server,-1,DisplayDeviceConfig,requesting nits when no mapping exists.]
02-22 01:24:53.615 E/DisplayDeviceConfig( 1521): requesting nits when no mapping exists.
02-22 01:24:53.616 I/am_wtf ( 1521): [0,1521,system_server,-1,DisplayDeviceConfig,requesting nits when no mapping exists.]
02-22 01:24:53.632 E/DisplayDeviceConfig( 1521): requesting nits when no mapping exists.
02-22 01:24:53.632 E/DisplayDeviceConfig( 1521): requesting nits when no mapping exists.
02-22 01:24:53.632 I/am_wtf ( 1521): [0,1521,system_server,-1,DisplayDeviceConfig,requesting nits when no mapping exists.]
02-22 01:24:53.633 I/am_wtf ( 1521): [0,1521,system_server,-1,DisplayDeviceConfig,requesting nits when no mapping exists.]
02-22 01:24:53.648 E/DisplayDeviceConfig( 1521): requesting nits when no mapping exists.
02-22 01:24:53.649 E/DisplayDeviceConfig( 1521): requesting nits when no mapping exists.
02-22 01:24:53.649 I/am_wtf ( 1521): [0,1521,system_server,-1,DisplayDeviceConfig,requesting nits when no mapping exists.]
02-22 01:24:53.650 I/am_wtf ( 1521): [0,1521,system_server,-1,DisplayDeviceConfig,requesting nits when no mapping exists.]
02-22 01:24:53.722 I/sysui_multi_action( 1972): [757,219,758,4,759,1]
02-22 01:24:53.726 I/commit_sys_config_file( 1521): [display-state,668039]
02-22 01:24:53.727 V/DisplayPowerController[0]( 1521): Brightness [0.0] reason changing to: 'manual', previous reason: 'temporary'.
02-22 01:24:53.921 I/mpu_uart( 645): [MSG-P:RECV]:No message received in 1000 ms
02-22 01:24:53.935 I/commit_sys_config_file( 1521): [settings-1-0,6]
02-22 01:24:54.209 I/OMX-VENC: venc_dev( 1219): stats: avg. fps 15.04, bitrate 630109
02-22 01:24:54.592 W/hpplay-java( 2725): [main]:IPManager:getActiveNets invalid networkInfo:null
02-22 01:24:54.592 I/hpplay-java( 2725): [main]:IPManager:getActiveNets eth0:false wifi:false mobile:false ap:false
02-22 01:24:54.592 I/hpplay-java( 2725): [main]:ServerTaskManager:get local ip:null
02-22 01:24:54.754 D/RemoteControlService( 2315): startVlanDispatchThread
02-22 01:24:54.922 I/mpu_uart( 645): [MSG-P:RECV]:No message received in 1000 ms
02-22 01:24:54.978 I/commit_sys_config_file( 1521): [appops,697269]
02-22 01:24:55.210 I/OMX-VENC: venc_dev( 1219): stats: avg. fps 3.99, bitrate 164867
02-22 01:24:55.326 I/GameModeConfig( 1521): isGameModeOn = false
02-22 01:24:55.444 E/tlogd ( 1273): [TzLogger](isPathReadable) file /sys/kernel/debug/tzdbg/qsee_log isn't exist or no permission, err: No such file or directory
02-22 01:24:55.445 E/tlogd ( 1273): [TzLogger](saveTzlogAsync) /sys/kernel/debug/tzdbg/qsee_log can not read.
02-22 01:24:55.445 E/tlogd ( 1273): [TzLogger](isPathReadable) file /sys/kernel/debug/tzdbg/log isn't exist or no permission, err: No such file or directory
02-22 01:24:55.445 E/tlogd ( 1273): [TzLogger](saveTzlogAsync) /sys/kernel/debug/tzdbg/log can not read.
02-22 01:24:55.502 V/DisplayPowerController[0]( 1521): Brightness [0.0] reason changing to: 'temporary', previous reason: 'manual'.
02-22 01:24:55.504 E/DisplayDeviceConfig( 1521): requesting nits when no mapping exists.
02-22 01:24:55.504 E/DisplayDeviceConfig( 1521): requesting nits when no mapping exists.
02-22 01:24:55.504 I/am_wtf ( 1521): [0,1521,system_server,-1,DisplayDeviceConfig,requesting nits when no mapping exists.]
02-22 01:24:55.505 I/DropBoxManagerService( 1521): add tag=system_server_wtf isTagEnabled=true flags=0x2
02-22 01:24:55.506 I/am_wtf ( 1521): [0,1521,system_server,-1,DisplayDeviceConfig,requesting nits when no mapping exists.]
02-22 01:24:55.507 I/DropBoxManagerService( 1521): add tag=system_server_wtf isTagEnabled=true flags=0x2
02-22 01:24:55.520 E/DisplayDeviceConfig( 1521): requesting nits when no mapping exists.
02-22 01:24:55.520 E/DisplayDeviceConfig( 1521): requesting nits when no mapping exists.
02-22 01:24:55.520 I/am_wtf ( 1521): [0,1521,system_server,-1,DisplayDeviceConfig,requesting nits when no mapping exists.]
02-22 01:24:55.521 I/DropBoxManagerService( 1521): add tag=system_server_wtf isTagEnabled=true flags=0x2
02-22 01:24:55.522 I/am_wtf ( 1521): [0,1521,system_server,-1,DisplayDeviceConfig,requesting nits when no mapping exists.]
02-22 01:24:55.523 I/DropBoxManagerService( 1521): add tag=system_server_wtf isTagEnabled=true flags=0x2
02-22 01:24:55.538 E/DisplayDeviceConfig( 1521): requesting nits when no mapping exists.
02-22 01:24:55.539 E/DisplayDeviceConfig( 1521): requesting nits when no mapping exists.
02-22 01:24:55.539 I/am_wtf ( 1521): [0,1521,system_server,-1,DisplayDeviceConfig,requesting nits when no mapping exists.]
02-22 01:24:55.541 I/DropBoxManagerService( 1521): add tag=system_server_wtf isTagEnabled=true flags=0x2
02-22 01:24:55.541 I/am_wtf ( 1521): [0,1521,system_server,-1,DisplayDeviceConfig,requesting nits when no mapping exists.]
02-22 01:24:55.554 E/DisplayDeviceConfig( 1521): requesting nits when no mapping exists.
02-22 01:24:55.554 E/DisplayDeviceConfig( 1521): requesting nits when no mapping exists.
02-22 01:24:55.555 I/am_wtf ( 1521): [0,1521,system_server,-1,DisplayDeviceConfig,requesting nits when no mapping exists.]
02-22 01:24:55.558 I/am_wtf ( 1521): [0,1521,system_server,-1,DisplayDeviceConfig,requesting nits when no mapping exists.]
02-22 01:24:55.569 E/DisplayDeviceConfig( 1521): requesting nits when no mapping exists.
02-22 01:24:55.570 I/am_wtf ( 1521): [0,1521,system_server,-1,DisplayDeviceConfig,requesting nits when no mapping exists.]
02-22 01:24:55.570 E/DisplayDeviceConfig( 1521): requesting nits when no mapping exists.
02-22 01:24:55.570 I/am_wtf ( 1521): [0,1521,system_server,-1,DisplayDeviceConfig,requesting nits when no mapping exists.]
02-22 01:24:55.586 E/DisplayDeviceConfig( 1521): requesting nits when no mapping exists.
02-22 01:24:55.587 I/am_wtf ( 1521): [0,1521,system_server,-1,DisplayDeviceConfig,requesting nits when no mapping exists.]
02-22 01:24:55.587 E/DisplayDeviceConfig( 1521): requesting nits when no mapping exists.
02-22 01:24:55.588 I/am_wtf ( 1521): [0,1521,system_server,-1,DisplayDeviceConfig,requesting nits when no mapping exists.]
02-22 01:24:55.594 W/hpplay-java( 2725): [main]:IPManager:getActiveNets invalid networkInfo:null
02-22 01:24:55.594 I/hpplay-java( 2725): [main]:IPManager:getActiveNets eth0:false wifi:false mobile:false ap:false
02-22 01:24:55.594 I/hpplay-java( 2725): [main]:ServerTaskManager:get local ip:null
02-22 01:24:55.603 E/DisplayDeviceConfig( 1521): requesting nits when no mapping exists.
02-22 01:24:55.603 E/DisplayDeviceConfig( 1521): requesting nits when no mapping exists.
02-22 01:24:55.603 I/am_wtf ( 1521): [0,1521,system_server,-1,DisplayDeviceConfig,requesting nits when no mapping exists.]
02-22 01:24:55.604 I/am_wtf ( 1521): [0,1521,system_server,-1,DisplayDeviceConfig,requesting nits when no mapping exists.]
02-22 01:24:55.620 E/DisplayDeviceConfig( 1521): requesting nits when no mapping exists.
02-22 01:24:55.620 E/DisplayDeviceConfig( 1521): requesting nits when no mapping exists.
02-22 01:24:55.620 I/am_wtf ( 1521): [0,1521,system_server,-1,DisplayDeviceConfig,requesting nits when no mapping exists.]
02-22 01:24:55.621 I/am_wtf ( 1521): [0,1521,system_server,-1,DisplayDeviceConfig,requesting nits when no mapping exists.]
02-22 01:24:55.636 E/DisplayDeviceConfig( 1521): requesting nits when no mapping exists.
02-22 01:24:55.637 E/DisplayDeviceConfig( 1521): requesting nits when no mapping exists.
02-22 01:24:55.637 I/am_wtf ( 1521): [0,1521,system_server,-1,DisplayDeviceConfig,requesting nits when no mapping exists.]
02-22 01:24:55.637 I/am_wtf ( 1521): [0,1521,system_server,-1,DisplayDeviceConfig,requesting nits when no mapping exists.]
02-22 01:24:55.653 E/DisplayDeviceConfig( 1521): requesting nits when no mapping exists.
02-22 01:24:55.654 E/DisplayDeviceConfig( 1521): requesting nits when no mapping exists.
02-22 01:24:55.654 I/am_wtf ( 1521): [0,1521,system_server,-1,DisplayDeviceConfig,requesting nits when no mapping exists.]
02-22 01:24:55.655 I/am_wtf ( 1521): [0,1521,system_server,-1,DisplayDeviceConfig,requesting nits when no mapping exists.]
02-22 01:24:55.670 E/DisplayDeviceConfig( 1521): requesting nits when no mapping exists.
02-22 01:24:55.670 E/DisplayDeviceConfig( 1521): requesting nits when no mapping exists.
02-22 01:24:55.670 I/am_wtf ( 1521): [0,1521,system_server,-1,DisplayDeviceConfig,requesting nits when no mapping exists.]
02-22 01:24:55.672 I/am_wtf ( 1521): [0,1521,system_server,-1,DisplayDeviceConfig,requesting nits when no mapping exists.]
02-22 01:24:55.706 I/sysui_multi_action( 1972): [757,219,758,4,759,100]
02-22 01:24:55.712 I/commit_sys_config_file( 1521): [display-state,670024]
02-22 01:24:55.712 V/DisplayPowerController[0]( 1521): Brightness [1.0] reason changing to: 'manual', previous reason: 'temporary'.
02-22 01:24:55.920 I/commit_sys_config_file( 1521): [settings-1-0,5]
02-22 01:24:55.922 I/mpu_uart( 645): [MSG-P:RECV]:No message received in 1000 ms
02-22 01:24:55.958 E/audio_hw_primary( 799): out_write: error -5, cannot write stream data: I/O error
02-22 01:24:55.958 D/audio_hw_primary( 799): out_standby: enter: stream (0xe41821a0) usecase(1: low-latency-playback)
01-01 11:30:43.023 E/DTC_ETH,link_delay_work_func( 0): 3003, SQI=0, link=0
01-01 11:30:43.223 E/msm_pcm_playback_close( 0): CMD_EOS failed, cmd_pending 0x8
01-01 11:30:43.230 I/afe_close( 0): port_id = 0x9000
02-22 01:24:56.172 D/audio_hw_primary( 799): disable_audio_route: reset and update mixer path: low-latency-playback
02-22 01:24:56.174 E/soundtrigger( 799): audio_extn_sound_trigger_update_stream_status: invalid input device 0x0, for event 2
02-22 01:24:56.174 D/soundtrigger( 799): audio_extn_sound_trigger_update_stream_status: uc_info->id 1 of type 0 for Event 2, with Raise=0
02-22 01:24:56.174 D/msm8974_platform( 799): platform_split_snd_device: snd_device(2) num devices(0) new_snd_devices(0)
02-22 01:24:56.174 I/msm8974_platform( 799): platform_get_custom_mtmx_params: no matching param with id 0 ip_ch 2 op_ch 2 uc_id 1 snd_dev 2
02-22 01:24:56.174 D/hardware_info( 799): hw_info_append_hw_type : device_name = speaker
02-22 01:24:56.174 D/audio_hw_primary( 799): disable_snd_device: snd_device(2: speaker)
02-22 01:24:56.174 D/msm8974_platform( 799): platform_split_snd_device: snd_device(2) num devices(0) new_snd_devices(0)
02-22 01:24:56.174 I/soundtrigger( 799): audio_extn_sound_trigger_update_device_status: device 0x2 of type 0 for Event 0, with Raise=0
02-22 01:24:56.174 D/audio_hw_primary( 799): out_standby: exit
02-22 01:24:56.178 D/audio_hw_primary( 799): start_output_stream: enter: stream(0xe41821a0)usecase(1: low-latency-playback) devices(0x2) is_haptic_usecase(0)
02-22 01:24:56.179 D/audio_hw_primary( 799): select_devices for use case (low-latency-playback)
02-22 01:24:56.179 I/msm8974_platform( 799): platform_check_and_set_codec_backend_cfg:becf: afe: bitwidth 16, samplerate 48000 channels 2, backend_idx 0 usecase = 1 device (speaker)
02-22 01:24:56.179 D/msm8974_platform( 799): platform_split_snd_device: snd_device(2) num devices(1) new_snd_devices(0)
02-22 01:24:56.179 I/msm8974_platform( 799): platform_check_and_set_codec_backend_cfg: new_snd_devices[0] is 2
02-22 01:24:56.179 I/msm8974_platform( 799): platform_check_codec_backend_cfg:becf: afe: bitwidth 16, samplerate 48000 channels 2, backend_idx 0 usecase = 1 device (speaker)
02-22 01:24:56.181 D/audio_hw_extn( 799): audio_extn_enable_hifi_filter: mixer_value set 0
02-22 01:24:56.181 D/msm8974_platform( 799): platform_check_codec_backend_cfg:becf: updated afe: bitwidth 16, samplerate 48000 channels 2,backend_idx 0 usecase = 1 device (speaker)
02-22 01:24:56.181 D/msm8974_platform( 799): platform_check_codec_backend_cfg:becf: afe: playback on codec device not supporting native playback set default Sample Rate(48k)
02-22 01:24:56.181 I/msm8974_platform( 799): platform_check_codec_backend_cfg:becf: afe: Codec selected backend: 0 updated bit width: 16 and sample rate: 48000
02-22 01:24:56.181 D/audio_hw_primary( 799): check_usecases_codec_backend:becf: force routing 0
02-22 01:24:56.181 E/msm8974_platform( 799): platform_check_backends_match: Invalid snd_device =
02-22 01:24:56.181 D/audio_hw_primary( 799): check_usecases_codec_backend:becf: (78) check_usecases curr device: speaker, usecase device: backends match 0
02-22 01:24:56.181 D/audio_hw_primary( 799): check_usecases_codec_backend:becf: check_usecases num.of Usecases to switch 0
02-22 01:24:56.181 D/hardware_info( 799): hw_info_append_hw_type : device_name = speaker
02-22 01:24:56.181 D/msm8974_platform( 799): platform_split_snd_device: snd_device(2) num devices(0) new_snd_devices(0)
02-22 01:24:56.181 D/audio_hw_primary( 799): enable_snd_device: snd_device(2: speaker)
02-22 01:24:56.181 D/msm8974_platform( 799): platform_get_island_cfg_on_device:island cfg status on snd_device = (speaker 0)
02-22 01:24:56.181 I/soundtrigger( 799): audio_extn_sound_trigger_update_device_status: device 0x2 of type 0 for Event 1, with Raise=0
02-22 01:24:56.181 D/audio_route( 799): Apply path: speaker
02-22 01:24:56.181 I/audio_hw_utils( 799): audio_extn_utils_update_stream_output_app_type_cfg Allowing 24 and above bits playback on speaker ONLY at default sampling rate
02-22 01:24:56.181 E/soundtrigger( 799): audio_extn_sound_trigger_update_stream_status: invalid input device 0x0, for event 3
02-22 01:24:56.181 D/soundtrigger( 799): audio_extn_sound_trigger_update_stream_status: uc_info->id 1 of type 0 for Event 3, with Raise=0
02-22 01:24:56.181 D/audio_hw_utils( 799): audio_extn_utils_send_app_type_cfg: usecase->out_snd_device speaker
02-22 01:24:56.181 D/msm8974_platform( 799): platform_split_snd_device: snd_device(2) num devices(0) new_snd_devices(0)
02-22 01:24:56.181 D/audio_hw_utils( 799): audio_extn_btsco_get_sample_rate:Not a BT SCO device, need not update sampling rate
02-22 01:24:56.181 I/audio_hw_utils( 799): send_app_type_cfg_for_device PLAYBACK app_type 69937, acdb_dev_id 15, sample_rate 48000, snd_device_be_idx 179
02-22 01:24:56.182 D/msm8974_platform( 799): platform_split_snd_device: snd_device(2) num devices(1) new_snd_devices(0)
02-22 01:24:56.182 D/audio_hw_utils( 799): audio_extn_btsco_get_sample_rate:Not a BT SCO device, need not update sampling rate
02-22 01:24:56.182 D/ACDB-LOADER( 799): ACDB -> send_audio_cal, acdb_id = 15, path = 0, app id = 0x11131, sample rate = 48000, afe_sample_rate = 48000
02-22 01:24:56.182 D/ACDB-LOADER( 799): ACDB -> send_asm_topology
02-22 01:24:56.182 D/ACDB-LOADER( 799): ACDB -> ACDB_CMD_GET_AUDPROC_STREAM_TOPOLOGY_ID
02-22 01:24:56.182 D/ACDB-LOADER( 799): ACDB -> send_adm_topology
02-22 01:24:56.182 D/ACDB-LOADER( 799): ACDB -> ACDB_CMD_GET_AUDPROC_COMMON_TOPOLOGY_ID
02-22 01:24:56.182 D/ACDB-LOADER( 799): ACDB -> send_audtable
02-22 01:24:56.182 D/ACDB-LOADER( 799): ACDB -> ACDB_CMD_GET_AUDPROC_INSTANCE_COMMON_TABLE_SIZE
02-22 01:24:56.182 D/ACDB-LOADER( 799): ACDB -> ACDB_CMD_GET_AUDPROC_INSTANCE_COMMON_TABLE
02-22 01:24:56.182 D/ACDB-LOADER( 799): ACDB -> AUDIO_SET_AUDPROC_CAL cal_type[11] acdb_id[15] app_type[69937]
02-22 01:24:56.182 D/ACDB-LOADER( 799): ACDB -> send_audvoltable
02-22 01:24:56.182 D/ACDB-LOADER( 799): ACDB -> ACDB_CMD_GET_AUDPROC_INSTANCE_GAIN_DEP_STEP_TABLE_SIZE
02-22 01:24:56.182 D/ACDB-LOADER( 799): ACDB -> ACDB_CMD_GET_AUDPROC_INSTANCE_GAIN_DEP_STEP_TABLE, vol index 0
02-22 01:24:56.182 D/ACDB-LOADER( 799): ACDB -> AUDIO_SET_VOL_CAL cal type = 12
02-22 01:24:56.182 D/ACDB-LOADER( 799): ACDB -> ACDB_CMD_GET_AUDPROC_INSTANCE_STREAM_TABLE_SIZE
02-22 01:24:56.182 D/ACDB-LOADER( 799): ACDB -> send_audstrmtable
02-22 01:24:56.182 D/ACDB-LOADER( 799): ACDB -> ACDB_CMD_GET_AUDPROC_INSTANCE_STREAM_TABLE
02-22 01:24:56.182 D/ACDB-LOADER( 799): ACDB -> audstrm_cal->cal_type.cal_data.cal_size = 20
02-22 01:24:56.182 D/ACDB-LOADER( 799): ACDB -> send_afe_topology
02-22 01:24:56.182 D/ACDB-LOADER( 799): ACDB -> ACDB_CMD_GET_AFE_TOPOLOGY_ID
02-22 01:24:56.182 D/ACDB-LOADER( 799): ACDB -> GET_AFE_TOPOLOGY_ID for adcd_id 15, Topology Id 112fc
02-22 01:24:56.182 D/ACDB-LOADER( 799): ACDB -> send_afe_cal
02-22 01:24:56.182 D/ACDB-LOADER( 799): ACDB -> ACDB_CMD_GET_AFE_INSTANCE_COMMON_TABLE_SIZE
02-22 01:24:56.182 D/android.hardware.audio.service( 799): Failed to fetch the lookup information of the device 0000000F
02-22 01:24:56.182 D/ACDB-LOADER( 799): Error: ACDB_CMD_GET_AFE_INSTANCE_COMMON_TABLE_SIZE Returned = -19
02-22 01:24:56.182 D/ACDB-LOADER( 799): ACDB -> ACDB_CMD_GET_AFE_INSTANCE_COMMON_TABLE
02-22 01:24:56.182 D/android.hardware.audio.service( 799): Failed to fetch the lookup information of the device 0000000F
02-22 01:24:56.182 D/ACDB-LOADER( 799): Error: ACDB AFE returned = -19
02-22 01:24:56.182 D/ACDB-LOADER( 799): ACDB -> AUDIO_SET_AFE_CAL cal_type[16] acdb_id[15]
02-22 01:24:56.182 D/ACDB-LOADER( 799): ACDB -> send_hw_delay : acdb_id = 15 path = 0
02-22 01:24:56.182 D/ACDB-LOADER( 799): ACDB -> ACDB_AVSYNC_INFO: ACDB_CMD_GET_DEVICE_PROPERTY
02-22 01:24:56.182 D/msm8974_platform( 799): platform_split_snd_device: snd_device(2) num devices(0) new_snd_devices(0)
02-22 01:24:56.182 I/msm8974_platform( 799): platform_get_custom_mtmx_params: no matching param with id 0 ip_ch 2 op_ch 2 uc_id 1 snd_dev 2
02-22 01:24:56.182 D/audio_hw_primary( 799): enable_audio_route: apply mixer and update path: low-latency-playback
02-22 01:24:56.182 D/audio_route( 799): Apply path: low-latency-playback
02-22 01:24:56.183 D/audio_hw_primary( 799): select_devices: done
01-01 11:30:43.251 I/afe_find_cal_topo_id_by_port( 0): port id: 0x9000, dev_acdb_id: 0
01-01 11:30:43.251 I/afe_find_cal_topo_id_by_port( 0): top_id:112fc acdb_id:15 afe_port:0x9000
01-01 11:30:43.251 I/afe_get_cal_topology_id( 0): port_id = 0x9000 acdb_id = 15 topology_id = 0x112fc cal_type_index=8 ret=0
01-01 11:30:43.252 I/afe_send_port_topology_id( 0): AFE set topology id 0x112fc enable for port 0x9000 ret 0
01-01 11:30:43.252 I/send_afe_cal_type( 0): cal_index is 0
01-01 11:30:43.252 I/send_afe_cal_type( 0): dev_acdb_id[55] is 0
01-01 11:30:43.252 I/send_afe_cal_type( 0): Sending cal_index cal 0
01-01 11:30:43.252 E/send_afe_cal_type( 0): No cal sent for cal_index 0, port_id = 0x9000! ret -22
01-01 11:30:43.252 I/afe_send_hw_delay( 0): port_id 0x9000 rate 48000 delay_usec 474 status 0
02-22 01:24:56.209 D/msm8974_platform( 799): platform_set_channel_map mixer_ctl_name:Playback Channel Map9
02-22 01:24:56.210 D/msm8974_platform( 799): platform_set_channel_map: set mapping(1 2 0 0 0 0 0 0) for channel:2
02-22 01:24:56.211 D/audio_hw_primary( 799): start_output_stream: exit
02-22 01:24:56.402 I/mpu_uart( 645): [MSG-P:R]:recv sync frame timeout
02-22 01:24:56.596 W/hpplay-java( 2725): [main]:IPManager:getActiveNets invalid networkInfo:null
02-22 01:24:56.596 I/hpplay-java( 2725): [main]:IPManager:getActiveNets eth0:false wifi:false mobile:false ap:false
02-22 01:24:56.596 I/hpplay-java( 2725): [main]:ServerTaskManager:get local ip:null
02-22 01:24:56.810 I/OpenGLRenderer( 1972): Davey! duration=9223371318250ms; Flags=0, FrameTimelineVsyncId=16988, IntendedVsync=718604272472, Vsync=718604272472, InputEventId=0, HandleInputStart=718605024047, AnimationStart=718605028370, PerformTraversalsStart=718605031338, DrawStart=718610704672, FrameDeadline=718642272470, FrameInterval=718605009047, FrameStartTime=16666666, SyncQueued=718611804932, SyncStart=718612198682, IssueDrawCommandsStart=718613709359, SwapBuffers=718622750870, FrameCompleted=9223372036854775807, DequeueBufferDuration=63021, QueueBufferDuration=1438385, GpuCompleted=9223372036854775807, SwapBuffersCompleted=718624920140, DisplayPresentTime=0,
02-22 01:24:56.815 I/OMX-VENC: venc_dev( 1219): stats: avg. fps 9.97, bitrate 824894
02-22 01:24:56.922 I/mpu_uart( 645): [MSG-P:RECV]:No message received in 1000 ms
02-22 01:24:57.449 I/service_manager_stats( 1521): [113,67,6607]
02-22 01:24:57.557 V/DisplayPowerController[0]( 1521): Brightness [1.0] reason changing to: 'temporary', previous reason: 'manual'.
02-22 01:24:57.559 E/DisplayDeviceConfig( 1521): requesting nits when no mapping exists.
02-22 01:24:57.560 E/DisplayDeviceConfig( 1521): requesting nits when no mapping exists.
02-22 01:24:57.560 I/am_wtf ( 1521): [0,1521,system_server,-1,DisplayDeviceConfig,requesting nits when no mapping exists.]
02-22 01:24:57.560 I/am_wtf ( 1521): [0,1521,system_server,-1,DisplayDeviceConfig,requesting nits when no mapping exists.]
02-22 01:24:57.577 E/DisplayDeviceConfig( 1521): requesting nits when no mapping exists.
02-22 01:24:57.577 E/DisplayDeviceConfig( 1521): requesting nits when no mapping exists.
02-22 01:24:57.577 I/am_wtf ( 1521): [0,1521,system_server,-1,DisplayDeviceConfig,requesting nits when no mapping exists.]
02-22 01:24:57.578 I/am_wtf ( 1521): [0,1521,system_server,-1,DisplayDeviceConfig,requesting nits when no mapping exists.]
02-22 01:24:57.595 E/DisplayDeviceConfig( 1521): requesting nits when no mapping exists.
02-22 01:24:57.595 E/DisplayDeviceConfig( 1521): requesting nits when no mapping exists.
02-22 01:24:57.595 I/am_wtf ( 1521): [0,1521,system_server,-1,DisplayDeviceConfig,requesting nits when no mapping exists.]
02-22 01:24:57.597 I/am_wtf ( 1521): [0,1521,system_server,-1,DisplayDeviceConfig,requesting nits when no mapping exists.]
02-22 01:24:57.599 W/hpplay-java( 2725): [main]:IPManager:getActiveNets invalid networkInfo:null
02-22 01:24:57.600 I/hpplay-java( 2725): [main]:IPManager:getActiveNets eth0:false wifi:false mobile:false ap:false
02-22 01:24:57.600 I/hpplay-java( 2725): [main]:ServerTaskManager:get local ip:null
02-22 01:24:57.609 E/DisplayDeviceConfig( 1521): requesting nits when no mapping exists.
02-22 01:24:57.610 E/DisplayDeviceConfig( 1521): requesting nits when no mapping exists.
02-22 01:24:57.610 I/am_wtf ( 1521): [0,1521,system_server,-1,DisplayDeviceConfig,requesting nits when no mapping exists.]
02-22 01:24:57.611 I/am_wtf ( 1521): [0,1521,system_server,-1,DisplayDeviceConfig,requesting nits when no mapping exists.]
02-22 01:24:57.624 E/DisplayDeviceConfig( 1521): requesting nits when no mapping exists.
02-22 01:24:57.625 I/am_wtf ( 1521): [0,1521,system_server,-1,DisplayDeviceConfig,requesting nits when no mapping exists.]
02-22 01:24:57.625 E/DisplayDeviceConfig( 1521): requesting nits when no mapping exists.
02-22 01:24:57.625 I/am_wtf ( 1521): [0,1521,system_server,-1,DisplayDeviceConfig,requesting nits when no mapping exists.]
02-22 01:24:57.641 E/DisplayDeviceConfig( 1521): requesting nits when no mapping exists.
02-22 01:24:57.641 I/am_wtf ( 1521): [0,1521,system_server,-1,DisplayDeviceConfig,requesting nits when no mapping exists.]
02-22 01:24:57.642 E/DisplayDeviceConfig( 1521): requesting nits when no mapping exists.
02-22 01:24:57.642 I/am_wtf ( 1521): [0,1521,system_server,-1,DisplayDeviceConfig,requesting nits when no mapping exists.]
02-22 01:24:57.658 E/DisplayDeviceConfig( 1521): requesting nits when no mapping exists.
02-22 01:24:57.658 E/DisplayDeviceConfig( 1521): requesting nits when no mapping exists.
02-22 01:24:57.658 I/am_wtf ( 1521): [0,1521,system_server,-1,DisplayDeviceConfig,requesting nits when no mapping exists.]
02-22 01:24:57.659 I/am_wtf ( 1521): [0,1521,system_server,-1,DisplayDeviceConfig,requesting nits when no mapping exists.]
02-22 01:24:57.675 E/DisplayDeviceConfig( 1521): requesting nits when no mapping exists.
02-22 01:24:57.675 E/DisplayDeviceConfig( 1521): requesting nits when no mapping exists.
02-22 01:24:57.675 I/am_wtf ( 1521): [0,1521,system_server,-1,DisplayDeviceConfig,requesting nits when no mapping exists.]
02-22 01:24:57.676 I/am_wtf ( 1521): [0,1521,system_server,-1,DisplayDeviceConfig,requesting nits when no mapping exists.]
02-22 01:24:57.692 E/DisplayDeviceConfig( 1521): requesting nits when no mapping exists.
02-22 01:24:57.692 I/am_wtf ( 1521): [0,1521,system_server,-1,DisplayDeviceConfig,requesting nits when no mapping exists.]
02-22 01:24:57.692 E/DisplayDeviceConfig( 1521): requesting nits when no mapping exists.
02-22 01:24:57.693 I/am_wtf ( 1521): [0,1521,system_server,-1,DisplayDeviceConfig,requesting nits when no mapping exists.]
02-22 01:24:57.709 E/DisplayDeviceConfig( 1521): requesting nits when no mapping exists.
02-22 01:24:57.709 E/DisplayDeviceConfig( 1521): requesting nits when no mapping exists.
02-22 01:24:57.709 I/am_wtf ( 1521): [0,1521,system_server,-1,DisplayDeviceConfig,requesting nits when no mapping exists.]
