02-22 01:14:02.537 I/am_wtf ( 1521): [0,1521,system_server,-1,DisplayDeviceConfig,requesting nits when no mapping exists.]
02-22 01:14:02.553 I/am_wtf ( 1521): [0,1521,system_server,-1,DisplayDeviceConfig,requesting nits when no mapping exists.]
02-22 01:14:02.554 I/am_wtf ( 1521): [0,1521,system_server,-1,DisplayDeviceConfig,requesting nits when no mapping exists.]
02-22 01:14:02.570 I/am_wtf ( 1521): [0,1521,system_server,-1,DisplayDeviceConfig,requesting nits when no mapping exists.]
02-22 01:14:02.571 I/am_wtf ( 1521): [0,1521,system_server,-1,DisplayDeviceConfig,requesting nits when no mapping exists.]
02-22 01:14:02.587 I/am_wtf ( 1521): [0,1521,system_server,-1,DisplayDeviceConfig,requesting nits when no mapping exists.]
02-22 01:14:02.587 I/am_wtf ( 1521): [0,1521,system_server,-1,DisplayDeviceConfig,requesting nits when no mapping exists.]
02-22 01:14:02.634 I/sysui_multi_action( 1972): [757,219,758,4,759,26]
02-22 01:14:02.639 I/commit_sys_config_file( 1521): [display-state,16951]
02-22 01:14:02.847 I/commit_sys_config_file( 1521): [settings-1-0,6]
02-22 01:14:03.039 I/am_wtf ( 1521): [0,1521,system_server,-1,DisplayDeviceConfig,requesting nits when no mapping exists.]
02-22 01:14:03.040 I/am_wtf ( 1521): [0,1521,system_server,-1,DisplayDeviceConfig,requesting nits when no mapping exists.]
02-22 01:14:03.054 I/am_wtf ( 1521): [0,1521,system_server,-1,DisplayDeviceConfig,requesting nits when no mapping exists.]
02-22 01:14:03.055 I/am_wtf ( 1521): [0,1521,system_server,-1,DisplayDeviceConfig,requesting nits when no mapping exists.]
02-22 01:14:03.071 I/am_wtf ( 1521): [0,1521,system_server,-1,DisplayDeviceConfig,requesting nits when no mapping exists.]
02-22 01:14:03.074 I/am_wtf ( 1521): [0,1521,system_server,-1,DisplayDeviceConfig,requesting nits when no mapping exists.]
02-22 01:14:03.088 I/am_wtf ( 1521): [0,1521,system_server,-1,DisplayDeviceConfig,requesting nits when no mapping exists.]
02-22 01:14:03.088 I/am_wtf ( 1521): [0,1521,system_server,-1,DisplayDeviceConfig,requesting nits when no mapping exists.]
02-22 01:14:03.105 I/am_wtf ( 1521): [0,1521,system_server,-1,DisplayDeviceConfig,requesting nits when no mapping exists.]
02-22 01:14:03.108 I/am_wtf ( 1521): [0,1521,system_server,-1,DisplayDeviceConfig,requesting nits when no mapping exists.]
02-22 01:14:03.121 I/am_wtf ( 1521): [0,1521,system_server,-1,DisplayDeviceConfig,requesting nits when no mapping exists.]
02-22 01:14:03.122 I/am_wtf ( 1521): [0,1521,system_server,-1,DisplayDeviceConfig,requesting nits when no mapping exists.]
02-22 01:14:03.138 I/am_wtf ( 1521): [0,1521,system_server,-1,DisplayDeviceConfig,requesting nits when no mapping exists.]
02-22 01:14:03.139 I/am_wtf ( 1521): [0,1521,system_server,-1,DisplayDeviceConfig,requesting nits when no mapping exists.]
02-22 01:14:03.155 I/am_wtf ( 1521): [0,1521,system_server,-1,DisplayDeviceConfig,requesting nits when no mapping exists.]
02-22 01:14:03.157 I/am_wtf ( 1521): [0,1521,system_server,-1,DisplayDeviceConfig,requesting nits when no mapping exists.]
02-22 01:14:03.198 I/sysui_multi_action( 1972): [757,219,758,4,759,83]
02-22 01:14:03.202 I/commit_sys_config_file( 1521): [display-state,17514]
02-22 01:14:03.410 I/commit_sys_config_file( 1521): [settings-1-0,6]
02-22 01:14:04.026 I/service_manager_stats( 1521): [167,92,5064]
02-22 01:14:04.324 I/volume_changed( 1521): [3,13,38,39,com.android.systemui]
02-22 01:14:04.980 I/volume_changed( 1521): [3,38,5,39,com.android.systemui]
02-22 01:14:05.041 I/commit_sys_config_file( 1521): [settings-1-0,4]
02-22 01:14:05.555 I/volume_changed( 1521): [3,5,39,39,com.android.systemui]
02-22 01:14:05.698 I/commit_sys_config_file( 1521): [settings-1-0,6]
02-22 01:14:06.271 I/volume_changed( 1521): [3,39,7,39,com.android.systemui]
02-22 01:14:06.273 I/commit_sys_config_file( 1521): [settings-1-0,5]
02-22 01:14:06.808 I/volume_changed( 1521): [3,7,34,39,com.android.systemui]
02-22 01:14:06.987 I/commit_sys_config_file( 1521): [settings-1-0,6]
02-22 01:14:07.522 I/volume_changed( 1521): [3,34,7,39,com.android.systemui]
02-22 01:14:07.526 I/commit_sys_config_file( 1521): [settings-1-0,8]
02-22 01:14:07.650 I/am_pss ( 1521): [3906,10025,com.baidu.input,106708992,91860992,0,227737600,0,7,14]
02-22 01:14:07.658 I/am_pss ( 1521): [2975,10070,com.qualcomm.location.XT,6272000,4616192,0,92827648,0,6,6]
02-22 01:14:07.919 I/volume_changed( 1521): [3,7,39,39,com.android.systemui]
02-22 01:14:08.239 I/commit_sys_config_file( 1521): [settings-1-0,5]
02-22 01:14:08.645 I/commit_sys_config_file( 1521): [settings-1-0,16]
02-22 01:14:08.656 I/notification_enqueue( 1521): [10078,1972,com.android.systemui,2048,NULL,0,Notification(channel=updateNotification shortcut=null contentView=null vibrate=null sound=null defaults=0x0 flags=0x0 color=0x00000000 vis=PRIVATE),0]
02-22 01:14:08.658 I/sysui_multi_action( 1972): [757,111,758,2]
02-22 01:14:08.659 I/sysui_multi_action( 1972): [757,111,758,2]
02-22 01:14:08.821 I/input_focus( 1521): [Focus request ad16e1f com.android.launcher3/com.android.launcher3.uioverrides.QuickstepLauncher,reason=UpdateInputWindows]
02-22 01:14:08.827 I/sysui_multi_action( 1521): [757,128,758,2,793,59885,794,24846,795,59885,796,26,798,0,806,android,857,DEVELOPER_IMPORTANT,858,4,947,0,1395,3,1500,59515,1688,1]
02-22 01:14:08.828 I/notification_visibility( 1521): [-1|android|26|null|1000,0,59885,59885,0,0]
02-22 01:14:08.828 I/sysui_multi_action( 1521): [757,128,758,2,793,54972,794,24847,795,54972,796,17303299,797,com.android.wifi,798,1,806,android,857,NETWORK_AVAILABLE,858,2,947,0,1395,3,1500,54771,1688,1]
02-22 01:14:08.828 I/notification_visibility( 1521): [0|android|17303299|com.android.wifi|1000,0,54972,54972,0,1]
02-22 01:14:08.829 I/sysui_multi_action( 1521): [757,128,758,2,793,60449,794,24847,795,60449,796,32,798,2,806,android,857,USB,858,1,947,0,1395,3,1500,60194,1688,1]
02-22 01:14:08.829 I/notification_visibility( 1521): [-1|android|32|null|1000,0,60449,60449,0,2]
02-22 01:14:08.830 I/sysui_multi_action( 1521): [757,127,758,2]
02-22 01:14:08.830 I/notification_panel_hidden( 1521):
02-22 01:14:08.851 I/input_focus( 1521): [Focus leaving 36c1000 NotificationShade (server),reason=NO_WINDOW]
02-22 01:14:08.852 I/input_focus( 1521): [Focus entering ad16e1f com.android.launcher3/com.android.launcher3.uioverrides.QuickstepLauncher (server),reason=setFocusedWindow]
02-22 01:14:08.857 I/sysui_multi_action( 1521): [757,1501,758,1,793,203,794,0,795,203,796,2048,806,com.android.systemui,857,updateNotification,858,3,947,0,1500,0,1688,1]
02-22 01:14:08.857 I/sysui_multi_action( 1521): [757,804,799,note_interruptive,801,0,802,1]
02-22 01:14:09.356 I/input_interaction( 1521): Interaction with: 2ea66f5 StatusBar (server), edge-swipe (server), swipe-up (server), PointerEventDispatcher0 (server),
02-22 01:14:09.360 I/sysui_multi_action( 1972): [757,803,799,panel_open,802,1]
02-22 01:14:09.361 I/sysui_multi_action( 1972): [757,1328,758,4,1326,69,1327,4,1329,0]
02-22 01:14:09.406 I/sysui_multi_action( 1521): [757,127,758,1]
02-22 01:14:09.406 I/sysui_multi_action( 1521): [757,804,799,note_load,801,3,802,1]
02-22 01:14:09.406 I/notification_panel_revealed( 1521): 3
02-22 01:14:09.419 I/input_focus( 1521): [Focus request 36c1000 NotificationShade,reason=UpdateInputWindows]
02-22 01:14:09.430 I/sysui_multi_action( 1521): [757,128,758,1,793,60488,794,0,795,60488,796,26,798,0,806,android,857,DEVELOPER_IMPORTANT,858,4,947,0,1395,3,1500,60118,1688,1]
02-22 01:14:09.430 I/sysui_multi_action( 1521): [757,804,799,note_freshness,801,60488,802,1]
02-22 01:14:09.430 I/notification_visibility( 1521): [-1|android|26|null|1000,1,60488,60488,0,0]
02-22 01:14:09.430 I/sysui_multi_action( 1521): [757,128,758,1,793,55574,794,0,795,55574,796,17303299,797,com.android.wifi,798,1,806,android,857,NETWORK_AVAILABLE,858,2,947,0,1395,3,1500,55373,1688,1]
02-22 01:14:09.430 I/sysui_multi_action( 1521): [757,804,799,note_freshness,801,55574,802,1]
02-22 01:14:09.430 I/notification_visibility( 1521): [0|android|17303299|com.android.wifi|1000,1,55574,55574,0,1]
02-22 01:14:09.431 I/sysui_multi_action( 1521): [757,128,758,1,793,61051,794,0,795,61051,796,32,798,2,806,android,857,USB,858,1,947,0,1395,3,1500,60796,1688,1]
02-22 01:14:09.431 I/sysui_multi_action( 1521): [757,804,799,note_freshness,801,61051,802,1]
02-22 01:14:09.431 I/notification_visibility( 1521): [-1|android|32|null|1000,1,61051,61051,0,2]
02-22 01:14:09.438 I/input_focus( 1521): [Focus leaving ad16e1f com.android.launcher3/com.android.launcher3.uioverrides.QuickstepLauncher (server),reason=setFocusedWindow]
02-22 01:14:09.438 I/input_focus( 1521): [Focus entering 36c1000 NotificationShade (server),reason=setFocusedWindow]
02-22 01:14:09.439 I/sysui_multi_action( 1972): [757,111,758,1]
02-22 01:14:09.440 I/sysui_multi_action( 1972): [757,126,758,1,759,126,927,0,928,1,1593,0]
02-22 01:14:09.440 I/sysui_multi_action( 1972): [757,113,758,1,759,113,927,1,928,1,1593,0]
02-22 01:14:09.440 I/sysui_multi_action( 1972): [757,0,758,1,759,0,927,2,928,0,1593,0]
02-22 01:14:09.440 I/sysui_multi_action( 1972): [757,0,758,1,759,0,927,3,928,0,1593,0]
02-22 01:14:09.440 I/sysui_multi_action( 1972): [757,491,758,1,759,491,927,4,928,0,1311,-1,1593,0]
02-22 01:14:09.440 I/sysui_multi_action( 1972): [757,0,758,1,759,0,927,5,928,0,1593,0]
02-22 01:14:09.440 I/sysui_multi_action( 1972): [757,111,758,1]
02-22 01:14:09.441 I/sysui_multi_action( 1972): [757,126,758,1,759,126,927,0,928,1,1593,0]
02-22 01:14:09.441 I/sysui_multi_action( 1972): [757,113,758,1,759,113,927,1,928,1,1593,0]
02-22 01:14:09.441 I/sysui_multi_action( 1972): [757,0,758,1,759,0,927,2,928,0,1593,0]
02-22 01:14:09.441 I/sysui_multi_action( 1972): [757,0,758,1,759,0,927,3,928,0,1593,0]
02-22 01:14:10.799 I/input_interaction( 1521): Interaction with: 36c1000 NotificationShade (server), edge-swipe (server), swipe-up (server), PointerEventDispatcher0 (server),
02-22 01:14:11.040 I/volume_changed( 1521): [3,39,11,39,com.android.systemui]
02-22 01:14:11.575 I/volume_changed( 1521): [3,11,34,39,com.android.systemui]
02-22 01:14:11.755 I/commit_sys_config_file( 1521): [settings-1-0,5]
02-22 01:14:12.181 I/volume_changed( 1521): [3,34,7,39,com.android.systemui]
02-22 01:14:12.291 I/commit_sys_config_file( 1521): [settings-1-0,5]
02-22 01:14:12.675 I/volume_changed( 1521): [3,7,36,39,com.android.systemui]
02-22 01:14:12.896 I/commit_sys_config_file( 1521): [settings-1-0,6]
02-22 01:14:13.396 I/commit_sys_config_file( 1521): [settings-1-0,9]
02-22 01:14:13.939 I/volume_changed( 1521): [3,36,10,39,com.android.systemui]
02-22 01:14:14.503 I/volume_changed( 1521): [3,10,35,39,com.android.systemui]
02-22 01:14:14.655 I/commit_sys_config_file( 1521): [settings-1-0,5]
02-22 01:14:14.984 I/volume_changed( 1521): [3,35,8,39,com.android.systemui]
02-22 01:14:15.219 I/commit_sys_config_file( 1521): [settings-1-0,6]
02-22 01:14:15.492 I/volume_changed( 1521): [3,8,30,39,com.android.systemui]
02-22 01:14:15.708 I/commit_sys_config_file( 1521): [settings-1-0,6]
02-22 01:14:16.083 I/volume_changed( 1521): [3,30,7,39,com.android.systemui]
02-22 01:14:16.207 I/commit_sys_config_file( 1521): [settings-1-0,4]
02-22 01:14:16.359 I/volume_changed( 1521): [3,7,35,39,com.android.systemui]
02-22 01:14:16.798 I/commit_sys_config_file( 1521): [settings-1-0,4]
02-22 01:14:17.077 I/commit_sys_config_file( 1521): [settings-1-0,10]
02-22 01:14:17.759 I/am_pss ( 1521): [2875,10093,com.android.providers.media.module,16133120,12861440,0,117813248,0,0,8]
02-22 01:14:17.770 I/am_pss ( 1521): [2871,10071,com.qualcomm.location,9731072,7290880,0,102207488,0,0,10]
02-22 01:14:17.980 I/volume_changed( 1521): [3,35,8,39,com.android.systemui]
02-22 01:14:18.310 I/volume_changed( 1521): [3,8,31,39,com.android.systemui]
02-22 01:14:18.637 I/volume_changed( 1521): [3,31,3,39,com.android.systemui]
02-22 01:14:18.668 I/am_uid_idle( 1521): 10018
02-22 01:14:18.701 I/commit_sys_config_file( 1521): [settings-1-0,4]
02-22 01:14:18.943 I/volume_changed( 1521): [3,3,38,39,com.android.systemui]
02-22 01:14:19.023 I/commit_sys_config_file( 1521): [settings-1-0,4]
02-22 01:14:19.285 I/volume_changed( 1521): [3,38,9,39,com.android.systemui]
02-22 01:14:19.351 I/commit_sys_config_file( 1521): [settings-1-0,4]
02-22 01:14:19.616 I/volume_changed( 1521): [3,9,35,39,com.android.systemui]
02-22 01:14:19.660 I/commit_sys_config_file( 1521): [settings-1-0,4]
02-22 01:14:19.930 I/volume_changed( 1521): [3,35,2,39,com.android.systemui]
02-22 01:14:19.997 I/commit_sys_config_file( 1521): [settings-1-0,4]
02-22 01:14:20.247 I/volume_changed( 1521): [3,2,33,39,com.android.systemui]
02-22 01:14:20.338 I/commit_sys_config_file( 1521): [settings-1-0,5]
02-22 01:14:20.603 I/volume_changed( 1521): [3,33,8,39,com.android.systemui]
02-22 01:14:20.645 I/commit_sys_config_file( 1521): [settings-1-0,4]
02-22 01:14:20.920 I/volume_changed( 1521): [3,8,30,39,com.android.systemui]
02-22 01:14:20.961 I/commit_sys_config_file( 1521): [settings-1-0,4]
02-22 01:14:21.250 I/volume_changed( 1521): [3,30,10,39,com.android.systemui]
02-22 01:14:21.323 I/commit_sys_config_file( 1521): [settings-1-0,4]
02-22 01:14:21.594 I/volume_changed( 1521): [3,10,37,39,com.android.systemui]
02-22 01:14:21.635 I/commit_sys_config_file( 1521): [settings-1-0,6]
02-22 01:14:21.971 I/commit_sys_config_file( 1521): [settings-1-0,8]
02-22 01:14:22.308 I/commit_sys_config_file( 1521): [settings-1-0,5]
02-22 01:14:22.817 I/volume_changed( 1521): [3,37,6,39,com.android.systemui]
02-22 01:14:23.449 I/volume_changed( 1521): [3,6,36,39,com.android.systemui]
02-22 01:14:23.531 I/commit_sys_config_file( 1521): [settings-1-0,6]
02-22 01:14:24.164 I/volume_changed( 1521): [3,36,12,39,com.android.systemui]
02-22 01:14:24.167 I/commit_sys_config_file( 1521): [settings-1-0,8]
02-22 01:14:24.685 I/volume_changed( 1521): [3,12,37,39,com.android.systemui]
02-22 01:14:24.881 I/commit_sys_config_file( 1521): [settings-1-0,6]
02-22 01:14:25.403 I/commit_sys_config_file( 1521): [settings-1-0,3]
02-22 01:14:25.697 I/notification_enqueue( 1521): [10078,1972,com.android.systemui,2048,NULL,0,Notification(channel=updateNotification shortcut=null contentView=null vibrate=null sound=null defaults=0x0 flags=0x0 color=0x00000000 vis=PRIVATE),1]
02-22 01:14:25.699 I/sysui_multi_action( 1972): [757,111,758,2]
02-22 01:14:25.700 I/sysui_multi_action( 1972): [757,111,758,2]
02-22 01:14:25.806 I/input_interaction( 1521): Interaction with: 36c1000 NotificationShade (server), bb1c062 com.android.systemui.ImageWallpaper (server), edge-swipe (server), swipe-up (server), PointerEventDispatcher0 (server),
02-22 01:14:25.946 I/input_focus( 1521): [Focus request ad16e1f com.android.launcher3/com.android.launcher3.uioverrides.QuickstepLauncher,reason=UpdateInputWindows]
02-22 01:14:25.976 I/input_focus( 1521): [Focus leaving 36c1000 NotificationShade (server),reason=NOT_FOCUSABLE]
02-22 01:14:25.976 I/input_focus( 1521): [Focus entering ad16e1f com.android.launcher3/com.android.launcher3.uioverrides.QuickstepLauncher (server),reason=setFocusedWindow]
02-22 01:14:26.023 I/service_manager_stats( 1521): [100,67,21996]
02-22 01:14:26.049 I/input_focus( 1521): [Focus request 36c1000 NotificationShade,reason=UpdateInputWindows]
02-22 01:14:26.076 I/input_focus( 1521): [Focus leaving ad16e1f com.android.launcher3/com.android.launcher3.uioverrides.QuickstepLauncher (server),reason=setFocusedWindow]
02-22 01:14:26.076 I/input_focus( 1521): [Focus entering 36c1000 NotificationShade (server),reason=setFocusedWindow]
02-22 01:14:26.211 I/sysui_multi_action( 1972): [757,111,758,1]
02-22 01:14:26.212 I/sysui_multi_action( 1972): [757,126,758,1,759,126,927,0,928,1,1593,1]
02-22 01:14:26.213 I/sysui_multi_action( 1972): [757,113,758,1,759,113,927,1,928,1,1593,1]
02-22 01:14:26.213 I/sysui_multi_action( 1972): [757,0,758,1,759,0,927,2,928,0,1593,1]
02-22 01:14:26.213 I/sysui_multi_action( 1972): [757,0,758,1,759,0,927,3,928,0,1593,1]
02-22 01:14:26.214 I/sysui_multi_action( 1972): [757,491,758,1,759,491,927,4,928,0,1311,-1,1593,0]
02-22 01:14:26.215 I/sysui_multi_action( 1972): [757,0,758,1,759,0,927,5,928,0,1593,0]
02-22 01:14:26.215 I/sysui_multi_action( 1972): [757,111,758,1]
02-22 01:14:26.215 I/sysui_multi_action( 1972): [757,126,758,1,759,126,927,0,928,1,1593,1]
02-22 01:14:26.216 I/sysui_multi_action( 1972): [757,113,758,1,759,113,927,1,928,1,1593,1]
02-22 01:14:26.216 I/sysui_multi_action( 1972): [757,0,758,1,759,0,927,2,928,0,1593,1]
02-22 01:14:26.216 I/sysui_multi_action( 1972): [757,0,758,1,759,0,927,3,928,0,1593,1]
02-22 01:14:26.631 I/input_interaction( 1521): Interaction with: 36c1000 NotificationShade (server), edge-swipe (server), swipe-up (server), PointerEventDispatcher0 (server),
02-22 01:14:27.547 I/am_wtf ( 1521): [0,1521,system_server,-1,DisplayDeviceConfig,requesting nits when no mapping exists.]
02-22 01:14:27.550 I/am_wtf ( 1521): [0,1521,system_server,-1,DisplayDeviceConfig,requesting nits when no mapping exists.]
02-22 01:14:27.563 I/am_wtf ( 1521): [0,1521,system_server,-1,DisplayDeviceConfig,requesting nits when no mapping exists.]
02-22 01:14:27.565 I/am_wtf ( 1521): [0,1521,system_server,-1,DisplayDeviceConfig,requesting nits when no mapping exists.]
02-22 01:14:27.580 I/am_wtf ( 1521): [0,1521,system_server,-1,DisplayDeviceConfig,requesting nits when no mapping exists.]
02-22 01:14:27.581 I/am_wtf ( 1521): [0,1521,system_server,-1,DisplayDeviceConfig,requesting nits when no mapping exists.]
02-22 01:14:27.597 I/am_wtf ( 1521): [0,1521,system_server,-1,DisplayDeviceConfig,requesting nits when no mapping exists.]
02-22 01:14:27.598 I/am_wtf ( 1521): [0,1521,system_server,-1,DisplayDeviceConfig,requesting nits when no mapping exists.]
02-22 01:14:27.613 I/am_wtf ( 1521): [0,1521,system_server,-1,DisplayDeviceConfig,requesting nits when no mapping exists.]
02-22 01:14:27.615 I/am_wtf ( 1521): [0,1521,system_server,-1,DisplayDeviceConfig,requesting nits when no mapping exists.]
02-22 01:14:27.630 I/am_wtf ( 1521): [0,1521,system_server,-1,DisplayDeviceConfig,requesting nits when no mapping exists.]
02-22 01:14:27.633 I/am_wtf ( 1521): [0,1521,system_server,-1,DisplayDeviceConfig,requesting nits when no mapping exists.]
02-22 01:14:27.646 I/am_wtf ( 1521): [0,1521,system_server,-1,DisplayDeviceConfig,requesting nits when no mapping exists.]
02-22 01:14:27.647 I/am_wtf ( 1521): [0,1521,system_server,-1,DisplayDeviceConfig,requesting nits when no mapping exists.]
02-22 01:14:27.664 I/am_wtf ( 1521): [0,1521,system_server,-1,DisplayDeviceConfig,requesting nits when no mapping exists.]
02-22 01:14:27.664 I/am_wtf ( 1521): [0,1521,system_server,-1,DisplayDeviceConfig,requesting nits when no mapping exists.]
02-22 01:14:27.680 I/am_wtf ( 1521): [0,1521,system_server,-1,DisplayDeviceConfig,requesting nits when no mapping exists.]
02-22 01:14:27.681 I/am_wtf ( 1521): [0,1521,system_server,-1,DisplayDeviceConfig,requesting nits when no mapping exists.]
02-22 01:14:27.697 I/am_wtf ( 1521): [0,1521,system_server,-1,DisplayDeviceConfig,requesting nits when no mapping exists.]
02-22 01:14:27.698 I/am_wtf ( 1521): [0,1521,system_server,-1,DisplayDeviceConfig,requesting nits when no mapping exists.]
02-22 01:14:27.741 I/sysui_multi_action( 1972): [757,219,758,4,759,1]
02-22 01:14:27.746 I/commit_sys_config_file( 1521): [display-state,42058]
02-22 01:14:27.955 I/commit_sys_config_file( 1521): [settings-1-0,5]
02-22 01:14:28.182 I/am_wtf ( 1521): [0,1521,system_server,-1,DisplayDeviceConfig,requesting nits when no mapping exists.]
02-22 01:14:28.183 I/am_wtf ( 1521): [0,1521,system_server,-1,DisplayDeviceConfig,requesting nits when no mapping exists.]
02-22 01:14:28.197 I/am_wtf ( 1521): [0,1521,system_server,-1,DisplayDeviceConfig,requesting nits when no mapping exists.]
02-22 01:14:28.198 I/am_wtf ( 1521): [0,1521,system_server,-1,DisplayDeviceConfig,requesting nits when no mapping exists.]
02-22 01:14:28.215 I/am_wtf ( 1521): [0,1521,system_server,-1,DisplayDeviceConfig,requesting nits when no mapping exists.]
02-22 01:14:28.216 I/am_wtf ( 1521): [0,1521,system_server,-1,DisplayDeviceConfig,requesting nits when no mapping exists.]
02-22 01:14:28.231 I/am_wtf ( 1521): [0,1521,system_server,-1,DisplayDeviceConfig,requesting nits when no mapping exists.]
02-22 01:14:28.231 I/am_wtf ( 1521): [0,1521,system_server,-1,DisplayDeviceConfig,requesting nits when no mapping exists.]
02-22 01:14:28.249 I/am_wtf ( 1521): [0,1521,system_server,-1,DisplayDeviceConfig,requesting nits when no mapping exists.]
02-22 01:14:28.251 I/am_wtf ( 1521): [0,1521,system_server,-1,DisplayDeviceConfig,requesting nits when no mapping exists.]
02-22 01:14:28.265 I/am_wtf ( 1521): [0,1521,system_server,-1,DisplayDeviceConfig,requesting nits when no mapping exists.]
02-22 01:14:28.265 I/am_wtf ( 1521): [0,1521,system_server,-1,DisplayDeviceConfig,requesting nits when no mapping exists.]
02-22 01:14:28.285 I/am_wtf ( 1521): [0,1521,system_server,-1,DisplayDeviceConfig,requesting nits when no mapping exists.]
02-22 01:14:28.286 I/am_wtf ( 1521): [0,1521,system_server,-1,DisplayDeviceConfig,requesting nits when no mapping exists.]
02-22 01:14:28.298 I/am_wtf ( 1521): [0,1521,system_server,-1,DisplayDeviceConfig,requesting nits when no mapping exists.]
02-22 01:14:28.298 I/am_wtf ( 1521): [0,1521,system_server,-1,DisplayDeviceConfig,requesting nits when no mapping exists.]
02-22 01:14:28.315 I/am_wtf ( 1521): [0,1521,system_server,-1,DisplayDeviceConfig,requesting nits when no mapping exists.]
02-22 01:14:28.318 I/am_wtf ( 1521): [0,1521,system_server,-1,DisplayDeviceConfig,requesting nits when no mapping exists.]
02-22 01:14:28.359 I/sysui_multi_action( 1972): [757,219,758,4,759,92]
02-22 01:14:28.364 I/commit_sys_config_file( 1521): [display-state,42676]
02-22 01:14:28.572 I/commit_sys_config_file( 1521): [settings-1-0,5]
02-22 01:14:28.917 I/am_wtf ( 1521): [0,1521,system_server,-1,DisplayDeviceConfig,requesting nits when no mapping exists.]
02-22 01:14:28.917 I/am_wtf ( 1521): [0,1521,system_server,-1,DisplayDeviceConfig,requesting nits when no mapping exists.]
02-22 01:14:28.933 I/am_wtf ( 1521): [0,1521,system_server,-1,DisplayDeviceConfig,requesting nits when no mapping exists.]
02-22 01:14:28.934 I/am_wtf ( 1521): [0,1521,system_server,-1,DisplayDeviceConfig,requesting nits when no mapping exists.]
02-22 01:14:28.951 I/am_wtf ( 1521): [0,1521,system_server,-1,DisplayDeviceConfig,requesting nits when no mapping exists.]
02-22 01:14:28.952 I/am_wtf ( 1521): [0,1521,system_server,-1,DisplayDeviceConfig,requesting nits when no mapping exists.]
02-22 01:14:28.967 I/am_wtf ( 1521): [0,1521,system_server,-1,DisplayDeviceConfig,requesting nits when no mapping exists.]
02-22 01:14:28.968 I/am_wtf ( 1521): [0,1521,system_server,-1,DisplayDeviceConfig,requesting nits when no mapping exists.]
02-22 01:14:28.983 I/am_wtf ( 1521): [0,1521,system_server,-1,DisplayDeviceConfig,requesting nits when no mapping exists.]
02-22 01:14:28.985 I/am_wtf ( 1521): [0,1521,system_server,-1,DisplayDeviceConfig,requesting nits when no mapping exists.]
02-22 01:14:29.000 I/am_wtf ( 1521): [0,1521,system_server,-1,DisplayDeviceConfig,requesting nits when no mapping exists.]
02-22 01:14:29.000 I/am_wtf ( 1521): [0,1521,system_server,-1,DisplayDeviceConfig,requesting nits when no mapping exists.]
02-22 01:14:29.020 I/am_wtf ( 1521): [0,1521,system_server,-1,DisplayDeviceConfig,requesting nits when no mapping exists.]
02-22 01:14:29.020 I/am_wtf ( 1521): [0,1521,system_server,-1,DisplayDeviceConfig,requesting nits when no mapping exists.]
02-22 01:14:29.033 I/am_wtf ( 1521): [0,1521,system_server,-1,DisplayDeviceConfig,requesting nits when no mapping exists.]
02-22 01:14:29.034 I/am_wtf ( 1521): [0,1521,system_server,-1,DisplayDeviceConfig,requesting nits when no mapping exists.]
02-22 01:14:29.050 I/am_wtf ( 1521): [0,1521,system_server,-1,DisplayDeviceConfig,requesting nits when no mapping exists.]
02-22 01:14:29.050 I/am_wtf ( 1521): [0,1521,system_server,-1,DisplayDeviceConfig,requesting nits when no mapping exists.]
02-22 01:14:29.101 I/sysui_multi_action( 1972): [757,219,758,4,759,1]
02-22 01:14:29.105 I/commit_sys_config_file( 1521): [display-state,43418]
02-22 01:14:29.314 I/commit_sys_config_file( 1521): [settings-1-0,5]
02-22 01:14:29.485 I/am_wtf ( 1521): [0,1521,system_server,-1,DisplayDeviceConfig,requesting nits when no mapping exists.]
02-22 01:14:29.486 I/am_wtf ( 1521): [0,1521,system_server,-1,DisplayDeviceConfig,requesting nits when no mapping exists.]
02-22 01:14:29.501 I/am_wtf ( 1521): [0,1521,system_server,-1,DisplayDeviceConfig,requesting nits when no mapping exists.]
02-22 01:14:29.502 I/am_wtf ( 1521): [0,1521,system_server,-1,DisplayDeviceConfig,requesting nits when no mapping exists.]
02-22 01:14:29.518 I/am_wtf ( 1521): [0,1521,system_server,-1,DisplayDeviceConfig,requesting nits when no mapping exists.]
02-22 01:14:29.518 I/am_wtf ( 1521): [0,1521,system_server,-1,DisplayDeviceConfig,requesting nits when no mapping exists.]
02-22 01:14:29.535 I/am_wtf ( 1521): [0,1521,system_server,-1,DisplayDeviceConfig,requesting nits when no mapping exists.]
02-22 01:14:29.535 I/am_wtf ( 1521): [0,1521,system_server,-1,DisplayDeviceConfig,requesting nits when no mapping exists.]
02-22 01:14:29.552 I/am_wtf ( 1521): [0,1521,system_server,-1,DisplayDeviceConfig,requesting nits when no mapping exists.]
02-22 01:14:29.552 I/am_wtf ( 1521): [0,1521,system_server,-1,DisplayDeviceConfig,requesting nits when no mapping exists.]
02-22 01:14:29.554 I/am_uid_idle( 1521): 10030
02-22 01:14:29.568 I/am_wtf ( 1521): [0,1521,system_server,-1,DisplayDeviceConfig,requesting nits when no mapping exists.]
02-22 01:14:29.569 I/am_wtf ( 1521): [0,1521,system_server,-1,DisplayDeviceConfig,requesting nits when no mapping exists.]
02-22 01:14:29.588 I/am_wtf ( 1521): [0,1521,system_server,-1,DisplayDeviceConfig,requesting nits when no mapping exists.]
02-22 01:14:29.589 I/am_wtf ( 1521): [0,1521,system_server,-1,DisplayDeviceConfig,requesting nits when no mapping exists.]
02-22 01:14:29.601 I/am_wtf ( 1521): [0,1521,system_server,-1,DisplayDeviceConfig,requesting nits when no mapping exists.]
02-22 01:14:29.601 I/am_wtf ( 1521): [0,1521,system_server,-1,DisplayDeviceConfig,requesting nits when no mapping exists.]
02-22 01:14:29.618 I/am_wtf ( 1521): [0,1521,system_server,-1,DisplayDeviceConfig,requesting nits when no mapping exists.]
02-22 01:14:29.619 I/am_wtf ( 1521): [0,1521,system_server,-1,DisplayDeviceConfig,requesting nits when no mapping exists.]
02-22 01:14:29.665 I/sysui_multi_action( 1972): [757,219,758,4,759,83]
02-22 01:14:29.669 I/commit_sys_config_file( 1521): [display-state,43981]
02-22 01:14:29.878 I/commit_sys_config_file( 1521): [settings-1-0,6]
02-22 01:14:30.122 I/am_wtf ( 1521): [0,1521,system_server,-1,DisplayDeviceConfig,requesting nits when no mapping exists.]
02-22 01:14:30.123 I/am_wtf ( 1521): [0,1521,system_server,-1,DisplayDeviceConfig,requesting nits when no mapping exists.]
02-22 01:14:30.140 I/am_wtf ( 1521): [0,1521,system_server,-1,DisplayDeviceConfig,requesting nits when no mapping exists.]
02-22 01:14:30.141 I/am_wtf ( 1521): [0,1521,system_server,-1,DisplayDeviceConfig,requesting nits when no mapping exists.]
02-22 01:14:30.152 I/am_wtf ( 1521): [0,1521,system_server,-1,DisplayDeviceConfig,requesting nits when no mapping exists.]
02-22 01:14:30.153 I/am_wtf ( 1521): [0,1521,system_server,-1,DisplayDeviceConfig,requesting nits when no mapping exists.]
02-22 01:14:30.169 I/am_wtf ( 1521): [0,1521,system_server,-1,DisplayDeviceConfig,requesting nits when no mapping exists.]
02-22 01:14:30.170 I/am_wtf ( 1521): [0,1521,system_server,-1,DisplayDeviceConfig,requesting nits when no mapping exists.]
02-22 01:14:30.186 I/am_wtf ( 1521): [0,1521,system_server,-1,DisplayDeviceConfig,requesting nits when no mapping exists.]
02-22 01:14:30.187 I/am_wtf ( 1521): [0,1521,system_server,-1,DisplayDeviceConfig,requesting nits when no mapping exists.]
02-22 01:14:30.203 I/am_wtf ( 1521): [0,1521,system_server,-1,DisplayDeviceConfig,requesting nits when no mapping exists.]
02-22 01:14:30.204 I/am_wtf ( 1521): [0,1521,system_server,-1,DisplayDeviceConfig,requesting nits when no mapping exists.]
02-22 01:14:30.220 I/am_wtf ( 1521): [0,1521,system_server,-1,DisplayDeviceConfig,requesting nits when no mapping exists.]
02-22 01:14:30.221 I/am_wtf ( 1521): [0,1521,system_server,-1,DisplayDeviceConfig,requesting nits when no mapping exists.]
02-22 01:14:30.236 I/am_wtf ( 1521): [0,1521,system_server,-1,DisplayDeviceConfig,requesting nits when no mapping exists.]
02-22 01:14:30.240 I/am_wtf ( 1521): [0,1521,system_server,-1,DisplayDeviceConfig,requesting nits when no mapping exists.]
02-22 01:14:30.256 I/am_wtf ( 1521): [0,1521,system_server,-1,DisplayDeviceConfig,requesting nits when no mapping exists.]
02-22 01:14:30.257 I/am_wtf ( 1521): [0,1521,system_server,-1,DisplayDeviceConfig,requesting nits when no mapping exists.]
02-22 01:14:30.297 I/sysui_multi_action( 1972): [757,219,758,4,759,8]
02-22 01:14:30.301 I/commit_sys_config_file( 1521): [display-state,44614]
02-22 01:14:30.509 I/commit_sys_config_file( 1521): [settings-1-0,6]
02-22 01:14:30.640 I/am_wtf ( 1521): [0,1521,system_server,-1,DisplayDeviceConfig,requesting nits when no mapping exists.]
02-22 01:14:30.640 I/am_wtf ( 1521): [0,1521,system_server,-1,DisplayDeviceConfig,requesting nits when no mapping exists.]
02-22 01:14:30.654 I/am_wtf ( 1521): [0,1521,system_server,-1,DisplayDeviceConfig,requesting nits when no mapping exists.]
02-22 01:14:30.655 I/am_wtf ( 1521): [0,1521,system_server,-1,DisplayDeviceConfig,requesting nits when no mapping exists.]
02-22 01:14:30.670 I/am_wtf ( 1521): [0,1521,system_server,-1,DisplayDeviceConfig,requesting nits when no mapping exists.]
02-22 01:14:30.673 I/am_wtf ( 1521): [0,1521,system_server,-1,DisplayDeviceConfig,requesting nits when no mapping exists.]
02-22 01:14:30.688 I/am_wtf ( 1521): [0,1521,system_server,-1,DisplayDeviceConfig,requesting nits when no mapping exists.]
02-22 01:14:30.691 I/am_wtf ( 1521): [0,1521,system_server,-1,DisplayDeviceConfig,requesting nits when no mapping exists.]
02-22 01:14:30.704 I/am_wtf ( 1521): [0,1521,system_server,-1,DisplayDeviceConfig,requesting nits when no mapping exists.]
02-22 01:14:30.705 I/am_wtf ( 1521): [0,1521,system_server,-1,DisplayDeviceConfig,requesting nits when no mapping exists.]
02-22 01:14:30.723 I/am_wtf ( 1521): [0,1521,system_server,-1,DisplayDeviceConfig,requesting nits when no mapping exists.]
02-22 01:14:30.724 I/am_wtf ( 1521): [0,1521,system_server,-1,DisplayDeviceConfig,requesting nits when no mapping exists.]
02-22 01:14:30.737 I/am_wtf ( 1521): [0,1521,system_server,-1,DisplayDeviceConfig,requesting nits when no mapping exists.]
02-22 01:14:30.738 I/am_wtf ( 1521): [0,1521,system_server,-1,DisplayDeviceConfig,requesting nits when no mapping exists.]
02-22 01:14:30.754 I/am_wtf ( 1521): [0,1521,system_server,-1,DisplayDeviceConfig,requesting nits when no mapping exists.]
02-22 01:14:30.755 I/am_wtf ( 1521): [0,1521,system_server,-1,DisplayDeviceConfig,requesting nits when no mapping exists.]
02-22 01:14:30.771 I/am_wtf ( 1521): [0,1521,system_server,-1,DisplayDeviceConfig,requesting nits when no mapping exists.]
02-22 01:14:30.771 I/am_wtf ( 1521): [0,1521,system_server,-1,DisplayDeviceConfig,requesting nits when no mapping exists.]
02-22 01:14:30.819 I/sysui_multi_action( 1972): [757,219,758,4,759,84]
02-22 01:14:30.823 I/commit_sys_config_file( 1521): [display-state,45136]
02-22 01:14:31.031 I/commit_sys_config_file( 1521): [settings-1-0,6]
02-22 01:14:31.211 I/service_manager_stats( 1521): [132,70,5188]
02-22 01:14:31.258 I/am_wtf ( 1521): [0,1521,system_server,-1,DisplayDeviceConfig,requesting nits when no mapping exists.]
02-22 01:14:31.259 I/am_wtf ( 1521): [0,1521,system_server,-1,DisplayDeviceConfig,requesting nits when no mapping exists.]
02-22 01:14:31.273 I/am_wtf ( 1521): [0,1521,system_server,-1,DisplayDeviceConfig,requesting nits when no mapping exists.]
02-22 01:14:31.273 I/am_wtf ( 1521): [0,1521,system_server,-1,DisplayDeviceConfig,requesting nits when no mapping exists.]
02-22 01:14:31.289 I/am_wtf ( 1521): [0,1521,system_server,-1,DisplayDeviceConfig,requesting nits when no mapping exists.]
02-22 01:14:31.289 I/am_wtf ( 1521): [0,1521,system_server,-1,DisplayDeviceConfig,requesting nits when no mapping exists.]
02-22 01:14:31.305 I/am_wtf ( 1521): [0,1521,system_server,-1,DisplayDeviceConfig,requesting nits when no mapping exists.]
02-22 01:14:31.306 I/am_wtf ( 1521): [0,1521,system_server,-1,DisplayDeviceConfig,requesting nits when no mapping exists.]
02-22 01:14:31.322 I/am_wtf ( 1521): [0,1521,system_server,-1,DisplayDeviceConfig,requesting nits when no mapping exists.]
02-22 01:14:31.323 I/am_wtf ( 1521): [0,1521,system_server,-1,DisplayDeviceConfig,requesting nits when no mapping exists.]
02-22 01:14:31.339 I/am_wtf ( 1521): [0,1521,system_server,-1,DisplayDeviceConfig,requesting nits when no mapping exists.]
02-22 01:14:31.340 I/am_wtf ( 1521): [0,1521,system_server,-1,DisplayDeviceConfig,requesting nits when no mapping exists.]
02-22 01:14:31.356 I/am_wtf ( 1521): [0,1521,system_server,-1,DisplayDeviceConfig,requesting nits when no mapping exists.]
02-22 01:14:31.357 I/am_wtf ( 1521): [0,1521,system_server,-1,DisplayDeviceConfig,requesting nits when no mapping exists.]
02-22 01:14:31.374 I/am_wtf ( 1521): [0,1521,system_server,-1,DisplayDeviceConfig,requesting nits when no mapping exists.]
02-22 01:14:31.374 I/am_wtf ( 1521): [0,1521,system_server,-1,DisplayDeviceConfig,requesting nits when no mapping exists.]
02-22 01:14:31.389 I/am_wtf ( 1521): [0,1521,system_server,-1,DisplayDeviceConfig,requesting nits when no mapping exists.]
02-22 01:14:31.390 I/am_wtf ( 1521): [0,1521,system_server,-1,DisplayDeviceConfig,requesting nits when no mapping exists.]
02-22 01:14:31.405 I/am_wtf ( 1521): [0,1521,system_server,-1,DisplayDeviceConfig,requesting nits when no mapping exists.]
02-22 01:14:31.406 I/am_wtf ( 1521): [0,1521,system_server,-1,DisplayDeviceConfig,requesting nits when no mapping exists.]
02-22 01:14:31.422 I/am_wtf ( 1521): [0,1521,system_server,-1,DisplayDeviceConfig,requesting nits when no mapping exists.]
02-22 01:14:31.423 I/am_wtf ( 1521): [0,1521,system_server,-1,DisplayDeviceConfig,requesting nits when no mapping exists.]
02-22 01:14:31.439 I/am_wtf ( 1521): [0,1521,system_server,-1,DisplayDeviceConfig,requesting nits when no mapping exists.]
02-22 01:14:31.439 I/am_wtf ( 1521): [0,1521,system_server,-1,DisplayDeviceConfig,requesting nits when no mapping exists.]
02-22 01:14:31.456 I/am_wtf ( 1521): [0,1521,system_server,-1,DisplayDeviceConfig,requesting nits when no mapping exists.]
02-22 01:14:31.458 I/am_wtf ( 1521): [0,1521,system_server,-1,DisplayDeviceConfig,requesting nits when no mapping exists.]
02-22 01:14:31.506 I/sysui_multi_action( 1972): [757,219,758,4,759,1]
02-22 01:14:31.512 I/commit_sys_config_file( 1521): [display-state,45824]
02-22 01:14:31.719 I/commit_sys_config_file( 1521): [settings-1-0,5]
02-22 01:14:32.075 I/am_wtf ( 1521): [0,1521,system_server,-1,DisplayDeviceConfig,requesting nits when no mapping exists.]
02-22 01:14:32.076 I/am_wtf ( 1521): [0,1521,system_server,-1,DisplayDeviceConfig,requesting nits when no mapping exists.]
02-22 01:14:32.091 I/am_wtf ( 1521): [0,1521,system_server,-1,DisplayDeviceConfig,requesting nits when no mapping exists.]
02-22 01:14:32.092 I/am_wtf ( 1521): [0,1521,system_server,-1,DisplayDeviceConfig,requesting nits when no mapping exists.]
02-22 01:14:32.108 I/am_wtf ( 1521): [0,1521,system_server,-1,DisplayDeviceConfig,requesting nits when no mapping exists.]
02-22 01:14:32.108 I/am_wtf ( 1521): [0,1521,system_server,-1,DisplayDeviceConfig,requesting nits when no mapping exists.]
02-22 01:14:32.124 I/am_wtf ( 1521): [0,1521,system_server,-1,DisplayDeviceConfig,requesting nits when no mapping exists.]
02-22 01:14:32.125 I/am_wtf ( 1521): [0,1521,system_server,-1,DisplayDeviceConfig,requesting nits when no mapping exists.]
02-22 01:14:32.141 I/am_wtf ( 1521): [0,1521,system_server,-1,DisplayDeviceConfig,requesting nits when no mapping exists.]
02-22 01:14:32.142 I/am_wtf ( 1521): [0,1521,system_server,-1,DisplayDeviceConfig,requesting nits when no mapping exists.]
02-22 01:14:32.159 I/am_wtf ( 1521): [0,1521,system_server,-1,DisplayDeviceConfig,requesting nits when no mapping exists.]
02-22 01:14:32.160 I/am_wtf ( 1521): [0,1521,system_server,-1,DisplayDeviceConfig,requesting nits when no mapping exists.]
02-22 01:14:32.176 I/am_wtf ( 1521): [0,1521,system_server,-1,DisplayDeviceConfig,requesting nits when no mapping exists.]
02-22 01:14:32.177 I/am_wtf ( 1521): [0,1521,system_server,-1,DisplayDeviceConfig,requesting nits when no mapping exists.]
02-22 01:14:32.191 I/am_wtf ( 1521): [0,1521,system_server,-1,DisplayDeviceConfig,requesting nits when no mapping exists.]
02-22 01:14:32.192 I/am_wtf ( 1521): [0,1521,system_server,-1,DisplayDeviceConfig,requesting nits when no mapping exists.]
02-22 01:14:32.208 I/am_wtf ( 1521): [0,1521,system_server,-1,DisplayDeviceConfig,requesting nits when no mapping exists.]
02-22 01:14:32.210 I/am_wtf ( 1521): [0,1521,system_server,-1,DisplayDeviceConfig,requesting nits when no mapping exists.]
02-22 01:14:32.224 I/am_wtf ( 1521): [0,1521,system_server,-1,DisplayDeviceConfig,requesting nits when no mapping exists.]
02-22 01:14:32.224 I/am_wtf ( 1521): [0,1521,system_server,-1,DisplayDeviceConfig,requesting nits when no mapping exists.]
02-22 01:14:32.241 I/am_wtf ( 1521): [0,1521,system_server,-1,DisplayDeviceConfig,requesting nits when no mapping exists.]
02-22 01:14:32.242 I/am_wtf ( 1521): [0,1521,system_server,-1,DisplayDeviceConfig,requesting nits when no mapping exists.]
02-22 01:14:32.276 I/sysui_multi_action( 1972): [757,219,758,4,759,91]
02-22 01:14:32.280 I/commit_sys_config_file( 1521): [display-state,46592]
02-22 01:14:32.488 I/commit_sys_config_file( 1521): [settings-1-0,6]
02-22 01:14:32.647 I/am_uid_idle( 1521): 10062
02-22 01:14:32.752 I/am_uid_idle( 1521): 10068
02-22 01:14:32.894 I/am_wtf ( 1521): [0,1521,system_server,-1,DisplayDeviceConfig,requesting nits when no mapping exists.]
02-22 01:14:32.894 I/am_wtf ( 1521): [0,1521,system_server,-1,DisplayDeviceConfig,requesting nits when no mapping exists.]
02-22 01:14:32.909 I/am_wtf ( 1521): [0,1521,system_server,-1,DisplayDeviceConfig,requesting nits when no mapping exists.]
02-22 01:14:32.909 I/am_wtf ( 1521): [0,1521,system_server,-1,DisplayDeviceConfig,requesting nits when no mapping exists.]
02-22 01:14:32.924 I/am_uid_idle( 1521): 10034
02-22 01:14:32.927 I/am_wtf ( 1521): [0,1521,system_server,-1,DisplayDeviceConfig,requesting nits when no mapping exists.]
02-22 01:14:32.927 I/am_wtf ( 1521): [0,1521,system_server,-1,DisplayDeviceConfig,requesting nits when no mapping exists.]
02-22 01:14:32.942 I/am_wtf ( 1521): [0,1521,system_server,-1,DisplayDeviceConfig,requesting nits when no mapping exists.]
02-22 01:14:32.943 I/am_wtf ( 1521): [0,1521,system_server,-1,DisplayDeviceConfig,requesting nits when no mapping exists.]
02-22 01:14:32.959 I/am_wtf ( 1521): [0,1521,system_server,-1,DisplayDeviceConfig,requesting nits when no mapping exists.]
02-22 01:14:32.960 I/am_wtf ( 1521): [0,1521,system_server,-1,DisplayDeviceConfig,requesting nits when no mapping exists.]
02-22 01:14:32.977 I/am_wtf ( 1521): [0,1521,system_server,-1,DisplayDeviceConfig,requesting nits when no mapping exists.]
02-22 01:14:32.980 I/am_wtf ( 1521): [0,1521,system_server,-1,DisplayDeviceConfig,requesting nits when no mapping exists.]
02-22 01:14:32.993 I/am_wtf ( 1521): [0,1521,system_server,-1,DisplayDeviceConfig,requesting nits when no mapping exists.]
02-22 01:14:32.993 I/am_wtf ( 1521): [0,1521,system_server,-1,DisplayDeviceConfig,requesting nits when no mapping exists.]
02-22 01:14:33.009 I/am_uid_idle( 1521): 10087
02-22 01:14:33.009 I/am_wtf ( 1521): [0,1521,system_server,-1,DisplayDeviceConfig,requesting nits when no mapping exists.]
02-22 01:14:33.012 I/am_wtf ( 1521): [0,1521,system_server,-1,DisplayDeviceConfig,requesting nits when no mapping exists.]
02-22 01:14:33.027 I/am_wtf ( 1521): [0,1521,system_server,-1,DisplayDeviceConfig,requesting nits when no mapping exists.]
02-22 01:14:33.029 I/am_wtf ( 1521): [0,1521,system_server,-1,DisplayDeviceConfig,requesting nits when no mapping exists.]
02-22 01:14:33.059 I/sysui_multi_action( 1972): [757,219,758,4,759,14]
02-22 01:14:33.063 I/commit_sys_config_file( 1521): [display-state,47375]
02-22 01:14:33.074 I/am_uid_idle( 1521): 10059
02-22 01:14:33.122 I/am_uid_idle( 1521): 10022
02-22 01:14:33.258 I/am_uid_idle( 1521): 10026
02-22 01:14:33.272 I/commit_sys_config_file( 1521): [settings-1-0,6]
02-22 01:14:33.320 I/am_uid_idle( 1521): 10017
02-22 01:14:33.350 I/am_uid_idle( 1521): 2000
02-22 01:14:33.562 I/am_wtf ( 1521): [0,1521,system_server,-1,DisplayDeviceConfig,requesting nits when no mapping exists.]
02-22 01:14:33.563 I/am_wtf ( 1521): [0,1521,system_server,-1,DisplayDeviceConfig,requesting nits when no mapping exists.]
02-22 01:14:33.577 I/am_wtf ( 1521): [0,1521,system_server,-1,DisplayDeviceConfig,requesting nits when no mapping exists.]
02-22 01:14:33.578 I/am_wtf ( 1521): [0,1521,system_server,-1,DisplayDeviceConfig,requesting nits when no mapping exists.]
02-22 01:14:33.594 I/am_wtf ( 1521): [0,1521,system_server,-1,DisplayDeviceConfig,requesting nits when no mapping exists.]
02-22 01:14:33.595 I/am_wtf ( 1521): [0,1521,system_server,-1,DisplayDeviceConfig,requesting nits when no mapping exists.]
02-22 01:14:33.614 I/am_wtf ( 1521): [0,1521,system_server,-1,DisplayDeviceConfig,requesting nits when no mapping exists.]
02-22 01:14:33.615 I/am_wtf ( 1521): [0,1521,system_server,-1,DisplayDeviceConfig,requesting nits when no mapping exists.]
02-22 01:14:33.627 I/am_wtf ( 1521): [0,1521,system_server,-1,DisplayDeviceConfig,requesting nits when no mapping exists.]
02-22 01:14:33.628 I/am_wtf ( 1521): [0,1521,system_server,-1,DisplayDeviceConfig,requesting nits when no mapping exists.]
02-22 01:14:33.644 I/am_wtf ( 1521): [0,1521,system_server,-1,DisplayDeviceConfig,requesting nits when no mapping exists.]
02-22 01:14:33.645 I/am_wtf ( 1521): [0,1521,system_server,-1,DisplayDeviceConfig,requesting nits when no mapping exists.]
02-22 01:14:33.662 I/am_wtf ( 1521): [0,1521,system_server,-1,DisplayDeviceConfig,requesting nits when no mapping exists.]
02-22 01:14:33.662 I/am_wtf ( 1521): [0,1521,system_server,-1,DisplayDeviceConfig,requesting nits when no mapping exists.]
02-22 01:14:33.678 I/am_wtf ( 1521): [0,1521,system_server,-1,DisplayDeviceConfig,requesting nits when no mapping exists.]
02-22 01:14:33.679 I/am_wtf ( 1521): [0,1521,system_server,-1,DisplayDeviceConfig,requesting nits when no mapping exists.]
02-22 01:14:33.719 I/sysui_multi_action( 1972): [757,219,758,4,759,83]
02-22 01:14:33.723 I/commit_sys_config_file( 1521): [display-state,48035]
02-22 01:14:33.766 I/am_uid_idle( 1521): 10086
02-22 01:14:33.772 I/am_uid_idle( 1521): 10058
02-22 01:14:33.809 I/am_uid_idle( 1521): 10088
02-22 01:14:33.932 I/commit_sys_config_file( 1521): [settings-1-0,6]
02-22 01:14:34.180 I/am_wtf ( 1521): [0,1521,system_server,-1,DisplayDeviceConfig,requesting nits when no mapping exists.]
02-22 01:14:34.181 I/am_wtf ( 1521): [0,1521,system_server,-1,DisplayDeviceConfig,requesting nits when no mapping exists.]
02-22 01:14:34.196 I/am_wtf ( 1521): [0,1521,system_server,-1,DisplayDeviceConfig,requesting nits when no mapping exists.]
02-22 01:14:34.196 I/am_wtf ( 1521): [0,1521,system_server,-1,DisplayDeviceConfig,requesting nits when no mapping exists.]
02-22 01:14:34.212 I/am_wtf ( 1521): [0,1521,system_server,-1,DisplayDeviceConfig,requesting nits when no mapping exists.]
02-22 01:14:34.213 I/am_wtf ( 1521): [0,1521,system_server,-1,DisplayDeviceConfig,requesting nits when no mapping exists.]
02-22 01:14:34.228 I/am_wtf ( 1521): [0,1521,system_server,-1,DisplayDeviceConfig,requesting nits when no mapping exists.]
02-22 01:14:34.229 I/am_wtf ( 1521): [0,1521,system_server,-1,DisplayDeviceConfig,requesting nits when no mapping exists.]
02-22 01:14:34.245 I/am_wtf ( 1521): [0,1521,system_server,-1,DisplayDeviceConfig,requesting nits when no mapping exists.]
02-22 01:14:34.246 I/am_wtf ( 1521): [0,1521,system_server,-1,DisplayDeviceConfig,requesting nits when no mapping exists.]
02-22 01:14:34.263 I/am_wtf ( 1521): [0,1521,system_server,-1,DisplayDeviceConfig,requesting nits when no mapping exists.]
02-22 01:14:34.264 I/am_wtf ( 1521): [0,1521,system_server,-1,DisplayDeviceConfig,requesting nits when no mapping exists.]
02-22 01:14:34.279 I/am_wtf ( 1521): [0,1521,system_server,-1,DisplayDeviceConfig,requesting nits when no mapping exists.]
02-22 01:14:34.280 I/am_wtf ( 1521): [0,1521,system_server,-1,DisplayDeviceConfig,requesting nits when no mapping exists.]
02-22 01:14:34.296 I/am_wtf ( 1521): [0,1521,system_server,-1,DisplayDeviceConfig,requesting nits when no mapping exists.]
02-22 01:14:34.297 I/am_wtf ( 1521): [0,1521,system_server,-1,DisplayDeviceConfig,requesting nits when no mapping exists.]
02-22 01:14:34.313 I/am_wtf ( 1521): [0,1521,system_server,-1,DisplayDeviceConfig,requesting nits when no mapping exists.]
02-22 01:14:34.313 I/am_wtf ( 1521): [0,1521,system_server,-1,DisplayDeviceConfig,requesting nits when no mapping exists.]
02-22 01:14:34.330 I/am_wtf ( 1521): [0,1521,system_server,-1,DisplayDeviceConfig,requesting nits when no mapping exists.]
02-22 01:14:34.331 I/am_wtf ( 1521): [0,1521,system_server,-1,DisplayDeviceConfig,requesting nits when no mapping exists.]
02-22 01:14:34.365 I/sysui_multi_action( 1972): [757,219,758,4,759,5]
02-22 01:14:34.369 I/commit_sys_config_file( 1521): [display-state,48681]
02-22 01:14:34.577 I/commit_sys_config_file( 1521): [settings-1-0,6]
02-22 01:14:34.681 I/am_wtf ( 1521): [0,1521,system_server,-1,DisplayDeviceConfig,requesting nits when no mapping exists.]
02-22 01:14:34.682 I/am_wtf ( 1521): [0,1521,system_server,-1,DisplayDeviceConfig,requesting nits when no mapping exists.]
02-22 01:14:34.696 I/am_wtf ( 1521): [0,1521,system_server,-1,DisplayDeviceConfig,requesting nits when no mapping exists.]
02-22 01:14:34.697 I/am_wtf ( 1521): [0,1521,system_server,-1,DisplayDeviceConfig,requesting nits when no mapping exists.]
02-22 01:14:34.713 I/am_wtf ( 1521): [0,1521,system_server,-1,DisplayDeviceConfig,requesting nits when no mapping exists.]
02-22 01:14:34.714 I/am_wtf ( 1521): [0,1521,system_server,-1,DisplayDeviceConfig,requesting nits when no mapping exists.]
02-22 01:14:34.730 I/am_wtf ( 1521): [0,1521,system_server,-1,DisplayDeviceConfig,requesting nits when no mapping exists.]
02-22 01:14:34.731 I/am_wtf ( 1521): [0,1521,system_server,-1,DisplayDeviceConfig,requesting nits when no mapping exists.]
02-22 01:14:34.750 I/am_wtf ( 1521): [0,1521,system_server,-1,DisplayDeviceConfig,requesting nits when no mapping exists.]
02-22 01:14:34.751 I/am_wtf ( 1521): [0,1521,system_server,-1,DisplayDeviceConfig,requesting nits when no mapping exists.]
02-22 01:14:34.764 I/am_wtf ( 1521): [0,1521,system_server,-1,DisplayDeviceConfig,requesting nits when no mapping exists.]
02-22 01:14:34.767 I/am_wtf ( 1521): [0,1521,system_server,-1,DisplayDeviceConfig,requesting nits when no mapping exists.]
02-22 01:14:34.781 I/am_wtf ( 1521): [0,1521,system_server,-1,DisplayDeviceConfig,requesting nits when no mapping exists.]
02-22 01:14:34.781 I/am_wtf ( 1521): [0,1521,system_server,-1,DisplayDeviceConfig,requesting nits when no mapping exists.]
02-22 01:14:34.797 I/am_wtf ( 1521): [0,1521,system_server,-1,DisplayDeviceConfig,requesting nits when no mapping exists.]
02-22 01:14:34.797 I/am_wtf ( 1521): [0,1521,system_server,-1,DisplayDeviceConfig,requesting nits when no mapping exists.]
02-22 01:14:34.814 I/am_wtf ( 1521): [0,1521,system_server,-1,DisplayDeviceConfig,requesting nits when no mapping exists.]
02-22 01:14:34.815 I/am_wtf ( 1521): [0,1521,system_server,-1,DisplayDeviceConfig,requesting nits when no mapping exists.]
02-22 01:14:34.860 I/sysui_multi_action( 1972): [757,219,758,4,759,90]
02-22 01:14:34.864 I/commit_sys_config_file( 1521): [display-state,49176]
02-22 01:14:35.073 I/commit_sys_config_file( 1521): [settings-1-0,6]
02-22 01:14:35.383 I/am_wtf ( 1521): [0,1521,system_server,-1,DisplayDeviceConfig,requesting nits when no mapping exists.]
02-22 01:14:35.383 I/am_wtf ( 1521): [0,1521,system_server,-1,DisplayDeviceConfig,requesting nits when no mapping exists.]
02-22 01:14:35.398 I/am_wtf ( 1521): [0,1521,system_server,-1,DisplayDeviceConfig,requesting nits when no mapping exists.]
02-22 01:14:35.399 I/am_wtf ( 1521): [0,1521,system_server,-1,DisplayDeviceConfig,requesting nits when no mapping exists.]
02-22 01:14:35.415 I/am_wtf ( 1521): [0,1521,system_server,-1,DisplayDeviceConfig,requesting nits when no mapping exists.]
02-22 01:14:35.416 I/am_wtf ( 1521): [0,1521,system_server,-1,DisplayDeviceConfig,requesting nits when no mapping exists.]
02-22 01:14:35.432 I/am_wtf ( 1521): [0,1521,system_server,-1,DisplayDeviceConfig,requesting nits when no mapping exists.]
02-22 01:14:35.432 I/am_wtf ( 1521): [0,1521,system_server,-1,DisplayDeviceConfig,requesting nits when no mapping exists.]
02-22 01:14:35.449 I/am_wtf ( 1521): [0,1521,system_server,-1,DisplayDeviceConfig,requesting nits when no mapping exists.]
02-22 01:14:35.452 I/am_wtf ( 1521): [0,1521,system_server,-1,DisplayDeviceConfig,requesting nits when no mapping exists.]
02-22 01:14:35.465 I/am_wtf ( 1521): [0,1521,system_server,-1,DisplayDeviceConfig,requesting nits when no mapping exists.]
02-22 01:14:35.466 I/am_wtf ( 1521): [0,1521,system_server,-1,DisplayDeviceConfig,requesting nits when no mapping exists.]
02-22 01:14:35.482 I/am_wtf ( 1521): [0,1521,system_server,-1,DisplayDeviceConfig,requesting nits when no mapping exists.]
02-22 01:14:35.482 I/am_wtf ( 1521): [0,1521,system_server,-1,DisplayDeviceConfig,requesting nits when no mapping exists.]
