02-22 01:18:26.334 I/am_wtf ( 1521): [0,4491,com.android.settings,952647173,RoleParser,com.android.permissioncontroller.role.model.HomeRoleBehavior]
02-22 01:18:26.338 I/am_wtf ( 1521): [0,4491,com.android.settings,952647173,RoleParser,com.android.permissioncontroller.role.model.SystemAutomotiveClusterRoleBehavior]
02-22 01:18:26.339 I/am_wtf ( 1521): [0,4491,com.android.settings,952647173,RoleParser,com.android.permissioncontroller.role.model.CompanionDeviceWatchRoleBehavior]
02-22 01:18:26.341 I/am_wtf ( 1521): [0,4491,com.android.settings,952647173,RoleParser,com.android.permissioncontroller.role.model.SystemShellRoleBehavior]
02-22 01:18:26.344 I/am_wtf ( 1521): [0,4491,com.android.settings,952647173,RoleParser,com.android.permissioncontroller.role.model.TelevisionRoleBehavior]
02-22 01:18:26.349 I/am_wtf ( 1521): [0,4491,com.android.settings,952647173,RoleParser,com.android.permissioncontroller.role.model.TelevisionRoleBehavior]
02-22 01:19:05.613 I/service_manager_stats( 1521): [100,24,48283]
02-22 01:19:06.243 I/input_interaction( 1521): Interaction with: 2ea66f5 StatusBar (server), edge-swipe (server), swipe-up (server), PointerEventDispatcher0 (server),
02-22 01:19:06.246 I/sysui_multi_action( 1972): [757,803,799,panel_open,802,1]
02-22 01:19:06.247 I/sysui_multi_action( 1972): [757,1328,758,4,1326,49,1327,1,1329,0]
02-22 01:19:06.303 I/sysui_multi_action( 1521): [757,127,758,1]
02-22 01:19:06.303 I/sysui_multi_action( 1521): [757,804,799,note_load,801,3,802,1]
02-22 01:19:06.304 I/notification_panel_revealed( 1521): 3
02-22 01:19:06.316 I/input_focus( 1521): [Focus request 36c1000 NotificationShade,reason=UpdateInputWindows]
02-22 01:19:06.326 I/sysui_multi_action( 1521): [757,128,758,1,793,357384,794,0,795,357384,796,26,798,0,806,android,857,DEVELOPER_IMPORTANT,858,4,947,0,1395,3,1500,357014,1688,1]
02-22 01:19:06.327 I/sysui_multi_action( 1521): [757,804,799,note_freshness,801,357384,802,1]
02-22 01:19:06.327 I/notification_visibility( 1521): [-1|android|26|null|1000,1,357384,357384,0,0]
02-22 01:19:06.327 I/sysui_multi_action( 1521): [757,128,758,1,793,352471,794,0,795,352471,796,17303299,797,com.android.wifi,798,1,806,android,857,NETWORK_AVAILABLE,858,2,947,0,1395,3,1500,352270,1688,1]
02-22 01:19:06.327 I/sysui_multi_action( 1521): [757,804,799,note_freshness,801,352471,802,1]
02-22 01:19:06.327 I/notification_visibility( 1521): [0|android|17303299|com.android.wifi|1000,1,352471,352471,0,1]
02-22 01:19:06.327 I/sysui_multi_action( 1521): [757,128,758,1,793,357947,794,0,795,357947,796,32,798,2,806,android,857,USB,858,1,947,0,1395,3,1500,357692,1688,1]
02-22 01:19:06.327 I/sysui_multi_action( 1521): [757,804,799,note_freshness,801,357947,802,1]
02-22 01:19:06.327 I/notification_visibility( 1521): [-1|android|32|null|1000,1,357947,357947,0,2]
02-22 01:19:06.334 I/input_focus( 1521): [Focus leaving ad16e1f com.android.launcher3/com.android.launcher3.uioverrides.QuickstepLauncher (server),reason=setFocusedWindow]
02-22 01:19:06.334 I/input_focus( 1521): [Focus entering 36c1000 NotificationShade (server),reason=setFocusedWindow]
02-22 01:19:06.365 I/sysui_multi_action( 1972): [757,111,758,1]
02-22 01:19:06.365 I/sysui_multi_action( 1972): [757,126,758,1,759,126,927,0,928,1,1593,0]
02-22 01:19:06.365 I/sysui_multi_action( 1972): [757,113,758,1,759,113,927,1,928,1,1593,0]
02-22 01:19:06.365 I/sysui_multi_action( 1972): [757,0,758,1,759,0,927,2,928,0,1593,0]
02-22 01:19:06.366 I/sysui_multi_action( 1972): [757,0,758,1,759,0,927,3,928,0,1593,0]
02-22 01:19:06.366 I/sysui_multi_action( 1972): [757,491,758,1,759,491,927,4,928,0,1311,-1,1593,0]
02-22 01:19:06.366 I/sysui_multi_action( 1972): [757,0,758,1,759,0,927,5,928,0,1593,0]
02-22 01:19:06.366 I/sysui_multi_action( 1972): [757,111,758,1]
02-22 01:19:06.366 I/sysui_multi_action( 1972): [757,126,758,1,759,126,927,0,928,1,1593,0]
02-22 01:19:06.366 I/sysui_multi_action( 1972): [757,113,758,1,759,113,927,1,928,1,1593,0]
02-22 01:19:06.367 I/sysui_multi_action( 1972): [757,0,758,1,759,0,927,2,928,0,1593,0]
02-22 01:19:06.367 I/sysui_multi_action( 1972): [757,0,758,1,759,0,927,3,928,0,1593,0]
02-22 01:19:07.231 I/input_interaction( 1521): Interaction with: 36c1000 NotificationShade (server), edge-swipe (server), swipe-up (server), PointerEventDispatcher0 (server),
02-22 01:19:07.642 I/sysui_multi_action( 1972): [757,111,758,2]
02-22 01:19:07.642 I/notification_enqueue( 1521): [10078,1972,com.android.systemui,2048,NULL,0,Notification(channel=updateNotification shortcut=null contentView=null vibrate=null sound=null defaults=0x0 flags=0x0 color=0x00000000 vis=PRIVATE),1]
02-22 01:19:07.644 I/sysui_multi_action( 1972): [757,111,758,2]
02-22 01:19:07.854 I/input_focus( 1521): [Focus request ad16e1f com.android.launcher3/com.android.launcher3.uioverrides.QuickstepLauncher,reason=UpdateInputWindows]
02-22 01:19:07.859 I/sysui_multi_action( 1521): [757,128,758,2,793,358917,794,1533,795,358917,796,26,798,0,806,android,857,DEVELOPER_IMPORTANT,858,4,947,0,1395,3,1500,358547,1688,1]
02-22 01:19:07.859 I/notification_visibility( 1521): [-1|android|26|null|1000,0,358917,358917,0,0]
02-22 01:19:07.860 I/sysui_multi_action( 1521): [757,128,758,2,793,354004,794,1533,795,354004,796,17303299,797,com.android.wifi,798,1,806,android,857,NETWORK_AVAILABLE,858,2,947,0,1395,3,1500,353803,1688,1]
02-22 01:19:07.860 I/notification_visibility( 1521): [0|android|17303299|com.android.wifi|1000,0,354004,354004,0,1]
02-22 01:19:07.860 I/sysui_multi_action( 1521): [757,128,758,2,793,359480,794,1533,795,359480,796,32,798,2,806,android,857,USB,858,1,947,0,1395,3,1500,359225,1688,1]
02-22 01:19:07.860 I/notification_visibility( 1521): [-1|android|32|null|1000,0,359480,359480,0,2]
02-22 01:19:07.864 I/sysui_multi_action( 1521): [757,127,758,2]
02-22 01:19:07.864 I/notification_panel_hidden( 1521):
02-22 01:19:07.870 I/input_focus( 1521): [Focus leaving 36c1000 NotificationShade (server),reason=NO_WINDOW]
02-22 01:19:07.887 I/input_focus( 1521): [Focus entering ad16e1f com.android.launcher3/com.android.launcher3.uioverrides.QuickstepLauncher (server),reason=setFocusedWindow]
02-22 01:19:08.196 I/input_interaction( 1521): Interaction with: ad16e1f com.android.launcher3/com.android.launcher3.uioverrides.QuickstepLauncher (server), bb1c062 com.android.systemui.ImageWallpaper (server), edge-swipe (server), swipe-up (server), PointerEventDispatcher0 (server),
02-22 01:19:08.349 I/wm_task_created( 1521): [19,-1]
02-22 01:19:08.351 I/wm_task_moved( 1521): [19,1,6]
02-22 01:19:08.351 I/wm_task_to_front( 1521): [0,19]
02-22 01:19:08.351 I/wm_create_task( 1521): [0,19]
02-22 01:19:08.351 I/wm_create_activity( 1521): [0,22298043,19,com.android.settings/.Settings,android.intent.action.MAIN,NULL,NULL,270532608]
02-22 01:19:08.351 I/wm_task_moved( 1521): [19,1,6]
02-22 01:19:08.352 I/wm_pause_activity( 1521): [0,98139469,com.android.launcher3/.uioverrides.QuickstepLauncher,userLeaving=true,pauseBackTasks]
02-22 01:19:08.355 I/wm_on_top_resumed_lost_called( 2529): [98139469,com.android.launcher3.uioverrides.QuickstepLauncher,topStateChangedWhenResumed]
02-22 01:19:08.356 I/wm_on_paused_called( 2529): [98139469,com.android.launcher3.uioverrides.QuickstepLauncher,performPause]
02-22 01:19:08.359 I/wm_add_to_stopping( 1521): [0,98139469,com.android.launcher3/.uioverrides.QuickstepLauncher,makeInvisible]
02-22 01:19:08.359 I/wm_restart_activity( 1521): [0,22298043,19,com.android.settings/.Settings]
02-22 01:19:08.360 I/wm_set_resumed_activity( 1521): [0,com.android.settings/.Settings,minimalResumeActivityLocked]
02-22 01:19:08.362 I/sysui_multi_action( 1521): [757,803,799,window_time_0,802,43]
02-22 01:19:08.387 I/input_focus( 1521): [Focus leaving ad16e1f com.android.launcher3/com.android.launcher3.uioverrides.QuickstepLauncher (server),reason=NO_WINDOW]
02-22 01:19:08.483 I/wm_on_create_called( 4491): [22298043,com.android.settings.Settings,performCreate]
02-22 01:19:08.515 I/wm_on_start_called( 4491): [22298043,com.android.settings.Settings,handleStartActivity]
02-22 01:19:08.516 I/snet_event_log( 4491): [120484087,-1,]
02-22 01:19:08.517 I/wm_on_resume_called( 4491): [22298043,com.android.settings.Settings,RESUME_ACTIVITY]
02-22 01:19:08.519 I/sysui_multi_action( 4491): [757,35,758,1,833,0,1089,33]
02-22 01:19:08.528 I/sysui_multi_action( 4491): [757,1729,758,4,854,isParalleledControllers:false,1089,43]
02-22 01:19:08.534 I/wm_on_top_resumed_gained_called( 4491): [22298043,com.android.settings.Settings,topStateChangedWhenResumed]
02-22 01:19:08.562 I/input_focus( 1521): [Focus request 50b359b com.android.settings/com.android.settings.Settings,reason=UpdateInputWindows]
02-22 01:19:08.596 I/sysui_multi_action( 1521): [324,1,757,1090,758,12,806,com.android.settings,871,com.android.settings.Settings,1091,251]
02-22 01:19:08.598 I/sysui_multi_action( 1521): [319,43,321,41,322,251,325,370,757,761,758,8,759,1,806,com.android.settings,871,com.android.settings.Settings,904,com.android.launcher3,905,0,1320,17,1321,1]
02-22 01:19:08.598 I/wm_activity_launch_time( 1521): [0,22298043,com.android.settings/.Settings,251]
02-22 01:19:08.604 I/input_focus( 1521): [Focus entering 50b359b com.android.settings/com.android.settings.Settings (server),reason=Window became focusable. Previous reason: NOT_VISIBLE]
02-22 01:19:08.629 W/CarrierConfigManager( 4491): Error getting config for subId -1 ICarrierConfigLoader is null
02-22 01:19:08.657 I/sysui_multi_action( 4491): [757,746,758,1,833,0,1089,36]
02-22 01:19:08.658 D/TelephonyRegistry( 1521): listen oscl: mHasNotifySubscriptionInfoChangedOccurred==false no callback
02-22 01:19:08.662 D/TelephonyRegistry( 1521): listen oscl: mHasNotifySubscriptionInfoChangedOccurred==false no callback
02-22 01:19:08.668 I/sysui_multi_action( 4491): [757,1729,758,4,854,isParalleledControllers:false,1089,47]
02-22 01:19:08.922 I/wm_stop_activity( 1521): [0,98139469,com.android.launcher3/.uioverrides.QuickstepLauncher]
02-22 01:19:08.941 I/wm_on_stop_called( 2529): [98139469,com.android.launcher3.uioverrides.QuickstepLauncher,STOP_ACTIVITY_ITEM]
02-22 01:19:09.253 I/input_interaction( 1521): Interaction with: 50b359b com.android.settings/com.android.settings.Settings (server), edge-swipe (server), swipe-up (server), PointerEventDispatcher0 (server),
02-22 01:19:10.455 I/sysui_multi_action( 4491): [757,830,758,4,833,0,854,top_level_game,1089,0]
02-22 01:19:10.568 I/sysui_multi_action( 4491): [757,746,758,2,1089,1911]
02-22 01:19:10.605 I/sysui_multi_action( 4491): [757,3000,758,1,833,0,1089,17]
02-22 01:19:10.605 I/sysui_multi_action( 4491): [757,1729,758,4,854,isParalleledControllers:false,1089,17]
02-22 01:19:10.863 I/sysui_multi_action( 4491): [757,830,758,4,833,0,854,top_level_system,1089,0]
02-22 01:19:10.966 I/sysui_multi_action( 4491): [757,3000,758,2,1089,361]
02-22 01:19:11.003 I/sysui_multi_action( 4491): [757,744,758,1,833,0,1089,28]
02-22 01:19:11.007 I/sysui_multi_action( 4491): [757,1729,758,4,854,isParalleledControllers:false,1089,32]
02-22 01:19:11.216 I/sysui_multi_action( 4491): [757,830,758,4,833,0,854,top_level_privacy,1089,0]
02-22 01:19:11.319 I/sysui_multi_action( 4491): [757,744,758,2,1089,316]
02-22 01:19:11.367 I/sysui_multi_action( 4491): [757,1587,758,1,833,0,1089,40]
02-22 01:19:11.370 I/sysui_multi_action( 4491): [757,1729,758,4,854,isParalleledControllers:false,1089,42]
02-22 01:19:12.624 I/sysui_multi_action( 4491): [757,830,758,4,833,0,854,top_level_network,1089,0]
02-22 01:19:12.732 I/sysui_multi_action( 4491): [757,1587,758,2,1089,1363]
02-22 01:19:12.763 W/CarrierConfigManager( 4491): Error getting config for subId -1 ICarrierConfigLoader is null
02-22 01:19:12.824 I/sysui_multi_action( 4491): [757,746,758,1,833,0,1089,72]
02-22 01:19:12.824 D/TelephonyRegistry( 1521): listen oscl: mHasNotifySubscriptionInfoChangedOccurred==false no callback
02-22 01:19:12.827 D/TelephonyRegistry( 1521): listen oscl: mHasNotifySubscriptionInfoChangedOccurred==false no callback
02-22 01:19:12.837 I/sysui_multi_action( 4491): [757,1729,758,4,854,isParalleledControllers:false,1089,85]
02-22 01:19:13.102 I/sysui_multi_action( 4491): [757,830,758,4,833,0,854,top_level_connected_devices,1089,0]
02-22 01:19:13.210 I/sysui_multi_action( 4491): [757,746,758,2,1089,386]
02-22 01:19:13.275 I/sysui_multi_action( 4491): [757,747,758,1,833,0,1089,47]
02-22 01:19:13.277 I/sysui_multi_action( 4491): [757,1729,758,4,854,isParalleledControllers:false,1089,49]
02-22 01:19:13.642 I/sysui_multi_action( 4491): [757,830,758,4,833,0,854,top_level_apps,1089,0]
02-22 01:19:13.759 I/sysui_multi_action( 4491): [757,747,758,2,1089,484]
02-22 01:19:13.824 I/sysui_multi_action( 4491): [757,65,758,1,833,0,1089,54]
02-22 01:19:13.842 I/sysui_multi_action( 4491): [757,1729,758,4,854,isParalleledControllers:false,1089,72]
02-22 01:19:14.170 I/sysui_multi_action( 4491): [757,830,758,4,833,0,854,top_level_notification,1089,0]
02-22 01:19:14.273 I/sysui_multi_action( 4491): [757,65,758,2,1089,449]
02-22 01:19:14.312 I/sysui_multi_action( 4491): [757,337,758,1,833,0,1089,31]
02-22 01:19:14.315 I/sysui_multi_action( 4491): [757,1729,758,4,854,isParalleledControllers:false,1089,33]
02-22 01:19:14.695 I/sysui_multi_action( 4491): [757,830,758,4,833,0,854,top_level_storage,1089,0]
02-22 01:19:14.799 I/sysui_multi_action( 4491): [757,337,758,2,1089,486]
02-22 01:19:14.837 I/sysui_multi_action( 4491): [757,745,758,1,833,0,1089,26]
02-22 01:19:14.838 I/sysui_multi_action( 4491): [757,1729,758,4,854,isParalleledControllers:false,1089,27]
02-22 01:19:15.175 I/sysui_multi_action( 4491): [757,830,758,4,833,0,854,top_level_notification,1089,0]
02-22 01:19:15.288 I/sysui_multi_action( 4491): [757,745,758,2,1089,451]
02-22 01:19:15.323 I/sysui_multi_action( 4491): [757,337,758,1,833,0,1089,23]
02-22 01:19:15.325 I/sysui_multi_action( 4491): [757,1729,758,4,854,isParalleledControllers:false,1089,24]
02-22 01:19:15.543 I/sysui_multi_action( 4491): [757,830,758,4,833,0,854,top_level_apps,1089,0]
02-22 01:19:15.646 I/sysui_multi_action( 4491): [757,337,758,2,1089,322]
02-22 01:19:15.687 I/sysui_multi_action( 4491): [757,65,758,1,833,0,1089,30]
02-22 01:19:15.693 I/sysui_multi_action( 4491): [757,1729,758,4,854,isParalleledControllers:false,1089,36]
02-22 01:19:15.859 I/sysui_multi_action( 4491): [757,830,758,4,833,0,854,top_level_connected_devices,1089,0]
02-22 01:19:15.962 I/sysui_multi_action( 4491): [757,65,758,2,1089,275]
02-22 01:19:16.002 I/sysui_multi_action( 4491): [757,747,758,1,833,0,1089,32]
02-22 01:19:16.003 I/sysui_multi_action( 4491): [757,1729,758,4,854,isParalleledControllers:false,1089,33]
02-22 01:19:16.160 I/sysui_multi_action( 4491): [757,830,758,4,833,0,854,top_level_network,1089,0]
02-22 01:19:16.263 I/sysui_multi_action( 4491): [757,747,758,2,1089,261]
02-22 01:19:16.281 W/CarrierConfigManager( 4491): Error getting config for subId -1 ICarrierConfigLoader is null
02-22 01:19:16.320 I/sysui_multi_action( 4491): [757,746,758,1,833,0,1089,46]
02-22 01:19:16.320 D/TelephonyRegistry( 1521): listen oscl: mHasNotifySubscriptionInfoChangedOccurred==false no callback
02-22 01:19:16.322 I/service_manager_stats( 4491): [100,31,378155]
02-22 01:19:16.323 D/TelephonyRegistry( 1521): listen oscl: mHasNotifySubscriptionInfoChangedOccurred==false no callback
02-22 01:19:16.330 I/sysui_multi_action( 4491): [757,1729,758,4,854,isParalleledControllers:false,1089,57]
02-22 01:19:18.304 I/am_uid_idle( 1521): 10047
02-22 01:19:33.435 I/view_enqueue_input_event( 4491): [Motion - Cancel,com.android.settings/com.android.settings.Settings]
02-22 01:19:33.443 I/input_interaction( 1521): Interaction with: edge-swipe (server), swipe-up (server), PointerEventDispatcher0 (server),
02-22 01:19:33.569 I/sysui_multi_action( 1521): [757,803,799,key_back_press,802,1]
02-22 01:19:33.572 I/input_interaction( 1521): Interaction with: 50b359b com.android.settings/com.android.settings.Settings (server), PointerEventDispatcher0 (server),
02-22 01:19:33.576 I/wm_task_moved( 1521): [19,0,0]
02-22 01:19:33.579 I/wm_focused_root_task( 1521): [0,0,13,19,moveTaskToBackLocked]
02-22 01:19:33.580 I/wm_add_to_stopping( 1521): [0,22298043,com.android.settings/.Settings,makeInvisible]
02-22 01:19:33.582 I/wm_pause_activity( 1521): [0,22298043,com.android.settings/.Settings,userLeaving=false,pauseBackTasks]
02-22 01:19:33.585 I/wm_set_resumed_activity( 1521): [0,com.android.launcher3/.uioverrides.QuickstepLauncher,resumeTopActivityInnerLocked]
02-22 01:19:33.588 I/wm_resume_activity( 1521): [0,98139469,14,com.android.launcher3/.uioverrides.QuickstepLauncher]
02-22 01:19:33.590 I/wm_on_top_resumed_lost_called( 4491): [22298043,com.android.settings.Settings,topStateChangedWhenResumed]
02-22 01:19:33.594 I/sysui_multi_action( 4491): [757,35,758,2,1089,25076]
02-22 01:19:33.595 I/sysui_multi_action( 1521): [757,803,799,window_time_0,802,25]
02-22 01:19:33.600 I/wm_on_restart_called( 2529): [98139469,com.android.launcher3.uioverrides.QuickstepLauncher,performRestartActivity]
02-22 01:19:33.600 I/sysui_multi_action( 4491): [757,746,758,2,1089,17280]
02-22 01:19:33.601 I/wm_on_start_called( 2529): [98139469,com.android.launcher3.uioverrides.QuickstepLauncher,handleStartActivity]
02-22 01:19:33.601 I/wm_on_resume_called( 2529): [98139469,com.android.launcher3.uioverrides.QuickstepLauncher,RESUME_ACTIVITY]
02-22 01:19:33.602 I/wm_on_top_resumed_gained_called( 2529): [98139469,com.android.launcher3.uioverrides.QuickstepLauncher,topStateChangedWhenResumed]
02-22 01:19:33.603 I/input_focus( 1521): [Focus leaving 50b359b com.android.settings/com.android.settings.Settings (server),reason=NO_WINDOW]
02-22 01:19:33.604 I/wm_on_paused_called( 4491): [22298043,com.android.settings.Settings,performPause]
02-22 01:19:33.610 I/am_pss ( 1521): [4491,1000,com.android.settings,200194048,181882880,0,353705984,0,2,13]
02-22 01:19:33.618 I/input_focus( 1521): [Focus request ad16e1f com.android.launcher3/com.android.launcher3.uioverrides.QuickstepLauncher,reason=UpdateInputWindows]
02-22 01:19:33.648 I/input_focus( 1521): [Focus entering ad16e1f com.android.launcher3/com.android.launcher3.uioverrides.QuickstepLauncher (server),reason=Window became focusable. Previous reason: NOT_VISIBLE]
02-22 01:19:34.008 I/wm_stop_activity( 1521): [0,22298043,com.android.settings/.Settings]
02-22 01:19:34.041 I/wm_on_stop_called( 4491): [22298043,com.android.settings.Settings,STOP_ACTIVITY_ITEM]
02-22 01:19:34.420 I/input_interaction( 1521): Interaction with: 2ea66f5 StatusBar (server), edge-swipe (server), swipe-up (server), PointerEventDispatcher0 (server),
02-22 01:19:34.427 I/sysui_multi_action( 1972): [757,803,799,panel_open,802,1]
02-22 01:19:34.428 I/sysui_multi_action( 1972): [757,1328,758,4,1326,45,1327,2,1329,0]
02-22 01:19:34.452 I/sysui_multi_action( 1521): [757,127,758,1]
02-22 01:19:34.452 I/sysui_multi_action( 1521): [757,804,799,note_load,801,3,802,1]
02-22 01:19:34.452 I/notification_panel_revealed( 1521): 3
02-22 01:19:34.461 I/input_focus( 1521): [Focus request 36c1000 NotificationShade,reason=UpdateInputWindows]
02-22 01:19:34.470 I/sysui_multi_action( 1521): [757,128,758,1,793,385527,794,0,795,385527,796,26,798,0,806,android,857,DEVELOPER_IMPORTANT,858,4,947,0,1395,3,1500,385157,1688,1]
02-22 01:19:34.470 I/sysui_multi_action( 1521): [757,804,799,note_freshness,801,385527,802,1]
02-22 01:19:34.470 I/notification_visibility( 1521): [-1|android|26|null|1000,1,385527,385527,0,0]
02-22 01:19:34.471 I/sysui_multi_action( 1521): [757,128,758,1,793,380615,794,0,795,380615,796,17303299,797,com.android.wifi,798,1,806,android,857,NETWORK_AVAILABLE,858,2,947,0,1395,3,1500,380414,1688,1]
02-22 01:19:34.471 I/sysui_multi_action( 1521): [757,804,799,note_freshness,801,380615,802,1]
02-22 01:19:34.471 I/notification_visibility( 1521): [0|android|17303299|com.android.wifi|1000,1,380615,380615,0,1]
02-22 01:19:34.471 I/sysui_multi_action( 1521): [757,128,758,1,793,386091,794,0,795,386091,796,32,798,2,806,android,857,USB,858,1,947,0,1395,3,1500,385836,1688,1]
02-22 01:19:34.471 I/sysui_multi_action( 1521): [757,804,799,note_freshness,801,386091,802,1]
02-22 01:19:34.472 I/notification_visibility( 1521): [-1|android|32|null|1000,1,386091,386091,0,2]
02-22 01:19:34.484 I/input_focus( 1521): [Focus leaving ad16e1f com.android.launcher3/com.android.launcher3.uioverrides.QuickstepLauncher (server),reason=setFocusedWindow]
02-22 01:19:34.484 I/input_focus( 1521): [Focus entering 36c1000 NotificationShade (server),reason=setFocusedWindow]
02-22 01:19:34.517 I/sysui_multi_action( 1972): [757,111,758,1]
02-22 01:19:34.517 I/sysui_multi_action( 1972): [757,126,758,1,759,126,927,0,928,1,1593,0]
02-22 01:19:34.517 I/sysui_multi_action( 1972): [757,113,758,1,759,113,927,1,928,1,1593,0]
02-22 01:19:34.517 I/sysui_multi_action( 1972): [757,0,758,1,759,0,927,2,928,0,1593,0]
02-22 01:19:34.517 I/sysui_multi_action( 1972): [757,0,758,1,759,0,927,3,928,0,1593,0]
02-22 01:19:34.518 I/sysui_multi_action( 1972): [757,491,758,1,759,491,927,4,928,0,1311,-1,1593,0]
02-22 01:19:34.518 I/sysui_multi_action( 1972): [757,0,758,1,759,0,927,5,928,0,1593,0]
02-22 01:19:34.518 I/sysui_multi_action( 1972): [757,111,758,1]
02-22 01:19:34.518 I/sysui_multi_action( 1972): [757,126,758,1,759,126,927,0,928,1,1593,0]
02-22 01:19:34.518 I/sysui_multi_action( 1972): [757,113,758,1,759,113,927,1,928,1,1593,0]
02-22 01:19:34.518 I/sysui_multi_action( 1972): [757,0,758,1,759,0,927,2,928,0,1593,0]
02-22 01:19:34.518 I/sysui_multi_action( 1972): [757,0,758,1,759,0,927,3,928,0,1593,0]
02-22 01:19:35.849 I/input_interaction( 1521): Interaction with: 36c1000 NotificationShade (server), edge-swipe (server), swipe-up (server), PointerEventDispatcher0 (server),
02-22 01:19:36.457 I/input_interaction( 1521): Interaction with: 36c1000 NotificationShade (server), bb1c062 com.android.systemui.ImageWallpaper (server), edge-swipe (server), swipe-up (server), PointerEventDispatcher0 (server),
02-22 01:19:36.462 I/notification_enqueue( 1521): [10078,1972,com.android.systemui,2048,NULL,0,Notification(channel=updateNotification shortcut=null contentView=null vibrate=null sound=null defaults=0x0 flags=0x0 color=0x00000000 vis=PRIVATE),1]
02-22 01:19:36.462 I/sysui_multi_action( 1972): [757,111,758,2]
02-22 01:19:36.463 I/sysui_multi_action( 1972): [757,111,758,2]
02-22 01:19:36.726 I/input_focus( 1521): [Focus request ad16e1f com.android.launcher3/com.android.launcher3.uioverrides.QuickstepLauncher,reason=UpdateInputWindows]
02-22 01:19:36.730 I/sysui_multi_action( 1521): [757,128,758,2,793,387788,794,2261,795,387788,796,26,798,0,806,android,857,DEVELOPER_IMPORTANT,858,4,947,0,1395,3,1500,387418,1688,1]
02-22 01:19:36.731 I/notification_visibility( 1521): [-1|android|26|null|1000,0,387788,387788,0,0]
02-22 01:19:36.731 I/sysui_multi_action( 1521): [757,128,758,2,793,382875,794,2260,795,382875,796,17303299,797,com.android.wifi,798,1,806,android,857,NETWORK_AVAILABLE,858,2,947,0,1395,3,1500,382674,1688,1]
02-22 01:19:36.731 I/notification_visibility( 1521): [0|android|17303299|com.android.wifi|1000,0,382875,382875,0,1]
02-22 01:19:36.732 I/sysui_multi_action( 1521): [757,128,758,2,793,388352,794,2261,795,388352,796,32,798,2,806,android,857,USB,858,1,947,0,1395,3,1500,388097,1688,1]
02-22 01:19:36.732 I/notification_visibility( 1521): [-1|android|32|null|1000,0,388352,388352,0,2]
02-22 01:19:36.733 I/sysui_multi_action( 1521): [757,127,758,2]
02-22 01:19:36.733 I/notification_panel_hidden( 1521):
02-22 01:19:36.757 I/input_focus( 1521): [Focus leaving 36c1000 NotificationShade (server),reason=NO_WINDOW]
02-22 01:19:36.757 I/input_focus( 1521): [Focus entering ad16e1f com.android.launcher3/com.android.launcher3.uioverrides.QuickstepLauncher (server),reason=setFocusedWindow]
02-22 01:19:36.758 I/view_enqueue_input_event( 1972): [Motion - Cancel,NotificationShade]
02-22 01:19:36.766 I/input_interaction( 1521): Interaction with: bb1c062 com.android.systemui.ImageWallpaper (server), edge-swipe (server), swipe-up (server), PointerEventDispatcher0 (server),
02-22 01:19:37.003 I/input_interaction( 1521): Interaction with: ad16e1f com.android.launcher3/com.android.launcher3.uioverrides.QuickstepLauncher (server), bb1c062 com.android.systemui.ImageWallpaper (server), edge-swipe (server), swipe-up (server), PointerEventDispatcher0 (server),
02-22 01:19:37.512 I/input_interaction( 1521): Interaction with: 2ea66f5 StatusBar (server), edge-swipe (server), swipe-up (server), PointerEventDispatcher0 (server),
02-22 01:19:37.516 I/sysui_multi_action( 1972): [757,803,799,panel_open,802,1]
02-22 01:19:37.517 I/sysui_multi_action( 1972): [757,1328,758,4,1326,56,1327,1,1329,0]
02-22 01:19:37.561 I/sysui_multi_action( 1521): [757,127,758,1]
02-22 01:19:37.561 I/sysui_multi_action( 1521): [757,804,799,note_load,801,3,802,1]
02-22 01:19:37.562 I/notification_panel_revealed( 1521): 3
02-22 01:19:37.570 I/input_focus( 1521): [Focus request 36c1000 NotificationShade,reason=UpdateInputWindows]
02-22 01:19:37.581 I/sysui_multi_action( 1521): [757,128,758,1,793,388639,794,0,795,388639,796,26,798,0,806,android,857,DEVELOPER_IMPORTANT,858,4,947,0,1395,3,1500,388269,1688,1]
02-22 01:19:37.581 I/sysui_multi_action( 1521): [757,804,799,note_freshness,801,388639,802,1]
02-22 01:19:37.581 I/notification_visibility( 1521): [-1|android|26|null|1000,1,388639,388639,0,0]
02-22 01:19:37.581 I/sysui_multi_action( 1521): [757,128,758,1,793,383725,794,0,795,383725,796,17303299,797,com.android.wifi,798,1,806,android,857,NETWORK_AVAILABLE,858,2,947,0,1395,3,1500,383524,1688,1]
02-22 01:19:37.581 I/sysui_multi_action( 1521): [757,804,799,note_freshness,801,383725,802,1]
02-22 01:19:37.581 I/notification_visibility( 1521): [0|android|17303299|com.android.wifi|1000,1,383725,383725,0,1]
02-22 01:19:37.581 I/sysui_multi_action( 1521): [757,128,758,1,793,389201,794,0,795,389201,796,32,798,2,806,android,857,USB,858,1,947,0,1395,3,1500,388946,1688,1]
02-22 01:19:37.582 I/sysui_multi_action( 1521): [757,804,799,note_freshness,801,389201,802,1]
02-22 01:19:37.582 I/notification_visibility( 1521): [-1|android|32|null|1000,1,389201,389201,0,2]
02-22 01:19:37.593 I/input_focus( 1521): [Focus leaving ad16e1f com.android.launcher3/com.android.launcher3.uioverrides.QuickstepLauncher (server),reason=setFocusedWindow]
02-22 01:19:37.593 I/sysui_multi_action( 1972): [757,111,758,1]
02-22 01:19:37.593 I/sysui_multi_action( 1972): [757,126,758,1,759,126,927,0,928,1,1593,0]
02-22 01:19:37.593 I/input_focus( 1521): [Focus entering 36c1000 NotificationShade (server),reason=setFocusedWindow]
02-22 01:19:37.593 I/sysui_multi_action( 1972): [757,113,758,1,759,113,927,1,928,1,1593,0]
02-22 01:19:37.593 I/sysui_multi_action( 1972): [757,0,758,1,759,0,927,2,928,0,1593,0]
02-22 01:19:37.593 I/sysui_multi_action( 1972): [757,0,758,1,759,0,927,3,928,0,1593,0]
02-22 01:19:37.594 I/sysui_multi_action( 1972): [757,491,758,1,759,491,927,4,928,0,1311,-1,1593,0]
02-22 01:19:37.594 I/sysui_multi_action( 1972): [757,0,758,1,759,0,927,5,928,0,1593,0]
02-22 01:19:37.594 I/sysui_multi_action( 1972): [757,111,758,1]
02-22 01:19:37.594 I/sysui_multi_action( 1972): [757,126,758,1,759,126,927,0,928,1,1593,0]
02-22 01:19:37.594 I/sysui_multi_action( 1972): [757,113,758,1,759,113,927,1,928,1,1593,0]
02-22 01:19:37.594 I/sysui_multi_action( 1972): [757,0,758,1,759,0,927,2,928,0,1593,0]
02-22 01:19:37.594 I/sysui_multi_action( 1972): [757,0,758,1,759,0,927,3,928,0,1593,0]
02-22 01:19:39.122 I/input_interaction( 1521): Interaction with: 36c1000 NotificationShade (server), edge-swipe (server), swipe-up (server), PointerEventDispatcher0 (server),
02-22 01:19:39.492 I/volume_changed( 1521): [3,37,10,39,com.android.systemui]
02-22 01:19:40.207 I/commit_sys_config_file( 1521): [settings-1-0,4]
02-22 01:19:40.471 I/volume_changed( 1521): [3,10,34,39,com.android.systemui]
02-22 01:19:41.145 I/volume_changed( 1521): [3,34,9,39,com.android.systemui]
02-22 01:19:41.191 I/commit_sys_config_file( 1521): [settings-1-0,4]
02-22 01:19:41.858 I/commit_sys_config_file( 1521): [settings-1-0,3]
02-22 01:19:41.913 I/volume_changed( 1521): [3,9,33,39,com.android.systemui]
02-22 01:19:42.421 I/volume_changed( 1521): [3,33,7,39,com.android.systemui]
02-22 01:19:42.636 I/commit_sys_config_file( 1521): [settings-1-0,5]
02-22 01:19:43.137 I/commit_sys_config_file( 1521): [settings-1-0,4]
02-22 01:19:43.494 I/notification_enqueue( 1521): [10078,1972,com.android.systemui,2048,NULL,0,Notification(channel=updateNotification shortcut=null contentView=null vibrate=null sound=null defaults=0x0 flags=0x0 color=0x00000000 vis=PRIVATE),1]
02-22 01:19:43.495 I/sysui_multi_action( 1972): [757,111,758,2]
02-22 01:19:43.495 I/sysui_multi_action( 1972): [757,111,758,2]
02-22 01:19:43.691 I/input_focus( 1521): [Focus request ad16e1f com.android.launcher3/com.android.launcher3.uioverrides.QuickstepLauncher,reason=UpdateInputWindows]
02-22 01:19:43.696 I/sysui_multi_action( 1521): [757,128,758,2,793,394753,794,6114,795,394753,796,26,798,0,806,android,857,DEVELOPER_IMPORTANT,858,4,947,0,1395,3,1500,394383,1688,1]
02-22 01:19:43.696 I/notification_visibility( 1521): [-1|android|26|null|1000,0,394753,394753,0,0]
02-22 01:19:43.697 I/sysui_multi_action( 1521): [757,128,758,2,793,389841,794,6116,795,389841,796,17303299,797,com.android.wifi,798,1,806,android,857,NETWORK_AVAILABLE,858,2,947,0,1395,3,1500,389640,1688,1]
02-22 01:19:43.698 I/notification_visibility( 1521): [0|android|17303299|com.android.wifi|1000,0,389841,389841,0,1]
02-22 01:19:43.698 I/sysui_multi_action( 1521): [757,128,758,2,793,395318,794,6117,795,395318,796,32,798,2,806,android,857,USB,858,1,947,0,1395,3,1500,395063,1688,1]
02-22 01:19:43.698 I/notification_visibility( 1521): [-1|android|32|null|1000,0,395318,395318,0,2]
02-22 01:19:43.699 I/sysui_multi_action( 1521): [757,127,758,2]
02-22 01:19:43.699 I/notification_panel_hidden( 1521):
02-22 01:19:43.724 I/input_focus( 1521): [Focus leaving 36c1000 NotificationShade (server),reason=NO_WINDOW]
02-22 01:19:43.724 I/input_focus( 1521): [Focus entering ad16e1f com.android.launcher3/com.android.launcher3.uioverrides.QuickstepLauncher (server),reason=setFocusedWindow]
02-22 01:19:44.067 I/input_interaction( 1521): Interaction with: 2ea66f5 StatusBar (server), edge-swipe (server), swipe-up (server), PointerEventDispatcher0 (server),
02-22 01:19:44.072 I/sysui_multi_action( 1972): [757,803,799,panel_open,802,1]
02-22 01:19:44.073 I/sysui_multi_action( 1972): [757,1328,758,4,1326,62,1327,2,1329,0]
02-22 01:19:44.111 I/sysui_multi_action( 1521): [757,127,758,1]
02-22 01:19:44.112 I/sysui_multi_action( 1521): [757,804,799,note_load,801,3,802,1]
02-22 01:19:44.112 I/notification_panel_revealed( 1521): 3
02-22 01:19:44.127 I/input_focus( 1521): [Focus request 36c1000 NotificationShade,reason=UpdateInputWindows]
02-22 01:19:44.135 I/sysui_multi_action( 1521): [757,128,758,1,793,395193,794,0,795,395193,796,26,798,0,806,android,857,DEVELOPER_IMPORTANT,858,4,947,0,1395,3,1500,394823,1688,1]
02-22 01:19:44.136 I/sysui_multi_action( 1521): [757,804,799,note_freshness,801,395193,802,1]
02-22 01:19:44.136 I/notification_visibility( 1521): [-1|android|26|null|1000,1,395193,395193,0,0]
02-22 01:19:44.136 I/sysui_multi_action( 1521): [757,128,758,1,793,390280,794,0,795,390280,796,17303299,797,com.android.wifi,798,1,806,android,857,NETWORK_AVAILABLE,858,2,947,0,1395,3,1500,390079,1688,1]
02-22 01:19:44.136 I/sysui_multi_action( 1521): [757,804,799,note_freshness,801,390280,802,1]
02-22 01:19:44.136 I/notification_visibility( 1521): [0|android|17303299|com.android.wifi|1000,1,390280,390280,0,1]
02-22 01:19:44.136 I/sysui_multi_action( 1521): [757,128,758,1,793,395756,794,0,795,395756,796,32,798,2,806,android,857,USB,858,1,947,0,1395,3,1500,395501,1688,1]
02-22 01:19:44.136 I/sysui_multi_action( 1521): [757,804,799,note_freshness,801,395756,802,1]
02-22 01:19:44.137 I/notification_visibility( 1521): [-1|android|32|null|1000,1,395756,395756,0,2]
02-22 01:19:44.145 I/input_focus( 1521): [Focus leaving ad16e1f com.android.launcher3/com.android.launcher3.uioverrides.QuickstepLauncher (server),reason=setFocusedWindow]
02-22 01:19:44.145 I/input_focus( 1521): [Focus entering 36c1000 NotificationShade (server),reason=setFocusedWindow]
02-22 01:19:44.145 I/sysui_multi_action( 1972): [757,111,758,1]
02-22 01:19:44.146 I/sysui_multi_action( 1972): [757,126,758,1,759,126,927,0,928,1,1593,0]
02-22 01:19:44.146 I/sysui_multi_action( 1972): [757,113,758,1,759,113,927,1,928,1,1593,0]
02-22 01:19:44.146 I/sysui_multi_action( 1972): [757,0,758,1,759,0,927,2,928,0,1593,0]
02-22 01:19:44.146 I/sysui_multi_action( 1972): [757,0,758,1,759,0,927,3,928,0,1593,0]
02-22 01:19:44.146 I/sysui_multi_action( 1972): [757,491,758,1,759,491,927,4,928,0,1311,-1,1593,0]
02-22 01:19:44.146 I/sysui_multi_action( 1972): [757,0,758,1,759,0,927,5,928,0,1593,0]
02-22 01:19:44.146 I/sysui_multi_action( 1972): [757,111,758,1]
02-22 01:19:44.146 I/sysui_multi_action( 1972): [757,126,758,1,759,126,927,0,928,1,1593,0]
02-22 01:19:44.147 I/sysui_multi_action( 1972): [757,113,758,1,759,113,927,1,928,1,1593,0]
02-22 01:19:44.147 I/sysui_multi_action( 1972): [757,0,758,1,759,0,927,2,928,0,1593,0]
02-22 01:19:44.147 I/sysui_multi_action( 1972): [757,0,758,1,759,0,927,3,928,0,1593,0]
02-22 01:19:44.755 I/input_interaction( 1521): Interaction with: 36c1000 NotificationShade (server), edge-swipe (server), swipe-up (server), PointerEventDispatcher0 (server),
02-22 01:19:45.078 I/volume_changed( 1521): [3,7,31,39,com.android.systemui]
02-22 01:19:45.668 I/volume_changed( 1521): [3,31,9,39,com.android.systemui]
02-22 01:19:45.795 I/commit_sys_config_file( 1521): [settings-1-0,4]
02-22 01:19:46.302 I/volume_changed( 1521): [3,9,37,39,com.android.systemui]
02-22 01:19:46.385 I/commit_sys_config_file( 1521): [settings-1-0,4]
02-22 01:19:47.017 I/commit_sys_config_file( 1521): [settings-1-0,5]
02-22 01:19:47.181 I/volume_changed( 1521): [3,37,3,39,com.android.systemui]
02-22 01:19:47.899 I/commit_sys_config_file( 1521): [settings-1-0,4]
02-22 01:19:48.005 I/volume_changed( 1521): [3,3,39,39,com.android.systemui]
02-22 01:19:48.704 I/service_manager_stats( 1521): [100,62,43091]
02-22 01:19:48.728 I/commit_sys_config_file( 1521): [settings-1-0,7]
02-22 01:19:50.950 I/volume_changed( 1521): [3,39,11,39,com.android.systemui]
02-22 01:19:51.637 I/volume_changed( 1521): [3,11,34,39,com.android.systemui]
02-22 01:19:51.662 I/commit_sys_config_file( 1521): [settings-1-0,4]
02-22 01:19:52.215 I/volume_changed( 1521): [3,34,7,39,com.android.systemui]
02-22 01:19:52.353 I/commit_sys_config_file( 1521): [settings-1-0,5]
02-22 01:19:52.735 I/volume_changed( 1521): [3,7,31,39,com.android.systemui]
02-22 01:19:52.933 I/commit_sys_config_file( 1521): [settings-1-0,5]
02-22 01:19:53.449 I/commit_sys_config_file( 1521): [settings-1-0,4]
02-22 01:20:14.499 I/am_uid_idle( 1521): 10086
02-22 01:20:39.641 I/am_uid_idle( 1521): 10061
02-22 01:20:45.733 I/sysui_multi_action( 1521): [757,1696,758,6,759,2]
02-22 01:20:45.746 I/am_wtf ( 1521): [0,1521,system_server,-1,DisplayDeviceConfig,requesting nits when no mapping exists.]
02-22 01:20:45.749 I/am_wtf ( 1521): [0,1521,system_server,-1,DisplayDeviceConfig,requesting nits when no mapping exists.]
02-22 01:20:45.762 I/am_wtf ( 1521): [0,1521,system_server,-1,DisplayDeviceConfig,requesting nits when no mapping exists.]
02-22 01:20:45.763 I/am_wtf ( 1521): [0,1521,system_server,-1,DisplayDeviceConfig,requesting nits when no mapping exists.]
02-22 01:20:45.772 I/am_wtf ( 1521): [0,1521,system_server,-1,DisplayDeviceConfig,requesting nits when no mapping exists.]
02-22 01:20:45.773 I/am_wtf ( 1521): [0,1521,system_server,-1,DisplayDeviceConfig,requesting nits when no mapping exists.]
02-22 01:20:45.788 I/am_wtf ( 1521): [0,1521,system_server,-1,DisplayDeviceConfig,requesting nits when no mapping exists.]
02-22 01:20:45.789 I/am_wtf ( 1521): [0,1521,system_server,-1,DisplayDeviceConfig,requesting nits when no mapping exists.]
02-22 01:20:45.804 I/am_wtf ( 1521): [0,1521,system_server,-1,DisplayDeviceConfig,requesting nits when no mapping exists.]
02-22 01:20:45.805 I/am_wtf ( 1521): [0,1521,system_server,-1,DisplayDeviceConfig,requesting nits when no mapping exists.]
02-22 01:20:45.821 I/am_wtf ( 1521): [0,1521,system_server,-1,DisplayDeviceConfig,requesting nits when no mapping exists.]
02-22 01:20:45.822 I/am_wtf ( 1521): [0,1521,system_server,-1,DisplayDeviceConfig,requesting nits when no mapping exists.]
02-22 01:20:45.838 I/am_wtf ( 1521): [0,1521,system_server,-1,DisplayDeviceConfig,requesting nits when no mapping exists.]
02-22 01:20:45.839 I/am_wtf ( 1521): [0,1521,system_server,-1,DisplayDeviceConfig,requesting nits when no mapping exists.]
02-22 01:20:45.855 I/am_wtf ( 1521): [0,1521,system_server,-1,DisplayDeviceConfig,requesting nits when no mapping exists.]
02-22 01:20:45.855 I/am_wtf ( 1521): [0,1521,system_server,-1,DisplayDeviceConfig,requesting nits when no mapping exists.]
02-22 01:20:45.872 I/am_wtf ( 1521): [0,1521,system_server,-1,DisplayDeviceConfig,requesting nits when no mapping exists.]
02-22 01:20:45.872 I/am_wtf ( 1521): [0,1521,system_server,-1,DisplayDeviceConfig,requesting nits when no mapping exists.]
02-22 01:20:45.888 I/am_wtf ( 1521): [0,1521,system_server,-1,DisplayDeviceConfig,requesting nits when no mapping exists.]
02-22 01:20:45.889 I/am_wtf ( 1521): [0,1521,system_server,-1,DisplayDeviceConfig,requesting nits when no mapping exists.]
02-22 01:20:45.905 I/am_wtf ( 1521): [0,1521,system_server,-1,DisplayDeviceConfig,requesting nits when no mapping exists.]
02-22 01:20:45.905 I/am_wtf ( 1521): [0,1521,system_server,-1,DisplayDeviceConfig,requesting nits when no mapping exists.]
02-22 01:20:45.921 I/am_wtf ( 1521): [0,1521,system_server,-1,DisplayDeviceConfig,requesting nits when no mapping exists.]
02-22 01:20:45.922 I/am_wtf ( 1521): [0,1521,system_server,-1,DisplayDeviceConfig,requesting nits when no mapping exists.]
02-22 01:20:45.939 I/am_wtf ( 1521): [0,1521,system_server,-1,DisplayDeviceConfig,requesting nits when no mapping exists.]
02-22 01:20:45.940 I/am_wtf ( 1521): [0,1521,system_server,-1,DisplayDeviceConfig,requesting nits when no mapping exists.]
02-22 01:20:45.955 I/am_wtf ( 1521): [0,1521,system_server,-1,DisplayDeviceConfig,requesting nits when no mapping exists.]
02-22 01:20:45.956 I/am_wtf ( 1521): [0,1521,system_server,-1,DisplayDeviceConfig,requesting nits when no mapping exists.]
02-22 01:20:45.972 I/am_wtf ( 1521): [0,1521,system_server,-1,DisplayDeviceConfig,requesting nits when no mapping exists.]
02-22 01:20:45.973 I/am_wtf ( 1521): [0,1521,system_server,-1,DisplayDeviceConfig,requesting nits when no mapping exists.]
02-22 01:20:45.989 I/am_wtf ( 1521): [0,1521,system_server,-1,DisplayDeviceConfig,requesting nits when no mapping exists.]
02-22 01:20:45.990 I/am_wtf ( 1521): [0,1521,system_server,-1,DisplayDeviceConfig,requesting nits when no mapping exists.]
02-22 01:20:46.005 I/am_wtf ( 1521): [0,1521,system_server,-1,DisplayDeviceConfig,requesting nits when no mapping exists.]
02-22 01:20:46.006 I/am_wtf ( 1521): [0,1521,system_server,-1,DisplayDeviceConfig,requesting nits when no mapping exists.]
02-22 01:20:46.022 I/am_wtf ( 1521): [0,1521,system_server,-1,DisplayDeviceConfig,requesting nits when no mapping exists.]
02-22 01:20:46.022 I/am_wtf ( 1521): [0,1521,system_server,-1,DisplayDeviceConfig,requesting nits when no mapping exists.]
02-22 01:20:46.039 I/am_wtf ( 1521): [0,1521,system_server,-1,DisplayDeviceConfig,requesting nits when no mapping exists.]
02-22 01:20:46.039 I/am_wtf ( 1521): [0,1521,system_server,-1,DisplayDeviceConfig,requesting nits when no mapping exists.]
02-22 01:20:46.056 I/am_wtf ( 1521): [0,1521,system_server,-1,DisplayDeviceConfig,requesting nits when no mapping exists.]
02-22 01:20:46.056 I/am_wtf ( 1521): [0,1521,system_server,-1,DisplayDeviceConfig,requesting nits when no mapping exists.]
02-22 01:20:46.072 I/am_wtf ( 1521): [0,1521,system_server,-1,DisplayDeviceConfig,requesting nits when no mapping exists.]
02-22 01:20:46.073 I/am_wtf ( 1521): [0,1521,system_server,-1,DisplayDeviceConfig,requesting nits when no mapping exists.]
02-22 01:20:46.089 I/am_wtf ( 1521): [0,1521,system_server,-1,DisplayDeviceConfig,requesting nits when no mapping exists.]
02-22 01:20:46.089 I/am_wtf ( 1521): [0,1521,system_server,-1,DisplayDeviceConfig,requesting nits when no mapping exists.]
02-22 01:20:46.105 I/am_wtf ( 1521): [0,1521,system_server,-1,DisplayDeviceConfig,requesting nits when no mapping exists.]
02-22 01:20:46.106 I/am_wtf ( 1521): [0,1521,system_server,-1,DisplayDeviceConfig,requesting nits when no mapping exists.]
02-22 01:20:46.122 I/am_wtf ( 1521): [0,1521,system_server,-1,DisplayDeviceConfig,requesting nits when no mapping exists.]
02-22 01:20:46.123 I/am_wtf ( 1521): [0,1521,system_server,-1,DisplayDeviceConfig,requesting nits when no mapping exists.]
02-22 01:20:46.139 I/am_wtf ( 1521): [0,1521,system_server,-1,DisplayDeviceConfig,requesting nits when no mapping exists.]
02-22 01:20:46.140 I/am_wtf ( 1521): [0,1521,system_server,-1,DisplayDeviceConfig,requesting nits when no mapping exists.]
02-22 01:20:46.156 I/am_wtf ( 1521): [0,1521,system_server,-1,DisplayDeviceConfig,requesting nits when no mapping exists.]
02-22 01:20:46.157 I/am_wtf ( 1521): [0,1521,system_server,-1,DisplayDeviceConfig,requesting nits when no mapping exists.]
02-22 01:20:46.172 I/am_wtf ( 1521): [0,1521,system_server,-1,DisplayDeviceConfig,requesting nits when no mapping exists.]
02-22 01:20:46.173 I/am_wtf ( 1521): [0,1521,system_server,-1,DisplayDeviceConfig,requesting nits when no mapping exists.]
02-22 01:20:46.189 I/am_wtf ( 1521): [0,1521,system_server,-1,DisplayDeviceConfig,requesting nits when no mapping exists.]
02-22 01:20:46.190 I/am_wtf ( 1521): [0,1521,system_server,-1,DisplayDeviceConfig,requesting nits when no mapping exists.]
02-22 01:20:46.205 I/am_wtf ( 1521): [0,1521,system_server,-1,DisplayDeviceConfig,requesting nits when no mapping exists.]
02-22 01:20:46.206 I/am_wtf ( 1521): [0,1521,system_server,-1,DisplayDeviceConfig,requesting nits when no mapping exists.]
02-22 01:20:46.222 I/am_wtf ( 1521): [0,1521,system_server,-1,DisplayDeviceConfig,requesting nits when no mapping exists.]
02-22 01:20:46.223 I/am_wtf ( 1521): [0,1521,system_server,-1,DisplayDeviceConfig,requesting nits when no mapping exists.]
02-22 01:20:46.239 I/am_wtf ( 1521): [0,1521,system_server,-1,DisplayDeviceConfig,requesting nits when no mapping exists.]
02-22 01:20:46.240 I/am_wtf ( 1521): [0,1521,system_server,-1,DisplayDeviceConfig,requesting nits when no mapping exists.]
02-22 01:20:46.255 I/am_wtf ( 1521): [0,1521,system_server,-1,DisplayDeviceConfig,requesting nits when no mapping exists.]
02-22 01:20:46.256 I/am_wtf ( 1521): [0,1521,system_server,-1,DisplayDeviceConfig,requesting nits when no mapping exists.]
02-22 01:20:46.272 I/am_wtf ( 1521): [0,1521,system_server,-1,DisplayDeviceConfig,requesting nits when no mapping exists.]
02-22 01:20:46.273 I/am_wtf ( 1521): [0,1521,system_server,-1,DisplayDeviceConfig,requesting nits when no mapping exists.]
02-22 01:20:46.289 I/am_wtf ( 1521): [0,1521,system_server,-1,DisplayDeviceConfig,requesting nits when no mapping exists.]
02-22 01:20:46.290 I/am_wtf ( 1521): [0,1521,system_server,-1,DisplayDeviceConfig,requesting nits when no mapping exists.]
02-22 01:20:46.306 I/am_wtf ( 1521): [0,1521,system_server,-1,DisplayDeviceConfig,requesting nits when no mapping exists.]
02-22 01:20:46.306 I/am_wtf ( 1521): [0,1521,system_server,-1,DisplayDeviceConfig,requesting nits when no mapping exists.]
02-22 01:20:46.322 I/am_wtf ( 1521): [0,1521,system_server,-1,DisplayDeviceConfig,requesting nits when no mapping exists.]
02-22 01:20:46.323 I/am_wtf ( 1521): [0,1521,system_server,-1,DisplayDeviceConfig,requesting nits when no mapping exists.]
02-22 01:20:46.340 I/am_wtf ( 1521): [0,1521,system_server,-1,DisplayDeviceConfig,requesting nits when no mapping exists.]
02-22 01:20:46.340 I/am_wtf ( 1521): [0,1521,system_server,-1,DisplayDeviceConfig,requesting nits when no mapping exists.]
02-22 01:20:46.356 I/am_wtf ( 1521): [0,1521,system_server,-1,DisplayDeviceConfig,requesting nits when no mapping exists.]
02-22 01:20:46.357 I/am_wtf ( 1521): [0,1521,system_server,-1,DisplayDeviceConfig,requesting nits when no mapping exists.]
02-22 01:20:46.373 I/am_wtf ( 1521): [0,1521,system_server,-1,DisplayDeviceConfig,requesting nits when no mapping exists.]
02-22 01:20:46.373 I/am_wtf ( 1521): [0,1521,system_server,-1,DisplayDeviceConfig,requesting nits when no mapping exists.]
02-22 01:20:46.389 I/am_wtf ( 1521): [0,1521,system_server,-1,DisplayDeviceConfig,requesting nits when no mapping exists.]
02-22 01:20:46.390 I/am_wtf ( 1521): [0,1521,system_server,-1,DisplayDeviceConfig,requesting nits when no mapping exists.]
02-22 01:20:46.406 I/am_wtf ( 1521): [0,1521,system_server,-1,DisplayDeviceConfig,requesting nits when no mapping exists.]
02-22 01:20:46.407 I/am_wtf ( 1521): [0,1521,system_server,-1,DisplayDeviceConfig,requesting nits when no mapping exists.]
02-22 01:20:46.423 I/am_wtf ( 1521): [0,1521,system_server,-1,DisplayDeviceConfig,requesting nits when no mapping exists.]
02-22 01:20:46.423 I/am_wtf ( 1521): [0,1521,system_server,-1,DisplayDeviceConfig,requesting nits when no mapping exists.]
02-22 01:20:46.439 I/am_wtf ( 1521): [0,1521,system_server,-1,DisplayDeviceConfig,requesting nits when no mapping exists.]
02-22 01:20:46.440 I/am_wtf ( 1521): [0,1521,system_server,-1,DisplayDeviceConfig,requesting nits when no mapping exists.]
02-22 01:20:46.441 I/service_manager_stats( 1521): [100,51,57736]
02-22 01:20:46.456 I/am_wtf ( 1521): [0,1521,system_server,-1,DisplayDeviceConfig,requesting nits when no mapping exists.]
02-22 01:20:46.457 I/am_wtf ( 1521): [0,1521,system_server,-1,DisplayDeviceConfig,requesting nits when no mapping exists.]
02-22 01:20:46.473 I/am_wtf ( 1521): [0,1521,system_server,-1,DisplayDeviceConfig,requesting nits when no mapping exists.]
02-22 01:20:46.474 I/am_wtf ( 1521): [0,1521,system_server,-1,DisplayDeviceConfig,requesting nits when no mapping exists.]
02-22 01:20:52.747 I/sysui_multi_action( 1521): [757,222,758,1]
02-22 01:20:52.749 I/am_uid_active( 1521): 10047
02-22 01:20:52.762 I/wm_task_created( 1521): [20,-1]
02-22 01:20:52.763 I/am_pss ( 1521): [4491,1000,com.android.settings,153131008,135647232,0,301080576,0,15,18]
02-22 01:20:52.766 I/wm_task_moved( 1521): [20,1,7]
02-22 01:20:52.766 I/wm_task_to_front( 1521): [0,20]
02-22 01:20:52.766 I/wm_create_task( 1521): [0,20]
02-22 01:20:52.766 I/wm_create_activity( 1521): [0,71117613,20,com.thundercomm.screensaver/android.service.dreams.DreamActivity,NULL,NULL,NULL,276824064]
02-22 01:20:52.766 I/wm_task_moved( 1521): [20,1,7]
02-22 01:20:52.766 I/wm_on_top_resumed_lost_called( 2529): [98139469,com.android.launcher3.uioverrides.QuickstepLauncher,topStateChangedWhenResumed]
02-22 01:20:52.766 I/wm_pause_activity( 1521): [0,98139469,com.android.launcher3/.uioverrides.QuickstepLauncher,userLeaving=true,pauseBackTasks]
02-22 01:20:52.768 I/wm_on_paused_called( 2529): [98139469,com.android.launcher3.uioverrides.QuickstepLauncher,performPause]
02-22 01:20:52.769 I/wm_add_to_stopping( 1521): [0,98139469,com.android.launcher3/.uioverrides.QuickstepLauncher,makeInvisible]
02-22 01:20:52.769 I/wm_restart_activity( 1521): [0,71117613,20,com.thundercomm.screensaver/android.service.dreams.DreamActivity]
02-22 01:20:52.770 I/wm_set_resumed_activity( 1521): [0,com.thundercomm.screensaver/android.service.dreams.DreamActivity,minimalResumeActivityLocked]
02-22 01:20:52.775 I/sysui_multi_action( 1521): [757,803,799,window_time_0,802,79]
02-22 01:20:52.776 I/wm_on_create_called( 4273): [71117613,android.service.dreams.DreamActivity,performCreate]
02-22 01:20:52.777 I/wm_on_start_called( 4273): [71117613,android.service.dreams.DreamActivity,handleStartActivity]
02-22 01:20:52.777 I/wm_on_resume_called( 4273): [71117613,android.service.dreams.DreamActivity,RESUME_ACTIVITY]
02-22 01:20:52.778 I/am_uid_active( 1521): 10061
02-22 01:20:52.781 I/wm_on_top_resumed_gained_called( 4273): [71117613,android.service.dreams.DreamActivity,topStateChangedWhenResumed]
02-22 01:20:52.789 I/input_focus( 1521): [Focus leaving 36c1000 NotificationShade (server),reason=NOT_FOCUSABLE]
02-22 01:20:52.797 I/input_focus( 1521): [Focus request a7592e5 com.thundercomm.screensaver/android.service.dreams.DreamActivity,reason=UpdateInputWindows]
02-22 01:20:52.804 I/sysui_multi_action( 1521): [319,44,322,44,325,474,757,761,758,8,759,2,806,com.thundercomm.screensaver,871,android.service.dreams.DreamActivity,904,com.thundercomm.screensaver,905,0,1320,4,1321,2]
02-22 01:20:52.804 I/wm_activity_launch_time( 1521): [0,71117613,com.thundercomm.screensaver/android.service.dreams.DreamActivity,44]
02-22 01:20:52.807 I/sysui_multi_action( 1521): [757,1696,758,6,759,3]
02-22 01:20:52.808 I/notification_enqueue( 1521): [10078,1972,com.android.systemui,2048,NULL,0,Notification(channel=updateNotification shortcut=null contentView=null vibrate=null sound=null defaults=0x0 flags=0x0 color=0x00000000 vis=PRIVATE),1]
02-22 01:20:52.808 I/sysui_multi_action( 1972): [757,111,758,2]
02-22 01:20:52.809 I/sysui_multi_action( 1972): [757,111,758,2]
02-22 01:20:52.820 I/sysui_multi_action( 1972): [757,111,758,1]
02-22 01:20:52.820 I/sysui_multi_action( 1972): [757,126,758,1,759,126,927,0,928,1,1593,1]
02-22 01:20:52.820 I/sysui_multi_action( 1972): [757,113,758,1,759,113,927,1,928,1,1593,1]
02-22 01:20:52.820 I/sysui_multi_action( 1972): [757,0,758,1,759,0,927,2,928,0,1593,1]
02-22 01:20:52.821 I/sysui_multi_action( 1972): [757,0,758,1,759,0,927,3,928,0,1593,1]
02-22 01:20:52.821 I/am_wtf ( 1521): [0,1521,system_server,-1,DisplayDeviceConfig,requesting nits when no mapping exists.]
02-22 01:20:52.821 I/sysui_multi_action( 1972): [757,491,758,1,759,491,927,4,928,0,1311,-1,1593,0]
02-22 01:20:52.821 I/am_wtf ( 1521): [0,1521,system_server,-1,DisplayDeviceConfig,requesting nits when no mapping exists.]
