02-22 01:25:13.733 I/am_wtf ( 1521): [0,1521,system_server,-1,DisplayDeviceConfig,requesting nits when no mapping exists.]
02-22 01:25:13.734 I/am_wtf ( 1521): [0,1521,system_server,-1,DisplayDeviceConfig,requesting nits when no mapping exists.]
02-22 01:25:13.764 E/DisplayDeviceConfig( 1521): requesting nits when no mapping exists.
02-22 01:25:13.765 E/DisplayDeviceConfig( 1521): requesting nits when no mapping exists.
02-22 01:25:13.765 I/am_wtf ( 1521): [0,1521,system_server,-1,DisplayDeviceConfig,requesting nits when no mapping exists.]
02-22 01:25:13.766 I/am_wtf ( 1521): [0,1521,system_server,-1,DisplayDeviceConfig,requesting nits when no mapping exists.]
02-22 01:25:13.780 E/DisplayDeviceConfig( 1521): requesting nits when no mapping exists.
02-22 01:25:13.780 I/am_wtf ( 1521): [0,1521,system_server,-1,DisplayDeviceConfig,requesting nits when no mapping exists.]
02-22 01:25:13.780 E/DisplayDeviceConfig( 1521): requesting nits when no mapping exists.
02-22 01:25:13.781 I/am_wtf ( 1521): [0,1521,system_server,-1,DisplayDeviceConfig,requesting nits when no mapping exists.]
02-22 01:25:13.796 E/DisplayDeviceConfig( 1521): requesting nits when no mapping exists.
02-22 01:25:13.797 E/DisplayDeviceConfig( 1521): requesting nits when no mapping exists.
02-22 01:25:13.797 I/am_wtf ( 1521): [0,1521,system_server,-1,DisplayDeviceConfig,requesting nits when no mapping exists.]
02-22 01:25:13.800 I/am_wtf ( 1521): [0,1521,system_server,-1,DisplayDeviceConfig,requesting nits when no mapping exists.]
02-22 01:25:13.813 E/DisplayDeviceConfig( 1521): requesting nits when no mapping exists.
02-22 01:25:13.814 E/DisplayDeviceConfig( 1521): requesting nits when no mapping exists.
02-22 01:25:13.814 I/am_wtf ( 1521): [0,1521,system_server,-1,DisplayDeviceConfig,requesting nits when no mapping exists.]
02-22 01:25:13.815 I/am_wtf ( 1521): [0,1521,system_server,-1,DisplayDeviceConfig,requesting nits when no mapping exists.]
02-22 01:25:13.830 E/DisplayDeviceConfig( 1521): requesting nits when no mapping exists.
02-22 01:25:13.830 E/DisplayDeviceConfig( 1521): requesting nits when no mapping exists.
02-22 01:25:13.831 I/am_wtf ( 1521): [0,1521,system_server,-1,DisplayDeviceConfig,requesting nits when no mapping exists.]
02-22 01:25:13.831 I/am_wtf ( 1521): [0,1521,system_server,-1,DisplayDeviceConfig,requesting nits when no mapping exists.]
02-22 01:25:13.847 E/DisplayDeviceConfig( 1521): requesting nits when no mapping exists.
02-22 01:25:13.847 E/DisplayDeviceConfig( 1521): requesting nits when no mapping exists.
02-22 01:25:13.847 I/am_wtf ( 1521): [0,1521,system_server,-1,DisplayDeviceConfig,requesting nits when no mapping exists.]
02-22 01:25:13.848 I/am_wtf ( 1521): [0,1521,system_server,-1,DisplayDeviceConfig,requesting nits when no mapping exists.]
02-22 01:25:13.865 E/DisplayDeviceConfig( 1521): requesting nits when no mapping exists.
02-22 01:25:13.865 E/DisplayDeviceConfig( 1521): requesting nits when no mapping exists.
02-22 01:25:13.865 I/am_wtf ( 1521): [0,1521,system_server,-1,DisplayDeviceConfig,requesting nits when no mapping exists.]
02-22 01:25:13.866 I/am_wtf ( 1521): [0,1521,system_server,-1,DisplayDeviceConfig,requesting nits when no mapping exists.]
02-22 01:25:13.880 E/DisplayDeviceConfig( 1521): requesting nits when no mapping exists.
02-22 01:25:13.880 E/DisplayDeviceConfig( 1521): requesting nits when no mapping exists.
02-22 01:25:13.880 I/am_wtf ( 1521): [0,1521,system_server,-1,DisplayDeviceConfig,requesting nits when no mapping exists.]
02-22 01:25:13.881 I/am_wtf ( 1521): [0,1521,system_server,-1,DisplayDeviceConfig,requesting nits when no mapping exists.]
02-22 01:25:13.897 E/DisplayDeviceConfig( 1521): requesting nits when no mapping exists.
02-22 01:25:13.898 E/DisplayDeviceConfig( 1521): requesting nits when no mapping exists.
02-22 01:25:13.898 I/am_wtf ( 1521): [0,1521,system_server,-1,DisplayDeviceConfig,requesting nits when no mapping exists.]
02-22 01:25:13.900 I/am_wtf ( 1521): [0,1521,system_server,-1,DisplayDeviceConfig,requesting nits when no mapping exists.]
02-22 01:25:13.914 E/DisplayDeviceConfig( 1521): requesting nits when no mapping exists.
02-22 01:25:13.915 E/DisplayDeviceConfig( 1521): requesting nits when no mapping exists.
02-22 01:25:13.915 I/am_wtf ( 1521): [0,1521,system_server,-1,DisplayDeviceConfig,requesting nits when no mapping exists.]
02-22 01:25:13.915 I/am_wtf ( 1521): [0,1521,system_server,-1,DisplayDeviceConfig,requesting nits when no mapping exists.]
02-22 01:25:13.927 I/mpu_uart( 645): [MSG-P:RECV]:No message received in 1000 ms
02-22 01:25:13.954 I/sysui_multi_action( 1972): [757,219,758,4,759,4]
02-22 01:25:13.959 I/commit_sys_config_file( 1521): [display-state,688271]
02-22 01:25:13.959 V/DisplayPowerController[0]( 1521): Brightness [0.030303031] reason changing to: 'manual', previous reason: 'temporary'.
02-22 01:25:14.167 I/commit_sys_config_file( 1521): [settings-1-0,5]
02-22 01:25:14.240 I/OMX-VENC: venc_dev( 1219): stats: avg. fps 14.96, bitrate 1221478
02-22 01:25:14.416 I/mpu_uart( 645): [MSG-P:R]:recv sync frame timeout
02-22 01:25:14.481 V/DisplayPowerController[0]( 1521): Brightness [0.030303031] reason changing to: 'temporary', previous reason: 'manual'.
02-22 01:25:14.482 E/DisplayDeviceConfig( 1521): requesting nits when no mapping exists.
02-22 01:25:14.483 E/DisplayDeviceConfig( 1521): requesting nits when no mapping exists.
02-22 01:25:14.483 I/am_wtf ( 1521): [0,1521,system_server,-1,DisplayDeviceConfig,requesting nits when no mapping exists.]
02-22 01:25:14.484 I/am_wtf ( 1521): [0,1521,system_server,-1,DisplayDeviceConfig,requesting nits when no mapping exists.]
02-22 01:25:14.498 E/DisplayDeviceConfig( 1521): requesting nits when no mapping exists.
02-22 01:25:14.499 E/DisplayDeviceConfig( 1521): requesting nits when no mapping exists.
02-22 01:25:14.499 I/am_wtf ( 1521): [0,1521,system_server,-1,DisplayDeviceConfig,requesting nits when no mapping exists.]
02-22 01:25:14.499 I/am_wtf ( 1521): [0,1521,system_server,-1,DisplayDeviceConfig,requesting nits when no mapping exists.]
02-22 01:25:14.515 E/DisplayDeviceConfig( 1521): requesting nits when no mapping exists.
02-22 01:25:14.516 E/DisplayDeviceConfig( 1521): requesting nits when no mapping exists.
02-22 01:25:14.516 I/am_wtf ( 1521): [0,1521,system_server,-1,DisplayDeviceConfig,requesting nits when no mapping exists.]
02-22 01:25:14.517 I/am_wtf ( 1521): [0,1521,system_server,-1,DisplayDeviceConfig,requesting nits when no mapping exists.]
02-22 01:25:14.532 E/DisplayDeviceConfig( 1521): requesting nits when no mapping exists.
02-22 01:25:14.533 E/DisplayDeviceConfig( 1521): requesting nits when no mapping exists.
02-22 01:25:14.533 I/am_wtf ( 1521): [0,1521,system_server,-1,DisplayDeviceConfig,requesting nits when no mapping exists.]
02-22 01:25:14.533 I/am_wtf ( 1521): [0,1521,system_server,-1,DisplayDeviceConfig,requesting nits when no mapping exists.]
02-22 01:25:14.548 E/DisplayDeviceConfig( 1521): requesting nits when no mapping exists.
02-22 01:25:14.549 E/DisplayDeviceConfig( 1521): requesting nits when no mapping exists.
02-22 01:25:14.549 I/am_wtf ( 1521): [0,1521,system_server,-1,DisplayDeviceConfig,requesting nits when no mapping exists.]
02-22 01:25:14.549 I/am_wtf ( 1521): [0,1521,system_server,-1,DisplayDeviceConfig,requesting nits when no mapping exists.]
02-22 01:25:14.565 E/DisplayDeviceConfig( 1521): requesting nits when no mapping exists.
02-22 01:25:14.566 E/DisplayDeviceConfig( 1521): requesting nits when no mapping exists.
02-22 01:25:14.566 I/am_wtf ( 1521): [0,1521,system_server,-1,DisplayDeviceConfig,requesting nits when no mapping exists.]
02-22 01:25:14.567 I/am_wtf ( 1521): [0,1521,system_server,-1,DisplayDeviceConfig,requesting nits when no mapping exists.]
02-22 01:25:14.582 E/DisplayDeviceConfig( 1521): requesting nits when no mapping exists.
02-22 01:25:14.583 E/DisplayDeviceConfig( 1521): requesting nits when no mapping exists.
02-22 01:25:14.583 I/am_wtf ( 1521): [0,1521,system_server,-1,DisplayDeviceConfig,requesting nits when no mapping exists.]
02-22 01:25:14.583 I/am_wtf ( 1521): [0,1521,system_server,-1,DisplayDeviceConfig,requesting nits when no mapping exists.]
02-22 01:25:14.599 E/DisplayDeviceConfig( 1521): requesting nits when no mapping exists.
02-22 01:25:14.599 E/DisplayDeviceConfig( 1521): requesting nits when no mapping exists.
02-22 01:25:14.599 I/am_wtf ( 1521): [0,1521,system_server,-1,DisplayDeviceConfig,requesting nits when no mapping exists.]
02-22 01:25:14.600 I/am_wtf ( 1521): [0,1521,system_server,-1,DisplayDeviceConfig,requesting nits when no mapping exists.]
02-22 01:25:14.616 E/DisplayDeviceConfig( 1521): requesting nits when no mapping exists.
02-22 01:25:14.616 E/DisplayDeviceConfig( 1521): requesting nits when no mapping exists.
02-22 01:25:14.616 I/am_wtf ( 1521): [0,1521,system_server,-1,DisplayDeviceConfig,requesting nits when no mapping exists.]
02-22 01:25:14.617 I/am_wtf ( 1521): [0,1521,system_server,-1,DisplayDeviceConfig,requesting nits when no mapping exists.]
02-22 01:25:14.638 W/hpplay-java( 2725): [main]:IPManager:getActiveNets invalid networkInfo:null
02-22 01:25:14.639 I/hpplay-java( 2725): [main]:IPManager:getActiveNets eth0:false wifi:false mobile:false ap:false
02-22 01:25:14.639 I/hpplay-java( 2725): [main]:ServerTaskManager:get local ip:null
02-22 01:25:14.656 I/sysui_multi_action( 1972): [757,219,758,4,759,86]
02-22 01:25:14.660 I/commit_sys_config_file( 1521): [display-state,688972]
02-22 01:25:14.661 V/DisplayPowerController[0]( 1521): Brightness [0.85858583] reason changing to: 'manual', previous reason: 'temporary'.
02-22 01:25:14.798 D/RemoteControlService( 2315): startVlanDispatchThread
02-22 01:25:14.837 I/OpenGLRenderer( 1972): Davey! duration=9223371300223ms; Flags=0, FrameTimelineVsyncId=17680, IntendedVsync=736630939732, Vsync=736630939732, InputEventId=0, HandleInputStart=736631548623, AnimationStart=736631552686, PerformTraversalsStart=736631555550, DrawStart=736637549821, FrameDeadline=736668939730, FrameInterval=736631534092, FrameStartTime=16666666, SyncQueued=736639098779, SyncStart=736639265602, IssueDrawCommandsStart=736640733727, SwapBuffers=736649665394, FrameCompleted=9223372036854775807, DequeueBufferDuration=51459, QueueBufferDuration=1219063, GpuCompleted=9223372036854775807, SwapBuffersCompleted=736651517373, DisplayPresentTime=0,
02-22 01:25:14.868 I/commit_sys_config_file( 1521): [settings-1-0,5]
02-22 01:25:14.927 I/mpu_uart( 645): [MSG-P:RECV]:No message received in 1000 ms
02-22 01:25:15.163 I/hpplay-java( 2725): [main]:IMTask:getIMRoot
02-22 01:25:15.170 W/hpplay-java( 2725): [AsyncTask #65]:HttpRequest:
02-22 01:25:15.173 W/hpplay-java( 2725): [AsyncTask #65]:HttpRequest:
02-22 01:25:15.176 W/hpplay-java( 2725): [AsyncTask #65]:HttpRequest:
02-22 01:25:15.176 E/hpplay-java( 2725): [main]:IMTask:getIMRoot failed
02-22 01:25:15.243 I/OMX-VENC: venc_dev( 1219): stats: avg. fps 12.95, bitrate 546158
02-22 01:25:15.334 V/DisplayPowerController[0]( 1521): Brightness [0.85858583] reason changing to: 'temporary', previous reason: 'manual'.
02-22 01:25:15.337 E/DisplayDeviceConfig( 1521): requesting nits when no mapping exists.
02-22 01:25:15.338 E/DisplayDeviceConfig( 1521): requesting nits when no mapping exists.
02-22 01:25:15.338 I/am_wtf ( 1521): [0,1521,system_server,-1,DisplayDeviceConfig,requesting nits when no mapping exists.]
02-22 01:25:15.347 I/am_wtf ( 1521): [0,1521,system_server,-1,DisplayDeviceConfig,requesting nits when no mapping exists.]
02-22 01:25:15.352 I/OpenGLRenderer( 1972): Davey! duration=9223371299705ms; Flags=0, FrameTimelineVsyncId=17689, IntendedVsync=737148864391, Vsync=737148864391, InputEventId=633676764, HandleInputStart=737149129300, AnimationStart=737149524040, PerformTraversalsStart=737149526175, DrawStart=737153124404, FrameDeadline=737186864389, FrameInterval=737149126123, FrameStartTime=16666666, SyncQueued=737154051488, SyncStart=737154228102, IssueDrawCommandsStart=737155401488, SwapBuffers=737160737112, FrameCompleted=9223372036854775807, DequeueBufferDuration=44531, QueueBufferDuration=821042, GpuCompleted=9223372036854775807, SwapBuffersCompleted=737162050394, DisplayPresentTime=0,
02-22 01:25:15.353 E/DisplayDeviceConfig( 1521): requesting nits when no mapping exists.
02-22 01:25:15.354 E/DisplayDeviceConfig( 1521): requesting nits when no mapping exists.
02-22 01:25:15.354 I/am_wtf ( 1521): [0,1521,system_server,-1,DisplayDeviceConfig,requesting nits when no mapping exists.]
02-22 01:25:15.359 I/am_wtf ( 1521): [0,1521,system_server,-1,DisplayDeviceConfig,requesting nits when no mapping exists.]
02-22 01:25:15.369 E/DisplayDeviceConfig( 1521): requesting nits when no mapping exists.
02-22 01:25:15.370 I/am_wtf ( 1521): [0,1521,system_server,-1,DisplayDeviceConfig,requesting nits when no mapping exists.]
02-22 01:25:15.370 E/DisplayDeviceConfig( 1521): requesting nits when no mapping exists.
02-22 01:25:15.371 I/am_wtf ( 1521): [0,1521,system_server,-1,DisplayDeviceConfig,requesting nits when no mapping exists.]
02-22 01:25:15.384 E/DisplayDeviceConfig( 1521): requesting nits when no mapping exists.
02-22 01:25:15.384 E/DisplayDeviceConfig( 1521): requesting nits when no mapping exists.
02-22 01:25:15.384 I/am_wtf ( 1521): [0,1521,system_server,-1,DisplayDeviceConfig,requesting nits when no mapping exists.]
02-22 01:25:15.384 I/am_wtf ( 1521): [0,1521,system_server,-1,DisplayDeviceConfig,requesting nits when no mapping exists.]
02-22 01:25:15.400 E/DisplayDeviceConfig( 1521): requesting nits when no mapping exists.
02-22 01:25:15.401 I/am_wtf ( 1521): [0,1521,system_server,-1,DisplayDeviceConfig,requesting nits when no mapping exists.]
02-22 01:25:15.401 E/DisplayDeviceConfig( 1521): requesting nits when no mapping exists.
02-22 01:25:15.401 I/am_wtf ( 1521): [0,1521,system_server,-1,DisplayDeviceConfig,requesting nits when no mapping exists.]
02-22 01:25:15.417 E/DisplayDeviceConfig( 1521): requesting nits when no mapping exists.
02-22 01:25:15.417 E/DisplayDeviceConfig( 1521): requesting nits when no mapping exists.
02-22 01:25:15.417 I/am_wtf ( 1521): [0,1521,system_server,-1,DisplayDeviceConfig,requesting nits when no mapping exists.]
02-22 01:25:15.418 I/am_wtf ( 1521): [0,1521,system_server,-1,DisplayDeviceConfig,requesting nits when no mapping exists.]
02-22 01:25:15.434 E/DisplayDeviceConfig( 1521): requesting nits when no mapping exists.
02-22 01:25:15.435 E/DisplayDeviceConfig( 1521): requesting nits when no mapping exists.
02-22 01:25:15.435 I/am_wtf ( 1521): [0,1521,system_server,-1,DisplayDeviceConfig,requesting nits when no mapping exists.]
02-22 01:25:15.435 I/am_wtf ( 1521): [0,1521,system_server,-1,DisplayDeviceConfig,requesting nits when no mapping exists.]
02-22 01:25:15.446 E/tlogd ( 1273): [TzLogger](isPathReadable) file /sys/kernel/debug/tzdbg/qsee_log isn't exist or no permission, err: No such file or directory
02-22 01:25:15.446 E/tlogd ( 1273): [TzLogger](saveTzlogAsync) /sys/kernel/debug/tzdbg/qsee_log can not read.
02-22 01:25:15.446 E/tlogd ( 1273): [TzLogger](isPathReadable) file /sys/kernel/debug/tzdbg/log isn't exist or no permission, err: No such file or directory
02-22 01:25:15.446 E/tlogd ( 1273): [TzLogger](saveTzlogAsync) /sys/kernel/debug/tzdbg/log can not read.
02-22 01:25:15.451 E/DisplayDeviceConfig( 1521): requesting nits when no mapping exists.
02-22 01:25:15.451 E/DisplayDeviceConfig( 1521): requesting nits when no mapping exists.
02-22 01:25:15.452 I/am_wtf ( 1521): [0,1521,system_server,-1,DisplayDeviceConfig,requesting nits when no mapping exists.]
02-22 01:25:15.452 I/am_wtf ( 1521): [0,1521,system_server,-1,DisplayDeviceConfig,requesting nits when no mapping exists.]
02-22 01:25:15.468 E/DisplayDeviceConfig( 1521): requesting nits when no mapping exists.
02-22 01:25:15.468 E/DisplayDeviceConfig( 1521): requesting nits when no mapping exists.
02-22 01:25:15.468 I/am_wtf ( 1521): [0,1521,system_server,-1,DisplayDeviceConfig,requesting nits when no mapping exists.]
02-22 01:25:15.469 I/am_wtf ( 1521): [0,1521,system_server,-1,DisplayDeviceConfig,requesting nits when no mapping exists.]
02-22 01:25:15.484 E/DisplayDeviceConfig( 1521): requesting nits when no mapping exists.
02-22 01:25:15.485 E/DisplayDeviceConfig( 1521): requesting nits when no mapping exists.
02-22 01:25:15.485 I/am_wtf ( 1521): [0,1521,system_server,-1,DisplayDeviceConfig,requesting nits when no mapping exists.]
02-22 01:25:15.485 I/am_wtf ( 1521): [0,1521,system_server,-1,DisplayDeviceConfig,requesting nits when no mapping exists.]
02-22 01:25:15.501 E/DisplayDeviceConfig( 1521): requesting nits when no mapping exists.
02-22 01:25:15.502 E/DisplayDeviceConfig( 1521): requesting nits when no mapping exists.
02-22 01:25:15.502 I/am_wtf ( 1521): [0,1521,system_server,-1,DisplayDeviceConfig,requesting nits when no mapping exists.]
02-22 01:25:15.505 I/am_wtf ( 1521): [0,1521,system_server,-1,DisplayDeviceConfig,requesting nits when no mapping exists.]
02-22 01:25:15.535 I/sysui_multi_action( 1972): [757,219,758,4,759,10]
02-22 01:25:15.540 I/commit_sys_config_file( 1521): [display-state,689852]
02-22 01:25:15.540 V/DisplayPowerController[0]( 1521): Brightness [0.09090909] reason changing to: 'manual', previous reason: 'temporary'.
02-22 01:25:15.640 W/hpplay-java( 2725): [main]:IPManager:getActiveNets invalid networkInfo:null
02-22 01:25:15.640 I/hpplay-java( 2725): [main]:IPManager:getActiveNets eth0:false wifi:false mobile:false ap:false
02-22 01:25:15.640 I/hpplay-java( 2725): [main]:ServerTaskManager:get local ip:null
02-22 01:25:15.748 I/commit_sys_config_file( 1521): [settings-1-0,5]
02-22 01:25:15.840 I/OpenGLRenderer( 1972): Davey! duration=9223371299221ms; Flags=0, FrameTimelineVsyncId=17720, IntendedVsync=737633362933, Vsync=737633362933, InputEventId=0, HandleInputStart=737633878310, AnimationStart=737633881904, PerformTraversalsStart=737633884664, DrawStart=737639642789, FrameDeadline=737671362931, FrameInterval=737633864821, FrameStartTime=16666666, SyncQueued=737641282789, SyncStart=737641554456, IssueDrawCommandsStart=737642995758, SwapBuffers=737651331748, FrameCompleted=9223372036854775807, DequeueBufferDuration=55208, QueueBufferDuration=1422136, GpuCompleted=9223372036854775807, SwapBuffersCompleted=737653430550, DisplayPresentTime=0,
02-22 01:25:15.927 I/mpu_uart( 645): [MSG-P:RECV]:No message received in 1000 ms
02-22 01:25:16.035 V/DisplayPowerController[0]( 1521): Brightness [0.09090909] reason changing to: 'temporary', previous reason: 'manual'.
02-22 01:25:16.036 E/DisplayDeviceConfig( 1521): requesting nits when no mapping exists.
02-22 01:25:16.037 E/DisplayDeviceConfig( 1521): requesting nits when no mapping exists.
02-22 01:25:16.037 I/am_wtf ( 1521): [0,1521,system_server,-1,DisplayDeviceConfig,requesting nits when no mapping exists.]
02-22 01:25:16.037 I/am_wtf ( 1521): [0,1521,system_server,-1,DisplayDeviceConfig,requesting nits when no mapping exists.]
02-22 01:25:16.052 E/DisplayDeviceConfig( 1521): requesting nits when no mapping exists.
02-22 01:25:16.052 E/DisplayDeviceConfig( 1521): requesting nits when no mapping exists.
02-22 01:25:16.052 I/am_wtf ( 1521): [0,1521,system_server,-1,DisplayDeviceConfig,requesting nits when no mapping exists.]
02-22 01:25:16.053 I/am_wtf ( 1521): [0,1521,system_server,-1,DisplayDeviceConfig,requesting nits when no mapping exists.]
02-22 01:25:16.070 E/DisplayDeviceConfig( 1521): requesting nits when no mapping exists.
02-22 01:25:16.071 E/DisplayDeviceConfig( 1521): requesting nits when no mapping exists.
02-22 01:25:16.071 I/am_wtf ( 1521): [0,1521,system_server,-1,DisplayDeviceConfig,requesting nits when no mapping exists.]
02-22 01:25:16.071 I/am_wtf ( 1521): [0,1521,system_server,-1,DisplayDeviceConfig,requesting nits when no mapping exists.]
02-22 01:25:16.085 E/DisplayDeviceConfig( 1521): requesting nits when no mapping exists.
02-22 01:25:16.086 E/DisplayDeviceConfig( 1521): requesting nits when no mapping exists.
02-22 01:25:16.086 I/am_wtf ( 1521): [0,1521,system_server,-1,DisplayDeviceConfig,requesting nits when no mapping exists.]
02-22 01:25:16.087 I/am_wtf ( 1521): [0,1521,system_server,-1,DisplayDeviceConfig,requesting nits when no mapping exists.]
02-22 01:25:16.102 E/DisplayDeviceConfig( 1521): requesting nits when no mapping exists.
02-22 01:25:16.103 E/DisplayDeviceConfig( 1521): requesting nits when no mapping exists.
02-22 01:25:16.103 I/am_wtf ( 1521): [0,1521,system_server,-1,DisplayDeviceConfig,requesting nits when no mapping exists.]
02-22 01:25:16.103 I/am_wtf ( 1521): [0,1521,system_server,-1,DisplayDeviceConfig,requesting nits when no mapping exists.]
02-22 01:25:16.119 E/DisplayDeviceConfig( 1521): requesting nits when no mapping exists.
02-22 01:25:16.119 E/DisplayDeviceConfig( 1521): requesting nits when no mapping exists.
02-22 01:25:16.119 I/am_wtf ( 1521): [0,1521,system_server,-1,DisplayDeviceConfig,requesting nits when no mapping exists.]
02-22 01:25:16.120 I/am_wtf ( 1521): [0,1521,system_server,-1,DisplayDeviceConfig,requesting nits when no mapping exists.]
02-22 01:25:16.136 E/DisplayDeviceConfig( 1521): requesting nits when no mapping exists.
02-22 01:25:16.136 E/DisplayDeviceConfig( 1521): requesting nits when no mapping exists.
02-22 01:25:16.136 I/am_wtf ( 1521): [0,1521,system_server,-1,DisplayDeviceConfig,requesting nits when no mapping exists.]
02-22 01:25:16.137 I/am_wtf ( 1521): [0,1521,system_server,-1,DisplayDeviceConfig,requesting nits when no mapping exists.]
02-22 01:25:16.152 E/DisplayDeviceConfig( 1521): requesting nits when no mapping exists.
02-22 01:25:16.153 E/DisplayDeviceConfig( 1521): requesting nits when no mapping exists.
02-22 01:25:16.153 I/am_wtf ( 1521): [0,1521,system_server,-1,DisplayDeviceConfig,requesting nits when no mapping exists.]
02-22 01:25:16.154 I/am_wtf ( 1521): [0,1521,system_server,-1,DisplayDeviceConfig,requesting nits when no mapping exists.]
02-22 01:25:16.194 I/sysui_multi_action( 1972): [757,219,758,4,759,87]
02-22 01:25:16.199 I/commit_sys_config_file( 1521): [display-state,690511]
02-22 01:25:16.200 V/DisplayPowerController[0]( 1521): Brightness [0.86868685] reason changing to: 'manual', previous reason: 'temporary'.
02-22 01:25:16.243 I/OMX-VENC: venc_dev( 1219): stats: avg. fps 25.00, bitrate 1045468
02-22 01:25:16.407 I/commit_sys_config_file( 1521): [settings-1-0,6]
01-01 11:31:03.503 E/DTC_ETH,link_delay_work_func( 0): 3003, SQI=0, link=0
02-22 01:25:16.643 W/hpplay-java( 2725): [main]:IPManager:getActiveNets invalid networkInfo:null
02-22 01:25:16.643 I/hpplay-java( 2725): [main]:IPManager:getActiveNets eth0:false wifi:false mobile:false ap:false
02-22 01:25:16.643 I/hpplay-java( 2725): [main]:ServerTaskManager:get local ip:null
02-22 01:25:16.841 I/OpenGLRenderer( 1972): Davey! duration=9223371298218ms; Flags=0, FrameTimelineVsyncId=17752, IntendedVsync=738635775387, Vsync=738635775387, InputEventId=0, HandleInputStart=738636296591, AnimationStart=738636300445, PerformTraversalsStart=738636303258, DrawStart=738641995706, FrameDeadline=738673775385, FrameInterval=738636282424, FrameStartTime=16666666, SyncQueued=738643442424, SyncStart=738643578154, IssueDrawCommandsStart=738645172060, SwapBuffers=738654347008, FrameCompleted=9223372036854775807, DequeueBufferDuration=54844, QueueBufferDuration=1319739, GpuCompleted=9223372036854775807, SwapBuffersCompleted=738656366435, DisplayPresentTime=0,
02-22 01:25:16.920 V/DisplayPowerController[0]( 1521): Brightness [0.86868685] reason changing to: 'temporary', previous reason: 'manual'.
02-22 01:25:16.922 E/DisplayDeviceConfig( 1521): requesting nits when no mapping exists.
02-22 01:25:16.923 E/DisplayDeviceConfig( 1521): requesting nits when no mapping exists.
02-22 01:25:16.923 I/am_wtf ( 1521): [0,1521,system_server,-1,DisplayDeviceConfig,requesting nits when no mapping exists.]
02-22 01:25:16.923 I/am_wtf ( 1521): [0,1521,system_server,-1,DisplayDeviceConfig,requesting nits when no mapping exists.]
02-22 01:25:16.927 I/mpu_uart( 645): [MSG-P:RECV]:No message received in 1000 ms
02-22 01:25:16.937 E/DisplayDeviceConfig( 1521): requesting nits when no mapping exists.
02-22 01:25:16.938 E/DisplayDeviceConfig( 1521): requesting nits when no mapping exists.
02-22 01:25:16.938 I/am_wtf ( 1521): [0,1521,system_server,-1,DisplayDeviceConfig,requesting nits when no mapping exists.]
02-22 01:25:16.939 I/am_wtf ( 1521): [0,1521,system_server,-1,DisplayDeviceConfig,requesting nits when no mapping exists.]
02-22 01:25:16.950 E/audio_hw_primary( 799): out_write: error -5, cannot write stream data: I/O error
02-22 01:25:16.950 D/audio_hw_primary( 799): out_standby: enter: stream (0xe41821a0) usecase(1: low-latency-playback)
02-22 01:25:16.956 E/DisplayDeviceConfig( 1521): requesting nits when no mapping exists.
02-22 01:25:16.956 E/DisplayDeviceConfig( 1521): requesting nits when no mapping exists.
02-22 01:25:16.956 I/am_wtf ( 1521): [0,1521,system_server,-1,DisplayDeviceConfig,requesting nits when no mapping exists.]
02-22 01:25:16.958 I/am_wtf ( 1521): [0,1521,system_server,-1,DisplayDeviceConfig,requesting nits when no mapping exists.]
02-22 01:25:16.971 E/DisplayDeviceConfig( 1521): requesting nits when no mapping exists.
02-22 01:25:16.971 E/DisplayDeviceConfig( 1521): requesting nits when no mapping exists.
02-22 01:25:16.971 I/am_wtf ( 1521): [0,1521,system_server,-1,DisplayDeviceConfig,requesting nits when no mapping exists.]
02-22 01:25:16.972 I/am_wtf ( 1521): [0,1521,system_server,-1,DisplayDeviceConfig,requesting nits when no mapping exists.]
02-22 01:25:16.988 E/DisplayDeviceConfig( 1521): requesting nits when no mapping exists.
02-22 01:25:16.988 I/am_wtf ( 1521): [0,1521,system_server,-1,DisplayDeviceConfig,requesting nits when no mapping exists.]
02-22 01:25:16.988 E/DisplayDeviceConfig( 1521): requesting nits when no mapping exists.
02-22 01:25:16.989 I/am_wtf ( 1521): [0,1521,system_server,-1,DisplayDeviceConfig,requesting nits when no mapping exists.]
02-22 01:25:17.005 E/DisplayDeviceConfig( 1521): requesting nits when no mapping exists.
02-22 01:25:17.005 E/DisplayDeviceConfig( 1521): requesting nits when no mapping exists.
02-22 01:25:17.005 I/am_wtf ( 1521): [0,1521,system_server,-1,DisplayDeviceConfig,requesting nits when no mapping exists.]
02-22 01:25:17.006 I/am_wtf ( 1521): [0,1521,system_server,-1,DisplayDeviceConfig,requesting nits when no mapping exists.]
02-22 01:25:17.021 E/DisplayDeviceConfig( 1521): requesting nits when no mapping exists.
02-22 01:25:17.022 E/DisplayDeviceConfig( 1521): requesting nits when no mapping exists.
02-22 01:25:17.022 I/am_wtf ( 1521): [0,1521,system_server,-1,DisplayDeviceConfig,requesting nits when no mapping exists.]
02-22 01:25:17.022 I/am_wtf ( 1521): [0,1521,system_server,-1,DisplayDeviceConfig,requesting nits when no mapping exists.]
02-22 01:25:17.038 E/DisplayDeviceConfig( 1521): requesting nits when no mapping exists.
02-22 01:25:17.038 E/DisplayDeviceConfig( 1521): requesting nits when no mapping exists.
02-22 01:25:17.038 I/am_wtf ( 1521): [0,1521,system_server,-1,DisplayDeviceConfig,requesting nits when no mapping exists.]
02-22 01:25:17.039 I/am_wtf ( 1521): [0,1521,system_server,-1,DisplayDeviceConfig,requesting nits when no mapping exists.]
02-22 01:25:17.055 E/DisplayDeviceConfig( 1521): requesting nits when no mapping exists.
02-22 01:25:17.055 E/DisplayDeviceConfig( 1521): requesting nits when no mapping exists.
02-22 01:25:17.055 I/am_wtf ( 1521): [0,1521,system_server,-1,DisplayDeviceConfig,requesting nits when no mapping exists.]
02-22 01:25:17.057 I/am_wtf ( 1521): [0,1521,system_server,-1,DisplayDeviceConfig,requesting nits when no mapping exists.]
02-22 01:25:17.072 E/DisplayDeviceConfig( 1521): requesting nits when no mapping exists.
02-22 01:25:17.072 I/am_wtf ( 1521): [0,1521,system_server,-1,DisplayDeviceConfig,requesting nits when no mapping exists.]
02-22 01:25:17.072 E/DisplayDeviceConfig( 1521): requesting nits when no mapping exists.
02-22 01:25:17.073 I/am_wtf ( 1521): [0,1521,system_server,-1,DisplayDeviceConfig,requesting nits when no mapping exists.]
02-22 01:25:17.088 E/DisplayDeviceConfig( 1521): requesting nits when no mapping exists.
02-22 01:25:17.088 E/DisplayDeviceConfig( 1521): requesting nits when no mapping exists.
02-22 01:25:17.089 I/am_wtf ( 1521): [0,1521,system_server,-1,DisplayDeviceConfig,requesting nits when no mapping exists.]
02-22 01:25:17.090 I/am_wtf ( 1521): [0,1521,system_server,-1,DisplayDeviceConfig,requesting nits when no mapping exists.]
02-22 01:25:17.105 E/DisplayDeviceConfig( 1521): requesting nits when no mapping exists.
02-22 01:25:17.105 E/DisplayDeviceConfig( 1521): requesting nits when no mapping exists.
02-22 01:25:17.105 I/am_wtf ( 1521): [0,1521,system_server,-1,DisplayDeviceConfig,requesting nits when no mapping exists.]
02-22 01:25:17.106 I/am_wtf ( 1521): [0,1521,system_server,-1,DisplayDeviceConfig,requesting nits when no mapping exists.]
02-22 01:25:17.142 I/sysui_multi_action( 1972): [757,219,758,4,759,2]
02-22 01:25:17.147 I/commit_sys_config_file( 1521): [display-state,691460]
02-22 01:25:17.148 V/DisplayPowerController[0]( 1521): Brightness [0.01010101] reason changing to: 'manual', previous reason: 'temporary'.
01-01 11:31:04.215 E/msm_pcm_playback_close( 0): CMD_EOS failed, cmd_pending 0x8
01-01 11:31:04.222 I/afe_close( 0): port_id = 0x9000
02-22 01:25:17.164 D/audio_hw_primary( 799): disable_audio_route: reset and update mixer path: low-latency-playback
02-22 01:25:17.165 E/soundtrigger( 799): audio_extn_sound_trigger_update_stream_status: invalid input device 0x0, for event 2
02-22 01:25:17.165 D/soundtrigger( 799): audio_extn_sound_trigger_update_stream_status: uc_info->id 1 of type 0 for Event 2, with Raise=0
02-22 01:25:17.165 D/msm8974_platform( 799): platform_split_snd_device: snd_device(2) num devices(0) new_snd_devices(0)
02-22 01:25:17.165 I/msm8974_platform( 799): platform_get_custom_mtmx_params: no matching param with id 0 ip_ch 2 op_ch 2 uc_id 1 snd_dev 2
02-22 01:25:17.165 D/hardware_info( 799): hw_info_append_hw_type : device_name = speaker
02-22 01:25:17.165 D/audio_hw_primary( 799): disable_snd_device: snd_device(2: speaker)
02-22 01:25:17.165 D/msm8974_platform( 799): platform_split_snd_device: snd_device(2) num devices(0) new_snd_devices(0)
02-22 01:25:17.165 I/soundtrigger( 799): audio_extn_sound_trigger_update_device_status: device 0x2 of type 0 for Event 0, with Raise=0
02-22 01:25:17.165 D/audio_hw_primary( 799): out_standby: exit
02-22 01:25:17.169 D/audio_hw_primary( 799): start_output_stream: enter: stream(0xe41821a0)usecase(1: low-latency-playback) devices(0x2) is_haptic_usecase(0)
02-22 01:25:17.170 D/audio_hw_primary( 799): select_devices for use case (low-latency-playback)
02-22 01:25:17.170 I/msm8974_platform( 799): platform_check_and_set_codec_backend_cfg:becf: afe: bitwidth 16, samplerate 48000 channels 2, backend_idx 0 usecase = 1 device (speaker)
02-22 01:25:17.170 D/msm8974_platform( 799): platform_split_snd_device: snd_device(2) num devices(1) new_snd_devices(0)
02-22 01:25:17.170 I/msm8974_platform( 799): platform_check_and_set_codec_backend_cfg: new_snd_devices[0] is 2
02-22 01:25:17.170 I/msm8974_platform( 799): platform_check_codec_backend_cfg:becf: afe: bitwidth 16, samplerate 48000 channels 2, backend_idx 0 usecase = 1 device (speaker)
02-22 01:25:17.171 D/audio_hw_extn( 799): audio_extn_enable_hifi_filter: mixer_value set 0
02-22 01:25:17.171 D/msm8974_platform( 799): platform_check_codec_backend_cfg:becf: updated afe: bitwidth 16, samplerate 48000 channels 2,backend_idx 0 usecase = 1 device (speaker)
02-22 01:25:17.171 D/msm8974_platform( 799): platform_check_codec_backend_cfg:becf: afe: playback on codec device not supporting native playback set default Sample Rate(48k)
02-22 01:25:17.171 I/msm8974_platform( 799): platform_check_codec_backend_cfg:becf: afe: Codec selected backend: 0 updated bit width: 16 and sample rate: 48000
02-22 01:25:17.171 D/audio_hw_primary( 799): check_usecases_codec_backend:becf: force routing 0
02-22 01:25:17.171 E/msm8974_platform( 799): platform_check_backends_match: Invalid snd_device =
02-22 01:25:17.171 D/audio_hw_primary( 799): check_usecases_codec_backend:becf: (78) check_usecases curr device: speaker, usecase device: backends match 0
02-22 01:25:17.171 D/audio_hw_primary( 799): check_usecases_codec_backend:becf: check_usecases num.of Usecases to switch 0
02-22 01:25:17.171 D/hardware_info( 799): hw_info_append_hw_type : device_name = speaker
02-22 01:25:17.171 D/msm8974_platform( 799): platform_split_snd_device: snd_device(2) num devices(0) new_snd_devices(0)
02-22 01:25:17.171 D/audio_hw_primary( 799): enable_snd_device: snd_device(2: speaker)
02-22 01:25:17.171 D/msm8974_platform( 799): platform_get_island_cfg_on_device:island cfg status on snd_device = (speaker 0)
02-22 01:25:17.171 I/soundtrigger( 799): audio_extn_sound_trigger_update_device_status: device 0x2 of type 0 for Event 1, with Raise=0
02-22 01:25:17.172 D/audio_route( 799): Apply path: speaker
02-22 01:25:17.172 I/audio_hw_utils( 799): audio_extn_utils_update_stream_output_app_type_cfg Allowing 24 and above bits playback on speaker ONLY at default sampling rate
02-22 01:25:17.172 E/soundtrigger( 799): audio_extn_sound_trigger_update_stream_status: invalid input device 0x0, for event 3
02-22 01:25:17.172 D/soundtrigger( 799): audio_extn_sound_trigger_update_stream_status: uc_info->id 1 of type 0 for Event 3, with Raise=0
02-22 01:25:17.172 D/audio_hw_utils( 799): audio_extn_utils_send_app_type_cfg: usecase->out_snd_device speaker
02-22 01:25:17.172 D/msm8974_platform( 799): platform_split_snd_device: snd_device(2) num devices(0) new_snd_devices(0)
02-22 01:25:17.172 D/audio_hw_utils( 799): audio_extn_btsco_get_sample_rate:Not a BT SCO device, need not update sampling rate
02-22 01:25:17.172 I/audio_hw_utils( 799): send_app_type_cfg_for_device PLAYBACK app_type 69937, acdb_dev_id 15, sample_rate 48000, snd_device_be_idx 179
02-22 01:25:17.172 D/msm8974_platform( 799): platform_split_snd_device: snd_device(2) num devices(1) new_snd_devices(0)
02-22 01:25:17.172 D/audio_hw_utils( 799): audio_extn_btsco_get_sample_rate:Not a BT SCO device, need not update sampling rate
02-22 01:25:17.172 D/ACDB-LOADER( 799): ACDB -> send_audio_cal, acdb_id = 15, path = 0, app id = 0x11131, sample rate = 48000, afe_sample_rate = 48000
02-22 01:25:17.172 D/ACDB-LOADER( 799): ACDB -> send_asm_topology
02-22 01:25:17.172 D/ACDB-LOADER( 799): ACDB -> ACDB_CMD_GET_AUDPROC_STREAM_TOPOLOGY_ID
02-22 01:25:17.172 D/ACDB-LOADER( 799): ACDB -> send_adm_topology
02-22 01:25:17.172 D/ACDB-LOADER( 799): ACDB -> ACDB_CMD_GET_AUDPROC_COMMON_TOPOLOGY_ID
02-22 01:25:17.173 D/ACDB-LOADER( 799): ACDB -> send_audtable
02-22 01:25:17.173 D/ACDB-LOADER( 799): ACDB -> ACDB_CMD_GET_AUDPROC_INSTANCE_COMMON_TABLE_SIZE
02-22 01:25:17.173 D/ACDB-LOADER( 799): ACDB -> ACDB_CMD_GET_AUDPROC_INSTANCE_COMMON_TABLE
02-22 01:25:17.173 D/ACDB-LOADER( 799): ACDB -> AUDIO_SET_AUDPROC_CAL cal_type[11] acdb_id[15] app_type[69937]
02-22 01:25:17.173 D/ACDB-LOADER( 799): ACDB -> send_audvoltable
02-22 01:25:17.173 D/ACDB-LOADER( 799): ACDB -> ACDB_CMD_GET_AUDPROC_INSTANCE_GAIN_DEP_STEP_TABLE_SIZE
02-22 01:25:17.173 D/ACDB-LOADER( 799): ACDB -> ACDB_CMD_GET_AUDPROC_INSTANCE_GAIN_DEP_STEP_TABLE, vol index 0
02-22 01:25:17.173 D/ACDB-LOADER( 799): ACDB -> AUDIO_SET_VOL_CAL cal type = 12
02-22 01:25:17.173 D/ACDB-LOADER( 799): ACDB -> ACDB_CMD_GET_AUDPROC_INSTANCE_STREAM_TABLE_SIZE
02-22 01:25:17.173 D/ACDB-LOADER( 799): ACDB -> send_audstrmtable
02-22 01:25:17.173 D/ACDB-LOADER( 799): ACDB -> ACDB_CMD_GET_AUDPROC_INSTANCE_STREAM_TABLE
02-22 01:25:17.173 D/ACDB-LOADER( 799): ACDB -> audstrm_cal->cal_type.cal_data.cal_size = 20
02-22 01:25:17.173 D/ACDB-LOADER( 799): ACDB -> send_afe_topology
02-22 01:25:17.173 D/ACDB-LOADER( 799): ACDB -> ACDB_CMD_GET_AFE_TOPOLOGY_ID
02-22 01:25:17.173 D/ACDB-LOADER( 799): ACDB -> GET_AFE_TOPOLOGY_ID for adcd_id 15, Topology Id 112fc
02-22 01:25:17.173 D/ACDB-LOADER( 799): ACDB -> send_afe_cal
02-22 01:25:17.173 D/ACDB-LOADER( 799): ACDB -> ACDB_CMD_GET_AFE_INSTANCE_COMMON_TABLE_SIZE
02-22 01:25:17.173 D/android.hardware.audio.service( 799): Failed to fetch the lookup information of the device 0000000F
02-22 01:25:17.173 D/ACDB-LOADER( 799): Error: ACDB_CMD_GET_AFE_INSTANCE_COMMON_TABLE_SIZE Returned = -19
02-22 01:25:17.173 D/ACDB-LOADER( 799): ACDB -> ACDB_CMD_GET_AFE_INSTANCE_COMMON_TABLE
02-22 01:25:17.173 D/android.hardware.audio.service( 799): Failed to fetch the lookup information of the device 0000000F
02-22 01:25:17.173 D/ACDB-LOADER( 799): Error: ACDB AFE returned = -19
02-22 01:25:17.173 D/ACDB-LOADER( 799): ACDB -> AUDIO_SET_AFE_CAL cal_type[16] acdb_id[15]
02-22 01:25:17.173 D/ACDB-LOADER( 799): ACDB -> send_hw_delay : acdb_id = 15 path = 0
02-22 01:25:17.173 D/ACDB-LOADER( 799): ACDB -> ACDB_AVSYNC_INFO: ACDB_CMD_GET_DEVICE_PROPERTY
02-22 01:25:17.173 D/msm8974_platform( 799): platform_split_snd_device: snd_device(2) num devices(0) new_snd_devices(0)
02-22 01:25:17.173 I/msm8974_platform( 799): platform_get_custom_mtmx_params: no matching param with id 0 ip_ch 2 op_ch 2 uc_id 1 snd_dev 2
02-22 01:25:17.173 D/audio_hw_primary( 799): enable_audio_route: apply mixer and update path: low-latency-playback
02-22 01:25:17.173 D/audio_route( 799): Apply path: low-latency-playback
02-22 01:25:17.174 D/audio_hw_primary( 799): select_devices: done
01-01 11:31:04.242 I/afe_find_cal_topo_id_by_port( 0): port id: 0x9000, dev_acdb_id: 0
01-01 11:31:04.242 I/afe_find_cal_topo_id_by_port( 0): top_id:112fc acdb_id:15 afe_port:0x9000
01-01 11:31:04.242 I/afe_get_cal_topology_id( 0): port_id = 0x9000 acdb_id = 15 topology_id = 0x112fc cal_type_index=8 ret=0
01-01 11:31:04.242 I/afe_send_port_topology_id( 0): AFE set topology id 0x112fc enable for port 0x9000 ret 0
01-01 11:31:04.242 I/send_afe_cal_type( 0): cal_index is 0
01-01 11:31:04.242 I/send_afe_cal_type( 0): dev_acdb_id[55] is 0
01-01 11:31:04.242 I/send_afe_cal_type( 0): Sending cal_index cal 0
01-01 11:31:04.242 E/send_afe_cal_type( 0): No cal sent for cal_index 0, port_id = 0x9000! ret -22
01-01 11:31:04.242 I/afe_send_hw_delay( 0): port_id 0x9000 rate 48000 delay_usec 474 status 0
02-22 01:25:17.200 D/msm8974_platform( 799): platform_set_channel_map mixer_ctl_name:Playback Channel Map9
02-22 01:25:17.200 D/msm8974_platform( 799): platform_set_channel_map: set mapping(1 2 0 0 0 0 0 0) for channel:2
02-22 01:25:17.201 D/audio_hw_primary( 799): start_output_stream: exit
02-22 01:25:17.244 I/OMX-VENC: venc_dev( 1219): stats: avg. fps 17.00, bitrate 712536
02-22 01:25:17.356 I/commit_sys_config_file( 1521): [settings-1-0,5]
02-22 01:25:17.416 I/mpu_uart( 645): [MSG-P:R]:recv sync frame timeout
02-22 01:25:17.588 V/DisplayPowerController[0]( 1521): Brightness [0.01010101] reason changing to: 'temporary', previous reason: 'manual'.
02-22 01:25:17.590 E/DisplayDeviceConfig( 1521): requesting nits when no mapping exists.
02-22 01:25:17.591 I/am_wtf ( 1521): [0,1521,system_server,-1,DisplayDeviceConfig,requesting nits when no mapping exists.]
02-22 01:25:17.591 E/DisplayDeviceConfig( 1521): requesting nits when no mapping exists.
02-22 01:25:17.591 I/am_wtf ( 1521): [0,1521,system_server,-1,DisplayDeviceConfig,requesting nits when no mapping exists.]
02-22 01:25:17.606 E/DisplayDeviceConfig( 1521): requesting nits when no mapping exists.
02-22 01:25:17.606 E/DisplayDeviceConfig( 1521): requesting nits when no mapping exists.
02-22 01:25:17.606 I/am_wtf ( 1521): [0,1521,system_server,-1,DisplayDeviceConfig,requesting nits when no mapping exists.]
02-22 01:25:17.607 I/am_wtf ( 1521): [0,1521,system_server,-1,DisplayDeviceConfig,requesting nits when no mapping exists.]
02-22 01:25:17.624 E/DisplayDeviceConfig( 1521): requesting nits when no mapping exists.
02-22 01:25:17.625 E/DisplayDeviceConfig( 1521): requesting nits when no mapping exists.
02-22 01:25:17.625 I/am_wtf ( 1521): [0,1521,system_server,-1,DisplayDeviceConfig,requesting nits when no mapping exists.]
02-22 01:25:17.626 I/am_wtf ( 1521): [0,1521,system_server,-1,DisplayDeviceConfig,requesting nits when no mapping exists.]
02-22 01:25:17.640 E/DisplayDeviceConfig( 1521): requesting nits when no mapping exists.
02-22 01:25:17.641 E/DisplayDeviceConfig( 1521): requesting nits when no mapping exists.
02-22 01:25:17.641 I/am_wtf ( 1521): [0,1521,system_server,-1,DisplayDeviceConfig,requesting nits when no mapping exists.]
02-22 01:25:17.641 I/am_wtf ( 1521): [0,1521,system_server,-1,DisplayDeviceConfig,requesting nits when no mapping exists.]
02-22 01:25:17.645 W/hpplay-java( 2725): [main]:IPManager:getActiveNets invalid networkInfo:null
02-22 01:25:17.645 I/hpplay-java( 2725): [main]:IPManager:getActiveNets eth0:false wifi:false mobile:false ap:false
02-22 01:25:17.645 I/hpplay-java( 2725): [main]:ServerTaskManager:get local ip:null
02-22 01:25:17.657 E/DisplayDeviceConfig( 1521): requesting nits when no mapping exists.
02-22 01:25:17.657 E/DisplayDeviceConfig( 1521): requesting nits when no mapping exists.
02-22 01:25:17.657 I/am_wtf ( 1521): [0,1521,system_server,-1,DisplayDeviceConfig,requesting nits when no mapping exists.]
02-22 01:25:17.657 I/am_wtf ( 1521): [0,1521,system_server,-1,DisplayDeviceConfig,requesting nits when no mapping exists.]
02-22 01:25:17.673 E/DisplayDeviceConfig( 1521): requesting nits when no mapping exists.
02-22 01:25:17.673 E/DisplayDeviceConfig( 1521): requesting nits when no mapping exists.
02-22 01:25:17.673 I/am_wtf ( 1521): [0,1521,system_server,-1,DisplayDeviceConfig,requesting nits when no mapping exists.]
02-22 01:25:17.674 I/am_wtf ( 1521): [0,1521,system_server,-1,DisplayDeviceConfig,requesting nits when no mapping exists.]
02-22 01:25:17.689 E/DisplayDeviceConfig( 1521): requesting nits when no mapping exists.
02-22 01:25:17.690 E/DisplayDeviceConfig( 1521): requesting nits when no mapping exists.
02-22 01:25:17.690 I/am_wtf ( 1521): [0,1521,system_server,-1,DisplayDeviceConfig,requesting nits when no mapping exists.]
02-22 01:25:17.691 I/am_wtf ( 1521): [0,1521,system_server,-1,DisplayDeviceConfig,requesting nits when no mapping exists.]
02-22 01:25:17.706 E/DisplayDeviceConfig( 1521): requesting nits when no mapping exists.
02-22 01:25:17.707 I/am_wtf ( 1521): [0,1521,system_server,-1,DisplayDeviceConfig,requesting nits when no mapping exists.]
02-22 01:25:17.707 E/DisplayDeviceConfig( 1521): requesting nits when no mapping exists.
02-22 01:25:17.708 I/DropBoxManagerService( 1521): add tag=system_server_wtf isTagEnabled=true flags=0x2
02-22 01:25:17.709 I/am_wtf ( 1521): [0,1521,system_server,-1,DisplayDeviceConfig,requesting nits when no mapping exists.]
02-22 01:25:17.710 I/DropBoxManagerService( 1521): add tag=system_server_wtf isTagEnabled=true flags=0x2
02-22 01:25:17.723 E/DisplayDeviceConfig( 1521): requesting nits when no mapping exists.
02-22 01:25:17.724 E/DisplayDeviceConfig( 1521): requesting nits when no mapping exists.
02-22 01:25:17.724 I/am_wtf ( 1521): [0,1521,system_server,-1,DisplayDeviceConfig,requesting nits when no mapping exists.]
02-22 01:25:17.725 I/service_manager_stats( 1521): [157,99,5010]
02-22 01:25:17.726 I/DropBoxManagerService( 1521): add tag=system_server_wtf isTagEnabled=true flags=0x2
02-22 01:25:17.727 I/am_wtf ( 1521): [0,1521,system_server,-1,DisplayDeviceConfig,requesting nits when no mapping exists.]
02-22 01:25:17.727 I/DropBoxManagerService( 1521): add tag=system_server_wtf isTagEnabled=true flags=0x2
02-22 01:25:17.761 I/sysui_multi_action( 1972): [757,219,758,4,759,80]
02-22 01:25:17.765 I/commit_sys_config_file( 1521): [display-state,692077]
02-22 01:25:17.765 V/DisplayPowerController[0]( 1521): Brightness [0.7979798] reason changing to: 'manual', previous reason: 'temporary'.
02-22 01:25:17.928 I/mpu_uart( 645): [MSG-P:RECV]:No message received in 1000 ms
02-22 01:25:17.973 I/commit_sys_config_file( 1521): [settings-1-0,5]
02-22 01:25:18.250 I/OMX-VENC: venc_dev( 1219): stats: avg. fps 11.93, bitrate 1096805
02-22 01:25:18.647 W/hpplay-java( 2725): [main]:IPManager:getActiveNets invalid networkInfo:null
02-22 01:25:18.648 I/hpplay-java( 2725): [main]:IPManager:getActiveNets eth0:false wifi:false mobile:false ap:false
02-22 01:25:18.648 I/hpplay-java( 2725): [main]:ServerTaskManager:get local ip:null
02-22 01:25:18.846 I/OpenGLRenderer( 1972): Davey! duration=9223371296214ms; Flags=0, FrameTimelineVsyncId=17828, IntendedVsync=740640538055, Vsync=740640538055, InputEventId=0, HandleInputStart=740641064038, AnimationStart=740641067372, PerformTraversalsStart=740641070080, DrawStart=740646870497, FrameDeadline=740678538053, FrameInterval=740641052320, FrameStartTime=16666666, SyncQueued=740647984195, SyncStart=740648189195, IssueDrawCommandsStart=740649629142, SwapBuffers=740658131069, FrameCompleted=9223372036854775807, DequeueBufferDuration=53854, QueueBufferDuration=1686458, GpuCompleted=9223372036854775807, SwapBuffersCompleted=740660518465, DisplayPresentTime=0,
02-22 01:25:18.928 I/mpu_uart( 645): [MSG-P:RECV]:No message received in 1000 ms
02-22 01:25:19.251 I/OMX-VENC: venc_dev( 1219): stats: avg. fps 2.00, bitrate 82585
02-22 01:25:19.530 I/OpenGLRenderer( 1972): Davey! duration=9223371295529ms; Flags=0, FrameTimelineVsyncId=17840, IntendedVsync=741325546743, Vsync=741325546743, InputEventId=311270881, HandleInputStart=741325972475, AnimationStart=741328992632, PerformTraversalsStart=741328994663, DrawStart=741329088048, FrameDeadline=741363546741, FrameInterval=741325968778, FrameStartTime=16666666, SyncQueued=741329461955, SyncStart=741329656955, IssueDrawCommandsStart=741330687059, SwapBuffers=741337014975, FrameCompleted=9223372036854775807, DequeueBufferDuration=38125, QueueBufferDuration=830052, GpuCompleted=9223372036854775807, SwapBuffersCompleted=741338600028, DisplayPresentTime=0,
02-22 01:25:19.650 W/hpplay-java( 2725): [main]:IPManager:getActiveNets invalid networkInfo:null
02-22 01:25:19.650 I/hpplay-java( 2725): [main]:IPManager:getActiveNets eth0:false wifi:false mobile:false ap:false
02-22 01:25:19.650 I/hpplay-java( 2725): [main]:ServerTaskManager:get local ip:null
02-22 01:25:19.713 D/AS.AudioService( 1521): forceVolumeControlStream cb:android.os.BinderProxy@be6f8c8 is already linked.
02-22 01:25:19.714 W/AudioIDCMicroNegotiator( 1521): idcm_warn: idcm control is not enable
02-22 01:25:19.718 D/MicroSettings: VolumeChangeObserver( 2167): onReceive:
02-22 01:25:19.718 D/MicroSettings: VolumeChangeObserver( 2167): onReceive:
02-22 01:25:19.718 D/MicroSettings: VolumeChangeObserver( 2167): onReceive:
02-22 01:25:19.719 D/MicroSettings: VolumeChangeObserver( 2167): onReceive:
02-22 01:25:19.719 D/MicroSettings: VolumeChangeObserver( 2167): onReceive:
02-22 01:25:19.720 D/MicroSettings: VolumeChangeObserver( 2167): onReceive:
02-22 01:25:19.722 D/MicroSettings: VolumeChangeObserver( 2167): onReceive:
02-22 01:25:19.722 D/MicroSettings: VolumeChangeObserver( 2167): onReceive:
02-22 01:25:19.723 D/MicroSettings: VolumeChangeObserver( 2167): onReceive:
02-22 01:25:19.723 D/MicroSettings: VolumeChangeObserver( 2167): onReceive:
02-22 01:25:19.723 I/vol.Events( 1972): writeEvent level_changed STREAM_ALARM 1
02-22 01:25:19.723 I/vol.Events( 1972): writeEvent level_changed STREAM_RING 0
02-22 01:25:19.723 I/vol.Events( 1972): writeEvent level_changed STREAM_SYSTEM 0
02-22 01:25:19.724 I/vol.Events( 1972): writeEvent level_changed STREAM_VOICE_CALL 1
02-22 01:25:19.724 I/volume_changed( 1521): [3,31,0,39,com.android.systemui]
02-22 01:25:19.724 D/MicroSettings: VolumeChangeObserver( 2167): onReceive:
02-22 01:25:19.724 D/MicroSettings: VolumeChangeObserver( 2167): onReceive:
02-22 01:25:19.725 D/MicroSettings: VolumeChangeObserver( 2167): onReceive currentVolume: 0
02-22 01:25:19.725 D/MicroSettings: VolumeChangeObserver( 2167): onReceive mVolumeType: -1
02-22 01:25:19.725 D/MicroSettings: VolumeChangeObserver( 2167): onReceive no return:
02-22 01:25:19.725 D/MicroSettings: VolumeChangeObserver( 2167): onReceive no return isClickMediaVolumeSeekbar: false
02-22 01:25:19.725 E/MicroSettings: SoundSettingServiceBinder( 2167): onVolumeChanged: 0
02-22 01:25:19.725 D/MicroSettings: SoundManager( 2167): onMediaVolumeChanged
02-22 01:25:19.725 I/vol.Events( 1972): writeEvent level_changed STREAM_MUSIC 0
02-22 01:25:19.725 I/vol.Events( 1972): writeEvent mute_changed STREAM_MUSIC true
02-22 01:25:19.771 D/BluetoothDatabase( 1955): getBondedDevicesOrdered: Invalid address for device LocalStorage
02-22 01:25:19.809 D/RemoteControlService( 2315): startVlanDispatchThread
02-22 01:25:19.928 I/mpu_uart( 645): [MSG-P:RECV]:No message received in 1000 ms
02-22 01:25:20.254 I/OMX-VENC: venc_dev( 1219): stats: avg. fps 14.96, bitrate 622394
02-22 01:25:20.420 I/mpu_uart( 645): [MSG-P:R]:recv sync frame timeout
02-22 01:25:20.441 I/commit_sys_config_file( 1521): [settings-1-0,4]
02-22 01:25:20.446 E/tlogd ( 1273): [TzLogger](isPathReadable) file /sys/kernel/debug/tzdbg/qsee_log isn't exist or no permission, err: No such file or directory
02-22 01:25:20.446 E/tlogd ( 1273): [TzLogger](saveTzlogAsync) /sys/kernel/debug/tzdbg/qsee_log can not read.
02-22 01:25:20.446 E/tlogd ( 1273): [TzLogger](isPathReadable) file /sys/kernel/debug/tzdbg/log isn't exist or no permission, err: No such file or directory
02-22 01:25:20.446 E/tlogd ( 1273): [TzLogger](saveTzlogAsync) /sys/kernel/debug/tzdbg/log can not read.
02-22 01:25:20.497 D/AS.AudioService( 1521): forceVolumeControlStream cb:android.os.BinderProxy@be6f8c8 is already linked.
02-22 01:25:20.498 W/AudioIDCMicroNegotiator( 1521): idcm_warn: idcm control is not enable
02-22 01:25:20.502 I/volume_changed( 1521): [3,0,36,39,com.android.systemui]
02-22 01:25:20.502 D/MicroSettings: VolumeChangeObserver( 2167): onReceive:
02-22 01:25:20.503 D/MicroSettings: VolumeChangeObserver( 2167): onReceive:
02-22 01:25:20.503 D/MicroSettings: VolumeChangeObserver( 2167): onReceive:
02-22 01:25:20.503 D/MicroSettings: VolumeChangeObserver( 2167): onReceive:
