02-22 01:24:57.710 I/am_wtf ( 1521): [0,1521,system_server,-1,DisplayDeviceConfig,requesting nits when no mapping exists.]
02-22 01:24:57.725 E/DisplayDeviceConfig( 1521): requesting nits when no mapping exists.
02-22 01:24:57.725 E/DisplayDeviceConfig( 1521): requesting nits when no mapping exists.
02-22 01:24:57.725 I/am_wtf ( 1521): [0,1521,system_server,-1,DisplayDeviceConfig,requesting nits when no mapping exists.]
02-22 01:24:57.726 I/am_wtf ( 1521): [0,1521,system_server,-1,DisplayDeviceConfig,requesting nits when no mapping exists.]
02-22 01:24:57.780 I/sysui_multi_action( 1972): [757,219,758,4,759,6]
02-22 01:24:57.787 I/commit_sys_config_file( 1521): [display-state,672099]
02-22 01:24:57.787 V/DisplayPowerController[0]( 1521): Brightness [0.05050505] reason changing to: 'manual', previous reason: 'temporary'.
02-22 01:24:57.816 I/OMX-VENC: venc_dev( 1219): stats: avg. fps 13.99, bitrate 587451
02-22 01:24:57.923 I/mpu_uart( 645): [MSG-P:RECV]:No message received in 1000 ms
02-22 01:24:57.994 I/commit_sys_config_file( 1521): [settings-1-0,5]
02-22 01:24:58.426 V/DisplayPowerController[0]( 1521): Brightness [0.05050505] reason changing to: 'temporary', previous reason: 'manual'.
02-22 01:24:58.427 E/DisplayDeviceConfig( 1521): requesting nits when no mapping exists.
02-22 01:24:58.428 E/DisplayDeviceConfig( 1521): requesting nits when no mapping exists.
02-22 01:24:58.428 I/am_wtf ( 1521): [0,1521,system_server,-1,DisplayDeviceConfig,requesting nits when no mapping exists.]
02-22 01:24:58.429 I/am_wtf ( 1521): [0,1521,system_server,-1,DisplayDeviceConfig,requesting nits when no mapping exists.]
02-22 01:24:58.443 E/DisplayDeviceConfig( 1521): requesting nits when no mapping exists.
02-22 01:24:58.443 E/DisplayDeviceConfig( 1521): requesting nits when no mapping exists.
02-22 01:24:58.443 I/am_wtf ( 1521): [0,1521,system_server,-1,DisplayDeviceConfig,requesting nits when no mapping exists.]
02-22 01:24:58.444 I/am_wtf ( 1521): [0,1521,system_server,-1,DisplayDeviceConfig,requesting nits when no mapping exists.]
02-22 01:24:58.461 E/DisplayDeviceConfig( 1521): requesting nits when no mapping exists.
02-22 01:24:58.462 E/DisplayDeviceConfig( 1521): requesting nits when no mapping exists.
02-22 01:24:58.462 I/am_wtf ( 1521): [0,1521,system_server,-1,DisplayDeviceConfig,requesting nits when no mapping exists.]
02-22 01:24:58.464 I/am_wtf ( 1521): [0,1521,system_server,-1,DisplayDeviceConfig,requesting nits when no mapping exists.]
02-22 01:24:58.476 E/DisplayDeviceConfig( 1521): requesting nits when no mapping exists.
02-22 01:24:58.477 E/DisplayDeviceConfig( 1521): requesting nits when no mapping exists.
02-22 01:24:58.477 I/am_wtf ( 1521): [0,1521,system_server,-1,DisplayDeviceConfig,requesting nits when no mapping exists.]
02-22 01:24:58.477 I/am_wtf ( 1521): [0,1521,system_server,-1,DisplayDeviceConfig,requesting nits when no mapping exists.]
02-22 01:24:58.494 E/DisplayDeviceConfig( 1521): requesting nits when no mapping exists.
02-22 01:24:58.495 E/DisplayDeviceConfig( 1521): requesting nits when no mapping exists.
02-22 01:24:58.495 I/am_wtf ( 1521): [0,1521,system_server,-1,DisplayDeviceConfig,requesting nits when no mapping exists.]
02-22 01:24:58.495 I/am_wtf ( 1521): [0,1521,system_server,-1,DisplayDeviceConfig,requesting nits when no mapping exists.]
02-22 01:24:58.510 E/DisplayDeviceConfig( 1521): requesting nits when no mapping exists.
02-22 01:24:58.511 E/DisplayDeviceConfig( 1521): requesting nits when no mapping exists.
02-22 01:24:58.511 I/am_wtf ( 1521): [0,1521,system_server,-1,DisplayDeviceConfig,requesting nits when no mapping exists.]
02-22 01:24:58.511 I/am_wtf ( 1521): [0,1521,system_server,-1,DisplayDeviceConfig,requesting nits when no mapping exists.]
02-22 01:24:58.527 E/DisplayDeviceConfig( 1521): requesting nits when no mapping exists.
02-22 01:24:58.528 I/am_wtf ( 1521): [0,1521,system_server,-1,DisplayDeviceConfig,requesting nits when no mapping exists.]
02-22 01:24:58.528 E/DisplayDeviceConfig( 1521): requesting nits when no mapping exists.
02-22 01:24:58.528 I/am_wtf ( 1521): [0,1521,system_server,-1,DisplayDeviceConfig,requesting nits when no mapping exists.]
02-22 01:24:58.544 E/DisplayDeviceConfig( 1521): requesting nits when no mapping exists.
02-22 01:24:58.544 E/DisplayDeviceConfig( 1521): requesting nits when no mapping exists.
02-22 01:24:58.544 I/am_wtf ( 1521): [0,1521,system_server,-1,DisplayDeviceConfig,requesting nits when no mapping exists.]
02-22 01:24:58.545 I/am_wtf ( 1521): [0,1521,system_server,-1,DisplayDeviceConfig,requesting nits when no mapping exists.]
02-22 01:24:58.561 E/DisplayDeviceConfig( 1521): requesting nits when no mapping exists.
02-22 01:24:58.562 E/DisplayDeviceConfig( 1521): requesting nits when no mapping exists.
02-22 01:24:58.562 I/am_wtf ( 1521): [0,1521,system_server,-1,DisplayDeviceConfig,requesting nits when no mapping exists.]
02-22 01:24:58.563 I/am_wtf ( 1521): [0,1521,system_server,-1,DisplayDeviceConfig,requesting nits when no mapping exists.]
02-22 01:24:58.599 I/sysui_multi_action( 1972): [757,219,758,4,759,91]
02-22 01:24:58.602 W/hpplay-java( 2725): [main]:IPManager:getActiveNets invalid networkInfo:null
02-22 01:24:58.603 I/hpplay-java( 2725): [main]:IPManager:getActiveNets eth0:false wifi:false mobile:false ap:false
02-22 01:24:58.603 I/hpplay-java( 2725): [main]:ServerTaskManager:get local ip:null
02-22 01:24:58.604 I/commit_sys_config_file( 1521): [display-state,672916]
02-22 01:24:58.605 V/DisplayPowerController[0]( 1521): Brightness [0.90909094] reason changing to: 'manual', previous reason: 'temporary'.
02-22 01:24:58.812 I/commit_sys_config_file( 1521): [settings-1-0,4]
02-22 01:24:58.815 I/OpenGLRenderer( 1972): Davey! duration=9223371316245ms; Flags=0, FrameTimelineVsyncId=17062, IntendedVsync=720609085181, Vsync=720609085181, InputEventId=0, HandleInputStart=720609668525, AnimationStart=720609672119, PerformTraversalsStart=720609674983, DrawStart=720615526494, FrameDeadline=720647085179, FrameInterval=720609655192, FrameStartTime=16666666, SyncQueued=720617171285, SyncStart=720617285452, IssueDrawCommandsStart=720618593160, SwapBuffers=720627207171, FrameCompleted=9223372036854775807, DequeueBufferDuration=48438, QueueBufferDuration=1222604, GpuCompleted=9223372036854775807, SwapBuffersCompleted=720629099827, DisplayPresentTime=0,
02-22 01:24:58.820 I/OMX-VENC: venc_dev( 1219): stats: avg. fps 13.94, bitrate 584173
02-22 01:24:58.923 I/mpu_uart( 645): [MSG-P:RECV]:No message received in 1000 ms
02-22 01:24:59.261 V/DisplayPowerController[0]( 1521): Brightness [0.90909094] reason changing to: 'temporary', previous reason: 'manual'.
02-22 01:24:59.263 E/DisplayDeviceConfig( 1521): requesting nits when no mapping exists.
02-22 01:24:59.263 E/DisplayDeviceConfig( 1521): requesting nits when no mapping exists.
02-22 01:24:59.264 I/am_wtf ( 1521): [0,1521,system_server,-1,DisplayDeviceConfig,requesting nits when no mapping exists.]
02-22 01:24:59.265 I/am_wtf ( 1521): [0,1521,system_server,-1,DisplayDeviceConfig,requesting nits when no mapping exists.]
02-22 01:24:59.278 E/DisplayDeviceConfig( 1521): requesting nits when no mapping exists.
02-22 01:24:59.279 E/DisplayDeviceConfig( 1521): requesting nits when no mapping exists.
02-22 01:24:59.279 I/am_wtf ( 1521): [0,1521,system_server,-1,DisplayDeviceConfig,requesting nits when no mapping exists.]
02-22 01:24:59.279 I/am_wtf ( 1521): [0,1521,system_server,-1,DisplayDeviceConfig,requesting nits when no mapping exists.]
02-22 01:24:59.312 E/DisplayDeviceConfig( 1521): requesting nits when no mapping exists.
02-22 01:24:59.313 E/DisplayDeviceConfig( 1521): requesting nits when no mapping exists.
02-22 01:24:59.313 I/am_wtf ( 1521): [0,1521,system_server,-1,DisplayDeviceConfig,requesting nits when no mapping exists.]
02-22 01:24:59.314 I/am_wtf ( 1521): [0,1521,system_server,-1,DisplayDeviceConfig,requesting nits when no mapping exists.]
02-22 01:24:59.328 E/DisplayDeviceConfig( 1521): requesting nits when no mapping exists.
02-22 01:24:59.329 E/DisplayDeviceConfig( 1521): requesting nits when no mapping exists.
02-22 01:24:59.329 I/am_wtf ( 1521): [0,1521,system_server,-1,DisplayDeviceConfig,requesting nits when no mapping exists.]
02-22 01:24:59.330 I/am_wtf ( 1521): [0,1521,system_server,-1,DisplayDeviceConfig,requesting nits when no mapping exists.]
02-22 01:24:59.346 E/DisplayDeviceConfig( 1521): requesting nits when no mapping exists.
02-22 01:24:59.346 E/DisplayDeviceConfig( 1521): requesting nits when no mapping exists.
02-22 01:24:59.346 I/am_wtf ( 1521): [0,1521,system_server,-1,DisplayDeviceConfig,requesting nits when no mapping exists.]
02-22 01:24:59.347 I/am_wtf ( 1521): [0,1521,system_server,-1,DisplayDeviceConfig,requesting nits when no mapping exists.]
02-22 01:24:59.363 E/DisplayDeviceConfig( 1521): requesting nits when no mapping exists.
02-22 01:24:59.363 E/DisplayDeviceConfig( 1521): requesting nits when no mapping exists.
02-22 01:24:59.363 I/am_wtf ( 1521): [0,1521,system_server,-1,DisplayDeviceConfig,requesting nits when no mapping exists.]
02-22 01:24:59.364 I/am_wtf ( 1521): [0,1521,system_server,-1,DisplayDeviceConfig,requesting nits when no mapping exists.]
02-22 01:24:59.379 E/DisplayDeviceConfig( 1521): requesting nits when no mapping exists.
02-22 01:24:59.379 E/DisplayDeviceConfig( 1521): requesting nits when no mapping exists.
02-22 01:24:59.379 I/am_wtf ( 1521): [0,1521,system_server,-1,DisplayDeviceConfig,requesting nits when no mapping exists.]
02-22 01:24:59.380 I/am_wtf ( 1521): [0,1521,system_server,-1,DisplayDeviceConfig,requesting nits when no mapping exists.]
02-22 01:24:59.396 E/DisplayDeviceConfig( 1521): requesting nits when no mapping exists.
02-22 01:24:59.396 E/DisplayDeviceConfig( 1521): requesting nits when no mapping exists.
02-22 01:24:59.396 I/am_wtf ( 1521): [0,1521,system_server,-1,DisplayDeviceConfig,requesting nits when no mapping exists.]
02-22 01:24:59.397 I/am_wtf ( 1521): [0,1521,system_server,-1,DisplayDeviceConfig,requesting nits when no mapping exists.]
02-22 01:24:59.402 I/mpu_uart( 645): [MSG-P:R]:recv sync frame timeout
02-22 01:24:59.412 E/DisplayDeviceConfig( 1521): requesting nits when no mapping exists.
02-22 01:24:59.413 E/DisplayDeviceConfig( 1521): requesting nits when no mapping exists.
02-22 01:24:59.413 I/am_wtf ( 1521): [0,1521,system_server,-1,DisplayDeviceConfig,requesting nits when no mapping exists.]
02-22 01:24:59.413 I/am_wtf ( 1521): [0,1521,system_server,-1,DisplayDeviceConfig,requesting nits when no mapping exists.]
02-22 01:24:59.429 E/DisplayDeviceConfig( 1521): requesting nits when no mapping exists.
02-22 01:24:59.429 I/am_wtf ( 1521): [0,1521,system_server,-1,DisplayDeviceConfig,requesting nits when no mapping exists.]
02-22 01:24:59.429 E/DisplayDeviceConfig( 1521): requesting nits when no mapping exists.
02-22 01:24:59.431 I/am_wtf ( 1521): [0,1521,system_server,-1,DisplayDeviceConfig,requesting nits when no mapping exists.]
02-22 01:24:59.466 I/sysui_multi_action( 1972): [757,219,758,4,759,1]
02-22 01:24:59.470 I/commit_sys_config_file( 1521): [display-state,673782]
02-22 01:24:59.470 V/DisplayPowerController[0]( 1521): Brightness [0.0] reason changing to: 'manual', previous reason: 'temporary'.
02-22 01:24:59.605 W/hpplay-java( 2725): [main]:IPManager:getActiveNets invalid networkInfo:null
02-22 01:24:59.605 I/hpplay-java( 2725): [main]:IPManager:getActiveNets eth0:false wifi:false mobile:false ap:false
02-22 01:24:59.605 I/hpplay-java( 2725): [main]:ServerTaskManager:get local ip:null
02-22 01:24:59.677 I/commit_sys_config_file( 1521): [settings-1-0,6]
02-22 01:24:59.762 D/RemoteControlService( 2315): startVlanDispatchThread
02-22 01:24:59.817 I/OpenGLRenderer( 1972): Davey! duration=9223371315243ms; Flags=0, FrameTimelineVsyncId=17100, IntendedVsync=721611498931, Vsync=721611498931, InputEventId=0, HandleInputStart=721612276806, AnimationStart=721612281181, PerformTraversalsStart=721612283993, DrawStart=721618062327, FrameDeadline=721649498929, FrameInterval=721612262691, FrameStartTime=16666666, SyncQueued=721619519462, SyncStart=721619675139, IssueDrawCommandsStart=721621212848, SwapBuffers=721629974150, FrameCompleted=9223372036854775807, DequeueBufferDuration=58646, QueueBufferDuration=1266718, GpuCompleted=9223372036854775807, SwapBuffersCompleted=721631944306, DisplayPresentTime=0,
02-22 01:24:59.823 I/OMX-VENC: venc_dev( 1219): stats: avg. fps 13.97, bitrate 587380
02-22 01:24:59.923 I/mpu_uart( 645): [MSG-P:RECV]:No message received in 1000 ms
02-22 01:25:00.001 D/KeyguardUpdateMonitor( 1972): received broadcast android.intent.action.TIME_TICK
02-22 01:25:00.001 D/KeyguardUpdateMonitor( 1972): handleTimeUpdate
02-22 01:25:00.006 D/KeyguardUpdateMonitor( 1972): received broadcast android.intent.action.TIME_TICK
02-22 01:25:00.018 D/KeyguardUpdateMonitor( 1972): handleTimeUpdate
02-22 01:25:00.031 V/DisplayPowerController[0]( 1521): Brightness [0.0] reason changing to: 'temporary', previous reason: 'manual'.
02-22 01:25:00.032 E/DisplayDeviceConfig( 1521): requesting nits when no mapping exists.
02-22 01:25:00.033 E/DisplayDeviceConfig( 1521): requesting nits when no mapping exists.
02-22 01:25:00.035 I/am_wtf ( 1521): [0,1521,system_server,-1,DisplayDeviceConfig,requesting nits when no mapping exists.]
02-22 01:25:00.035 I/am_wtf ( 1521): [0,1521,system_server,-1,DisplayDeviceConfig,requesting nits when no mapping exists.]
02-22 01:25:00.048 E/DisplayDeviceConfig( 1521): requesting nits when no mapping exists.
02-22 01:25:00.049 I/am_wtf ( 1521): [0,1521,system_server,-1,DisplayDeviceConfig,requesting nits when no mapping exists.]
02-22 01:25:00.049 E/DisplayDeviceConfig( 1521): requesting nits when no mapping exists.
02-22 01:25:00.049 I/am_wtf ( 1521): [0,1521,system_server,-1,DisplayDeviceConfig,requesting nits when no mapping exists.]
02-22 01:25:00.064 E/DisplayDeviceConfig( 1521): requesting nits when no mapping exists.
02-22 01:25:00.064 I/am_wtf ( 1521): [0,1521,system_server,-1,DisplayDeviceConfig,requesting nits when no mapping exists.]
02-22 01:25:00.064 E/DisplayDeviceConfig( 1521): requesting nits when no mapping exists.
02-22 01:25:00.065 I/am_wtf ( 1521): [0,1521,system_server,-1,DisplayDeviceConfig,requesting nits when no mapping exists.]
02-22 01:25:00.080 E/DisplayDeviceConfig( 1521): requesting nits when no mapping exists.
02-22 01:25:00.081 E/DisplayDeviceConfig( 1521): requesting nits when no mapping exists.
02-22 01:25:00.081 I/am_wtf ( 1521): [0,1521,system_server,-1,DisplayDeviceConfig,requesting nits when no mapping exists.]
02-22 01:25:00.081 I/am_wtf ( 1521): [0,1521,system_server,-1,DisplayDeviceConfig,requesting nits when no mapping exists.]
02-22 01:25:00.097 E/DisplayDeviceConfig( 1521): requesting nits when no mapping exists.
02-22 01:25:00.097 E/DisplayDeviceConfig( 1521): requesting nits when no mapping exists.
02-22 01:25:00.097 I/am_wtf ( 1521): [0,1521,system_server,-1,DisplayDeviceConfig,requesting nits when no mapping exists.]
02-22 01:25:00.098 I/am_wtf ( 1521): [0,1521,system_server,-1,DisplayDeviceConfig,requesting nits when no mapping exists.]
02-22 01:25:00.114 E/DisplayDeviceConfig( 1521): requesting nits when no mapping exists.
02-22 01:25:00.115 E/DisplayDeviceConfig( 1521): requesting nits when no mapping exists.
02-22 01:25:00.115 I/am_wtf ( 1521): [0,1521,system_server,-1,DisplayDeviceConfig,requesting nits when no mapping exists.]
02-22 01:25:00.117 I/am_wtf ( 1521): [0,1521,system_server,-1,DisplayDeviceConfig,requesting nits when no mapping exists.]
02-22 01:25:00.131 E/DisplayDeviceConfig( 1521): requesting nits when no mapping exists.
02-22 01:25:00.131 I/am_wtf ( 1521): [0,1521,system_server,-1,DisplayDeviceConfig,requesting nits when no mapping exists.]
02-22 01:25:00.131 E/DisplayDeviceConfig( 1521): requesting nits when no mapping exists.
02-22 01:25:00.132 I/am_wtf ( 1521): [0,1521,system_server,-1,DisplayDeviceConfig,requesting nits when no mapping exists.]
02-22 01:25:00.147 E/DisplayDeviceConfig( 1521): requesting nits when no mapping exists.
02-22 01:25:00.148 E/DisplayDeviceConfig( 1521): requesting nits when no mapping exists.
02-22 01:25:00.148 I/am_wtf ( 1521): [0,1521,system_server,-1,DisplayDeviceConfig,requesting nits when no mapping exists.]
02-22 01:25:00.148 I/am_wtf ( 1521): [0,1521,system_server,-1,DisplayDeviceConfig,requesting nits when no mapping exists.]
02-22 01:25:00.165 E/DisplayDeviceConfig( 1521): requesting nits when no mapping exists.
02-22 01:25:00.165 E/DisplayDeviceConfig( 1521): requesting nits when no mapping exists.
02-22 01:25:00.165 I/am_wtf ( 1521): [0,1521,system_server,-1,DisplayDeviceConfig,requesting nits when no mapping exists.]
02-22 01:25:00.166 I/am_wtf ( 1521): [0,1521,system_server,-1,DisplayDeviceConfig,requesting nits when no mapping exists.]
02-22 01:25:00.181 E/DisplayDeviceConfig( 1521): requesting nits when no mapping exists.
02-22 01:25:00.181 E/DisplayDeviceConfig( 1521): requesting nits when no mapping exists.
02-22 01:25:00.181 I/am_wtf ( 1521): [0,1521,system_server,-1,DisplayDeviceConfig,requesting nits when no mapping exists.]
02-22 01:25:00.183 I/am_wtf ( 1521): [0,1521,system_server,-1,DisplayDeviceConfig,requesting nits when no mapping exists.]
02-22 01:25:00.225 I/sysui_multi_action( 1972): [757,219,758,4,759,100]
02-22 01:25:00.230 I/commit_sys_config_file( 1521): [display-state,674542]
02-22 01:25:00.230 V/DisplayPowerController[0]( 1521): Brightness [1.0] reason changing to: 'manual', previous reason: 'temporary'.
02-22 01:25:00.258 W/System ( 1972): A resource failed to call close.
02-22 01:25:00.258 W/System ( 1972): A resource failed to call release.
02-22 01:25:00.261 W/System ( 1972): A resource failed to call release.
02-22 01:25:00.439 I/commit_sys_config_file( 1521): [settings-1-0,6]
02-22 01:25:00.445 E/tlogd ( 1273): [TzLogger](isPathReadable) file /sys/kernel/debug/tzdbg/qsee_log isn't exist or no permission, err: No such file or directory
02-22 01:25:00.445 E/tlogd ( 1273): [TzLogger](saveTzlogAsync) /sys/kernel/debug/tzdbg/qsee_log can not read.
02-22 01:25:00.445 E/tlogd ( 1273): [TzLogger](isPathReadable) file /sys/kernel/debug/tzdbg/log isn't exist or no permission, err: No such file or directory
02-22 01:25:00.445 E/tlogd ( 1273): [TzLogger](saveTzlogAsync) /sys/kernel/debug/tzdbg/log can not read.
02-22 01:25:00.607 W/hpplay-java( 2725): [main]:IPManager:getActiveNets invalid networkInfo:null
02-22 01:25:00.607 I/hpplay-java( 2725): [main]:IPManager:getActiveNets eth0:false wifi:false mobile:false ap:false
02-22 01:25:00.607 I/hpplay-java( 2725): [main]:ServerTaskManager:get local ip:null
02-22 01:25:00.820 I/OpenGLRenderer( 1972): Davey! duration=9223371314240ms; Flags=0, FrameTimelineVsyncId=17139, IntendedVsync=722613944568, Vsync=722613944568, InputEventId=0, HandleInputStart=722614763316, AnimationStart=722614766806, PerformTraversalsStart=722614769514, DrawStart=722620691910, FrameDeadline=722651944566, FrameInterval=722614750191, FrameStartTime=16666666, SyncQueued=722622040451, SyncStart=722622183681, IssueDrawCommandsStart=722623549410, SwapBuffers=722632182431, FrameCompleted=9223372036854775807, DequeueBufferDuration=59583, QueueBufferDuration=1143020, GpuCompleted=9223372036854775807, SwapBuffersCompleted=722634149410, DisplayPresentTime=0,
02-22 01:25:00.826 I/OMX-VENC: venc_dev( 1219): stats: avg. fps 14.95, bitrate 673357
02-22 01:25:00.924 I/mpu_uart( 645): [MSG-P:RECV]:No message received in 1000 ms
02-22 01:25:01.065 V/DisplayPowerController[0]( 1521): Brightness [1.0] reason changing to: 'temporary', previous reason: 'manual'.
02-22 01:25:01.067 E/DisplayDeviceConfig( 1521): requesting nits when no mapping exists.
02-22 01:25:01.068 E/DisplayDeviceConfig( 1521): requesting nits when no mapping exists.
02-22 01:25:01.068 I/am_wtf ( 1521): [0,1521,system_server,-1,DisplayDeviceConfig,requesting nits when no mapping exists.]
02-22 01:25:01.068 I/am_wtf ( 1521): [0,1521,system_server,-1,DisplayDeviceConfig,requesting nits when no mapping exists.]
01-01 11:30:48.143 E/DTC_ETH,link_delay_work_func( 0): 3003, SQI=0, link=0
02-22 01:25:01.083 E/DisplayDeviceConfig( 1521): requesting nits when no mapping exists.
02-22 01:25:01.083 E/DisplayDeviceConfig( 1521): requesting nits when no mapping exists.
02-22 01:25:01.083 I/am_wtf ( 1521): [0,1521,system_server,-1,DisplayDeviceConfig,requesting nits when no mapping exists.]
02-22 01:25:01.084 I/am_wtf ( 1521): [0,1521,system_server,-1,DisplayDeviceConfig,requesting nits when no mapping exists.]
02-22 01:25:01.100 E/DisplayDeviceConfig( 1521): requesting nits when no mapping exists.
02-22 01:25:01.100 E/DisplayDeviceConfig( 1521): requesting nits when no mapping exists.
02-22 01:25:01.100 I/am_wtf ( 1521): [0,1521,system_server,-1,DisplayDeviceConfig,requesting nits when no mapping exists.]
02-22 01:25:01.101 I/am_wtf ( 1521): [0,1521,system_server,-1,DisplayDeviceConfig,requesting nits when no mapping exists.]
02-22 01:25:01.116 E/DisplayDeviceConfig( 1521): requesting nits when no mapping exists.
02-22 01:25:01.117 I/am_wtf ( 1521): [0,1521,system_server,-1,DisplayDeviceConfig,requesting nits when no mapping exists.]
02-22 01:25:01.117 E/DisplayDeviceConfig( 1521): requesting nits when no mapping exists.
02-22 01:25:01.117 I/am_wtf ( 1521): [0,1521,system_server,-1,DisplayDeviceConfig,requesting nits when no mapping exists.]
02-22 01:25:01.133 E/DisplayDeviceConfig( 1521): requesting nits when no mapping exists.
02-22 01:25:01.133 E/DisplayDeviceConfig( 1521): requesting nits when no mapping exists.
02-22 01:25:01.133 I/am_wtf ( 1521): [0,1521,system_server,-1,DisplayDeviceConfig,requesting nits when no mapping exists.]
02-22 01:25:01.134 I/am_wtf ( 1521): [0,1521,system_server,-1,DisplayDeviceConfig,requesting nits when no mapping exists.]
02-22 01:25:01.150 E/DisplayDeviceConfig( 1521): requesting nits when no mapping exists.
02-22 01:25:01.150 E/DisplayDeviceConfig( 1521): requesting nits when no mapping exists.
02-22 01:25:01.150 I/am_wtf ( 1521): [0,1521,system_server,-1,DisplayDeviceConfig,requesting nits when no mapping exists.]
02-22 01:25:01.151 I/am_wtf ( 1521): [0,1521,system_server,-1,DisplayDeviceConfig,requesting nits when no mapping exists.]
02-22 01:25:01.167 E/DisplayDeviceConfig( 1521): requesting nits when no mapping exists.
02-22 01:25:01.167 E/DisplayDeviceConfig( 1521): requesting nits when no mapping exists.
02-22 01:25:01.167 I/am_wtf ( 1521): [0,1521,system_server,-1,DisplayDeviceConfig,requesting nits when no mapping exists.]
02-22 01:25:01.168 I/am_wtf ( 1521): [0,1521,system_server,-1,DisplayDeviceConfig,requesting nits when no mapping exists.]
02-22 01:25:01.185 E/DisplayDeviceConfig( 1521): requesting nits when no mapping exists.
02-22 01:25:01.185 E/DisplayDeviceConfig( 1521): requesting nits when no mapping exists.
02-22 01:25:01.185 I/am_wtf ( 1521): [0,1521,system_server,-1,DisplayDeviceConfig,requesting nits when no mapping exists.]
02-22 01:25:01.187 I/am_wtf ( 1521): [0,1521,system_server,-1,DisplayDeviceConfig,requesting nits when no mapping exists.]
02-22 01:25:01.200 E/DisplayDeviceConfig( 1521): requesting nits when no mapping exists.
02-22 01:25:01.200 E/DisplayDeviceConfig( 1521): requesting nits when no mapping exists.
02-22 01:25:01.200 I/am_wtf ( 1521): [0,1521,system_server,-1,DisplayDeviceConfig,requesting nits when no mapping exists.]
02-22 01:25:01.201 I/am_wtf ( 1521): [0,1521,system_server,-1,DisplayDeviceConfig,requesting nits when no mapping exists.]
02-22 01:25:01.217 E/DisplayDeviceConfig( 1521): requesting nits when no mapping exists.
02-22 01:25:01.217 E/DisplayDeviceConfig( 1521): requesting nits when no mapping exists.
02-22 01:25:01.217 I/am_wtf ( 1521): [0,1521,system_server,-1,DisplayDeviceConfig,requesting nits when no mapping exists.]
02-22 01:25:01.218 I/am_wtf ( 1521): [0,1521,system_server,-1,DisplayDeviceConfig,requesting nits when no mapping exists.]
02-22 01:25:01.233 E/DisplayDeviceConfig( 1521): requesting nits when no mapping exists.
02-22 01:25:01.233 E/DisplayDeviceConfig( 1521): requesting nits when no mapping exists.
02-22 01:25:01.233 I/am_wtf ( 1521): [0,1521,system_server,-1,DisplayDeviceConfig,requesting nits when no mapping exists.]
02-22 01:25:01.234 I/am_wtf ( 1521): [0,1521,system_server,-1,DisplayDeviceConfig,requesting nits when no mapping exists.]
02-22 01:25:01.250 E/DisplayDeviceConfig( 1521): requesting nits when no mapping exists.
02-22 01:25:01.251 E/DisplayDeviceConfig( 1521): requesting nits when no mapping exists.
02-22 01:25:01.251 I/am_wtf ( 1521): [0,1521,system_server,-1,DisplayDeviceConfig,requesting nits when no mapping exists.]
02-22 01:25:01.251 I/am_wtf ( 1521): [0,1521,system_server,-1,DisplayDeviceConfig,requesting nits when no mapping exists.]
02-22 01:25:01.295 I/sysui_multi_action( 1972): [757,219,758,4,759,2]
02-22 01:25:01.299 I/commit_sys_config_file( 1521): [display-state,675611]
02-22 01:25:01.300 V/DisplayPowerController[0]( 1521): Brightness [0.01010101] reason changing to: 'manual', previous reason: 'temporary'.
02-22 01:25:01.507 I/commit_sys_config_file( 1521): [settings-1-0,5]
02-22 01:25:01.610 W/hpplay-java( 2725): [main]:IPManager:getActiveNets invalid networkInfo:null
02-22 01:25:01.610 I/hpplay-java( 2725): [main]:IPManager:getActiveNets eth0:false wifi:false mobile:false ap:false
02-22 01:25:01.610 I/hpplay-java( 2725): [main]:ServerTaskManager:get local ip:null
02-22 01:25:01.734 V/DisplayPowerController[0]( 1521): Brightness [0.01010101] reason changing to: 'temporary', previous reason: 'manual'.
02-22 01:25:01.737 E/DisplayDeviceConfig( 1521): requesting nits when no mapping exists.
02-22 01:25:01.737 E/DisplayDeviceConfig( 1521): requesting nits when no mapping exists.
02-22 01:25:01.737 I/am_wtf ( 1521): [0,1521,system_server,-1,DisplayDeviceConfig,requesting nits when no mapping exists.]
02-22 01:25:01.739 I/am_wtf ( 1521): [0,1521,system_server,-1,DisplayDeviceConfig,requesting nits when no mapping exists.]
02-22 01:25:01.751 E/DisplayDeviceConfig( 1521): requesting nits when no mapping exists.
02-22 01:25:01.752 E/DisplayDeviceConfig( 1521): requesting nits when no mapping exists.
02-22 01:25:01.752 I/am_wtf ( 1521): [0,1521,system_server,-1,DisplayDeviceConfig,requesting nits when no mapping exists.]
02-22 01:25:01.752 I/am_wtf ( 1521): [0,1521,system_server,-1,DisplayDeviceConfig,requesting nits when no mapping exists.]
02-22 01:25:01.769 E/DisplayDeviceConfig( 1521): requesting nits when no mapping exists.
02-22 01:25:01.769 E/DisplayDeviceConfig( 1521): requesting nits when no mapping exists.
02-22 01:25:01.769 I/am_wtf ( 1521): [0,1521,system_server,-1,DisplayDeviceConfig,requesting nits when no mapping exists.]
02-22 01:25:01.770 I/am_wtf ( 1521): [0,1521,system_server,-1,DisplayDeviceConfig,requesting nits when no mapping exists.]
02-22 01:25:01.784 E/DisplayDeviceConfig( 1521): requesting nits when no mapping exists.
02-22 01:25:01.785 E/DisplayDeviceConfig( 1521): requesting nits when no mapping exists.
02-22 01:25:01.785 I/am_wtf ( 1521): [0,1521,system_server,-1,DisplayDeviceConfig,requesting nits when no mapping exists.]
02-22 01:25:01.787 I/am_wtf ( 1521): [0,1521,system_server,-1,DisplayDeviceConfig,requesting nits when no mapping exists.]
02-22 01:25:01.801 E/DisplayDeviceConfig( 1521): requesting nits when no mapping exists.
02-22 01:25:01.801 E/DisplayDeviceConfig( 1521): requesting nits when no mapping exists.
02-22 01:25:01.802 I/am_wtf ( 1521): [0,1521,system_server,-1,DisplayDeviceConfig,requesting nits when no mapping exists.]
02-22 01:25:01.802 I/am_wtf ( 1521): [0,1521,system_server,-1,DisplayDeviceConfig,requesting nits when no mapping exists.]
02-22 01:25:01.818 E/DisplayDeviceConfig( 1521): requesting nits when no mapping exists.
02-22 01:25:01.818 I/am_wtf ( 1521): [0,1521,system_server,-1,DisplayDeviceConfig,requesting nits when no mapping exists.]
02-22 01:25:01.818 E/DisplayDeviceConfig( 1521): requesting nits when no mapping exists.
02-22 01:25:01.819 I/am_wtf ( 1521): [0,1521,system_server,-1,DisplayDeviceConfig,requesting nits when no mapping exists.]
02-22 01:25:01.835 E/DisplayDeviceConfig( 1521): requesting nits when no mapping exists.
02-22 01:25:01.836 E/DisplayDeviceConfig( 1521): requesting nits when no mapping exists.
02-22 01:25:01.836 I/am_wtf ( 1521): [0,1521,system_server,-1,DisplayDeviceConfig,requesting nits when no mapping exists.]
02-22 01:25:01.838 I/am_wtf ( 1521): [0,1521,system_server,-1,DisplayDeviceConfig,requesting nits when no mapping exists.]
02-22 01:25:01.840 I/OMX-VENC: venc_dev( 1219): stats: avg. fps 17.76, bitrate 1370064
02-22 01:25:01.852 E/DisplayDeviceConfig( 1521): requesting nits when no mapping exists.
02-22 01:25:01.852 E/DisplayDeviceConfig( 1521): requesting nits when no mapping exists.
02-22 01:25:01.852 I/am_wtf ( 1521): [0,1521,system_server,-1,DisplayDeviceConfig,requesting nits when no mapping exists.]
02-22 01:25:01.853 I/am_wtf ( 1521): [0,1521,system_server,-1,DisplayDeviceConfig,requesting nits when no mapping exists.]
02-22 01:25:01.899 I/sysui_multi_action( 1972): [757,219,758,4,759,84]
02-22 01:25:01.904 I/commit_sys_config_file( 1521): [display-state,676217]
02-22 01:25:01.905 V/DisplayPowerController[0]( 1521): Brightness [0.83838385] reason changing to: 'manual', previous reason: 'temporary'.
02-22 01:25:01.924 I/mpu_uart( 645): [MSG-P:RECV]:No message received in 1000 ms
02-22 01:25:02.113 I/commit_sys_config_file( 1521): [settings-1-0,5]
02-22 01:25:02.404 I/mpu_uart( 645): [MSG-P:R]:recv sync frame timeout
02-22 01:25:02.507 I/service_manager_stats( 1521): [139,80,5057]
02-22 01:25:02.535 V/DisplayPowerController[0]( 1521): Brightness [0.83838385] reason changing to: 'temporary', previous reason: 'manual'.
02-22 01:25:02.537 E/DisplayDeviceConfig( 1521): requesting nits when no mapping exists.
02-22 01:25:02.538 E/DisplayDeviceConfig( 1521): requesting nits when no mapping exists.
02-22 01:25:02.538 I/am_wtf ( 1521): [0,1521,system_server,-1,DisplayDeviceConfig,requesting nits when no mapping exists.]
02-22 01:25:02.538 I/am_wtf ( 1521): [0,1521,system_server,-1,DisplayDeviceConfig,requesting nits when no mapping exists.]
02-22 01:25:02.570 E/DisplayDeviceConfig( 1521): requesting nits when no mapping exists.
02-22 01:25:02.571 E/DisplayDeviceConfig( 1521): requesting nits when no mapping exists.
02-22 01:25:02.571 I/am_wtf ( 1521): [0,1521,system_server,-1,DisplayDeviceConfig,requesting nits when no mapping exists.]
02-22 01:25:02.571 I/am_wtf ( 1521): [0,1521,system_server,-1,DisplayDeviceConfig,requesting nits when no mapping exists.]
02-22 01:25:02.586 E/DisplayDeviceConfig( 1521): requesting nits when no mapping exists.
02-22 01:25:02.586 I/am_wtf ( 1521): [0,1521,system_server,-1,DisplayDeviceConfig,requesting nits when no mapping exists.]
02-22 01:25:02.586 E/DisplayDeviceConfig( 1521): requesting nits when no mapping exists.
02-22 01:25:02.587 I/am_wtf ( 1521): [0,1521,system_server,-1,DisplayDeviceConfig,requesting nits when no mapping exists.]
02-22 01:25:02.604 E/DisplayDeviceConfig( 1521): requesting nits when no mapping exists.
02-22 01:25:02.605 E/DisplayDeviceConfig( 1521): requesting nits when no mapping exists.
02-22 01:25:02.605 I/am_wtf ( 1521): [0,1521,system_server,-1,DisplayDeviceConfig,requesting nits when no mapping exists.]
02-22 01:25:02.605 I/am_wtf ( 1521): [0,1521,system_server,-1,DisplayDeviceConfig,requesting nits when no mapping exists.]
02-22 01:25:02.611 W/hpplay-java( 2725): [main]:IPManager:getActiveNets invalid networkInfo:null
02-22 01:25:02.611 I/hpplay-java( 2725): [main]:IPManager:getActiveNets eth0:false wifi:false mobile:false ap:false
02-22 01:25:02.611 I/hpplay-java( 2725): [main]:ServerTaskManager:get local ip:null
02-22 01:25:02.621 E/DisplayDeviceConfig( 1521): requesting nits when no mapping exists.
02-22 01:25:02.621 E/DisplayDeviceConfig( 1521): requesting nits when no mapping exists.
02-22 01:25:02.622 I/am_wtf ( 1521): [0,1521,system_server,-1,DisplayDeviceConfig,requesting nits when no mapping exists.]
02-22 01:25:02.624 I/am_wtf ( 1521): [0,1521,system_server,-1,DisplayDeviceConfig,requesting nits when no mapping exists.]
02-22 01:25:02.637 E/DisplayDeviceConfig( 1521): requesting nits when no mapping exists.
02-22 01:25:02.637 E/DisplayDeviceConfig( 1521): requesting nits when no mapping exists.
02-22 01:25:02.637 I/am_wtf ( 1521): [0,1521,system_server,-1,DisplayDeviceConfig,requesting nits when no mapping exists.]
02-22 01:25:02.638 I/am_wtf ( 1521): [0,1521,system_server,-1,DisplayDeviceConfig,requesting nits when no mapping exists.]
02-22 01:25:02.654 E/DisplayDeviceConfig( 1521): requesting nits when no mapping exists.
02-22 01:25:02.655 I/am_wtf ( 1521): [0,1521,system_server,-1,DisplayDeviceConfig,requesting nits when no mapping exists.]
02-22 01:25:02.655 E/DisplayDeviceConfig( 1521): requesting nits when no mapping exists.
02-22 01:25:02.655 I/am_wtf ( 1521): [0,1521,system_server,-1,DisplayDeviceConfig,requesting nits when no mapping exists.]
02-22 01:25:02.692 I/sysui_multi_action( 1972): [757,219,758,4,759,17]
02-22 01:25:02.696 I/commit_sys_config_file( 1521): [display-state,677009]
02-22 01:25:02.697 V/DisplayPowerController[0]( 1521): Brightness [0.16161616] reason changing to: 'manual', previous reason: 'temporary'.
02-22 01:25:02.905 I/commit_sys_config_file( 1521): [settings-1-0,5]
02-22 01:25:02.924 I/mpu_uart( 645): [MSG-P:RECV]:No message received in 1000 ms
02-22 01:25:03.121 V/DisplayPowerController[0]( 1521): Brightness [0.16161616] reason changing to: 'temporary', previous reason: 'manual'.
02-22 01:25:03.122 E/DisplayDeviceConfig( 1521): requesting nits when no mapping exists.
02-22 01:25:03.123 E/DisplayDeviceConfig( 1521): requesting nits when no mapping exists.
02-22 01:25:03.123 I/am_wtf ( 1521): [0,1521,system_server,-1,DisplayDeviceConfig,requesting nits when no mapping exists.]
02-22 01:25:03.124 I/am_wtf ( 1521): [0,1521,system_server,-1,DisplayDeviceConfig,requesting nits when no mapping exists.]
02-22 01:25:03.137 E/DisplayDeviceConfig( 1521): requesting nits when no mapping exists.
02-22 01:25:03.138 E/DisplayDeviceConfig( 1521): requesting nits when no mapping exists.
02-22 01:25:03.138 I/am_wtf ( 1521): [0,1521,system_server,-1,DisplayDeviceConfig,requesting nits when no mapping exists.]
02-22 01:25:03.138 I/am_wtf ( 1521): [0,1521,system_server,-1,DisplayDeviceConfig,requesting nits when no mapping exists.]
02-22 01:25:03.155 E/DisplayDeviceConfig( 1521): requesting nits when no mapping exists.
02-22 01:25:03.156 I/am_wtf ( 1521): [0,1521,system_server,-1,DisplayDeviceConfig,requesting nits when no mapping exists.]
02-22 01:25:03.156 E/DisplayDeviceConfig( 1521): requesting nits when no mapping exists.
02-22 01:25:03.157 I/am_wtf ( 1521): [0,1521,system_server,-1,DisplayDeviceConfig,requesting nits when no mapping exists.]
02-22 01:25:03.161 I/OMX-VENC: venc_dev( 1219): stats: avg. fps 13.62, bitrate 609529
02-22 01:25:03.172 E/DisplayDeviceConfig( 1521): requesting nits when no mapping exists.
02-22 01:25:03.173 E/DisplayDeviceConfig( 1521): requesting nits when no mapping exists.
02-22 01:25:03.173 I/am_wtf ( 1521): [0,1521,system_server,-1,DisplayDeviceConfig,requesting nits when no mapping exists.]
02-22 01:25:03.173 I/am_wtf ( 1521): [0,1521,system_server,-1,DisplayDeviceConfig,requesting nits when no mapping exists.]
02-22 01:25:03.188 E/DisplayDeviceConfig( 1521): requesting nits when no mapping exists.
02-22 01:25:03.188 E/DisplayDeviceConfig( 1521): requesting nits when no mapping exists.
02-22 01:25:03.189 I/am_wtf ( 1521): [0,1521,system_server,-1,DisplayDeviceConfig,requesting nits when no mapping exists.]
02-22 01:25:03.189 I/am_wtf ( 1521): [0,1521,system_server,-1,DisplayDeviceConfig,requesting nits when no mapping exists.]
02-22 01:25:03.205 E/DisplayDeviceConfig( 1521): requesting nits when no mapping exists.
02-22 01:25:03.205 E/DisplayDeviceConfig( 1521): requesting nits when no mapping exists.
02-22 01:25:03.205 I/am_wtf ( 1521): [0,1521,system_server,-1,DisplayDeviceConfig,requesting nits when no mapping exists.]
02-22 01:25:03.206 I/am_wtf ( 1521): [0,1521,system_server,-1,DisplayDeviceConfig,requesting nits when no mapping exists.]
02-22 01:25:03.222 E/DisplayDeviceConfig( 1521): requesting nits when no mapping exists.
02-22 01:25:03.222 E/DisplayDeviceConfig( 1521): requesting nits when no mapping exists.
02-22 01:25:03.222 I/am_wtf ( 1521): [0,1521,system_server,-1,DisplayDeviceConfig,requesting nits when no mapping exists.]
02-22 01:25:03.223 I/am_wtf ( 1521): [0,1521,system_server,-1,DisplayDeviceConfig,requesting nits when no mapping exists.]
02-22 01:25:03.238 E/DisplayDeviceConfig( 1521): requesting nits when no mapping exists.
02-22 01:25:03.239 E/DisplayDeviceConfig( 1521): requesting nits when no mapping exists.
02-22 01:25:03.239 I/am_wtf ( 1521): [0,1521,system_server,-1,DisplayDeviceConfig,requesting nits when no mapping exists.]
02-22 01:25:03.240 I/am_wtf ( 1521): [0,1521,system_server,-1,DisplayDeviceConfig,requesting nits when no mapping exists.]
02-22 01:25:03.283 I/sysui_multi_action( 1972): [757,219,758,4,759,77]
02-22 01:25:03.287 I/commit_sys_config_file( 1521): [display-state,677600]
02-22 01:25:03.288 V/DisplayPowerController[0]( 1521): Brightness [0.7676768] reason changing to: 'manual', previous reason: 'temporary'.
02-22 01:25:03.496 I/commit_sys_config_file( 1521): [settings-1-0,5]
02-22 01:25:03.613 W/hpplay-java( 2725): [main]:IPManager:getActiveNets invalid networkInfo:null
02-22 01:25:03.614 I/hpplay-java( 2725): [main]:IPManager:getActiveNets eth0:false wifi:false mobile:false ap:false
02-22 01:25:03.614 I/hpplay-java( 2725): [main]:ServerTaskManager:get local ip:null
02-22 01:25:03.824 I/OpenGLRenderer( 1972): Davey! duration=9223371311233ms; Flags=0, FrameTimelineVsyncId=17261, IntendedVsync=725621117624, Vsync=725621117624, InputEventId=0, HandleInputStart=725621902898, AnimationStart=725621906388, PerformTraversalsStart=725621909617, DrawStart=725627843575, FrameDeadline=725659117622, FrameInterval=725621888992, FrameStartTime=16666666, SyncQueued=725629453054, SyncStart=725629561075, IssueDrawCommandsStart=725630900242, SwapBuffers=725639277950, FrameCompleted=9223372036854775807, DequeueBufferDuration=58125, QueueBufferDuration=1402396, GpuCompleted=9223372036854775807, SwapBuffersCompleted=725641382690, DisplayPresentTime=0,
02-22 01:25:03.856 V/DisplayPowerController[0]( 1521): Brightness [0.7676768] reason changing to: 'temporary', previous reason: 'manual'.
02-22 01:25:03.858 E/DisplayDeviceConfig( 1521): requesting nits when no mapping exists.
02-22 01:25:03.859 E/DisplayDeviceConfig( 1521): requesting nits when no mapping exists.
02-22 01:25:03.859 I/am_wtf ( 1521): [0,1521,system_server,-1,DisplayDeviceConfig,requesting nits when no mapping exists.]
02-22 01:25:03.860 I/am_wtf ( 1521): [0,1521,system_server,-1,DisplayDeviceConfig,requesting nits when no mapping exists.]
02-22 01:25:03.872 E/DisplayDeviceConfig( 1521): requesting nits when no mapping exists.
02-22 01:25:03.873 E/DisplayDeviceConfig( 1521): requesting nits when no mapping exists.
02-22 01:25:03.873 I/am_wtf ( 1521): [0,1521,system_server,-1,DisplayDeviceConfig,requesting nits when no mapping exists.]
02-22 01:25:03.874 I/am_wtf ( 1521): [0,1521,system_server,-1,DisplayDeviceConfig,requesting nits when no mapping exists.]
02-22 01:25:03.890 E/DisplayDeviceConfig( 1521): requesting nits when no mapping exists.
02-22 01:25:03.890 I/am_wtf ( 1521): [0,1521,system_server,-1,DisplayDeviceConfig,requesting nits when no mapping exists.]
02-22 01:25:03.890 E/DisplayDeviceConfig( 1521): requesting nits when no mapping exists.
02-22 01:25:03.891 I/am_wtf ( 1521): [0,1521,system_server,-1,DisplayDeviceConfig,requesting nits when no mapping exists.]
02-22 01:25:03.906 E/DisplayDeviceConfig( 1521): requesting nits when no mapping exists.
02-22 01:25:03.907 E/DisplayDeviceConfig( 1521): requesting nits when no mapping exists.
02-22 01:25:03.907 I/am_wtf ( 1521): [0,1521,system_server,-1,DisplayDeviceConfig,requesting nits when no mapping exists.]
02-22 01:25:03.908 I/am_wtf ( 1521): [0,1521,system_server,-1,DisplayDeviceConfig,requesting nits when no mapping exists.]
02-22 01:25:03.923 E/DisplayDeviceConfig( 1521): requesting nits when no mapping exists.
02-22 01:25:03.924 E/DisplayDeviceConfig( 1521): requesting nits when no mapping exists.
02-22 01:25:03.924 I/am_wtf ( 1521): [0,1521,system_server,-1,DisplayDeviceConfig,requesting nits when no mapping exists.]
02-22 01:25:03.924 I/am_wtf ( 1521): [0,1521,system_server,-1,DisplayDeviceConfig,requesting nits when no mapping exists.]
02-22 01:25:03.924 I/mpu_uart( 645): [MSG-P:RECV]:No message received in 1000 ms
02-22 01:25:03.940 E/DisplayDeviceConfig( 1521): requesting nits when no mapping exists.
02-22 01:25:03.941 E/DisplayDeviceConfig( 1521): requesting nits when no mapping exists.
02-22 01:25:03.941 I/am_wtf ( 1521): [0,1521,system_server,-1,DisplayDeviceConfig,requesting nits when no mapping exists.]
02-22 01:25:03.942 I/am_wtf ( 1521): [0,1521,system_server,-1,DisplayDeviceConfig,requesting nits when no mapping exists.]
02-22 01:25:03.957 E/DisplayDeviceConfig( 1521): requesting nits when no mapping exists.
02-22 01:25:03.957 E/DisplayDeviceConfig( 1521): requesting nits when no mapping exists.
02-22 01:25:03.957 I/am_wtf ( 1521): [0,1521,system_server,-1,DisplayDeviceConfig,requesting nits when no mapping exists.]
02-22 01:25:03.958 I/am_wtf ( 1521): [0,1521,system_server,-1,DisplayDeviceConfig,requesting nits when no mapping exists.]
02-22 01:25:03.974 E/DisplayDeviceConfig( 1521): requesting nits when no mapping exists.
02-22 01:25:03.974 E/DisplayDeviceConfig( 1521): requesting nits when no mapping exists.
02-22 01:25:03.974 I/am_wtf ( 1521): [0,1521,system_server,-1,DisplayDeviceConfig,requesting nits when no mapping exists.]
02-22 01:25:03.975 I/am_wtf ( 1521): [0,1521,system_server,-1,DisplayDeviceConfig,requesting nits when no mapping exists.]
02-22 01:25:04.016 I/sysui_multi_action( 1972): [757,219,758,4,759,19]
02-22 01:25:04.020 I/commit_sys_config_file( 1521): [display-state,678333]
02-22 01:25:04.021 V/DisplayPowerController[0]( 1521): Brightness [0.18181819] reason changing to: 'manual', previous reason: 'temporary'.
02-22 01:25:04.231 I/commit_sys_config_file( 1521): [settings-1-0,7]
02-22 01:25:04.232 I/OMX-VENC: venc_dev( 1219): stats: avg. fps 19.62, bitrate 809392
02-22 01:25:04.473 V/DisplayPowerController[0]( 1521): Brightness [0.18181819] reason changing to: 'temporary', previous reason: 'manual'.
02-22 01:25:04.475 E/DisplayDeviceConfig( 1521): requesting nits when no mapping exists.
02-22 01:25:04.476 E/DisplayDeviceConfig( 1521): requesting nits when no mapping exists.
02-22 01:25:04.476 I/am_wtf ( 1521): [0,1521,system_server,-1,DisplayDeviceConfig,requesting nits when no mapping exists.]
02-22 01:25:04.477 I/am_wtf ( 1521): [0,1521,system_server,-1,DisplayDeviceConfig,requesting nits when no mapping exists.]
02-22 01:25:04.491 E/DisplayDeviceConfig( 1521): requesting nits when no mapping exists.
02-22 01:25:04.491 E/DisplayDeviceConfig( 1521): requesting nits when no mapping exists.
02-22 01:25:04.491 I/am_wtf ( 1521): [0,1521,system_server,-1,DisplayDeviceConfig,requesting nits when no mapping exists.]
02-22 01:25:04.492 I/am_wtf ( 1521): [0,1521,system_server,-1,DisplayDeviceConfig,requesting nits when no mapping exists.]
02-22 01:25:04.509 E/DisplayDeviceConfig( 1521): requesting nits when no mapping exists.
02-22 01:25:04.510 E/DisplayDeviceConfig( 1521): requesting nits when no mapping exists.
02-22 01:25:04.510 I/am_wtf ( 1521): [0,1521,system_server,-1,DisplayDeviceConfig,requesting nits when no mapping exists.]
02-22 01:25:04.511 I/am_wtf ( 1521): [0,1521,system_server,-1,DisplayDeviceConfig,requesting nits when no mapping exists.]
02-22 01:25:04.525 E/DisplayDeviceConfig( 1521): requesting nits when no mapping exists.
02-22 01:25:04.525 I/am_wtf ( 1521): [0,1521,system_server,-1,DisplayDeviceConfig,requesting nits when no mapping exists.]
02-22 01:25:04.525 E/DisplayDeviceConfig( 1521): requesting nits when no mapping exists.
02-22 01:25:04.526 I/am_wtf ( 1521): [0,1521,system_server,-1,DisplayDeviceConfig,requesting nits when no mapping exists.]
02-22 01:25:04.541 E/DisplayDeviceConfig( 1521): requesting nits when no mapping exists.
02-22 01:25:04.542 E/DisplayDeviceConfig( 1521): requesting nits when no mapping exists.
02-22 01:25:04.542 I/am_wtf ( 1521): [0,1521,system_server,-1,DisplayDeviceConfig,requesting nits when no mapping exists.]
02-22 01:25:04.543 I/am_wtf ( 1521): [0,1521,system_server,-1,DisplayDeviceConfig,requesting nits when no mapping exists.]
02-22 01:25:04.558 E/DisplayDeviceConfig( 1521): requesting nits when no mapping exists.
02-22 01:25:04.558 E/DisplayDeviceConfig( 1521): requesting nits when no mapping exists.
02-22 01:25:04.558 I/am_wtf ( 1521): [0,1521,system_server,-1,DisplayDeviceConfig,requesting nits when no mapping exists.]
02-22 01:25:04.559 I/am_wtf ( 1521): [0,1521,system_server,-1,DisplayDeviceConfig,requesting nits when no mapping exists.]
02-22 01:25:04.575 E/DisplayDeviceConfig( 1521): requesting nits when no mapping exists.
02-22 01:25:04.575 E/DisplayDeviceConfig( 1521): requesting nits when no mapping exists.
02-22 01:25:04.575 I/am_wtf ( 1521): [0,1521,system_server,-1,DisplayDeviceConfig,requesting nits when no mapping exists.]
02-22 01:25:04.576 I/am_wtf ( 1521): [0,1521,system_server,-1,DisplayDeviceConfig,requesting nits when no mapping exists.]
02-22 01:25:04.591 E/DisplayDeviceConfig( 1521): requesting nits when no mapping exists.
02-22 01:25:04.592 E/DisplayDeviceConfig( 1521): requesting nits when no mapping exists.
02-22 01:25:04.592 I/am_wtf ( 1521): [0,1521,system_server,-1,DisplayDeviceConfig,requesting nits when no mapping exists.]
02-22 01:25:04.593 I/am_wtf ( 1521): [0,1521,system_server,-1,DisplayDeviceConfig,requesting nits when no mapping exists.]
02-22 01:25:04.615 W/hpplay-java( 2725): [main]:IPManager:getActiveNets invalid networkInfo:null
02-22 01:25:04.615 I/hpplay-java( 2725): [main]:IPManager:getActiveNets eth0:false wifi:false mobile:false ap:false
02-22 01:25:04.615 I/hpplay-java( 2725): [main]:ServerTaskManager:get local ip:null
02-22 01:25:04.634 I/sysui_multi_action( 1972): [757,219,758,4,759,93]
02-22 01:25:04.639 I/commit_sys_config_file( 1521): [display-state,678951]
02-22 01:25:04.640 V/DisplayPowerController[0]( 1521): Brightness [0.9292929] reason changing to: 'manual', previous reason: 'temporary'.
02-22 01:25:04.775 D/RemoteControlService( 2315): startVlanDispatchThread
02-22 01:25:04.829 I/OpenGLRenderer( 1972): Davey! duration=9223371310231ms; Flags=0, FrameTimelineVsyncId=17320, IntendedVsync=726623549904, Vsync=726623549904, InputEventId=0, HandleInputStart=726624055658, AnimationStart=726624059252, PerformTraversalsStart=726624062117, DrawStart=726629400971, FrameDeadline=726661549902, FrameInterval=726623998887, FrameStartTime=16666666, SyncQueued=726630771648, SyncStart=726630890033, IssueDrawCommandsStart=726632350919, SwapBuffers=726641019252, FrameCompleted=9223372036854775807, DequeueBufferDuration=55573, QueueBufferDuration=1239375, GpuCompleted=9223372036854775807, SwapBuffersCompleted=726642911544, DisplayPresentTime=0,
02-22 01:25:04.847 I/commit_sys_config_file( 1521): [settings-1-0,6]
02-22 01:25:04.925 I/mpu_uart( 645): [MSG-P:RECV]:No message received in 1000 ms
02-22 01:25:05.236 I/OMX-VENC: venc_dev( 1219): stats: avg. fps 11.95, bitrate 1093728
02-22 01:25:05.276 V/DisplayPowerController[0]( 1521): Brightness [0.9292929] reason changing to: 'temporary', previous reason: 'manual'.
02-22 01:25:05.277 E/DisplayDeviceConfig( 1521): requesting nits when no mapping exists.
02-22 01:25:05.278 E/DisplayDeviceConfig( 1521): requesting nits when no mapping exists.
02-22 01:25:05.278 I/am_wtf ( 1521): [0,1521,system_server,-1,DisplayDeviceConfig,requesting nits when no mapping exists.]
02-22 01:25:05.283 I/am_wtf ( 1521): [0,1521,system_server,-1,DisplayDeviceConfig,requesting nits when no mapping exists.]
02-22 01:25:05.293 E/DisplayDeviceConfig( 1521): requesting nits when no mapping exists.
02-22 01:25:05.293 E/DisplayDeviceConfig( 1521): requesting nits when no mapping exists.
02-22 01:25:05.293 I/am_wtf ( 1521): [0,1521,system_server,-1,DisplayDeviceConfig,requesting nits when no mapping exists.]
02-22 01:25:05.294 I/am_wtf ( 1521): [0,1521,system_server,-1,DisplayDeviceConfig,requesting nits when no mapping exists.]
02-22 01:25:05.310 E/DisplayDeviceConfig( 1521): requesting nits when no mapping exists.
02-22 01:25:05.311 E/DisplayDeviceConfig( 1521): requesting nits when no mapping exists.
02-22 01:25:05.311 I/am_wtf ( 1521): [0,1521,system_server,-1,DisplayDeviceConfig,requesting nits when no mapping exists.]
02-22 01:25:05.311 I/am_wtf ( 1521): [0,1521,system_server,-1,DisplayDeviceConfig,requesting nits when no mapping exists.]
02-22 01:25:05.326 E/DisplayDeviceConfig( 1521): requesting nits when no mapping exists.
02-22 01:25:05.327 E/DisplayDeviceConfig( 1521): requesting nits when no mapping exists.
02-22 01:25:05.327 I/am_wtf ( 1521): [0,1521,system_server,-1,DisplayDeviceConfig,requesting nits when no mapping exists.]
02-22 01:25:05.328 I/am_wtf ( 1521): [0,1521,system_server,-1,DisplayDeviceConfig,requesting nits when no mapping exists.]
02-22 01:25:05.343 E/DisplayDeviceConfig( 1521): requesting nits when no mapping exists.
02-22 01:25:05.343 E/DisplayDeviceConfig( 1521): requesting nits when no mapping exists.
02-22 01:25:05.343 I/am_wtf ( 1521): [0,1521,system_server,-1,DisplayDeviceConfig,requesting nits when no mapping exists.]
02-22 01:25:05.344 I/am_wtf ( 1521): [0,1521,system_server,-1,DisplayDeviceConfig,requesting nits when no mapping exists.]
02-22 01:25:05.360 E/DisplayDeviceConfig( 1521): requesting nits when no mapping exists.
02-22 01:25:05.361 E/DisplayDeviceConfig( 1521): requesting nits when no mapping exists.
