02-22 01:25:39.025 I/RenderEngine( 1190): vendor : Qualcomm
02-22 01:25:39.025 I/RenderEngine( 1190): renderer : Adreno (TM) 650
02-22 01:25:39.025 I/RenderEngine( 1190): version : OpenGL ES 3.2 V@0502.0 (GIT@47421dbee6, I139f36ad46, 1645189640) (Date:02/18/22)
02-22 01:25:39.025 I/RenderEngine( 1190): extensions: GL_OES_EGL_image GL_OES_EGL_image_external GL_OES_EGL_sync GL_OES_vertex_half_float GL_OES_framebuffer_object GL_OES_rgb8_rgba8 GL_OES_compressed_ETC1_RGB8_texture GL_AMD_compressed_ATC_texture GL_KHR_texture_compression_astc_ldr GL_KHR_texture_compression_astc_hdr GL_OES_texture_compression_astc GL_OES_texture_npot GL_EXT_texture_filter_anisotropic GL_EXT_texture_format_BGRA8888 GL_EXT_read_format_bgra GL_OES_texture_3D GL_EXT_color_buffer_float GL_EXT_color_buffer_half_float GL_QCOM_alpha_test GL_OES_depth24 GL_OES_packed_depth_stencil GL_OES_depth_texture GL_OES_depth_texture_cube_map GL_EXT_sRGB GL_OES_texture_float GL_OES_texture_float_linear GL_OES_texture_half_float GL_OES_texture_half_float_linear GL_EXT_texture_type_2_10_10_10_REV GL_EXT_texture_sRGB_decode GL_EXT_texture_format_sRGB_override GL_OES_element_index_uint GL_EXT_copy_image GL_EXT_geometry_shader GL_EXT_tessellation_shader GL_OES_texture_stencil8 GL_EXT_shader_io_blocks GL_OES_shader_image_atomic GL_OES_sample_variables GL_EX
02-22 01:25:39.025 I/RenderEngine( 1190): GL_MAX_TEXTURE_SIZE = 16384
02-22 01:25:39.025 I/RenderEngine( 1190): GL_MAX_VIEWPORT_DIMS = 16384
02-22 01:25:39.026 I/FrameDecoder( 1190): using surface mode
02-22 01:25:39.032 I/OMXClient( 1190): IOmx service obtained
02-22 01:25:39.032 I/OMXMaster( 1219): makeComponentInstance(OMX.qcom.video.decoder.avc) in android.hardwar process
02-22 01:25:39.039 E/android.hardware.media.omx@1.0-service( 1219): Service not available yet
02-22 01:25:39.040 D/PlatformConfig( 1219): getInstance: Enter
02-22 01:25:39.041 D/PlatformConfig( 1219): getConfigStoreBool: vpp/enable=false, returning false
01-01 11:31:26.109 I/msm_vidc( 0): high: 00000001: ....d: Opening video instance: 0000000000000000, 1
01-01 11:31:26.109 I/msm_vidc( 0): err : 00000001: ....d: Failed to create debugfs for msm_vidc
02-22 01:25:39.043 D/PlatformConfig( 1219): getInstance: Enter
02-22 01:25:39.043 D/PlatformConfig( 1219): getInt32 Config name: vidc_dec_log_in value: 0
02-22 01:25:39.043 D/PlatformConfig( 1219): getInstance: Enter
02-22 01:25:39.043 D/PlatformConfig( 1219): getInt32 Config name: vidc_dec_log_out value: 0
02-22 01:25:39.043 D/PlatformConfig( 1219): getInstance: Enter
02-22 01:25:39.043 D/PlatformConfig( 1219): getInt32 Config name: vidc_dec_sec_prefetch_size_internal value: 209715200
02-22 01:25:39.043 D/PlatformConfig( 1219): getInstance: Enter
02-22 01:25:39.043 D/PlatformConfig( 1219): getInt32 Config name: vidc_dec_sec_prefetch_size_output value: 13434880
02-22 01:25:39.043 D/PlatformConfig( 1219): getInstance: Enter
02-22 01:25:39.043 D/PlatformConfig( 1219): getInt32 Config name: vidc_perf_control_enable value: 0
02-22 01:25:39.043 D/PlatformConfig( 1219): getInstance: Enter
02-22 01:25:39.043 D/PlatformConfig( 1219): getInt32 Config name: vidc_dec_thumbnail_yuv_output value: 0
02-22 01:25:39.043 D/PlatformConfig( 1219): getInstance: Enter
02-22 01:25:39.043 D/PlatformConfig( 1219): getInt32: Returning default
02-22 01:25:39.043 D/PlatformConfig( 1219): getInstance: Enter
02-22 01:25:39.043 D/PlatformConfig( 1219): getInt32 Config name: vidc_dec_output_rate value: 120
02-22 01:25:39.044 I/sysui_multi_action( 1521): [757,1501,758,1,793,203,794,0,795,203,796,4275,806,com.android.systemui,857,screen_record,858,3,947,0,1500,0,1688,1]
02-22 01:25:39.044 I/sysui_multi_action( 1521): [757,804,799,note_interruptive,801,0,802,1]
02-22 01:25:39.044 I/OMX-VDEC-1080P( 1219): component_init: OMX.qcom.video.decoder.avc : fd=7
02-22 01:25:39.044 I/GameModeConfig( 1521): isGameModeOn = false
02-22 01:25:39.044 E/OMX-VDEC-1080P( 1219): Unsupported output color format for c2d (2141391876)
02-22 01:25:39.044 E/OMX-VDEC-1080P( 1219): Setting color format failed
02-22 01:25:39.045 D/PlatformConfig( 1219): getInstance: Enter
02-22 01:25:39.045 I/sysui_multi_action( 1521): [757,1501,758,1,793,205,794,0,795,205,796,4275,806,com.android.systemui,857,screen_record,858,3,947,0,1500,0,1688,1]
02-22 01:25:39.045 D/PlatformConfig( 1219): getInt32: Returning default
02-22 01:25:39.045 D/PlatformConfig( 1219): getInstance: Enter
02-22 01:25:39.045 D/PlatformConfig( 1219): getInt32: Returning default
02-22 01:25:39.045 I/sysui_multi_action( 1521): [757,804,799,note_interruptive,801,0,802,1]
02-22 01:25:39.045 I/OMX-VDEC-1080P( 1219): omx_vdec::component_init() success : fd=7
02-22 01:25:39.046 I/sysui_multi_action( 1521): [757,199,758,1,759,3,793,205,794,0,795,205,796,4275,806,com.android.systemui,857,screen_record,858,3,947,0,1500,0,1688,1]
02-22 01:25:39.046 I/notification_alert( 1521): [0|com.android.systemui|4275|null|10078,1,1,0]
02-22 01:25:39.048 D/Avrcp_ext( 1955): AudioManager Player: AudioPlaybackConfiguration piid:55 deviceId:0 type:android.media.SoundPool u/pid:1000/1521 state:idle attr:AudioAttributes: usage=USAGE_ASSISTANCE_SONIFICATION content=CONTENT_TYPE_SONIFICATION flags=0x800 tags= bundle=null sessionId:0
02-22 01:25:39.048 W/NotificationHistory( 1521): Attempted to add notif for locked/gone/disabled user 0
02-22 01:25:39.048 D/Avrcp_ext( 1955): AudioManager Player: AudioPlaybackConfiguration piid:63 deviceId:0 type:android.media.SoundPool u/pid:10078/1972 state:idle attr:AudioAttributes: usage=USAGE_ASSISTANCE_SONIFICATION content=CONTENT_TYPE_SONIFICATION flags=0x800 tags= bundle=null sessionId:0
02-22 01:25:39.048 D/Avrcp_ext( 1955): AudioManager Player: AudioPlaybackConfiguration piid:79 deviceId:0 type:android.media.SoundPool u/pid:1000/2106 state:idle attr:AudioAttributes: usage=USAGE_ASSISTANCE_SONIFICATION content=CONTENT_TYPE_SONIFICATION flags=0x801 tags= bundle=null sessionId:0
02-22 01:25:39.048 D/Avrcp_ext( 1955): AudioManager Player: AudioPlaybackConfiguration piid:95 deviceId:0 type:android.media.MediaPlayer u/pid:10078/1972 state:idle attr:AudioAttributes: usage=USAGE_NOTIFICATION content=CONTENT_TYPE_SONIFICATION flags=0x800 tags= bundle=null sessionId:0
02-22 01:25:39.048 D/Avrcp_ext( 1955): AudioManager isPlaying: false, mAudioPlaybackIsActive = false
02-22 01:25:39.048 D/Avrcp_ext( 1955): AudioManager Reset Active Player
02-22 01:25:39.050 W/FileSource( 1972): offset/length adjusted from 0/576460752303423487 to 0/16905
02-22 01:25:39.051 D/SurfaceUtils( 1190): connecting to surface 0xf2509738, reason connectToSurface
02-22 01:25:39.051 I/MediaCodec( 1190): [OMX.qcom.video.decoder.avc] setting surface generation to 1218562
02-22 01:25:39.051 D/SurfaceUtils( 1190): disconnecting from surface 0xf2509738, reason connectToSurface(reconnect)
02-22 01:25:39.051 D/SurfaceUtils( 1190): connecting to surface 0xf2509738, reason connectToSurface(reconnect)
02-22 01:25:39.052 E/OMX-VDEC-1080P( 1219): Extension: OMX.google.android.index.storeANWBufferInMetadata not implemented
02-22 01:25:39.052 E/OMX-VDEC-1080P( 1219): Extension: OMX.google.android.index.configureVideoTunnelMode not implemented
02-22 01:25:39.052 E/OMX-VDEC-1080P( 1219): Extension: OMX.google.android.index.useAndroidNativeBuffer is supported
02-22 01:25:39.052 E/OMX-VDEC-1080P( 1219): get_parameter: unknown param 7f000046
02-22 01:25:39.052 E/OMXNodeInstance( 1219): getParameter(0xe8360034:qcom.decoder.avc, ??(0x7f000046)) ERROR: UnsupportedIndex(0x8000101a)
02-22 01:25:39.053 E/OMX-VDEC-1080P( 1219): set_parameter: Error: 0x80001019, setting param 0x7f00005d
02-22 01:25:39.053 E/OMXNodeInstance( 1219): setParameter(0xe8360034:qcom.decoder.avc, OMX.google.android.index.allocateNativeHandle(0x7f00005d): Output:1 en=0) ERROR: UnsupportedSetting(0x80001019)
02-22 01:25:39.053 E/OMX-VDEC-1080P( 1219): Extension: OMX.google.android.index.storeANWBufferInMetadata not implemented
02-22 01:25:39.053 E/OMX-VDEC-1080P( 1219): get_parameter: unknown param 6f600011
02-22 01:25:39.053 E/OMXNodeInstance( 1219): getParameter(0xe8360034:qcom.decoder.avc, ??(0x6f600011)) ERROR: UnsupportedIndex(0x8000101a)
02-22 01:25:39.053 I/ExtendedACodec( 1190): setupVideoDecoder()
02-22 01:25:39.053 I/ExtendedACodec( 1190): Thumbnail mode enabled.
02-22 01:25:39.054 I/MMParserExtractor( 1186): Created(0xb4000075667497b0)
02-22 01:25:39.054 E/OMXNodeInstance( 1219): getParameter(0xe8360034:qcom.decoder.avc, ??(0x7f000044)) ERROR: UnsupportedSetting(0x80001019)
02-22 01:25:39.055 E/OMXNodeInstance( 1219): getParameter(0xe8360034:qcom.decoder.avc, ??(0x7f000044)) ERROR: UnsupportedSetting(0x80001019)
02-22 01:25:39.055 W/ACodec ( 1190): [OMX.qcom.video.decoder.avc] does not support color format 2130708361
02-22 01:25:39.056 D/ACodec ( 1190): Setting [OMX.qcom.video.decoder.avc] input port buffer number: 1
02-22 01:25:39.056 D/ACodec ( 1190): Setting [OMX.qcom.video.decoder.avc] output port buffer number: 1
02-22 01:25:39.057 W/MediaProvider( 2875): Failed to fetch original file descriptor
02-22 01:25:39.057 W/MediaProvider( 2875): java.io.IOException: stat failed: EACCES (Permission denied)
02-22 01:25:39.057 W/MediaProvider( 2875): at com.android.providers.media.MediaProvider.getFileFromFileDescriptor(MediaProvider.java:5794)
02-22 01:25:39.057 W/MediaProvider( 2875): at com.android.providers.media.MediaProvider.getOriginalMediaFormatFileDescriptor(MediaProvider.java:5711)
02-22 01:25:39.057 W/MediaProvider( 2875): at com.android.providers.media.MediaProvider.openTypedAssetFileCommon(MediaProvider.java:7134)
02-22 01:25:39.057 W/MediaProvider( 2875): at com.android.providers.media.MediaProvider.openTypedAssetFile(MediaProvider.java:7115)
02-22 01:25:39.057 W/MediaProvider( 2875): at android.content.ContentProvider$Transport.openTypedAssetFile(ContentProvider.java:548)
02-22 01:25:39.057 W/MediaProvider( 2875): at android.content.ContentProviderNative.onTransact(ContentProviderNative.java:327)
02-22 01:25:39.057 W/MediaProvider( 2875): at android.os.Binder.execTransactInternal(Binder.java:1184)
02-22 01:25:39.057 W/MediaProvider( 2875): at android.os.Binder.execTransact(Binder.java:1143)
02-22 01:25:39.057 W/MediaProvider( 2875): Caused by: android.system.ErrnoException: stat failed: EACCES (Permission denied)
02-22 01:25:39.057 W/MediaProvider( 2875): at libcore.io.Linux.stat(Native Method)
02-22 01:25:39.057 W/MediaProvider( 2875): at libcore.io.ForwardingOs.stat(ForwardingOs.java:853)
02-22 01:25:39.057 W/MediaProvider( 2875): at libcore.io.BlockGuardOs.stat(BlockGuardOs.java:420)
02-22 01:25:39.057 W/MediaProvider( 2875): at libcore.io.ForwardingOs.stat(ForwardingOs.java:853)
02-22 01:25:39.057 W/MediaProvider( 2875): at android.app.ActivityThread$AndroidOs.stat(ActivityThread.java:7780)
02-22 01:25:39.057 W/MediaProvider( 2875): at android.system.Os.stat(Os.java:919)
02-22 01:25:39.057 W/MediaProvider( 2875): at com.android.providers.media.MediaProvider.getFileFromFileDescriptor(MediaProvider.java:5788)
02-22 01:25:39.057 W/MediaProvider( 2875): ... 7 more
02-22 01:25:39.057 I/ExtendedACodec( 1190): Decoder will be in frame by frame mode
02-22 01:25:39.057 E/OMX-VDEC-1080P( 1219): Setparameter: unknown param 2130706434
02-22 01:25:39.057 E/OMX-VDEC-1080P( 1219): set_parameter: Error: 0x8000101a, setting param 0x7f000002
02-22 01:25:39.057 E/OMXNodeInstance( 1219): setParameter(0xe8360034:qcom.decoder.avc, ??(0x7f000002)) ERROR: UnsupportedIndex(0x8000101a)
02-22 01:25:39.058 W/ExtendedACodec( 1190): Failed to set frame packing format on component
02-22 01:25:39.058 D/NuPlayerDriver( 1190): NuPlayerDriver(0xf3181cd0) created, clientPid(1972)
02-22 01:25:39.059 I/OMX-VENDOR-EXT( 1219): isConfigValid
02-22 01:25:39.062 E/OMXNodeInstance( 1219): getConfig(0xe8360034:qcom.decoder.avc, ??(0x7f000062)) ERROR: UnsupportedSetting(0x80001019)
02-22 01:25:39.064 I/ExtendedNuUtils( 1190): printFileName fd(13) -> /data/system_de/0/ringtones/notification_sound_cache
02-22 01:25:39.067 D/GenericSource( 1190): FileSource remote
02-22 01:25:39.067 E/OMX-VDEC-1080P( 1219): Extension: OMX.google.android.index.AndroidNativeBufferConsumerUsage not implemented
02-22 01:25:39.067 D/SurfaceUtils( 1190): set up nativeWindow 0xf2509738 for 2380x1020, color 0x7fa30c06, rotation 0, usage 0x20402900
02-22 01:25:39.068 I/MMParserExtractor( 1186): Created(0xb4000075667497b0)
02-22 01:25:39.068 W/ResourceManagerService( 1190): Ignoring request to add new resource entry with value <= 0
02-22 01:25:39.070 D/MediaBufferGroup( 1186): creating MemoryDealer
02-22 01:25:39.070 D/MediaBufferGroup( 1186): creating MemoryDealer
02-22 01:25:39.073 I/MediaFocusControl( 1521): requestAudioFocus() from uid/pid 10078/1972 AA=USAGE_NOTIFICATION/CONTENT_TYPE_SONIFICATION clientId=android.media.AudioManager@fc038ba callingPack=com.android.systemui req=3 flags=0x0 sdk=31
02-22 01:25:39.074 I/AudioService.FadeOutManager( 1521): unfadeOutUid() uid:10078
02-22 01:25:39.085 E/OMXNodeInstance( 1219): getConfig(0xe8360034:qcom.decoder.avc, ??(0x7f000062)) ERROR: UnsupportedSetting(0x80001019)
02-22 01:25:39.088 E/OMX-VDEC-1080P( 1219): Extension: OMX.google.android.index.AndroidNativeBufferConsumerUsage not implemented
02-22 01:25:39.088 D/SurfaceUtils( 1190): set up nativeWindow 0xf2509738 for 2384x1024, color 0x7fa30c06, rotation 0, usage 0x20402900
02-22 01:25:39.089 D/InterruptionStateProvider( 1972): No bubble up: not allowed to bubble: 0|com.android.systemui|4275|null|10078
02-22 01:25:39.089 D/InterruptionStateProvider( 1972): No heads up: unimportant notification: 0|com.android.systemui|4275|null|10078
02-22 01:25:39.089 D/PeopleSpaceWidgetMgr( 1972): Sbn doesn't contain valid PeopleTileKey: null/0/com.android.systemui
02-22 01:25:39.097 E/OMXNodeInstance( 1219): getConfig(0xe8360034:qcom.decoder.avc, ??(0x7f000062)) ERROR: UnsupportedSetting(0x80001019)
02-22 01:25:39.098 E/OMX-VDEC-1080P( 1219): Extension: OMX.QTI.index.config.video.getdsmode not implemented
02-22 01:25:39.151 I/OMX-VDEC-1080P( 1219): omx_vdec::component_deinit() complete
02-22 01:25:39.152 I/OMX-VDEC-1080P( 1219): Exit OMX vdec Destructor: fd=7
01-01 11:31:26.219 I/msm_vidc( 0): high: 00000001: h264d: Closed video instance: 0000000000000000
02-22 01:25:39.154 D/SurfaceUtils( 1190): disconnecting from surface 0xf2509738, reason disconnectFromSurface
02-22 01:25:39.159 D/FrameDecoder( 1190): FrameDecoder destroyed
02-22 01:25:39.223 I/notification_enqueue( 1521): [10078,1972,com.android.systemui,4273,NULL,0,Notification(channel=screen_record shortcut=null contentView=null vibrate=null sound=null defaults=0x0 flags=0x10 color=0x00000000 actions=1 vis=PRIVATE),0]
02-22 01:25:39.224 I/sysui_multi_action( 1521): [757,128,758,5,759,8,793,384,794,0,795,384,796,4275,806,com.android.systemui,857,screen_record,858,3,947,0,1500,179,1688,1]
02-22 01:25:39.225 I/notification_canceled( 1521): [0|com.android.systemui|4275|null|10078,8,384,384,0,-1,-1,NULL]
02-22 01:25:39.234 I/OpenGLRenderer( 1972): Davey! duration=9223371275810ms; Flags=0, FrameTimelineVsyncId=18716, IntendedVsync=761042334083, Vsync=761042334083, InputEventId=0, HandleInputStart=761042823978, AnimationStart=761042825489, PerformTraversalsStart=761043936374, DrawStart=761052872728, FrameDeadline=761059000749, FrameInterval=761042820072, FrameStartTime=16666666, SyncQueued=761052904603, SyncStart=761054537728, IssueDrawCommandsStart=761054580593, SwapBuffers=761054746687, FrameCompleted=9223372036854775807, DequeueBufferDuration=11562, QueueBufferDuration=592187, GpuCompleted=9223372036854775807, SwapBuffersCompleted=761055489395, DisplayPresentTime=0,
02-22 01:25:39.267 I/OpenGLRenderer( 1972): Davey! duration=9223371275771ms; Flags=0, FrameTimelineVsyncId=18720, IntendedVsync=761075765391, Vsync=761075765391, InputEventId=0, HandleInputStart=761076225280, AnimationStart=761076227520, PerformTraversalsStart=761077030228, DrawStart=761077406791, FrameDeadline=761109098723, FrameInterval=761076221218, FrameStartTime=16666666, SyncQueued=761077419499, SyncStart=761085406947, IssueDrawCommandsStart=761085424708, SwapBuffers=761085516999, FrameCompleted=9223372036854775807, DequeueBufferDuration=6875, QueueBufferDuration=241041, GpuCompleted=9223372036854775807, SwapBuffersCompleted=761085824968, DisplayPresentTime=0,
02-22 01:25:39.276 D/PeopleSpaceWidgetMgr( 1972): Sbn doesn't contain valid PeopleTileKey: null/0/com.android.systemui
02-22 01:25:39.283 I/OpenGLRenderer( 1972): Davey! duration=9223371275753ms; Flags=0, FrameTimelineVsyncId=18722, IntendedVsync=761092462726, Vsync=761092462726, InputEventId=0, HandleInputStart=761093084187, AnimationStart=761093088718, PerformTraversalsStart=761094397364, DrawStart=761095148249, FrameDeadline=761125796058, FrameInterval=761093075228, FrameStartTime=16666666, SyncQueued=761095160593, SyncStart=761104311374, IssueDrawCommandsStart=761104347885, SwapBuffers=761104567051, FrameCompleted=9223372036854775807, DequeueBufferDuration=14583, QueueBufferDuration=407187, GpuCompleted=9223372036854775807, SwapBuffersCompleted=761105166270, DisplayPresentTime=0,
02-22 01:25:39.299 I/OpenGLRenderer( 1972): Davey! duration=9223371275740ms; Flags=0, FrameTimelineVsyncId=18724, IntendedVsync=761109158729, Vsync=761109158729, InputEventId=0, HandleInputStart=761109786114, AnimationStart=761109788353, PerformTraversalsStart=761110912728, DrawStart=761114612364, FrameDeadline=761142492061, FrameInterval=761109778770, FrameStartTime=16666666, SyncQueued=761114655801, SyncStart=761119492103, IssueDrawCommandsStart=761119531843, SwapBuffers=761119737208, FrameCompleted=9223372036854775807, DequeueBufferDuration=14532, QueueBufferDuration=408438, GpuCompleted=9223372036854775807, SwapBuffersCompleted=761120407676, DisplayPresentTime=0,
02-22 01:25:39.316 I/OpenGLRenderer( 1972): Davey! duration=9223371275722ms; Flags=0, FrameTimelineVsyncId=18726, IntendedVsync=761125862006, Vsync=761125862006, InputEventId=0, HandleInputStart=761126319603, AnimationStart=761126321530, PerformTraversalsStart=761129046374, DrawStart=761129836478, FrameDeadline=761159195338, FrameInterval=761126316010, FrameStartTime=16666666, SyncQueued=761129845280, SyncStart=761135940541, IssueDrawCommandsStart=761135975801, SwapBuffers=761136227520, FrameCompleted=9223372036854775807, DequeueBufferDuration=44271, QueueBufferDuration=438489, GpuCompleted=9223372036854775807, SwapBuffersCompleted=761136873978, DisplayPresentTime=0,
02-22 01:25:39.333 I/OpenGLRenderer( 1972): Davey! duration=9223371275704ms; Flags=0, FrameTimelineVsyncId=18728, IntendedVsync=761142564201, Vsync=761142564201, InputEventId=0, HandleInputStart=761143030801, AnimationStart=761143034812, PerformTraversalsStart=761144331270, DrawStart=761145135124, FrameDeadline=761175897533, FrameInterval=761143025124, FrameStartTime=16666666, SyncQueued=761145146530, SyncStart=761153018822, IssueDrawCommandsStart=761153052572, SwapBuffers=761153257051, FrameCompleted=9223372036854775807, DequeueBufferDuration=13333, QueueBufferDuration=431250, GpuCompleted=9223372036854775807, SwapBuffersCompleted=761153898301, DisplayPresentTime=0,
02-22 01:25:39.349 I/OpenGLRenderer( 1972): Davey! duration=9223371275687ms; Flags=0, FrameTimelineVsyncId=18730, IntendedVsync=761159251073, Vsync=761159251073, InputEventId=0, HandleInputStart=761159839499, AnimationStart=761159842103, PerformTraversalsStart=761161067989, DrawStart=761161744291, FrameDeadline=761192584405, FrameInterval=761159835280, FrameStartTime=16666666, SyncQueued=761161754655, SyncStart=761169522937, IssueDrawCommandsStart=761169556791, SwapBuffers=761169756687, FrameCompleted=9223372036854775807, DequeueBufferDuration=12344, QueueBufferDuration=426979, GpuCompleted=9223372036854775807, SwapBuffersCompleted=761170399916, DisplayPresentTime=0,
02-22 01:25:39.366 I/OpenGLRenderer( 1972): Davey! duration=9223371275670ms; Flags=0, FrameTimelineVsyncId=18732, IntendedVsync=761175943015, Vsync=761175943015, InputEventId=0, HandleInputStart=761177278874, AnimationStart=761177281218, PerformTraversalsStart=761178272260, DrawStart=761179105176, FrameDeadline=761209276347, FrameInterval=761177274030, FrameStartTime=16666666, SyncQueued=761179117989, SyncStart=761187467207, IssueDrawCommandsStart=761187501947, SwapBuffers=761187722624, FrameCompleted=9223372036854775807, DequeueBufferDuration=14375, QueueBufferDuration=584948, GpuCompleted=9223372036854775807, SwapBuffersCompleted=761188529343, DisplayPresentTime=0,
02-22 01:25:39.383 I/OpenGLRenderer( 1972): Davey! duration=9223371275655ms; Flags=0, FrameTimelineVsyncId=18734, IntendedVsync=761192641827, Vsync=761192641827, InputEventId=0, HandleInputStart=761193553249, AnimationStart=761193557728, PerformTraversalsStart=761195080437, DrawStart=761196098874, FrameDeadline=761225975159, FrameInterval=761193536739, FrameStartTime=16666666, SyncQueued=761196108718, SyncStart=761203172832, IssueDrawCommandsStart=761203210124, SwapBuffers=761203435280, FrameCompleted=9223372036854775807, DequeueBufferDuration=14896, QueueBufferDuration=547813, GpuCompleted=9223372036854775807, SwapBuffersCompleted=761204216062, DisplayPresentTime=0,
02-22 01:25:39.399 I/OpenGLRenderer( 1972): Davey! duration=9223371275637ms; Flags=0, FrameTimelineVsyncId=18736, IntendedVsync=761209339971, Vsync=761209339971, InputEventId=0, HandleInputStart=761210692572, AnimationStart=761210695020, PerformTraversalsStart=761211159812, DrawStart=761212204707, FrameDeadline=761242673303, FrameInterval=761210687051, FrameStartTime=16666666, SyncQueued=761212220801, SyncStart=761220633666, IssueDrawCommandsStart=761220669135, SwapBuffers=761220883041, FrameCompleted=9223372036854775807, DequeueBufferDuration=13854, QueueBufferDuration=466614, GpuCompleted=9223372036854775807, SwapBuffersCompleted=761221659291, DisplayPresentTime=0,
02-22 01:25:39.417 I/OpenGLRenderer( 1972): Davey! duration=9223371275621ms; Flags=0, FrameTimelineVsyncId=18738, IntendedVsync=761226036401, Vsync=761226036401, InputEventId=0, HandleInputStart=761227335645, AnimationStart=761227338301, PerformTraversalsStart=761228886582, DrawStart=761229775228, FrameDeadline=761259369733, FrameInterval=761227331010, FrameStartTime=16666666, SyncQueued=761229787832, SyncStart=761236901895, IssueDrawCommandsStart=761236937416, SwapBuffers=761237146062, FrameCompleted=9223372036854775807, DequeueBufferDuration=13020, QueueBufferDuration=457343, GpuCompleted=9223372036854775807, SwapBuffersCompleted=761237815176, DisplayPresentTime=0,
02-22 01:25:39.424 I/sysui_multi_action( 1521): [757,1501,758,1,793,202,794,0,795,202,796,4273,806,com.android.systemui,857,screen_record,858,3,947,0,1500,0,1688,1,1745,680407814]
02-22 01:25:39.425 I/sysui_multi_action( 1521): [757,804,799,note_interruptive,801,0,802,1]
02-22 01:25:39.425 I/GameModeConfig( 1521): isGameModeOn = false
02-22 01:25:39.426 E/NotificationService( 1521): Muting recently noisy 0|com.android.systemui|4273|null|10078
02-22 01:25:39.428 W/NotificationHistory( 1521): Attempted to add notif for locked/gone/disabled user 0
02-22 01:25:39.433 I/OpenGLRenderer( 1972): Davey! duration=9223371275602ms; Flags=0, FrameTimelineVsyncId=18740, IntendedVsync=761242778325, Vsync=761242778325, InputEventId=0, HandleInputStart=761244208510, AnimationStart=761244210905, PerformTraversalsStart=761244394760, DrawStart=761245124499, FrameDeadline=761276111657, FrameInterval=761244203405, FrameStartTime=16666666, SyncQueued=761245137937, SyncStart=761254234916, IssueDrawCommandsStart=761254268770, SwapBuffers=761254473093, FrameCompleted=9223372036854775807, DequeueBufferDuration=13021, QueueBufferDuration=1109219, GpuCompleted=9223372036854775807, SwapBuffersCompleted=761255803457, DisplayPresentTime=0,
02-22 01:25:39.435 D/InterruptionStateProvider( 1972): No bubble up: not allowed to bubble: 0|com.android.systemui|4273|null|10078
02-22 01:25:39.436 D/InterruptionStateProvider( 1972): No heads up: unimportant notification: 0|com.android.systemui|4273|null|10078
02-22 01:25:39.436 D/PeopleSpaceWidgetMgr( 1972): Sbn doesn't contain valid PeopleTileKey: null/0/com.android.systemui
02-22 01:25:39.546 E/NotificationService( 1521): No vibration for canceled notification : 0|com.android.systemui|4275|null|10078
02-22 01:25:39.575 W/AudioIDCMicroNegotiator( 1521): idcm_warn: idcm control is not enable
02-22 01:25:39.575 I/GenericSource( 1190): start
02-22 01:25:39.576 D/Avrcp_ext( 1955): AudioManager Player: AudioPlaybackConfiguration piid:55 deviceId:0 type:android.media.SoundPool u/pid:1000/1521 state:idle attr:AudioAttributes: usage=USAGE_ASSISTANCE_SONIFICATION content=CONTENT_TYPE_SONIFICATION flags=0x800 tags= bundle=null sessionId:0
02-22 01:25:39.576 D/MediaRouter( 1972): onRestoreRoute() : route=RouteInfo{ name=骞虫澘鐢佃剳, description=null, status=null, category=RouteCategory{ name=绯荤粺 types=ROUTE_TYPE_LIVE_AUDIO ROUTE_TYPE_LIVE_VIDEO groupable=false }, supportedTypes=ROUTE_TYPE_LIVE_AUDIO ROUTE_TYPE_LIVE_VIDEO , presentationDisplay=null }
02-22 01:25:39.576 D/Avrcp_ext( 1955): AudioManager Player: AudioPlaybackConfiguration piid:63 deviceId:0 type:android.media.SoundPool u/pid:10078/1972 state:idle attr:AudioAttributes: usage=USAGE_ASSISTANCE_SONIFICATION content=CONTENT_TYPE_SONIFICATION flags=0x800 tags= bundle=null sessionId:0
02-22 01:25:39.576 V/MediaRouter( 1972): Selecting route: RouteInfo{ name=骞虫澘鐢佃剳, description=null, status=null, category=RouteCategory{ name=绯荤粺 types=ROUTE_TYPE_LIVE_AUDIO ROUTE_TYPE_LIVE_VIDEO groupable=false }, supportedTypes=ROUTE_TYPE_LIVE_AUDIO ROUTE_TYPE_LIVE_VIDEO , presentationDisplay=null }
02-22 01:25:39.576 D/Avrcp_ext( 1955): AudioManager Player: AudioPlaybackConfiguration piid:79 deviceId:0 type:android.media.SoundPool u/pid:1000/2106 state:idle attr:AudioAttributes: usage=USAGE_ASSISTANCE_SONIFICATION content=CONTENT_TYPE_SONIFICATION flags=0x801 tags= bundle=null sessionId:0
02-22 01:25:39.576 D/Avrcp_ext( 1955): AudioManager Player: AudioPlaybackConfiguration piid:95 deviceId:0 type:android.media.MediaPlayer u/pid:10078/1972 state:started attr:AudioAttributes: usage=USAGE_NOTIFICATION content=CONTENT_TYPE_SONIFICATION flags=0x800 tags= bundle=null sessionId:0
02-22 01:25:39.577 W/Utils ( 1190): track of type 'audio/vorbis' does not publish channel mask, channel count 1
02-22 01:25:39.581 D/Avrcp_ext( 1955): AudioManager Player in started state: com.android.systemui
02-22 01:25:39.581 D/Avrcp_ext( 1955): AudioManager Active Player: com.android.systemui
02-22 01:25:39.581 D/Avrcp_ext( 1955): AudioManager isPlaying: true, mAudioPlaybackIsActive = false
02-22 01:25:39.583 V/Avrcp_ext( 1955): updateCurrentMediaState: mMediaController: MediaController (com.android.systemui@78f1a08) null
02-22 01:25:39.583 W/Avrcp_ext( 1955): isMusicActive: false getBluetoothPlayState: 2 A2dp State: 11 mAudioPlaybackIsActive: true
02-22 01:25:39.583 D/NuPlayerDriver( 1190): stop(0xf3181cd0)
02-22 01:25:39.583 D/Avrcp_ext( 1955): isMusicActive = false mAudioPlaybackIsActive = true player state = null
02-22 01:25:39.583 W/AudioIDCMicroNegotiator( 1521): idcm_warn: idcm control is not enable
02-22 01:25:39.584 V/MediaPlayer( 1972): resetDrmState: mDrmInfo=null mDrmProvisioningThread=null mPrepareDrmInProgress=false mActiveDrmScheme=false
02-22 01:25:39.584 V/MediaPlayer( 1972): cleanDrmObj: mDrmObj=null mDrmSessionId=null
02-22 01:25:39.584 D/NuPlayerDriver( 1190): reset(0xf3181cd0) at state 8
02-22 01:25:39.584 I/Avrcp_ext( 1955): Skipping update due to invalid playback state
02-22 01:25:39.584 V/Avrcp_ext( 1955): updatePlaybackState, state: null device: null
02-22 01:25:39.584 V/Avrcp_ext( 1955): Device: no name:
02-22 01:25:39.584 V/Avrcp_ext( 1955): Device: no name:
02-22 01:25:39.584 V/Avrcp_ext( 1955): Device: no name:
02-22 01:25:39.584 V/Avrcp_ext( 1955): Device: no name:
02-22 01:25:39.584 W/Utils ( 1190): track of type 'audio/vorbis' does not publish channel mask, channel count 1
02-22 01:25:39.584 V/Avrcp_ext( 1955): Device: no name:
02-22 01:25:39.584 V/Avrcp_ext( 1955): updatePlayerStateAndPosition, old=PlaybackState {state=2, position=-1, buffered position=0, speed=0.0, updated=11790, actions=0, custom actions=[], active item id=-1, error=null}, state=null
02-22 01:25:39.585 I/Avrcp_ext( 1955): updatePlayerStateAndPosition: device: state = null
02-22 01:25:39.585 D/Avrcp_ext( 1955): AudioManager Player: AudioPlaybackConfiguration piid:55 deviceId:0 type:android.media.SoundPool u/pid:1000/1521 state:idle attr:AudioAttributes: usage=USAGE_ASSISTANCE_SONIFICATION content=CONTENT_TYPE_SONIFICATION flags=0x800 tags= bundle=null sessionId:0
02-22 01:25:39.585 D/Avrcp_ext( 1955): AudioManager Player: AudioPlaybackConfiguration piid:63 deviceId:0 type:android.media.SoundPool u/pid:10078/1972 state:idle attr:AudioAttributes: usage=USAGE_ASSISTANCE_SONIFICATION content=CONTENT_TYPE_SONIFICATION flags=0x800 tags= bundle=null sessionId:0
02-22 01:25:39.585 D/Avrcp_ext( 1955): AudioManager Player: AudioPlaybackConfiguration piid:79 deviceId:0 type:android.media.SoundPool u/pid:1000/2106 state:idle attr:AudioAttributes: usage=USAGE_ASSISTANCE_SONIFICATION content=CONTENT_TYPE_SONIFICATION flags=0x801 tags= bundle=null sessionId:0
02-22 01:25:39.585 D/Avrcp_ext( 1955): AudioManager Player: AudioPlaybackConfiguration piid:95 deviceId:0 type:android.media.MediaPlayer u/pid:10078/1972 state:stopped attr:AudioAttributes: usage=USAGE_NOTIFICATION content=CONTENT_TYPE_SONIFICATION flags=0x800 tags= bundle=null sessionId:0
02-22 01:25:39.585 D/Avrcp_ext( 1955): AudioManager isPlaying: false, mAudioPlaybackIsActive = true
02-22 01:25:39.585 D/Avrcp_ext( 1955): AudioManager Reset Active Player
02-22 01:25:39.586 V/Avrcp_ext( 1955): updateCurrentMediaState: mMediaController: MediaController (com.android.systemui@78f1a08) null
02-22 01:25:39.586 W/Avrcp_ext( 1955): isMusicActive: false getBluetoothPlayState: 2 A2dp State: 11 mAudioPlaybackIsActive: false
02-22 01:25:39.586 D/audio_hw_primary( 799): adev_get_parameters:is_hw_dec_session_available
02-22 01:25:39.586 D/audio_hw_spkr_prot( 799): fbsp_get_parameters: Speaker protection disabled
02-22 01:25:39.586 D/soundtrigger( 799): audio_extn_sound_trigger_get_parameters input string
02-22 01:25:39.586 D/soundtrigger( 799): extract_sm_handle input string param string
02-22 01:25:39.586 D/audio_hw_extn( 799): audio_extn_fm_get_parameters: Enter
02-22 01:25:39.586 D/Avrcp_ext( 1955): isMusicActive = false mAudioPlaybackIsActive = false player state = null
02-22 01:25:39.586 D/audio_hw_extn( 799): audio_extn_get_parameters: returns
02-22 01:25:39.586 D/audio_hw_primary( 799): adev_get_parameters: exit: returns -
02-22 01:25:39.587 I/hash_map_utils( 971): system/bt/osi/src/hash_map_utils.cc:81 hash_map_utils_dump_string_keys_string_values: key: 'is_hw_dec_session_available' value: 'audio/vorbis'
02-22 01:25:39.587 I/Avrcp_ext( 1955): Skipping update due to invalid playback state
02-22 01:25:39.587 V/Avrcp_ext( 1955): updatePlaybackState, state: null device: null
02-22 01:25:39.587 V/Avrcp_ext( 1955): Device: no name:
02-22 01:25:39.587 V/Avrcp_ext( 1955): Device: no name:
02-22 01:25:39.587 V/Avrcp_ext( 1955): Device: no name:
02-22 01:25:39.587 V/Avrcp_ext( 1955): Device: no name:
02-22 01:25:39.587 V/Avrcp_ext( 1955): Device: no name:
02-22 01:25:39.587 V/Avrcp_ext( 1955): updatePlayerStateAndPosition, old=PlaybackState {state=2, position=-1, buffered position=0, speed=0.0, updated=11790, actions=0, custom actions=[], active item id=-1, error=null}, state=null
02-22 01:25:39.587 I/Avrcp_ext( 1955): updatePlayerStateAndPosition: device: state = null
02-22 01:25:39.587 D/Avrcp_ext( 1955): AudioManager Player: AudioPlaybackConfiguration piid:55 deviceId:0 type:android.media.SoundPool u/pid:1000/1521 state:idle attr:AudioAttributes: usage=USAGE_ASSISTANCE_SONIFICATION content=CONTENT_TYPE_SONIFICATION flags=0x800 tags= bundle=null sessionId:0
02-22 01:25:39.587 D/Avrcp_ext( 1955): AudioManager Player: AudioPlaybackConfiguration piid:63 deviceId:0 type:android.media.SoundPool u/pid:10078/1972 state:idle attr:AudioAttributes: usage=USAGE_ASSISTANCE_SONIFICATION content=CONTENT_TYPE_SONIFICATION flags=0x800 tags= bundle=null sessionId:0
02-22 01:25:39.587 D/Avrcp_ext( 1955): AudioManager Player: AudioPlaybackConfiguration piid:79 deviceId:0 type:android.media.SoundPool u/pid:1000/2106 state:idle attr:AudioAttributes: usage=USAGE_ASSISTANCE_SONIFICATION content=CONTENT_TYPE_SONIFICATION flags=0x801 tags= bundle=null sessionId:0
02-22 01:25:39.587 D/Avrcp_ext( 1955): AudioManager isPlaying: false, mAudioPlaybackIsActive = false
02-22 01:25:39.587 D/Avrcp_ext( 1955): AudioManager Reset Active Player
02-22 01:25:39.589 D/CCodec ( 1190): allocate(c2.android.vorbis.decoder)
02-22 01:25:39.592 I/CCodec ( 1190): setting up 'default' as default (vendor) store
02-22 01:25:39.592 V/C2Store ( 1255): in init
02-22 01:25:39.593 V/C2Store ( 1255): loading dll
02-22 01:25:39.596 I/CCodec ( 1190): Created component [c2.android.vorbis.decoder]
02-22 01:25:39.596 D/CCodecConfig( 1190): read media type: audio/vorbis
02-22 01:25:39.600 D/ReflectedParamUpdater( 1190): extent() != 1 for single value type: algo.buffers.max-count.values
02-22 01:25:39.601 D/ReflectedParamUpdater( 1190): extent() != 1 for single value type: output.subscribed-indices.values
02-22 01:25:39.601 D/ReflectedParamUpdater( 1190): extent() != 1 for single value type: input.buffers.allocator-ids.values
02-22 01:25:39.601 D/ReflectedParamUpdater( 1190): extent() != 1 for single value type: output.buffers.allocator-ids.values
02-22 01:25:39.601 D/ReflectedParamUpdater( 1190): extent() != 1 for single value type: algo.buffers.allocator-ids.values
02-22 01:25:39.602 D/ReflectedParamUpdater( 1190): extent() != 1 for single value type: output.buffers.pool-ids.values
02-22 01:25:39.602 D/ReflectedParamUpdater( 1190): extent() != 1 for single value type: algo.buffers.pool-ids.values
02-22 01:25:39.604 I/CCodecConfig( 1190): query failed after returning 7 values (BAD_INDEX)
02-22 01:25:39.604 D/CCodecConfig( 1190): c2 config diff is Dict {
02-22 01:25:39.604 D/CCodecConfig( 1190): c2::u32 coded.bitrate.value = 64000
02-22 01:25:39.604 D/CCodecConfig( 1190): c2::u32 input.buffers.max-size.value = 32768
02-22 01:25:39.604 D/CCodecConfig( 1190): c2::u32 input.delay.value = 0
02-22 01:25:39.604 D/CCodecConfig( 1190): string input.media-type.value = "audio/vorbis"
02-22 01:25:39.604 D/CCodecConfig( 1190): string output.media-type.value = "audio/raw"
02-22 01:25:39.604 D/CCodecConfig( 1190): c2::u32 raw.channel-count.value = 1
02-22 01:25:39.604 D/CCodecConfig( 1190): c2::u32 raw.sample-rate.value = 48000
02-22 01:25:39.604 D/CCodecConfig( 1190): }
02-22 01:25:39.605 D/CCodec ( 1190): [c2.android.vorbis.decoder] buffers are bound to CCodec for this session
02-22 01:25:39.605 D/CCodecConfig( 1190): no c2 equivalents for durationUs
02-22 01:25:39.605 D/CCodecConfig( 1190): no c2 equivalents for csd-1
02-22 01:25:39.605 D/CCodecConfig( 1190): no c2 equivalents for language
02-22 01:25:39.605 D/CCodecConfig( 1190): no c2 equivalents for file-format
02-22 01:25:39.605 D/CCodecConfig( 1190): no c2 equivalents for flags
02-22 01:25:39.606 D/CCodecConfig( 1190): config failed => CORRUPTED
02-22 01:25:39.606 D/CCodecConfig( 1190): c2 config diff is c2::u32 coded.bitrate.value = 70000
02-22 01:25:39.607 W/Codec2Client( 1190): query -- param skipped: index = 1107298332.
02-22 01:25:39.607 D/CCodec ( 1190): setup formats input: AMessage(what = 0x00000000) = {
02-22 01:25:39.607 D/CCodec ( 1190): int32_t bitrate = 70000
02-22 01:25:39.607 D/CCodec ( 1190): int32_t channel-count = 1
02-22 01:25:39.607 D/CCodec ( 1190): int32_t max-input-size = 65307
02-22 01:25:39.607 D/CCodec ( 1190): string mime = "audio/vorbis"
02-22 01:25:39.607 D/CCodec ( 1190): int32_t sample-rate = 48000
02-22 01:25:39.607 D/CCodec ( 1190): }
02-22 01:25:39.607 D/CCodec ( 1190): setup formats output: AMessage(what = 0x00000000) = {
02-22 01:25:39.607 D/CCodec ( 1190): int32_t channel-count = 1
02-22 01:25:39.607 D/CCodec ( 1190): string mime = "audio/raw"
02-22 01:25:39.607 D/CCodec ( 1190): int32_t sample-rate = 48000
02-22 01:25:39.607 D/CCodec ( 1190): int32_t android._config-pcm-encoding = 2
02-22 01:25:39.607 D/CCodec ( 1190): }
02-22 01:25:39.607 I/CCodecConfig( 1190): query failed after returning 7 values (BAD_INDEX)
02-22 01:25:39.607 I/MediaCodec( 1190): MediaCodec will operate in async mode
02-22 01:25:39.607 D/MediaCodec( 1190): keep callback message for reclaim
02-22 01:25:39.608 W/Codec2Client( 1190): query -- param skipped: index = 1342179345.
02-22 01:25:39.608 W/Codec2Client( 1190): query -- param skipped: index = 2415921170.
02-22 01:25:39.609 D/CCodecBufferChannel( 1190): [c2.android.vorbis.decoder#537] Created input block pool with allocatorID 16 => poolID 19 - OK (0)
02-22 01:25:39.609 D/BufferPoolAccessor2.0( 1255): bufferpool2 0xb4000076faf0f498 : 0(0 size) total buffers - 0(0 size) used buffers - 40/43 (recycle/alloc) - 3/42 (fetch/transfer)
02-22 01:25:39.609 D/BufferPoolAccessor2.0( 1255): Destruction - bufferpool2 0xb4000076faf0f498 cached: 0/0M, 0/0% in use; allocs: 43, 93% recycled; transfers: 42, 93% unfetched
02-22 01:25:39.610 D/BufferPoolAccessor2.0( 1190): bufferpool2 0xf2e02788 : 0(0 size) total buffers - 0(0 size) used buffers - 38/46 (recycle/alloc) - 8/90 (fetch/transfer)
02-22 01:25:39.610 D/BufferPoolAccessor2.0( 1190): Destruction - bufferpool2 0xf2e02788 cached: 0/0M, 0/0% in use; allocs: 46, 83% recycled; transfers: 90, 91% unfetched
02-22 01:25:39.610 I/CCodecBufferChannel( 1190): [c2.android.vorbis.decoder#537] Created output block pool with allocatorID 16 => poolID 29 - OK
02-22 01:25:39.610 D/CCodecBufferChannel( 1190): [c2.android.vorbis.decoder#537] Configured output block pool ids 29 => OK
02-22 01:25:39.611 D/CCodecBufferChannel( 1190): [c2.android.vorbis.decoder#537] start: updating output delay 0
02-22 01:25:39.611 I/CCodecBufferChannel( 1190): pipelineRoom(3) is <= numClientBuffers(3). Not signalling any more buffers to client
02-22 01:25:39.611 D/SimpleC2Component( 1255): Using output block pool with poolID 29 => got 29 - 0
02-22 01:25:39.612 I/CCodecBufferChannel( 1190): pipelineRoom(2) is <= numClientBuffers(2). Not signalling any more buffers to client
02-22 01:25:39.612 I/CCodecBufferChannel( 1190): pipelineRoom(1) is <= numClientBuffers(1). Not signalling any more buffers to client
02-22 01:25:39.612 D/CCodecBufferChannel( 1190): [c2.android.vorbis.decoder#537] Discard frames from previous generation.
02-22 01:25:39.612 D/CCodecBufferChannel( 1190): [c2.android.vorbis.decoder#537] Discard frames from previous generation.
02-22 01:25:39.613 I/hw-BpHwBinder( 1190): onLastStrongRef automatically unlinking death recipients
02-22 01:25:39.614 D/BufferPoolAccessor2.0( 1255): Destruction - bufferpool2 0xb4000076faf0f498 cached: 0/0M, 0/0% in use; allocs: 0, 0% recycled; transfers: 0, 0% unfetched
02-22 01:25:39.615 V/C2Store ( 1255): in ~ComponentModule
02-22 01:25:39.615 V/C2Store ( 1255): unloading dll
02-22 01:25:39.617 D/NuPlayerDriver( 1190): notifyResetComplete(0xf3181cd0)
02-22 01:25:39.617 W/AMessage( 1190): failed to post message as target looper for handler 0 is gone.
02-22 01:25:39.618 I/MediaFocusControl( 1521): abandonAudioFocus() from uid/pid 10078/1972 clientId=android.media.AudioManager@fc038ba
02-22 01:25:39.694 W/hpplay-java( 2725): [main]:IPManager:getActiveNets invalid networkInfo:null
02-22 01:25:39.694 I/hpplay-java( 2725): [main]:IPManager:getActiveNets eth0:false wifi:false mobile:false ap:false
02-22 01:25:39.694 I/hpplay-java( 2725): [main]:ServerTaskManager:get local ip:null
02-22 01:25:39.838 D/RemoteControlService( 2315): startVlanDispatchThread
02-22 01:25:39.932 I/mpu_uart( 645): [MSG-P:RECV]:No message received in 1000 ms
02-22 01:25:39.992 I/sysui_multi_action( 1521): [757,128,758,1,793,770,794,0,795,770,796,4273,798,1,806,com.android.systemui,857,screen_record,858,3,947,0,1395,4,1500,568,1688,1,1745,680407814]
02-22 01:25:39.993 I/sysui_multi_action( 1521): [757,804,799,note_freshness,801,770,802,1]
02-22 01:25:39.993 I/notification_visibility( 1521): [0|com.android.systemui|4273|null|10078,1,770,770,0,1]
02-22 01:25:40.448 E/tlogd ( 1273): [TzLogger](isPathReadable) file /sys/kernel/debug/tzdbg/qsee_log isn't exist or no permission, err: No such file or directory
02-22 01:25:40.448 E/tlogd ( 1273): [TzLogger](saveTzlogAsync) /sys/kernel/debug/tzdbg/qsee_log can not read.
02-22 01:25:40.448 E/tlogd ( 1273): [TzLogger](isPathReadable) file /sys/kernel/debug/tzdbg/log isn't exist or no permission, err: No such file or directory
02-22 01:25:40.448 E/tlogd ( 1273): [TzLogger](saveTzlogAsync) /sys/kernel/debug/tzdbg/log can not read.
01-01 11:31:27.729 I/msm_vidc( 0): err : ffffffff: .....: DBLP Set: status 0
02-22 01:25:40.696 W/hpplay-java( 2725): [main]:IPManager:getActiveNets invalid networkInfo:null
02-22 01:25:40.696 I/hpplay-java( 2725): [main]:IPManager:getActiveNets eth0:false wifi:false mobile:false ap:false
02-22 01:25:40.696 I/hpplay-java( 2725): [main]:ServerTaskManager:get local ip:null
02-22 01:25:40.933 I/mpu_uart( 645): [MSG-P:RECV]:No message received in 1000 ms
02-22 01:25:41.412 I/input_interaction( 1521): Interaction with: 36c1000 NotificationShade (server), edge-swipe (server), swipe-up (server), PointerEventDispatcher0 (server),
02-22 01:25:41.431 I/mpu_uart( 645): [MSG-P:R]:recv sync frame timeout
02-22 01:25:41.437 I/OpenGLRenderer( 1972): Davey! duration=9223371273607ms; Flags=0, FrameTimelineVsyncId=18861, IntendedVsync=763247617093, Vsync=763247617093, InputEventId=16678319, HandleInputStart=763252472311, AnimationStart=763252474498, PerformTraversalsStart=763253031009, DrawStart=763253089863, FrameDeadline=763264283759, FrameInterval=763252465228, FrameStartTime=16666666, SyncQueued=763253237519, SyncStart=763253387259, IssueDrawCommandsStart=763254398196, SwapBuffers=763259687103, FrameCompleted=9223372036854775807, DequeueBufferDuration=37396, QueueBufferDuration=1130833, GpuCompleted=9223372036854775807, SwapBuffersCompleted=763261465540, DisplayPresentTime=0,
02-22 01:25:41.451 W/InputManager-JNI( 1521): Input channel object 'd96fb3 Toast (client)' was disposed without first being removed with the input manager!
02-22 01:25:41.456 W/NotificationService( 1521): Toast already killed. pkg=com.android.systemui token=android.os.BinderProxy@54fefcd
02-22 01:25:41.474 I/OpenGLRenderer( 1972): Davey! duration=9223371273573ms; Flags=0, FrameTimelineVsyncId=18865, IntendedVsync=763281007901, Vsync=763281007901, InputEventId=944447306, HandleInputStart=763281295592, AnimationStart=763282158353, PerformTraversalsStart=763289997988, DrawStart=763290064030, FrameDeadline=763314341233, FrameInterval=763281291582, FrameStartTime=16666666, SyncQueued=763290225748, SyncStart=763290305540, IssueDrawCommandsStart=763291214811, SwapBuffers=763295217675, FrameCompleted=9223372036854775807, DequeueBufferDuration=23021, QueueBufferDuration=777604, GpuCompleted=9223372036854775807, SwapBuffersCompleted=763296714342, DisplayPresentTime=0,
02-22 01:25:41.699 W/hpplay-java( 2725): [main]:IPManager:getActiveNets invalid networkInfo:null
02-22 01:25:41.699 I/hpplay-java( 2725): [main]:IPManager:getActiveNets eth0:false wifi:false mobile:false ap:false
02-22 01:25:41.699 I/hpplay-java( 2725): [main]:ServerTaskManager:get local ip:null
02-22 01:25:41.869 I/GameModeConfig( 1521): isGameModeOn = false
02-22 01:25:41.869 I/GameModeConfig( 1521): isGameModeOn = false
02-22 01:25:41.869 I/GameModeConfig( 1521): isGameModeOn = false
02-22 01:25:41.869 I/GameModeConfig( 1521): isGameModeOn = false
02-22 01:25:41.870 I/GameModeConfig( 1521): isGameModeOn = false
02-22 01:25:41.870 I/GameModeConfig( 1521): isGameModeOn = false
02-22 01:25:41.873 I/sysui_multi_action( 1972): [757,111,758,2]
02-22 01:25:41.874 I/sysui_multi_action( 1972): [757,111,758,2]
02-22 01:25:41.876 I/notification_enqueue( 1521): [10078,1972,com.android.systemui,2048,NULL,0,Notification(channel=updateNotification shortcut=null contentView=null vibrate=null sound=null defaults=0x0 flags=0x0 color=0x00000000 vis=PRIVATE),1]
02-22 01:25:41.933 I/mpu_uart( 645): [MSG-P:RECV]:No message received in 1000 ms
01-01 11:31:29.104 E/DTC_ETH,link_delay_work_func( 0): 3003, SQI=0, link=0
02-22 01:25:42.079 I/GameModeConfig( 1521): isGameModeOn = false
02-22 01:25:42.089 I/input_focus( 1521): [Focus request ad16e1f com.android.launcher3/com.android.launcher3.uioverrides.QuickstepLauncher,reason=UpdateInputWindows]
02-22 01:25:42.095 I/sysui_multi_action( 1521): [757,128,758,2,793,753153,794,54315,795,753153,796,26,798,0,806,android,857,DEVELOPER_IMPORTANT,858,4,947,0,1395,4,1500,752783,1688,1]
02-22 01:25:42.095 I/notification_visibility( 1521): [-1|android|26|null|1000,0,753153,753153,0,0]
02-22 01:25:42.096 I/sysui_multi_action( 1521): [757,128,758,2,793,748239,794,54314,795,748239,796,17303299,797,com.android.wifi,798,2,806,android,857,NETWORK_AVAILABLE,858,2,947,0,1395,4,1500,748038,1688,1]
02-22 01:25:42.096 I/notification_visibility( 1521): [0|android|17303299|com.android.wifi|1000,0,748239,748239,0,2]
02-22 01:25:42.096 I/sysui_multi_action( 1521): [757,128,758,2,793,2874,794,2104,795,2874,796,4273,798,1,806,com.android.systemui,857,screen_record,858,3,947,0,1395,4,1500,2672,1688,1,1745,680407814]
02-22 01:25:42.096 I/notification_visibility( 1521): [0|com.android.systemui|4273|null|10078,0,2874,2874,0,1]
02-22 01:25:42.096 I/sysui_multi_action( 1521): [757,128,758,2,793,753716,794,54314,795,753716,796,32,798,3,806,android,857,USB,858,1,947,0,1395,4,1500,753461,1688,1]
02-22 01:25:42.096 I/notification_visibility( 1521): [-1|android|32|null|1000,0,753716,753716,0,3]
02-22 01:25:42.097 I/sysui_multi_action( 1521): [757,127,758,2]
02-22 01:25:42.097 I/notification_panel_hidden( 1521):
02-22 01:25:42.098 D/StatusBar( 1972): disable disable2
02-22 01:25:42.117 I/input_focus( 1521): [Focus leaving 36c1000 NotificationShade (server),reason=NOT_FOCUSABLE]
02-22 01:25:42.117 I/input_focus( 1521): [Focus entering ad16e1f com.android.launcher3/com.android.launcher3.uioverrides.QuickstepLauncher (server),reason=setFocusedWindow]
02-22 01:25:42.144 D/InterruptionStateProvider( 1972): No bubble up: not allowed to bubble: 0|com.android.systemui|2048|null|10078
02-22 01:25:42.144 D/InterruptionStateProvider( 1972): No heads up: unimportant notification: 0|com.android.systemui|2048|null|10078
02-22 01:25:42.147 D/PeopleSpaceWidgetMgr( 1972): Sbn doesn't contain valid PeopleTileKey: null/0/com.android.systemui
02-22 01:25:42.156 V/KeyguardUpdateMonitor( 1972): *** unregister callback for com.android.keyguard.CarrierTextManager$2@7506bbb
02-22 01:25:42.702 W/hpplay-java( 2725): [main]:IPManager:getActiveNets invalid networkInfo:null
02-22 01:25:42.702 I/hpplay-java( 2725): [main]:IPManager:getActiveNets eth0:false wifi:false mobile:false ap:false
02-22 01:25:42.702 I/hpplay-java( 2725): [main]:ServerTaskManager:get local ip:null
02-22 01:25:42.933 I/mpu_uart( 645): [MSG-P:RECV]:No message received in 1000 ms
02-22 01:25:43.704 W/hpplay-java( 2725): [main]:IPManager:getActiveNets invalid networkInfo:null
02-22 01:25:43.704 I/hpplay-java( 2725): [main]:IPManager:getActiveNets eth0:false wifi:false mobile:false ap:false
02-22 01:25:43.704 I/hpplay-java( 2725): [main]:ServerTaskManager:get local ip:null
02-22 01:25:43.933 I/mpu_uart( 645): [MSG-P:RECV]:No message received in 1000 ms
02-22 01:25:44.434 I/mpu_uart( 645): [MSG-P:R]:recv sync frame timeout
02-22 01:25:44.610 D/BufferPoolAccessor2.0( 1255): evictor expired: 2, evicted: 0
02-22 01:25:44.611 D/BufferPoolAccessor2.0( 1190): bufferpool2 0xf2e01228 : 0(0 size) total buffers - 0(0 size) used buffers - 0/4 (recycle/alloc) - 2/4 (fetch/transfer)
02-22 01:25:44.611 D/BufferPoolAccessor2.0( 1190): evictor expired: 2, evicted: 1
02-22 01:25:44.706 W/hpplay-java( 2725): [main]:IPManager:getActiveNets invalid networkInfo:null
02-22 01:25:44.706 I/hpplay-java( 2725): [main]:IPManager:getActiveNets eth0:false wifi:false mobile:false ap:false
02-22 01:25:44.706 I/hpplay-java( 2725): [main]:ServerTaskManager:get local ip:null
02-22 01:25:44.842 D/RemoteControlService( 2315): startVlanDispatchThread
02-22 01:25:44.934 I/mpu_uart( 645): [MSG-P:RECV]:No message received in 1000 ms
02-22 01:25:45.449 E/tlogd ( 1273): [TzLogger](isPathReadable) file /sys/kernel/debug/tzdbg/qsee_log isn't exist or no permission, err: No such file or directory
02-22 01:25:45.449 E/tlogd ( 1273): [TzLogger](saveTzlogAsync) /sys/kernel/debug/tzdbg/qsee_log can not read.
02-22 01:25:45.449 E/tlogd ( 1273): [TzLogger](isPathReadable) file /sys/kernel/debug/tzdbg/log isn't exist or no permission, err: No such file or directory
02-22 01:25:45.449 E/tlogd ( 1273): [TzLogger](saveTzlogAsync) /sys/kernel/debug/tzdbg/log can not read.
02-22 01:25:45.708 W/hpplay-java( 2725): [main]:IPManager:getActiveNets invalid networkInfo:null
02-22 01:25:45.708 I/hpplay-java( 2725): [main]:IPManager:getActiveNets eth0:false wifi:false mobile:false ap:false
02-22 01:25:45.708 I/hpplay-java( 2725): [main]:ServerTaskManager:get local ip:null
02-22 01:25:45.934 I/mpu_uart( 645): [MSG-P:RECV]:No message received in 1000 ms
02-22 01:25:46.276 I/am_uid_idle( 1521): 10061