02-22 01:25:05.361 I/am_wtf ( 1521): [0,1521,system_server,-1,DisplayDeviceConfig,requesting nits when no mapping exists.]
02-22 01:25:05.361 I/am_wtf ( 1521): [0,1521,system_server,-1,DisplayDeviceConfig,requesting nits when no mapping exists.]
02-22 01:25:05.377 E/DisplayDeviceConfig( 1521): requesting nits when no mapping exists.
02-22 01:25:05.377 E/DisplayDeviceConfig( 1521): requesting nits when no mapping exists.
02-22 01:25:05.377 I/am_wtf ( 1521): [0,1521,system_server,-1,DisplayDeviceConfig,requesting nits when no mapping exists.]
02-22 01:25:05.378 I/am_wtf ( 1521): [0,1521,system_server,-1,DisplayDeviceConfig,requesting nits when no mapping exists.]
02-22 01:25:05.393 E/DisplayDeviceConfig( 1521): requesting nits when no mapping exists.
02-22 01:25:05.394 E/DisplayDeviceConfig( 1521): requesting nits when no mapping exists.
02-22 01:25:05.394 I/am_wtf ( 1521): [0,1521,system_server,-1,DisplayDeviceConfig,requesting nits when no mapping exists.]
02-22 01:25:05.397 I/am_wtf ( 1521): [0,1521,system_server,-1,DisplayDeviceConfig,requesting nits when no mapping exists.]
02-22 01:25:05.406 I/mpu_uart( 645): [MSG-P:R]:recv sync frame timeout
02-22 01:25:05.410 E/DisplayDeviceConfig( 1521): requesting nits when no mapping exists.
02-22 01:25:05.410 E/DisplayDeviceConfig( 1521): requesting nits when no mapping exists.
02-22 01:25:05.410 I/am_wtf ( 1521): [0,1521,system_server,-1,DisplayDeviceConfig,requesting nits when no mapping exists.]
02-22 01:25:05.411 I/am_wtf ( 1521): [0,1521,system_server,-1,DisplayDeviceConfig,requesting nits when no mapping exists.]
02-22 01:25:05.427 E/DisplayDeviceConfig( 1521): requesting nits when no mapping exists.
02-22 01:25:05.427 E/DisplayDeviceConfig( 1521): requesting nits when no mapping exists.
02-22 01:25:05.427 I/am_wtf ( 1521): [0,1521,system_server,-1,DisplayDeviceConfig,requesting nits when no mapping exists.]
02-22 01:25:05.428 I/am_wtf ( 1521): [0,1521,system_server,-1,DisplayDeviceConfig,requesting nits when no mapping exists.]
02-22 01:25:05.443 E/DisplayDeviceConfig( 1521): requesting nits when no mapping exists.
02-22 01:25:05.444 E/DisplayDeviceConfig( 1521): requesting nits when no mapping exists.
02-22 01:25:05.444 I/am_wtf ( 1521): [0,1521,system_server,-1,DisplayDeviceConfig,requesting nits when no mapping exists.]
02-22 01:25:05.445 I/am_wtf ( 1521): [0,1521,system_server,-1,DisplayDeviceConfig,requesting nits when no mapping exists.]
02-22 01:25:05.445 E/tlogd ( 1273): [TzLogger](isPathReadable) file /sys/kernel/debug/tzdbg/qsee_log isn't exist or no permission, err: No such file or directory
02-22 01:25:05.445 E/tlogd ( 1273): [TzLogger](saveTzlogAsync) /sys/kernel/debug/tzdbg/qsee_log can not read.
02-22 01:25:05.445 E/tlogd ( 1273): [TzLogger](isPathReadable) file /sys/kernel/debug/tzdbg/log isn't exist or no permission, err: No such file or directory
02-22 01:25:05.445 E/tlogd ( 1273): [TzLogger](saveTzlogAsync) /sys/kernel/debug/tzdbg/log can not read.
02-22 01:25:05.486 I/sysui_multi_action( 1972): [757,219,758,4,759,1]
02-22 01:25:05.492 I/commit_sys_config_file( 1521): [display-state,679804]
02-22 01:25:05.492 V/DisplayPowerController[0]( 1521): Brightness [0.0] reason changing to: 'manual', previous reason: 'temporary'.
02-22 01:25:05.617 W/hpplay-java( 2725): [main]:IPManager:getActiveNets invalid networkInfo:null
02-22 01:25:05.618 I/hpplay-java( 2725): [main]:IPManager:getActiveNets eth0:false wifi:false mobile:false ap:false
02-22 01:25:05.618 I/hpplay-java( 2725): [main]:ServerTaskManager:get local ip:null
02-22 01:25:05.699 I/commit_sys_config_file( 1521): [settings-1-0,5]
02-22 01:25:05.754 I/selfinstaller( 1191): create socket failed: Network is unreachable 101
02-22 01:25:05.832 I/OpenGLRenderer( 1972): Davey! duration=9223371309228ms; Flags=0, FrameTimelineVsyncId=17358, IntendedVsync=727625954840, Vsync=727625954840, InputEventId=0, HandleInputStart=727626676127, AnimationStart=727626679824, PerformTraversalsStart=727626682637, DrawStart=727632864356, FrameDeadline=727663954838, FrameInterval=727626661543, FrameStartTime=16666666, SyncQueued=727634304043, SyncStart=727634412793, IssueDrawCommandsStart=727635770866, SwapBuffers=727644467481, FrameCompleted=9223372036854775807, DequeueBufferDuration=56979, QueueBufferDuration=1245209, GpuCompleted=9223372036854775807, SwapBuffersCompleted=727646385970, DisplayPresentTime=0,
02-22 01:25:05.925 I/mpu_uart( 645): [MSG-P:RECV]:No message received in 1000 ms
01-01 11:30:53.264 E/DTC_ETH,link_delay_work_func( 0): 3003, SQI=0, link=0
02-22 01:25:06.454 E/audio_hw_primary( 799): out_write: error -5, cannot write stream data: I/O error
02-22 01:25:06.454 D/audio_hw_primary( 799): out_standby: enter: stream (0xe41821a0) usecase(1: low-latency-playback)
02-22 01:25:06.620 W/hpplay-java( 2725): [main]:IPManager:getActiveNets invalid networkInfo:null
02-22 01:25:06.620 I/hpplay-java( 2725): [main]:IPManager:getActiveNets eth0:false wifi:false mobile:false ap:false
02-22 01:25:06.620 I/hpplay-java( 2725): [main]:ServerTaskManager:get local ip:null
01-01 11:30:53.719 E/msm_pcm_playback_close( 0): CMD_EOS failed, cmd_pending 0x8
01-01 11:30:53.726 I/afe_close( 0): port_id = 0x9000
02-22 01:25:06.669 D/audio_hw_primary( 799): disable_audio_route: reset and update mixer path: low-latency-playback
02-22 01:25:06.670 E/soundtrigger( 799): audio_extn_sound_trigger_update_stream_status: invalid input device 0x0, for event 2
02-22 01:25:06.670 D/soundtrigger( 799): audio_extn_sound_trigger_update_stream_status: uc_info->id 1 of type 0 for Event 2, with Raise=0
02-22 01:25:06.670 D/msm8974_platform( 799): platform_split_snd_device: snd_device(2) num devices(0) new_snd_devices(0)
02-22 01:25:06.670 I/msm8974_platform( 799): platform_get_custom_mtmx_params: no matching param with id 0 ip_ch 2 op_ch 2 uc_id 1 snd_dev 2
02-22 01:25:06.670 D/hardware_info( 799): hw_info_append_hw_type : device_name = speaker
02-22 01:25:06.670 D/audio_hw_primary( 799): disable_snd_device: snd_device(2: speaker)
02-22 01:25:06.670 D/msm8974_platform( 799): platform_split_snd_device: snd_device(2) num devices(0) new_snd_devices(0)
02-22 01:25:06.671 I/soundtrigger( 799): audio_extn_sound_trigger_update_device_status: device 0x2 of type 0 for Event 0, with Raise=0
02-22 01:25:06.671 D/audio_hw_primary( 799): out_standby: exit
02-22 01:25:06.675 D/audio_hw_primary( 799): start_output_stream: enter: stream(0xe41821a0)usecase(1: low-latency-playback) devices(0x2) is_haptic_usecase(0)
02-22 01:25:06.676 D/audio_hw_primary( 799): select_devices for use case (low-latency-playback)
02-22 01:25:06.676 I/msm8974_platform( 799): platform_check_and_set_codec_backend_cfg:becf: afe: bitwidth 16, samplerate 48000 channels 2, backend_idx 0 usecase = 1 device (speaker)
02-22 01:25:06.676 D/msm8974_platform( 799): platform_split_snd_device: snd_device(2) num devices(1) new_snd_devices(0)
02-22 01:25:06.676 I/msm8974_platform( 799): platform_check_and_set_codec_backend_cfg: new_snd_devices[0] is 2
02-22 01:25:06.676 I/msm8974_platform( 799): platform_check_codec_backend_cfg:becf: afe: bitwidth 16, samplerate 48000 channels 2, backend_idx 0 usecase = 1 device (speaker)
02-22 01:25:06.677 D/audio_hw_extn( 799): audio_extn_enable_hifi_filter: mixer_value set 0
02-22 01:25:06.677 D/msm8974_platform( 799): platform_check_codec_backend_cfg:becf: updated afe: bitwidth 16, samplerate 48000 channels 2,backend_idx 0 usecase = 1 device (speaker)
02-22 01:25:06.677 D/msm8974_platform( 799): platform_check_codec_backend_cfg:becf: afe: playback on codec device not supporting native playback set default Sample Rate(48k)
02-22 01:25:06.677 I/msm8974_platform( 799): platform_check_codec_backend_cfg:becf: afe: Codec selected backend: 0 updated bit width: 16 and sample rate: 48000
02-22 01:25:06.678 D/audio_hw_primary( 799): check_usecases_codec_backend:becf: force routing 0
02-22 01:25:06.678 E/msm8974_platform( 799): platform_check_backends_match: Invalid snd_device =
02-22 01:25:06.678 D/audio_hw_primary( 799): check_usecases_codec_backend:becf: (78) check_usecases curr device: speaker, usecase device: backends match 0
02-22 01:25:06.678 D/audio_hw_primary( 799): check_usecases_codec_backend:becf: check_usecases num.of Usecases to switch 0
02-22 01:25:06.678 D/hardware_info( 799): hw_info_append_hw_type : device_name = speaker
02-22 01:25:06.678 D/msm8974_platform( 799): platform_split_snd_device: snd_device(2) num devices(0) new_snd_devices(0)
02-22 01:25:06.678 D/audio_hw_primary( 799): enable_snd_device: snd_device(2: speaker)
02-22 01:25:06.678 D/msm8974_platform( 799): platform_get_island_cfg_on_device:island cfg status on snd_device = (speaker 0)
02-22 01:25:06.678 I/soundtrigger( 799): audio_extn_sound_trigger_update_device_status: device 0x2 of type 0 for Event 1, with Raise=0
02-22 01:25:06.678 D/audio_route( 799): Apply path: speaker
02-22 01:25:06.678 I/audio_hw_utils( 799): audio_extn_utils_update_stream_output_app_type_cfg Allowing 24 and above bits playback on speaker ONLY at default sampling rate
02-22 01:25:06.678 E/soundtrigger( 799): audio_extn_sound_trigger_update_stream_status: invalid input device 0x0, for event 3
02-22 01:25:06.678 D/soundtrigger( 799): audio_extn_sound_trigger_update_stream_status: uc_info->id 1 of type 0 for Event 3, with Raise=0
02-22 01:25:06.678 D/audio_hw_utils( 799): audio_extn_utils_send_app_type_cfg: usecase->out_snd_device speaker
02-22 01:25:06.678 D/msm8974_platform( 799): platform_split_snd_device: snd_device(2) num devices(0) new_snd_devices(0)
02-22 01:25:06.678 D/audio_hw_utils( 799): audio_extn_btsco_get_sample_rate:Not a BT SCO device, need not update sampling rate
02-22 01:25:06.678 I/audio_hw_utils( 799): send_app_type_cfg_for_device PLAYBACK app_type 69937, acdb_dev_id 15, sample_rate 48000, snd_device_be_idx 179
02-22 01:25:06.679 D/msm8974_platform( 799): platform_split_snd_device: snd_device(2) num devices(1) new_snd_devices(0)
02-22 01:25:06.679 D/audio_hw_utils( 799): audio_extn_btsco_get_sample_rate:Not a BT SCO device, need not update sampling rate
02-22 01:25:06.679 D/ACDB-LOADER( 799): ACDB -> send_audio_cal, acdb_id = 15, path = 0, app id = 0x11131, sample rate = 48000, afe_sample_rate = 48000
02-22 01:25:06.679 D/ACDB-LOADER( 799): ACDB -> send_asm_topology
02-22 01:25:06.679 D/ACDB-LOADER( 799): ACDB -> ACDB_CMD_GET_AUDPROC_STREAM_TOPOLOGY_ID
02-22 01:25:06.679 D/ACDB-LOADER( 799): ACDB -> send_adm_topology
02-22 01:25:06.679 D/ACDB-LOADER( 799): ACDB -> ACDB_CMD_GET_AUDPROC_COMMON_TOPOLOGY_ID
02-22 01:25:06.679 D/ACDB-LOADER( 799): ACDB -> send_audtable
02-22 01:25:06.679 D/ACDB-LOADER( 799): ACDB -> ACDB_CMD_GET_AUDPROC_INSTANCE_COMMON_TABLE_SIZE
02-22 01:25:06.679 D/ACDB-LOADER( 799): ACDB -> ACDB_CMD_GET_AUDPROC_INSTANCE_COMMON_TABLE
02-22 01:25:06.679 D/ACDB-LOADER( 799): ACDB -> AUDIO_SET_AUDPROC_CAL cal_type[11] acdb_id[15] app_type[69937]
02-22 01:25:06.679 D/ACDB-LOADER( 799): ACDB -> send_audvoltable
02-22 01:25:06.679 D/ACDB-LOADER( 799): ACDB -> ACDB_CMD_GET_AUDPROC_INSTANCE_GAIN_DEP_STEP_TABLE_SIZE
02-22 01:25:06.679 D/ACDB-LOADER( 799): ACDB -> ACDB_CMD_GET_AUDPROC_INSTANCE_GAIN_DEP_STEP_TABLE, vol index 0
02-22 01:25:06.679 D/ACDB-LOADER( 799): ACDB -> AUDIO_SET_VOL_CAL cal type = 12
02-22 01:25:06.679 D/ACDB-LOADER( 799): ACDB -> ACDB_CMD_GET_AUDPROC_INSTANCE_STREAM_TABLE_SIZE
02-22 01:25:06.679 D/ACDB-LOADER( 799): ACDB -> send_audstrmtable
02-22 01:25:06.679 D/ACDB-LOADER( 799): ACDB -> ACDB_CMD_GET_AUDPROC_INSTANCE_STREAM_TABLE
02-22 01:25:06.679 D/ACDB-LOADER( 799): ACDB -> audstrm_cal->cal_type.cal_data.cal_size = 20
02-22 01:25:06.679 D/ACDB-LOADER( 799): ACDB -> send_afe_topology
02-22 01:25:06.679 D/ACDB-LOADER( 799): ACDB -> ACDB_CMD_GET_AFE_TOPOLOGY_ID
02-22 01:25:06.679 D/ACDB-LOADER( 799): ACDB -> GET_AFE_TOPOLOGY_ID for adcd_id 15, Topology Id 112fc
02-22 01:25:06.679 D/ACDB-LOADER( 799): ACDB -> send_afe_cal
02-22 01:25:06.679 D/ACDB-LOADER( 799): ACDB -> ACDB_CMD_GET_AFE_INSTANCE_COMMON_TABLE_SIZE
02-22 01:25:06.679 D/android.hardware.audio.service( 799): Failed to fetch the lookup information of the device 0000000F
02-22 01:25:06.679 D/ACDB-LOADER( 799): Error: ACDB_CMD_GET_AFE_INSTANCE_COMMON_TABLE_SIZE Returned = -19
02-22 01:25:06.679 D/ACDB-LOADER( 799): ACDB -> ACDB_CMD_GET_AFE_INSTANCE_COMMON_TABLE
02-22 01:25:06.679 D/android.hardware.audio.service( 799): Failed to fetch the lookup information of the device 0000000F
02-22 01:25:06.679 D/ACDB-LOADER( 799): Error: ACDB AFE returned = -19
02-22 01:25:06.679 D/ACDB-LOADER( 799): ACDB -> AUDIO_SET_AFE_CAL cal_type[16] acdb_id[15]
02-22 01:25:06.679 D/ACDB-LOADER( 799): ACDB -> send_hw_delay : acdb_id = 15 path = 0
02-22 01:25:06.679 D/ACDB-LOADER( 799): ACDB -> ACDB_AVSYNC_INFO: ACDB_CMD_GET_DEVICE_PROPERTY
02-22 01:25:06.679 D/msm8974_platform( 799): platform_split_snd_device: snd_device(2) num devices(0) new_snd_devices(0)
02-22 01:25:06.679 I/msm8974_platform( 799): platform_get_custom_mtmx_params: no matching param with id 0 ip_ch 2 op_ch 2 uc_id 1 snd_dev 2
02-22 01:25:06.679 D/audio_hw_primary( 799): enable_audio_route: apply mixer and update path: low-latency-playback
02-22 01:25:06.679 D/audio_route( 799): Apply path: low-latency-playback
02-22 01:25:06.680 D/audio_hw_primary( 799): select_devices: done
01-01 11:30:53.749 I/afe_find_cal_topo_id_by_port( 0): port id: 0x9000, dev_acdb_id: 0
01-01 11:30:53.749 I/afe_find_cal_topo_id_by_port( 0): top_id:112fc acdb_id:15 afe_port:0x9000
01-01 11:30:53.749 I/afe_get_cal_topology_id( 0): port_id = 0x9000 acdb_id = 15 topology_id = 0x112fc cal_type_index=8 ret=0
01-01 11:30:53.749 I/afe_send_port_topology_id( 0): AFE set topology id 0x112fc enable for port 0x9000 ret 0
01-01 11:30:53.749 I/send_afe_cal_type( 0): cal_index is 0
01-01 11:30:53.749 I/send_afe_cal_type( 0): dev_acdb_id[55] is 0
01-01 11:30:53.749 I/send_afe_cal_type( 0): Sending cal_index cal 0
01-01 11:30:53.749 E/send_afe_cal_type( 0): No cal sent for cal_index 0, port_id = 0x9000! ret -22
01-01 11:30:53.749 I/afe_send_hw_delay( 0): port_id 0x9000 rate 48000 delay_usec 474 status 0
02-22 01:25:06.707 D/msm8974_platform( 799): platform_set_channel_map mixer_ctl_name:Playback Channel Map9
02-22 01:25:06.707 D/msm8974_platform( 799): platform_set_channel_map: set mapping(1 2 0 0 0 0 0 0) for channel:2
02-22 01:25:06.708 D/audio_hw_primary( 799): start_output_stream: exit
02-22 01:25:06.833 I/OMX-VENC: venc_dev( 1219): stats: avg. fps 11.27, bitrate 470239
02-22 01:25:06.925 I/mpu_uart( 645): [MSG-P:RECV]:No message received in 1000 ms
02-22 01:25:07.623 W/hpplay-java( 2725): [main]:IPManager:getActiveNets invalid networkInfo:null
02-22 01:25:07.623 I/hpplay-java( 2725): [main]:IPManager:getActiveNets eth0:false wifi:false mobile:false ap:false
02-22 01:25:07.623 I/hpplay-java( 2725): [main]:ServerTaskManager:get local ip:null
02-22 01:25:07.650 I/service_manager_stats( 1521): [102,71,5143]
02-22 01:25:07.699 V/DisplayPowerController[0]( 1521): Brightness [0.0] reason changing to: 'temporary', previous reason: 'manual'.
02-22 01:25:07.701 E/DisplayDeviceConfig( 1521): requesting nits when no mapping exists.
02-22 01:25:07.701 E/DisplayDeviceConfig( 1521): requesting nits when no mapping exists.
02-22 01:25:07.703 I/am_wtf ( 1521): [0,1521,system_server,-1,DisplayDeviceConfig,requesting nits when no mapping exists.]
02-22 01:25:07.707 I/DropBoxManagerService( 1521): add tag=system_server_wtf isTagEnabled=true flags=0x2
02-22 01:25:07.708 I/am_wtf ( 1521): [0,1521,system_server,-1,DisplayDeviceConfig,requesting nits when no mapping exists.]
02-22 01:25:07.710 I/DropBoxManagerService( 1521): add tag=system_server_wtf isTagEnabled=true flags=0x2
02-22 01:25:07.715 E/DisplayDeviceConfig( 1521): requesting nits when no mapping exists.
02-22 01:25:07.716 E/DisplayDeviceConfig( 1521): requesting nits when no mapping exists.
02-22 01:25:07.716 I/am_wtf ( 1521): [0,1521,system_server,-1,DisplayDeviceConfig,requesting nits when no mapping exists.]
02-22 01:25:07.716 I/DropBoxManagerService( 1521): add tag=system_server_wtf isTagEnabled=true flags=0x2
02-22 01:25:07.717 I/am_wtf ( 1521): [0,1521,system_server,-1,DisplayDeviceConfig,requesting nits when no mapping exists.]
02-22 01:25:07.718 I/DropBoxManagerService( 1521): add tag=system_server_wtf isTagEnabled=true flags=0x2
02-22 01:25:07.733 E/DisplayDeviceConfig( 1521): requesting nits when no mapping exists.
02-22 01:25:07.733 I/am_wtf ( 1521): [0,1521,system_server,-1,DisplayDeviceConfig,requesting nits when no mapping exists.]
02-22 01:25:07.733 E/DisplayDeviceConfig( 1521): requesting nits when no mapping exists.
02-22 01:25:07.734 I/DropBoxManagerService( 1521): add tag=system_server_wtf isTagEnabled=true flags=0x2
02-22 01:25:07.734 I/am_wtf ( 1521): [0,1521,system_server,-1,DisplayDeviceConfig,requesting nits when no mapping exists.]
02-22 01:25:07.749 E/DisplayDeviceConfig( 1521): requesting nits when no mapping exists.
02-22 01:25:07.749 E/DisplayDeviceConfig( 1521): requesting nits when no mapping exists.
02-22 01:25:07.749 I/am_wtf ( 1521): [0,1521,system_server,-1,DisplayDeviceConfig,requesting nits when no mapping exists.]
02-22 01:25:07.750 I/am_wtf ( 1521): [0,1521,system_server,-1,DisplayDeviceConfig,requesting nits when no mapping exists.]
02-22 01:25:07.766 E/DisplayDeviceConfig( 1521): requesting nits when no mapping exists.
02-22 01:25:07.766 E/DisplayDeviceConfig( 1521): requesting nits when no mapping exists.
02-22 01:25:07.766 I/am_wtf ( 1521): [0,1521,system_server,-1,DisplayDeviceConfig,requesting nits when no mapping exists.]
02-22 01:25:07.767 I/am_wtf ( 1521): [0,1521,system_server,-1,DisplayDeviceConfig,requesting nits when no mapping exists.]
02-22 01:25:07.783 E/DisplayDeviceConfig( 1521): requesting nits when no mapping exists.
02-22 01:25:07.783 I/am_wtf ( 1521): [0,1521,system_server,-1,DisplayDeviceConfig,requesting nits when no mapping exists.]
02-22 01:25:07.783 E/DisplayDeviceConfig( 1521): requesting nits when no mapping exists.
02-22 01:25:07.784 I/am_wtf ( 1521): [0,1521,system_server,-1,DisplayDeviceConfig,requesting nits when no mapping exists.]
02-22 01:25:07.799 E/DisplayDeviceConfig( 1521): requesting nits when no mapping exists.
02-22 01:25:07.800 E/DisplayDeviceConfig( 1521): requesting nits when no mapping exists.
02-22 01:25:07.800 I/am_wtf ( 1521): [0,1521,system_server,-1,DisplayDeviceConfig,requesting nits when no mapping exists.]
02-22 01:25:07.800 I/am_wtf ( 1521): [0,1521,system_server,-1,DisplayDeviceConfig,requesting nits when no mapping exists.]
02-22 01:25:07.835 I/OMX-VENC: venc_dev( 1219): stats: avg. fps 9.99, bitrate 425113
02-22 01:25:07.837 I/sysui_multi_action( 1972): [757,219,758,4,759,78]
02-22 01:25:07.842 I/commit_sys_config_file( 1521): [display-state,682154]
02-22 01:25:07.842 V/DisplayPowerController[0]( 1521): Brightness [0.7777778] reason changing to: 'manual', previous reason: 'temporary'.
02-22 01:25:07.925 I/mpu_uart( 645): [MSG-P:RECV]:No message received in 1000 ms
02-22 01:25:08.057 I/commit_sys_config_file( 1521): [settings-1-0,13]
02-22 01:25:08.409 I/mpu_uart( 645): [MSG-P:R]:recv sync frame timeout
02-22 01:25:08.567 V/DisplayPowerController[0]( 1521): Brightness [0.7777778] reason changing to: 'temporary', previous reason: 'manual'.
02-22 01:25:08.569 E/DisplayDeviceConfig( 1521): requesting nits when no mapping exists.
02-22 01:25:08.569 E/DisplayDeviceConfig( 1521): requesting nits when no mapping exists.
02-22 01:25:08.569 I/am_wtf ( 1521): [0,1521,system_server,-1,DisplayDeviceConfig,requesting nits when no mapping exists.]
02-22 01:25:08.570 I/am_wtf ( 1521): [0,1521,system_server,-1,DisplayDeviceConfig,requesting nits when no mapping exists.]
02-22 01:25:08.584 E/DisplayDeviceConfig( 1521): requesting nits when no mapping exists.
02-22 01:25:08.585 E/DisplayDeviceConfig( 1521): requesting nits when no mapping exists.
02-22 01:25:08.585 I/am_wtf ( 1521): [0,1521,system_server,-1,DisplayDeviceConfig,requesting nits when no mapping exists.]
02-22 01:25:08.585 I/am_wtf ( 1521): [0,1521,system_server,-1,DisplayDeviceConfig,requesting nits when no mapping exists.]
02-22 01:25:08.601 E/DisplayDeviceConfig( 1521): requesting nits when no mapping exists.
02-22 01:25:08.602 I/am_wtf ( 1521): [0,1521,system_server,-1,DisplayDeviceConfig,requesting nits when no mapping exists.]
02-22 01:25:08.602 E/DisplayDeviceConfig( 1521): requesting nits when no mapping exists.
02-22 01:25:08.602 I/am_wtf ( 1521): [0,1521,system_server,-1,DisplayDeviceConfig,requesting nits when no mapping exists.]
02-22 01:25:08.617 E/DisplayDeviceConfig( 1521): requesting nits when no mapping exists.
02-22 01:25:08.618 E/DisplayDeviceConfig( 1521): requesting nits when no mapping exists.
02-22 01:25:08.618 I/am_wtf ( 1521): [0,1521,system_server,-1,DisplayDeviceConfig,requesting nits when no mapping exists.]
02-22 01:25:08.618 I/am_wtf ( 1521): [0,1521,system_server,-1,DisplayDeviceConfig,requesting nits when no mapping exists.]
02-22 01:25:08.625 W/hpplay-java( 2725): [main]:IPManager:getActiveNets invalid networkInfo:null
02-22 01:25:08.625 I/hpplay-java( 2725): [main]:IPManager:getActiveNets eth0:false wifi:false mobile:false ap:false
02-22 01:25:08.625 I/hpplay-java( 2725): [main]:ServerTaskManager:get local ip:null
02-22 01:25:08.634 E/DisplayDeviceConfig( 1521): requesting nits when no mapping exists.
02-22 01:25:08.635 E/DisplayDeviceConfig( 1521): requesting nits when no mapping exists.
02-22 01:25:08.635 I/am_wtf ( 1521): [0,1521,system_server,-1,DisplayDeviceConfig,requesting nits when no mapping exists.]
02-22 01:25:08.637 I/am_wtf ( 1521): [0,1521,system_server,-1,DisplayDeviceConfig,requesting nits when no mapping exists.]
02-22 01:25:08.651 E/DisplayDeviceConfig( 1521): requesting nits when no mapping exists.
02-22 01:25:08.652 I/am_wtf ( 1521): [0,1521,system_server,-1,DisplayDeviceConfig,requesting nits when no mapping exists.]
02-22 01:25:08.652 E/DisplayDeviceConfig( 1521): requesting nits when no mapping exists.
02-22 01:25:08.652 I/am_wtf ( 1521): [0,1521,system_server,-1,DisplayDeviceConfig,requesting nits when no mapping exists.]
02-22 01:25:08.668 E/DisplayDeviceConfig( 1521): requesting nits when no mapping exists.
02-22 01:25:08.668 E/DisplayDeviceConfig( 1521): requesting nits when no mapping exists.
02-22 01:25:08.668 I/am_wtf ( 1521): [0,1521,system_server,-1,DisplayDeviceConfig,requesting nits when no mapping exists.]
02-22 01:25:08.670 I/am_wtf ( 1521): [0,1521,system_server,-1,DisplayDeviceConfig,requesting nits when no mapping exists.]
02-22 01:25:08.684 E/DisplayDeviceConfig( 1521): requesting nits when no mapping exists.
02-22 01:25:08.685 E/DisplayDeviceConfig( 1521): requesting nits when no mapping exists.
02-22 01:25:08.685 I/am_wtf ( 1521): [0,1521,system_server,-1,DisplayDeviceConfig,requesting nits when no mapping exists.]
02-22 01:25:08.685 I/am_wtf ( 1521): [0,1521,system_server,-1,DisplayDeviceConfig,requesting nits when no mapping exists.]
02-22 01:25:08.701 E/DisplayDeviceConfig( 1521): requesting nits when no mapping exists.
02-22 01:25:08.702 I/am_wtf ( 1521): [0,1521,system_server,-1,DisplayDeviceConfig,requesting nits when no mapping exists.]
02-22 01:25:08.702 E/DisplayDeviceConfig( 1521): requesting nits when no mapping exists.
02-22 01:25:08.703 I/am_wtf ( 1521): [0,1521,system_server,-1,DisplayDeviceConfig,requesting nits when no mapping exists.]
02-22 01:25:08.738 I/sysui_multi_action( 1972): [757,219,758,4,759,5]
02-22 01:25:08.743 I/commit_sys_config_file( 1521): [display-state,683055]
02-22 01:25:08.743 V/DisplayPowerController[0]( 1521): Brightness [0.04040404] reason changing to: 'manual', previous reason: 'temporary'.
02-22 01:25:08.926 I/mpu_uart( 645): [MSG-P:RECV]:No message received in 1000 ms
02-22 01:25:08.951 I/commit_sys_config_file( 1521): [settings-1-0,5]
02-22 01:25:09.202 V/DisplayPowerController[0]( 1521): Brightness [0.04040404] reason changing to: 'temporary', previous reason: 'manual'.
02-22 01:25:09.204 E/DisplayDeviceConfig( 1521): requesting nits when no mapping exists.
02-22 01:25:09.204 I/am_wtf ( 1521): [0,1521,system_server,-1,DisplayDeviceConfig,requesting nits when no mapping exists.]
02-22 01:25:09.204 E/DisplayDeviceConfig( 1521): requesting nits when no mapping exists.
02-22 01:25:09.205 I/am_wtf ( 1521): [0,1521,system_server,-1,DisplayDeviceConfig,requesting nits when no mapping exists.]
02-22 01:25:09.220 E/DisplayDeviceConfig( 1521): requesting nits when no mapping exists.
02-22 01:25:09.220 E/DisplayDeviceConfig( 1521): requesting nits when no mapping exists.
02-22 01:25:09.221 I/am_wtf ( 1521): [0,1521,system_server,-1,DisplayDeviceConfig,requesting nits when no mapping exists.]
02-22 01:25:09.222 I/am_wtf ( 1521): [0,1521,system_server,-1,DisplayDeviceConfig,requesting nits when no mapping exists.]
02-22 01:25:09.226 I/OMX-VENC: venc_dev( 1219): stats: avg. fps 11.50, bitrate 479016
02-22 01:25:09.236 E/DisplayDeviceConfig( 1521): requesting nits when no mapping exists.
02-22 01:25:09.237 E/DisplayDeviceConfig( 1521): requesting nits when no mapping exists.
02-22 01:25:09.237 I/am_wtf ( 1521): [0,1521,system_server,-1,DisplayDeviceConfig,requesting nits when no mapping exists.]
02-22 01:25:09.237 I/am_wtf ( 1521): [0,1521,system_server,-1,DisplayDeviceConfig,requesting nits when no mapping exists.]
02-22 01:25:09.253 E/DisplayDeviceConfig( 1521): requesting nits when no mapping exists.
02-22 01:25:09.253 E/DisplayDeviceConfig( 1521): requesting nits when no mapping exists.
02-22 01:25:09.253 I/am_wtf ( 1521): [0,1521,system_server,-1,DisplayDeviceConfig,requesting nits when no mapping exists.]
02-22 01:25:09.254 I/am_wtf ( 1521): [0,1521,system_server,-1,DisplayDeviceConfig,requesting nits when no mapping exists.]
02-22 01:25:09.269 E/DisplayDeviceConfig( 1521): requesting nits when no mapping exists.
02-22 01:25:09.269 E/DisplayDeviceConfig( 1521): requesting nits when no mapping exists.
02-22 01:25:09.269 I/am_wtf ( 1521): [0,1521,system_server,-1,DisplayDeviceConfig,requesting nits when no mapping exists.]
02-22 01:25:09.270 I/am_wtf ( 1521): [0,1521,system_server,-1,DisplayDeviceConfig,requesting nits when no mapping exists.]
02-22 01:25:09.286 E/DisplayDeviceConfig( 1521): requesting nits when no mapping exists.
02-22 01:25:09.286 E/DisplayDeviceConfig( 1521): requesting nits when no mapping exists.
02-22 01:25:09.286 I/am_wtf ( 1521): [0,1521,system_server,-1,DisplayDeviceConfig,requesting nits when no mapping exists.]
02-22 01:25:09.287 I/am_wtf ( 1521): [0,1521,system_server,-1,DisplayDeviceConfig,requesting nits when no mapping exists.]
02-22 01:25:09.303 E/DisplayDeviceConfig( 1521): requesting nits when no mapping exists.
02-22 01:25:09.303 I/am_wtf ( 1521): [0,1521,system_server,-1,DisplayDeviceConfig,requesting nits when no mapping exists.]
02-22 01:25:09.303 E/DisplayDeviceConfig( 1521): requesting nits when no mapping exists.
02-22 01:25:09.304 I/am_wtf ( 1521): [0,1521,system_server,-1,DisplayDeviceConfig,requesting nits when no mapping exists.]
02-22 01:25:09.320 E/DisplayDeviceConfig( 1521): requesting nits when no mapping exists.
02-22 01:25:09.320 I/am_wtf ( 1521): [0,1521,system_server,-1,DisplayDeviceConfig,requesting nits when no mapping exists.]
02-22 01:25:09.320 E/DisplayDeviceConfig( 1521): requesting nits when no mapping exists.
02-22 01:25:09.321 I/am_wtf ( 1521): [0,1521,system_server,-1,DisplayDeviceConfig,requesting nits when no mapping exists.]
02-22 01:25:09.337 E/DisplayDeviceConfig( 1521): requesting nits when no mapping exists.
02-22 01:25:09.338 E/DisplayDeviceConfig( 1521): requesting nits when no mapping exists.
02-22 01:25:09.338 I/am_wtf ( 1521): [0,1521,system_server,-1,DisplayDeviceConfig,requesting nits when no mapping exists.]
02-22 01:25:09.339 I/am_wtf ( 1521): [0,1521,system_server,-1,DisplayDeviceConfig,requesting nits when no mapping exists.]
02-22 01:25:09.371 I/sysui_multi_action( 1972): [757,219,758,4,759,92]
02-22 01:25:09.375 I/commit_sys_config_file( 1521): [display-state,683688]
02-22 01:25:09.376 V/DisplayPowerController[0]( 1521): Brightness [0.9191919] reason changing to: 'manual', previous reason: 'temporary'.
02-22 01:25:09.584 I/commit_sys_config_file( 1521): [settings-1-0,5]
02-22 01:25:09.627 W/hpplay-java( 2725): [main]:IPManager:getActiveNets invalid networkInfo:null
02-22 01:25:09.627 I/hpplay-java( 2725): [main]:IPManager:getActiveNets eth0:false wifi:false mobile:false ap:false
02-22 01:25:09.627 I/hpplay-java( 2725): [main]:ServerTaskManager:get local ip:null
02-22 01:25:09.785 D/RemoteControlService( 2315): startVlanDispatchThread
02-22 01:25:09.824 I/OpenGLRenderer( 1972): Davey! duration=9223371305235ms; Flags=0, FrameTimelineVsyncId=17490, IntendedVsync=731618883060, Vsync=731618883060, InputEventId=0, HandleInputStart=731619608677, AnimationStart=731619612167, PerformTraversalsStart=731619614979, DrawStart=731625445240, FrameDeadline=731656883058, FrameInterval=731619594667, FrameStartTime=16666666, SyncQueued=731626992948, SyncStart=731627136438, IssueDrawCommandsStart=731628743938, SwapBuffers=731637697115, FrameCompleted=9223372036854775807, DequeueBufferDuration=52292, QueueBufferDuration=1319219, GpuCompleted=9223372036854775807, SwapBuffersCompleted=731639690656, DisplayPresentTime=0,
02-22 01:25:09.926 I/mpu_uart( 645): [MSG-P:RECV]:No message received in 1000 ms
02-22 01:25:10.087 V/DisplayPowerController[0]( 1521): Brightness [0.9191919] reason changing to: 'temporary', previous reason: 'manual'.
02-22 01:25:10.089 E/DisplayDeviceConfig( 1521): requesting nits when no mapping exists.
02-22 01:25:10.089 E/DisplayDeviceConfig( 1521): requesting nits when no mapping exists.
02-22 01:25:10.089 I/am_wtf ( 1521): [0,1521,system_server,-1,DisplayDeviceConfig,requesting nits when no mapping exists.]
02-22 01:25:10.090 I/am_wtf ( 1521): [0,1521,system_server,-1,DisplayDeviceConfig,requesting nits when no mapping exists.]
02-22 01:25:10.104 E/DisplayDeviceConfig( 1521): requesting nits when no mapping exists.
02-22 01:25:10.105 E/DisplayDeviceConfig( 1521): requesting nits when no mapping exists.
02-22 01:25:10.105 I/am_wtf ( 1521): [0,1521,system_server,-1,DisplayDeviceConfig,requesting nits when no mapping exists.]
02-22 01:25:10.106 I/am_wtf ( 1521): [0,1521,system_server,-1,DisplayDeviceConfig,requesting nits when no mapping exists.]
02-22 01:25:10.122 E/DisplayDeviceConfig( 1521): requesting nits when no mapping exists.
02-22 01:25:10.123 E/DisplayDeviceConfig( 1521): requesting nits when no mapping exists.
02-22 01:25:10.123 I/am_wtf ( 1521): [0,1521,system_server,-1,DisplayDeviceConfig,requesting nits when no mapping exists.]
02-22 01:25:10.124 I/am_wtf ( 1521): [0,1521,system_server,-1,DisplayDeviceConfig,requesting nits when no mapping exists.]
02-22 01:25:10.138 E/DisplayDeviceConfig( 1521): requesting nits when no mapping exists.
02-22 01:25:10.139 E/DisplayDeviceConfig( 1521): requesting nits when no mapping exists.
02-22 01:25:10.139 I/am_wtf ( 1521): [0,1521,system_server,-1,DisplayDeviceConfig,requesting nits when no mapping exists.]
02-22 01:25:10.140 I/am_wtf ( 1521): [0,1521,system_server,-1,DisplayDeviceConfig,requesting nits when no mapping exists.]
02-22 01:25:10.155 E/DisplayDeviceConfig( 1521): requesting nits when no mapping exists.
02-22 01:25:10.155 I/am_wtf ( 1521): [0,1521,system_server,-1,DisplayDeviceConfig,requesting nits when no mapping exists.]
02-22 01:25:10.155 E/DisplayDeviceConfig( 1521): requesting nits when no mapping exists.
02-22 01:25:10.156 I/am_wtf ( 1521): [0,1521,system_server,-1,DisplayDeviceConfig,requesting nits when no mapping exists.]
02-22 01:25:10.172 E/DisplayDeviceConfig( 1521): requesting nits when no mapping exists.
02-22 01:25:10.172 E/DisplayDeviceConfig( 1521): requesting nits when no mapping exists.
02-22 01:25:10.172 I/am_wtf ( 1521): [0,1521,system_server,-1,DisplayDeviceConfig,requesting nits when no mapping exists.]
02-22 01:25:10.173 I/am_wtf ( 1521): [0,1521,system_server,-1,DisplayDeviceConfig,requesting nits when no mapping exists.]
02-22 01:25:10.188 E/DisplayDeviceConfig( 1521): requesting nits when no mapping exists.
02-22 01:25:10.189 E/DisplayDeviceConfig( 1521): requesting nits when no mapping exists.
02-22 01:25:10.189 I/am_wtf ( 1521): [0,1521,system_server,-1,DisplayDeviceConfig,requesting nits when no mapping exists.]
02-22 01:25:10.190 I/am_wtf ( 1521): [0,1521,system_server,-1,DisplayDeviceConfig,requesting nits when no mapping exists.]
02-22 01:25:10.208 E/DisplayDeviceConfig( 1521): requesting nits when no mapping exists.
02-22 01:25:10.208 E/DisplayDeviceConfig( 1521): requesting nits when no mapping exists.
02-22 01:25:10.208 I/am_wtf ( 1521): [0,1521,system_server,-1,DisplayDeviceConfig,requesting nits when no mapping exists.]
02-22 01:25:10.209 I/am_wtf ( 1521): [0,1521,system_server,-1,DisplayDeviceConfig,requesting nits when no mapping exists.]
02-22 01:25:10.223 E/DisplayDeviceConfig( 1521): requesting nits when no mapping exists.
02-22 01:25:10.223 E/DisplayDeviceConfig( 1521): requesting nits when no mapping exists.
02-22 01:25:10.223 I/am_wtf ( 1521): [0,1521,system_server,-1,DisplayDeviceConfig,requesting nits when no mapping exists.]
02-22 01:25:10.224 I/am_wtf ( 1521): [0,1521,system_server,-1,DisplayDeviceConfig,requesting nits when no mapping exists.]
02-22 01:25:10.228 I/OMX-VENC: venc_dev( 1219): stats: avg. fps 18.97, bitrate 1395073
02-22 01:25:10.239 E/DisplayDeviceConfig( 1521): requesting nits when no mapping exists.
02-22 01:25:10.239 E/DisplayDeviceConfig( 1521): requesting nits when no mapping exists.
02-22 01:25:10.239 I/am_wtf ( 1521): [0,1521,system_server,-1,DisplayDeviceConfig,requesting nits when no mapping exists.]
02-22 01:25:10.240 I/am_wtf ( 1521): [0,1521,system_server,-1,DisplayDeviceConfig,requesting nits when no mapping exists.]
02-22 01:25:10.255 E/DisplayDeviceConfig( 1521): requesting nits when no mapping exists.
02-22 01:25:10.255 E/DisplayDeviceConfig( 1521): requesting nits when no mapping exists.
02-22 01:25:10.255 I/am_wtf ( 1521): [0,1521,system_server,-1,DisplayDeviceConfig,requesting nits when no mapping exists.]
02-22 01:25:10.256 I/am_wtf ( 1521): [0,1521,system_server,-1,DisplayDeviceConfig,requesting nits when no mapping exists.]
02-22 01:25:10.290 I/sysui_multi_action( 1972): [757,219,758,4,759,3]
02-22 01:25:10.295 I/commit_sys_config_file( 1521): [display-state,684607]
02-22 01:25:10.296 V/DisplayPowerController[0]( 1521): Brightness [0.02020202] reason changing to: 'manual', previous reason: 'temporary'.
02-22 01:25:10.445 E/tlogd ( 1273): [TzLogger](isPathReadable) file /sys/kernel/debug/tzdbg/qsee_log isn't exist or no permission, err: No such file or directory
02-22 01:25:10.446 E/tlogd ( 1273): [TzLogger](saveTzlogAsync) /sys/kernel/debug/tzdbg/qsee_log can not read.
02-22 01:25:10.446 E/tlogd ( 1273): [TzLogger](isPathReadable) file /sys/kernel/debug/tzdbg/log isn't exist or no permission, err: No such file or directory
02-22 01:25:10.446 E/tlogd ( 1273): [TzLogger](saveTzlogAsync) /sys/kernel/debug/tzdbg/log can not read.
02-22 01:25:10.504 I/commit_sys_config_file( 1521): [settings-1-0,6]
02-22 01:25:10.630 W/hpplay-java( 2725): [main]:IPManager:getActiveNets invalid networkInfo:null
02-22 01:25:10.630 I/hpplay-java( 2725): [main]:IPManager:getActiveNets eth0:false wifi:false mobile:false ap:false
02-22 01:25:10.630 I/hpplay-java( 2725): [main]:ServerTaskManager:get local ip:null
02-22 01:25:10.789 V/DisplayPowerController[0]( 1521): Brightness [0.02020202] reason changing to: 'temporary', previous reason: 'manual'.
02-22 01:25:10.790 E/DisplayDeviceConfig( 1521): requesting nits when no mapping exists.
02-22 01:25:10.791 E/DisplayDeviceConfig( 1521): requesting nits when no mapping exists.
02-22 01:25:10.791 I/am_wtf ( 1521): [0,1521,system_server,-1,DisplayDeviceConfig,requesting nits when no mapping exists.]
02-22 01:25:10.792 I/am_wtf ( 1521): [0,1521,system_server,-1,DisplayDeviceConfig,requesting nits when no mapping exists.]
02-22 01:25:10.808 E/DisplayDeviceConfig( 1521): requesting nits when no mapping exists.
02-22 01:25:10.809 E/DisplayDeviceConfig( 1521): requesting nits when no mapping exists.
02-22 01:25:10.809 I/am_wtf ( 1521): [0,1521,system_server,-1,DisplayDeviceConfig,requesting nits when no mapping exists.]
02-22 01:25:10.810 I/am_wtf ( 1521): [0,1521,system_server,-1,DisplayDeviceConfig,requesting nits when no mapping exists.]
02-22 01:25:10.824 I/OpenGLRenderer( 1972): Davey! duration=9223371304233ms; Flags=0, FrameTimelineVsyncId=17528, IntendedVsync=732621326089, Vsync=732621326089, InputEventId=737766387, HandleInputStart=732621550552, AnimationStart=732623487583, PerformTraversalsStart=732623489875, DrawStart=732628905604, FrameDeadline=732659326087, FrameInterval=732621547635, FrameStartTime=16666666, SyncQueued=732629453885, SyncStart=732629546645, IssueDrawCommandsStart=732630975552, SwapBuffers=732637823625, FrameCompleted=9223372036854775807, DequeueBufferDuration=80677, QueueBufferDuration=2116510, GpuCompleted=9223372036854775807, SwapBuffersCompleted=732640779354, DisplayPresentTime=0,
02-22 01:25:10.825 E/DisplayDeviceConfig( 1521): requesting nits when no mapping exists.
02-22 01:25:10.826 E/DisplayDeviceConfig( 1521): requesting nits when no mapping exists.
02-22 01:25:10.827 I/am_wtf ( 1521): [0,1521,system_server,-1,DisplayDeviceConfig,requesting nits when no mapping exists.]
02-22 01:25:10.835 I/am_wtf ( 1521): [0,1521,system_server,-1,DisplayDeviceConfig,requesting nits when no mapping exists.]
02-22 01:25:10.840 E/DisplayDeviceConfig( 1521): requesting nits when no mapping exists.
02-22 01:25:10.840 E/DisplayDeviceConfig( 1521): requesting nits when no mapping exists.
02-22 01:25:10.840 I/am_wtf ( 1521): [0,1521,system_server,-1,DisplayDeviceConfig,requesting nits when no mapping exists.]
02-22 01:25:10.842 I/am_wtf ( 1521): [0,1521,system_server,-1,DisplayDeviceConfig,requesting nits when no mapping exists.]
02-22 01:25:10.856 E/DisplayDeviceConfig( 1521): requesting nits when no mapping exists.
02-22 01:25:10.856 I/am_wtf ( 1521): [0,1521,system_server,-1,DisplayDeviceConfig,requesting nits when no mapping exists.]
02-22 01:25:10.856 E/DisplayDeviceConfig( 1521): requesting nits when no mapping exists.
02-22 01:25:10.857 I/am_wtf ( 1521): [0,1521,system_server,-1,DisplayDeviceConfig,requesting nits when no mapping exists.]
02-22 01:25:10.922 I/sysui_multi_action( 1972): [757,219,758,4,759,32]
02-22 01:25:10.926 I/commit_sys_config_file( 1521): [display-state,685238]
02-22 01:25:10.926 I/mpu_uart( 645): [MSG-P:RECV]:No message received in 1000 ms
02-22 01:25:10.927 V/DisplayPowerController[0]( 1521): Brightness [0.3131313] reason changing to: 'manual', previous reason: 'temporary'.
02-22 01:25:11.134 I/commit_sys_config_file( 1521): [settings-1-0,5]
02-22 01:25:11.233 I/OMX-VENC: venc_dev( 1219): stats: avg. fps 13.93, bitrate 589270
01-01 11:30:58.383 E/DTC_ETH,link_delay_work_func( 0): 3003, SQI=0, link=0
02-22 01:25:11.413 I/mpu_uart( 645): [MSG-P:R]:recv sync frame timeout
02-22 01:25:11.632 W/hpplay-java( 2725): [main]:IPManager:getActiveNets invalid networkInfo:null
02-22 01:25:11.632 I/hpplay-java( 2725): [main]:IPManager:getActiveNets eth0:false wifi:false mobile:false ap:false
02-22 01:25:11.632 I/hpplay-java( 2725): [main]:ServerTaskManager:get local ip:null
02-22 01:25:11.829 I/OpenGLRenderer( 1972): Davey! duration=9223371303230ms; Flags=0, FrameTimelineVsyncId=17549, IntendedVsync=733623685756, Vsync=733623685756, InputEventId=0, HandleInputStart=733624327322, AnimationStart=733624331176, PerformTraversalsStart=733624334197, DrawStart=733629861593, FrameDeadline=733661685754, FrameInterval=733624313260, FrameStartTime=16666666, SyncQueued=733631226489, SyncStart=733631435343, IssueDrawCommandsStart=733632863833, SwapBuffers=733641535291, FrameCompleted=9223372036854775807, DequeueBufferDuration=52343, QueueBufferDuration=1204323, GpuCompleted=9223372036854775807, SwapBuffersCompleted=733643411333, DisplayPresentTime=0,
02-22 01:25:11.926 I/mpu_uart( 645): [MSG-P:RECV]:No message received in 1000 ms
02-22 01:25:12.092 V/DisplayPowerController[0]( 1521): Brightness [0.3131313] reason changing to: 'temporary', previous reason: 'manual'.
02-22 01:25:12.094 E/DisplayDeviceConfig( 1521): requesting nits when no mapping exists.
02-22 01:25:12.094 I/am_wtf ( 1521): [0,1521,system_server,-1,DisplayDeviceConfig,requesting nits when no mapping exists.]
02-22 01:25:12.094 E/DisplayDeviceConfig( 1521): requesting nits when no mapping exists.
02-22 01:25:12.095 I/am_wtf ( 1521): [0,1521,system_server,-1,DisplayDeviceConfig,requesting nits when no mapping exists.]
02-22 01:25:12.110 E/DisplayDeviceConfig( 1521): requesting nits when no mapping exists.
02-22 01:25:12.110 E/DisplayDeviceConfig( 1521): requesting nits when no mapping exists.
02-22 01:25:12.110 I/am_wtf ( 1521): [0,1521,system_server,-1,DisplayDeviceConfig,requesting nits when no mapping exists.]
02-22 01:25:12.111 I/am_wtf ( 1521): [0,1521,system_server,-1,DisplayDeviceConfig,requesting nits when no mapping exists.]
02-22 01:25:12.126 E/DisplayDeviceConfig( 1521): requesting nits when no mapping exists.
02-22 01:25:12.127 E/DisplayDeviceConfig( 1521): requesting nits when no mapping exists.
02-22 01:25:12.127 I/am_wtf ( 1521): [0,1521,system_server,-1,DisplayDeviceConfig,requesting nits when no mapping exists.]
02-22 01:25:12.128 I/am_wtf ( 1521): [0,1521,system_server,-1,DisplayDeviceConfig,requesting nits when no mapping exists.]
02-22 01:25:12.143 E/DisplayDeviceConfig( 1521): requesting nits when no mapping exists.
02-22 01:25:12.143 E/DisplayDeviceConfig( 1521): requesting nits when no mapping exists.
02-22 01:25:12.143 I/am_wtf ( 1521): [0,1521,system_server,-1,DisplayDeviceConfig,requesting nits when no mapping exists.]
02-22 01:25:12.144 I/am_wtf ( 1521): [0,1521,system_server,-1,DisplayDeviceConfig,requesting nits when no mapping exists.]
02-22 01:25:12.159 E/DisplayDeviceConfig( 1521): requesting nits when no mapping exists.
02-22 01:25:12.160 E/DisplayDeviceConfig( 1521): requesting nits when no mapping exists.
02-22 01:25:12.160 I/am_wtf ( 1521): [0,1521,system_server,-1,DisplayDeviceConfig,requesting nits when no mapping exists.]
02-22 01:25:12.160 I/am_wtf ( 1521): [0,1521,system_server,-1,DisplayDeviceConfig,requesting nits when no mapping exists.]
02-22 01:25:12.176 E/DisplayDeviceConfig( 1521): requesting nits when no mapping exists.
02-22 01:25:12.177 E/DisplayDeviceConfig( 1521): requesting nits when no mapping exists.
02-22 01:25:12.177 I/am_wtf ( 1521): [0,1521,system_server,-1,DisplayDeviceConfig,requesting nits when no mapping exists.]
02-22 01:25:12.177 I/am_wtf ( 1521): [0,1521,system_server,-1,DisplayDeviceConfig,requesting nits when no mapping exists.]
02-22 01:25:12.193 E/DisplayDeviceConfig( 1521): requesting nits when no mapping exists.
02-22 01:25:12.193 E/DisplayDeviceConfig( 1521): requesting nits when no mapping exists.
02-22 01:25:12.193 I/am_wtf ( 1521): [0,1521,system_server,-1,DisplayDeviceConfig,requesting nits when no mapping exists.]
02-22 01:25:12.194 I/am_wtf ( 1521): [0,1521,system_server,-1,DisplayDeviceConfig,requesting nits when no mapping exists.]
02-22 01:25:12.210 E/DisplayDeviceConfig( 1521): requesting nits when no mapping exists.
02-22 01:25:12.210 E/DisplayDeviceConfig( 1521): requesting nits when no mapping exists.
02-22 01:25:12.210 I/am_wtf ( 1521): [0,1521,system_server,-1,DisplayDeviceConfig,requesting nits when no mapping exists.]
02-22 01:25:12.211 I/am_wtf ( 1521): [0,1521,system_server,-1,DisplayDeviceConfig,requesting nits when no mapping exists.]
02-22 01:25:12.226 E/DisplayDeviceConfig( 1521): requesting nits when no mapping exists.
02-22 01:25:12.227 E/DisplayDeviceConfig( 1521): requesting nits when no mapping exists.
02-22 01:25:12.227 I/am_wtf ( 1521): [0,1521,system_server,-1,DisplayDeviceConfig,requesting nits when no mapping exists.]
02-22 01:25:12.228 I/am_wtf ( 1521): [0,1521,system_server,-1,DisplayDeviceConfig,requesting nits when no mapping exists.]
02-22 01:25:12.233 I/OMX-VENC: venc_dev( 1219): stats: avg. fps 9.00, bitrate 373781
02-22 01:25:12.269 I/sysui_multi_action( 1972): [757,219,758,4,759,1]
02-22 01:25:12.275 I/commit_sys_config_file( 1521): [display-state,686588]
02-22 01:25:12.276 V/DisplayPowerController[0]( 1521): Brightness [0.0] reason changing to: 'manual', previous reason: 'temporary'.
02-22 01:25:12.483 I/commit_sys_config_file( 1521): [settings-1-0,5]
02-22 01:25:12.635 W/hpplay-java( 2725): [main]:IPManager:getActiveNets invalid networkInfo:null
02-22 01:25:12.635 I/hpplay-java( 2725): [main]:IPManager:getActiveNets eth0:false wifi:false mobile:false ap:false
02-22 01:25:12.635 I/hpplay-java( 2725): [main]:ServerTaskManager:get local ip:null
02-22 01:25:12.716 I/service_manager_stats( 1521): [116,76,5066]
02-22 01:25:12.793 V/DisplayPowerController[0]( 1521): Brightness [0.0] reason changing to: 'temporary', previous reason: 'manual'.
02-22 01:25:12.795 E/DisplayDeviceConfig( 1521): requesting nits when no mapping exists.
02-22 01:25:12.796 E/DisplayDeviceConfig( 1521): requesting nits when no mapping exists.
02-22 01:25:12.796 I/am_wtf ( 1521): [0,1521,system_server,-1,DisplayDeviceConfig,requesting nits when no mapping exists.]
02-22 01:25:12.796 I/am_wtf ( 1521): [0,1521,system_server,-1,DisplayDeviceConfig,requesting nits when no mapping exists.]
02-22 01:25:12.814 E/DisplayDeviceConfig( 1521): requesting nits when no mapping exists.
02-22 01:25:12.814 E/DisplayDeviceConfig( 1521): requesting nits when no mapping exists.
02-22 01:25:12.814 I/am_wtf ( 1521): [0,1521,system_server,-1,DisplayDeviceConfig,requesting nits when no mapping exists.]
02-22 01:25:12.815 I/am_wtf ( 1521): [0,1521,system_server,-1,DisplayDeviceConfig,requesting nits when no mapping exists.]
02-22 01:25:12.829 E/DisplayDeviceConfig( 1521): requesting nits when no mapping exists.
02-22 01:25:12.830 E/DisplayDeviceConfig( 1521): requesting nits when no mapping exists.
02-22 01:25:12.830 I/am_wtf ( 1521): [0,1521,system_server,-1,DisplayDeviceConfig,requesting nits when no mapping exists.]
02-22 01:25:12.831 I/am_wtf ( 1521): [0,1521,system_server,-1,DisplayDeviceConfig,requesting nits when no mapping exists.]
02-22 01:25:12.844 E/DisplayDeviceConfig( 1521): requesting nits when no mapping exists.
02-22 01:25:12.844 E/DisplayDeviceConfig( 1521): requesting nits when no mapping exists.
02-22 01:25:12.844 I/am_wtf ( 1521): [0,1521,system_server,-1,DisplayDeviceConfig,requesting nits when no mapping exists.]
02-22 01:25:12.845 I/am_wtf ( 1521): [0,1521,system_server,-1,DisplayDeviceConfig,requesting nits when no mapping exists.]
02-22 01:25:12.861 E/DisplayDeviceConfig( 1521): requesting nits when no mapping exists.
02-22 01:25:12.861 E/DisplayDeviceConfig( 1521): requesting nits when no mapping exists.
02-22 01:25:12.861 I/am_wtf ( 1521): [0,1521,system_server,-1,DisplayDeviceConfig,requesting nits when no mapping exists.]
02-22 01:25:12.862 I/am_wtf ( 1521): [0,1521,system_server,-1,DisplayDeviceConfig,requesting nits when no mapping exists.]
02-22 01:25:12.878 E/DisplayDeviceConfig( 1521): requesting nits when no mapping exists.
02-22 01:25:12.878 E/DisplayDeviceConfig( 1521): requesting nits when no mapping exists.
02-22 01:25:12.878 I/am_wtf ( 1521): [0,1521,system_server,-1,DisplayDeviceConfig,requesting nits when no mapping exists.]
02-22 01:25:12.879 I/am_wtf ( 1521): [0,1521,system_server,-1,DisplayDeviceConfig,requesting nits when no mapping exists.]
02-22 01:25:12.895 E/DisplayDeviceConfig( 1521): requesting nits when no mapping exists.
02-22 01:25:12.895 E/DisplayDeviceConfig( 1521): requesting nits when no mapping exists.
02-22 01:25:12.895 I/am_wtf ( 1521): [0,1521,system_server,-1,DisplayDeviceConfig,requesting nits when no mapping exists.]
02-22 01:25:12.896 I/am_wtf ( 1521): [0,1521,system_server,-1,DisplayDeviceConfig,requesting nits when no mapping exists.]
02-22 01:25:12.926 I/mpu_uart( 645): [MSG-P:RECV]:No message received in 1000 ms
02-22 01:25:12.928 E/DisplayDeviceConfig( 1521): requesting nits when no mapping exists.
02-22 01:25:12.929 E/DisplayDeviceConfig( 1521): requesting nits when no mapping exists.
02-22 01:25:12.929 I/am_wtf ( 1521): [0,1521,system_server,-1,DisplayDeviceConfig,requesting nits when no mapping exists.]
02-22 01:25:12.930 I/am_wtf ( 1521): [0,1521,system_server,-1,DisplayDeviceConfig,requesting nits when no mapping exists.]
02-22 01:25:12.957 I/sysui_multi_action( 1972): [757,219,758,4,759,80]
02-22 01:25:12.962 I/commit_sys_config_file( 1521): [display-state,687274]
02-22 01:25:12.962 V/DisplayPowerController[0]( 1521): Brightness [0.7979798] reason changing to: 'manual', previous reason: 'temporary'.
02-22 01:25:13.168 I/commit_sys_config_file( 1521): [settings-1-0,5]
02-22 01:25:13.237 I/OMX-VENC: venc_dev( 1219): stats: avg. fps 13.94, bitrate 596207
02-22 01:25:13.637 W/hpplay-java( 2725): [main]:IPManager:getActiveNets invalid networkInfo:null
02-22 01:25:13.637 I/hpplay-java( 2725): [main]:IPManager:getActiveNets eth0:false wifi:false mobile:false ap:false
02-22 01:25:13.637 I/hpplay-java( 2725): [main]:ServerTaskManager:get local ip:null
02-22 01:25:13.712 V/DisplayPowerController[0]( 1521): Brightness [0.7979798] reason changing to: 'temporary', previous reason: 'manual'.
02-22 01:25:13.714 E/DisplayDeviceConfig( 1521): requesting nits when no mapping exists.
02-22 01:25:13.714 E/DisplayDeviceConfig( 1521): requesting nits when no mapping exists.
02-22 01:25:13.714 I/am_wtf ( 1521): [0,1521,system_server,-1,DisplayDeviceConfig,requesting nits when no mapping exists.]
02-22 01:25:13.715 I/am_wtf ( 1521): [0,1521,system_server,-1,DisplayDeviceConfig,requesting nits when no mapping exists.]
02-22 01:25:13.733 E/DisplayDeviceConfig( 1521): requesting nits when no mapping exists.
02-22 01:25:13.733 E/DisplayDeviceConfig( 1521): requesting nits when no mapping exists.
