01-01 11:18:53.139 I/auditd ( 566): type=1400 audit(0.0:213): avc: denied { read } for comm="Binder:566_2" name="wakeup78" dev="sysfs" ino=76851 scontext=u:r:system_suspend:s0 tcontext=u:object_r:sysfs:s0 tclass=dir permissive=0
01-01 11:18:53.139 I/auditd ( 566): type=1400 audit(0.0:214): avc: denied { read } for comm="Binder:566_2" name="wakeup11" dev="sysfs" ino=52319 scontext=u:r:system_suspend:s0 tcontext=u:object_r:sysfs:s0 tclass=dir permissive=0
01-01 11:18:53.146 I/commit_sys_config_file( 1521): [batterystats,1]
01-01 11:18:53.146 I/commit_sys_config_file( 1521): [batterystats,1]
01-01 11:18:53.170 I/service_manager_stats( 1521): [100,8,7939]
01-01 11:18:53.193 I/rescue_note( 1521): [0,1,7961]
01-01 11:18:53.211 I/am_wtf ( 1521): [0,1521,system_server,-1,DisplayDeviceConfig,requesting nits when no mapping exists.]
01-01 11:18:53.212 I/am_wtf ( 1521): [0,1521,system_server,-1,DisplayDeviceConfig,requesting nits when no mapping exists.]
01-01 11:18:53.218 I/boot_progress_pms_start( 1521): 7986
01-01 11:18:53.247 I/auditd ( 1007): type=1400 audit(0.0:215): avc: denied { read write } for comm="sensors.qti" name="diag" dev="tmpfs" ino=11432 scontext=u:r:vendor_sensors_qti:s0 tcontext=u:object_r:vendor_diag_device:s0 tclass=chr_file permissive=0
01-01 11:18:53.312 I/boot_progress_pms_system_scan_start( 1521): 8081
01-01 11:18:53.447 I/auditd ( 1007): type=1400 audit(0.0:216): avc: denied { read write } for comm="sensors.qti" name="diag" dev="tmpfs" ino=11432 scontext=u:r:vendor_sensors_qti:s0 tcontext=u:object_r:vendor_diag_device:s0 tclass=chr_file permissive=0
01-01 11:18:53.647 I/auditd ( 1007): type=1400 audit(0.0:217): avc: denied { read write } for comm="sensors.qti" name="diag" dev="tmpfs" ino=11432 scontext=u:r:vendor_sensors_qti:s0 tcontext=u:object_r:vendor_diag_device:s0 tclass=chr_file permissive=0
01-01 11:18:53.843 I/auditd ( 799): type=1400 audit(0.0:218): avc: denied { read write } for comm="HwBinder:799_2" name="diag" dev="tmpfs" ino=11432 scontext=u:r:hal_audio_default:s0 tcontext=u:object_r:vendor_diag_device:s0 tclass=chr_file permissive=0
01-01 11:18:53.847 I/auditd ( 1007): type=1400 audit(0.0:219): avc: denied { read write } for comm="sensors.qti" name="diag" dev="tmpfs" ino=11432 scontext=u:r:vendor_sensors_qti:s0 tcontext=u:object_r:vendor_diag_device:s0 tclass=chr_file permissive=0
01-01 11:18:53.866 I/boot_progress_pms_data_scan_start( 1521): 8634
01-01 11:18:53.877 I/boot_progress_pms_scan_end( 1521): 8645
01-01 11:18:53.944 I/commit_sys_config_file( 1521): [package-user-0,1]
01-01 11:18:53.944 I/commit_sys_config_file( 1521): [package,17]
01-01 11:18:53.944 I/boot_progress_pms_ready( 1521): 8712
01-01 11:18:53.962 I/am_uid_running( 1521): 1000
01-01 11:18:53.963 I/am_uid_active( 1521): 1000
01-01 11:18:53.982 I/commit_sys_config_file( 1521): [overlays,0]
01-01 11:18:54.001 I/battery_status( 1521): [1,1,0,0,]
01-01 11:18:54.007 I/auditd ( 1183): type=1400 audit(0.0:220): avc: denied { read } for comm="Binder:1183_1" name="persist" dev="tmpfs" ino=15383 scontext=u:r:installd:s0 tcontext=u:object_r:tmpfs:s0 tclass=lnk_file permissive=0
01-01 11:18:54.007 I/auditd ( 1183): type=1400 audit(0.0:221): avc: denied { read } for comm="Binder:1183_1" name="persist" dev="tmpfs" ino=15383 scontext=u:r:installd:s0 tcontext=u:object_r:tmpfs:s0 tclass=lnk_file permissive=0
01-01 11:18:54.047 I/auditd ( 1007): type=1400 audit(0.0:222): avc: denied { read write } for comm="sensors.qti" name="diag" dev="tmpfs" ino=11432 scontext=u:r:vendor_sensors_qti:s0 tcontext=u:object_r:vendor_diag_device:s0 tclass=chr_file permissive=0
02-22 01:13:07.041 I/wm_task_created( 1521): [1,-1]
02-22 01:13:07.045 I/sysui_multi_action( 1521): [757,1594,758,4,759,0,806,NULL]
02-22 01:13:07.055 I/auditd ( 1521): type=1400 audit(0.0:223): avc: denied { read } for comm="InputReader" name="virtualkeys.cyttsp7_mt" dev="sysfs" ino=63200 scontext=u:r:system_server:s0 tcontext=u:object_r:sysfs:s0 tclass=file permissive=0
02-22 01:13:07.072 I/configuration_changed( 1521): 536894968
02-22 01:13:07.073 I/sysui_multi_action( 1521): [757,1659,758,4,759,2,1660,0]
02-22 01:13:07.076 I/configuration_changed( 1521): 8
02-22 01:13:07.075 I/auditd ( 1183): type=1400 audit(0.0:224): avc: denied { read } for comm="Binder:1183_2" name="persist" dev="tmpfs" ino=15383 scontext=u:r:installd:s0 tcontext=u:object_r:tmpfs:s0 tclass=lnk_file permissive=0
02-22 01:13:07.075 I/auditd ( 1183): type=1400 audit(0.0:225): avc: denied { read } for comm="Binder:1183_2" name="persist" dev="tmpfs" ino=15383 scontext=u:r:installd:s0 tcontext=u:object_r:tmpfs:s0 tclass=lnk_file permissive=0
02-22 01:13:07.075 I/auditd ( 1183): type=1400 audit(0.0:226): avc: denied { read } for comm="Binder:1183_2" name="persist" dev="tmpfs" ino=15383 scontext=u:r:installd:s0 tcontext=u:object_r:tmpfs:s0 tclass=lnk_file permissive=0
02-22 01:13:07.075 I/auditd ( 1183): type=1400 audit(0.0:227): avc: denied { read } for comm="Binder:1183_2" name="persist" dev="tmpfs" ino=15383 scontext=u:r:installd:s0 tcontext=u:object_r:tmpfs:s0 tclass=lnk_file permissive=0
02-22 01:13:07.079 I/auditd ( 1183): type=1400 audit(0.0:228): avc: denied { read } for comm="Binder:1183_2" name="persist" dev="tmpfs" ino=15383 scontext=u:r:installd:s0 tcontext=u:object_r:tmpfs:s0 tclass=lnk_file permissive=0
02-22 01:13:07.079 I/auditd ( 1183): type=1400 audit(0.0:229): avc: denied { read } for comm="Binder:1183_2" name="persist" dev="tmpfs" ino=15383 scontext=u:r:installd:s0 tcontext=u:object_r:tmpfs:s0 tclass=lnk_file permissive=0
02-22 01:13:07.187 I/auditd ( 1007): type=1400 audit(0.0:230): avc: denied { read write } for comm="sensors.qti" name="diag" dev="tmpfs" ino=11432 scontext=u:r:vendor_sensors_qti:s0 tcontext=u:object_r:vendor_diag_device:s0 tclass=chr_file permissive=0 --------- beginning of radio
02-22 01:13:07.228 D/TelephonyRegistry( 1521): listen oscl: mHasNotifySubscriptionInfoChangedOccurred==false no callback
02-22 01:13:07.301 I/storage_state( 1521): [41217664-9172-527a-b3d5-edabb50a7d69,0,0,116317192192,118610538496]
02-22 01:13:07.387 I/auditd ( 1007): type=1400 audit(0.0:231): avc: denied { read write } for comm="sensors.qti" name="diag" dev="tmpfs" ino=11432 scontext=u:r:vendor_sensors_qti:s0 tcontext=u:object_r:vendor_diag_device:s0 tclass=chr_file permissive=0
02-22 01:13:07.443 I/auditd ( 1521): type=1400 audit(0.0:232): avc: denied { read } for comm="system_server" name="u:object_r:vendor_default_prop:s0" dev="tmpfs" ino=15704 scontext=u:r:system_server:s0 tcontext=u:object_r:vendor_default_prop:s0 tclass=file permissive=0
02-22 01:13:07.490 I/commit_sys_config_file( 1521): [settings-2-0,2]
02-22 01:13:07.506 I/stream_devices_changed( 1521): [3,0,2]
02-22 01:13:07.510 I/am_wtf ( 1521): [0,1521,system_server,-1,LazyAlarmStore,Removed TIME_TICK alarm]
02-22 01:13:07.517 I/configuration_changed( 1521): 512
02-22 01:13:07.532 I/stream_devices_changed( 1521): [6,0,1]
02-22 01:13:07.541 I/commit_sys_config_file( 1521): [notification-policy,3]
02-22 01:13:07.587 I/auditd ( 1007): type=1400 audit(0.0:233): avc: denied { read write } for comm="sensors.qti" name="diag" dev="tmpfs" ino=11432 scontext=u:r:vendor_sensors_qti:s0 tcontext=u:object_r:vendor_diag_device:s0 tclass=chr_file permissive=0
02-22 01:13:07.618 I/commit_sys_config_file( 1521): [settings-1-0,1]
02-22 01:13:07.627 I/commit_sys_config_file( 1521): [package-session,1]
02-22 01:13:07.655 I/auditd ( 1521): type=1400 audit(0.0:234): avc: denied { read } for comm="android.display" name="u:object_r:vendor_wfd_sys_debug_prop:s0" dev="tmpfs" ino=15771 scontext=u:r:system_server:s0 tcontext=u:object_r:vendor_wfd_sys_debug_prop:s0 tclass=file permissive=0
02-22 01:13:07.655 I/auditd ( 1521): type=1400 audit(0.0:235): avc: denied { read } for comm="android.display" name="u:object_r:vendor_wfd_sys_debug_prop:s0" dev="tmpfs" ino=15771 scontext=u:r:system_server:s0 tcontext=u:object_r:vendor_wfd_sys_debug_prop:s0 tclass=file permissive=0
02-22 01:13:07.709 I/boot_progress_ams_ready( 1521): 9543
02-22 01:13:07.714 I/configuration_changed( 1521): 268435456
02-22 01:13:07.730 I/am_uid_running( 1521): 1002
02-22 01:13:07.737 I/am_proc_start( 1521): [0,1955,1002,com.android.bluetooth,service,{com.android.bluetooth/com.android.bluetooth.btservice.AdapterService}]
02-22 01:13:07.758 I/am_proc_bound( 1521): [0,1955,com.android.bluetooth]
02-22 01:13:07.764 I/am_uid_active( 1521): 1002
02-22 01:13:07.767 I/am_uid_running( 1521): 10078
02-22 01:13:07.772 I/am_proc_start( 1521): [0,1972,10078,com.android.systemui,service,{com.android.systemui/com.android.systemui.ImageWallpaper}]
02-22 01:13:07.787 I/auditd ( 1007): type=1400 audit(0.0:236): avc: denied { read write } for comm="sensors.qti" name="diag" dev="tmpfs" ino=11432 scontext=u:r:vendor_sensors_qti:s0 tcontext=u:object_r:vendor_diag_device:s0 tclass=chr_file permissive=0
02-22 01:13:07.795 I/am_proc_bound( 1521): [0,1972,com.android.systemui]
02-22 01:13:07.797 I/am_uid_active( 1521): 10078
02-22 01:13:07.824 I/am_uid_running( 1521): 1037
02-22 01:13:07.837 I/commit_sys_config_file( 1521): [net-policy,1]
02-22 01:13:07.840 D/TelephonyRegistry( 1521): listen oscl: mHasNotifySubscriptionInfoChangedOccurred==false no callback
02-22 01:13:07.866 D/TelephonyRegistry( 1521): listen oscl: mHasNotifySubscriptionInfoChangedOccurred==false no callback
02-22 01:13:07.867 D/TelephonyRegistry( 1521): listen oscl: mHasNotifySubscriptionInfoChangedOccurred==false no callback
02-22 01:13:07.901 D/TelephonyRegistry( 1521): listen oscl: mHasNotifySubscriptionInfoChangedOccurred==false no callback
02-22 01:13:07.915 W/CarrierConfigManager( 1521): Error getting config for subId -1 ICarrierConfigLoader is null
02-22 01:13:07.916 I/am_proc_start( 1521): [0,2023,1037,WebViewLoader-armeabi-v7a,NULL,]
02-22 01:13:07.919 I/am_proc_start( 1521): [0,2025,1037,WebViewLoader-arm64-v8a,NULL,]
02-22 01:13:07.946 I/am_proc_bound( 1521): [0,2023,WebViewLoader-armeabi-v7a]
02-22 01:13:07.949 I/am_uid_active( 1521): 1037
02-22 01:13:07.951 I/am_proc_bound( 1521): [0,2025,WebViewLoader-arm64-v8a]
02-22 01:13:07.954 I/am_uid_running( 1521): 1073
02-22 01:13:07.962 I/am_proc_start( 1521): [0,2061,1073,com.android.networkstack.process,service,{com.android.networkstack/com.android.server.NetworkStackService}]
02-22 01:13:07.964 I/configuration_changed( 1521): 16384
02-22 01:13:07.970 I/netstats_mobile_sample( 1521): [0,0,0,0,0,0,0,0,0,0,0,0,1676999587970]
02-22 01:13:07.970 I/netstats_wifi_sample( 1521): [0,0,0,0,0,0,0,0,0,0,0,0,1676999587970]
02-22 01:13:07.978 D/TelephonyRegistry( 1521): systemRunning register for intents
02-22 01:13:07.979 I/ssm_user_starting( 1521): 0
02-22 01:13:07.987 I/auditd ( 1007): type=1400 audit(0.0:237): avc: denied { read write } for comm="sensors.qti" name="diag" dev="tmpfs" ino=11432 scontext=u:r:vendor_sensors_qti:s0 tcontext=u:object_r:vendor_diag_device:s0 tclass=chr_file permissive=0
02-22 01:13:07.994 I/netstats_mobile_sample( 1521): [0,0,0,0,0,0,0,0,0,0,0,0,1676999587993]
02-22 01:13:07.994 I/netstats_wifi_sample( 1521): [0,0,0,0,0,0,0,0,0,0,0,0,1676999587993]
02-22 01:13:07.998 I/commit_sys_config_file( 1521): [settings-0-0,27]
02-22 01:13:08.007 I/wm_task_created( 1521): [2,-1]
02-22 01:13:08.009 I/wm_task_created( 1521): [3,-1]
02-22 01:13:08.012 I/am_proc_bound( 1521): [0,2061,com.android.networkstack.process]
02-22 01:13:08.015 I/am_uid_active( 1521): 1073
02-22 01:13:08.021 I/service_manager_slow( 1521): [16,alarm]
02-22 01:13:08.021 I/netstats_mobile_sample( 1521): [0,0,0,0,0,0,0,0,0,0,0,0,1676999588021]
02-22 01:13:08.021 I/netstats_wifi_sample( 1521): [0,0,0,0,0,0,0,0,0,0,0,0,1676999588021]
02-22 01:13:08.023 I/bt_config_source( 1955): 1
02-22 01:13:08.024 I/netstats_mobile_sample( 1521): [0,0,0,0,0,0,0,0,0,0,0,0,1676999588024]
02-22 01:13:08.024 I/netstats_wifi_sample( 1521): [0,0,0,0,0,0,0,0,0,0,0,0,1676999588024]
02-22 01:13:08.025 I/bt_config_source( 1955): 1
02-22 01:13:08.031 I/am_uid_running( 1521): 1001
02-22 01:13:08.031 I/am_uid_running( 1521): 10055
02-22 01:13:08.037 I/am_uid_running( 1521): 10084
02-22 01:13:08.044 I/netstats_mobile_sample( 1521): [0,0,0,0,0,0,0,0,0,0,0,0,1676999588043]
02-22 01:13:08.044 I/netstats_wifi_sample( 1521): [0,0,0,0,0,0,0,0,0,0,0,0,1676999588043]
02-22 01:13:08.044 I/am_uid_running( 1521): 1068
02-22 01:13:08.048 I/am_uid_running( 1521): 10065
02-22 01:13:08.056 I/netstats_mobile_sample( 1521): [0,0,0,0,0,0,0,0,0,0,0,0,1676999588056]
02-22 01:13:08.056 I/netstats_wifi_sample( 1521): [0,0,0,0,0,0,0,0,0,0,0,0,1676999588056]
02-22 01:13:08.061 I/wm_task_created( 1521): [4,-1]
02-22 01:13:08.062 I/wm_task_moved( 1521): [4,1,2147483647]
02-22 01:13:08.062 I/netstats_mobile_sample( 1521): [0,0,0,0,0,0,0,0,0,0,0,0,1676999588062]
02-22 01:13:08.062 I/netstats_wifi_sample( 1521): [0,0,0,0,0,0,0,0,0,0,0,0,1676999588062]
02-22 01:13:08.065 I/wm_task_moved( 1521): [1,1,2]
02-22 01:13:08.066 I/wm_create_task( 1521): [0,4]
02-22 01:13:08.066 I/wm_create_activity( 1521): [0,179420755,4,com.android.settings/.FallbackHome,android.intent.action.MAIN,NULL,NULL,276824320]
02-22 01:13:08.066 I/wm_task_moved( 1521): [1,1,2]
02-22 01:13:08.066 I/wm_task_moved( 1521): [4,1,2147483647]
02-22 01:13:08.066 I/wm_task_to_front( 1521): [0,4]
02-22 01:13:08.068 I/netstats_mobile_sample( 1521): [0,0,0,0,0,0,0,0,0,0,0,0,1676999588068]
02-22 01:13:08.068 I/netstats_wifi_sample( 1521): [0,0,0,0,0,0,0,0,0,0,0,0,1676999588068]
02-22 01:13:08.074 I/netstats_mobile_sample( 1521): [0,0,0,0,0,0,0,0,0,0,0,0,1676999588074]
02-22 01:13:08.074 I/netstats_wifi_sample( 1521): [0,0,0,0,0,0,0,0,0,0,0,0,1676999588074]
02-22 01:13:08.078 I/netstats_mobile_sample( 1521): [0,0,0,0,0,0,0,0,0,0,0,0,1676999588078]
02-22 01:13:08.078 I/netstats_wifi_sample( 1521): [0,0,0,0,0,0,0,0,0,0,0,0,1676999588078]
02-22 01:13:08.084 I/netstats_mobile_sample( 1521): [0,0,0,0,0,0,0,0,0,0,0,0,1676999588084]
02-22 01:13:08.084 I/netstats_wifi_sample( 1521): [0,0,0,0,0,0,0,0,0,0,0,0,1676999588084]
02-22 01:13:08.094 I/netstats_mobile_sample( 1521): [0,0,0,0,0,0,0,0,0,0,0,0,1676999588094]
02-22 01:13:08.094 I/netstats_wifi_sample( 1521): [0,0,0,0,0,0,0,0,0,0,0,0,1676999588094]
02-22 01:13:08.098 I/netstats_mobile_sample( 1521): [0,0,0,0,0,0,0,0,0,0,0,0,1676999588098]
02-22 01:13:08.098 I/netstats_wifi_sample( 1521): [0,0,0,0,0,0,0,0,0,0,0,0,1676999588098]
02-22 01:13:08.100 I/netstats_mobile_sample( 1521): [0,0,0,0,0,0,0,0,0,0,0,0,1676999588100]
02-22 01:13:08.101 I/netstats_wifi_sample( 1521): [0,0,0,0,0,0,0,0,0,0,0,0,1676999588100]
02-22 01:13:08.103 I/netstats_mobile_sample( 1521): [0,0,0,0,0,0,0,0,0,0,0,0,1676999588103]
02-22 01:13:08.103 I/netstats_wifi_sample( 1521): [0,0,0,0,0,0,0,0,0,0,0,0,1676999588103]
02-22 01:13:08.103 D/TelephonyRegistry( 1521): listen oscl: mHasNotifySubscriptionInfoChangedOccurred==false no callback
02-22 01:13:08.109 I/uc_send_user_broadcast( 1521): [0,android.intent.action.USER_FOREGROUND]
02-22 01:13:08.109 I/uc_send_user_broadcast( 1521): [0,android.intent.action.USER_SWITCHED]
02-22 01:13:08.110 I/am_proc_start( 1521): [0,2106,1000,com.thundercomm.gamemode,added application,com.thundercomm.gamemode]
02-22 01:13:08.112 I/am_proc_died( 1521): [0,2023,WebViewLoader-armeabi-v7a,-700,0]
02-22 01:13:08.113 I/am_low_memory( 1521): 5
02-22 01:13:08.113 I/am_proc_bound( 1521): [0,2106,com.thundercomm.gamemode]
02-22 01:13:08.120 I/am_proc_died( 1521): [0,2025,WebViewLoader-arm64-v8a,-700,0]
02-22 01:13:08.120 I/am_uid_stopped( 1521): 1037
02-22 01:13:08.120 I/am_low_memory( 1521): 5
02-22 01:13:08.124 I/am_proc_start( 1521): [0,2164,1000,com.thundercomm.microservice,added application,com.thundercomm.microservice]
02-22 01:13:08.130 I/am_proc_start( 1521): [0,2167,1000,com.thundercomm.microsettings,added application,com.thundercomm.microsettings]
02-22 01:13:08.140 I/notification_cancel_all( 1521): [1000,1521,android,0,0,0,20,NULL]
02-22 01:13:08.143 I/am_uid_running( 1521): 10094
02-22 01:13:08.148 I/am_proc_start( 1521): [0,2175,1001,.dataservices,added application,.dataservices]
02-22 01:13:08.150 I/wm_task_created( 1521): [5,-1]
02-22 01:13:08.151 I/wm_task_created( 1521): [6,-1]
02-22 01:13:08.156 I/wm_task_created( 1521): [7,-1]
02-22 01:13:08.161 I/am_proc_bound( 1521): [0,2164,com.thundercomm.microservice]
02-22 01:13:08.167 I/am_proc_start( 1521): [0,2199,10055,.qtidataservices,added application,.qtidataservices]
02-22 01:13:08.174 I/am_proc_start( 1521): [0,2217,1000,com.thundercomm.tchttpserver,added application,com.thundercomm.tchttpserver]
02-22 01:13:08.176 I/am_proc_bound( 1521): [0,2167,com.thundercomm.microsettings]
02-22 01:13:08.181 I/am_proc_bound( 1521): [0,2175,.dataservices]
02-22 01:13:08.182 I/am_uid_active( 1521): 1001
02-22 01:13:08.184 I/am_proc_start( 1521): [0,2227,1000,com.tc.logclient,added application,com.tc.logclient]
02-22 01:13:08.184 I/am_uid_running( 1521): 10061
02-22 01:13:08.187 I/auditd ( 1007): type=1400 audit(0.0:238): avc: denied { read write } for comm="sensors.qti" name="diag" dev="tmpfs" ino=11432 scontext=u:r:vendor_sensors_qti:s0 tcontext=u:object_r:vendor_diag_device:s0 tclass=chr_file permissive=0
02-22 01:13:08.193 I/am_proc_start( 1521): [0,2236,1000,com.thundercomm.tcsetupwizard,added application,com.thundercomm.tcsetupwizard]
02-22 01:13:08.201 I/am_proc_start( 1521): [0,2248,1000,vendor.qti.qesdk.sysservice,added application,vendor.qti.qesdk.sysservice]
02-22 01:13:08.201 I/am_proc_bound( 1521): [0,2199,.qtidataservices]
02-22 01:13:08.203 I/am_uid_active( 1521): 10055
02-22 01:13:08.207 I/am_proc_start( 1521): [0,2250,10084,com.qti.qualcomm.mstatssystemservice,added application,com.qti.qualcomm.mstatssystemservice]
02-22 01:13:08.226 I/am_proc_start( 1521): [0,2301,1068,com.android.se,added application,com.android.se]
02-22 01:13:08.227 I/am_proc_bound( 1521): [0,2248,vendor.qti.qesdk.sysservice]
02-22 01:13:08.233 I/am_proc_start( 1521): [0,2315,1000,com.thundercomm.remotecontrolservice,added application,com.thundercomm.remotecontrolservice]
02-22 01:13:08.234 I/am_proc_bound( 1521): [0,2217,com.thundercomm.tchttpserver]
02-22 01:13:08.239 I/am_proc_start( 1521): [0,2328,1000,com.thundercomm.tcservice,added application,com.thundercomm.tcservice]
02-22 01:13:08.239 I/am_proc_bound( 1521): [0,2250,com.qti.qualcomm.mstatssystemservice]
02-22 01:13:08.242 I/am_uid_active( 1521): 10084
02-22 01:13:08.245 I/service_manager_slow( 2227): [11,activity]
02-22 01:13:08.246 I/am_proc_bound( 1521): [0,2227,com.tc.logclient]
02-22 01:13:08.251 I/am_proc_bound( 1521): [0,2236,com.thundercomm.tcsetupwizard]
02-22 01:13:08.255 I/am_proc_start( 1521): [0,2335,10065,com.qualcomm.qti.devicestatisticsservice,added application,com.qualcomm.qti.devicestatisticsservice]
02-22 01:13:08.262 I/am_proc_start( 1521): [0,2352,1000,com.qualcomm.qti.qdma,added application,com.qualcomm.qti.qdma]
02-22 01:13:08.264 D/TelephonyRegistry( 1521): listen oscl: mHasNotifySubscriptionInfoChangedOccurred==false no callback
02-22 01:13:08.272 I/am_proc_start( 1521): [0,2370,1000,com.android.settings,top-activity,{com.android.settings/com.android.settings.FallbackHome}]
02-22 01:13:08.275 I/am_proc_bound( 1521): [0,2301,com.android.se]
02-22 01:13:08.277 I/am_uid_active( 1521): 1068
02-22 01:13:08.278 I/am_proc_start( 1521): [0,2383,10094,android.ext.services,service,{android.ext.services/android.ext.services.autofill.InlineSuggestionRenderServiceImpl}]
02-22 01:13:08.280 I/am_proc_bound( 1521): [0,2315,com.thundercomm.remotecontrolservice]
02-22 01:13:08.291 I/am_proc_bound( 1521): [0,2328,com.thundercomm.tcservice]
02-22 01:13:08.295 I/am_proc_start( 1521): [0,2402,10061,com.thundercomm.gamemode.provider,content provider,{com.thundercomm.gamemode.provider/com.thundercomm.gamemode.provider.SettingsProvider}]
02-22 01:13:08.309 I/am_proc_bound( 1521): [0,2383,android.ext.services]
02-22 01:13:08.312 I/am_uid_active( 1521): 10094
02-22 01:13:08.316 I/am_proc_bound( 1521): [0,2335,com.qualcomm.qti.devicestatisticsservice]
02-22 01:13:08.318 I/am_uid_active( 1521): 10065
02-22 01:13:08.320 I/am_proc_bound( 1521): [0,2352,com.qualcomm.qti.qdma]
02-22 01:13:08.325 I/am_proc_bound( 1521): [0,2370,com.android.settings]
02-22 01:13:08.327 I/wm_restart_activity( 1521): [0,179420755,4,com.android.settings/.FallbackHome]
02-22 01:13:08.328 I/wm_set_resumed_activity( 1521): [0,com.android.settings/.FallbackHome,minimalResumeActivityLocked]
02-22 01:13:08.345 I/am_proc_bound( 1521): [0,2402,com.thundercomm.gamemode.provider]
02-22 01:13:08.346 I/commit_sys_config_file( 1521): [settings-0-0,5]
02-22 01:13:08.346 I/am_uid_active( 1521): 10061
02-22 01:13:08.387 I/auditd ( 1007): type=1400 audit(0.0:239): avc: denied { read write } for comm="sensors.qti" name="diag" dev="tmpfs" ino=11432 scontext=u:r:vendor_sensors_qti:s0 tcontext=u:object_r:vendor_diag_device:s0 tclass=chr_file permissive=0
02-22 01:13:08.403 I/am_wtf ( 1521): [0,2370,com.android.settings,952647173,RoleParser,com.android.permissioncontroller.role.model.AssistantRoleBehavior]
02-22 01:13:08.404 I/am_wtf ( 1521): [0,2370,com.android.settings,952647173,RoleParser,com.android.permissioncontroller.role.model.BrowserRoleBehavior]
02-22 01:13:08.405 I/am_wtf ( 1521): [0,2370,com.android.settings,952647173,RoleParser,com.android.permissioncontroller.role.model.DialerRoleBehavior]
02-22 01:13:08.406 I/am_wtf ( 1521): [0,2370,com.android.settings,952647173,RoleParser,com.android.permissioncontroller.role.model.SmsRoleBehavior]
02-22 01:13:08.407 I/am_wtf ( 1521): [0,2370,com.android.settings,952647173,RoleParser,com.android.permissioncontroller.role.model.EmergencyRoleBehavior]
02-22 01:13:08.408 I/am_wtf ( 1521): [0,2370,com.android.settings,952647173,RoleParser,com.android.permissioncontroller.role.model.HomeRoleBehavior]
02-22 01:13:08.412 I/am_wtf ( 1521): [0,2370,com.android.settings,952647173,RoleParser,com.android.permissioncontroller.role.model.SystemAutomotiveClusterRoleBehavior]
02-22 01:13:08.413 I/am_uid_running( 1521): 10080
02-22 01:13:08.415 I/am_wtf ( 1521): [0,2370,com.android.settings,952647173,RoleParser,com.android.permissioncontroller.role.model.CompanionDeviceWatchRoleBehavior]
02-22 01:13:08.416 I/am_wtf ( 1521): [0,2370,com.android.settings,952647173,RoleParser,com.android.permissioncontroller.role.model.SystemShellRoleBehavior]
02-22 01:13:08.417 I/am_wtf ( 1521): [0,2370,com.android.settings,952647173,RoleParser,com.android.permissioncontroller.role.model.TelevisionRoleBehavior]
02-22 01:13:08.418 I/am_proc_start( 1521): [0,2529,10080,com.android.launcher3,service,{com.android.launcher3/com.android.quickstep.TouchInteractionService}]
02-22 01:13:08.419 I/am_wtf ( 1521): [0,2370,com.android.settings,952647173,RoleParser,com.android.permissioncontroller.role.model.TelevisionRoleBehavior]
02-22 01:13:08.420 D/TelephonyRegistry( 1521): listen oscl: mHasNotifySubscriptionInfoChangedOccurred==false no callback
02-22 01:13:08.430 I/notification_enqueue( 1521): [10078,1972,com.android.systemui,1,empty_media,0,Notification(channel=empty_media_style_id shortcut=null contentView=null vibrate=null sound=null defaults=0x0 flags=0x20 color=0x00000000 category=transport actions=4 vis=PRIVATE),0]
02-22 01:13:08.432 D/TelephonyRegistry( 1521): notifyCellLocationForSubscriber: subId=2147483647 cellIdentity=null
02-22 01:13:08.435 I/notification_enqueue( 1521): [1000,1521,android,32,NULL,-1,Notification(channel=USB shortcut=null contentView=null vibrate=null sound=null tick defaults=0x0 flags=0x2 color=0x00000000 vis=PUBLIC),0]
02-22 01:13:08.435 I/notification_cancel_all( 1521): [1000,1521,com.android.systemui,0,0,0,20,NULL]
02-22 01:13:08.438 I/wm_on_create_called( 2370): [179420755,com.android.settings.FallbackHome,performCreate]
02-22 01:13:08.439 I/wm_on_start_called( 2370): [179420755,com.android.settings.FallbackHome,handleStartActivity]
02-22 01:13:08.440 I/wm_on_resume_called( 2370): [179420755,com.android.settings.FallbackHome,RESUME_ACTIVITY]
02-22 01:13:08.447 I/wm_on_top_resumed_gained_called( 2370): [179420755,com.android.settings.FallbackHome,topStateChangedWhenResumed]
02-22 01:13:08.458 I/input_focus( 1521): [Focus request 39934b4 com.android.settings/com.android.settings.FallbackHome,reason=UpdateInputWindows]
02-22 01:13:08.459 I/am_proc_bound( 1521): [0,2529,com.android.launcher3]
02-22 01:13:08.461 I/am_uid_active( 1521): 10080
02-22 01:13:08.465 I/sysui_multi_action( 1972): [757,213,758,4,759,-1]
02-22 01:13:08.475 I/am_uid_running( 1521): 10086
02-22 01:13:08.480 W/CarrierConfigManager( 1972): Error getting config for subId -1 ICarrierConfigLoader is null
02-22 01:13:08.482 I/am_proc_start( 1521): [0,2580,10086,com.qualcomm.qti.qccauthmgr,content provider,{com.qualcomm.qti.qccauthmgr/com.qualcomm.qti.qccauthmgr.providers.SMQContentProvider}]
02-22 01:13:08.494 D/TelephonyRegistry( 1521): listen oscl: mHasNotifySubscriptionInfoChangedOccurred==false no callback
02-22 01:13:08.500 I/boot_progress_enable_screen( 1521): 10334
02-22 01:13:08.503 I/screen_toggled( 1521): 1
02-22 01:13:08.520 I/am_proc_bound( 1521): [0,2580,com.qualcomm.qti.qccauthmgr]
02-22 01:13:08.521 I/am_uid_active( 1521): 10086
02-22 01:13:08.587 I/auditd ( 1007): type=1400 audit(0.0:240): avc: denied { read write } for comm="sensors.qti" name="diag" dev="tmpfs" ino=11432 scontext=u:r:vendor_sensors_qti:s0 tcontext=u:object_r:vendor_diag_device:s0 tclass=chr_file permissive=0
02-22 01:13:08.607 I/commit_sys_config_file( 1521): [settings-2-0,1]
02-22 01:13:08.630 I/sysui_multi_action( 1521): [757,1501,758,1,793,260,794,0,795,260,796,1,797,empty_media,806,com.android.systemui,857,empty_media_style_id,858,4,947,0,1500,0,1641,transport,1688,1,1745,1043716538]
02-22 01:13:08.630 I/sysui_multi_action( 1521): [757,804,799,note_interruptive,801,0,802,1]
02-22 01:13:08.635 I/sysui_multi_action( 1521): [757,1501,758,1,793,255,794,0,795,255,796,32,806,android,857,USB,858,1,947,0,1500,0]
02-22 01:13:08.635 I/sysui_multi_action( 1521): [757,804,799,note_interruptive,801,0,802,1]
02-22 01:13:08.787 I/auditd ( 1007): type=1400 audit(0.0:241): avc: denied { read write } for comm="sensors.qti" name="diag" dev="tmpfs" ino=11432 scontext=u:r:vendor_sensors_qti:s0 tcontext=u:object_r:vendor_diag_device:s0 tclass=chr_file permissive=0
02-22 01:13:08.909 I/wm_boot_animation_done( 1521): 10743
02-22 01:13:08.914 I/commit_sys_config_file( 1521): [settings-1-0,3]
02-22 01:13:08.944 I/notification_enqueue( 1521): [1000,1521,android,26,NULL,-1,Notification(channel=DEVELOPER_IMPORTANT shortcut=null contentView=null vibrate=null sound=null tick defaults=0x0 flags=0x2 color=0x00000000 vis=PUBLIC),0]
02-22 01:13:08.954 I/uc_finish_user_boot( 1521): 0
02-22 01:13:08.954 I/am_user_state_changed( 1521): [0,1]
02-22 01:13:08.954 I/uc_send_user_broadcast( 1521): [0,android.intent.action.LOCKED_BOOT_COMPLETED]
02-22 01:13:08.959 I/wm_task_created( 1521): [8,-1]
02-22 01:13:08.962 I/wm_task_moved( 1521): [8,1,6]
02-22 01:13:08.962 I/wm_task_to_front( 1521): [0,8]
02-22 01:13:08.963 I/wm_create_task( 1521): [0,8]
02-22 01:13:08.963 I/wm_on_top_resumed_lost_called( 2370): [179420755,com.android.settings.FallbackHome,topStateChangedWhenResumed]
02-22 01:13:08.963 I/wm_create_activity( 1521): [0,415950,8,com.android.systemui/.usb.UsbDebuggingActivity,NULL,NULL,NULL,276824064]
02-22 01:13:08.963 I/wm_task_moved( 1521): [8,1,6]
02-22 01:13:08.965 I/wm_pause_activity( 1521): [0,179420755,com.android.settings/.FallbackHome,userLeaving=true,pauseBackTasks]
02-22 01:13:08.968 I/wm_on_paused_called( 2370): [179420755,com.android.settings.FallbackHome,performPause]
02-22 01:13:08.970 I/wm_restart_activity( 1521): [0,415950,8,com.android.systemui/.usb.UsbDebuggingActivity]
02-22 01:13:08.970 I/wm_set_resumed_activity( 1521): [0,com.android.systemui/.usb.UsbDebuggingActivity,minimalResumeActivityLocked]
02-22 01:13:08.977 I/uc_finish_user_unlocking( 1521): 0
02-22 01:13:08.979 I/am_uid_running( 1521): 10068
02-22 01:13:08.975 I/auditd ( 2660): type=1400 audit(0.0:242): avc: denied { ptrace } for comm="crash_dump64" scontext=u:r:crash_dump:s0 tcontext=u:r:init:s0 tclass=process permissive=0
02-22 01:13:08.986 I/wm_on_create_called( 1972): [415950,com.android.systemui.usb.UsbDebuggingActivity,performCreate]
02-22 01:13:08.986 I/wm_on_start_called( 1972): [415950,com.android.systemui.usb.UsbDebuggingActivity,handleStartActivity]
02-22 01:13:08.987 I/wm_on_resume_called( 1972): [415950,com.android.systemui.usb.UsbDebuggingActivity,RESUME_ACTIVITY]
02-22 01:13:08.989 I/sysui_multi_action( 1521): [757,803,799,window_time_0,802,3]
02-22 01:13:08.992 I/wm_on_top_resumed_gained_called( 1972): [415950,com.android.systemui.usb.UsbDebuggingActivity,topStateChangedWhenResumed]
02-22 01:13:08.987 I/auditd ( 1007): type=1400 audit(0.0:243): avc: denied { read write } for comm="sensors.qti" name="diag" dev="tmpfs" ino=11432 scontext=u:r:vendor_sensors_qti:s0 tcontext=u:object_r:vendor_diag_device:s0 tclass=chr_file permissive=0
02-22 01:13:08.994 I/am_proc_start( 1521): [0,2669,10068,com.android.deskclock,broadcast,{com.android.deskclock/com.android.deskclock.AlarmInitReceiver}]
02-22 01:13:09.002 I/input_focus( 1521): [Focus request 2e286ad com.android.systemui/com.android.systemui.usb.UsbDebuggingActivity,reason=UpdateInputWindows]
02-22 01:13:09.013 I/am_proc_bound( 1521): [0,2669,com.android.deskclock]
02-22 01:13:09.017 I/am_uid_active( 1521): 10068
02-22 01:13:09.111 I/am_user_state_changed( 1521): [0,2]
02-22 01:13:09.112 I/ssm_user_unlocking( 1521): 0
02-22 01:13:09.131 I/sysui_multi_action( 1521): [319,962,322,961,325,9,757,761,758,7,759,2,806,com.android.systemui,871,com.android.systemui.usb.UsbDebuggingActivity,904,android,905,0,945,276,1320,8,1321,5]
02-22 01:13:09.132 I/wm_activity_launch_time( 1521): [0,415950,com.android.systemui/.usb.UsbDebuggingActivity,961]
02-22 01:13:09.143 I/auditd ( 472): type=1400 audit(0.0:244): avc: denied { create } for comm="init" name="key" scontext=u:r:vendor_init:s0 tcontext=u:object_r:mnt_product_file:s0 tclass=dir permissive=0
02-22 01:13:09.148 I/uc_finish_user_unlocked( 1521): 0
02-22 01:13:09.148 I/am_user_state_changed( 1521): [0,3]
02-22 01:13:09.150 I/wm_task_created( 1521): [12,-1]
02-22 01:13:09.151 I/am_uid_running( 1521): 10082
02-22 01:13:09.152 I/am_uid_running( 1521): 10057
02-22 01:13:09.153 I/am_uid_running( 1521): 10053
02-22 01:13:09.154 I/am_uid_running( 1521): 10072
02-22 01:13:09.154 I/am_uid_running( 1521): 10085
02-22 01:13:09.155 I/am_uid_running( 1521): 10081
02-22 01:13:09.156 I/am_uid_running( 1521): 10071
02-22 01:13:09.159 I/uc_send_user_broadcast( 1521): [0,android.intent.action.USER_UNLOCKED]
02-22 01:13:09.165 I/am_proc_start( 1521): [0,2725,10082,com.hht.lebocast,added application,com.hht.lebocast]
02-22 01:13:09.166 I/uc_finish_user_unlocked_completed( 1521): 0
02-22 01:13:09.167 I/ssm_user_unlocked( 1521): 0
02-22 01:13:09.168 I/am_uid_active( 1521): 10071
02-22 01:13:09.176 I/am_proc_start( 1521): [0,2735,10057,ts.car.uart,added application,ts.car.uart]
02-22 01:13:09.176 I/uc_send_user_broadcast( 1521): [0,android.intent.action.BOOT_COMPLETED]
02-22 01:13:09.179 I/wm_finish_activity( 1521): [0,179420755,4,com.android.settings/.FallbackHome,app-request]
02-22 01:13:09.181 I/wm_destroy_activity( 1521): [0,179420755,4,com.android.settings/.FallbackHome,finish-imm:finishIfPossible]
02-22 01:13:09.188 I/am_uid_running( 1521): 10093
02-22 01:13:09.190 I/wm_on_stop_called( 2370): [179420755,com.android.settings.FallbackHome,LIFECYCLER_STOP_ACTIVITY]
02-22 01:13:09.187 I/auditd ( 1007): type=1400 audit(0.0:245): avc: denied { read write } for comm="sensors.qti" name="diag" dev="tmpfs" ino=11432 scontext=u:r:vendor_sensors_qti:s0 tcontext=u:object_r:vendor_diag_device:s0 tclass=chr_file permissive=0
02-22 01:13:09.194 I/am_proc_start( 1521): [0,2761,1000,com.hryt.hiphishowfsecontrol,added application,com.hryt.hiphishowfsecontrol]
02-22 01:13:09.196 I/am_proc_bound( 1521): [0,2725,com.hht.lebocast]
02-22 01:13:09.197 I/wm_on_destroy_called( 2370): [179420755,com.android.settings.FallbackHome,performDestroy]
02-22 01:13:09.198 I/am_uid_active( 1521): 10082
02-22 01:13:09.202 I/am_proc_start( 1521): [0,2764,10053,.pasr,added application,.pasr]
02-22 01:13:09.215 I/am_proc_start( 1521): [0,2773,10072,com.qualcomm.qti.services.systemhelper:systemhelper_service,added application,com.qualcomm.qti.services.systemhelper:systemhelper_service]
02-22 01:13:09.227 I/am_proc_bound( 1521): [0,2761,com.hryt.hiphishowfsecontrol]
02-22 01:13:09.233 I/am_proc_bound( 1521): [0,2764,.pasr]
02-22 01:13:09.237 I/am_uid_active( 1521): 10053
02-22 01:13:09.240 I/am_proc_start( 1521): [0,2817,10085,com.qualcomm.qti.qccnetstat,added application,com.qualcomm.qti.qccnetstat]
02-22 01:13:09.247 I/am_proc_bound( 1521): [0,2773,com.qualcomm.qti.services.systemhelper:systemhelper_service]
02-22 01:13:09.250 I/am_uid_active( 1521): 10072
02-22 01:13:09.259 I/am_proc_bound( 1521): [0,2735,ts.car.uart]
02-22 01:13:09.266 I/am_uid_active( 1521): 10057
02-22 01:13:09.273 I/am_proc_start( 1521): [0,2844,10081,com.qualcomm.qti.workloadclassifier,added application,com.qualcomm.qti.workloadclassifier]
02-22 01:13:09.279 I/am_proc_bound( 1521): [0,2817,com.qualcomm.qti.qccnetstat]
02-22 01:13:09.283 I/am_uid_active( 1521): 10085
02-22 01:13:09.284 I/am_proc_start( 1521): [0,2871,10071,com.qualcomm.location,added application,com.qualcomm.location]
02-22 01:13:09.292 I/am_proc_bound( 1521): [0,2844,com.qualcomm.qti.workloadclassifier]
02-22 01:13:09.305 I/am_uid_active( 1521): 10081
02-22 01:13:09.310 I/am_proc_start( 1521): [0,2875,10093,com.android.providers.media.module,service,{com.android.providers.media.module/com.android.providers.media.fuse.ExternalStorageServiceImpl}]
02-22 01:13:09.311 I/sysui_multi_action( 1521): [757,1501,758,1,793,369,794,0,795,369,796,26,806,android,857,DEVELOPER_IMPORTANT,858,4,947,0,1500,0]
02-22 01:13:09.311 I/sysui_multi_action( 1521): [757,804,799,note_interruptive,801,0,802,1]
02-22 01:13:09.312 I/sysui_multi_action( 1521): [757,1501,758,1,793,370,794,0,795,370,796,26,806,android,857,DEVELOPER_IMPORTANT,858,4,947,0,1500,0,1688,1]
02-22 01:13:09.312 I/sysui_multi_action( 1521): [757,804,799,note_interruptive,801,0,802,1]
02-22 01:13:09.312 I/sysui_multi_action( 1521): [757,199,758,1,759,2,793,370,794,0,795,370,796,26,806,android,857,DEVELOPER_IMPORTANT,858,4,947,0,1500,0,1688,1]
02-22 01:13:09.312 I/notification_alert( 1521): [-1|android|26|null|1000,0,1,0]
02-22 01:13:09.328 I/am_proc_start( 1521): [0,2911,1000,com.android.keychain,service,{com.android.keychain/com.android.keychain.KeyChainService}]
02-22 01:13:09.329 I/am_proc_bound( 1521): [0,2871,com.qualcomm.location]
02-22 01:13:09.337 I/am_proc_bound( 1521): [0,2875,com.android.providers.media.module]
02-22 01:13:09.340 I/am_uid_active( 1521): 10093
02-22 01:13:09.345 I/am_proc_bound( 1521): [0,2911,com.android.keychain]
02-22 01:13:09.387 I/auditd ( 1007): type=1400 audit(0.0:246): avc: denied { read write } for comm="sensors.qti" name="diag" dev="tmpfs" ino=11432 scontext=u:r:vendor_sensors_qti:s0 tcontext=u:object_r:vendor_diag_device:s0 tclass=chr_file permissive=0
02-22 01:13:09.427 I/am_uid_running( 1521): 10070
02-22 01:13:09.433 I/am_proc_start( 1521): [0,2975,10070,com.qualcomm.location.XT,service,{com.qualcomm.location.XT/com.qualcomm.location.XT.XTSrv}]
02-22 01:13:09.443 I/am_uid_running( 1521): 10088
02-22 01:13:09.450 I/am_proc_start( 1521): [0,2989,10088,com.qualcomm.qtil.aptxui,broadcast,{com.qualcomm.qtil.aptxui/com.qualcomm.qtil.aptxui.aptxuiBootReceiver}]
02-22 01:13:09.455 I/am_proc_bound( 1521): [0,2975,com.qualcomm.location.XT]
02-22 01:13:09.456 I/am_uid_active( 1521): 10070
02-22 01:13:09.466 I/am_proc_bound( 1521): [0,2989,com.qualcomm.qtil.aptxui]
02-22 01:13:09.469 I/am_uid_active( 1521): 10088
02-22 01:13:09.495 I/auditd ( 3024): type=1400 audit(0.0:247): avc: denied { read } for comm="ip" name="rt_tables" dev="dm-10" ino=344 scontext=u:r:ethernet:s0 tcontext=u:object_r:net_data_file:s0 tclass=file permissive=0
02-22 01:13:09.503 I/auditd ( 3028): type=1400 audit(0.0:248): avc: denied { read } for comm="ip" name="rt_tables" dev="dm-10" ino=344 scontext=u:r:ethernet:s0 tcontext=u:object_r:net_data_file:s0 tclass=file permissive=0
02-22 01:13:09.552 I/am_uid_running( 1521): 10030
02-22 01:13:09.560 I/am_proc_start( 1521): [0,3059,10030,com.android.traceur,broadcast,{com.android.traceur/com.android.traceur.Receiver}]
02-22 01:13:09.578 I/am_proc_bound( 1521): [0,3059,com.android.traceur]
02-22 01:13:09.581 I/am_uid_active( 1521): 10030
02-22 01:13:09.636 I/am_uid_running( 1521): 10017
02-22 01:13:09.635 I/auditd ( 806): type=1400 audit(0.0:249): avc: denied { read write } for comm="bluetooth@1.0-s" name="diag" dev="tmpfs" ino=11432 scontext=u:r:hal_bluetooth_default:s0 tcontext=u:object_r:vendor_diag_device:s0 tclass=chr_file permissive=0
02-22 01:13:09.644 I/am_proc_start( 1521): [0,3092,10017,android.process.media,broadcast,{com.android.mtp/com.android.mtp.MtpReceiver}]
02-22 01:13:09.659 I/auditd ( 3113): type=1400 audit(0.0:250): avc: denied { read } for comm="ip" name="rt_tables" dev="dm-10" ino=344 scontext=u:r:ethernet:s0 tcontext=u:object_r:net_data_file:s0 tclass=file permissive=0
02-22 01:13:09.659 I/auditd ( 820): type=1400 audit(0.0:251): avc: denied { read } for comm="Loc_hal_worker" name="u:object_r:vendor_pd_locater_dbg_prop:s0" dev="tmpfs" ino=15735 scontext=u:r:vendor_hal_gnss_qti:s0 tcontext=u:object_r:vendor_pd_locater_dbg_prop:s0 tclass=file permissive=0
02-22 01:13:09.668 I/am_proc_bound( 1521): [0,3092,android.process.media]
02-22 01:13:09.663 I/auditd ( 3116): type=1400 audit(0.0:252): avc: denied { read } for comm="ip" name="rt_tables" dev="dm-10" ino=344 scontext=u:r:ethernet:s0 tcontext=u:object_r:net_data_file:s0 tclass=file permissive=0
02-22 01:13:09.680 D/TelephonyRegistry( 1521): listen oscl: mHasNotifySubscriptionInfoChangedOccurred==false no callback
02-22 01:13:09.687 I/am_crash( 1521): [2335,0,com.qualcomm.qti.devicestatisticsservice,814235213,java.lang.ClassNotFoundException,android.hidl.manager.V1_0.IServiceNotification$Stub,DeviceStatisticsService.java,83]
02-22 01:13:09.690 I/wm_task_removed( 1521): [4,cleanUpResourcesForDestroy]
02-22 01:13:09.690 I/wm_task_removed( 1521): [1,removeChild:removeChild last r=Task{c59f7d6 #4 type=home A=1000:com.android.settings.FallbackHome U=0 visible=false mode=fullscreen translucent=true sz=0} in t=Task{8184419 #1 type=home ?? U=0 visible=true mode=fullscreen translucent=true sz=0}]
02-22 01:13:09.690 I/wm_task_removed( 1521): [1,removeChild]
02-22 01:13:09.691 I/wm_task_removed( 1521): [4,removeChild:removeChild last r=ActivityRecord{ab1be53 u0 com.android.settings/.FallbackHome t-1 f}} in t=Task{c59f7d6 #4 type=home A=1000:com.android.settings.FallbackHome U=0 visible=false mode=fullscreen translucent=true sz=0}]
02-22 01:13:09.691 I/wm_task_removed( 1521): [4,removeChild]
02-22 01:13:09.693 I/sysui_multi_action( 1521): [757,316,758,4,759,-1]
02-22 01:13:09.699 I/am_wtf ( 1521): [0,1521,system_server,-1,BootReceiver,open failed: ENOENT (No such file or directory)]
02-22 01:13:09.710 I/am_proc_died( 1521): [0,2335,com.qualcomm.qti.devicestatisticsservice,-800,0]
02-22 01:13:09.711 I/am_schedule_service_restart( 1521): [0,com.qualcomm.qti.devicestatisticsservice/.DeviceStatisticsService,0]
02-22 01:13:09.711 I/am_uid_stopped( 1521): 10065
02-22 01:13:09.711 I/am_uid_running( 1521): 10065
02-22 01:13:09.717 I/am_uid_active( 1521): 10065
02-22 01:13:09.718 I/am_proc_start( 1521): [0,3132,10065,com.qualcomm.qti.devicestatisticsservice,restart,com.qualcomm.qti.devicestatisticsservice]
02-22 01:13:09.720 I/commit_sys_config_file( 1521): [log-files,0]
02-22 01:13:09.731 I/am_uid_active( 1521): 10017
02-22 01:13:09.734 D/TelephonyRegistry( 1521): listen oscl: mHasNotifySubscriptionInfoChangedOccurred==false no callback
02-22 01:13:09.739 I/am_proc_bound( 1521): [0,3132,com.qualcomm.qti.devicestatisticsservice]
02-22 01:13:09.752 D/TelephonyRegistry( 1521): listen oscl: mHasNotifySubscriptionInfoChangedOccurred==false no callback
02-22 01:13:09.774 I/am_proc_start( 1521): [0,3159,1000,com.qti.diagservices,broadcast,{com.qti.diagservices/com.qti.diagservices.Diag_OnBoot}]
02-22 01:13:09.790 I/am_proc_bound( 1521): [0,3159,com.qti.diagservices]
02-22 01:13:09.803 I/liblog ( 1955): 5
02-22 01:13:09.803 I/liblog ( 1955): 2
02-22 01:13:09.803 I/liblog ( 1955): 37
02-22 01:13:09.803 I/liblog ( 1955): 1
02-22 01:13:09.803 I/liblog ( 1955): 1
02-22 01:13:09.803 I/liblog ( 1955): 1
02-22 01:13:09.803 I/liblog ( 1955): 24
02-22 01:13:09.804 I/liblog ( 1955): 16
02-22 01:13:09.805 I/liblog ( 1955): 1
02-22 01:13:09.805 I/liblog ( 1955): 33
02-22 01:13:09.805 I/liblog ( 1955): 2
02-22 01:13:09.805 I/liblog ( 1955): 1
02-22 01:13:09.805 I/liblog ( 1955): 3
02-22 01:13:09.805 I/liblog ( 1955): 1
02-22 01:13:09.805 I/liblog ( 1955): 1
02-22 01:13:09.809 I/liblog ( 1955): 42
02-22 01:13:09.834 I/am_uid_running( 1521): 10018
02-22 01:13:09.835 I/auditd ( 3196): type=1400 audit(0.0:253): avc: denied { read } for comm="ip" name="rt_tables" dev="dm-10" ino=344 scontext=u:r:ethernet:s0 tcontext=u:object_r:net_data_file:s0 tclass=file permissive=0
02-22 01:13:09.841 I/am_proc_start( 1521): [0,3199,10018,android.process.acore,content provider,{com.android.providers.contacts/com.android.providers.contacts.ContactsProvider2}]
02-22 01:13:09.843 I/auditd ( 3202): type=1400 audit(0.0:254): avc: denied { read } for comm="ip" name="rt_tables" dev="dm-10" ino=344 scontext=u:r:ethernet:s0 tcontext=u:object_r:net_data_file:s0 tclass=file permissive=0
02-22 01:13:09.856 I/am_proc_bound( 1521): [0,3199,android.process.acore]
02-22 01:13:09.858 I/am_uid_active( 1521): 10018
02-22 01:13:09.919 I/am_meminfo( 1521): [976723968,4888231936,12288,311316480,600386560]
02-22 01:13:09.924 I/am_pss ( 1521): [2580,10086,com.qualcomm.qti.qccauthmgr,6621184,4210688,0,94584832,2,5,5]
02-22 01:13:09.926 I/commit_sys_config_file( 1521): [settings-0-0,4]
02-22 01:13:09.930 I/am_pss ( 1521): [2402,10061,com.thundercomm.gamemode.provider,8026112,5685248,0,94896128,2,5,5]
02-22 01:13:09.935 I/am_pss ( 1521): [2383,10094,android.ext.services,9829376,4792320,0,102166528,2,5,4]
02-22 01:13:09.941 I/am_pss ( 1521): [2529,10080,com.android.launcher3,17753088,14159872,0,111534080,2,5,5]
02-22 01:13:09.948 I/am_pss ( 1521): [1955,1002,com.android.bluetooth,31859712,26697728,0,137572352,2,0,6]
02-22 01:13:09.954 I/am_pss ( 1521): [2352,1000,com.qualcomm.qti.qdma,11392000,7430144,0,105897984,2,0,6]
02-22 01:13:09.960 I/am_pss ( 1521): [2328,1000,com.thundercomm.tcservice,8147968,5914624,0,94175232,2,0,5]
02-22 01:13:09.965 I/am_pss ( 1521): [2315,1000,com.thundercomm.remotecontrolservice,9624576,6828032,0,100040704,2,0,5]
02-22 01:13:09.970 I/am_pss ( 1521): [2301,1068,com.android.se,5981184,3887104,0,90443776,2,0,5]
02-22 01:13:09.975 I/am_pss ( 1521): [2236,1000,com.thundercomm.tcsetupwizard,6963200,4956160,0,90230784,2,0,5]
02-22 01:13:09.980 I/am_pss ( 1521): [2227,1000,com.tc.logclient,6642688,4636672,0,89903104,2,0,4]
02-22 01:13:09.986 I/am_pss ( 1521): [2250,10084,com.qti.qualcomm.mstatssystemservice,5623808,3604480,0,88780800,2,0,4]
02-22 01:13:09.991 I/am_pss ( 1521): [2217,1000,com.thundercomm.tchttpserver,7355392,5345280,0,90628096,2,0,5]
02-22 01:13:09.996 I/am_pss ( 1521): [2248,1000,vendor.qti.qesdk.sysservice,5747712,3612672,0,90554368,2,0,5]
02-22 01:13:10.001 I/am_pss ( 1521): [2199,10055,.qtidataservices,6089728,4034560,0,90169344,2,0,4]
02-22 01:13:10.007 I/am_pss ( 1521): [2175,1001,.dataservices,8342528,6127616,0,93282304,2,0,5]
02-22 01:13:10.013 I/am_pss ( 1521): [2167,1000,com.thundercomm.microsettings,37730304,32882688,0,127909888,2,0,5]
02-22 01:13:10.019 I/am_pss ( 1521): [2164,1000,com.thundercomm.microservice,8896512,6725632,0,94093312,2,0,5]
02-22 01:13:10.025 I/am_pss ( 1521): [2106,1000,com.thundercomm.gamemode,8896512,6770688,0,93700096,2,0,5]
02-22 01:13:10.031 I/am_pss ( 1521): [2061,1073,com.android.networkstack.process,11441152,8396800,0,103084032,2,0,5]
02-22 01:13:10.042 I/am_pss ( 1521): [1972,10078,com.android.systemui,170882048,149426176,0,320131072,2,1,10]
02-22 01:13:10.060 I/am_pss ( 1521): [1521,1000,system,200355840,104706048,0,506351616,2,0,16]
02-22 01:13:10.156 I/commit_sys_config_file( 1521): [settings-2-0,4]
02-22 01:13:11.140 I/commit_sys_config_file( 1521): [jobs,6]
02-22 01:13:11.829 I/service_manager_stats( 1521): [704,326,5724]
02-22 01:13:11.836 I/netstats_mobile_sample( 1521): [0,0,0,0,0,0,0,0,0,0,0,0,1676999591836]
02-22 01:13:11.836 I/netstats_wifi_sample( 1521): [0,0,0,0,0,0,0,0,0,0,0,0,1676999591836]
02-22 01:13:11.847 I/netstats_mobile_sample( 1521): [0,0,0,0,0,0,0,0,0,0,0,0,1676999591847]
02-22 01:13:11.847 I/netstats_wifi_sample( 1521): [0,0,0,0,0,0,0,0,0,0,0,0,1676999591847]
02-22 01:13:12.112 I/commit_sys_config_file( 1521): [settings-0-0,9]
02-22 01:13:12.216 I/backup_transport_lifecycle( 1521): [com.android.localtransport/.LocalTransportService,1]
02-22 01:13:12.226 I/am_proc_start( 1521): [0,3391,1000,com.android.localtransport,service,{com.android.localtransport/com.android.localtransport.LocalTransportService}]
02-22 01:13:12.229 I/sysui_multi_action( 1521): [757,1717,758,1,759,0]
02-22 01:13:12.229 I/sysui_multi_action( 1521): [757,1717,758,2,759,0]
02-22 01:13:12.229 I/sysui_multi_action( 1521): [757,1717,758,3,759,0]
02-22 01:13:12.255 I/am_proc_bound( 1521): [0,3391,com.android.localtransport]
02-22 01:13:12.631 I/backup_transport_connection( 1521): [com.android.localtransport/.LocalTransportService,1]
02-22 01:13:12.641 I/am_uid_running( 1521): 10062
02-22 01:13:12.644 I/backup_transport_lifecycle( 1521): [com.android.localtransport/.LocalTransportService,0]
02-22 01:13:12.644 I/backup_transport_connection( 1521): [com.android.localtransport/.LocalTransportService,0]
02-22 01:13:12.654 I/am_proc_start( 1521): [0,3412,10062,com.android.calendar,broadcast,{com.android.calendar/com.android.calendar.alerts.AlertReceiver}]
02-22 01:13:12.673 I/notification_cancel_all( 1521): [1002,1955,com.android.bluetooth,0,0,64,9,NULL]
02-22 01:13:12.681 I/am_proc_bound( 1521): [0,3412,com.android.calendar]
02-22 01:13:12.686 I/am_uid_active( 1521): 10062
02-22 01:13:12.767 I/wm_task_created( 1521): [13,-1]
02-22 01:13:12.768 I/wm_task_created( 1521): [14,-1]
02-22 01:13:12.769 I/wm_task_moved( 1521): [14,0,-2147483648]
02-22 01:13:12.769 I/wm_create_task( 1521): [0,14]
02-22 01:13:12.769 I/wm_create_activity( 1521): [0,98139469,14,com.android.launcher3/.uioverrides.QuickstepLauncher,android.intent.action.MAIN,NULL,NULL,268500992]
02-22 01:13:12.771 I/wm_restart_activity( 1521): [0,98139469,14,com.android.launcher3/.uioverrides.QuickstepLauncher]
02-22 01:13:12.771 I/wm_add_to_stopping( 1521): [0,98139469,com.android.launcher3/.uioverrides.QuickstepLauncher,preloadRecents]
02-22 01:13:12.773 I/sysui_multi_action( 1972): [757,803,799,note_peek,802,1]
02-22 01:13:12.776 I/sysui_multi_action( 1521): [757,127,758,1]
02-22 01:13:12.776 I/sysui_multi_action( 1521): [757,804,799,note_load,801,1,802,1]
02-22 01:13:12.776 I/notification_panel_revealed( 1521): 1
02-22 01:13:12.776 I/sysui_heads_up_status( 1972): [-1|android|26|null|1000,1]
02-22 01:13:12.781 I/am_proc_start( 1521): [0,3450,1000,com.android.dynsystem,broadcast,{com.android.dynsystem/com.android.dynsystem.BootCompletedReceiver}]
02-22 01:13:12.781 I/sysui_multi_action( 1521): [757,128,758,1,793,4401,794,0,795,4401,796,32,798,1,806,android,857,USB,858,1,947,0,1395,2,1500,4146,1688,1]
02-22 01:13:12.781 I/sysui_multi_action( 1521): [757,804,799,note_freshness,801,4401,802,1]
02-22 01:13:12.781 I/notification_visibility( 1521): [-1|android|32|null|1000,1,4401,4401,0,1]
02-22 01:13:12.793 I/am_proc_bound( 1521): [0,3450,com.android.dynsystem]
02-22 01:13:12.829 I/am_uid_running( 1521): 10069
02-22 01:13:12.832 I/am_proc_start( 1521): [0,3471,1000,com.android.dynsystem:dynsystem,service,{com.android.dynsystem/com.android.dynsystem.DynamicSystemInstallationService}]
02-22 01:13:12.846 I/am_proc_start( 1521): [0,3486,10069,com.android.inputmethod.latin,broadcast,{com.android.inputmethod.latin/com.android.inputmethod.latin.SystemBroadcastReceiver}]
02-22 01:13:12.847 I/am_proc_bound( 1521): [0,3471,com.android.dynsystem:dynsystem]
02-22 01:13:12.859 I/am_proc_bound( 1521): [0,3486,com.android.inputmethod.latin]
02-22 01:13:12.861 I/am_uid_active( 1521): 10069
02-22 01:13:12.921 I/am_proc_died( 1521): [0,3486,com.android.inputmethod.latin,0,11]
02-22 01:13:12.921 I/am_broadcast_discard_app( 1521): [0,144145258,android.intent.action.BOOT_COMPLETED,17,ResolveInfo{d7d44d3 com.android.inputmethod.latin/.SystemBroadcastReceiver m=0x108000}]
02-22 01:13:12.922 I/am_uid_stopped( 1521): 10069
02-22 01:13:12.922 I/am_uid_running( 1521): 10034
02-22 01:13:12.927 I/am_proc_start( 1521): [0,3506,10034,com.android.managedprovisioning,broadcast,{com.android.managedprovisioning/com.android.managedprovisioning.BootReminder}]
02-22 01:13:12.934 I/wm_on_create_called( 2529): [98139469,com.android.launcher3.uioverrides.QuickstepLauncher,performCreate]
02-22 01:13:12.935 I/wm_on_start_called( 2529): [98139469,com.android.launcher3.uioverrides.QuickstepLauncher,handleStartActivity]
02-22 01:13:12.935 I/wm_on_resume_called( 2529): [98139469,com.android.launcher3.uioverrides.QuickstepLauncher,LIFECYCLER_RESUME_ACTIVITY]
02-22 01:13:12.939 I/wm_on_paused_called( 2529): [98139469,com.android.launcher3.uioverrides.QuickstepLauncher,performPause]
02-22 01:13:12.950 I/am_proc_bound( 1521): [0,3506,com.android.managedprovisioning]
02-22 01:13:12.954 I/am_uid_active( 1521): 10034
02-22 01:13:12.971 I/sf_stop_bootanim( 990): 14805
02-22 01:13:12.984 I/input_focus( 1521): [Focus entering 2e286ad com.android.systemui/com.android.systemui.usb.UsbDebuggingActivity (server),reason=setFocusedWindow]
02-22 01:13:13.008 I/am_uid_running( 1521): 10087
02-22 01:13:13.014 I/am_proc_start( 1521): [0,3532,10087,com.android.music,broadcast,{com.android.music/com.android.music.MediaPlaybackReceiver}]
