02-22 01:15:06.774 I/am_wtf ( 1521): [0,1521,system_server,-1,DisplayDeviceConfig,requesting nits when no mapping exists.]
02-22 01:15:06.774 I/am_wtf ( 1521): [0,1521,system_server,-1,DisplayDeviceConfig,requesting nits when no mapping exists.]
02-22 01:15:06.790 I/am_wtf ( 1521): [0,1521,system_server,-1,DisplayDeviceConfig,requesting nits when no mapping exists.]
02-22 01:15:06.791 I/am_wtf ( 1521): [0,1521,system_server,-1,DisplayDeviceConfig,requesting nits when no mapping exists.]
02-22 01:15:06.807 I/am_wtf ( 1521): [0,1521,system_server,-1,DisplayDeviceConfig,requesting nits when no mapping exists.]
02-22 01:15:06.808 I/am_wtf ( 1521): [0,1521,system_server,-1,DisplayDeviceConfig,requesting nits when no mapping exists.]
02-22 01:15:06.824 I/am_wtf ( 1521): [0,1521,system_server,-1,DisplayDeviceConfig,requesting nits when no mapping exists.]
02-22 01:15:06.824 I/am_wtf ( 1521): [0,1521,system_server,-1,DisplayDeviceConfig,requesting nits when no mapping exists.]
02-22 01:15:06.841 I/am_wtf ( 1521): [0,1521,system_server,-1,DisplayDeviceConfig,requesting nits when no mapping exists.]
02-22 01:15:06.841 I/am_wtf ( 1521): [0,1521,system_server,-1,DisplayDeviceConfig,requesting nits when no mapping exists.]
02-22 01:15:06.857 I/am_wtf ( 1521): [0,1521,system_server,-1,DisplayDeviceConfig,requesting nits when no mapping exists.]
02-22 01:15:06.858 I/am_wtf ( 1521): [0,1521,system_server,-1,DisplayDeviceConfig,requesting nits when no mapping exists.]
02-22 01:15:06.874 I/am_wtf ( 1521): [0,1521,system_server,-1,DisplayDeviceConfig,requesting nits when no mapping exists.]
02-22 01:15:06.875 I/am_wtf ( 1521): [0,1521,system_server,-1,DisplayDeviceConfig,requesting nits when no mapping exists.]
02-22 01:15:06.920 I/sysui_multi_action( 1972): [757,219,758,4,759,79]
02-22 01:15:06.927 I/commit_sys_config_file( 1521): [display-state,81239]
02-22 01:15:07.135 I/commit_sys_config_file( 1521): [settings-1-0,6]
02-22 01:15:17.760 I/am_uid_idle( 1521): 10092
02-22 01:15:59.841 I/sysui_multi_action( 1521): [757,1696,758,6,759,2]
02-22 01:15:59.859 I/am_wtf ( 1521): [0,1521,system_server,-1,DisplayDeviceConfig,requesting nits when no mapping exists.]
02-22 01:15:59.860 I/service_manager_stats( 1521): [142,67,57293]
02-22 01:15:59.862 I/am_wtf ( 1521): [0,1521,system_server,-1,DisplayDeviceConfig,requesting nits when no mapping exists.]
02-22 01:15:59.873 I/am_wtf ( 1521): [0,1521,system_server,-1,DisplayDeviceConfig,requesting nits when no mapping exists.]
02-22 01:15:59.875 I/am_wtf ( 1521): [0,1521,system_server,-1,DisplayDeviceConfig,requesting nits when no mapping exists.]
02-22 01:15:59.884 I/am_wtf ( 1521): [0,1521,system_server,-1,DisplayDeviceConfig,requesting nits when no mapping exists.]
02-22 01:15:59.886 I/am_wtf ( 1521): [0,1521,system_server,-1,DisplayDeviceConfig,requesting nits when no mapping exists.]
02-22 01:15:59.901 I/am_wtf ( 1521): [0,1521,system_server,-1,DisplayDeviceConfig,requesting nits when no mapping exists.]
02-22 01:15:59.901 I/am_wtf ( 1521): [0,1521,system_server,-1,DisplayDeviceConfig,requesting nits when no mapping exists.]
02-22 01:15:59.917 I/am_wtf ( 1521): [0,1521,system_server,-1,DisplayDeviceConfig,requesting nits when no mapping exists.]
02-22 01:15:59.918 I/am_wtf ( 1521): [0,1521,system_server,-1,DisplayDeviceConfig,requesting nits when no mapping exists.]
02-22 01:15:59.934 I/am_wtf ( 1521): [0,1521,system_server,-1,DisplayDeviceConfig,requesting nits when no mapping exists.]
02-22 01:15:59.935 I/am_wtf ( 1521): [0,1521,system_server,-1,DisplayDeviceConfig,requesting nits when no mapping exists.]
02-22 01:15:59.951 I/am_wtf ( 1521): [0,1521,system_server,-1,DisplayDeviceConfig,requesting nits when no mapping exists.]
02-22 01:15:59.952 I/am_wtf ( 1521): [0,1521,system_server,-1,DisplayDeviceConfig,requesting nits when no mapping exists.]
02-22 01:15:59.968 I/am_wtf ( 1521): [0,1521,system_server,-1,DisplayDeviceConfig,requesting nits when no mapping exists.]
02-22 01:15:59.969 I/am_wtf ( 1521): [0,1521,system_server,-1,DisplayDeviceConfig,requesting nits when no mapping exists.]
02-22 01:15:59.984 I/am_wtf ( 1521): [0,1521,system_server,-1,DisplayDeviceConfig,requesting nits when no mapping exists.]
02-22 01:15:59.985 I/am_wtf ( 1521): [0,1521,system_server,-1,DisplayDeviceConfig,requesting nits when no mapping exists.]
02-22 01:16:00.001 I/am_wtf ( 1521): [0,1521,system_server,-1,DisplayDeviceConfig,requesting nits when no mapping exists.]
02-22 01:16:00.003 I/am_wtf ( 1521): [0,1521,system_server,-1,DisplayDeviceConfig,requesting nits when no mapping exists.]
02-22 01:16:00.018 I/am_wtf ( 1521): [0,1521,system_server,-1,DisplayDeviceConfig,requesting nits when no mapping exists.]
02-22 01:16:00.018 I/am_wtf ( 1521): [0,1521,system_server,-1,DisplayDeviceConfig,requesting nits when no mapping exists.]
02-22 01:16:00.035 I/am_wtf ( 1521): [0,1521,system_server,-1,DisplayDeviceConfig,requesting nits when no mapping exists.]
02-22 01:16:00.036 I/am_wtf ( 1521): [0,1521,system_server,-1,DisplayDeviceConfig,requesting nits when no mapping exists.]
02-22 01:16:00.051 I/am_wtf ( 1521): [0,1521,system_server,-1,DisplayDeviceConfig,requesting nits when no mapping exists.]
02-22 01:16:00.051 I/am_wtf ( 1521): [0,1521,system_server,-1,DisplayDeviceConfig,requesting nits when no mapping exists.]
02-22 01:16:00.067 I/am_wtf ( 1521): [0,1521,system_server,-1,DisplayDeviceConfig,requesting nits when no mapping exists.]
02-22 01:16:00.068 I/am_wtf ( 1521): [0,1521,system_server,-1,DisplayDeviceConfig,requesting nits when no mapping exists.]
02-22 01:16:00.085 I/am_wtf ( 1521): [0,1521,system_server,-1,DisplayDeviceConfig,requesting nits when no mapping exists.]
02-22 01:16:00.086 I/am_wtf ( 1521): [0,1521,system_server,-1,DisplayDeviceConfig,requesting nits when no mapping exists.]
02-22 01:16:00.101 I/am_wtf ( 1521): [0,1521,system_server,-1,DisplayDeviceConfig,requesting nits when no mapping exists.]
02-22 01:16:00.103 I/am_wtf ( 1521): [0,1521,system_server,-1,DisplayDeviceConfig,requesting nits when no mapping exists.]
02-22 01:16:00.118 I/am_wtf ( 1521): [0,1521,system_server,-1,DisplayDeviceConfig,requesting nits when no mapping exists.]
02-22 01:16:00.120 I/am_wtf ( 1521): [0,1521,system_server,-1,DisplayDeviceConfig,requesting nits when no mapping exists.]
02-22 01:16:00.135 I/am_wtf ( 1521): [0,1521,system_server,-1,DisplayDeviceConfig,requesting nits when no mapping exists.]
02-22 01:16:00.136 I/am_wtf ( 1521): [0,1521,system_server,-1,DisplayDeviceConfig,requesting nits when no mapping exists.]
02-22 01:16:00.151 I/am_wtf ( 1521): [0,1521,system_server,-1,DisplayDeviceConfig,requesting nits when no mapping exists.]
02-22 01:16:00.152 I/am_wtf ( 1521): [0,1521,system_server,-1,DisplayDeviceConfig,requesting nits when no mapping exists.]
02-22 01:16:00.168 I/am_wtf ( 1521): [0,1521,system_server,-1,DisplayDeviceConfig,requesting nits when no mapping exists.]
02-22 01:16:00.169 I/am_wtf ( 1521): [0,1521,system_server,-1,DisplayDeviceConfig,requesting nits when no mapping exists.]
02-22 01:16:00.185 I/am_wtf ( 1521): [0,1521,system_server,-1,DisplayDeviceConfig,requesting nits when no mapping exists.]
02-22 01:16:00.186 I/am_wtf ( 1521): [0,1521,system_server,-1,DisplayDeviceConfig,requesting nits when no mapping exists.]
02-22 01:16:00.201 I/am_wtf ( 1521): [0,1521,system_server,-1,DisplayDeviceConfig,requesting nits when no mapping exists.]
02-22 01:16:00.202 I/am_wtf ( 1521): [0,1521,system_server,-1,DisplayDeviceConfig,requesting nits when no mapping exists.]
02-22 01:16:00.218 I/am_wtf ( 1521): [0,1521,system_server,-1,DisplayDeviceConfig,requesting nits when no mapping exists.]
02-22 01:16:00.219 I/am_wtf ( 1521): [0,1521,system_server,-1,DisplayDeviceConfig,requesting nits when no mapping exists.]
02-22 01:16:00.235 I/am_wtf ( 1521): [0,1521,system_server,-1,DisplayDeviceConfig,requesting nits when no mapping exists.]
02-22 01:16:00.236 I/am_wtf ( 1521): [0,1521,system_server,-1,DisplayDeviceConfig,requesting nits when no mapping exists.]
02-22 01:16:00.252 I/am_wtf ( 1521): [0,1521,system_server,-1,DisplayDeviceConfig,requesting nits when no mapping exists.]
02-22 01:16:00.253 I/am_wtf ( 1521): [0,1521,system_server,-1,DisplayDeviceConfig,requesting nits when no mapping exists.]
02-22 01:16:00.268 I/am_wtf ( 1521): [0,1521,system_server,-1,DisplayDeviceConfig,requesting nits when no mapping exists.]
02-22 01:16:00.269 I/am_wtf ( 1521): [0,1521,system_server,-1,DisplayDeviceConfig,requesting nits when no mapping exists.]
02-22 01:16:00.285 I/am_wtf ( 1521): [0,1521,system_server,-1,DisplayDeviceConfig,requesting nits when no mapping exists.]
02-22 01:16:00.286 I/am_wtf ( 1521): [0,1521,system_server,-1,DisplayDeviceConfig,requesting nits when no mapping exists.]
02-22 01:16:00.302 I/am_wtf ( 1521): [0,1521,system_server,-1,DisplayDeviceConfig,requesting nits when no mapping exists.]
02-22 01:16:00.303 I/am_wtf ( 1521): [0,1521,system_server,-1,DisplayDeviceConfig,requesting nits when no mapping exists.]
02-22 01:16:00.318 I/am_wtf ( 1521): [0,1521,system_server,-1,DisplayDeviceConfig,requesting nits when no mapping exists.]
02-22 01:16:00.319 I/am_wtf ( 1521): [0,1521,system_server,-1,DisplayDeviceConfig,requesting nits when no mapping exists.]
02-22 01:16:00.336 I/am_wtf ( 1521): [0,1521,system_server,-1,DisplayDeviceConfig,requesting nits when no mapping exists.]
02-22 01:16:00.336 I/am_wtf ( 1521): [0,1521,system_server,-1,DisplayDeviceConfig,requesting nits when no mapping exists.]
02-22 01:16:00.352 I/am_wtf ( 1521): [0,1521,system_server,-1,DisplayDeviceConfig,requesting nits when no mapping exists.]
02-22 01:16:00.352 I/am_wtf ( 1521): [0,1521,system_server,-1,DisplayDeviceConfig,requesting nits when no mapping exists.]
02-22 01:16:00.368 I/am_wtf ( 1521): [0,1521,system_server,-1,DisplayDeviceConfig,requesting nits when no mapping exists.]
02-22 01:16:00.369 I/am_wtf ( 1521): [0,1521,system_server,-1,DisplayDeviceConfig,requesting nits when no mapping exists.]
02-22 01:16:00.385 I/am_wtf ( 1521): [0,1521,system_server,-1,DisplayDeviceConfig,requesting nits when no mapping exists.]
02-22 01:16:00.386 I/am_wtf ( 1521): [0,1521,system_server,-1,DisplayDeviceConfig,requesting nits when no mapping exists.]
02-22 01:16:00.402 I/am_wtf ( 1521): [0,1521,system_server,-1,DisplayDeviceConfig,requesting nits when no mapping exists.]
02-22 01:16:00.403 I/am_wtf ( 1521): [0,1521,system_server,-1,DisplayDeviceConfig,requesting nits when no mapping exists.]
02-22 01:16:00.419 I/am_wtf ( 1521): [0,1521,system_server,-1,DisplayDeviceConfig,requesting nits when no mapping exists.]
02-22 01:16:00.420 I/am_wtf ( 1521): [0,1521,system_server,-1,DisplayDeviceConfig,requesting nits when no mapping exists.]
02-22 01:16:00.436 I/am_wtf ( 1521): [0,1521,system_server,-1,DisplayDeviceConfig,requesting nits when no mapping exists.]
02-22 01:16:00.437 I/am_wtf ( 1521): [0,1521,system_server,-1,DisplayDeviceConfig,requesting nits when no mapping exists.]
02-22 01:16:00.452 I/am_wtf ( 1521): [0,1521,system_server,-1,DisplayDeviceConfig,requesting nits when no mapping exists.]
02-22 01:16:00.453 I/am_wtf ( 1521): [0,1521,system_server,-1,DisplayDeviceConfig,requesting nits when no mapping exists.]
02-22 01:16:00.469 I/am_wtf ( 1521): [0,1521,system_server,-1,DisplayDeviceConfig,requesting nits when no mapping exists.]
02-22 01:16:00.470 I/am_wtf ( 1521): [0,1521,system_server,-1,DisplayDeviceConfig,requesting nits when no mapping exists.]
02-22 01:16:00.485 I/am_wtf ( 1521): [0,1521,system_server,-1,DisplayDeviceConfig,requesting nits when no mapping exists.]
02-22 01:16:00.486 I/am_wtf ( 1521): [0,1521,system_server,-1,DisplayDeviceConfig,requesting nits when no mapping exists.]
02-22 01:16:00.502 I/am_wtf ( 1521): [0,1521,system_server,-1,DisplayDeviceConfig,requesting nits when no mapping exists.]
02-22 01:16:00.503 I/am_wtf ( 1521): [0,1521,system_server,-1,DisplayDeviceConfig,requesting nits when no mapping exists.]
02-22 01:16:00.519 I/am_wtf ( 1521): [0,1521,system_server,-1,DisplayDeviceConfig,requesting nits when no mapping exists.]
02-22 01:16:00.520 I/am_wtf ( 1521): [0,1521,system_server,-1,DisplayDeviceConfig,requesting nits when no mapping exists.]
02-22 01:16:00.536 I/am_wtf ( 1521): [0,1521,system_server,-1,DisplayDeviceConfig,requesting nits when no mapping exists.]
02-22 01:16:00.536 I/am_wtf ( 1521): [0,1521,system_server,-1,DisplayDeviceConfig,requesting nits when no mapping exists.]
02-22 01:16:00.552 I/am_wtf ( 1521): [0,1521,system_server,-1,DisplayDeviceConfig,requesting nits when no mapping exists.]
02-22 01:16:00.553 I/am_wtf ( 1521): [0,1521,system_server,-1,DisplayDeviceConfig,requesting nits when no mapping exists.]
02-22 01:16:00.569 I/am_wtf ( 1521): [0,1521,system_server,-1,DisplayDeviceConfig,requesting nits when no mapping exists.]
02-22 01:16:00.570 I/am_wtf ( 1521): [0,1521,system_server,-1,DisplayDeviceConfig,requesting nits when no mapping exists.]
02-22 01:16:00.586 I/am_wtf ( 1521): [0,1521,system_server,-1,DisplayDeviceConfig,requesting nits when no mapping exists.]
02-22 01:16:00.587 I/am_wtf ( 1521): [0,1521,system_server,-1,DisplayDeviceConfig,requesting nits when no mapping exists.]
02-22 01:16:06.850 I/sysui_multi_action( 1521): [757,222,758,1]
02-22 01:16:06.859 I/am_uid_running( 1521): 10047
02-22 01:16:06.865 I/am_pss ( 1521): [2529,10080,com.android.launcher3,112980992,90599424,0,260960256,0,2,15]
02-22 01:16:06.872 I/input_focus( 1521): [Focus request ad16e1f com.android.launcher3/com.android.launcher3.uioverrides.QuickstepLauncher,reason=UpdateInputWindows]
02-22 01:16:06.872 I/am_pss ( 1521): [3580,10092,com.android.permissioncontroller,13731840,11616256,0,103845888,0,19,6]
02-22 01:16:06.879 I/am_pss ( 1521): [2402,10061,com.thundercomm.gamemode.provider,7544832,5787648,0,95289344,0,19,6]
02-22 01:16:06.882 I/am_proc_start( 1521): [0,4273,10047,com.thundercomm.screensaver,service,{com.thundercomm.screensaver/com.thundercomm.saverclock.service.ClockScreensaver}]
02-22 01:16:06.891 I/am_pss ( 1521): [3906,10025,com.baidu.input,106648576,91815936,0,227749888,0,7,10]
02-22 01:16:06.899 I/am_pss ( 1521): [3845,10054,com.qualcomm.qti.qms.service.trustzoneaccess,5485568,3792896,0,91086848,0,19,7]
02-22 01:16:06.901 I/input_focus( 1521): [Focus leaving 36c1000 NotificationShade (server),reason=NOT_FOCUSABLE]
02-22 01:16:06.908 I/input_focus( 1521): [Focus entering ad16e1f com.android.launcher3/com.android.launcher3.uioverrides.QuickstepLauncher (server),reason=setFocusedWindow]
02-22 01:16:06.908 I/am_pss ( 1521): [3596,10026,com.android.providers.calendar,7139328,5230592,0,97677312,0,19,8]
02-22 01:16:06.915 I/am_pss ( 1521): [2669,10068,com.android.deskclock,9281536,6660096,0,101646336,0,19,6]
02-22 01:16:06.916 I/am_proc_bound( 1521): [0,4273,com.thundercomm.screensaver]
02-22 01:16:06.919 I/am_uid_active( 1521): 10047
02-22 01:16:06.923 I/am_pss ( 1521): [3092,10017,android.process.media,11509760,9596928,0,101687296,0,19,7]
02-22 01:16:06.929 I/am_pss ( 1521): [3708,10033,com.android.externalstorage,5412864,3825664,0,91004928,0,19,5]
02-22 01:16:06.938 I/am_pss ( 1521): [2989,10088,com.qualcomm.qtil.aptxui,7155712,5681152,0,90669056,0,19,5]
02-22 01:16:06.945 I/am_pss ( 1521): [3680,10058,com.qualcomm.qti.qms.service.connectionsecurity,18659328,4276224,0,77406208,0,19,4]
02-22 01:16:06.951 I/am_pss ( 1521): [2580,10086,com.qualcomm.qti.qccauthmgr,6130688,4321280,0,95010816,0,19,5]
02-22 01:16:06.959 I/am_pss ( 1521): [3618,2000,com.android.shell,5843968,4263936,0,91369472,0,19,8]
02-22 01:16:06.967 I/am_pss ( 1521): [2370,1000,com.android.settings,28021760,17051648,0,146890752,0,19,7]
02-22 01:16:06.976 I/am_pss ( 1521): [3565,10022,com.android.packageinstaller,7046144,5582848,0,90304512,0,19,7]
02-22 01:16:06.981 I/am_pss ( 1521): [3548,10059,com.android.onetimeinitializer,5015552,3493888,0,89567232,0,19,4]
02-22 01:16:06.988 I/am_pss ( 1521): [3532,10087,com.android.music,7337984,5275648,0,93224960,0,19,5]
02-22 01:16:06.995 I/am_pss ( 1521): [3506,10034,com.android.managedprovisioning,8701952,7159808,0,93523968,0,19,5]
02-22 01:16:07.000 I/am_pss ( 1521): [3471,1000,com.android.dynsystem:dynsystem,5570560,3866624,0,90927104,0,19,5]
02-22 01:16:07.007 I/am_pss ( 1521): [2911,1000,com.android.keychain,8183808,6627328,0,93405184,0,19,7]
02-22 01:16:07.013 I/am_pss ( 1521): [3450,1000,com.android.dynsystem,5255168,3670016,0,89759744,0,19,5]
02-22 01:16:07.020 I/am_pss ( 1521): [3199,10018,android.process.acore,12616704,9019392,0,116154368,0,19,6]
02-22 01:16:07.028 I/am_pss ( 1521): [3412,10062,com.android.calendar,6017024,4071424,0,91099136,0,19,8]
02-22 01:16:07.034 I/am_pss ( 1521): [3391,1000,com.android.localtransport,5319680,3768320,0,90419200,0,19,5]
02-22 01:16:07.041 I/am_pss ( 1521): [3159,1000,com.qti.diagservices,5801984,3825664,0,94695424,0,10,6]
02-22 01:16:07.047 I/am_pss ( 1521): [3059,10030,com.android.traceur,8553472,5734400,0,95084544,0,19,5]
02-22 01:16:07.053 I/am_pss ( 1521): [2844,10081,com.qualcomm.qti.workloadclassifier,8223744,6692864,0,92647424,0,0,5]
02-22 01:16:07.058 I/am_pss ( 1521): [2817,10085,com.qualcomm.qti.qccnetstat,5857280,4284416,0,90992640,0,0,5]
02-22 01:16:07.065 I/am_pss ( 1521): [2735,10057,ts.car.uart,5915648,4415488,0,89792512,0,0,5]
02-22 01:16:07.070 I/am_pss ( 1521): [2773,10072,com.qualcomm.qti.services.systemhelper:systemhelper_service,6120448,4448256,0,93024256,0,0,4]
02-22 01:16:07.077 I/am_pss ( 1521): [2764,10053,.pasr,5113856,3624960,0,88555520,0,0,5]
02-22 01:16:07.082 I/am_pss ( 1521): [2761,1000,com.hryt.hiphishowfsecontrol,14120960,12124160,0,105259008,0,0,5]
02-22 01:16:07.088 I/am_pss ( 1521): [2725,10082,com.hht.lebocast,34755584,15482880,0,111206400,0,0,5]
02-22 01:16:07.094 I/am_pss ( 1521): [3132,10065,com.qualcomm.qti.devicestatisticsservice,5013504,3522560,0,88371200,0,0,5]
02-22 01:16:07.114 I/wm_task_created( 1521): [15,-1]
02-22 01:16:07.117 I/wm_task_moved( 1521): [15,1,6]
02-22 01:16:07.117 I/wm_task_to_front( 1521): [0,15]
02-22 01:16:07.118 I/wm_create_task( 1521): [0,15]
02-22 01:16:07.118 I/wm_create_activity( 1521): [0,37936046,15,com.thundercomm.screensaver/android.service.dreams.DreamActivity,NULL,NULL,NULL,276824064]
02-22 01:16:07.118 I/wm_task_moved( 1521): [15,1,6]
02-22 01:16:07.118 I/wm_on_top_resumed_lost_called( 2529): [98139469,com.android.launcher3.uioverrides.QuickstepLauncher,topStateChangedWhenResumed]
02-22 01:16:07.118 I/wm_pause_activity( 1521): [0,98139469,com.android.launcher3/.uioverrides.QuickstepLauncher,userLeaving=true,pauseBackTasks]
02-22 01:16:07.121 I/wm_on_paused_called( 2529): [98139469,com.android.launcher3.uioverrides.QuickstepLauncher,performPause]
02-22 01:16:07.122 I/wm_add_to_stopping( 1521): [0,98139469,com.android.launcher3/.uioverrides.QuickstepLauncher,makeInvisible]
02-22 01:16:07.123 I/wm_restart_activity( 1521): [0,37936046,15,com.thundercomm.screensaver/android.service.dreams.DreamActivity]
02-22 01:16:07.123 I/wm_set_resumed_activity( 1521): [0,com.thundercomm.screensaver/android.service.dreams.DreamActivity,minimalResumeActivityLocked]
02-22 01:16:07.126 I/sysui_multi_action( 1521): [757,803,799,window_time_0,802,145]
02-22 01:16:07.128 I/am_uid_active( 1521): 10061
02-22 01:16:07.130 I/wm_on_create_called( 4273): [37936046,android.service.dreams.DreamActivity,performCreate]
02-22 01:16:07.131 I/wm_on_start_called( 4273): [37936046,android.service.dreams.DreamActivity,handleStartActivity]
02-22 01:16:07.131 I/wm_on_resume_called( 4273): [37936046,android.service.dreams.DreamActivity,RESUME_ACTIVITY]
02-22 01:16:07.136 I/wm_on_top_resumed_gained_called( 4273): [37936046,android.service.dreams.DreamActivity,topStateChangedWhenResumed]
02-22 01:16:07.151 I/am_wtf ( 1521): [0,1972,com.android.systemui,818462221,KeyguardBouncer,onFullyShown when view was null]
02-22 01:16:07.151 I/input_focus( 1521): [Focus leaving ad16e1f com.android.launcher3/com.android.launcher3.uioverrides.QuickstepLauncher (server),reason=NO_WINDOW]
02-22 01:16:07.152 I/sysui_multi_action( 1972): [757,196,758,2,759,0]
02-22 01:16:07.152 I/sysui_status_bar_state( 1972): [0,0,1,0,0,1]
02-22 01:16:07.168 I/notification_enqueue( 1521): [10078,1972,com.android.systemui,2048,NULL,0,Notification(channel=updateNotification shortcut=null contentView=null vibrate=null sound=null defaults=0x0 flags=0x0 color=0x00000000 vis=PRIVATE),1]
02-22 01:16:07.168 I/sysui_multi_action( 1972): [757,111,758,2]
02-22 01:16:07.168 I/sysui_multi_action( 1972): [757,111,758,2]
02-22 01:16:07.172 I/input_focus( 1521): [Focus request 18b0747 com.thundercomm.screensaver/android.service.dreams.DreamActivity,reason=UpdateInputWindows]
02-22 01:16:07.196 I/sysui_multi_action( 1521): [319,86,322,86,325,188,757,761,758,8,759,2,806,com.thundercomm.screensaver,871,android.service.dreams.DreamActivity,904,com.thundercomm.screensaver,905,0,1320,4,1321,2]
02-22 01:16:07.196 I/wm_activity_launch_time( 1521): [0,37936046,com.thundercomm.screensaver/android.service.dreams.DreamActivity,86]
02-22 01:16:07.197 I/sysui_multi_action( 1521): [757,1696,758,6,759,3]
02-22 01:16:07.200 I/am_wtf ( 1521): [0,1521,system_server,-1,DisplayDeviceConfig,requesting nits when no mapping exists.]
02-22 01:16:07.201 I/am_wtf ( 1521): [0,1521,system_server,-1,DisplayDeviceConfig,requesting nits when no mapping exists.]
02-22 01:16:07.217 I/am_wtf ( 1521): [0,1521,system_server,-1,DisplayDeviceConfig,requesting nits when no mapping exists.]
02-22 01:16:07.217 I/service_manager_stats( 1521): [100,49,7358]
02-22 01:16:07.217 I/am_wtf ( 1521): [0,1521,system_server,-1,DisplayDeviceConfig,requesting nits when no mapping exists.]
02-22 01:16:07.218 I/input_focus( 1521): [Focus entering 18b0747 com.thundercomm.screensaver/android.service.dreams.DreamActivity (server),reason=Window became focusable. Previous reason: NOT_VISIBLE]
02-22 01:16:07.234 I/am_wtf ( 1521): [0,1521,system_server,-1,DisplayDeviceConfig,requesting nits when no mapping exists.]
02-22 01:16:07.234 I/am_wtf ( 1521): [0,1521,system_server,-1,DisplayDeviceConfig,requesting nits when no mapping exists.]
02-22 01:16:07.250 I/am_wtf ( 1521): [0,1521,system_server,-1,DisplayDeviceConfig,requesting nits when no mapping exists.]
02-22 01:16:07.251 I/am_wtf ( 1521): [0,1521,system_server,-1,DisplayDeviceConfig,requesting nits when no mapping exists.]
02-22 01:16:07.267 I/am_wtf ( 1521): [0,1521,system_server,-1,DisplayDeviceConfig,requesting nits when no mapping exists.]
02-22 01:16:07.268 I/am_wtf ( 1521): [0,1521,system_server,-1,DisplayDeviceConfig,requesting nits when no mapping exists.]
02-22 01:16:07.284 I/am_wtf ( 1521): [0,1521,system_server,-1,DisplayDeviceConfig,requesting nits when no mapping exists.]
02-22 01:16:07.284 I/am_wtf ( 1521): [0,1521,system_server,-1,DisplayDeviceConfig,requesting nits when no mapping exists.]
02-22 01:16:07.300 I/am_wtf ( 1521): [0,1521,system_server,-1,DisplayDeviceConfig,requesting nits when no mapping exists.]
02-22 01:16:07.301 I/am_wtf ( 1521): [0,1521,system_server,-1,DisplayDeviceConfig,requesting nits when no mapping exists.]
02-22 01:16:07.318 I/am_wtf ( 1521): [0,1521,system_server,-1,DisplayDeviceConfig,requesting nits when no mapping exists.]
02-22 01:16:07.318 I/am_wtf ( 1521): [0,1521,system_server,-1,DisplayDeviceConfig,requesting nits when no mapping exists.]
02-22 01:16:07.334 I/am_wtf ( 1521): [0,1521,system_server,-1,DisplayDeviceConfig,requesting nits when no mapping exists.]
02-22 01:16:07.334 I/am_wtf ( 1521): [0,1521,system_server,-1,DisplayDeviceConfig,requesting nits when no mapping exists.]
02-22 01:16:07.351 I/am_wtf ( 1521): [0,1521,system_server,-1,DisplayDeviceConfig,requesting nits when no mapping exists.]
02-22 01:16:07.352 I/am_wtf ( 1521): [0,1521,system_server,-1,DisplayDeviceConfig,requesting nits when no mapping exists.]
02-22 01:16:07.367 I/am_wtf ( 1521): [0,1521,system_server,-1,DisplayDeviceConfig,requesting nits when no mapping exists.]
02-22 01:16:07.368 I/am_wtf ( 1521): [0,1521,system_server,-1,DisplayDeviceConfig,requesting nits when no mapping exists.]
02-22 01:16:07.375 I/sysui_multi_action( 1521): [757,128,758,2,793,178433,794,117945,795,178433,796,26,798,0,806,android,857,DEVELOPER_IMPORTANT,858,4,947,0,1395,3,1500,178063,1688,1]
02-22 01:16:07.375 I/notification_visibility( 1521): [-1|android|26|null|1000,0,178433,178433,0,0]
02-22 01:16:07.375 I/sysui_multi_action( 1521): [757,128,758,2,793,173519,794,117945,795,173519,796,17303299,797,com.android.wifi,798,1,806,android,857,NETWORK_AVAILABLE,858,2,947,0,1395,3,1500,173318,1688,1]
02-22 01:16:07.375 I/notification_visibility( 1521): [0|android|17303299|com.android.wifi|1000,0,173519,173519,0,1]
02-22 01:16:07.375 I/sysui_multi_action( 1521): [757,128,758,2,793,178995,794,117944,795,178995,796,32,798,2,806,android,857,USB,858,1,947,0,1395,3,1500,178740,1688,1]
02-22 01:16:07.375 I/notification_visibility( 1521): [-1|android|32|null|1000,0,178995,178995,0,2]
02-22 01:16:07.376 I/sysui_multi_action( 1521): [757,127,758,2]
02-22 01:16:07.376 I/notification_panel_hidden( 1521):
02-22 01:16:07.384 I/am_wtf ( 1521): [0,1521,system_server,-1,DisplayDeviceConfig,requesting nits when no mapping exists.]
02-22 01:16:07.384 I/am_wtf ( 1521): [0,1521,system_server,-1,DisplayDeviceConfig,requesting nits when no mapping exists.]
02-22 01:16:07.400 I/service_manager_slow( 1521): [16,dropbox]
02-22 01:16:07.401 I/am_wtf ( 1521): [0,1521,system_server,-1,DisplayDeviceConfig,requesting nits when no mapping exists.]
02-22 01:16:07.402 I/am_wtf ( 1521): [0,1521,system_server,-1,DisplayDeviceConfig,requesting nits when no mapping exists.]
02-22 01:16:07.417 I/am_wtf ( 1521): [0,1521,system_server,-1,DisplayDeviceConfig,requesting nits when no mapping exists.]
02-22 01:16:07.418 I/am_wtf ( 1521): [0,1521,system_server,-1,DisplayDeviceConfig,requesting nits when no mapping exists.]
02-22 01:16:07.434 I/am_wtf ( 1521): [0,1521,system_server,-1,DisplayDeviceConfig,requesting nits when no mapping exists.]
02-22 01:16:07.434 I/am_wtf ( 1521): [0,1521,system_server,-1,DisplayDeviceConfig,requesting nits when no mapping exists.]
02-22 01:16:07.451 I/am_wtf ( 1521): [0,1521,system_server,-1,DisplayDeviceConfig,requesting nits when no mapping exists.]
02-22 01:16:07.451 I/am_wtf ( 1521): [0,1521,system_server,-1,DisplayDeviceConfig,requesting nits when no mapping exists.]
02-22 01:16:07.468 I/am_wtf ( 1521): [0,1521,system_server,-1,DisplayDeviceConfig,requesting nits when no mapping exists.]
02-22 01:16:07.468 I/am_wtf ( 1521): [0,1521,system_server,-1,DisplayDeviceConfig,requesting nits when no mapping exists.]
02-22 01:16:07.484 I/am_wtf ( 1521): [0,1521,system_server,-1,DisplayDeviceConfig,requesting nits when no mapping exists.]
02-22 01:16:07.485 I/am_wtf ( 1521): [0,1521,system_server,-1,DisplayDeviceConfig,requesting nits when no mapping exists.]
02-22 01:16:07.501 I/am_wtf ( 1521): [0,1521,system_server,-1,DisplayDeviceConfig,requesting nits when no mapping exists.]
02-22 01:16:07.501 I/am_wtf ( 1521): [0,1521,system_server,-1,DisplayDeviceConfig,requesting nits when no mapping exists.]
02-22 01:16:07.518 I/am_wtf ( 1521): [0,1521,system_server,-1,DisplayDeviceConfig,requesting nits when no mapping exists.]
02-22 01:16:07.518 I/am_wtf ( 1521): [0,1521,system_server,-1,DisplayDeviceConfig,requesting nits when no mapping exists.]
02-22 01:16:07.534 I/am_wtf ( 1521): [0,1521,system_server,-1,DisplayDeviceConfig,requesting nits when no mapping exists.]
02-22 01:16:07.535 I/am_wtf ( 1521): [0,1521,system_server,-1,DisplayDeviceConfig,requesting nits when no mapping exists.]
02-22 01:16:07.551 I/am_wtf ( 1521): [0,1521,system_server,-1,DisplayDeviceConfig,requesting nits when no mapping exists.]
02-22 01:16:07.551 I/am_wtf ( 1521): [0,1521,system_server,-1,DisplayDeviceConfig,requesting nits when no mapping exists.]
02-22 01:16:07.568 I/am_wtf ( 1521): [0,1521,system_server,-1,DisplayDeviceConfig,requesting nits when no mapping exists.]
02-22 01:16:07.568 I/am_wtf ( 1521): [0,1521,system_server,-1,DisplayDeviceConfig,requesting nits when no mapping exists.]
02-22 01:16:07.585 I/am_wtf ( 1521): [0,1521,system_server,-1,DisplayDeviceConfig,requesting nits when no mapping exists.]
02-22 01:16:07.585 I/am_wtf ( 1521): [0,1521,system_server,-1,DisplayDeviceConfig,requesting nits when no mapping exists.]
02-22 01:16:07.601 I/am_wtf ( 1521): [0,1521,system_server,-1,DisplayDeviceConfig,requesting nits when no mapping exists.]
02-22 01:16:07.602 I/am_wtf ( 1521): [0,1521,system_server,-1,DisplayDeviceConfig,requesting nits when no mapping exists.]
02-22 01:16:07.618 I/am_wtf ( 1521): [0,1521,system_server,-1,DisplayDeviceConfig,requesting nits when no mapping exists.]
02-22 01:16:07.619 I/am_wtf ( 1521): [0,1521,system_server,-1,DisplayDeviceConfig,requesting nits when no mapping exists.]
02-22 01:16:07.635 I/am_wtf ( 1521): [0,1521,system_server,-1,DisplayDeviceConfig,requesting nits when no mapping exists.]
02-22 01:16:07.635 I/am_wtf ( 1521): [0,1521,system_server,-1,DisplayDeviceConfig,requesting nits when no mapping exists.]
02-22 01:16:07.652 I/am_wtf ( 1521): [0,1521,system_server,-1,DisplayDeviceConfig,requesting nits when no mapping exists.]
02-22 01:16:07.652 I/am_wtf ( 1521): [0,1521,system_server,-1,DisplayDeviceConfig,requesting nits when no mapping exists.]
02-22 01:16:07.668 I/am_wtf ( 1521): [0,1521,system_server,-1,DisplayDeviceConfig,requesting nits when no mapping exists.]
02-22 01:16:07.669 I/am_wtf ( 1521): [0,1521,system_server,-1,DisplayDeviceConfig,requesting nits when no mapping exists.]
02-22 01:16:07.685 I/am_wtf ( 1521): [0,1521,system_server,-1,DisplayDeviceConfig,requesting nits when no mapping exists.]
02-22 01:16:07.686 I/am_wtf ( 1521): [0,1521,system_server,-1,DisplayDeviceConfig,requesting nits when no mapping exists.]
02-22 01:16:07.702 I/wm_stop_activity( 1521): [0,98139469,com.android.launcher3/.uioverrides.QuickstepLauncher]
02-22 01:16:07.702 I/am_wtf ( 1521): [0,1521,system_server,-1,DisplayDeviceConfig,requesting nits when no mapping exists.]
02-22 01:16:07.703 I/am_wtf ( 1521): [0,1521,system_server,-1,DisplayDeviceConfig,requesting nits when no mapping exists.]
02-22 01:16:07.720 I/am_wtf ( 1521): [0,1521,system_server,-1,DisplayDeviceConfig,requesting nits when no mapping exists.]
02-22 01:16:07.720 I/am_wtf ( 1521): [0,1521,system_server,-1,DisplayDeviceConfig,requesting nits when no mapping exists.]
02-22 01:16:07.722 I/wm_on_stop_called( 2529): [98139469,com.android.launcher3.uioverrides.QuickstepLauncher,STOP_ACTIVITY_ITEM]
02-22 01:16:07.735 I/am_wtf ( 1521): [0,1521,system_server,-1,DisplayDeviceConfig,requesting nits when no mapping exists.]
02-22 01:16:07.735 I/am_wtf ( 1521): [0,1521,system_server,-1,DisplayDeviceConfig,requesting nits when no mapping exists.]
02-22 01:16:07.751 I/am_wtf ( 1521): [0,1521,system_server,-1,DisplayDeviceConfig,requesting nits when no mapping exists.]
02-22 01:16:07.752 I/am_wtf ( 1521): [0,1521,system_server,-1,DisplayDeviceConfig,requesting nits when no mapping exists.]
02-22 01:16:07.768 I/am_wtf ( 1521): [0,1521,system_server,-1,DisplayDeviceConfig,requesting nits when no mapping exists.]
02-22 01:16:07.768 I/am_wtf ( 1521): [0,1521,system_server,-1,DisplayDeviceConfig,requesting nits when no mapping exists.]
02-22 01:16:07.785 I/am_wtf ( 1521): [0,1521,system_server,-1,DisplayDeviceConfig,requesting nits when no mapping exists.]
02-22 01:16:07.786 I/am_wtf ( 1521): [0,1521,system_server,-1,DisplayDeviceConfig,requesting nits when no mapping exists.]
02-22 01:16:07.802 I/am_wtf ( 1521): [0,1521,system_server,-1,DisplayDeviceConfig,requesting nits when no mapping exists.]
02-22 01:16:07.803 I/am_wtf ( 1521): [0,1521,system_server,-1,DisplayDeviceConfig,requesting nits when no mapping exists.]
02-22 01:16:07.819 I/am_wtf ( 1521): [0,1521,system_server,-1,DisplayDeviceConfig,requesting nits when no mapping exists.]
02-22 01:16:07.819 I/am_wtf ( 1521): [0,1521,system_server,-1,DisplayDeviceConfig,requesting nits when no mapping exists.]
02-22 01:16:07.835 I/am_wtf ( 1521): [0,1521,system_server,-1,DisplayDeviceConfig,requesting nits when no mapping exists.]
02-22 01:16:07.836 I/am_wtf ( 1521): [0,1521,system_server,-1,DisplayDeviceConfig,requesting nits when no mapping exists.]
02-22 01:16:07.852 I/am_wtf ( 1521): [0,1521,system_server,-1,DisplayDeviceConfig,requesting nits when no mapping exists.]
02-22 01:16:07.853 I/am_wtf ( 1521): [0,1521,system_server,-1,DisplayDeviceConfig,requesting nits when no mapping exists.]
02-22 01:16:07.869 I/am_wtf ( 1521): [0,1521,system_server,-1,DisplayDeviceConfig,requesting nits when no mapping exists.]
02-22 01:16:07.869 I/am_wtf ( 1521): [0,1521,system_server,-1,DisplayDeviceConfig,requesting nits when no mapping exists.]
02-22 01:16:07.886 I/am_wtf ( 1521): [0,1521,system_server,-1,DisplayDeviceConfig,requesting nits when no mapping exists.]
02-22 01:16:07.886 I/am_wtf ( 1521): [0,1521,system_server,-1,DisplayDeviceConfig,requesting nits when no mapping exists.]
02-22 01:16:07.902 I/am_wtf ( 1521): [0,1521,system_server,-1,DisplayDeviceConfig,requesting nits when no mapping exists.]
02-22 01:16:07.902 I/am_wtf ( 1521): [0,1521,system_server,-1,DisplayDeviceConfig,requesting nits when no mapping exists.]
02-22 01:16:07.919 I/am_wtf ( 1521): [0,1521,system_server,-1,DisplayDeviceConfig,requesting nits when no mapping exists.]
02-22 01:16:07.919 I/am_wtf ( 1521): [0,1521,system_server,-1,DisplayDeviceConfig,requesting nits when no mapping exists.]
02-22 01:16:07.936 I/am_wtf ( 1521): [0,1521,system_server,-1,DisplayDeviceConfig,requesting nits when no mapping exists.]
02-22 01:16:07.936 I/am_wtf ( 1521): [0,1521,system_server,-1,DisplayDeviceConfig,requesting nits when no mapping exists.]
02-22 01:16:49.259 I/input_interaction( 1521): Interaction with: 18b0747 com.thundercomm.screensaver/android.service.dreams.DreamActivity (server), edge-swipe (server), swipe-up (server), PointerEventDispatcher0 (server),
02-22 01:16:49.264 I/wm_finish_activity( 1521): [0,37936046,15,com.thundercomm.screensaver/android.service.dreams.DreamActivity,finish-activity]
02-22 01:16:49.265 I/wm_task_moved( 1521): [13,1,5]
02-22 01:16:49.265 I/wm_task_moved( 1521): [14,1,2147483647]
02-22 01:16:49.265 I/wm_task_to_front( 1521): [0,14]
02-22 01:16:49.265 I/wm_focused_root_task( 1521): [0,0,13,15,finish-top adjustFocusToNextFocusableTask]
02-22 01:16:49.266 I/wm_set_resumed_activity( 1521): [0,com.android.launcher3/.uioverrides.QuickstepLauncher,finish-top adjustFocusToNextFocusableTask]
02-22 01:16:49.267 I/wm_pause_activity( 1521): [0,37936046,com.thundercomm.screensaver/android.service.dreams.DreamActivity,userLeaving=false,finish]
02-22 01:16:49.276 I/wm_on_top_resumed_lost_called( 4273): [37936046,android.service.dreams.DreamActivity,topStateChangedWhenResumed]
02-22 01:16:49.276 I/wm_on_paused_called( 4273): [37936046,android.service.dreams.DreamActivity,performPause]
02-22 01:16:49.277 I/wm_add_to_stopping( 1521): [0,37936046,com.thundercomm.screensaver/android.service.dreams.DreamActivity,completeFinishing]
02-22 01:16:49.283 I/wm_set_resumed_activity( 1521): [0,com.android.launcher3/.uioverrides.QuickstepLauncher,resumeTopActivityInnerLocked]
02-22 01:16:49.284 I/wm_resume_activity( 1521): [0,98139469,14,com.android.launcher3/.uioverrides.QuickstepLauncher]
02-22 01:16:49.287 I/sysui_multi_action( 1521): [757,803,799,window_time_0,802,43]
02-22 01:16:49.289 I/sysui_multi_action( 1521): [757,803,799,window_time_0,802,0]
02-22 01:16:49.293 I/view_enqueue_input_event( 4273): [Motion - Cancel,com.thundercomm.screensaver/android.service.dreams.DreamActivity]
02-22 01:16:49.293 I/input_focus( 1521): [Focus leaving 18b0747 com.thundercomm.screensaver/android.service.dreams.DreamActivity (server),reason=NO_WINDOW]
02-22 01:16:49.296 I/input_interaction( 1521): Interaction with: edge-swipe (server), swipe-up (server), PointerEventDispatcher0 (server),
02-22 01:16:49.302 I/wm_on_restart_called( 2529): [98139469,com.android.launcher3.uioverrides.QuickstepLauncher,performRestartActivity]
02-22 01:16:49.302 I/wm_on_start_called( 2529): [98139469,com.android.launcher3.uioverrides.QuickstepLauncher,handleStartActivity]
02-22 01:16:49.303 I/wm_on_resume_called( 2529): [98139469,com.android.launcher3.uioverrides.QuickstepLauncher,RESUME_ACTIVITY]
02-22 01:16:49.303 I/wm_on_top_resumed_gained_called( 2529): [98139469,com.android.launcher3.uioverrides.QuickstepLauncher,topWhenResuming]
02-22 01:16:49.305 I/am_pss ( 1521): [3580,10092,com.android.permissioncontroller,13701120,11616256,0,103845888,0,19,6]
02-22 01:16:49.307 I/input_focus( 1521): [Focus request ad16e1f com.android.launcher3/com.android.launcher3.uioverrides.QuickstepLauncher,reason=UpdateInputWindows]
02-22 01:16:49.320 I/input_focus( 1521): [Focus entering ad16e1f com.android.launcher3/com.android.launcher3.uioverrides.QuickstepLauncher (server),reason=setFocusedWindow]
02-22 01:16:49.556 I/wm_destroy_activity( 1521): [0,37936046,15,com.thundercomm.screensaver/android.service.dreams.DreamActivity,finish-imm:idle]
02-22 01:16:49.580 I/wm_on_stop_called( 4273): [37936046,android.service.dreams.DreamActivity,LIFECYCLER_STOP_ACTIVITY]
02-22 01:16:49.582 I/wm_on_destroy_called( 4273): [37936046,android.service.dreams.DreamActivity,performDestroy]
02-22 01:16:49.588 I/sysui_multi_action( 1521): [757,222,758,2]
02-22 01:16:49.588 I/sysui_multi_action( 1521): [757,804,799,dreaming_minutes,801,0,802,1]
02-22 01:16:49.595 I/wm_task_removed( 1521): [15,removeChild:removeChild last r=ActivityRecord{242dbae u0 com.thundercomm.screensaver/android.service.dreams.DreamActivity t-1 f}} in t=Task{27a130d #15 type=dream A=10047:android:com.thundercomm.screensaver/dream U=0 visible=false mode=fullscreen translucent=true sz=0}]
02-22 01:16:49.595 I/wm_task_removed( 1521): [15,removeChild]
02-22 01:16:50.240 I/input_interaction( 1521): Interaction with: ad16e1f com.android.launcher3/com.android.launcher3.uioverrides.QuickstepLauncher (server), bb1c062 com.android.systemui.ImageWallpaper (server), edge-swipe (server), swipe-up (server), PointerEventDispatcher0 (server),
02-22 01:16:50.322 I/view_enqueue_input_event( 2529): [Motion - Cancel,com.android.launcher3/com.android.launcher3.uioverrides.QuickstepLauncher]
02-22 01:16:50.333 I/input_interaction( 1521): Interaction with: edge-swipe (server), swipe-up (server), PointerEventDispatcher0 (server),
02-22 01:16:50.481 I/commit_sys_config_file( 1521): [settings-1-0,4]
02-22 01:16:50.871 I/commit_sys_config_file( 1521): [settings-1-0,4]
02-22 01:16:51.413 I/input_interaction( 1521): Interaction with: ad16e1f com.android.launcher3/com.android.launcher3.uioverrides.QuickstepLauncher (server), bb1c062 com.android.systemui.ImageWallpaper (server), edge-swipe (server), swipe-up (server), PointerEventDispatcher0 (server),
02-22 01:16:51.509 I/view_enqueue_input_event( 2529): [Motion - Cancel,com.android.launcher3/com.android.launcher3.uioverrides.QuickstepLauncher]
02-22 01:16:51.520 I/input_interaction( 1521): Interaction with: edge-swipe (server), swipe-up (server), PointerEventDispatcher0 (server),
02-22 01:16:52.430 I/input_interaction( 1521): Interaction with: ad16e1f com.android.launcher3/com.android.launcher3.uioverrides.QuickstepLauncher (server), bb1c062 com.android.systemui.ImageWallpaper (server), edge-swipe (server), swipe-up (server), PointerEventDispatcher0 (server),
02-22 01:16:52.539 I/service_manager_stats( 1521): [100,40,45321]
02-22 01:16:54.583 I/view_enqueue_input_event( 2529): [Motion - Cancel,com.android.launcher3/com.android.launcher3.uioverrides.QuickstepLauncher]
02-22 01:16:54.585 I/input_interaction( 1521): Interaction with: edge-swipe (server), swipe-up (server), PointerEventDispatcher0 (server),
02-22 01:16:54.776 I/commit_sys_config_file( 1521): [settings-1-0,6]
02-22 01:16:55.221 I/commit_sys_config_file( 1521): [settings-1-0,6]
02-22 01:16:57.367 I/input_interaction( 1521): Interaction with: ad16e1f com.android.launcher3/com.android.launcher3.uioverrides.QuickstepLauncher (server), bb1c062 com.android.systemui.ImageWallpaper (server), edge-swipe (server), swipe-up (server), PointerEventDispatcher0 (server),
02-22 01:16:58.111 I/view_enqueue_input_event( 2529): [Motion - Cancel,com.android.launcher3/com.android.launcher3.uioverrides.QuickstepLauncher]
02-22 01:16:58.119 I/input_interaction( 1521): Interaction with: edge-swipe (server), swipe-up (server), PointerEventDispatcher0 (server),
02-22 01:16:58.296 I/commit_sys_config_file( 1521): [settings-1-0,4]
02-22 01:16:58.720 I/commit_sys_config_file( 1521): [settings-1-0,10]
02-22 01:17:00.248 I/input_interaction( 1521): Interaction with: ad16e1f com.android.launcher3/com.android.launcher3.uioverrides.QuickstepLauncher (server), bb1c062 com.android.systemui.ImageWallpaper (server), edge-swipe (server), swipe-up (server), PointerEventDispatcher0 (server),
02-22 01:17:01.103 I/view_enqueue_input_event( 2529): [Motion - Cancel,com.android.launcher3/com.android.launcher3.uioverrides.QuickstepLauncher]
02-22 01:17:01.109 I/input_interaction( 1521): Interaction with: edge-swipe (server), swipe-up (server), PointerEventDispatcher0 (server),
02-22 01:17:01.288 I/commit_sys_config_file( 1521): [settings-1-0,5]
02-22 01:17:01.719 I/commit_sys_config_file( 1521): [settings-1-0,7]
02-22 01:17:02.117 I/input_interaction( 1521): Interaction with: ad16e1f com.android.launcher3/com.android.launcher3.uioverrides.QuickstepLauncher (server), bb1c062 com.android.systemui.ImageWallpaper (server), edge-swipe (server), swipe-up (server), PointerEventDispatcher0 (server),
02-22 01:17:02.839 I/view_enqueue_input_event( 2529): [Motion - Cancel,com.android.launcher3/com.android.launcher3.uioverrides.QuickstepLauncher]
02-22 01:17:02.842 I/input_interaction( 1521): Interaction with: edge-swipe (server), swipe-up (server), PointerEventDispatcher0 (server),
02-22 01:17:03.024 I/commit_sys_config_file( 1521): [settings-1-0,3]
02-22 01:17:03.423 I/commit_sys_config_file( 1521): [settings-1-0,5]
02-22 01:17:09.842 I/input_interaction( 1521): Interaction with: ad16e1f com.android.launcher3/com.android.launcher3.uioverrides.QuickstepLauncher (server), bb1c062 com.android.systemui.ImageWallpaper (server), edge-swipe (server), swipe-up (server), PointerEventDispatcher0 (server),
02-22 01:17:10.031 I/wm_task_created( 1521): [16,-1]
02-22 01:17:10.035 I/wm_task_moved( 1521): [16,1,6]
02-22 01:17:10.035 I/wm_task_to_front( 1521): [0,16]
02-22 01:17:10.035 I/wm_create_task( 1521): [0,16]
02-22 01:17:10.035 I/wm_create_activity( 1521): [0,118675228,16,com.android.music/.VideoBrowserActivity,NULL,NULL,NULL,268468224]
02-22 01:17:10.035 I/wm_task_moved( 1521): [16,1,6]
02-22 01:17:10.036 I/wm_restart_activity( 1521): [0,118675228,16,com.android.music/.VideoBrowserActivity]
02-22 01:17:10.037 I/wm_set_resumed_activity( 1521): [0,com.android.music/.VideoBrowserActivity,minimalResumeActivityLocked]
02-22 01:17:10.039 I/am_uid_active( 1521): 10087
02-22 01:17:10.041 I/wm_on_top_resumed_lost_called( 2529): [98139469,com.android.launcher3.uioverrides.QuickstepLauncher,topStateChangedWhenResumed]
02-22 01:17:10.070 I/wm_on_create_called( 3532): [118675228,com.android.music.VideoBrowserActivity,performCreate]
02-22 01:17:10.070 I/wm_on_start_called( 3532): [118675228,com.android.music.VideoBrowserActivity,handleStartActivity]
02-22 01:17:10.071 I/wm_on_resume_called( 3532): [118675228,com.android.music.VideoBrowserActivity,RESUME_ACTIVITY]
02-22 01:17:10.074 I/wm_on_top_resumed_gained_called( 3532): [118675228,com.android.music.VideoBrowserActivity,topStateChangedWhenResumed]
02-22 01:17:10.079 I/input_focus( 1521): [Focus request 7313120 com.android.music/com.android.music.VideoBrowserActivity,reason=UpdateInputWindows]
02-22 01:17:10.103 I/input_focus( 1521): [Focus leaving ad16e1f com.android.launcher3/com.android.launcher3.uioverrides.QuickstepLauncher (server),reason=Waiting for window because NOT_VISIBLE]
02-22 01:17:10.117 I/sysui_multi_action( 1521): [319,95,322,94,325,251,757,761,758,8,759,2,806,com.android.music,871,com.android.music.VideoBrowserActivity,904,com.android.launcher3,905,0,1320,4,1321,1]
02-22 01:17:10.118 I/wm_activity_launch_time( 1521): [0,118675228,com.android.music/.VideoBrowserActivity,94]
02-22 01:17:10.119 I/input_focus( 1521): [Focus entering 7313120 com.android.music/com.android.music.VideoBrowserActivity (server),reason=Window became focusable. Previous reason: NOT_VISIBLE]
02-22 01:17:10.128 I/am_pss ( 1521): [4273,10047,com.thundercomm.screensaver,27653120,21413888,0,143130624,0,19,5]
02-22 01:17:11.598 I/input_interaction( 1521): Interaction with: 7313120 com.android.music/com.android.music.VideoBrowserActivity (server), edge-swipe (server), swipe-up (server), PointerEventDispatcher0 (server),
02-22 01:17:11.735 I/wm_finish_activity( 1521): [0,118675228,16,com.android.music/.VideoBrowserActivity,finish-activity]
02-22 01:17:11.735 I/wm_task_moved( 1521): [13,1,6]
02-22 01:17:11.736 I/wm_set_resumed_activity( 1521): [0,com.android.launcher3/.uioverrides.QuickstepLauncher,positionChildAt]
02-22 01:17:11.736 I/wm_task_moved( 1521): [14,1,2147483647]
02-22 01:17:11.736 I/wm_task_to_front( 1521): [0,14]
02-22 01:17:11.736 I/wm_focused_root_task( 1521): [0,0,13,-1,finish-top adjustFocusToNextFocusableTask]
02-22 01:17:11.736 I/wm_set_resumed_activity( 1521): [0,com.android.launcher3/.uioverrides.QuickstepLauncher,finish-top]
02-22 01:17:11.738 I/wm_pause_activity( 1521): [0,118675228,com.android.music/.VideoBrowserActivity,userLeaving=false,finish]
02-22 01:17:11.740 I/wm_on_top_resumed_lost_called( 3532): [118675228,com.android.music.VideoBrowserActivity,topStateChangedWhenResumed]
02-22 01:17:11.741 I/wm_on_paused_called( 3532): [118675228,com.android.music.VideoBrowserActivity,performPause]
02-22 01:17:11.741 I/wm_on_top_resumed_gained_called( 2529): [98139469,com.android.launcher3.uioverrides.QuickstepLauncher,topStateChangedWhenResumed]
02-22 01:17:11.742 I/wm_destroy_activity( 1521): [0,118675228,16,com.android.music/.VideoBrowserActivity,finish-imm:completePausedLocked]
02-22 01:17:11.745 I/input_focus( 1521): [Focus request ad16e1f com.android.launcher3/com.android.launcher3.uioverrides.QuickstepLauncher,reason=UpdateInputWindows]
02-22 01:17:11.746 I/sysui_multi_action( 1521): [757,803,799,window_time_0,802,22]
02-22 01:17:11.747 I/sysui_multi_action( 1521): [757,803,799,window_time_0,802,0]
02-22 01:17:11.755 I/wm_on_stop_called( 3532): [118675228,com.android.music.VideoBrowserActivity,LIFECYCLER_STOP_ACTIVITY]
02-22 01:17:11.757 I/wm_on_destroy_called( 3532): [118675228,com.android.music.VideoBrowserActivity,performDestroy]
02-22 01:17:11.772 I/input_focus( 1521): [Focus entering ad16e1f com.android.launcher3/com.android.launcher3.uioverrides.QuickstepLauncher (server),reason=setFocusedWindow]
02-22 01:17:12.039 I/wm_task_removed( 1521): [16,removeChild:removeChild last r=ActivityRecord{712d71c u0 com.android.music/.VideoBrowserActivity t-1 f}} in t=Task{151c569 #16 type=standard A=10087:android.task.video U=0 visible=false mode=freeform translucent=true sz=0}]
02-22 01:17:12.040 I/wm_task_removed( 1521): [16,removeChild]
02-22 01:17:12.425 I/input_interaction( 1521): Interaction with: ad16e1f com.android.launcher3/com.android.launcher3.uioverrides.QuickstepLauncher (server), bb1c062 com.android.systemui.ImageWallpaper (server), edge-swipe (server), swipe-up (server), PointerEventDispatcher0 (server),
02-22 01:17:13.129 I/view_enqueue_input_event( 2529): [Motion - Cancel,com.android.launcher3/com.android.launcher3.uioverrides.QuickstepLauncher]
02-22 01:17:13.136 I/input_interaction( 1521): Interaction with: edge-swipe (server), swipe-up (server), PointerEventDispatcher0 (server),
02-22 01:17:13.317 I/commit_sys_config_file( 1521): [settings-1-0,4]
02-22 01:17:13.715 I/commit_sys_config_file( 1521): [settings-1-0,4]
02-22 01:17:15.374 I/input_interaction( 1521): Interaction with: ad16e1f com.android.launcher3/com.android.launcher3.uioverrides.QuickstepLauncher (server), bb1c062 com.android.systemui.ImageWallpaper (server), edge-swipe (server), swipe-up (server), PointerEventDispatcher0 (server),
02-22 01:17:15.530 I/wm_task_moved( 1521): [13,1,6]
02-22 01:17:15.530 I/wm_set_resumed_activity( 1521): [0,com.android.launcher3/.uioverrides.QuickstepLauncher,positionChildAt]
02-22 01:17:15.536 I/wm_task_moved( 1521): [16,1,6]
02-22 01:17:15.536 I/wm_task_to_front( 1521): [0,16]
02-22 01:17:15.536 I/wm_focused_root_task( 1521): [0,0,16,13,reuseOrNewTask]
02-22 01:17:15.536 I/wm_create_activity( 1521): [0,217548462,16,com.android.music/.VideoBrowserActivity,NULL,NULL,NULL,269516800]
02-22 01:17:15.537 I/wm_restart_activity( 1521): [0,217548462,16,com.android.music/.VideoBrowserActivity]
02-22 01:17:15.538 I/wm_set_resumed_activity( 1521): [0,com.android.music/.VideoBrowserActivity,minimalResumeActivityLocked]
02-22 01:17:15.542 I/wm_on_top_resumed_lost_called( 2529): [98139469,com.android.launcher3.uioverrides.QuickstepLauncher,topStateChangedWhenResumed]
02-22 01:17:15.555 I/wm_on_create_called( 3532): [217548462,com.android.music.VideoBrowserActivity,performCreate]
02-22 01:17:15.556 I/wm_on_start_called( 3532): [217548462,com.android.music.VideoBrowserActivity,handleStartActivity]
02-22 01:17:15.556 I/wm_on_resume_called( 3532): [217548462,com.android.music.VideoBrowserActivity,RESUME_ACTIVITY]
02-22 01:17:15.558 I/wm_on_top_resumed_gained_called( 3532): [217548462,com.android.music.VideoBrowserActivity,topStateChangedWhenResumed]
02-22 01:17:15.567 I/input_focus( 1521): [Focus request ff49e6b com.android.music/com.android.music.VideoBrowserActivity,reason=UpdateInputWindows]
02-22 01:17:15.574 I/sysui_multi_action( 1521): [319,42,322,42,325,257,757,761,758,8,759,2,806,com.android.music,871,com.android.music.VideoBrowserActivity,904,com.android.launcher3,905,0,1320,4,1321,1]
02-22 01:17:15.574 I/wm_activity_launch_time( 1521): [0,217548462,com.android.music/.VideoBrowserActivity,42]
