02-22 01:24:34.544 I/hpplay-java( 2725): [main]:IPManager:getActiveNets eth0:false wifi:false mobile:false ap:false
02-22 01:24:34.544 I/hpplay-java( 2725): [main]:ServerTaskManager:get local ip:null
02-22 01:24:34.704 D/RemoteControlService( 2315): startVlanDispatchThread
02-22 01:24:34.916 I/mpu_uart( 645): [MSG-P:RECV]:No message received in 1000 ms
02-22 01:24:35.379 I/mpu_uart( 645): [MSG-P:R]:recv sync frame timeout
02-22 01:24:35.442 E/tlogd ( 1273): [TzLogger](isPathReadable) file /sys/kernel/debug/tzdbg/qsee_log isn't exist or no permission, err: No such file or directory
02-22 01:24:35.442 E/tlogd ( 1273): [TzLogger](saveTzlogAsync) /sys/kernel/debug/tzdbg/qsee_log can not read.
02-22 01:24:35.442 E/tlogd ( 1273): [TzLogger](isPathReadable) file /sys/kernel/debug/tzdbg/log isn't exist or no permission, err: No such file or directory
02-22 01:24:35.442 E/tlogd ( 1273): [TzLogger](saveTzlogAsync) /sys/kernel/debug/tzdbg/log can not read.
01-01 11:30:22.544 E/DTC_ETH,link_delay_work_func( 0): 3003, SQI=0, link=0
02-22 01:24:35.546 W/hpplay-java( 2725): [main]:IPManager:getActiveNets invalid networkInfo:null
02-22 01:24:35.546 I/hpplay-java( 2725): [main]:IPManager:getActiveNets eth0:false wifi:false mobile:false ap:false
02-22 01:24:35.546 I/hpplay-java( 2725): [main]:ServerTaskManager:get local ip:null
02-22 01:24:35.739 I/selfinstaller( 1191): create socket failed: Network is unreachable 101
02-22 01:24:35.916 I/mpu_uart( 645): [MSG-P:RECV]:No message received in 1000 ms
02-22 01:24:36.548 W/hpplay-java( 2725): [main]:IPManager:getActiveNets invalid networkInfo:null
02-22 01:24:36.548 I/hpplay-java( 2725): [main]:IPManager:getActiveNets eth0:false wifi:false mobile:false ap:false
02-22 01:24:36.548 I/hpplay-java( 2725): [main]:ServerTaskManager:get local ip:null
02-22 01:24:36.916 I/mpu_uart( 645): [MSG-P:RECV]:No message received in 1000 ms
02-22 01:24:37.550 W/hpplay-java( 2725): [main]:IPManager:getActiveNets invalid networkInfo:null
02-22 01:24:37.550 I/hpplay-java( 2725): [main]:IPManager:getActiveNets eth0:false wifi:false mobile:false ap:false
02-22 01:24:37.550 I/hpplay-java( 2725): [main]:ServerTaskManager:get local ip:null
02-22 01:24:37.893 I/input_interaction( 1521): Interaction with: 2ea66f5 StatusBar (server), edge-swipe (server), swipe-up (server), PointerEventDispatcher0 (server),
02-22 01:24:37.897 I/sysui_multi_action( 1972): [757,803,799,panel_open,802,1]
02-22 01:24:37.899 I/sysui_multi_action( 1972): [757,1328,758,4,1326,49,1327,1,1329,0]
02-22 01:24:37.917 I/mpu_uart( 645): [MSG-P:RECV]:No message received in 1000 ms
02-22 01:24:37.983 D/StatusBar( 1972): disable disable2
02-22 01:24:37.983 I/sysui_multi_action( 1521): [757,127,758,1]
02-22 01:24:37.983 I/sysui_multi_action( 1521): [757,804,799,note_load,801,3,802,1]
02-22 01:24:37.983 I/notification_panel_revealed( 1521): 3
02-22 01:24:37.996 I/input_focus( 1521): [Focus request 36c1000 NotificationShade,reason=UpdateInputWindows]
02-22 01:24:38.006 I/sysui_multi_action( 1521): [757,128,758,1,793,689063,794,0,795,689063,796,26,798,0,806,android,857,DEVELOPER_IMPORTANT,858,4,947,0,1395,3,1500,688693,1688,1]
02-22 01:24:38.006 I/sysui_multi_action( 1521): [757,804,799,note_freshness,801,689063,802,1]
02-22 01:24:38.006 I/notification_visibility( 1521): [-1|android|26|null|1000,1,689063,689063,0,0]
02-22 01:24:38.006 I/sysui_multi_action( 1521): [757,128,758,1,793,684150,794,0,795,684150,796,17303299,797,com.android.wifi,798,1,806,android,857,NETWORK_AVAILABLE,858,2,947,0,1395,3,1500,683949,1688,1]
02-22 01:24:38.006 I/sysui_multi_action( 1521): [757,804,799,note_freshness,801,684150,802,1]
02-22 01:24:38.006 I/notification_visibility( 1521): [0|android|17303299|com.android.wifi|1000,1,684150,684150,0,1]
02-22 01:24:38.006 I/sysui_multi_action( 1521): [757,128,758,1,793,689626,794,0,795,689626,796,32,798,2,806,android,857,USB,858,1,947,0,1395,3,1500,689371,1688,1]
02-22 01:24:38.006 I/sysui_multi_action( 1521): [757,804,799,note_freshness,801,689626,802,1]
02-22 01:24:38.006 I/notification_visibility( 1521): [-1|android|32|null|1000,1,689626,689626,0,2]
02-22 01:24:38.015 I/input_focus( 1521): [Focus leaving ad16e1f com.android.launcher3/com.android.launcher3.uioverrides.QuickstepLauncher (server),reason=setFocusedWindow]
02-22 01:24:38.015 I/input_focus( 1521): [Focus entering 36c1000 NotificationShade (server),reason=setFocusedWindow]
02-22 01:24:38.024 I/OpenGLRenderer( 1972): Davey! duration=9223371337026ms; Flags=0, FrameTimelineVsyncId=16115, IntendedVsync=699828133330, Vsync=699828133330, InputEventId=0, HandleInputStart=699839795877, AnimationStart=699840496554, PerformTraversalsStart=699840648741, DrawStart=699840710981, FrameDeadline=699861466662, FrameInterval=699839791450, FrameStartTime=16666666, SyncQueued=699840771970, SyncStart=699841333481, IssueDrawCommandsStart=699841677179, SwapBuffers=699842442648, FrameCompleted=9223372036854775807, DequeueBufferDuration=18750, QueueBufferDuration=2905937, GpuCompleted=9223372036854775807, SwapBuffersCompleted=699845710929, DisplayPresentTime=0,
02-22 01:24:38.096 I/sysui_multi_action( 1972): [757,111,758,1]
02-22 01:24:38.096 I/sysui_multi_action( 1972): [757,126,758,1,759,126,927,0,928,1,1593,0]
02-22 01:24:38.096 I/sysui_multi_action( 1972): [757,113,758,1,759,113,927,1,928,1,1593,0]
02-22 01:24:38.096 I/sysui_multi_action( 1972): [757,0,758,1,759,0,927,2,928,0,1593,0]
02-22 01:24:38.096 I/sysui_multi_action( 1972): [757,0,758,1,759,0,927,3,928,0,1593,0]
02-22 01:24:38.097 I/sysui_multi_action( 1972): [757,491,758,1,759,491,927,4,928,0,1311,-1,1593,0]
02-22 01:24:38.097 I/sysui_multi_action( 1972): [757,0,758,1,759,0,927,5,928,0,1593,0]
02-22 01:24:38.097 I/sysui_multi_action( 1972): [757,111,758,1]
02-22 01:24:38.097 I/sysui_multi_action( 1972): [757,126,758,1,759,126,927,0,928,1,1593,0]
02-22 01:24:38.097 I/sysui_multi_action( 1972): [757,113,758,1,759,113,927,1,928,1,1593,0]
02-22 01:24:38.097 I/sysui_multi_action( 1972): [757,0,758,1,759,0,927,2,928,0,1593,0]
02-22 01:24:38.097 I/sysui_multi_action( 1972): [757,0,758,1,759,0,927,3,928,0,1593,0]
02-22 01:24:38.382 I/mpu_uart( 645): [MSG-P:R]:recv sync frame timeout
02-22 01:24:38.555 W/hpplay-java( 2725): [main]:IPManager:getActiveNets invalid networkInfo:null
02-22 01:24:38.555 I/hpplay-java( 2725): [main]:IPManager:getActiveNets eth0:false wifi:false mobile:false ap:false
02-22 01:24:38.555 I/hpplay-java( 2725): [main]:ServerTaskManager:get local ip:null
02-22 01:24:38.621 I/OpenGLRenderer( 1972): Davey! duration=9223371336424ms; Flags=0, FrameTimelineVsyncId=16205, IntendedVsync=700429901145, Vsync=700429901145, InputEventId=0, HandleInputStart=700430224106, AnimationStart=700430225460, PerformTraversalsStart=700433925616, DrawStart=700435868064, FrameDeadline=700463234477, FrameInterval=700430220616, FrameStartTime=16666666, SyncQueued=700437525512, SyncStart=700437604679, IssueDrawCommandsStart=700438447908, SwapBuffers=700444932491, FrameCompleted=9223372036854775807, DequeueBufferDuration=26823, QueueBufferDuration=1535104, GpuCompleted=9223372036854775807, SwapBuffersCompleted=700447064783, DisplayPresentTime=0,
02-22 01:24:38.918 I/mpu_uart( 645): [MSG-P:RECV]:No message received in 1000 ms
02-22 01:24:39.557 W/hpplay-java( 2725): [main]:IPManager:getActiveNets invalid networkInfo:null
02-22 01:24:39.557 I/hpplay-java( 2725): [main]:IPManager:getActiveNets eth0:false wifi:false mobile:false ap:false
02-22 01:24:39.557 I/hpplay-java( 2725): [main]:ServerTaskManager:get local ip:null
02-22 01:24:39.718 D/RemoteControlService( 2315): startVlanDispatchThread
02-22 01:24:39.919 I/mpu_uart( 645): [MSG-P:RECV]:No message received in 1000 ms
02-22 01:24:39.987 I/input_interaction( 1521): Interaction with: 36c1000 NotificationShade (server), edge-swipe (server), swipe-up (server), PointerEventDispatcher0 (server),
02-22 01:24:40.106 I/sysui_multi_action( 1972): [757,925,758,4,759,0,927,3,928,0,1592,0,1593,1]
02-22 01:24:40.121 I/thunderperf( 1521): Maybe need boostperf for current app!
02-22 01:24:40.122 D/FgBoostPerfService( 2106): [FgBoostPerfService.perfBoostAcq]start: stat=true pkgName=com.android.systemui
02-22 01:24:40.122 I/FgBoostPerfService( 2106): [FgBoostPerfService.perfBoostAcq] not game-mode or game app!
02-22 01:24:40.123 I/ThunderPerfManager( 1521): PerfAcq error : state=true pkgName=com.android.systemui
02-22 01:24:40.125 I/FgBoostPerfService( 2106): [GetGpuMode] isMode=0 isGame=false mGpuMode=0
02-22 01:24:40.125 I/FgBoostPerfService( 2106): [GetGpuDpiType] isMode=0 isGame=false mGpuDpiType=0
02-22 01:24:40.125 I/FgBoostPerfService( 2106): [GetGpuDpiType] isMode=0 isGame=false mGpuStandardValue=0
02-22 01:24:40.126 I/thunderperf( 1521): Current app pkgName=com.android.systemui bm:com.thundercomm.perf.BoostPerfManager@b7e1dcd gpuMode=-1 gpuType=-1 gpuStandardVal=-1
02-22 01:24:40.126 I/ThunderBoostPerfService( 1521): Resolution: Uid=10078 Pid=1972 gMode=-1 dType=-1 gpuStandardVal=-1
02-22 01:24:40.127 I/thunderperf( 1521): PlatormCompat.setOverrides: Uid1=10078 Pid1=1972 Uid2=10078 Pid2=1972
02-22 01:24:40.127 I/thunderperf( 1521): PlatormCompat.setOverrides: needCheck:false
02-22 01:24:40.127 I/thunderperf( 1521): CompatConfig.addOverrideUnsafe: bef-state=1
02-22 01:24:40.127 E/thunderperf( 1521): CompatConfig.addOverrideUnsafe: exception:java.lang.SecurityException: Cannot override a change on a non-debuggable app and user build.
02-22 01:24:40.127 I/thunderperf( 1521): CompatConfig.addOverrideUnsafe: aft-state=1
02-22 01:24:40.128 I/OpenGLRenderer( 1972): Davey! duration=9223371334921ms; Flags=0, FrameTimelineVsyncId=16270, IntendedVsync=701933445275, Vsync=701933445275, InputEventId=855239300, HandleInputStart=701933729574, AnimationStart=701933730928, PerformTraversalsStart=701933732334, DrawStart=701933814470, FrameDeadline=701966778607, FrameInterval=701933726084, FrameStartTime=16666666, SyncQueued=701937558688, SyncStart=701937642647, IssueDrawCommandsStart=701938545720, SwapBuffers=701945897438, FrameCompleted=9223372036854775807, DequeueBufferDuration=43959, QueueBufferDuration=1098385, GpuCompleted=9223372036854775807, SwapBuffersCompleted=701947563741, DisplayPresentTime=0,
02-22 01:24:40.128 I/thunderperf( 1521): CompatConfig.addOverrideUnsafe: bef-state=1
02-22 01:24:40.129 E/thunderperf( 1521): CompatConfig.addOverrideUnsafe: exception:java.lang.SecurityException: Cannot override a change on a non-debuggable app and user build.
02-22 01:24:40.129 I/thunderperf( 1521): CompatConfig.addOverrideUnsafe: aft-state=1
02-22 01:24:40.129 I/thunderperf( 1521): CompatConfig.addOverrideUnsafe: bef-state=1
02-22 01:24:40.130 E/thunderperf( 1521): CompatConfig.addOverrideUnsafe: exception:java.lang.SecurityException: Cannot override a change on a non-debuggable app and user build.
02-22 01:24:40.130 I/thunderperf( 1521): CompatConfig.addOverrideUnsafe: aft-state=1
02-22 01:24:40.130 I/thunderperf( 1521): CompatConfig.addOverrideUnsafe: bef-state=1
02-22 01:24:40.130 E/thunderperf( 1521): CompatConfig.addOverrideUnsafe: exception:java.lang.SecurityException: Cannot override a change on a non-debuggable app and user build.
02-22 01:24:40.130 I/thunderperf( 1521): CompatConfig.addOverrideUnsafe: aft-state=1
02-22 01:24:40.131 I/thunderperf( 1521): CompatConfig.addOverrideUnsafe: bef-state=1
02-22 01:24:40.131 E/thunderperf( 1521): CompatConfig.addOverrideUnsafe: exception:java.lang.SecurityException: Cannot override a change on a non-debuggable app and user build.
02-22 01:24:40.131 I/thunderperf( 1521): CompatConfig.addOverrideUnsafe: aft-state=1
02-22 01:24:40.132 I/thunderperf( 1521): CompatConfig.addOverrideUnsafe: bef-state=1
02-22 01:24:40.132 E/thunderperf( 1521): CompatConfig.addOverrideUnsafe: exception:java.lang.SecurityException: Cannot override a change on a non-debuggable app and user build.
02-22 01:24:40.132 I/thunderperf( 1521): CompatConfig.addOverrideUnsafe: aft-state=1
02-22 01:24:40.132 I/thunderperf( 1521): CompatConfig.addOverrideUnsafe: bef-state=1
02-22 01:24:40.133 E/thunderperf( 1521): CompatConfig.addOverrideUnsafe: exception:java.lang.SecurityException: Cannot override a change on a non-debuggable app and user build.
02-22 01:24:40.133 I/thunderperf( 1521): CompatConfig.addOverrideUnsafe: aft-state=1
02-22 01:24:40.133 I/thunderperf( 1521): CompatConfig.addOverrideUnsafe: bef-state=1
02-22 01:24:40.133 E/thunderperf( 1521): CompatConfig.addOverrideUnsafe: exception:java.lang.SecurityException: Cannot override a change on a non-debuggable app and user build.
02-22 01:24:40.133 I/thunderperf( 1521): CompatConfig.addOverrideUnsafe: aft-state=1
02-22 01:24:40.134 I/thunderperf( 1521): CompatConfig.addOverrideUnsafe: bef-state=1
02-22 01:24:40.134 E/thunderperf( 1521): CompatConfig.addOverrideUnsafe: exception:java.lang.SecurityException: Cannot override a change on a non-debuggable app and user build.
02-22 01:24:40.134 I/thunderperf( 1521): CompatConfig.addOverrideUnsafe: aft-state=1
02-22 01:24:40.134 I/thunderperf( 1521): CompatConfig.addOverrideUnsafe: bef-state=1
02-22 01:24:40.135 E/thunderperf( 1521): CompatConfig.addOverrideUnsafe: exception:java.lang.SecurityException: Cannot override a change on a non-debuggable app and user build.
02-22 01:24:40.135 I/thunderperf( 1521): CompatConfig.addOverrideUnsafe: aft-state=1
02-22 01:24:40.135 I/thunderperf( 1521): CompatConfig.addOverrideUnsafe: bef-state=1
02-22 01:24:40.135 E/thunderperf( 1521): CompatConfig.addOverrideUnsafe: exception:java.lang.SecurityException: Cannot override a change on a non-debuggable app and user build.
02-22 01:24:40.135 I/thunderperf( 1521): CompatConfig.addOverrideUnsafe: aft-state=1
02-22 01:24:40.136 I/thunderperf( 1521): CompatConfig.addOverrideUnsafe: bef-state=1
02-22 01:24:40.136 E/thunderperf( 1521): CompatConfig.addOverrideUnsafe: exception:java.lang.SecurityException: Cannot override a change on a non-debuggable app and user build.
02-22 01:24:40.136 I/thunderperf( 1521): CompatConfig.addOverrideUnsafe: aft-state=1
02-22 01:24:40.136 I/thunderperf( 1521): CompatConfig.addOverrideUnsafe: bef-state=1
02-22 01:24:40.137 E/thunderperf( 1521): CompatConfig.addOverrideUnsafe: exception:java.lang.SecurityException: Cannot override a change on a non-debuggable app and user build.
02-22 01:24:40.137 I/thunderperf( 1521): CompatConfig.addOverrideUnsafe: aft-state=1
02-22 01:24:40.137 I/thunderperf( 1521): CompatConfig.addOverrideUnsafe: bef-state=1
02-22 01:24:40.137 E/thunderperf( 1521): CompatConfig.addOverrideUnsafe: exception:java.lang.SecurityException: Cannot override a change on a non-debuggable app and user build.
02-22 01:24:40.137 I/thunderperf( 1521): CompatConfig.addOverrideUnsafe: aft-state=1
02-22 01:24:40.141 I/ThunderBoostPerfService( 1521): Disable downscaling com.android.systemui to 2380x1020
02-22 01:24:40.141 I/ActivityTaskManager( 1521): START u0 {flg=0x10000000 cmp=com.android.systemui/.screenrecord.ScreenRecordDialog} from uid 10078
02-22 01:24:40.142 I/EventSequenceValidator( 1521): Transition from ACTIVITY_FINISHED to INTENT_STARTED
02-22 01:24:40.146 E/ANDR-PERF-JNI( 1521): com_qualcomm_qtiperformance_native_perf_io_prefetch_start
02-22 01:24:40.146 I/wm_task_created( 1521): [22,-1]
02-22 01:24:40.146 W/ActivityTaskManager( 1521): Can't find TaskDisplayArea to determine support for multi window. Task id=22 attached=false
02-22 01:24:40.148 E/ANDR-IOP( 843): io prefetch is disabled
02-22 01:24:40.149 I/wm_task_moved( 1521): [22,1,6]
02-22 01:24:40.149 I/wm_task_to_front( 1521): [0,22]
02-22 01:24:40.149 I/wm_create_task( 1521): [0,22]
02-22 01:24:40.149 I/wm_create_activity( 1521): [0,36716371,22,com.android.systemui/.screenrecord.ScreenRecordDialog,NULL,NULL,NULL,276824064]
02-22 01:24:40.149 I/wm_task_moved( 1521): [22,1,6]
02-22 01:24:40.149 I/wm_on_top_resumed_lost_called( 2529): [98139469,com.android.launcher3.uioverrides.QuickstepLauncher,topStateChangedWhenResumed]
02-22 01:24:40.149 D/CompatibilityInfo( 1521): mCompatibilityFlags - 4
02-22 01:24:40.150 D/CompatibilityInfo( 1521): applicationDensity - 240
02-22 01:24:40.150 D/CompatibilityInfo( 1521): applicationScale - 1.0
02-22 01:24:40.150 D/ActivityTrigger( 1521): ActivityTrigger activityPauseTrigger
02-22 01:24:40.150 I/wm_pause_activity( 1521): [0,98139469,com.android.launcher3/.uioverrides.QuickstepLauncher,userLeaving=true,pauseBackTasks]
02-22 01:24:40.152 I/wm_on_paused_called( 2529): [98139469,com.android.launcher3.uioverrides.QuickstepLauncher,performPause]
02-22 01:24:40.153 I/ActivityTaskManager( 1521): FOREGROUND_APPLICATION_CHANGED to com.android.systemui.screenrecord.ScreenRecordDialog
02-22 01:24:40.153 V/ShadeControllerImpl( 1972): NotificationShadeWindow: com.android.systemui.statusbar.phone.NotificationShadeWindowView{c03506b V.E...... ........ 0,0-2380,1020} canPanelBeCollapsed(): true
02-22 01:24:40.154 I/ActivityTaskManager( 1521): The Process com.android.systemui Already Exists in BG. So sending its PID: 1972
02-22 01:24:40.154 W/ActivityTaskManager( 1521): Tried to set launchTime (0) < mLastActivityLaunchTime (10803)
02-22 01:24:40.155 I/wm_restart_activity( 1521): [0,36716371,22,com.android.systemui/.screenrecord.ScreenRecordDialog]
02-22 01:24:40.155 D/CompatibilityInfo( 1521): mCompatibilityFlags - 4
02-22 01:24:40.155 D/CompatibilityInfo( 1521): applicationDensity - 240
02-22 01:24:40.155 D/CompatibilityInfo( 1521): applicationScale - 1.0
02-22 01:24:40.155 I/wm_set_resumed_activity( 1521): [0,com.android.systemui/.screenrecord.ScreenRecordDialog,minimalResumeActivityLocked]
02-22 01:24:40.158 I/EventSequenceValidator( 1521): Transition from INTENT_STARTED to ACTIVITY_LAUNCHED
02-22 01:24:40.158 I/sysui_multi_action( 1521): [757,803,799,window_time_0,802,106]
02-22 01:24:40.184 I/input_focus( 1521): [Focus leaving 36c1000 NotificationShade (server),reason=NOT_FOCUSABLE]
02-22 01:24:40.186 I/wm_on_create_called( 1972): [36716371,com.android.systemui.screenrecord.ScreenRecordDialog,performCreate]
02-22 01:24:40.187 I/wm_on_start_called( 1972): [36716371,com.android.systemui.screenrecord.ScreenRecordDialog,handleStartActivity]
02-22 01:24:40.187 I/wm_on_resume_called( 1972): [36716371,com.android.systemui.screenrecord.ScreenRecordDialog,RESUME_ACTIVITY]
02-22 01:24:40.190 D/KeyguardViewMediator( 1972): setOccluded true
02-22 01:24:40.191 I/wm_on_top_resumed_gained_called( 1972): [36716371,com.android.systemui.screenrecord.ScreenRecordDialog,topStateChangedWhenResumed]
02-22 01:24:40.194 D/KeyguardViewMediator( 1972): setOccluded false
02-22 01:24:40.196 I/input_focus( 1521): [Focus request b55889a com.android.systemui/com.android.systemui.screenrecord.ScreenRecordDialog,reason=UpdateInputWindows]
02-22 01:24:40.200 I/BpBinder( 990): onLastStrongRef automatically unlinking death recipients:
02-22 01:24:40.205 I/sysui_multi_action( 1521): [319,62,322,62,325,701,757,761,758,8,759,2,806,com.android.systemui,871,com.android.systemui.screenrecord.ScreenRecordDialog,904,com.android.systemui,905,0,1320,8,1321,5]
02-22 01:24:40.206 I/wm_activity_launch_time( 1521): [0,36716371,com.android.systemui/.screenrecord.ScreenRecordDialog,62]
02-22 01:24:40.206 I/ActivityTaskManager( 1521): Displayed com.android.systemui/.screenrecord.ScreenRecordDialog: +62ms
02-22 01:24:40.206 I/EventSequenceValidator( 1521): Transition from ACTIVITY_LAUNCHED to ACTIVITY_FINISHED
02-22 01:24:40.234 I/input_focus( 1521): [Focus entering b55889a com.android.systemui/com.android.systemui.screenrecord.ScreenRecordDialog (server),reason=Window became focusable. Previous reason: NOT_VISIBLE]
02-22 01:24:40.257 W/FreeFormWindowHelper( 1521): Current Display FreeFormTask is null
02-22 01:24:40.258 I/GameMode_ActivityMonitoringService( 2106): Notifying about top task: com.android.systemui, isInMiniWindowMode: false
02-22 01:24:40.258 I/GameMode_ActivityMonitoringService( 2106): onActivityLaunch: com.android.systemui, isGameApp: false
02-22 01:24:40.258 W/FreeFormWindowHelper( 1521): Current Display FreeFormTask is null
02-22 01:24:40.258 V/GameMode_GpuUtils( 2106): fps:60
02-22 01:24:40.259 D/GameModeIF_GameModeSettings( 2106): getUriFor setting_content_uri_root = content://com.thundercomm.gamemode.api/gamemode_settings , name = gamemode_enable
02-22 01:24:40.259 I/am_uid_active( 1521): 10061
02-22 01:24:40.442 E/tlogd ( 1273): [TzLogger](isPathReadable) file /sys/kernel/debug/tzdbg/qsee_log isn't exist or no permission, err: No such file or directory
02-22 01:24:40.442 E/tlogd ( 1273): [TzLogger](saveTzlogAsync) /sys/kernel/debug/tzdbg/qsee_log can not read.
02-22 01:24:40.442 E/tlogd ( 1273): [TzLogger](isPathReadable) file /sys/kernel/debug/tzdbg/log isn't exist or no permission, err: No such file or directory
02-22 01:24:40.442 E/tlogd ( 1273): [TzLogger](saveTzlogAsync) /sys/kernel/debug/tzdbg/log can not read.
02-22 01:24:40.467 I/GameModeConfig( 1521): isGameModeOn = false
02-22 01:24:40.467 I/GameModeConfig( 1521): isGameModeOn = false
02-22 01:24:40.468 I/GameModeConfig( 1521): isGameModeOn = false
02-22 01:24:40.468 I/GameModeConfig( 1521): isGameModeOn = false
02-22 01:24:40.468 I/GameModeConfig( 1521): isGameModeOn = false
02-22 01:24:40.468 I/notification_enqueue( 1521): [10078,1972,com.android.systemui,2048,NULL,0,Notification(channel=updateNotification shortcut=null contentView=null vibrate=null sound=null defaults=0x0 flags=0x0 color=0x00000000 vis=PRIVATE),1]
02-22 01:24:40.468 I/sysui_multi_action( 1972): [757,111,758,2]
02-22 01:24:40.468 I/sysui_multi_action( 1972): [757,111,758,2]
02-22 01:24:40.559 W/hpplay-java( 2725): [main]:IPManager:getActiveNets invalid networkInfo:null
02-22 01:24:40.559 I/hpplay-java( 2725): [main]:IPManager:getActiveNets eth0:false wifi:false mobile:false ap:false
02-22 01:24:40.559 I/hpplay-java( 2725): [main]:ServerTaskManager:get local ip:null
02-22 01:24:40.567 W/Choreographer( 1972): Frame time is 0.341615 ms in the future! Check that graphics HAL is generating vsync timestamps using the correct timebase.
02-22 01:24:40.567 W/Choreographer( 2529): Frame time is 0.326772 ms in the future! Check that graphics HAL is generating vsync timestamps using the correct timebase.
01-01 11:30:27.663 E/DTC_ETH,link_delay_work_func( 0): 3003, SQI=0, link=0
02-22 01:24:40.669 I/GameModeConfig( 1521): isGameModeOn = false
02-22 01:24:40.673 I/sysui_multi_action( 1521): [757,128,758,2,793,691731,794,2668,795,691731,796,26,798,0,806,android,857,DEVELOPER_IMPORTANT,858,4,947,0,1395,3,1500,691361,1688,1]
02-22 01:24:40.673 I/notification_visibility( 1521): [-1|android|26|null|1000,0,691731,691731,0,0]
02-22 01:24:40.673 I/sysui_multi_action( 1521): [757,128,758,2,793,686817,794,2667,795,686817,796,17303299,797,com.android.wifi,798,1,806,android,857,NETWORK_AVAILABLE,858,2,947,0,1395,3,1500,686616,1688,1]
02-22 01:24:40.673 I/notification_visibility( 1521): [0|android|17303299|com.android.wifi|1000,0,686817,686817,0,1]
02-22 01:24:40.673 D/StatusBar( 1972): disable disable2
02-22 01:24:40.673 I/sysui_multi_action( 1521): [757,128,758,2,793,692293,794,2667,795,692293,796,32,798,2,806,android,857,USB,858,1,947,0,1395,3,1500,692038,1688,1]
02-22 01:24:40.673 I/notification_visibility( 1521): [-1|android|32|null|1000,0,692293,692293,0,2]
02-22 01:24:40.673 I/sysui_multi_action( 1521): [757,127,758,2]
02-22 01:24:40.673 I/notification_panel_hidden( 1521):
02-22 01:24:40.688 D/InterruptionStateProvider( 1972): No bubble up: not allowed to bubble: 0|com.android.systemui|2048|null|10078
02-22 01:24:40.688 D/InterruptionStateProvider( 1972): No heads up: unimportant notification: 0|com.android.systemui|2048|null|10078
02-22 01:24:40.689 D/PeopleSpaceWidgetMgr( 1972): Sbn doesn't contain valid PeopleTileKey: null/0/com.android.systemui
02-22 01:24:40.702 V/KeyguardUpdateMonitor( 1972): *** unregister callback for com.android.keyguard.CarrierTextManager$2@7506bbb
02-22 01:24:40.919 I/mpu_uart( 645): [MSG-P:RECV]:No message received in 1000 ms
02-22 01:24:41.385 I/mpu_uart( 645): [MSG-P:R]:recv sync frame timeout
02-22 01:24:41.560 W/hpplay-java( 2725): [main]:IPManager:getActiveNets invalid networkInfo:null
02-22 01:24:41.560 I/hpplay-java( 2725): [main]:IPManager:getActiveNets eth0:false wifi:false mobile:false ap:false
02-22 01:24:41.560 I/hpplay-java( 2725): [main]:ServerTaskManager:get local ip:null
02-22 01:24:41.824 I/input_interaction( 1521): Interaction with: b55889a com.android.systemui/com.android.systemui.screenrecord.ScreenRecordDialog (server), edge-swipe (server), swipe-up (server), PointerEventDispatcher0 (server),
02-22 01:24:41.919 I/mpu_uart( 645): [MSG-P:RECV]:No message received in 1000 ms
02-22 01:24:41.946 I/wm_finish_activity( 1521): [0,36716371,22,com.android.systemui/.screenrecord.ScreenRecordDialog,app-request]
02-22 01:24:41.946 I/wm_task_moved( 1521): [13,1,6]
02-22 01:24:41.947 I/wm_task_moved( 1521): [14,1,2147483647]
02-22 01:24:41.947 I/wm_task_to_front( 1521): [0,14]
02-22 01:24:41.947 I/wm_focused_root_task( 1521): [0,0,13,-1,finish-top adjustFocusToNextFocusableTask]
02-22 01:24:41.950 D/ActivityTrigger( 1521): ActivityTrigger activityPauseTrigger
02-22 01:24:41.950 I/wm_pause_activity( 1521): [0,36716371,com.android.systemui/.screenrecord.ScreenRecordDialog,userLeaving=false,finish]
02-22 01:24:41.953 I/wm_on_top_resumed_lost_called( 1972): [36716371,com.android.systemui.screenrecord.ScreenRecordDialog,topStateChangedWhenResumed]
02-22 01:24:41.953 I/input_focus( 1521): [Focus request ad16e1f com.android.launcher3/com.android.launcher3.uioverrides.QuickstepLauncher,reason=UpdateInputWindows]
02-22 01:24:41.953 I/wm_on_paused_called( 1972): [36716371,com.android.systemui.screenrecord.ScreenRecordDialog,performPause]
02-22 01:24:41.954 I/ActivityTaskManager( 1521): FOREGROUND_APPLICATION_CHANGED to com.android.launcher3.uioverrides.QuickstepLauncher
02-22 01:24:41.955 I/wm_set_resumed_activity( 1521): [0,com.android.launcher3/.uioverrides.QuickstepLauncher,resumeTopActivityInnerLocked]
02-22 01:24:41.956 I/wm_resume_activity( 1521): [0,98139469,14,com.android.launcher3/.uioverrides.QuickstepLauncher]
02-22 01:24:41.957 I/wm_on_resume_called( 2529): [98139469,com.android.launcher3.uioverrides.QuickstepLauncher,RESUME_ACTIVITY]
02-22 01:24:41.957 I/wm_on_top_resumed_gained_called( 2529): [98139469,com.android.launcher3.uioverrides.QuickstepLauncher,topWhenResuming]
02-22 01:24:41.963 I/sysui_multi_action( 1521): [757,803,799,window_time_0,802,2]
02-22 01:24:41.972 I/input_focus( 1521): [Focus leaving b55889a com.android.systemui/com.android.systemui.screenrecord.ScreenRecordDialog (server),reason=NO_WINDOW]
02-22 01:24:41.972 I/input_focus( 1521): [Focus entering ad16e1f com.android.launcher3/com.android.launcher3.uioverrides.QuickstepLauncher (server),reason=setFocusedWindow]
02-22 01:24:41.975 I/wm_destroy_activity( 1521): [0,36716371,22,com.android.systemui/.screenrecord.ScreenRecordDialog,finish-idle]
02-22 01:24:41.976 I/wm_on_stop_called( 1972): [36716371,com.android.systemui.screenrecord.ScreenRecordDialog,LIFECYCLER_STOP_ACTIVITY]
02-22 01:24:41.976 I/wm_on_destroy_called( 1972): [36716371,com.android.systemui.screenrecord.ScreenRecordDialog,performDestroy]
02-22 01:24:41.979 W/InputManager-JNI( 1521): Input channel object 'b55889a com.android.systemui/com.android.systemui.screenrecord.ScreenRecordDialog (client)' was disposed without first being removed with the input manager!
02-22 01:24:42.004 I/BpBinder( 990): onLastStrongRef automatically unlinking death recipients:
02-22 01:24:42.027 W/System ( 1521): A resource failed to call release.
02-22 01:24:42.027 W/System ( 1521): A resource failed to call close.
02-22 01:24:42.027 W/System ( 1521): A resource failed to call close.
02-22 01:24:42.027 W/System ( 1521): A resource failed to call close.
02-22 01:24:42.058 W/FreeFormWindowHelper( 1521): Current Display FreeFormTask is null
02-22 01:24:42.058 W/FreeFormWindowHelper( 1521): Current Display FreeFormTask is null
02-22 01:24:42.058 I/GameMode_ActivityMonitoringService( 2106): Notifying about top task: com.android.launcher3, isInMiniWindowMode: false
02-22 01:24:42.058 I/GameMode_ActivityMonitoringService( 2106): onActivityLaunch: com.android.launcher3, isGameApp: false
02-22 01:24:42.058 V/GameMode_GpuUtils( 2106): fps:60
02-22 01:24:42.059 D/GameModeIF_GameModeSettings( 2106): getUriFor setting_content_uri_root = content://com.thundercomm.gamemode.api/gamemode_settings , name = gamemode_enable
02-22 01:24:42.222 I/wm_task_removed( 1521): [22,removeChild:removeChild last r=ActivityRecord{2303f53 u0 com.android.systemui/.screenrecord.ScreenRecordDialog t-1 f}} in t=Task{5739466 #22 type=standard A=10078:com.android.systemui U=0 visible=false mode=fullscreen translucent=true sz=0}]
02-22 01:24:42.222 I/wm_task_removed( 1521): [22,removeChild]
02-22 01:24:42.226 W/ActivityTaskManager( 1521): Can't find TaskDisplayArea to determine support for multi window. Task id=22 attached=false
02-22 01:24:42.226 W/ActivityTaskManager( 1521): Can't find TaskDisplayArea to determine support for multi window. Task id=22 attached=false
02-22 01:24:42.563 W/hpplay-java( 2725): [main]:IPManager:getActiveNets invalid networkInfo:null
02-22 01:24:42.563 I/hpplay-java( 2725): [main]:IPManager:getActiveNets eth0:false wifi:false mobile:false ap:false
02-22 01:24:42.563 I/hpplay-java( 2725): [main]:ServerTaskManager:get local ip:null
02-22 01:24:42.919 I/mpu_uart( 645): [MSG-P:RECV]:No message received in 1000 ms
02-22 01:24:43.566 W/hpplay-java( 2725): [main]:IPManager:getActiveNets invalid networkInfo:null
02-22 01:24:43.566 I/hpplay-java( 2725): [main]:IPManager:getActiveNets eth0:false wifi:false mobile:false ap:false
02-22 01:24:43.566 I/hpplay-java( 2725): [main]:ServerTaskManager:get local ip:null
02-22 01:24:43.919 I/mpu_uart( 645): [MSG-P:RECV]:No message received in 1000 ms
02-22 01:24:44.389 I/mpu_uart( 645): [MSG-P:R]:recv sync frame timeout
02-22 01:24:44.568 W/hpplay-java( 2725): [main]:IPManager:getActiveNets invalid networkInfo:null
02-22 01:24:44.568 I/hpplay-java( 2725): [main]:IPManager:getActiveNets eth0:false wifi:false mobile:false ap:false
02-22 01:24:44.568 I/hpplay-java( 2725): [main]:ServerTaskManager:get local ip:null
02-22 01:24:44.731 D/RemoteControlService( 2315): startVlanDispatchThread
02-22 01:24:44.920 I/mpu_uart( 645): [MSG-P:RECV]:No message received in 1000 ms
02-22 01:24:44.952 D/CompatibilityInfo( 1521): mCompatibilityFlags - 4
02-22 01:24:44.952 D/CompatibilityInfo( 1521): applicationDensity - 240
02-22 01:24:44.952 D/CompatibilityInfo( 1521): applicationScale - 1.0
02-22 01:24:44.956 D/RecordingController( 1972): sent start intent
02-22 01:24:44.960 D/RecordingService( 1972): onStartCommand com.android.systemui.screenrecord.START
02-22 01:24:44.961 D/RecordingService( 1972): recording with audio sourceNONE
02-22 01:24:44.964 D/ScreenMediaRecorder( 1972): start recording
02-22 01:24:44.970 W/StagefrightRecorder( 1190): stop while neither recording nor paused
02-22 01:24:44.971 I/MediaProfiles( 1190): Profiles xml path: /vendor/etc/media_profiles_kona.xml
02-22 01:24:44.990 D/MediaCodecList( 1972): codecHandlesFormat: no format, so no extra checks
02-22 01:24:44.990 D/MediaCodecList( 1972): codecHandlesFormat: no format, so no extra checks
02-22 01:24:44.991 D/MediaCodecList( 1972): codecHandlesFormat: no format, so no extra checks
02-22 01:24:44.991 D/MediaCodecList( 1972): codecHandlesFormat: no format, so no extra checks
02-22 01:24:44.994 I/OMXClient( 1972): IOmx service obtained
02-22 01:24:44.994 I/OMXMaster( 1219): makeComponentInstance(OMX.qcom.video.decoder.avc) in android.hardwar process
02-22 01:24:45.000 E/android.hardware.media.omx@1.0-service( 1219): Service not available yet
02-22 01:24:45.001 D/PlatformConfig( 1219): getInstance: Enter
02-22 01:24:45.001 D/PlatformConfig( 1219): getConfigStoreBool: vpp/enable=false, returning false
02-22 01:24:45.004 D/PlatformConfig( 1219): getInstance: Enter
02-22 01:24:45.004 D/PlatformConfig( 1219): getInt32 Config name: vidc_dec_log_in value: 0
02-22 01:24:45.004 D/PlatformConfig( 1219): getInstance: Enter
02-22 01:24:45.004 D/PlatformConfig( 1219): getInt32 Config name: vidc_dec_log_out value: 0
02-22 01:24:45.004 D/PlatformConfig( 1219): getInstance: Enter
02-22 01:24:45.004 D/PlatformConfig( 1219): getInt32 Config name: vidc_dec_sec_prefetch_size_internal value: 209715200
02-22 01:24:45.004 D/PlatformConfig( 1219): getInstance: Enter
02-22 01:24:45.004 D/PlatformConfig( 1219): getInt32 Config name: vidc_dec_sec_prefetch_size_output value: 13434880
02-22 01:24:45.004 D/PlatformConfig( 1219): getInstance: Enter
02-22 01:24:45.004 D/PlatformConfig( 1219): getInt32 Config name: vidc_perf_control_enable value: 0
02-22 01:24:45.004 D/PlatformConfig( 1219): getInstance: Enter
02-22 01:24:45.004 D/PlatformConfig( 1219): getInt32 Config name: vidc_dec_thumbnail_yuv_output value: 0
02-22 01:24:45.004 D/PlatformConfig( 1219): getInstance: Enter
02-22 01:24:45.004 D/PlatformConfig( 1219): getInt32: Returning default
02-22 01:24:45.004 D/PlatformConfig( 1219): getInstance: Enter
02-22 01:24:45.004 D/PlatformConfig( 1219): getInt32 Config name: vidc_dec_output_rate value: 120
02-22 01:24:45.004 I/OMX-VDEC-1080P( 1219): component_init: OMX.qcom.video.decoder.avc : fd=7
02-22 01:24:45.004 E/OMX-VDEC-1080P( 1219): Unsupported output color format for c2d (2141391876)
02-22 01:24:45.004 E/OMX-VDEC-1080P( 1219): Setting color format failed
01-01 11:30:32.069 I/msm_vidc( 0): high: 00000001: ....d: Opening video instance: 0000000000000000, 1
01-01 11:30:32.069 I/msm_vidc( 0): err : 00000001: ....d: Failed to create debugfs for msm_vidc
02-22 01:24:45.008 D/PlatformConfig( 1219): getInstance: Enter
02-22 01:24:45.008 D/PlatformConfig( 1219): getInt32: Returning default
02-22 01:24:45.008 D/PlatformConfig( 1219): getInstance: Enter
02-22 01:24:45.008 D/PlatformConfig( 1219): getInt32: Returning default
02-22 01:24:45.008 I/OMX-VDEC-1080P( 1219): omx_vdec::component_init() success : fd=7
02-22 01:24:45.021 I/OMX-VDEC-1080P( 1219): omx_vdec::component_deinit() complete
02-22 01:24:45.021 D/ScreenMediaRecorder( 1972): Screen size supported at rate 60
01-01 11:30:32.086 I/msm_vidc( 0): high: 00000001: h264d: Closed video instance: 0000000000000000
02-22 01:24:45.021 I/OMX-VDEC-1080P( 1219): Exit OMX vdec Destructor: fd=7
02-22 01:24:45.023 D/MPEG4Writer( 1190): PreAllocation enabled
02-22 01:24:45.024 D/MediaCodecList( 1190): codecHandlesFormat: no format, so no extra checks
02-22 01:24:45.024 D/MediaCodecList( 1190): codecHandlesFormat: no format, so no extra checks
02-22 01:24:45.024 D/MediaCodecList( 1190): codecHandlesFormat: no format, so no extra checks
02-22 01:24:45.024 D/MediaCodecList( 1190): codecHandlesFormat: no format, so no extra checks
02-22 01:24:45.026 I/OMXClient( 1190): IOmx service obtained
02-22 01:24:45.026 I/OMXMaster( 1219): makeComponentInstance(OMX.qcom.video.encoder.avc) in android.hardwar process
02-22 01:24:45.034 I/android.hardware.media.omx@1.0-service( 1219): vendor/qcom/proprietary/adsprpc/src/rpcmem_android.c:159: rpcmem_init_internal: opened ION device fd 7, configured heap IDs: system (0x2000000), contig (0x400000), secure (0x200), secure flags (0x80080000)
02-22 01:24:45.034 I/android.hardware.media.omx@1.0-service( 1219): vendor/qcom/proprietary/adsprpc/src/fastrpc_apps_user.c:3087: fastrpc_apps_user_init done with default domain:3 and &fastrpc_trace:0xe72b7c1c
02-22 01:24:45.037 D/PlatformConfig( 1219): getInstance: Enter
02-22 01:24:45.037 D/PlatformConfig( 1219): getInt32 Config name: vidc_perf_control_enable value: 0
02-22 01:24:45.037 D/PlatformConfig( 1219): getInstance: Enter
02-22 01:24:45.037 D/PlatformConfig( 1219): getInt32: Returning default
02-22 01:24:45.037 D/PlatformConfig( 1219): getInstance: Enter
02-22 01:24:45.037 D/PlatformConfig( 1219): getInt32 Config name: vidc_enc_log_in value: 0
02-22 01:24:45.037 D/PlatformConfig( 1219): getInstance: Enter
02-22 01:24:45.037 D/PlatformConfig( 1219): getInt32 Config name: vidc_enc_log_out value: 0
02-22 01:24:45.037 D/PlatformConfig( 1219): getInstance: Enter
02-22 01:24:45.037 D/PlatformConfig( 1219): getInt32 Config name: vidc_enc_csc_custom_matrix value: 0
02-22 01:24:45.037 D/PlatformConfig( 1219): getInstance: Enter
02-22 01:24:45.037 D/PlatformConfig( 1219): getInt32 Config name: vidc_enc_auto_blur_disable value: 0
02-22 01:24:45.037 D/PlatformConfig( 1219): getInstance: Enter
02-22 01:24:45.037 D/PlatformConfig( 1219): getInt32: Returning default
02-22 01:24:45.037 D/PlatformConfig( 1219): getInstance: Enter
02-22 01:24:45.037 D/PlatformConfig( 1219): getInt32 Config name: vidc_enc_linear_color_format value: 0
02-22 01:24:45.037 D/PlatformConfig( 1219): getInstance: Enter
02-22 01:24:45.037 D/PlatformConfig( 1219): getInt32 Config name: vidc_enc_bitrate_savings_enable value: 3
02-22 01:24:45.037 D/PlatformConfig( 1219): getInstance: Enter
02-22 01:24:45.037 D/PlatformConfig( 1219): getInt32 Config name: vidc_enc_quality_boost_enable value: 1
02-22 01:24:45.038 I/OMX-VENC( 1219): Component_init : OMX.qcom.video.encoder.avc : return = 0x0
01-01 11:30:32.102 I/msm_vidc( 0): high: 00000001: ....e: Opening video instance: 0000000000000000, 0
01-01 11:30:32.102 I/msm_vidc( 0): err : 00000001: ....e: Failed to create debugfs for msm_vidc
02-22 01:24:45.039 I/MediaCodec( 1190): MediaCodec will operate in async mode
02-22 01:24:45.047 E/SELinux ( 504): avc: denied { find } for pid=1190 uid=1013 name=package_native scontext=u:r:mediaserver:s0 tcontext=u:object_r:package_native_service:s0 tclass=service_manager permissive=0
02-22 01:24:45.047 I/auditd ( 504): avc: denied { find } for pid=1190 uid=1013 name=package_native scontext=u:r:mediaserver:s0 tcontext=u:object_r:package_native_service:s0 tclass=service_manager permissive=0
02-22 01:24:45.048 E/SELinux ( 504): avc: denied { find } for pid=1190 uid=1013 name=package_native scontext=u:r:mediaserver:s0 tcontext=u:object_r:package_native_service:s0 tclass=service_manager permissive=0
02-22 01:24:45.048 I/auditd ( 504): avc: denied { find } for pid=1190 uid=1013 name=package_native scontext=u:r:mediaserver:s0 tcontext=u:object_r:package_native_service:s0 tclass=service_manager permissive=0
02-22 01:24:45.048 D/CodecSeeding( 1190): Seed: codec OMX.qcom.video.encoder.avc, mediatype video/avc, overrideable 1
02-22 01:24:45.048 D/CodecProperties( 1190): setTuningValue(vq-target-bpp,0)
02-22 01:24:45.048 D/CodecProperties( 1190): setTuningValue(vq-target-bpp-1080p,1.90)
02-22 01:24:45.048 D/CodecProperties( 1190): setTuningValue(vq-target-bpp-720p,2.25)
02-22 01:24:45.048 D/CodecProperties( 1190): setTuningValue(vq-target-bpp-540p,2.65)
02-22 01:24:45.048 D/CodecProperties( 1190): setTuningValue(vq-target-bpp-480p,3.00)
02-22 01:24:45.048 D/CodecProperties( 1190): setTuningValue(vq-target-bpp-320x240,0)
02-22 01:24:45.048 D/CodecProperties( 1190): setTuningValue(vq-target-qpmax,-1)
02-22 01:24:45.048 D/CodecProperties( 1190): setTuningValue(vq-target-qpmax-1080p,45)
02-22 01:24:45.048 D/CodecProperties( 1190): setTuningValue(vq-target-qpmax-720p,43)
02-22 01:24:45.048 D/CodecProperties( 1190): setTuningValue(vq-target-qpmax-540p,42)
02-22 01:24:45.048 D/CodecProperties( 1190): setTuningValue(vq-target-qpmax-480p,38)
02-22 01:24:45.048 D/CodecProperties( 1190): setTuningValue(vq-bitrate-phaseout,1.75)
02-22 01:24:45.048 D/CodecProperties( 1190): setTuningValue(vq-boost-missing-qp,0.20)
02-22 01:24:45.048 D/CodecProperties( 1190): setFeatureValue(_vq_eligible.device,1)
02-22 01:24:45.048 D/CodecProperties( 1190): setFeatureValue(_quality.target,1)
02-22 01:24:45.048 D/CodecSeeding( 1190): Seed: codec OMX.qcom.video.encoder.avc, mediatype video/avc, overrideable 0
02-22 01:24:45.048 D/VQApply ( 1190): minquality: 2380x1020 outside of shaping range
02-22 01:24:45.048 D/MediaCodec( 1190): shapeMediaFormat: deltas(1): AMessage(what = 0x00000000) = {
02-22 01:24:45.048 D/MediaCodec( 1190): int32_t android._encoding-quality-level = 0
02-22 01:24:45.048 D/MediaCodec( 1190): }
02-22 01:24:45.049 I/OMX-VENC: venc_dev( 1219): Native recorder encode session 1
02-22 01:24:45.049 I/OMX-VENC( 1219): WARN: Enable/Disable allocate-native-handle allowed only in secure session
02-22 01:24:45.049 E/OMXNodeInstance( 1219): setParameter(0xe7648134:qcom.encoder.avc, OMX.google.android.index.allocateNativeHandle(0x7f00005d): Input:0 en=0) ERROR: UnsupportedSetting(0x80001019)
02-22 01:24:45.049 I/OMX-VENC( 1219): WARN: Enable/Disable allocate-native-handle allowed only in secure session
02-22 01:24:45.049 E/OMXNodeInstance( 1219): setParameter(0xe7648134:qcom.encoder.avc, OMX.google.android.index.allocateNativeHandle(0x7f00005d): Output:1 en=0) ERROR: UnsupportedSetting(0x80001019)
02-22 01:24:45.049 I/OMX-VENC( 1219): WARN: set_parameter: metamode is valid for input port only
02-22 01:24:45.049 W/OMXNodeInstance( 1219): [0xe7648134:qcom.encoder.avc] component does not support metadata mode; using fallback
02-22 01:24:45.049 I/ExtendedACodec( 1190): setupVideoEncoder()
02-22 01:24:45.049 W/OMXUtils( 1190): do not know color format 0x7fa30c06 = 2141391878
02-22 01:24:45.050 W/OMXUtils( 1190): do not know color format 0x7fa30c04 = 2141391876
02-22 01:24:45.050 W/OMXUtils( 1190): do not know color format 0x7fa30c00 = 2141391872
02-22 01:24:45.050 W/OMXUtils( 1190): do not know color format 0x7fa30c09 = 2141391881
02-22 01:24:45.051 W/OMXUtils( 1190): do not know color format 0x7fa30c0a = 2141391882
02-22 01:24:45.051 W/OMXUtils( 1190): do not know color format 0x7fa30c08 = 2141391880
02-22 01:24:45.051 W/OMXUtils( 1190): do not know color format 0x7fa30c07 = 2141391879
02-22 01:24:45.051 W/OMXUtils( 1190): do not know color format 0x7f000789 = 2130708361
02-22 01:24:45.052 I/OMX-VENC: venc_dev( 1219): WARN: Unsupported eColorFormat 0x7f000789
02-22 01:24:45.053 I/OMX-VENC: venc_dev( 1219): v4l2 profile : 1 flags : 131095
02-22 01:24:45.053 I/OMX-VENC: venc_dev( 1219): v4l2 profile : 0 flags : 131095
02-22 01:24:45.053 I/OMX-VENC: venc_dev( 1219): v4l2 profile : 2 flags : 131095
02-22 01:24:45.053 I/OMX-VENC: venc_dev( 1219): v4l2 profile : 17 flags : 131095
02-22 01:24:45.053 I/OMX-VENC: venc_dev( 1219): v4l2 profile : 4 flags : 131095
02-22 01:24:45.053 I/ACodec ( 1190): setupAVCEncoderParameters with [profile: High] [level: Level3]
02-22 01:24:45.054 I/ACodec ( 1190): [OMX.qcom.video.encoder.avc] cannot encode HDR static metadata. Ignoring.
02-22 01:24:45.054 I/ACodec ( 1190): setupVideoEncoder succeeded
02-22 01:24:45.054 I/ExtendedACodec( 1190): [OMX.qcom.video.encoder.avc] configure, AMessage : AMessage(what = 'conf', target = 17) = {
02-22 01:24:45.054 I/ExtendedACodec( 1190): string mime = "video/avc"
02-22 01:24:45.054 I/ExtendedACodec( 1190): int32_t width = 2380
02-22 01:24:45.054 I/ExtendedACodec( 1190): int32_t height = 1020
02-22 01:24:45.054 I/ExtendedACodec( 1190): int32_t stride = 2380
02-22 01:24:45.054 I/ExtendedACodec( 1190): int32_t slice-height = 1020
02-22 01:24:45.054 I/ExtendedACodec( 1190): int32_t color-format = 2130708361
02-22 01:24:45.054 I/ExtendedACodec( 1190): int32_t bitrate = 29131200
02-22 01:24:45.054 I/ExtendedACodec( 1190): int32_t bitrate-mode = 1
02-22 01:24:45.054 I/ExtendedACodec( 1190): int32_t frame-rate = 60
02-22 01:24:45.054 I/ExtendedACodec( 1190): int32_t i-frame-interval = 1
02-22 01:24:45.054 I/ExtendedACodec( 1190): int32_t vendor.qti-ext-enc-info-native_recording.value = 1
02-22 01:24:45.054 I/ExtendedACodec( 1190): int32_t profile = 8
02-22 01:24:45.054 I/ExtendedACodec( 1190): int32_t level = 256
02-22 01:24:45.054 I/ExtendedACodec( 1190): int32_t priority = 0
02-22 01:24:45.054 I/ExtendedACodec( 1190): int32_t feature-nal-length-bitstream = 1
02-22 01:24:45.054 I/ExtendedACodec( 1190): int32_t nal-length-in-bytes = 4
02-22 01:24:45.054 I/ExtendedACodec( 1190): int32_t vendor.qti-ext-enc-nal-length-bs.num-bytes = 4
02-22 01:24:45.054 I/ExtendedACodec( 1190): int32_t isNativeRecorder = 1
02-22 01:24:45.054 I/ExtendedACodec( 1190): int32_t create-input-buffers-suspended = 1
02-22 01:24:45.054 I/ExtendedACodec( 1190): int32_t android._encoding-quality-level = 0
02-22 01:24:45.054 I/ExtendedACodec( 1190): int32_t flags = 3
02-22 01:24:45.054 I/ExtendedACodec( 1190): int32_t encoder = 1
02-22 01:24:45.054 I/ExtendedACodec( 1190): }
02-22 01:24:45.059 W/OMXUtils( 1190): do not know color format 0x7f000789 = 2130708361
02-22 01:24:45.059 E/OMX-VENC( 1219): ERROR: unsupported index 1870659589
02-22 01:24:45.059 E/OMXNodeInstance( 1219): getConfig(0xe7648134:qcom.encoder.avc, ConfigLatency(0x6f800005)) ERROR: UnsupportedIndex(0x8000101a)
02-22 01:24:45.068 E/OMXNodeInstance( 1219): getConfig(0xe7648134:qcom.encoder.avc, ??(0x7f000062)) ERROR: UnsupportedSetting(0x80001019)
02-22 01:24:45.068 I/OMX-VENC: venc_dev( 1219): venc_get_consumer_usage 0x10000000
02-22 01:24:45.068 D/GraphicBufferSource( 1219): setting dataspace: 0x104, acquired=0
02-22 01:24:45.068 I/OMX-VENC: venc_dev( 1219): venc_get_consumer_usage 0x10000000
02-22 01:24:45.068 D/GraphicBufferSource( 1219): requesting color aspects (R:2(Limited), P:1(BT709_5), M:1(BT709_5), T:3(SMPTE170M))
02-22 01:24:45.069 D/MediaCodec( 1190): keep callback message for reclaim
02-22 01:24:45.075 W/ResourceManagerService( 1190): Ignoring request to add new resource entry with value <= 0
02-22 01:24:45.082 I/DisplayDeviceRepository( 1521): Display device added: DisplayDeviceInfo{"Recording Display": uniqueId="virtual:com.android.systemui,10078,Recording Display,0", 2380 x 1020, modeId 4, defaultModeId 4, supportedModes [{id=4, width=2380, height=1020, fps=60.0, alternativeRefreshRates=[]}], colorMode 0, supportedColorModes [0], hdrCapabilities null, allmSupported false, gameContentTypeSupported false, density 240, 240.0 x 240.0 dpi, appVsyncOff 0, presDeadline 16666666, touch NONE, rotation 0, type VIRTUAL, deviceProductInfo null, state ON, owner com.android.systemui (uid 10078), frameRateOverride , brightnessMinimum 0.0, brightnessMaximum 0.0, brightnessDefault 0.0, FLAG_PRIVATE, FLAG_PRESENTATION}
02-22 01:24:45.083 I/LogicalDisplayMapper( 1521): Applying layout: [{addr: {port=129, model=0x40446d3026322d}, dispId: 0(ON)}], Previous layout: [{addr: {port=129, model=0x40446d3026322d}, dispId: 0(ON)}]
02-22 01:24:45.084 I/LogicalDisplayMapper( 1521): Adding new display: 2: DisplayInfo{"Recording Display", displayId 2", displayGroupId -1, FLAG_PRIVATE, FLAG_PRESENTATION, real 2380 x 1020, largest app 2380 x 1020, smallest app 2380 x 1020, appVsyncOff 0, presDeadline 16666666, mode 4, defaultMode 4, modes [{id=4, width=2380, height=1020, fps=60.0, alternativeRefreshRates=[]}], hdrCapabilities null, userDisabledHdrTypes [], minimalPostProcessingSupported false, rotation 0, state ON, type VIRTUAL, uniqueId "virtual:com.android.systemui,10078,Recording Display,0", app 2380 x 1020, density 240 (240.0 x 240.0) dpi, layerStack 2, colorMode 0, supportedColorModes [0], deviceProductInfo null, owner com.android.systemui (uid 10078), removeMode 1, refreshRateOverride 0.0, brightnessMinimum 0.0, brightnessMaximum 0.0, brightnessDefault 0.0}
02-22 01:24:45.084 I/LogicalDisplayMapper( 1521): Setting new display group 0 for display 2, from previous group: null
02-22 01:24:45.085 W/DisplayPowerController[2]( 1521): Screen brightness nits configuration is unavailable; falling back
02-22 01:24:45.087 D/MPEG4Writer( 1190): fpathconf _PC_FILESIZEBITS:64
02-22 01:24:45.087 D/MPEG4Writer( 1190): MP4WtrCtrlHlpLooper Started
02-22 01:24:45.087 I/MPEG4Writer( 1190): limits: 5000000000/3600000000 bytes/us, bit rate: 29131200 bps and the estimated moov size 405120 bytes
02-22 01:24:45.089 I/MediaCodecSource( 1190): MediaCodecSource (video) starting
02-22 01:24:45.089 W/MediaCodec( 1190): mapFormat: no mediaType information
02-22 01:24:45.089 I/InputDispatcher( 1521): Created monitor PointerEventDispatcher2 for display 2, gesture=false, pid=1521
02-22 01:24:45.089 I/MediaCodecSource( 1190): MediaCodecSource (video) started
02-22 01:24:45.092 E/ActivityManager( 1521): Sending non-protected broadcast com.android.systemui.screenrecord.UPDATE_STATE_OUTSIDE from system 1972:com.android.systemui/u0a78 pkg com.android.systemui
02-22 01:24:45.092 E/ActivityManager( 1521): java.lang.Throwable
02-22 01:24:45.092 E/ActivityManager( 1521): at com.android.server.am.ActivityManagerService.checkBroadcastFromSystem(ActivityManagerService.java:12877)
02-22 01:24:45.092 E/ActivityManager( 1521): at com.android.server.am.ActivityManagerService.broadcastIntentLocked(ActivityManagerService.java:13477)
02-22 01:24:45.092 E/ActivityManager( 1521): at com.android.server.am.ActivityManagerService.broadcastIntentLocked(ActivityManagerService.java:12894)
02-22 01:24:45.092 E/ActivityManager( 1521): at com.android.server.am.ActivityManagerService.broadcastIntentWithFeature(ActivityManagerService.java:13729)
02-22 01:24:45.092 E/ActivityManager( 1521): at android.app.IActivityManager$Stub.onTransact(IActivityManager.java:2326)
02-22 01:24:45.092 E/ActivityManager( 1521): at com.android.server.am.ActivityManagerService.onTransact(ActivityManagerService.java:2528)
02-22 01:24:45.092 E/ActivityManager( 1521): at android.os.Binder.execTransactInternal(Binder.java:1184)
02-22 01:24:45.092 E/ActivityManager( 1521): at android.os.Binder.execTransact(Binder.java:1143)
02-22 01:24:45.093 I/am_wtf ( 1521): [0,1521,system_server,-1,ActivityManager,Sending non-protected broadcast com.android.systemui.screenrecord.UPDATE_STATE_OUTSIDE from system 1972:com.android.systemui/u0a78 pkg com.android.systemui]
02-22 01:24:45.093 E/ActivityManager( 1521): Sending non-protected broadcast com.android.systemui.screenrecord.UPDATE_STATE_OUTSIDE from system 1972:com.android.systemui/u0a78 pkg com.android.systemui
02-22 01:24:45.093 E/ActivityManager( 1521): java.lang.Throwable
02-22 01:24:45.093 E/ActivityManager( 1521): at com.android.server.am.ActivityManagerService.checkBroadcastFromSystem(ActivityManagerService.java:12877)
