02-22 01:24:45.093 E/ActivityManager( 1521): at com.android.server.am.ActivityManagerService.broadcastIntentLocked(ActivityManagerService.java:13572)
02-22 01:24:45.093 E/ActivityManager( 1521): at com.android.server.am.ActivityManagerService.broadcastIntentLocked(ActivityManagerService.java:12894)
02-22 01:24:45.093 E/ActivityManager( 1521): at com.android.server.am.ActivityManagerService.broadcastIntentWithFeature(ActivityManagerService.java:13729)
02-22 01:24:45.093 E/ActivityManager( 1521): at android.app.IActivityManager$Stub.onTransact(IActivityManager.java:2326)
02-22 01:24:45.093 E/ActivityManager( 1521): at com.android.server.am.ActivityManagerService.onTransact(ActivityManagerService.java:2528)
02-22 01:24:45.093 E/ActivityManager( 1521): at android.os.Binder.execTransactInternal(Binder.java:1184)
02-22 01:24:45.093 E/ActivityManager( 1521): at android.os.Binder.execTransact(Binder.java:1143)
02-22 01:24:45.094 I/DropBoxManagerService( 1521): add tag=system_server_wtf isTagEnabled=true flags=0x2
02-22 01:24:45.095 I/am_wtf ( 1521): [0,1521,system_server,-1,ActivityManager,Sending non-protected broadcast com.android.systemui.screenrecord.UPDATE_STATE_OUTSIDE from system 1972:com.android.systemui/u0a78 pkg com.android.systemui]
02-22 01:24:45.095 D/GameMode_GameModeService( 2106): Received recording state update intent: true
02-22 01:24:45.096 I/DropBoxManagerService( 1521): add tag=system_server_wtf isTagEnabled=true flags=0x2
02-22 01:24:45.097 I/sysui_multi_action( 1521): [757,856,758,1,806,com.android.systemui,857,screen_record,858,3]
02-22 01:24:45.101 I/notification_enqueue( 1521): [10078,1972,com.android.systemui,4274,NULL,0,Notification(channel=screen_record shortcut=null contentView=null vibrate=null sound=null defaults=0x0 flags=0x42 color=0xffc5221f actions=1 vis=PRIVATE),0]
02-22 01:24:45.103 W/DisplayManagerService( 1521): Display DisplayDeviceInfo{"Recording Display": uniqueId="virtual:com.android.systemui,10078,Recording Display,0", 2380 x 1020, modeId 4, defaultModeId 4, supportedModes [{id=4, width=2380, height=1020, fps=60.0, alternativeRefreshRates=[]}], colorMode 0, supportedColorModes [0], hdrCapabilities null, allmSupported false, gameContentTypeSupported false, density 240, 240.0 x 240.0 dpi, appVsyncOff 0, presDeadline 16666666, touch NONE, rotation 0, type VIRTUAL, deviceProductInfo null, state ON, owner com.android.systemui (uid 10078), frameRateOverride , brightnessMinimum 0.0, brightnessMaximum 0.0, brightnessDefault 0.0, FLAG_PRIVATE, FLAG_PRESENTATION} does not support input device matching.
02-22 01:24:45.104 W/DisplayManagerService( 1521): Display DisplayDeviceInfo{"Recording Display": uniqueId="virtual:com.android.systemui,10078,Recording Display,0", 2380 x 1020, modeId 4, defaultModeId 4, supportedModes [{id=4, width=2380, height=1020, fps=60.0, alternativeRefreshRates=[]}], colorMode 0, supportedColorModes [0], hdrCapabilities null, allmSupported false, gameContentTypeSupported false, density 240, 240.0 x 240.0 dpi, appVsyncOff 0, presDeadline 16666666, touch NONE, rotation 0, type VIRTUAL, deviceProductInfo null, state ON, owner com.android.systemui (uid 10078), frameRateOverride , brightnessMinimum 0.0, brightnessMaximum 0.0, brightnessDefault 0.0, FLAG_PRIVATE, FLAG_PRESENTATION} does not support input device matching.
02-22 01:24:45.110 W/ImageReader_JNI( 1521): Unable to acquire a buffer item, very likely client tried to acquire more than maxImages buffers
02-22 01:24:45.120 I/WindowManager( 1521): Override config changes=20005df8 {0.0 ?mcc?mnc ?localeList ?layoutDir sw680dp w1586dp h680dp 240dpi lrg long land ?uimode ?night -touch -keyb/v/h -nav/h winConfig={ mBounds=Rect(0, 0 - 2380, 1020) mAppBounds=Rect(0, 0 - 2380, 1020) mMaxBounds=Rect(0, 0 - 2380, 1020) mWindowingMode=fullscreen mDisplayWindowingMode=fullscreen mActivityType=undefined mAlwaysOnTop=undefined mRotation=ROTATION_0} ?fontWeightAdjustment} for displayId=2
02-22 01:24:45.120 I/sysui_multi_action( 1521): [757,1659,758,4,759,2,1660,2]
02-22 01:24:45.121 W/DisplayManagerService( 1521): Display DisplayDeviceInfo{"Recording Display": uniqueId="virtual:com.android.systemui,10078,Recording Display,0", 2380 x 1020, modeId 4, defaultModeId 4, supportedModes [{id=4, width=2380, height=1020, fps=60.0, alternativeRefreshRates=[]}], colorMode 0, supportedColorModes [0], hdrCapabilities null, allmSupported false, gameContentTypeSupported false, density 240, 240.0 x 240.0 dpi, appVsyncOff 0, presDeadline 16666666, touch NONE, rotation 0, type VIRTUAL, deviceProductInfo null, state ON, owner com.android.systemui (uid 10078), frameRateOverride , brightnessMinimum 0.0, brightnessMaximum 0.0, brightnessDefault 0.0, FLAG_PRIVATE, FLAG_PRESENTATION} does not support input device matching.
02-22 01:24:45.123 I/WindowManager( 1521): Screen frozen for +19ms due to new-config
02-22 01:24:45.127 V/DisplayPowerController[2]( 1521): Brightness [0.0] reason changing to: 'manual', previous reason: '0'.
02-22 01:24:45.128 W/PowerManagerService( 1521): Screen on took 118694 ms
02-22 01:24:45.130 W/H2BGraphicBufferProducer( 990): getConsumerUsage is not fully supported
02-22 01:24:45.131 I/libdisplayconfigqti( 840): Register client name: Recording Display990 device client: 0xb40000759ceb15e0
02-22 01:24:45.132 I/CompositionEngine( 990): Display::setConfiguration: mDisplayExtnIntf: 0xb400006e79394ef0
02-22 01:24:45.133 W/DisplayManagerService( 1521): Display DisplayDeviceInfo{"Recording Display": uniqueId="virtual:com.android.systemui,10078,Recording Display,0", 2380 x 1020, modeId 4, defaultModeId 4, supportedModes [{id=4, width=2380, height=1020, fps=60.0, alternativeRefreshRates=[]}], colorMode 0, supportedColorModes [0], hdrCapabilities null, allmSupported false, gameContentTypeSupported false, density 240, 240.0 x 240.0 dpi, appVsyncOff 0, presDeadline 16666666, touch NONE, rotation 0, type VIRTUAL, deviceProductInfo null, state ON, owner com.android.systemui (uid 10078), frameRateOverride , brightnessMinimum 0.0, brightnessMaximum 0.0, brightnessDefault 0.0, FLAG_PRIVATE, FLAG_PRESENTATION} does not support input device matching.
02-22 01:24:45.141 I/hwservicemanager( 505): getTransport: Cannot find entry android.hardware.graphics.allocator@4.0::IAllocator/default in either framework or device VINTF manifest.
02-22 01:24:45.141 W/Gralloc4( 1219): allocator 3.x is not supported
02-22 01:24:45.146 D/GraphicBufferSource( 1219): got buffer with new dataSpace #104
02-22 01:24:45.146 I/OMX-VENC( 1219): get_config (dataspace changed): ColorSpace: Recommend 601 for RGBA8888
02-22 01:24:45.146 D/OMXNodeInstance( 1219): Codec resolved it to (R:2(??), P:3(??), M:3(??), T:3(??)) err=0(NO_ERROR)
02-22 01:24:45.147 E/OMXNodeInstance( 1219): setConfig(0xe7648134:qcom.encoder.avc, ??(0x7f000062)) ERROR: UnsupportedSetting(0x80001019)
02-22 01:24:45.147 D/ACodec ( 1190): dataspace changed to 0x10c10000 (R:2(Limited), P:3(BT601_6_625), M:3(BT601_6), T:3(SMPTE170M)) (R:2(Limited), S:2(BT601_625), T:3(SMPTE_170M))
02-22 01:24:45.148 W/C2DColorConvert( 1219): calcYSize: Format not supported , 6
02-22 01:24:45.159 W/DisplayController( 1972): Skipping Display Configuration change on non-added display.
02-22 01:24:45.167 I/commit_sys_config_file( 1521): [settings-1-0,3]
02-22 01:24:45.171 W/AppOps ( 1521): Noting op not finished: uid 10078 pkg com.android.systemui code 24 startTime of in progress event=1676999588197
02-22 01:24:45.171 I/MPEG4Writer( 1190): setStartTimestampUs: 58837
02-22 01:24:45.171 I/MPEG4Writer( 1190): Earliest track starting time: 58837
02-22 01:24:45.302 I/sysui_multi_action( 1521): [757,1501,758,1,793,202,794,0,795,202,796,4274,806,com.android.systemui,857,screen_record,858,3,947,0,1500,0,1688,1]
02-22 01:24:45.302 I/sysui_multi_action( 1521): [757,804,799,note_interruptive,801,0,802,1]
02-22 01:24:45.303 I/GameModeConfig( 1521): isGameModeOn = false
02-22 01:24:45.304 I/sysui_multi_action( 1521): [757,1501,758,1,793,204,794,0,795,204,796,4274,806,com.android.systemui,857,screen_record,858,3,947,0,1500,0,1688,1]
02-22 01:24:45.304 I/sysui_multi_action( 1521): [757,804,799,note_interruptive,801,0,802,1]
02-22 01:24:45.306 I/sysui_multi_action( 1521): [757,199,758,1,759,3,793,205,794,0,795,205,796,4274,806,com.android.systemui,857,screen_record,858,3,947,0,1500,1,1688,1]
02-22 01:24:45.306 I/notification_alert( 1521): [0|com.android.systemui|4274|null|10078,1,1,0]
02-22 01:24:45.309 W/NotificationHistory( 1521): Attempted to add notif for locked/gone/disabled user 0
02-22 01:24:45.324 D/InterruptionStateProvider( 1972): No bubble up: not allowed to bubble: 0|com.android.systemui|4274|null|10078
02-22 01:24:45.324 D/Avrcp_ext( 1955): AudioManager Player: AudioPlaybackConfiguration piid:55 deviceId:0 type:android.media.SoundPool u/pid:1000/1521 state:idle attr:AudioAttributes: usage=USAGE_ASSISTANCE_SONIFICATION content=CONTENT_TYPE_SONIFICATION flags=0x800 tags= bundle=null sessionId:0
02-22 01:24:45.325 D/Avrcp_ext( 1955): AudioManager Player: AudioPlaybackConfiguration piid:87 deviceId:0 type:android.media.MediaPlayer u/pid:10078/1972 state:idle attr:AudioAttributes: usage=USAGE_NOTIFICATION content=CONTENT_TYPE_SONIFICATION flags=0x800 tags= bundle=null sessionId:0
02-22 01:24:45.325 D/Avrcp_ext( 1955): AudioManager Player: AudioPlaybackConfiguration piid:63 deviceId:0 type:android.media.SoundPool u/pid:10078/1972 state:idle attr:AudioAttributes: usage=USAGE_ASSISTANCE_SONIFICATION content=CONTENT_TYPE_SONIFICATION flags=0x800 tags= bundle=null sessionId:0
02-22 01:24:45.325 D/Avrcp_ext( 1955): AudioManager Player: AudioPlaybackConfiguration piid:79 deviceId:0 type:android.media.SoundPool u/pid:1000/2106 state:idle attr:AudioAttributes: usage=USAGE_ASSISTANCE_SONIFICATION content=CONTENT_TYPE_SONIFICATION flags=0x801 tags= bundle=null sessionId:0
02-22 01:24:45.325 D/Avrcp_ext( 1955): AudioManager isPlaying: false, mAudioPlaybackIsActive = false
02-22 01:24:45.325 D/Avrcp_ext( 1955): AudioManager Reset Active Player
02-22 01:24:45.325 D/InterruptionStateProvider( 1972): No heads up: unimportant notification: 0|com.android.systemui|4274|null|10078
02-22 01:24:45.325 D/PeopleSpaceWidgetMgr( 1972): Sbn doesn't contain valid PeopleTileKey: null/0/com.android.systemui
02-22 01:24:45.327 W/FileSource( 1972): offset/length adjusted from 0/576460752303423487 to 0/16905
02-22 01:24:45.330 I/MMParserExtractor( 1186): Created(0xb400007566749350)
02-22 01:24:45.330 E/MM_OSAL ( 1186): FileSource::FileSource
02-22 01:24:45.330 E/MM_OSAL ( 1186): FileSource::FileSource m_bEveryThingOK 1
02-22 01:24:45.335 W/MediaProvider( 2875): Failed to fetch original file descriptor
02-22 01:24:45.335 W/MediaProvider( 2875): java.io.IOException: stat failed: EACCES (Permission denied)
02-22 01:24:45.335 W/MediaProvider( 2875): at com.android.providers.media.MediaProvider.getFileFromFileDescriptor(MediaProvider.java:5794)
02-22 01:24:45.335 W/MediaProvider( 2875): at com.android.providers.media.MediaProvider.getOriginalMediaFormatFileDescriptor(MediaProvider.java:5711)
02-22 01:24:45.335 W/MediaProvider( 2875): at com.android.providers.media.MediaProvider.openTypedAssetFileCommon(MediaProvider.java:7134)
02-22 01:24:45.335 W/MediaProvider( 2875): at com.android.providers.media.MediaProvider.openTypedAssetFile(MediaProvider.java:7115)
02-22 01:24:45.335 W/MediaProvider( 2875): at android.content.ContentProvider$Transport.openTypedAssetFile(ContentProvider.java:548)
02-22 01:24:45.335 W/MediaProvider( 2875): at android.content.ContentProviderNative.onTransact(ContentProviderNative.java:327)
02-22 01:24:45.335 W/MediaProvider( 2875): at android.os.Binder.execTransactInternal(Binder.java:1184)
02-22 01:24:45.335 W/MediaProvider( 2875): at android.os.Binder.execTransact(Binder.java:1143)
02-22 01:24:45.335 W/MediaProvider( 2875): Caused by: android.system.ErrnoException: stat failed: EACCES (Permission denied)
02-22 01:24:45.335 W/MediaProvider( 2875): at libcore.io.Linux.stat(Native Method)
02-22 01:24:45.335 W/MediaProvider( 2875): at libcore.io.ForwardingOs.stat(ForwardingOs.java:853)
02-22 01:24:45.335 W/MediaProvider( 2875): at libcore.io.BlockGuardOs.stat(BlockGuardOs.java:420)
02-22 01:24:45.335 W/MediaProvider( 2875): at libcore.io.ForwardingOs.stat(ForwardingOs.java:853)
02-22 01:24:45.335 W/MediaProvider( 2875): at android.app.ActivityThread$AndroidOs.stat(ActivityThread.java:7780)
02-22 01:24:45.335 W/MediaProvider( 2875): at android.system.Os.stat(Os.java:919)
02-22 01:24:45.335 W/MediaProvider( 2875): at com.android.providers.media.MediaProvider.getFileFromFileDescriptor(MediaProvider.java:5788)
02-22 01:24:45.335 W/MediaProvider( 2875): ... 7 more
02-22 01:24:45.336 D/NuPlayerDriver( 1190): NuPlayerDriver(0xf3180650) created, clientPid(1972)
02-22 01:24:45.341 I/ExtendedNuUtils( 1190): printFileName fd(8) -> /data/system_de/0/ringtones/notification_sound_cache
02-22 01:24:45.343 D/GenericSource( 1190): FileSource remote
02-22 01:24:45.345 I/MMParserExtractor( 1186): Created(0xb400007566749350)
02-22 01:24:45.345 E/MM_OSAL ( 1186): FileSource::FileSource
02-22 01:24:45.345 E/MM_OSAL ( 1186): FileSource::FileSource m_bEveryThingOK 1
02-22 01:24:45.347 D/MediaBufferGroup( 1186): creating MemoryDealer
02-22 01:24:45.352 I/MediaFocusControl( 1521): requestAudioFocus() from uid/pid 10078/1972 AA=USAGE_NOTIFICATION/CONTENT_TYPE_SONIFICATION clientId=android.media.AudioManager@3d88d4c callingPack=com.android.systemui req=3 flags=0x0 sdk=31
02-22 01:24:45.353 I/AudioService.FadeOutManager( 1521): unfadeOutUid() uid:10078
02-22 01:24:45.357 I/commit_sys_config_file( 1521): [notification-policy,697818]
02-22 01:24:45.443 E/tlogd ( 1273): [TzLogger](isPathReadable) file /sys/kernel/debug/tzdbg/qsee_log isn't exist or no permission, err: No such file or directory
02-22 01:24:45.444 E/tlogd ( 1273): [TzLogger](saveTzlogAsync) /sys/kernel/debug/tzdbg/qsee_log can not read.
02-22 01:24:45.444 E/tlogd ( 1273): [TzLogger](isPathReadable) file /sys/kernel/debug/tzdbg/log isn't exist or no permission, err: No such file or directory
02-22 01:24:45.444 E/tlogd ( 1273): [TzLogger](saveTzlogAsync) /sys/kernel/debug/tzdbg/log can not read.
02-22 01:24:45.570 W/hpplay-java( 2725): [main]:IPManager:getActiveNets invalid networkInfo:null
02-22 01:24:45.570 I/hpplay-java( 2725): [main]:IPManager:getActiveNets eth0:false wifi:false mobile:false ap:false
02-22 01:24:45.570 I/hpplay-java( 2725): [main]:ServerTaskManager:get local ip:null
01-01 11:30:32.783 E/DTC_ETH,link_delay_work_func( 0): 3003, SQI=0, link=0
02-22 01:24:45.811 D/vendor.qti.vibrator( 875): Vibrator on for timeoutMs: 350
02-22 01:24:45.811 D/vendor.qti.vibrator( 875): Starting on on another thread
02-22 01:24:45.854 W/AudioIDCMicroNegotiator( 1521): idcm_warn: idcm control is not enable
02-22 01:24:45.855 D/Avrcp_ext( 1955): AudioManager Player: AudioPlaybackConfiguration piid:55 deviceId:0 type:android.media.SoundPool u/pid:1000/1521 state:idle attr:AudioAttributes: usage=USAGE_ASSISTANCE_SONIFICATION content=CONTENT_TYPE_SONIFICATION flags=0x800 tags= bundle=null sessionId:0
02-22 01:24:45.855 D/Avrcp_ext( 1955): AudioManager Player: AudioPlaybackConfiguration piid:87 deviceId:0 type:android.media.MediaPlayer u/pid:10078/1972 state:started attr:AudioAttributes: usage=USAGE_NOTIFICATION content=CONTENT_TYPE_SONIFICATION flags=0x800 tags= bundle=null sessionId:0
02-22 01:24:45.855 I/GenericSource( 1190): start
02-22 01:24:45.856 D/MediaRouter( 1972): onRestoreRoute() : route=RouteInfo{ name=骞虫澘鐢佃剳, description=null, status=null, category=RouteCategory{ name=绯荤粺 types=ROUTE_TYPE_LIVE_AUDIO ROUTE_TYPE_LIVE_VIDEO groupable=false }, supportedTypes=ROUTE_TYPE_LIVE_AUDIO ROUTE_TYPE_LIVE_VIDEO , presentationDisplay=Display id 2: DisplayInfo{"Recording Display", displayId 2", displayGroupId 0, FLAG_PRIVATE, FLAG_PRESENTATION, real 2380 x 1020, largest app 2380 x 2380, smallest app 1020 x 1020, appVsyncOff 0, presDeadline 16666666, mode 4, defaultMode 4, modes [{id=4, width=2380, height=1020, fps=60.0, alternativeRefreshRates=[]}], hdrCapabilities null, userDisabledHdrTypes [], minimalPostProcessingSupported false, rotation 0, state ON}, DisplayMetrics{density=1.5, width=2380, height=1020, scaledDensity=1.5, xdpi=240.0, ydpi=240.0}, isValid=true }
02-22 01:24:45.856 V/MediaRouter( 1972): Selecting route: RouteInfo{ name=骞虫澘鐢佃剳, description=null, status=null, category=RouteCategory{ name=绯荤粺 types=ROUTE_TYPE_LIVE_AUDIO ROUTE_TYPE_LIVE_VIDEO groupable=false }, supportedTypes=ROUTE_TYPE_LIVE_AUDIO ROUTE_TYPE_LIVE_VIDEO , presentationDisplay=Display id 2: DisplayInfo{"Recording Display", displayId 2", displayGroupId 0, FLAG_PRIVATE, FLAG_PRESENTATION, real 2380 x 1020, largest app 2380 x 2380, smallest app 1020 x 1020, appVsyncOff 0, presDeadline 16666666, mode 4, defaultMode 4, modes [{id=4, width=2380, height=1020, fps=60.0, alternativeRefreshRates=[]}], hdrCapabilities null, userDisabledHdrTypes [], minimalPostProcessingSupported false, rotation 0, state ON}, DisplayMetrics{density=1.5, width=2380, height=1020, scaledDensity=1.5, xdpi=240.0, ydpi=240.0}, isValid=true }
02-22 01:24:45.857 W/Utils ( 1190): track of type 'audio/vorbis' does not publish channel mask, channel count 1
02-22 01:24:45.857 D/Avrcp_ext( 1955): AudioManager Player in started state: com.android.systemui
02-22 01:24:45.857 D/Avrcp_ext( 1955): AudioManager Active Player: com.android.systemui
02-22 01:24:45.857 D/Avrcp_ext( 1955): AudioManager Player: AudioPlaybackConfiguration piid:63 deviceId:0 type:android.media.SoundPool u/pid:10078/1972 state:idle attr:AudioAttributes: usage=USAGE_ASSISTANCE_SONIFICATION content=CONTENT_TYPE_SONIFICATION flags=0x800 tags= bundle=null sessionId:0
02-22 01:24:45.857 D/Avrcp_ext( 1955): AudioManager Player: AudioPlaybackConfiguration piid:79 deviceId:0 type:android.media.SoundPool u/pid:1000/2106 state:idle attr:AudioAttributes: usage=USAGE_ASSISTANCE_SONIFICATION content=CONTENT_TYPE_SONIFICATION flags=0x801 tags= bundle=null sessionId:0
02-22 01:24:45.857 D/Avrcp_ext( 1955): AudioManager isPlaying: true, mAudioPlaybackIsActive = false
02-22 01:24:45.858 V/Avrcp_ext( 1955): updateCurrentMediaState: mMediaController: MediaController (com.android.systemui@78f1a08) null
02-22 01:24:45.859 W/Avrcp_ext( 1955): isMusicActive: false getBluetoothPlayState: 2 A2dp State: 11 mAudioPlaybackIsActive: true
02-22 01:24:45.859 D/Avrcp_ext( 1955): isMusicActive = false mAudioPlaybackIsActive = true player state = null
02-22 01:24:45.860 I/Avrcp_ext( 1955): Skipping update due to invalid playback state
02-22 01:24:45.860 V/Avrcp_ext( 1955): updatePlaybackState, state: null device: null
02-22 01:24:45.860 V/Avrcp_ext( 1955): Device: no name:
02-22 01:24:45.860 V/Avrcp_ext( 1955): Device: no name:
02-22 01:24:45.860 V/Avrcp_ext( 1955): Device: no name:
02-22 01:24:45.860 V/Avrcp_ext( 1955): Device: no name:
02-22 01:24:45.860 V/Avrcp_ext( 1955): Device: no name:
02-22 01:24:45.861 V/Avrcp_ext( 1955): updatePlayerStateAndPosition, old=PlaybackState {state=2, position=-1, buffered position=0, speed=0.0, updated=11790, actions=0, custom actions=[], active item id=-1, error=null}, state=null
02-22 01:24:45.861 I/Avrcp_ext( 1955): updatePlayerStateAndPosition: device: state = null
02-22 01:24:45.861 W/Utils ( 1190): track of type 'audio/vorbis' does not publish channel mask, channel count 1
02-22 01:24:45.863 D/audio_hw_primary( 799): adev_get_parameters:is_hw_dec_session_available
02-22 01:24:45.863 D/audio_hw_spkr_prot( 799): fbsp_get_parameters: Speaker protection disabled
02-22 01:24:45.863 D/soundtrigger( 799): audio_extn_sound_trigger_get_parameters input string
02-22 01:24:45.863 D/soundtrigger( 799): extract_sm_handle input string param string
02-22 01:24:45.863 D/audio_hw_extn( 799): audio_extn_fm_get_parameters: Enter
02-22 01:24:45.863 D/audio_hw_extn( 799): audio_extn_get_parameters: returns
02-22 01:24:45.863 D/audio_hw_primary( 799): adev_get_parameters: exit: returns -
02-22 01:24:45.864 I/hash_map_utils( 971): system/bt/osi/src/hash_map_utils.cc:81 hash_map_utils_dump_string_keys_string_values: key: 'is_hw_dec_session_available' value: 'audio/vorbis'
02-22 01:24:45.866 D/CCodec ( 1190): allocate(c2.android.vorbis.decoder)
02-22 01:24:45.869 I/CCodec ( 1190): setting up 'default' as default (vendor) store
02-22 01:24:45.869 V/C2Store ( 1255): in init
02-22 01:24:45.869 V/C2Store ( 1255): loading dll
02-22 01:24:45.873 I/CCodec ( 1190): Created component [c2.android.vorbis.decoder]
02-22 01:24:45.874 D/CCodecConfig( 1190): read media type: audio/vorbis
02-22 01:24:45.877 D/ReflectedParamUpdater( 1190): extent() != 1 for single value type: algo.buffers.max-count.values
02-22 01:24:45.877 D/ReflectedParamUpdater( 1190): extent() != 1 for single value type: output.subscribed-indices.values
02-22 01:24:45.877 D/ReflectedParamUpdater( 1190): extent() != 1 for single value type: input.buffers.allocator-ids.values
02-22 01:24:45.878 D/ReflectedParamUpdater( 1190): extent() != 1 for single value type: output.buffers.allocator-ids.values
02-22 01:24:45.878 D/ReflectedParamUpdater( 1190): extent() != 1 for single value type: algo.buffers.allocator-ids.values
02-22 01:24:45.878 D/ReflectedParamUpdater( 1190): extent() != 1 for single value type: output.buffers.pool-ids.values
02-22 01:24:45.878 D/ReflectedParamUpdater( 1190): extent() != 1 for single value type: algo.buffers.pool-ids.values
02-22 01:24:45.881 I/CCodecConfig( 1190): query failed after returning 7 values (BAD_INDEX)
02-22 01:24:45.881 D/CCodecConfig( 1190): c2 config diff is Dict {
02-22 01:24:45.881 D/CCodecConfig( 1190): c2::u32 coded.bitrate.value = 64000
02-22 01:24:45.881 D/CCodecConfig( 1190): c2::u32 input.buffers.max-size.value = 32768
02-22 01:24:45.881 D/CCodecConfig( 1190): c2::u32 input.delay.value = 0
02-22 01:24:45.881 D/CCodecConfig( 1190): string input.media-type.value = "audio/vorbis"
02-22 01:24:45.881 D/CCodecConfig( 1190): string output.media-type.value = "audio/raw"
02-22 01:24:45.881 D/CCodecConfig( 1190): c2::u32 raw.channel-count.value = 1
02-22 01:24:45.881 D/CCodecConfig( 1190): c2::u32 raw.sample-rate.value = 48000
02-22 01:24:45.881 D/CCodecConfig( 1190): }
02-22 01:24:45.882 D/CCodec ( 1190): [c2.android.vorbis.decoder] buffers are bound to CCodec for this session
02-22 01:24:45.883 D/CCodecConfig( 1190): no c2 equivalents for durationUs
02-22 01:24:45.883 D/CCodecConfig( 1190): no c2 equivalents for csd-1
02-22 01:24:45.883 D/CCodecConfig( 1190): no c2 equivalents for language
02-22 01:24:45.883 D/CCodecConfig( 1190): no c2 equivalents for file-format
02-22 01:24:45.883 D/CCodecConfig( 1190): no c2 equivalents for flags
02-22 01:24:45.883 D/CCodecConfig( 1190): config failed => CORRUPTED
02-22 01:24:45.883 D/CCodecConfig( 1190): c2 config diff is c2::u32 coded.bitrate.value = 70000
02-22 01:24:45.884 W/Codec2Client( 1190): query -- param skipped: index = 1107298332.
02-22 01:24:45.884 D/CCodec ( 1190): setup formats input: AMessage(what = 0x00000000) = {
02-22 01:24:45.884 D/CCodec ( 1190): int32_t bitrate = 70000
02-22 01:24:45.884 D/CCodec ( 1190): int32_t channel-count = 1
02-22 01:24:45.884 D/CCodec ( 1190): int32_t max-input-size = 65307
02-22 01:24:45.884 D/CCodec ( 1190): string mime = "audio/vorbis"
02-22 01:24:45.884 D/CCodec ( 1190): int32_t sample-rate = 48000
02-22 01:24:45.884 D/CCodec ( 1190): }
02-22 01:24:45.884 D/CCodec ( 1190): setup formats output: AMessage(what = 0x00000000) = {
02-22 01:24:45.884 D/CCodec ( 1190): int32_t channel-count = 1
02-22 01:24:45.884 D/CCodec ( 1190): string mime = "audio/raw"
02-22 01:24:45.884 D/CCodec ( 1190): int32_t sample-rate = 48000
02-22 01:24:45.884 D/CCodec ( 1190): int32_t android._config-pcm-encoding = 2
02-22 01:24:45.884 D/CCodec ( 1190): }
02-22 01:24:45.884 I/CCodecConfig( 1190): query failed after returning 7 values (BAD_INDEX)
02-22 01:24:45.885 I/MediaCodec( 1190): MediaCodec will operate in async mode
02-22 01:24:45.885 D/MediaCodec( 1190): keep callback message for reclaim
02-22 01:24:45.885 W/Codec2Client( 1190): query -- param skipped: index = 1342179345.
02-22 01:24:45.885 W/Codec2Client( 1190): query -- param skipped: index = 2415921170.
02-22 01:24:45.886 D/CCodecBufferChannel( 1190): [c2.android.vorbis.decoder#861] Created input block pool with allocatorID 16 => poolID 18 - OK (0)
02-22 01:24:45.887 D/BufferPoolAccessor2.0( 1255): bufferpool2 0xb4000076faf0f498 : 0(0 size) total buffers - 0(0 size) used buffers - 45/49 (recycle/alloc) - 4/48 (fetch/transfer)
02-22 01:24:45.887 D/BufferPoolAccessor2.0( 1255): Destruction - bufferpool2 0xb4000076faf0f498 cached: 0/0M, 0/0% in use; allocs: 49, 92% recycled; transfers: 48, 92% unfetched
02-22 01:24:45.888 D/BufferPoolAccessor2.0( 1190): bufferpool2 0xf2e031a8 : 0(0 size) total buffers - 0(0 size) used buffers - 44/52 (recycle/alloc) - 8/102 (fetch/transfer)
02-22 01:24:45.888 D/BufferPoolAccessor2.0( 1190): Destruction - bufferpool2 0xf2e031a8 cached: 0/0M, 0/0% in use; allocs: 52, 85% recycled; transfers: 102, 92% unfetched
02-22 01:24:45.888 I/CCodecBufferChannel( 1190): [c2.android.vorbis.decoder#861] Created output block pool with allocatorID 16 => poolID 28 - OK
02-22 01:24:45.888 D/CCodecBufferChannel( 1190): [c2.android.vorbis.decoder#861] Configured output block pool ids 28 => OK
02-22 01:24:45.888 D/BufferPoolAccessor2.0( 2106): bufferpool2 0xb400006eeb563ae8 : 0(0 size) total buffers - 0(0 size) used buffers - 2/7 (recycle/alloc) - 5/74 (fetch/transfer)
02-22 01:24:45.888 D/CCodecBufferChannel( 1190): [c2.android.vorbis.decoder#861] start: updating output delay 0
02-22 01:24:45.888 D/BufferPoolAccessor2.0( 2106): Destruction - bufferpool2 0xb400006eeb563ae8 cached: 0/0M, 0/0% in use; allocs: 7, 29% recycled; transfers: 74, 93% unfetched
02-22 01:24:45.889 I/CCodecBufferChannel( 1190): pipelineRoom(3) is <= numClientBuffers(3). Not signalling any more buffers to client
02-22 01:24:45.889 D/SimpleC2Component( 1255): Using output block pool with poolID 28 => got 28 - 0
02-22 01:24:45.891 I/CCodecBufferChannel( 1190): pipelineRoom(2) is <= numClientBuffers(2). Not signalling any more buffers to client
02-22 01:24:45.891 I/CCodecBufferChannel( 1190): pipelineRoom(1) is <= numClientBuffers(1). Not signalling any more buffers to client
02-22 01:24:45.895 I/ExtendedNuUtils( 1190): Both src and dst missing for bit-width
02-22 01:24:45.895 I/ExtendedNuUtils( 1190): Overriding durationUs: with 64 bit src value 1728000
02-22 01:24:45.895 I/ExtendedNuUtils( 1190): Both src and dst missing for channel-mask
02-22 01:24:45.897 D/audio_hw_primary( 799): adev_get_parameters:vr_audio_mode_on
02-22 01:24:45.898 I/audio_hw_primary( 799): getting vr mode to 0
02-22 01:24:45.898 D/audio_hw_primary( 799): adev_get_parameters: exit: returns - vr_audio_mode_on=false
02-22 01:24:45.898 I/hash_map_utils( 971): system/bt/osi/src/hash_map_utils.cc:81 hash_map_utils_dump_string_keys_string_values: key: 'vr_audio_mode_on' value: ''
02-22 01:24:45.898 D/AudioFlinger( 971): Client defaulted notificationFrames to 12000 for frameCount 24000
02-22 01:24:45.900 D/AF::TrackHandle( 971): OpPlayAudio: track:56 usage:5 not muted
02-22 01:24:45.906 I/EffectsFactory( 799): EffectCreate() create_effect
02-22 01:24:45.907 E/volume_listener( 799): check_and_set_gain_dep_cal: Failed to set gain dep cal level
02-22 01:24:45.909 D/audio_hw_primary( 799): start_output_stream: enter: stream(0xe41821a0)usecase(1: low-latency-playback) devices(0x2) is_haptic_usecase(0)
02-22 01:24:45.909 D/audio_hw_primary( 799): select_devices for use case (low-latency-playback)
02-22 01:24:45.909 I/msm8974_platform( 799): platform_check_and_set_codec_backend_cfg:becf: afe: bitwidth 16, samplerate 48000 channels 2, backend_idx 0 usecase = 1 device (speaker)
02-22 01:24:45.909 D/msm8974_platform( 799): platform_split_snd_device: snd_device(2) num devices(1) new_snd_devices(0)
02-22 01:24:45.909 I/msm8974_platform( 799): platform_check_and_set_codec_backend_cfg: new_snd_devices[0] is 2
02-22 01:24:45.909 I/msm8974_platform( 799): platform_check_codec_backend_cfg:becf: afe: bitwidth 16, samplerate 48000 channels 2, backend_idx 0 usecase = 1 device (speaker)
02-22 01:24:45.910 D/audio_hw_extn( 799): audio_extn_enable_hifi_filter: mixer_value set 0
02-22 01:24:45.911 D/msm8974_platform( 799): platform_check_codec_backend_cfg:becf: updated afe: bitwidth 16, samplerate 48000 channels 2,backend_idx 0 usecase = 1 device (speaker)
02-22 01:24:45.911 D/msm8974_platform( 799): platform_check_codec_backend_cfg:becf: afe: playback on codec device not supporting native playback set default Sample Rate(48k)
02-22 01:24:45.911 I/msm8974_platform( 799): platform_check_codec_backend_cfg:becf: afe: Codec selected backend: 0 updated bit width: 16 and sample rate: 48000
02-22 01:24:45.911 D/audio_hw_primary( 799): check_usecases_codec_backend:becf: force routing 0
02-22 01:24:45.911 E/msm8974_platform( 799): platform_check_backends_match: Invalid snd_device =
02-22 01:24:45.911 D/audio_hw_primary( 799): check_usecases_codec_backend:becf: (78) check_usecases curr device: speaker, usecase device: backends match 0
02-22 01:24:45.911 D/audio_hw_primary( 799): check_usecases_codec_backend:becf: check_usecases num.of Usecases to switch 0
02-22 01:24:45.911 D/hardware_info( 799): hw_info_append_hw_type : device_name = speaker
02-22 01:24:45.911 D/msm8974_platform( 799): platform_split_snd_device: snd_device(2) num devices(0) new_snd_devices(0)
02-22 01:24:45.911 D/audio_hw_primary( 799): enable_snd_device: snd_device(2: speaker)
02-22 01:24:45.911 D/msm8974_platform( 799): platform_get_island_cfg_on_device:island cfg status on snd_device = (speaker 0)
02-22 01:24:45.911 I/soundtrigger( 799): audio_extn_sound_trigger_update_device_status: device 0x2 of type 0 for Event 1, with Raise=0
02-22 01:24:45.911 D/audio_route( 799): Apply path: speaker
02-22 01:24:45.911 I/audio_hw_utils( 799): audio_extn_utils_update_stream_output_app_type_cfg Allowing 24 and above bits playback on speaker ONLY at default sampling rate
02-22 01:24:45.911 E/soundtrigger( 799): audio_extn_sound_trigger_update_stream_status: invalid input device 0x0, for event 3
02-22 01:24:45.911 D/soundtrigger( 799): audio_extn_sound_trigger_update_stream_status: uc_info->id 1 of type 0 for Event 3, with Raise=0
02-22 01:24:45.911 D/audio_hw_utils( 799): audio_extn_utils_send_app_type_cfg: usecase->out_snd_device speaker
02-22 01:24:45.911 D/msm8974_platform( 799): platform_split_snd_device: snd_device(2) num devices(0) new_snd_devices(0)
02-22 01:24:45.911 D/audio_hw_utils( 799): audio_extn_btsco_get_sample_rate:Not a BT SCO device, need not update sampling rate
02-22 01:24:45.911 I/audio_hw_utils( 799): send_app_type_cfg_for_device PLAYBACK app_type 69937, acdb_dev_id 15, sample_rate 48000, snd_device_be_idx 179
02-22 01:24:45.911 D/msm8974_platform( 799): platform_split_snd_device: snd_device(2) num devices(1) new_snd_devices(0)
02-22 01:24:45.911 D/audio_hw_utils( 799): audio_extn_btsco_get_sample_rate:Not a BT SCO device, need not update sampling rate
02-22 01:24:45.911 D/ACDB-LOADER( 799): ACDB -> send_audio_cal, acdb_id = 15, path = 0, app id = 0x11131, sample rate = 48000, afe_sample_rate = 48000
02-22 01:24:45.911 D/ACDB-LOADER( 799): ACDB -> send_asm_topology
02-22 01:24:45.911 D/ACDB-LOADER( 799): ACDB -> ACDB_CMD_GET_AUDPROC_STREAM_TOPOLOGY_ID
02-22 01:24:45.911 D/ACDB-LOADER( 799): ACDB -> send_adm_topology
02-22 01:24:45.911 D/ACDB-LOADER( 799): ACDB -> ACDB_CMD_GET_AUDPROC_COMMON_TOPOLOGY_ID
02-22 01:24:45.911 D/ACDB-LOADER( 799): ACDB -> send_audtable
02-22 01:24:45.911 D/ACDB-LOADER( 799): ACDB -> ACDB_CMD_GET_AUDPROC_INSTANCE_COMMON_TABLE_SIZE
02-22 01:24:45.911 D/ACDB-LOADER( 799): ACDB -> ACDB_CMD_GET_AUDPROC_INSTANCE_COMMON_TABLE
02-22 01:24:45.912 D/ACDB-LOADER( 799): ACDB -> AUDIO_SET_AUDPROC_CAL cal_type[11] acdb_id[15] app_type[69937]
02-22 01:24:45.912 D/ACDB-LOADER( 799): ACDB -> send_audvoltable
02-22 01:24:45.912 D/ACDB-LOADER( 799): ACDB -> ACDB_CMD_GET_AUDPROC_INSTANCE_GAIN_DEP_STEP_TABLE_SIZE
02-22 01:24:45.912 D/ACDB-LOADER( 799): ACDB -> ACDB_CMD_GET_AUDPROC_INSTANCE_GAIN_DEP_STEP_TABLE, vol index 5
02-22 01:24:45.912 D/ACDB-LOADER( 799): ACDB -> AUDIO_SET_VOL_CAL cal type = 12
02-22 01:24:45.912 D/ACDB-LOADER( 799): ACDB -> ACDB_CMD_GET_AUDPROC_INSTANCE_STREAM_TABLE_SIZE
02-22 01:24:45.912 D/ACDB-LOADER( 799): ACDB -> send_audstrmtable
02-22 01:24:45.912 D/ACDB-LOADER( 799): ACDB -> ACDB_CMD_GET_AUDPROC_INSTANCE_STREAM_TABLE
02-22 01:24:45.912 D/ACDB-LOADER( 799): ACDB -> audstrm_cal->cal_type.cal_data.cal_size = 20
02-22 01:24:45.912 D/ACDB-LOADER( 799): ACDB -> send_afe_topology
02-22 01:24:45.912 D/ACDB-LOADER( 799): ACDB -> ACDB_CMD_GET_AFE_TOPOLOGY_ID
02-22 01:24:45.912 D/ACDB-LOADER( 799): ACDB -> GET_AFE_TOPOLOGY_ID for adcd_id 15, Topology Id 112fc
02-22 01:24:45.912 D/ACDB-LOADER( 799): ACDB -> send_afe_cal
02-22 01:24:45.912 D/ACDB-LOADER( 799): ACDB -> ACDB_CMD_GET_AFE_INSTANCE_COMMON_TABLE_SIZE
02-22 01:24:45.912 D/android.hardware.audio.service( 799): Failed to fetch the lookup information of the device 0000000F
02-22 01:24:45.912 D/ACDB-LOADER( 799): Error: ACDB_CMD_GET_AFE_INSTANCE_COMMON_TABLE_SIZE Returned = -19
02-22 01:24:45.912 D/ACDB-LOADER( 799): ACDB -> ACDB_CMD_GET_AFE_INSTANCE_COMMON_TABLE
02-22 01:24:45.912 D/android.hardware.audio.service( 799): Failed to fetch the lookup information of the device 0000000F
02-22 01:24:45.912 D/ACDB-LOADER( 799): Error: ACDB AFE returned = -19
02-22 01:24:45.912 D/ACDB-LOADER( 799): ACDB -> AUDIO_SET_AFE_CAL cal_type[16] acdb_id[15]
02-22 01:24:45.912 D/ACDB-LOADER( 799): ACDB -> send_hw_delay : acdb_id = 15 path = 0
02-22 01:24:45.912 D/ACDB-LOADER( 799): ACDB -> ACDB_AVSYNC_INFO: ACDB_CMD_GET_DEVICE_PROPERTY
02-22 01:24:45.912 D/msm8974_platform( 799): platform_split_snd_device: snd_device(2) num devices(0) new_snd_devices(0)
02-22 01:24:45.912 I/msm8974_platform( 799): platform_get_custom_mtmx_params: no matching param with id 0 ip_ch 2 op_ch 2 uc_id 1 snd_dev 2
02-22 01:24:45.912 D/audio_hw_primary( 799): enable_audio_route: apply mixer and update path: low-latency-playback
02-22 01:24:45.912 D/audio_route( 799): Apply path: low-latency-playback
02-22 01:24:45.912 W/AudioIDCMicroNegotiator( 1521): idcm_warn: idcm control is not enable
02-22 01:24:45.913 D/audio_hw_primary( 799): select_devices: done
02-22 01:24:45.913 D/Avrcp_ext( 1955): AudioManager Player: AudioPlaybackConfiguration piid:55 deviceId:0 type:android.media.SoundPool u/pid:1000/1521 state:idle attr:AudioAttributes: usage=USAGE_ASSISTANCE_SONIFICATION content=CONTENT_TYPE_SONIFICATION flags=0x800 tags= bundle=null sessionId:0
02-22 01:24:45.913 D/Avrcp_ext( 1955): AudioManager Player: AudioPlaybackConfiguration piid:87 deviceId:3 type:android.media.MediaPlayer u/pid:10078/1972 state:started attr:AudioAttributes: usage=USAGE_NOTIFICATION content=CONTENT_TYPE_SONIFICATION flags=0x800 tags= bundle=null sessionId:0
02-22 01:24:45.915 D/Avrcp_ext( 1955): AudioManager Player in started state: com.android.systemui
02-22 01:24:45.915 D/Avrcp_ext( 1955): AudioManager Active Player: com.android.systemui
02-22 01:24:45.915 D/Avrcp_ext( 1955): AudioManager Player: AudioPlaybackConfiguration piid:63 deviceId:0 type:android.media.SoundPool u/pid:10078/1972 state:idle attr:AudioAttributes: usage=USAGE_ASSISTANCE_SONIFICATION content=CONTENT_TYPE_SONIFICATION flags=0x800 tags= bundle=null sessionId:0
02-22 01:24:45.915 D/Avrcp_ext( 1955): AudioManager Player: AudioPlaybackConfiguration piid:79 deviceId:0 type:android.media.SoundPool u/pid:1000/2106 state:idle attr:AudioAttributes: usage=USAGE_ASSISTANCE_SONIFICATION content=CONTENT_TYPE_SONIFICATION flags=0x801 tags= bundle=null sessionId:0
02-22 01:24:45.915 D/Avrcp_ext( 1955): AudioManager isPlaying: true, mAudioPlaybackIsActive = true
01-01 11:30:32.981 I/afe_find_cal_topo_id_by_port( 0): port id: 0x9000, dev_acdb_id: 0
01-01 11:30:32.981 I/afe_find_cal_topo_id_by_port( 0): top_id:112fc acdb_id:15 afe_port:0x9000
01-01 11:30:32.981 I/afe_get_cal_topology_id( 0): port_id = 0x9000 acdb_id = 15 topology_id = 0x112fc cal_type_index=8 ret=0
01-01 11:30:32.981 I/afe_send_port_topology_id( 0): AFE set topology id 0x112fc enable for port 0x9000 ret 0
01-01 11:30:32.981 I/send_afe_cal_type( 0): cal_index is 0
01-01 11:30:32.981 I/send_afe_cal_type( 0): dev_acdb_id[55] is 0
01-01 11:30:32.981 I/send_afe_cal_type( 0): Sending cal_index cal 0
01-01 11:30:32.981 E/send_afe_cal_type( 0): No cal sent for cal_index 0, port_id = 0x9000! ret -22
01-01 11:30:32.982 I/afe_send_hw_delay( 0): port_id 0x9000 rate 48000 delay_usec 474 status 0
02-22 01:24:45.920 I/mpu_uart( 645): [MSG-P:RECV]:No message received in 1000 ms
02-22 01:24:45.939 D/msm8974_platform( 799): platform_set_channel_map mixer_ctl_name:Playback Channel Map9
02-22 01:24:45.939 D/msm8974_platform( 799): platform_set_channel_map: set mapping(1 2 0 0 0 0 0 0) for channel:2
02-22 01:24:45.940 D/audio_hw_primary( 799): start_output_stream: exit
02-22 01:24:45.940 D/audio_hw_primary( 799): out_write: retry previous failed cal level set
02-22 01:24:45.940 D/msm8974_platform( 799): platform_split_snd_device: snd_device(2) num devices(1) new_snd_devices(0)
02-22 01:24:45.940 D/ACDB-LOADER( 799): ACDB -> send_audvoltable
02-22 01:24:45.940 D/ACDB-LOADER( 799): ACDB -> ACDB_CMD_GET_AUDPROC_INSTANCE_GAIN_DEP_STEP_TABLE_SIZE
02-22 01:24:45.940 D/ACDB-LOADER( 799): ACDB -> ACDB_CMD_GET_AUDPROC_INSTANCE_GAIN_DEP_STEP_TABLE, vol index 0
02-22 01:24:45.940 D/ACDB-LOADER( 799): ACDB -> AUDIO_SET_VOL_CAL cal type = 40
02-22 01:24:46.159 D/vendor.qti.vibrator( 875): QTI Vibrator off
02-22 01:24:46.161 D/vendor.qti.vibrator( 875): Notifying on complete
02-22 01:24:46.190 I/OMX-VENC: venc_dev( 1219): stats: avg. fps 33.19, bitrate 1629987
02-22 01:24:46.410 D/vendor.qti.vibrator( 875): Vibrator on for timeoutMs: 350
02-22 01:24:46.410 D/vendor.qti.vibrator( 875): Starting on on another thread
02-22 01:24:46.572 W/hpplay-java( 2725): [main]:IPManager:getActiveNets invalid networkInfo:null
02-22 01:24:46.572 I/hpplay-java( 2725): [main]:IPManager:getActiveNets eth0:false wifi:false mobile:false ap:false
02-22 01:24:46.572 I/hpplay-java( 2725): [main]:ServerTaskManager:get local ip:null
02-22 01:24:46.761 D/vendor.qti.vibrator( 875): Notifying on complete
02-22 01:24:46.761 D/vendor.qti.vibrator( 875): QTI Vibrator off
02-22 01:24:46.920 I/mpu_uart( 645): [MSG-P:RECV]:No message received in 1000 ms
02-22 01:24:47.392 I/mpu_uart( 645): [MSG-P:R]:recv sync frame timeout
02-22 01:24:47.574 W/hpplay-java( 2725): [main]:IPManager:getActiveNets invalid networkInfo:null
02-22 01:24:47.574 I/hpplay-java( 2725): [main]:IPManager:getActiveNets eth0:false wifi:false mobile:false ap:false
02-22 01:24:47.574 I/hpplay-java( 2725): [main]:ServerTaskManager:get local ip:null
02-22 01:24:47.694 I/input_interaction( 1521): Interaction with: 2ea66f5 StatusBar (server), edge-swipe (server), swipe-up (server), PointerEventDispatcher0 (server),
02-22 01:24:47.701 I/sysui_multi_action( 1972): [757,803,799,panel_open,802,1]
02-22 01:24:47.703 I/sysui_multi_action( 1972): [757,1328,758,4,1326,58,1327,1,1329,0]
02-22 01:24:47.755 D/StatusBar( 1972): disable disable2
02-22 01:24:47.755 I/sysui_multi_action( 1521): [757,127,758,1]
02-22 01:24:47.755 I/sysui_multi_action( 1521): [757,804,799,note_load,801,4,802,1]
02-22 01:24:47.756 I/notification_panel_revealed( 1521): 4
02-22 01:24:47.758 D/NuPlayerDriver( 1190): stop(0xf3180650)
02-22 01:24:47.759 W/AudioIDCMicroNegotiator( 1521): idcm_warn: idcm control is not enable
02-22 01:24:47.760 D/Avrcp_ext( 1955): AudioManager Player: AudioPlaybackConfiguration piid:55 deviceId:0 type:android.media.SoundPool u/pid:1000/1521 state:idle attr:AudioAttributes: usage=USAGE_ASSISTANCE_SONIFICATION content=CONTENT_TYPE_SONIFICATION flags=0x800 tags= bundle=null sessionId:0
02-22 01:24:47.760 D/Avrcp_ext( 1955): AudioManager Player: AudioPlaybackConfiguration piid:87 deviceId:3 type:android.media.MediaPlayer u/pid:10078/1972 state:stopped attr:AudioAttributes: usage=USAGE_NOTIFICATION content=CONTENT_TYPE_SONIFICATION flags=0x800 tags= bundle=null sessionId:0
02-22 01:24:47.760 D/Avrcp_ext( 1955): AudioManager Player: AudioPlaybackConfiguration piid:63 deviceId:0 type:android.media.SoundPool u/pid:10078/1972 state:idle attr:AudioAttributes: usage=USAGE_ASSISTANCE_SONIFICATION content=CONTENT_TYPE_SONIFICATION flags=0x800 tags= bundle=null sessionId:0
02-22 01:24:47.760 D/Avrcp_ext( 1955): AudioManager Player: AudioPlaybackConfiguration piid:79 deviceId:0 type:android.media.SoundPool u/pid:1000/2106 state:idle attr:AudioAttributes: usage=USAGE_ASSISTANCE_SONIFICATION content=CONTENT_TYPE_SONIFICATION flags=0x801 tags= bundle=null sessionId:0
02-22 01:24:47.760 D/Avrcp_ext( 1955): AudioManager isPlaying: false, mAudioPlaybackIsActive = true
02-22 01:24:47.760 D/Avrcp_ext( 1955): AudioManager Reset Active Player
02-22 01:24:47.761 V/Avrcp_ext( 1955): updateCurrentMediaState: mMediaController: MediaController (com.android.systemui@78f1a08) null
02-22 01:24:47.761 W/Avrcp_ext( 1955): isMusicActive: false getBluetoothPlayState: 2 A2dp State: 11 mAudioPlaybackIsActive: false
02-22 01:24:47.761 D/Avrcp_ext( 1955): isMusicActive = false mAudioPlaybackIsActive = false player state = null
02-22 01:24:47.762 I/Avrcp_ext( 1955): Skipping update due to invalid playback state
02-22 01:24:47.762 V/Avrcp_ext( 1955): updatePlaybackState, state: null device: null
02-22 01:24:47.762 V/Avrcp_ext( 1955): Device: no name:
02-22 01:24:47.762 V/Avrcp_ext( 1955): Device: no name:
02-22 01:24:47.762 V/Avrcp_ext( 1955): Device: no name:
02-22 01:24:47.762 V/Avrcp_ext( 1955): Device: no name:
02-22 01:24:47.762 V/Avrcp_ext( 1955): Device: no name:
02-22 01:24:47.762 V/Avrcp_ext( 1955): updatePlayerStateAndPosition, old=PlaybackState {state=2, position=-1, buffered position=0, speed=0.0, updated=11790, actions=0, custom actions=[], active item id=-1, error=null}, state=null
02-22 01:24:47.762 I/Avrcp_ext( 1955): updatePlayerStateAndPosition: device: state = null
02-22 01:24:47.766 I/input_focus( 1521): [Focus request 36c1000 NotificationShade,reason=UpdateInputWindows]
02-22 01:24:47.780 I/sysui_multi_action( 1521): [757,128,758,1,793,698838,794,0,795,698838,796,26,798,1,806,android,857,DEVELOPER_IMPORTANT,858,4,947,0,1395,4,1500,698468,1688,1]
02-22 01:24:47.781 I/sysui_multi_action( 1521): [757,804,799,note_freshness,801,698838,802,1]
02-22 01:24:47.781 I/notification_visibility( 1521): [-1|android|26|null|1000,1,698838,698838,0,1]
02-22 01:24:47.781 I/sysui_multi_action( 1521): [757,128,758,1,793,693925,794,0,795,693925,796,17303299,797,com.android.wifi,798,2,806,android,857,NETWORK_AVAILABLE,858,2,947,0,1395,4,1500,693724,1688,1]
02-22 01:24:47.781 I/sysui_multi_action( 1521): [757,804,799,note_freshness,801,693925,802,1]
02-22 01:24:47.781 I/notification_visibility( 1521): [0|android|17303299|com.android.wifi|1000,1,693925,693925,0,2]
02-22 01:24:47.781 I/sysui_multi_action( 1521): [757,128,758,1,793,2681,794,0,795,2681,796,4274,798,0,806,com.android.systemui,857,screen_record,858,3,947,0,1395,4,1500,2477,1688,1]
02-22 01:24:47.781 I/sysui_multi_action( 1521): [757,804,799,note_freshness,801,2681,802,1]
02-22 01:24:47.781 I/notification_visibility( 1521): [0|com.android.systemui|4274|null|10078,1,2681,2681,0,0]
02-22 01:24:47.782 I/sysui_multi_action( 1521): [757,128,758,1,793,699402,794,0,795,699402,796,32,798,3,806,android,857,USB,858,1,947,0,1395,4,1500,699147,1688,1]
02-22 01:24:47.782 I/sysui_multi_action( 1521): [757,804,799,note_freshness,801,699402,802,1]
02-22 01:24:47.782 I/notification_visibility( 1521): [-1|android|32|null|1000,1,699402,699402,0,3]
02-22 01:24:47.789 I/input_focus( 1521): [Focus leaving ad16e1f com.android.launcher3/com.android.launcher3.uioverrides.QuickstepLauncher (server),reason=setFocusedWindow]
02-22 01:24:47.789 I/input_focus( 1521): [Focus entering 36c1000 NotificationShade (server),reason=setFocusedWindow]
02-22 01:24:47.792 I/OMX-VENC: venc_dev( 1219): stats: avg. fps 1.25, bitrate 59051
02-22 01:24:47.799 W/AudioTrack( 1190): pauseAndWait: timeout expired state:7 still pausing:7 after 40 ms
02-22 01:24:47.800 V/MediaPlayer( 1972): resetDrmState: mDrmInfo=null mDrmProvisioningThread=null mPrepareDrmInProgress=false mActiveDrmScheme=false
02-22 01:24:47.800 V/MediaPlayer( 1972): cleanDrmObj: mDrmObj=null mDrmSessionId=null
02-22 01:24:47.800 D/NuPlayerDriver( 1190): reset(0xf3180650) at state 8
02-22 01:24:47.801 D/Avrcp_ext( 1955): AudioManager Player: AudioPlaybackConfiguration piid:55 deviceId:0 type:android.media.SoundPool u/pid:1000/1521 state:idle attr:AudioAttributes: usage=USAGE_ASSISTANCE_SONIFICATION content=CONTENT_TYPE_SONIFICATION flags=0x800 tags= bundle=null sessionId:0
02-22 01:24:47.801 D/Avrcp_ext( 1955): AudioManager Player: AudioPlaybackConfiguration piid:63 deviceId:0 type:android.media.SoundPool u/pid:10078/1972 state:idle attr:AudioAttributes: usage=USAGE_ASSISTANCE_SONIFICATION content=CONTENT_TYPE_SONIFICATION flags=0x800 tags= bundle=null sessionId:0
02-22 01:24:47.801 D/Avrcp_ext( 1955): AudioManager Player: AudioPlaybackConfiguration piid:79 deviceId:0 type:android.media.SoundPool u/pid:1000/2106 state:idle attr:AudioAttributes: usage=USAGE_ASSISTANCE_SONIFICATION content=CONTENT_TYPE_SONIFICATION flags=0x801 tags= bundle=null sessionId:0
02-22 01:24:47.801 D/Avrcp_ext( 1955): AudioManager isPlaying: false, mAudioPlaybackIsActive = false
02-22 01:24:47.801 D/Avrcp_ext( 1955): AudioManager Reset Active Player
02-22 01:24:47.842 W/AudioTrack( 1190): pauseAndWait: timeout expired state:7 still pausing:7 after 40 ms
02-22 01:24:47.843 D/CCodecBuffers( 1190): [c2.android.vorbis.decoder#861:1D-Output.Impl[N]] Client returned a buffer it does not own according to our record: 0
02-22 01:24:47.844 I/hw-BpHwBinder( 1190): onLastStrongRef automatically unlinking death recipients
02-22 01:24:47.844 I/hw-BpHwBinder( 1255): onLastStrongRef automatically unlinking death recipients
02-22 01:24:47.845 V/C2Store ( 1255): in ~ComponentModule
02-22 01:24:47.845 V/C2Store ( 1255): unloading dll
02-22 01:24:47.851 I/sysui_multi_action( 1972): [757,111,758,1]
02-22 01:24:47.851 I/sysui_multi_action( 1972): [757,126,758,1,759,126,927,0,928,1,1593,0]
02-22 01:24:47.851 I/sysui_multi_action( 1972): [757,113,758,1,759,113,927,1,928,1,1593,0]
02-22 01:24:47.851 I/sysui_multi_action( 1972): [757,0,758,1,759,0,927,2,928,0,1593,0]
02-22 01:24:47.851 I/sysui_multi_action( 1972): [757,0,758,1,759,0,927,3,928,1,1593,0]
02-22 01:24:47.852 I/sysui_multi_action( 1972): [757,491,758,1,759,491,927,4,928,0,1311,-1,1593,0]
02-22 01:24:47.852 I/sysui_multi_action( 1972): [757,0,758,1,759,0,927,5,928,0,1593,0]
02-22 01:24:47.852 I/sysui_multi_action( 1972): [757,111,758,1]
02-22 01:24:47.852 I/sysui_multi_action( 1972): [757,126,758,1,759,126,927,0,928,1,1593,0]
02-22 01:24:47.852 I/sysui_multi_action( 1972): [757,113,758,1,759,113,927,1,928,1,1593,0]
02-22 01:24:47.852 I/sysui_multi_action( 1972): [757,0,758,1,759,0,927,2,928,0,1593,0]
02-22 01:24:47.852 I/sysui_multi_action( 1972): [757,0,758,1,759,0,927,3,928,1,1593,0]
02-22 01:24:47.853 D/NuPlayerDriver( 1190): notifyResetComplete(0xf3180650)
02-22 01:24:47.853 W/AMessage( 1190): failed to post message as target looper for handler 0 is gone.
02-22 01:24:47.854 I/MediaFocusControl( 1521): abandonAudioFocus() from uid/pid 10078/1972 clientId=android.media.AudioManager@3d88d4c
02-22 01:24:47.920 I/mpu_uart( 645): [MSG-P:RECV]:No message received in 1000 ms
02-22 01:24:48.577 W/hpplay-java( 2725): [main]:IPManager:getActiveNets invalid networkInfo:null
02-22 01:24:48.577 I/hpplay-java( 2725): [main]:IPManager:getActiveNets eth0:false wifi:false mobile:false ap:false
02-22 01:24:48.577 I/hpplay-java( 2725): [main]:ServerTaskManager:get local ip:null
02-22 01:24:48.807 I/OMX-VENC: venc_dev( 1219): stats: avg. fps 55.14, bitrate 4611706
02-22 01:24:48.920 I/mpu_uart( 645): [MSG-P:RECV]:No message received in 1000 ms
02-22 01:24:49.189 I/system_server( 1521): Explicit concurrent copying GC freed 52708(2462KB) AllocSpace objects, 3(100KB) LOS objects, 49% free, 10MB/21MB, paused 220us,48us total 60.485ms
02-22 01:24:49.190 W/System ( 1521): A resource failed to call close.
02-22 01:24:49.190 W/System ( 1521): A resource failed to call close.
02-22 01:24:49.580 W/hpplay-java( 2725): [main]:IPManager:getActiveNets invalid networkInfo:null
02-22 01:24:49.580 I/hpplay-java( 2725): [main]:IPManager:getActiveNets eth0:false wifi:false mobile:false ap:false
02-22 01:24:49.580 I/hpplay-java( 2725): [main]:ServerTaskManager:get local ip:null
02-22 01:24:49.708 I/input_interaction( 1521): Interaction with: 36c1000 NotificationShade (server), edge-swipe (server), swipe-up (server), PointerEventDispatcher0 (server),
02-22 01:24:49.744 D/RemoteControlService( 2315): startVlanDispatchThread
02-22 01:24:49.789 V/DisplayPowerController[0]( 1521): Brightness [0.7878788] reason changing to: 'temporary', previous reason: 'manual'.
02-22 01:24:49.792 E/DisplayDeviceConfig( 1521): requesting nits when no mapping exists.
02-22 01:24:49.792 E/DisplayDeviceConfig( 1521): requesting nits when no mapping exists.
02-22 01:24:49.792 I/am_wtf ( 1521): [0,1521,system_server,-1,DisplayDeviceConfig,requesting nits when no mapping exists.]
02-22 01:24:49.793 I/DropBoxManagerService( 1521): add tag=system_server_wtf isTagEnabled=true flags=0x2
02-22 01:24:49.795 I/am_wtf ( 1521): [0,1521,system_server,-1,DisplayDeviceConfig,requesting nits when no mapping exists.]
02-22 01:24:49.797 I/DropBoxManagerService( 1521): add tag=system_server_wtf isTagEnabled=true flags=0x2
02-22 01:24:49.807 E/DisplayDeviceConfig( 1521): requesting nits when no mapping exists.
02-22 01:24:49.808 E/DisplayDeviceConfig( 1521): requesting nits when no mapping exists.
02-22 01:24:49.808 I/am_wtf ( 1521): [0,1521,system_server,-1,DisplayDeviceConfig,requesting nits when no mapping exists.]
