02-22 01:17:15.584 I/input_focus( 1521): [Focus leaving ad16e1f com.android.launcher3/com.android.launcher3.uioverrides.QuickstepLauncher (server),reason=setFocusedWindow]
02-22 01:17:15.584 I/input_focus( 1521): [Focus entering ff49e6b com.android.music/com.android.music.VideoBrowserActivity (server),reason=setFocusedWindow]
02-22 01:17:16.768 I/input_interaction( 1521): Interaction with: ff49e6b com.android.music/com.android.music.VideoBrowserActivity (server), edge-swipe (server), swipe-up (server), PointerEventDispatcher0 (server),
02-22 01:17:16.891 I/wm_finish_activity( 1521): [0,217548462,16,com.android.music/.VideoBrowserActivity,finish-activity]
02-22 01:17:16.892 I/wm_task_moved( 1521): [13,1,6]
02-22 01:17:16.896 I/wm_set_resumed_activity( 1521): [0,com.android.launcher3/.uioverrides.QuickstepLauncher,positionChildAt]
02-22 01:17:16.896 I/wm_task_moved( 1521): [14,1,2147483647]
02-22 01:17:16.896 I/wm_task_to_front( 1521): [0,14]
02-22 01:17:16.896 I/wm_focused_root_task( 1521): [0,0,13,-1,finish-top adjustFocusToNextFocusableTask]
02-22 01:17:16.896 I/wm_set_resumed_activity( 1521): [0,com.android.launcher3/.uioverrides.QuickstepLauncher,finish-top]
02-22 01:17:16.904 I/wm_pause_activity( 1521): [0,217548462,com.android.music/.VideoBrowserActivity,userLeaving=false,finish]
02-22 01:17:16.911 I/input_focus( 1521): [Focus request ad16e1f com.android.launcher3/com.android.launcher3.uioverrides.QuickstepLauncher,reason=UpdateInputWindows]
02-22 01:17:16.912 I/wm_on_top_resumed_lost_called( 3532): [217548462,com.android.music.VideoBrowserActivity,topStateChangedWhenResumed]
02-22 01:17:16.914 I/wm_on_paused_called( 3532): [217548462,com.android.music.VideoBrowserActivity,performPause]
02-22 01:17:16.916 I/wm_on_top_resumed_gained_called( 2529): [98139469,com.android.launcher3.uioverrides.QuickstepLauncher,topStateChangedWhenResumed]
02-22 01:17:16.920 I/wm_destroy_activity( 1521): [0,217548462,16,com.android.music/.VideoBrowserActivity,finish-imm:completePausedLocked]
02-22 01:17:16.934 I/wm_on_stop_called( 3532): [217548462,com.android.music.VideoBrowserActivity,LIFECYCLER_STOP_ACTIVITY]
02-22 01:17:16.936 I/wm_on_destroy_called( 3532): [217548462,com.android.music.VideoBrowserActivity,performDestroy]
02-22 01:17:16.938 I/sysui_multi_action( 1521): [757,803,799,window_time_0,802,5]
02-22 01:17:16.941 I/input_focus( 1521): [Focus leaving ff49e6b com.android.music/com.android.music.VideoBrowserActivity (server),reason=NO_WINDOW]
02-22 01:17:16.941 I/input_focus( 1521): [Focus entering ad16e1f com.android.launcher3/com.android.launcher3.uioverrides.QuickstepLauncher (server),reason=setFocusedWindow]
02-22 01:17:16.942 I/sysui_multi_action( 1521): [757,803,799,window_time_0,802,0]
02-22 01:17:17.219 I/wm_task_removed( 1521): [16,removeChild:removeChild last r=ActivityRecord{cf786ae u0 com.android.music/.VideoBrowserActivity t-1 f}} in t=Task{151c569 #16 type=standard A=10087:android.task.video U=0 visible=false mode=freeform translucent=true sz=0}]
02-22 01:17:17.219 I/wm_task_removed( 1521): [16,removeChild]
02-22 01:17:18.948 I/liblog ( 1317): 12
02-22 01:17:49.619 I/am_uid_idle( 1521): 10047
02-22 01:17:55.314 I/am_uid_idle( 1521): 10061
02-22 01:18:09.901 I/sysui_multi_action( 1521): [757,1696,758,6,759,2]
02-22 01:18:09.907 I/am_wtf ( 1521): [0,1521,system_server,-1,DisplayDeviceConfig,requesting nits when no mapping exists.]
02-22 01:18:09.911 I/am_wtf ( 1521): [0,1521,system_server,-1,DisplayDeviceConfig,requesting nits when no mapping exists.]
02-22 01:18:09.923 I/am_wtf ( 1521): [0,1521,system_server,-1,DisplayDeviceConfig,requesting nits when no mapping exists.]
02-22 01:18:09.925 I/am_wtf ( 1521): [0,1521,system_server,-1,DisplayDeviceConfig,requesting nits when no mapping exists.]
02-22 01:18:09.939 I/am_wtf ( 1521): [0,1521,system_server,-1,DisplayDeviceConfig,requesting nits when no mapping exists.]
02-22 01:18:09.941 I/am_wtf ( 1521): [0,1521,system_server,-1,DisplayDeviceConfig,requesting nits when no mapping exists.]
02-22 01:18:09.946 I/am_wtf ( 1521): [0,1521,system_server,-1,DisplayDeviceConfig,requesting nits when no mapping exists.]
02-22 01:18:09.947 I/am_wtf ( 1521): [0,1521,system_server,-1,DisplayDeviceConfig,requesting nits when no mapping exists.]
02-22 01:18:09.963 I/am_wtf ( 1521): [0,1521,system_server,-1,DisplayDeviceConfig,requesting nits when no mapping exists.]
02-22 01:18:09.964 I/am_wtf ( 1521): [0,1521,system_server,-1,DisplayDeviceConfig,requesting nits when no mapping exists.]
02-22 01:18:09.980 I/am_wtf ( 1521): [0,1521,system_server,-1,DisplayDeviceConfig,requesting nits when no mapping exists.]
02-22 01:18:09.981 I/am_wtf ( 1521): [0,1521,system_server,-1,DisplayDeviceConfig,requesting nits when no mapping exists.]
02-22 01:18:09.996 I/am_wtf ( 1521): [0,1521,system_server,-1,DisplayDeviceConfig,requesting nits when no mapping exists.]
02-22 01:18:09.997 I/am_wtf ( 1521): [0,1521,system_server,-1,DisplayDeviceConfig,requesting nits when no mapping exists.]
02-22 01:18:10.013 I/am_wtf ( 1521): [0,1521,system_server,-1,DisplayDeviceConfig,requesting nits when no mapping exists.]
02-22 01:18:10.014 I/am_wtf ( 1521): [0,1521,system_server,-1,DisplayDeviceConfig,requesting nits when no mapping exists.]
02-22 01:18:10.030 I/am_wtf ( 1521): [0,1521,system_server,-1,DisplayDeviceConfig,requesting nits when no mapping exists.]
02-22 01:18:10.031 I/am_wtf ( 1521): [0,1521,system_server,-1,DisplayDeviceConfig,requesting nits when no mapping exists.]
02-22 01:18:10.047 I/am_wtf ( 1521): [0,1521,system_server,-1,DisplayDeviceConfig,requesting nits when no mapping exists.]
02-22 01:18:10.048 I/am_wtf ( 1521): [0,1521,system_server,-1,DisplayDeviceConfig,requesting nits when no mapping exists.]
02-22 01:18:10.064 I/am_wtf ( 1521): [0,1521,system_server,-1,DisplayDeviceConfig,requesting nits when no mapping exists.]
02-22 01:18:10.065 I/am_wtf ( 1521): [0,1521,system_server,-1,DisplayDeviceConfig,requesting nits when no mapping exists.]
02-22 01:18:10.081 I/am_wtf ( 1521): [0,1521,system_server,-1,DisplayDeviceConfig,requesting nits when no mapping exists.]
02-22 01:18:10.081 I/am_wtf ( 1521): [0,1521,system_server,-1,DisplayDeviceConfig,requesting nits when no mapping exists.]
02-22 01:18:10.097 I/am_wtf ( 1521): [0,1521,system_server,-1,DisplayDeviceConfig,requesting nits when no mapping exists.]
02-22 01:18:10.098 I/am_wtf ( 1521): [0,1521,system_server,-1,DisplayDeviceConfig,requesting nits when no mapping exists.]
02-22 01:18:10.114 I/am_wtf ( 1521): [0,1521,system_server,-1,DisplayDeviceConfig,requesting nits when no mapping exists.]
02-22 01:18:10.114 I/am_wtf ( 1521): [0,1521,system_server,-1,DisplayDeviceConfig,requesting nits when no mapping exists.]
02-22 01:18:10.131 I/am_wtf ( 1521): [0,1521,system_server,-1,DisplayDeviceConfig,requesting nits when no mapping exists.]
02-22 01:18:10.131 I/am_wtf ( 1521): [0,1521,system_server,-1,DisplayDeviceConfig,requesting nits when no mapping exists.]
02-22 01:18:10.147 I/am_wtf ( 1521): [0,1521,system_server,-1,DisplayDeviceConfig,requesting nits when no mapping exists.]
02-22 01:18:10.148 I/am_wtf ( 1521): [0,1521,system_server,-1,DisplayDeviceConfig,requesting nits when no mapping exists.]
02-22 01:18:10.164 I/am_wtf ( 1521): [0,1521,system_server,-1,DisplayDeviceConfig,requesting nits when no mapping exists.]
02-22 01:18:10.165 I/am_wtf ( 1521): [0,1521,system_server,-1,DisplayDeviceConfig,requesting nits when no mapping exists.]
02-22 01:18:10.181 I/am_wtf ( 1521): [0,1521,system_server,-1,DisplayDeviceConfig,requesting nits when no mapping exists.]
02-22 01:18:10.181 I/am_wtf ( 1521): [0,1521,system_server,-1,DisplayDeviceConfig,requesting nits when no mapping exists.]
02-22 01:18:10.197 I/am_wtf ( 1521): [0,1521,system_server,-1,DisplayDeviceConfig,requesting nits when no mapping exists.]
02-22 01:18:10.198 I/am_wtf ( 1521): [0,1521,system_server,-1,DisplayDeviceConfig,requesting nits when no mapping exists.]
02-22 01:18:10.214 I/am_wtf ( 1521): [0,1521,system_server,-1,DisplayDeviceConfig,requesting nits when no mapping exists.]
02-22 01:18:10.215 I/am_wtf ( 1521): [0,1521,system_server,-1,DisplayDeviceConfig,requesting nits when no mapping exists.]
02-22 01:18:10.230 I/am_wtf ( 1521): [0,1521,system_server,-1,DisplayDeviceConfig,requesting nits when no mapping exists.]
02-22 01:18:10.231 I/am_wtf ( 1521): [0,1521,system_server,-1,DisplayDeviceConfig,requesting nits when no mapping exists.]
02-22 01:18:10.232 I/service_manager_stats( 1521): [100,46,77694]
02-22 01:18:10.247 I/am_wtf ( 1521): [0,1521,system_server,-1,DisplayDeviceConfig,requesting nits when no mapping exists.]
02-22 01:18:10.248 I/am_wtf ( 1521): [0,1521,system_server,-1,DisplayDeviceConfig,requesting nits when no mapping exists.]
02-22 01:18:10.264 I/am_wtf ( 1521): [0,1521,system_server,-1,DisplayDeviceConfig,requesting nits when no mapping exists.]
02-22 01:18:10.265 I/am_wtf ( 1521): [0,1521,system_server,-1,DisplayDeviceConfig,requesting nits when no mapping exists.]
02-22 01:18:10.281 I/am_wtf ( 1521): [0,1521,system_server,-1,DisplayDeviceConfig,requesting nits when no mapping exists.]
02-22 01:18:10.282 I/am_wtf ( 1521): [0,1521,system_server,-1,DisplayDeviceConfig,requesting nits when no mapping exists.]
02-22 01:18:10.297 I/am_wtf ( 1521): [0,1521,system_server,-1,DisplayDeviceConfig,requesting nits when no mapping exists.]
02-22 01:18:10.298 I/am_wtf ( 1521): [0,1521,system_server,-1,DisplayDeviceConfig,requesting nits when no mapping exists.]
02-22 01:18:10.314 I/am_wtf ( 1521): [0,1521,system_server,-1,DisplayDeviceConfig,requesting nits when no mapping exists.]
02-22 01:18:10.315 I/am_wtf ( 1521): [0,1521,system_server,-1,DisplayDeviceConfig,requesting nits when no mapping exists.]
02-22 01:18:10.331 I/am_wtf ( 1521): [0,1521,system_server,-1,DisplayDeviceConfig,requesting nits when no mapping exists.]
02-22 01:18:10.332 I/am_wtf ( 1521): [0,1521,system_server,-1,DisplayDeviceConfig,requesting nits when no mapping exists.]
02-22 01:18:10.348 I/am_wtf ( 1521): [0,1521,system_server,-1,DisplayDeviceConfig,requesting nits when no mapping exists.]
02-22 01:18:10.348 I/am_wtf ( 1521): [0,1521,system_server,-1,DisplayDeviceConfig,requesting nits when no mapping exists.]
02-22 01:18:10.364 I/am_wtf ( 1521): [0,1521,system_server,-1,DisplayDeviceConfig,requesting nits when no mapping exists.]
02-22 01:18:10.365 I/am_wtf ( 1521): [0,1521,system_server,-1,DisplayDeviceConfig,requesting nits when no mapping exists.]
02-22 01:18:10.381 I/am_wtf ( 1521): [0,1521,system_server,-1,DisplayDeviceConfig,requesting nits when no mapping exists.]
02-22 01:18:10.382 I/am_wtf ( 1521): [0,1521,system_server,-1,DisplayDeviceConfig,requesting nits when no mapping exists.]
02-22 01:18:10.398 I/am_wtf ( 1521): [0,1521,system_server,-1,DisplayDeviceConfig,requesting nits when no mapping exists.]
02-22 01:18:10.399 I/am_wtf ( 1521): [0,1521,system_server,-1,DisplayDeviceConfig,requesting nits when no mapping exists.]
02-22 01:18:10.415 I/am_wtf ( 1521): [0,1521,system_server,-1,DisplayDeviceConfig,requesting nits when no mapping exists.]
02-22 01:18:10.416 I/am_wtf ( 1521): [0,1521,system_server,-1,DisplayDeviceConfig,requesting nits when no mapping exists.]
02-22 01:18:10.432 I/am_wtf ( 1521): [0,1521,system_server,-1,DisplayDeviceConfig,requesting nits when no mapping exists.]
02-22 01:18:10.433 I/am_wtf ( 1521): [0,1521,system_server,-1,DisplayDeviceConfig,requesting nits when no mapping exists.]
02-22 01:18:10.448 I/am_wtf ( 1521): [0,1521,system_server,-1,DisplayDeviceConfig,requesting nits when no mapping exists.]
02-22 01:18:10.449 I/am_wtf ( 1521): [0,1521,system_server,-1,DisplayDeviceConfig,requesting nits when no mapping exists.]
02-22 01:18:10.465 I/am_wtf ( 1521): [0,1521,system_server,-1,DisplayDeviceConfig,requesting nits when no mapping exists.]
02-22 01:18:10.466 I/am_wtf ( 1521): [0,1521,system_server,-1,DisplayDeviceConfig,requesting nits when no mapping exists.]
02-22 01:18:10.481 I/am_wtf ( 1521): [0,1521,system_server,-1,DisplayDeviceConfig,requesting nits when no mapping exists.]
02-22 01:18:10.482 I/am_wtf ( 1521): [0,1521,system_server,-1,DisplayDeviceConfig,requesting nits when no mapping exists.]
02-22 01:18:10.498 I/am_wtf ( 1521): [0,1521,system_server,-1,DisplayDeviceConfig,requesting nits when no mapping exists.]
02-22 01:18:10.499 I/am_wtf ( 1521): [0,1521,system_server,-1,DisplayDeviceConfig,requesting nits when no mapping exists.]
02-22 01:18:10.515 I/am_wtf ( 1521): [0,1521,system_server,-1,DisplayDeviceConfig,requesting nits when no mapping exists.]
02-22 01:18:10.516 I/am_wtf ( 1521): [0,1521,system_server,-1,DisplayDeviceConfig,requesting nits when no mapping exists.]
02-22 01:18:10.532 I/am_wtf ( 1521): [0,1521,system_server,-1,DisplayDeviceConfig,requesting nits when no mapping exists.]
02-22 01:18:10.532 I/am_wtf ( 1521): [0,1521,system_server,-1,DisplayDeviceConfig,requesting nits when no mapping exists.]
02-22 01:18:10.548 I/am_wtf ( 1521): [0,1521,system_server,-1,DisplayDeviceConfig,requesting nits when no mapping exists.]
02-22 01:18:10.549 I/am_wtf ( 1521): [0,1521,system_server,-1,DisplayDeviceConfig,requesting nits when no mapping exists.]
02-22 01:18:10.565 I/am_wtf ( 1521): [0,1521,system_server,-1,DisplayDeviceConfig,requesting nits when no mapping exists.]
02-22 01:18:10.565 I/am_wtf ( 1521): [0,1521,system_server,-1,DisplayDeviceConfig,requesting nits when no mapping exists.]
02-22 01:18:10.582 I/am_wtf ( 1521): [0,1521,system_server,-1,DisplayDeviceConfig,requesting nits when no mapping exists.]
02-22 01:18:10.583 I/am_wtf ( 1521): [0,1521,system_server,-1,DisplayDeviceConfig,requesting nits when no mapping exists.]
02-22 01:18:10.598 I/am_wtf ( 1521): [0,1521,system_server,-1,DisplayDeviceConfig,requesting nits when no mapping exists.]
02-22 01:18:10.599 I/am_wtf ( 1521): [0,1521,system_server,-1,DisplayDeviceConfig,requesting nits when no mapping exists.]
02-22 01:18:10.615 I/am_wtf ( 1521): [0,1521,system_server,-1,DisplayDeviceConfig,requesting nits when no mapping exists.]
02-22 01:18:10.616 I/am_wtf ( 1521): [0,1521,system_server,-1,DisplayDeviceConfig,requesting nits when no mapping exists.]
02-22 01:18:10.632 I/am_wtf ( 1521): [0,1521,system_server,-1,DisplayDeviceConfig,requesting nits when no mapping exists.]
02-22 01:18:10.633 I/am_wtf ( 1521): [0,1521,system_server,-1,DisplayDeviceConfig,requesting nits when no mapping exists.]
02-22 01:18:10.648 I/am_wtf ( 1521): [0,1521,system_server,-1,DisplayDeviceConfig,requesting nits when no mapping exists.]
02-22 01:18:10.649 I/am_wtf ( 1521): [0,1521,system_server,-1,DisplayDeviceConfig,requesting nits when no mapping exists.]
02-22 01:18:16.905 I/sysui_multi_action( 1521): [757,222,758,1]
02-22 01:18:16.906 I/am_uid_active( 1521): 10047
02-22 01:18:16.924 I/wm_task_created( 1521): [17,-1]
02-22 01:18:16.929 I/wm_task_moved( 1521): [17,1,6]
02-22 01:18:16.929 I/wm_task_to_front( 1521): [0,17]
02-22 01:18:16.929 I/wm_create_task( 1521): [0,17]
02-22 01:18:16.929 I/wm_create_activity( 1521): [0,33584851,17,com.thundercomm.screensaver/android.service.dreams.DreamActivity,NULL,NULL,NULL,276824064]
02-22 01:18:16.929 I/wm_task_moved( 1521): [17,1,6]
02-22 01:18:16.929 I/wm_on_top_resumed_lost_called( 2529): [98139469,com.android.launcher3.uioverrides.QuickstepLauncher,topStateChangedWhenResumed]
02-22 01:18:16.930 I/wm_pause_activity( 1521): [0,98139469,com.android.launcher3/.uioverrides.QuickstepLauncher,userLeaving=true,pauseBackTasks]
02-22 01:18:16.932 I/wm_on_paused_called( 2529): [98139469,com.android.launcher3.uioverrides.QuickstepLauncher,performPause]
02-22 01:18:16.934 I/wm_add_to_stopping( 1521): [0,98139469,com.android.launcher3/.uioverrides.QuickstepLauncher,makeInvisible]
02-22 01:18:16.934 I/wm_restart_activity( 1521): [0,33584851,17,com.thundercomm.screensaver/android.service.dreams.DreamActivity]
02-22 01:18:16.935 I/wm_set_resumed_activity( 1521): [0,com.thundercomm.screensaver/android.service.dreams.DreamActivity,minimalResumeActivityLocked]
02-22 01:18:16.939 I/am_uid_idle( 1521): 10087
02-22 01:18:16.939 I/sysui_multi_action( 1521): [757,803,799,window_time_0,802,60]
02-22 01:18:16.941 I/wm_on_create_called( 4273): [33584851,android.service.dreams.DreamActivity,performCreate]
02-22 01:18:16.941 I/wm_on_start_called( 4273): [33584851,android.service.dreams.DreamActivity,handleStartActivity]
02-22 01:18:16.941 I/wm_on_resume_called( 4273): [33584851,android.service.dreams.DreamActivity,RESUME_ACTIVITY]
02-22 01:18:16.942 I/am_uid_active( 1521): 10061
02-22 01:18:16.944 I/wm_on_top_resumed_gained_called( 4273): [33584851,android.service.dreams.DreamActivity,topStateChangedWhenResumed]
02-22 01:18:16.958 I/input_focus( 1521): [Focus request 651ad2f com.thundercomm.screensaver/android.service.dreams.DreamActivity,reason=UpdateInputWindows]
02-22 01:18:16.964 I/input_focus( 1521): [Focus leaving ad16e1f com.android.launcher3/com.android.launcher3.uioverrides.QuickstepLauncher (server),reason=NO_WINDOW]
02-22 01:18:16.966 I/sysui_multi_action( 1521): [319,47,322,47,325,318,757,761,758,8,759,2,806,com.thundercomm.screensaver,871,android.service.dreams.DreamActivity,904,com.thundercomm.screensaver,905,0,1320,4,1321,2]
02-22 01:18:16.967 I/wm_activity_launch_time( 1521): [0,33584851,com.thundercomm.screensaver/android.service.dreams.DreamActivity,47]
02-22 01:18:16.967 I/sysui_multi_action( 1521): [757,1696,758,6,759,3]
02-22 01:18:16.979 I/am_wtf ( 1521): [0,1521,system_server,-1,DisplayDeviceConfig,requesting nits when no mapping exists.]
02-22 01:18:16.979 I/am_wtf ( 1521): [0,1521,system_server,-1,DisplayDeviceConfig,requesting nits when no mapping exists.]
02-22 01:18:16.995 I/am_wtf ( 1521): [0,1521,system_server,-1,DisplayDeviceConfig,requesting nits when no mapping exists.]
02-22 01:18:16.996 I/am_wtf ( 1521): [0,1521,system_server,-1,DisplayDeviceConfig,requesting nits when no mapping exists.]
02-22 01:18:16.996 I/input_focus( 1521): [Focus entering 651ad2f com.thundercomm.screensaver/android.service.dreams.DreamActivity (server),reason=Window became focusable. Previous reason: NOT_VISIBLE]
02-22 01:18:17.013 I/am_wtf ( 1521): [0,1521,system_server,-1,DisplayDeviceConfig,requesting nits when no mapping exists.]
02-22 01:18:17.013 I/am_wtf ( 1521): [0,1521,system_server,-1,DisplayDeviceConfig,requesting nits when no mapping exists.]
02-22 01:18:17.029 I/am_wtf ( 1521): [0,1521,system_server,-1,DisplayDeviceConfig,requesting nits when no mapping exists.]
02-22 01:18:17.029 I/am_wtf ( 1521): [0,1521,system_server,-1,DisplayDeviceConfig,requesting nits when no mapping exists.]
02-22 01:18:17.046 I/am_wtf ( 1521): [0,1521,system_server,-1,DisplayDeviceConfig,requesting nits when no mapping exists.]
02-22 01:18:17.046 I/am_wtf ( 1521): [0,1521,system_server,-1,DisplayDeviceConfig,requesting nits when no mapping exists.]
02-22 01:18:17.063 I/am_wtf ( 1521): [0,1521,system_server,-1,DisplayDeviceConfig,requesting nits when no mapping exists.]
02-22 01:18:17.064 I/am_wtf ( 1521): [0,1521,system_server,-1,DisplayDeviceConfig,requesting nits when no mapping exists.]
02-22 01:18:17.079 I/am_wtf ( 1521): [0,1521,system_server,-1,DisplayDeviceConfig,requesting nits when no mapping exists.]
02-22 01:18:17.080 I/am_wtf ( 1521): [0,1521,system_server,-1,DisplayDeviceConfig,requesting nits when no mapping exists.]
02-22 01:18:17.097 I/am_wtf ( 1521): [0,1521,system_server,-1,DisplayDeviceConfig,requesting nits when no mapping exists.]
02-22 01:18:17.097 I/am_wtf ( 1521): [0,1521,system_server,-1,DisplayDeviceConfig,requesting nits when no mapping exists.]
02-22 01:18:17.113 I/am_wtf ( 1521): [0,1521,system_server,-1,DisplayDeviceConfig,requesting nits when no mapping exists.]
02-22 01:18:17.113 I/am_wtf ( 1521): [0,1521,system_server,-1,DisplayDeviceConfig,requesting nits when no mapping exists.]
02-22 01:18:17.130 I/am_wtf ( 1521): [0,1521,system_server,-1,DisplayDeviceConfig,requesting nits when no mapping exists.]
02-22 01:18:17.130 I/am_wtf ( 1521): [0,1521,system_server,-1,DisplayDeviceConfig,requesting nits when no mapping exists.]
02-22 01:18:17.147 I/am_wtf ( 1521): [0,1521,system_server,-1,DisplayDeviceConfig,requesting nits when no mapping exists.]
02-22 01:18:17.147 I/am_wtf ( 1521): [0,1521,system_server,-1,DisplayDeviceConfig,requesting nits when no mapping exists.]
02-22 01:18:17.163 I/am_wtf ( 1521): [0,1521,system_server,-1,DisplayDeviceConfig,requesting nits when no mapping exists.]
02-22 01:18:17.163 I/am_wtf ( 1521): [0,1521,system_server,-1,DisplayDeviceConfig,requesting nits when no mapping exists.]
02-22 01:18:17.180 I/am_wtf ( 1521): [0,1521,system_server,-1,DisplayDeviceConfig,requesting nits when no mapping exists.]
02-22 01:18:17.180 I/am_wtf ( 1521): [0,1521,system_server,-1,DisplayDeviceConfig,requesting nits when no mapping exists.]
02-22 01:18:17.196 I/am_wtf ( 1521): [0,1521,system_server,-1,DisplayDeviceConfig,requesting nits when no mapping exists.]
02-22 01:18:17.197 I/am_wtf ( 1521): [0,1521,system_server,-1,DisplayDeviceConfig,requesting nits when no mapping exists.]
02-22 01:18:17.213 I/am_wtf ( 1521): [0,1521,system_server,-1,DisplayDeviceConfig,requesting nits when no mapping exists.]
02-22 01:18:17.213 I/am_wtf ( 1521): [0,1521,system_server,-1,DisplayDeviceConfig,requesting nits when no mapping exists.]
02-22 01:18:17.230 I/am_wtf ( 1521): [0,1521,system_server,-1,DisplayDeviceConfig,requesting nits when no mapping exists.]
02-22 01:18:17.230 I/am_wtf ( 1521): [0,1521,system_server,-1,DisplayDeviceConfig,requesting nits when no mapping exists.]
02-22 01:18:17.246 I/am_wtf ( 1521): [0,1521,system_server,-1,DisplayDeviceConfig,requesting nits when no mapping exists.]
02-22 01:18:17.247 I/am_wtf ( 1521): [0,1521,system_server,-1,DisplayDeviceConfig,requesting nits when no mapping exists.]
02-22 01:18:17.264 I/am_wtf ( 1521): [0,1521,system_server,-1,DisplayDeviceConfig,requesting nits when no mapping exists.]
02-22 01:18:17.264 I/wm_stop_activity( 1521): [0,98139469,com.android.launcher3/.uioverrides.QuickstepLauncher]
02-22 01:18:17.264 I/am_wtf ( 1521): [0,1521,system_server,-1,DisplayDeviceConfig,requesting nits when no mapping exists.]
02-22 01:18:17.280 I/am_wtf ( 1521): [0,1521,system_server,-1,DisplayDeviceConfig,requesting nits when no mapping exists.]
02-22 01:18:17.281 I/am_wtf ( 1521): [0,1521,system_server,-1,DisplayDeviceConfig,requesting nits when no mapping exists.]
02-22 01:18:17.288 I/wm_on_stop_called( 2529): [98139469,com.android.launcher3.uioverrides.QuickstepLauncher,STOP_ACTIVITY_ITEM]
02-22 01:18:17.297 I/am_wtf ( 1521): [0,1521,system_server,-1,DisplayDeviceConfig,requesting nits when no mapping exists.]
02-22 01:18:17.297 I/am_wtf ( 1521): [0,1521,system_server,-1,DisplayDeviceConfig,requesting nits when no mapping exists.]
02-22 01:18:17.313 I/am_wtf ( 1521): [0,1521,system_server,-1,DisplayDeviceConfig,requesting nits when no mapping exists.]
02-22 01:18:17.313 I/am_wtf ( 1521): [0,1521,system_server,-1,DisplayDeviceConfig,requesting nits when no mapping exists.]
02-22 01:18:17.330 I/am_wtf ( 1521): [0,1521,system_server,-1,DisplayDeviceConfig,requesting nits when no mapping exists.]
02-22 01:18:17.330 I/am_wtf ( 1521): [0,1521,system_server,-1,DisplayDeviceConfig,requesting nits when no mapping exists.]
02-22 01:18:17.330 I/service_manager_stats( 1521): [100,33,7098]
02-22 01:18:17.347 I/am_wtf ( 1521): [0,1521,system_server,-1,DisplayDeviceConfig,requesting nits when no mapping exists.]
02-22 01:18:17.347 I/am_wtf ( 1521): [0,1521,system_server,-1,DisplayDeviceConfig,requesting nits when no mapping exists.]
02-22 01:18:17.363 I/am_wtf ( 1521): [0,1521,system_server,-1,DisplayDeviceConfig,requesting nits when no mapping exists.]
02-22 01:18:17.364 I/am_wtf ( 1521): [0,1521,system_server,-1,DisplayDeviceConfig,requesting nits when no mapping exists.]
02-22 01:18:17.380 I/am_wtf ( 1521): [0,1521,system_server,-1,DisplayDeviceConfig,requesting nits when no mapping exists.]
02-22 01:18:17.381 I/am_wtf ( 1521): [0,1521,system_server,-1,DisplayDeviceConfig,requesting nits when no mapping exists.]
02-22 01:18:17.397 I/am_wtf ( 1521): [0,1521,system_server,-1,DisplayDeviceConfig,requesting nits when no mapping exists.]
02-22 01:18:17.397 I/am_wtf ( 1521): [0,1521,system_server,-1,DisplayDeviceConfig,requesting nits when no mapping exists.]
02-22 01:18:17.414 I/am_wtf ( 1521): [0,1521,system_server,-1,DisplayDeviceConfig,requesting nits when no mapping exists.]
02-22 01:18:17.414 I/am_wtf ( 1521): [0,1521,system_server,-1,DisplayDeviceConfig,requesting nits when no mapping exists.]
02-22 01:18:17.431 I/am_wtf ( 1521): [0,1521,system_server,-1,DisplayDeviceConfig,requesting nits when no mapping exists.]
02-22 01:18:17.431 I/am_wtf ( 1521): [0,1521,system_server,-1,DisplayDeviceConfig,requesting nits when no mapping exists.]
02-22 01:18:17.447 I/am_wtf ( 1521): [0,1521,system_server,-1,DisplayDeviceConfig,requesting nits when no mapping exists.]
02-22 01:18:17.447 I/am_wtf ( 1521): [0,1521,system_server,-1,DisplayDeviceConfig,requesting nits when no mapping exists.]
02-22 01:18:17.464 I/am_wtf ( 1521): [0,1521,system_server,-1,DisplayDeviceConfig,requesting nits when no mapping exists.]
02-22 01:18:17.464 I/am_wtf ( 1521): [0,1521,system_server,-1,DisplayDeviceConfig,requesting nits when no mapping exists.]
02-22 01:18:17.481 I/am_wtf ( 1521): [0,1521,system_server,-1,DisplayDeviceConfig,requesting nits when no mapping exists.]
02-22 01:18:17.481 I/am_wtf ( 1521): [0,1521,system_server,-1,DisplayDeviceConfig,requesting nits when no mapping exists.]
02-22 01:18:17.498 I/am_wtf ( 1521): [0,1521,system_server,-1,DisplayDeviceConfig,requesting nits when no mapping exists.]
02-22 01:18:17.498 I/am_wtf ( 1521): [0,1521,system_server,-1,DisplayDeviceConfig,requesting nits when no mapping exists.]
02-22 01:18:17.514 I/am_wtf ( 1521): [0,1521,system_server,-1,DisplayDeviceConfig,requesting nits when no mapping exists.]
02-22 01:18:17.514 I/am_wtf ( 1521): [0,1521,system_server,-1,DisplayDeviceConfig,requesting nits when no mapping exists.]
02-22 01:18:17.530 I/am_wtf ( 1521): [0,1521,system_server,-1,DisplayDeviceConfig,requesting nits when no mapping exists.]
02-22 01:18:17.531 I/am_wtf ( 1521): [0,1521,system_server,-1,DisplayDeviceConfig,requesting nits when no mapping exists.]
02-22 01:18:17.547 I/am_wtf ( 1521): [0,1521,system_server,-1,DisplayDeviceConfig,requesting nits when no mapping exists.]
02-22 01:18:17.547 I/am_wtf ( 1521): [0,1521,system_server,-1,DisplayDeviceConfig,requesting nits when no mapping exists.]
02-22 01:18:17.564 I/am_wtf ( 1521): [0,1521,system_server,-1,DisplayDeviceConfig,requesting nits when no mapping exists.]
02-22 01:18:17.564 I/am_wtf ( 1521): [0,1521,system_server,-1,DisplayDeviceConfig,requesting nits when no mapping exists.]
02-22 01:18:17.581 I/am_wtf ( 1521): [0,1521,system_server,-1,DisplayDeviceConfig,requesting nits when no mapping exists.]
02-22 01:18:17.581 I/am_wtf ( 1521): [0,1521,system_server,-1,DisplayDeviceConfig,requesting nits when no mapping exists.]
02-22 01:18:17.598 I/am_wtf ( 1521): [0,1521,system_server,-1,DisplayDeviceConfig,requesting nits when no mapping exists.]
02-22 01:18:17.598 I/am_wtf ( 1521): [0,1521,system_server,-1,DisplayDeviceConfig,requesting nits when no mapping exists.]
02-22 01:18:17.614 I/am_wtf ( 1521): [0,1521,system_server,-1,DisplayDeviceConfig,requesting nits when no mapping exists.]
02-22 01:18:17.615 I/am_wtf ( 1521): [0,1521,system_server,-1,DisplayDeviceConfig,requesting nits when no mapping exists.]
02-22 01:18:17.631 I/am_wtf ( 1521): [0,1521,system_server,-1,DisplayDeviceConfig,requesting nits when no mapping exists.]
02-22 01:18:17.631 I/am_wtf ( 1521): [0,1521,system_server,-1,DisplayDeviceConfig,requesting nits when no mapping exists.]
02-22 01:18:17.648 I/am_wtf ( 1521): [0,1521,system_server,-1,DisplayDeviceConfig,requesting nits when no mapping exists.]
02-22 01:18:17.648 I/am_wtf ( 1521): [0,1521,system_server,-1,DisplayDeviceConfig,requesting nits when no mapping exists.]
02-22 01:18:17.664 I/am_wtf ( 1521): [0,1521,system_server,-1,DisplayDeviceConfig,requesting nits when no mapping exists.]
02-22 01:18:17.664 I/am_wtf ( 1521): [0,1521,system_server,-1,DisplayDeviceConfig,requesting nits when no mapping exists.]
02-22 01:18:17.681 I/am_wtf ( 1521): [0,1521,system_server,-1,DisplayDeviceConfig,requesting nits when no mapping exists.]
02-22 01:18:17.681 I/am_wtf ( 1521): [0,1521,system_server,-1,DisplayDeviceConfig,requesting nits when no mapping exists.]
02-22 01:18:17.698 I/am_wtf ( 1521): [0,1521,system_server,-1,DisplayDeviceConfig,requesting nits when no mapping exists.]
02-22 01:18:17.698 I/am_wtf ( 1521): [0,1521,system_server,-1,DisplayDeviceConfig,requesting nits when no mapping exists.]
02-22 01:18:17.715 I/am_wtf ( 1521): [0,1521,system_server,-1,DisplayDeviceConfig,requesting nits when no mapping exists.]
02-22 01:18:17.715 I/am_wtf ( 1521): [0,1521,system_server,-1,DisplayDeviceConfig,requesting nits when no mapping exists.]
02-22 01:18:18.036 I/input_interaction( 1521): Interaction with: 651ad2f com.thundercomm.screensaver/android.service.dreams.DreamActivity (server), edge-swipe (server), swipe-up (server), PointerEventDispatcher0 (server),
02-22 01:18:18.037 I/wm_finish_activity( 1521): [0,33584851,17,com.thundercomm.screensaver/android.service.dreams.DreamActivity,finish-activity]
02-22 01:18:18.037 I/wm_task_moved( 1521): [13,1,5]
02-22 01:18:18.037 I/wm_task_moved( 1521): [14,1,2147483647]
02-22 01:18:18.037 I/wm_task_to_front( 1521): [0,14]
02-22 01:18:18.037 I/wm_focused_root_task( 1521): [0,0,13,17,finish-top adjustFocusToNextFocusableTask]
02-22 01:18:18.037 I/wm_set_resumed_activity( 1521): [0,com.android.launcher3/.uioverrides.QuickstepLauncher,finish-top adjustFocusToNextFocusableTask]
02-22 01:18:18.038 I/wm_pause_activity( 1521): [0,33584851,com.thundercomm.screensaver/android.service.dreams.DreamActivity,userLeaving=false,finish]
02-22 01:18:18.040 I/sysui_multi_action( 1521): [757,803,799,window_time_0,802,1]
02-22 01:18:18.040 I/wm_on_top_resumed_lost_called( 4273): [33584851,android.service.dreams.DreamActivity,topStateChangedWhenResumed]
02-22 01:18:18.040 I/wm_on_paused_called( 4273): [33584851,android.service.dreams.DreamActivity,performPause]
02-22 01:18:18.040 I/wm_add_to_stopping( 1521): [0,33584851,com.thundercomm.screensaver/android.service.dreams.DreamActivity,completeFinishing]
02-22 01:18:18.041 I/wm_set_resumed_activity( 1521): [0,com.android.launcher3/.uioverrides.QuickstepLauncher,resumeTopActivityInnerLocked]
02-22 01:18:18.042 I/wm_resume_activity( 1521): [0,98139469,14,com.android.launcher3/.uioverrides.QuickstepLauncher]
02-22 01:18:18.044 I/sysui_multi_action( 1521): [757,803,799,window_time_0,802,0]
02-22 01:18:18.046 I/wm_on_restart_called( 2529): [98139469,com.android.launcher3.uioverrides.QuickstepLauncher,performRestartActivity]
02-22 01:18:18.046 I/wm_on_start_called( 2529): [98139469,com.android.launcher3.uioverrides.QuickstepLauncher,handleStartActivity]
02-22 01:18:18.046 I/wm_on_resume_called( 2529): [98139469,com.android.launcher3.uioverrides.QuickstepLauncher,RESUME_ACTIVITY]
02-22 01:18:18.046 I/wm_on_top_resumed_gained_called( 2529): [98139469,com.android.launcher3.uioverrides.QuickstepLauncher,topWhenResuming]
02-22 01:18:18.049 I/view_enqueue_input_event( 4273): [Motion - Cancel,com.thundercomm.screensaver/android.service.dreams.DreamActivity]
02-22 01:18:18.049 I/input_focus( 1521): [Focus leaving 651ad2f com.thundercomm.screensaver/android.service.dreams.DreamActivity (server),reason=NO_WINDOW]
02-22 01:18:18.051 I/input_focus( 1521): [Focus request ad16e1f com.android.launcher3/com.android.launcher3.uioverrides.QuickstepLauncher,reason=UpdateInputWindows]
02-22 01:18:18.061 I/input_interaction( 1521): Interaction with: edge-swipe (server), swipe-up (server), PointerEventDispatcher0 (server),
02-22 01:18:18.066 I/input_focus( 1521): [Focus entering ad16e1f com.android.launcher3/com.android.launcher3.uioverrides.QuickstepLauncher (server),reason=setFocusedWindow]
02-22 01:18:18.299 I/wm_destroy_activity( 1521): [0,33584851,17,com.thundercomm.screensaver/android.service.dreams.DreamActivity,finish-imm:idle]
02-22 01:18:18.300 I/wm_on_stop_called( 4273): [33584851,android.service.dreams.DreamActivity,LIFECYCLER_STOP_ACTIVITY]
02-22 01:18:18.300 I/wm_on_destroy_called( 4273): [33584851,android.service.dreams.DreamActivity,performDestroy]
02-22 01:18:18.302 I/sysui_multi_action( 1521): [757,222,758,2]
02-22 01:18:18.302 I/sysui_multi_action( 1521): [757,804,799,dreaming_minutes,801,0,802,1]
02-22 01:18:18.305 I/wm_task_removed( 1521): [17,removeChild:removeChild last r=ActivityRecord{20076d3 u0 com.thundercomm.screensaver/android.service.dreams.DreamActivity t-1 f}} in t=Task{894ef6c #17 type=dream A=10047:android:com.thundercomm.screensaver/dream U=0 visible=false mode=fullscreen translucent=true sz=0}]
02-22 01:18:18.305 I/wm_task_removed( 1521): [17,removeChild]
02-22 01:18:19.114 I/input_interaction( 1521): Interaction with: 2ea66f5 StatusBar (server), edge-swipe (server), swipe-up (server), PointerEventDispatcher0 (server),
02-22 01:18:19.117 I/sysui_multi_action( 1972): [757,803,799,panel_open,802,1]
02-22 01:18:19.118 I/sysui_multi_action( 1972): [757,1328,758,4,1326,43,1327,6,1329,0]
02-22 01:18:19.156 I/sysui_multi_action( 1521): [757,127,758,1]
02-22 01:18:19.156 I/sysui_multi_action( 1521): [757,804,799,note_load,801,3,802,1]
02-22 01:18:19.157 I/notification_panel_revealed( 1521): 3
02-22 01:18:19.170 I/input_focus( 1521): [Focus request 36c1000 NotificationShade,reason=UpdateInputWindows]
02-22 01:18:19.181 I/sysui_multi_action( 1521): [757,128,758,1,793,310239,794,0,795,310239,796,26,798,0,806,android,857,DEVELOPER_IMPORTANT,858,4,947,0,1395,3,1500,309869,1688,1]
02-22 01:18:19.181 I/sysui_multi_action( 1521): [757,804,799,note_freshness,801,310239,802,1]
02-22 01:18:19.181 I/notification_visibility( 1521): [-1|android|26|null|1000,1,310239,310239,0,0]
02-22 01:18:19.181 I/sysui_multi_action( 1521): [757,128,758,1,793,305325,794,0,795,305325,796,17303299,797,com.android.wifi,798,1,806,android,857,NETWORK_AVAILABLE,858,2,947,0,1395,3,1500,305124,1688,1]
02-22 01:18:19.182 I/sysui_multi_action( 1521): [757,804,799,note_freshness,801,305325,802,1]
02-22 01:18:19.182 I/notification_visibility( 1521): [0|android|17303299|com.android.wifi|1000,1,305325,305325,0,1]
02-22 01:18:19.182 I/sysui_multi_action( 1521): [757,128,758,1,793,310802,794,0,795,310802,796,32,798,2,806,android,857,USB,858,1,947,0,1395,3,1500,310547,1688,1]
02-22 01:18:19.182 I/sysui_multi_action( 1521): [757,804,799,note_freshness,801,310802,802,1]
02-22 01:18:19.182 I/notification_visibility( 1521): [-1|android|32|null|1000,1,310802,310802,0,2]
02-22 01:18:19.190 I/input_focus( 1521): [Focus leaving ad16e1f com.android.launcher3/com.android.launcher3.uioverrides.QuickstepLauncher (server),reason=setFocusedWindow]
02-22 01:18:19.190 I/input_focus( 1521): [Focus entering 36c1000 NotificationShade (server),reason=setFocusedWindow]
02-22 01:18:19.192 I/sysui_multi_action( 1972): [757,111,758,1]
02-22 01:18:19.192 I/sysui_multi_action( 1972): [757,126,758,1,759,126,927,0,928,1,1593,0]
02-22 01:18:19.192 I/sysui_multi_action( 1972): [757,113,758,1,759,113,927,1,928,1,1593,0]
02-22 01:18:19.193 I/sysui_multi_action( 1972): [757,0,758,1,759,0,927,2,928,0,1593,0]
02-22 01:18:19.193 I/sysui_multi_action( 1972): [757,0,758,1,759,0,927,3,928,0,1593,0]
02-22 01:18:19.193 I/sysui_multi_action( 1972): [757,491,758,1,759,491,927,4,928,0,1311,-1,1593,0]
02-22 01:18:19.193 I/sysui_multi_action( 1972): [757,0,758,1,759,0,927,5,928,0,1593,0]
02-22 01:18:19.193 I/sysui_multi_action( 1972): [757,111,758,1]
02-22 01:18:19.193 I/sysui_multi_action( 1972): [757,126,758,1,759,126,927,0,928,1,1593,0]
02-22 01:18:19.193 I/sysui_multi_action( 1972): [757,113,758,1,759,113,927,1,928,1,1593,0]
02-22 01:18:19.193 I/sysui_multi_action( 1972): [757,0,758,1,759,0,927,2,928,0,1593,0]
02-22 01:18:19.193 I/sysui_multi_action( 1972): [757,0,758,1,759,0,927,3,928,0,1593,0]
02-22 01:18:20.173 I/input_interaction( 1521): Interaction with: 36c1000 NotificationShade (server), edge-swipe (server), swipe-up (server), PointerEventDispatcher0 (server),
02-22 01:18:20.576 I/sysui_multi_action( 1972): [757,111,758,2]
02-22 01:18:20.577 I/notification_enqueue( 1521): [10078,1972,com.android.systemui,2048,NULL,0,Notification(channel=updateNotification shortcut=null contentView=null vibrate=null sound=null defaults=0x0 flags=0x0 color=0x00000000 vis=PRIVATE),1]
02-22 01:18:20.577 I/sysui_multi_action( 1972): [757,111,758,2]
02-22 01:18:20.793 I/input_focus( 1521): [Focus request ad16e1f com.android.launcher3/com.android.launcher3.uioverrides.QuickstepLauncher,reason=UpdateInputWindows]
02-22 01:18:20.798 I/sysui_multi_action( 1521): [757,128,758,2,793,311856,794,1617,795,311856,796,26,798,0,806,android,857,DEVELOPER_IMPORTANT,858,4,947,0,1395,3,1500,311486,1688,1]
02-22 01:18:20.798 I/notification_visibility( 1521): [-1|android|26|null|1000,0,311856,311856,0,0]
02-22 01:18:20.799 I/sysui_multi_action( 1521): [757,128,758,2,793,306943,794,1618,795,306943,796,17303299,797,com.android.wifi,798,1,806,android,857,NETWORK_AVAILABLE,858,2,947,0,1395,3,1500,306742,1688,1]
02-22 01:18:20.799 I/notification_visibility( 1521): [0|android|17303299|com.android.wifi|1000,0,306943,306943,0,1]
02-22 01:18:20.800 I/sysui_multi_action( 1521): [757,128,758,2,793,312420,794,1618,795,312420,796,32,798,2,806,android,857,USB,858,1,947,0,1395,3,1500,312165,1688,1]
02-22 01:18:20.800 I/notification_visibility( 1521): [-1|android|32|null|1000,0,312420,312420,0,2]
02-22 01:18:20.801 I/sysui_multi_action( 1521): [757,127,758,2]
02-22 01:18:20.801 I/notification_panel_hidden( 1521):
02-22 01:18:20.823 I/input_focus( 1521): [Focus leaving 36c1000 NotificationShade (server),reason=NO_WINDOW]
02-22 01:18:20.823 I/input_focus( 1521): [Focus entering ad16e1f com.android.launcher3/com.android.launcher3.uioverrides.QuickstepLauncher (server),reason=setFocusedWindow]
02-22 01:18:21.130 I/input_interaction( 1521): Interaction with: ad16e1f com.android.launcher3/com.android.launcher3.uioverrides.QuickstepLauncher (server), bb1c062 com.android.systemui.ImageWallpaper (server), edge-swipe (server), swipe-up (server), PointerEventDispatcher0 (server),
02-22 01:18:22.480 I/wm_task_created( 1521): [18,-1]
02-22 01:18:22.482 I/wm_task_moved( 1521): [18,1,6]
02-22 01:18:22.482 I/wm_task_to_front( 1521): [0,18]
02-22 01:18:22.482 I/wm_create_task( 1521): [0,18]
02-22 01:18:22.482 I/wm_create_activity( 1521): [0,179882095,18,com.android.settings/.Settings,android.intent.action.MAIN,NULL,NULL,270532608]
02-22 01:18:22.482 I/wm_task_moved( 1521): [18,1,6]
02-22 01:18:22.483 I/wm_pause_activity( 1521): [0,98139469,com.android.launcher3/.uioverrides.QuickstepLauncher,userLeaving=true,pauseBackTasks]
02-22 01:18:22.487 I/wm_on_top_resumed_lost_called( 2529): [98139469,com.android.launcher3.uioverrides.QuickstepLauncher,topStateChangedWhenResumed]
02-22 01:18:22.487 I/wm_on_paused_called( 2529): [98139469,com.android.launcher3.uioverrides.QuickstepLauncher,performPause]
02-22 01:18:22.489 I/wm_add_to_stopping( 1521): [0,98139469,com.android.launcher3/.uioverrides.QuickstepLauncher,makeInvisible]
02-22 01:18:22.490 I/wm_restart_activity( 1521): [0,179882095,18,com.android.settings/.Settings]
02-22 01:18:22.491 I/wm_set_resumed_activity( 1521): [0,com.android.settings/.Settings,minimalResumeActivityLocked]
02-22 01:18:22.496 I/sysui_multi_action( 1521): [757,803,799,window_time_0,802,5]
02-22 01:18:22.510 I/input_focus( 1521): [Focus leaving ad16e1f com.android.launcher3/com.android.launcher3.uioverrides.QuickstepLauncher (server),reason=NO_WINDOW]
02-22 01:18:22.614 I/am_uid_active( 1521): 10086
02-22 01:18:22.618 I/wm_on_create_called( 2370): [179882095,com.android.settings.Settings,performCreate]
02-22 01:18:22.655 I/wm_on_start_called( 2370): [179882095,com.android.settings.Settings,handleStartActivity]
02-22 01:18:22.656 I/snet_event_log( 2370): [120484087,-1,]
02-22 01:18:22.657 I/wm_on_resume_called( 2370): [179882095,com.android.settings.Settings,RESUME_ACTIVITY]
02-22 01:18:22.659 I/sysui_multi_action( 2370): [757,35,758,1,833,0,1089,39]
02-22 01:18:22.667 I/sysui_multi_action( 2370): [757,1729,758,4,854,isParalleledControllers:false,1089,47]
02-22 01:18:22.670 I/wm_on_top_resumed_gained_called( 2370): [179882095,com.android.settings.Settings,topStateChangedWhenResumed]
02-22 01:18:22.675 I/auditd ( 566): type=1400 audit(0.0:283): avc: denied { read } for comm="Binder:566_2" name="wakeup58" dev="sysfs" ino=71810 scontext=u:r:system_suspend:s0 tcontext=u:object_r:sysfs:s0 tclass=dir permissive=0
02-22 01:18:22.675 I/auditd ( 566): type=1400 audit(0.0:284): avc: denied { read } for comm="Binder:566_2" name="wakeup4" dev="sysfs" ino=47054 scontext=u:r:system_suspend:s0 tcontext=u:object_r:sysfs:s0 tclass=dir permissive=0
02-22 01:18:22.675 I/auditd ( 566): type=1400 audit(0.0:285): avc: denied { read } for comm="Binder:566_2" name="wakeup76" dev="sysfs" ino=76736 scontext=u:r:system_suspend:s0 tcontext=u:object_r:sysfs:s0 tclass=dir permissive=0
02-22 01:18:22.675 I/auditd ( 566): type=1400 audit(0.0:286): avc: denied { read } for comm="Binder:566_2" name="wakeup28" dev="sysfs" ino=53259 scontext=u:r:system_suspend:s0 tcontext=u:object_r:sysfs:s0 tclass=dir permissive=0
02-22 01:18:22.675 I/auditd ( 566): type=1400 audit(0.0:287): avc: denied { read } for comm="Binder:566_2" name="wakeup56" dev="sysfs" ino=71738 scontext=u:r:system_suspend:s0 tcontext=u:object_r:sysfs:s0 tclass=dir permissive=0
02-22 01:18:22.675 I/auditd ( 566): type=1400 audit(0.0:288): avc: denied { read } for comm="Binder:566_2" name="wakeup2" dev="sysfs" ino=46578 scontext=u:r:system_suspend:s0 tcontext=u:object_r:sysfs:s0 tclass=dir permissive=0
02-22 01:18:22.675 I/auditd ( 566): type=1400 audit(0.0:289): avc: denied { read } for comm="Binder:566_2" name="wakeup36" dev="sysfs" ino=62492 scontext=u:r:system_suspend:s0 tcontext=u:object_r:sysfs:s0 tclass=dir permissive=0
02-22 01:18:22.675 I/auditd ( 566): type=1400 audit(0.0:290): avc: denied { read } for comm="Binder:566_2" name="wakeup64" dev="sysfs" ino=72038 scontext=u:r:system_suspend:s0 tcontext=u:object_r:sysfs:s0 tclass=dir permissive=0
02-22 01:18:22.675 I/auditd ( 566): type=1400 audit(0.0:291): avc: denied { read } for comm="Binder:566_2" name="wakeup54" dev="sysfs" ino=71666 scontext=u:r:system_suspend:s0 tcontext=u:object_r:sysfs:s0 tclass=dir permissive=0
02-22 01:18:22.705 I/input_focus( 1521): [Focus request 4e61f3 com.android.settings/com.android.settings.Settings,reason=UpdateInputWindows]
02-22 01:18:22.741 I/sysui_multi_action( 1521): [324,1,757,1090,758,12,806,com.android.settings,871,com.android.settings.Settings,1091,266]
02-22 01:18:22.751 I/sysui_multi_action( 1521): [319,50,321,33,322,266,325,324,757,761,758,8,759,1,806,com.android.settings,871,com.android.settings.Settings,904,com.android.launcher3,905,0,1320,17,1321,1]
02-22 01:18:22.751 I/wm_activity_launch_time( 1521): [0,179882095,com.android.settings/.Settings,266]
02-22 01:18:22.761 I/input_focus( 1521): [Focus entering 4e61f3 com.android.settings/com.android.settings.Settings (server),reason=Window became focusable. Previous reason: NOT_VISIBLE]
02-22 01:18:22.768 W/CarrierConfigManager( 2370): Error getting config for subId -1 ICarrierConfigLoader is null
02-22 01:18:22.795 I/sysui_multi_action( 2370): [757,746,758,1,833,0,1089,36]
02-22 01:18:22.796 D/TelephonyRegistry( 1521): listen oscl: mHasNotifySubscriptionInfoChangedOccurred==false no callback
02-22 01:18:22.799 D/TelephonyRegistry( 1521): listen oscl: mHasNotifySubscriptionInfoChangedOccurred==false no callback
02-22 01:18:22.804 I/sysui_multi_action( 2370): [757,1729,758,4,854,isParalleledControllers:false,1089,45]
02-22 01:18:23.062 I/wm_stop_activity( 1521): [0,98139469,com.android.launcher3/.uioverrides.QuickstepLauncher]
02-22 01:18:23.079 I/wm_on_stop_called( 2529): [98139469,com.android.launcher3.uioverrides.QuickstepLauncher,STOP_ACTIVITY_ITEM]
02-22 01:18:23.518 I/input_interaction( 1521): Interaction with: 4e61f3 com.android.settings/com.android.settings.Settings (server), edge-swipe (server), swipe-up (server), PointerEventDispatcher0 (server),
02-22 01:18:23.544 I/view_enqueue_input_event( 2370): [Motion - Cancel,com.android.settings/com.android.settings.Settings]
02-22 01:18:23.558 I/input_interaction( 1521): Interaction with: edge-swipe (server), swipe-up (server), PointerEventDispatcher0 (server),
02-22 01:18:23.696 I/sysui_multi_action( 1521): [757,803,799,key_back_press,802,1]
02-22 01:18:23.697 I/input_interaction( 1521): Interaction with: 4e61f3 com.android.settings/com.android.settings.Settings (server), PointerEventDispatcher0 (server),
02-22 01:18:23.700 I/wm_task_moved( 1521): [18,0,0]
02-22 01:18:23.701 I/wm_focused_root_task( 1521): [0,0,13,18,moveTaskToBackLocked]
02-22 01:18:23.701 I/wm_add_to_stopping( 1521): [0,179882095,com.android.settings/.Settings,makeInvisible]
02-22 01:18:23.702 I/wm_pause_activity( 1521): [0,179882095,com.android.settings/.Settings,userLeaving=false,pauseBackTasks]
02-22 01:18:23.703 I/wm_set_resumed_activity( 1521): [0,com.android.launcher3/.uioverrides.QuickstepLauncher,resumeTopActivityInnerLocked]
02-22 01:18:23.704 I/wm_resume_activity( 1521): [0,98139469,14,com.android.launcher3/.uioverrides.QuickstepLauncher]
02-22 01:18:23.705 I/wm_on_top_resumed_lost_called( 2370): [179882095,com.android.settings.Settings,topStateChangedWhenResumed]
02-22 01:18:23.707 I/sysui_multi_action( 1521): [757,803,799,window_time_0,802,1]
02-22 01:18:23.708 I/sysui_multi_action( 2370): [757,35,758,2,1089,1050]
02-22 01:18:23.710 I/sysui_multi_action( 2370): [757,746,758,2,1089,916]
02-22 01:18:23.712 I/wm_on_paused_called( 2370): [179882095,com.android.settings.Settings,performPause]
02-22 01:18:23.713 I/input_focus( 1521): [Focus leaving 4e61f3 com.android.settings/com.android.settings.Settings (server),reason=NO_WINDOW]
02-22 01:18:23.713 I/wm_on_restart_called( 2529): [98139469,com.android.launcher3.uioverrides.QuickstepLauncher,performRestartActivity]
02-22 01:18:23.714 I/wm_on_start_called( 2529): [98139469,com.android.launcher3.uioverrides.QuickstepLauncher,handleStartActivity]
02-22 01:18:23.714 I/wm_on_resume_called( 2529): [98139469,com.android.launcher3.uioverrides.QuickstepLauncher,RESUME_ACTIVITY]
02-22 01:18:23.714 I/wm_on_top_resumed_gained_called( 2529): [98139469,com.android.launcher3.uioverrides.QuickstepLauncher,topStateChangedWhenResumed]
02-22 01:18:23.731 I/input_focus( 1521): [Focus request ad16e1f com.android.launcher3/com.android.launcher3.uioverrides.QuickstepLauncher,reason=UpdateInputWindows]
02-22 01:18:23.747 I/input_focus( 1521): [Focus entering ad16e1f com.android.launcher3/com.android.launcher3.uioverrides.QuickstepLauncher (server),reason=setFocusedWindow]
02-22 01:18:24.027 I/liblog ( 1317): 38
02-22 01:18:24.080 I/wm_stop_activity( 1521): [0,179882095,com.android.settings/.Settings]
02-22 01:18:24.110 I/wm_on_stop_called( 2370): [179882095,com.android.settings.Settings,STOP_ACTIVITY_ITEM]
02-22 01:18:24.369 I/input_interaction( 1521): Interaction with: ad16e1f com.android.launcher3/com.android.launcher3.uioverrides.QuickstepLauncher (server), bb1c062 com.android.systemui.ImageWallpaper (server), edge-swipe (server), swipe-up (server), PointerEventDispatcher0 (server),
02-22 01:18:24.406 I/view_enqueue_input_event( 2529): [Motion - Cancel,com.android.launcher3/com.android.launcher3.uioverrides.QuickstepLauncher]
02-22 01:18:24.409 I/input_interaction( 1521): Interaction with: edge-swipe (server), swipe-up (server), PointerEventDispatcher0 (server),
02-22 01:18:24.604 I/commit_sys_config_file( 1521): [settings-1-0,5]
02-22 01:18:25.031 I/commit_sys_config_file( 1521): [settings-1-0,5]
02-22 01:18:25.613 I/input_interaction( 1521): Interaction with: ad16e1f com.android.launcher3/com.android.launcher3.uioverrides.QuickstepLauncher (server), bb1c062 com.android.systemui.ImageWallpaper (server), edge-swipe (server), swipe-up (server), PointerEventDispatcher0 (server),
02-22 01:18:26.138 I/wm_finish_activity( 1521): [0,179882095,18,com.android.settings/.Settings,recent-task-trimmed]
02-22 01:18:26.141 I/wm_destroy_activity( 1521): [0,179882095,18,com.android.settings/.Settings,finish-imm:finishIfPossible]
02-22 01:18:26.147 I/am_kill ( 1521): [0,2370,com.android.settings,905,remove task]
02-22 01:18:26.150 I/sysui_multi_action( 1521): [757,803,799,window_time_0,802,2]
02-22 01:18:26.205 I/am_proc_died( 1521): [0,2370,com.android.settings,905,19]
02-22 01:18:26.210 I/wm_task_removed( 1521): [18,removeChild:removeChild last r=ActivityRecord{ab8c86f u0 com.android.settings/.Settings t-1 f}} in t=Task{6e09168 #18 type=standard A=1000:com.android.settings.root U=0 visible=false mode=fullscreen translucent=true sz=0}]
02-22 01:18:26.210 I/wm_task_removed( 1521): [18,removeChild]
02-22 01:18:26.236 I/am_proc_start( 1521): [0,4491,1000,com.android.settings,NULL,]
02-22 01:18:26.270 I/am_proc_bound( 1521): [0,4491,com.android.settings]
02-22 01:18:26.325 I/am_wtf ( 1521): [0,4491,com.android.settings,952647173,RoleParser,com.android.permissioncontroller.role.model.AssistantRoleBehavior]
02-22 01:18:26.327 I/am_wtf ( 1521): [0,4491,com.android.settings,952647173,RoleParser,com.android.permissioncontroller.role.model.BrowserRoleBehavior]
02-22 01:18:26.329 I/am_wtf ( 1521): [0,4491,com.android.settings,952647173,RoleParser,com.android.permissioncontroller.role.model.DialerRoleBehavior]
02-22 01:18:26.331 I/am_wtf ( 1521): [0,4491,com.android.settings,952647173,RoleParser,com.android.permissioncontroller.role.model.SmsRoleBehavior]
02-22 01:18:26.332 I/am_wtf ( 1521): [0,4491,com.android.settings,952647173,RoleParser,com.android.permissioncontroller.role.model.EmergencyRoleBehavior]
