--------- beginning of events
01-01 11:18:49.927 I/snet_event_log( 504): [121035042,-1,]
01-01 11:18:49.929 I/auditd ( 504): SELinux: Loaded service_contexts from:
01-01 11:18:49.929 I/auditd ( 504): /system/etc/selinux/plat_service_contexts
01-01 11:18:49.929 I/auditd ( 504): /system_ext/etc/selinux/system_ext_service_contexts
01-01 11:18:49.929 I/auditd ( 504): /product/etc/selinux/product_service_contexts
01-01 11:18:49.929 I/auditd ( 504): /vendor/etc/selinux/vendor_service_contexts
01-01 11:18:49.939 I/snet_event_log( 506): [121035042,-1,]
01-01 08:00:00.195 I/auditd ( 502): type=2000 audit(0.0:1): state=initialized audit_enabled=0 res=1
01-01 11:18:49.247 I/auditd ( 502): type=1403 audit(0.0:2): auid=4294967295 ses=4294967295 lsm=selinux res=1
01-01 11:18:49.247 I/auditd ( 502): type=1404 audit(0.0:3): enforcing=1 old_enforcing=0 auid=4294967295 ses=4294967295 enabled=1 old-enabled=1 lsm=selinux res=1
01-01 11:18:49.291 I/auditd ( 1): type=1400 audit(0.0:4): avc: denied { relabelto } for comm="init" name="persist" dev="tmpfs" ino=15383 scontext=u:r:init:s0 tcontext=u:object_r:vendor_persist_block_device:s0 tclass=lnk_file permissive=0
01-01 11:18:49.311 I/auditd ( 1): type=1107 audit(0.0:5): uid=0 auid=4294967295 ses=4294967295 subj=u:r:init:s0 msg='avc: denied { read } for property=persist.debug.trace pid=0 uid=0 gid=0 scontext=u:r:vendor_init:s0 tcontext=u:object_r:persist_debug_prop:s0 tclass=file permissive=0'
01-01 11:18:49.563 I/auditd ( 477): type=1400 audit(0.0:6): avc: denied { read } for comm="ueventd" name="persist" dev="tmpfs" ino=15383 scontext=u:r:ueventd:s0 tcontext=u:object_r:tmpfs:s0 tclass=lnk_file permissive=0
01-01 11:18:49.675 I/auditd ( 1): type=1400 audit(0.0:7): avc: denied { mounton } for comm="init" path="/sys/kernel/tracing" dev="tracefs" ino=1 scontext=u:r:init:s0 tcontext=u:object_r:debugfs_tracing_debug:s0 tclass=dir permissive=0
01-01 11:18:49.931 I/auditd ( 510): type=1400 audit(0.0:8): avc: denied { ptrace } for comm="crash_dump64" scontext=u:r:crash_dump:s0 tcontext=u:r:init:s0 tclass=process permissive=0
01-01 11:18:49.955 I/auditd ( 518): type=1400 audit(0.0:9): avc: denied { read write } for comm="fsck_msdos" name="sde51" dev="tmpfs" ino=15964 scontext=u:r:fsck:s0 tcontext=u:object_r:block_device:s0 tclass=blk_file permissive=0
01-01 11:18:49.955 I/auditd ( 518): type=1400 audit(0.0:10): avc: denied { read } for comm="fsck_msdos" name="sde51" dev="tmpfs" ino=15964 scontext=u:r:fsck:s0 tcontext=u:object_r:block_device:s0 tclass=blk_file permissive=0
01-01 11:18:49.955 I/auditd ( 518): type=1400 audit(0.0:11): avc: denied { kill } for comm="fsck_msdos" capability=5 scontext=u:r:fsck:s0 tcontext=u:r:fsck:s0 tclass=capability permissive=0
01-01 11:18:49.971 I/auditd ( 548): type=1400 audit(0.0:12): avc: denied { read } for comm="e2fsck" name="persist" dev="tmpfs" ino=15383 scontext=u:r:fsck:s0 tcontext=u:object_r:tmpfs:s0 tclass=lnk_file permissive=0
01-01 11:18:49.971 I/auditd ( 548): type=1400 audit(0.0:13): avc: denied { read } for comm="e2fsck" name="persist" dev="tmpfs" ino=15383 scontext=u:r:fsck:s0 tcontext=u:object_r:tmpfs:s0 tclass=lnk_file permissive=0
01-01 11:18:49.971 I/auditd ( 548): type=1400 audit(0.0:14): avc: denied { read } for comm="e2fsck" name="persist" dev="tmpfs" ino=15383 scontext=u:r:fsck:s0 tcontext=u:object_r:tmpfs:s0 tclass=lnk_file permissive=0
01-01 11:18:49.971 I/auditd ( 548): type=1400 audit(0.0:15): avc: denied { read } for comm="e2fsck" name="persist" dev="tmpfs" ino=15383 scontext=u:r:fsck:s0 tcontext=u:object_r:tmpfs:s0 tclass=lnk_file permissive=0
01-01 11:18:49.971 I/auditd ( 548): type=1400 audit(0.0:16): avc: denied { read } for comm="e2fsck" name="persist" dev="tmpfs" ino=15383 scontext=u:r:fsck:s0 tcontext=u:object_r:tmpfs:s0 tclass=lnk_file permissive=0
01-01 11:18:49.971 I/auditd ( 548): type=1400 audit(0.0:17): avc: denied { read } for comm="e2fsck" name="persist" dev="tmpfs" ino=15383 scontext=u:r:fsck:s0 tcontext=u:object_r:tmpfs:s0 tclass=lnk_file permissive=0
01-01 11:18:49.971 I/auditd ( 548): type=1400 audit(0.0:18): avc: denied { read } for comm="e2fsck" name="persist" dev="tmpfs" ino=15383 scontext=u:r:fsck:s0 tcontext=u:object_r:tmpfs:s0 tclass=lnk_file permissive=0
01-01 11:18:49.971 I/auditd ( 548): type=1400 audit(0.0:19): avc: denied { kill } for comm="e2fsck" capability=5 scontext=u:r:fsck:s0 tcontext=u:r:fsck:s0 tclass=capability permissive=0
01-01 11:18:50.083 I/auditd ( 474): type=1400 audit(0.0:20): avc: denied { read } for comm="ueventd" name="persist" dev="tmpfs" ino=15383 scontext=u:r:ueventd:s0 tcontext=u:object_r:tmpfs:s0 tclass=lnk_file permissive=0
01-01 11:18:51.043 I/auditd ( 607): type=1400 audit(0.0:21): avc: denied { kill } for comm="vdc" capability=5 scontext=u:r:vdc:s0 tcontext=u:r:vdc:s0 tclass=capability permissive=0
01-01 11:18:51.061 I/auditd ( 567): SELinux: Loaded keystore2_key_contexts from:
01-01 11:18:51.061 I/auditd ( 567): /system/etc/selinux/plat_keystore2_key_contexts
01-01 11:18:51.075 I/auditd ( 610): type=1400 audit(0.0:22): avc: denied { kill } for comm="fsck.f2fs" capability=5 scontext=u:r:fsck:s0 tcontext=u:r:fsck:s0 tclass=capability permissive=0
01-01 11:18:51.099 I/auditd ( 609): type=1400 audit(0.0:23): avc: denied { kill } for comm="vdc" capability=5 scontext=u:r:vdc:s0 tcontext=u:r:vdc:s0 tclass=capability permissive=0
01-01 11:18:51.303 I/auditd ( 1): type=1400 audit(0.0:24): avc: denied { getattr } for comm="init" path="/product/bin/init.qti.display.sh" dev="dm-7" ino=68 scontext=u:r:init:s0 tcontext=u:object_r:vendor_sys_qti_display_exec:s0 tclass=file permissive=0
01-01 11:18:51.044 I/liblog ( 657): 179
01-01 11:18:51.044 I/liblog ( 657): 1
01-01 11:18:51.045 I/liblog ( 657): 83
01-01 11:18:51.045 I/liblog ( 657): 1
01-01 11:18:51.045 I/liblog ( 657): 1
01-01 11:18:51.047 I/liblog ( 657): 211
01-01 11:18:51.047 I/liblog ( 657): 1
01-01 11:18:51.050 I/liblog ( 657): 305
01-01 11:18:51.051 I/liblog ( 657): 230
01-01 11:18:51.291 I/boot_progress_start( 666): 6060
01-01 11:18:51.515 I/auditd ( 836): type=1400 audit(0.0:25): avc: denied { read } for comm="vendor.qti.hard" name="u:object_r:vendor_cap_configstore_dbg_prop:s0" dev="tmpfs" ino=15679 scontext=u:r:vendor_hal_capabilityconfigstore_qti_default:s0 tcontext=u:object_r:vendor_cap_configstore_dbg_prop:s0 tclass=file permissive=0
01-01 11:18:51.595 I/auditd ( 7): type=1400 audit(0.0:26): avc: denied { create } for comm="kworker/u16:0" scontext=u:r:kernel:s0 tcontext=u:r:kernel:s0 tclass=qipcrtr_socket permissive=0
01-01 11:18:51.618 I/snet_event_log( 666): [200284993,-1,]
01-01 11:18:51.603 I/auditd ( 80): type=1400 audit(0.0:28): avc: denied { create } for comm="kworker/u16:1" scontext=u:r:kernel:s0 tcontext=u:r:kernel:s0 tclass=qipcrtr_socket permissive=0
01-01 11:18:51.603 I/auditd ( 80): type=1400 audit(0.0:29): avc: denied { create } for comm="kworker/u16:1" scontext=u:r:kernel:s0 tcontext=u:r:kernel:s0 tclass=qipcrtr_socket permissive=0
01-01 11:18:51.603 I/auditd ( 276): type=1400 audit(0.0:30): avc: denied { create } for comm="kworker/u16:4" scontext=u:r:kernel:s0 tcontext=u:r:kernel:s0 tclass=qipcrtr_socket permissive=0
01-01 11:18:51.603 I/auditd ( 272): type=1400 audit(0.0:31): avc: denied { create } for comm="kworker/u16:2" scontext=u:r:kernel:s0 tcontext=u:r:kernel:s0 tclass=qipcrtr_socket permissive=0
01-01 11:18:51.603 I/auditd ( 272): type=1400 audit(0.0:32): avc: denied { create } for comm="kworker/u16:2" scontext=u:r:kernel:s0 tcontext=u:r:kernel:s0 tclass=qipcrtr_socket permissive=0
01-01 11:18:51.603 I/auditd ( 272): type=1400 audit(0.0:33): avc: denied { create } for comm="kworker/u16:2" scontext=u:r:kernel:s0 tcontext=u:r:kernel:s0 tclass=qipcrtr_socket permissive=0
01-01 11:18:51.603 I/auditd ( 276): type=1400 audit(0.0:34): avc: denied { create } for comm="kworker/u16:4" scontext=u:r:kernel:s0 tcontext=u:r:kernel:s0 tclass=qipcrtr_socket permissive=0
01-01 11:18:51.603 I/auditd ( 272): type=1400 audit(0.0:35): avc: denied { create } for comm="kworker/u16:2" scontext=u:r:kernel:s0 tcontext=u:r:kernel:s0 tclass=qipcrtr_socket permissive=0
01-01 11:18:51.603 I/auditd ( 274): type=1400 audit(0.0:36): avc: denied { create } for comm="kworker/u16:3" scontext=u:r:kernel:s0 tcontext=u:r:kernel:s0 tclass=qipcrtr_socket permissive=0
01-01 11:18:51.603 I/auditd ( 274): type=1400 audit(0.0:37): avc: denied { create } for comm="kworker/u16:3" scontext=u:r:kernel:s0 tcontext=u:r:kernel:s0 tclass=qipcrtr_socket permissive=0
01-01 11:18:51.603 I/auditd ( 274): type=1400 audit(0.0:38): avc: denied { create } for comm="kworker/u16:3" scontext=u:r:kernel:s0 tcontext=u:r:kernel:s0 tclass=qipcrtr_socket permissive=0
01-01 11:18:51.603 I/auditd ( 283): type=1400 audit(0.0:39): avc: denied { create } for comm="kworker/u16:7" scontext=u:r:kernel:s0 tcontext=u:r:kernel:s0 tclass=qipcrtr_socket permissive=0
01-01 11:18:51.603 I/auditd ( 283): type=1400 audit(0.0:40): avc: denied { create } for comm="kworker/u16:7" scontext=u:r:kernel:s0 tcontext=u:r:kernel:s0 tclass=qipcrtr_socket permissive=0
01-01 11:18:51.603 I/auditd ( 283): type=1400 audit(0.0:41): avc: denied { create } for comm="kworker/u16:7" scontext=u:r:kernel:s0 tcontext=u:r:kernel:s0 tclass=qipcrtr_socket permissive=0
01-01 11:18:51.603 I/auditd ( 283): type=1400 audit(0.0:42): avc: denied { create } for comm="kworker/u16:7" scontext=u:r:kernel:s0 tcontext=u:r:kernel:s0 tclass=qipcrtr_socket permissive=0
01-01 11:18:51.603 I/auditd ( 283): type=1400 audit(0.0:43): avc: denied { create } for comm="kworker/u16:7" scontext=u:r:kernel:s0 tcontext=u:r:kernel:s0 tclass=qipcrtr_socket permissive=0
01-01 11:18:51.603 I/auditd ( 283): type=1400 audit(0.0:44): avc: denied { create } for comm="kworker/u16:7" scontext=u:r:kernel:s0 tcontext=u:r:kernel:s0 tclass=qipcrtr_socket permissive=0
01-01 11:18:51.603 I/auditd ( 281): type=1400 audit(0.0:45): avc: denied { create } for comm="kworker/u16:6" scontext=u:r:kernel:s0 tcontext=u:r:kernel:s0 tclass=qipcrtr_socket permissive=0
01-01 11:18:51.603 I/auditd ( 279): type=1400 audit(0.0:46): avc: denied { create } for comm="kworker/u16:5" scontext=u:r:kernel:s0 tcontext=u:r:kernel:s0 tclass=qipcrtr_socket permissive=0
01-01 11:18:51.620 I/snet_event_log( 667): [200284993,-1,]
01-01 11:18:51.631 I/auditd ( 472): type=1400 audit(0.0:47): avc: denied { create } for comm="init" name="drm" scontext=u:r:vendor_init:s0 tcontext=u:object_r:mnt_product_file:s0 tclass=dir permissive=0
01-01 11:18:51.631 I/auditd ( 472): type=1400 audit(0.0:48): avc: denied { create } for comm="init" name="bluetooth" scontext=u:r:vendor_init:s0 tcontext=u:object_r:mnt_product_file:s0 tclass=dir permissive=0
01-01 11:18:51.631 I/auditd ( 472): type=1400 audit(0.0:49): avc: denied { create } for comm="init" name="misc" scontext=u:r:vendor_init:s0 tcontext=u:object_r:mnt_product_file:s0 tclass=dir permissive=0
01-01 11:18:51.631 I/auditd ( 472): type=1400 audit(0.0:50): avc: denied { create } for comm="init" name="alarm" scontext=u:r:vendor_init:s0 tcontext=u:object_r:mnt_product_file:s0 tclass=dir permissive=0
01-01 11:18:51.635 I/auditd ( 472): type=1400 audit(0.0:51): avc: denied { setattr } for comm="init" name="rawdump" dev="tmpfs" ino=11483 scontext=u:r:vendor_init:s0 tcontext=u:object_r:block_device:s0 tclass=lnk_file permissive=0
01-01 11:18:51.639 I/auditd ( 472): type=1400 audit(0.0:52): avc: denied { setattr } for comm="init" name="rawdump" dev="tmpfs" ino=11483 scontext=u:r:vendor_init:s0 tcontext=u:object_r:block_device:s0 tclass=lnk_file permissive=0
01-01 11:18:51.647 I/auditd ( 1007): type=1400 audit(0.0:53): avc: denied { read write } for comm="sensors.qti" name="diag" dev="tmpfs" ino=11432 scontext=u:r:vendor_sensors_qti:s0 tcontext=u:object_r:vendor_diag_device:s0 tclass=chr_file permissive=0
01-01 11:18:51.709 I/boot_progress_preload_start( 666): 6478
01-01 11:18:51.739 I/auditd ( 840): type=1400 audit(0.0:54): avc: denied { read write } for comm="vendor.qti.hard" name="diag" dev="tmpfs" ino=11432 scontext=u:r:hal_graphics_composer_default:s0 tcontext=u:object_r:vendor_diag_device:s0 tclass=chr_file permissive=0
01-01 11:18:51.779 I/auditd ( 504): avc: denied { find } for pid=990 uid=1000 name=vendor.qti.hardware.display.config.IDisplayConfig/default scontext=u:r:surfaceflinger:s0 tcontext=u:object_r:default_android_service:s0 tclass=service_manager permissive=0
01-01 11:18:51.781 I/auditd ( 504): avc: denied { find } for pid=990 uid=1000 name=vendor.qti.hardware.display.config.IDisplayConfig/default scontext=u:r:surfaceflinger:s0 tcontext=u:object_r:default_android_service:s0 tclass=service_manager permissive=0
01-01 11:18:51.847 I/auditd ( 1007): type=1400 audit(0.0:55): avc: denied { read write } for comm="sensors.qti" name="diag" dev="tmpfs" ino=11432 scontext=u:r:vendor_sensors_qti:s0 tcontext=u:object_r:vendor_diag_device:s0 tclass=chr_file permissive=0
01-01 11:18:51.907 I/auditd ( 1037): type=1400 audit(0.0:56): avc: denied { write } for comm="init.qcom.usb.s" name="uvc.0" dev="configfs" ino=19820 scontext=u:r:vendor_qti_init_shell:s0 tcontext=u:object_r:configfs:s0 tclass=dir permissive=0
01-01 11:18:51.907 I/auditd ( 1037): type=1400 audit(0.0:57): avc: denied { write } for comm="init.qcom.usb.s" name="uvc.0" dev="configfs" ino=19820 scontext=u:r:vendor_qti_init_shell:s0 tcontext=u:object_r:configfs:s0 tclass=dir permissive=0
01-01 11:18:51.915 I/auditd ( 1117): type=1400 audit(0.0:58): avc: denied { write } for comm="mkdir" name="header" dev="configfs" ino=19822 scontext=u:r:vendor_qti_init_shell:s0 tcontext=u:object_r:configfs:s0 tclass=dir permissive=0
01-01 11:18:51.919 I/auditd ( 1118): type=1400 audit(0.0:59): avc: denied { write } for comm="ln" name="fs" dev="configfs" ino=19831 scontext=u:r:vendor_qti_init_shell:s0 tcontext=u:object_r:configfs:s0 tclass=dir permissive=0
01-01 11:18:51.927 I/auditd ( 1119): type=1400 audit(0.0:60): avc: denied { write } for comm="ln" name="ss" dev="configfs" ino=19832 scontext=u:r:vendor_qti_init_shell:s0 tcontext=u:object_r:configfs:s0 tclass=dir permissive=0
01-01 11:18:51.935 I/auditd ( 1120): type=1400 audit(0.0:61): avc: denied { write } for comm="mkdir" name="uncompressed" dev="configfs" ino=19835 scontext=u:r:vendor_qti_init_shell:s0 tcontext=u:object_r:configfs:s0 tclass=dir permissive=0
01-01 11:18:51.939 I/auditd ( 1121): type=1400 audit(0.0:62): avc: denied { write } for comm="mkdir" name="uncompressed" dev="configfs" ino=19835 scontext=u:r:vendor_qti_init_shell:s0 tcontext=u:object_r:configfs:s0 tclass=dir permissive=0
01-01 11:18:51.955 I/auditd ( 1125): type=1400 audit(0.0:63): avc: denied { write } for comm="mkdir" name="mjpeg" dev="configfs" ino=19836 scontext=u:r:vendor_qti_init_shell:s0 tcontext=u:object_r:configfs:s0 tclass=dir permissive=0
01-01 11:18:51.963 I/auditd ( 1126): type=1400 audit(0.0:64): avc: denied { write } for comm="mkdir" name="mjpeg" dev="configfs" ino=19836 scontext=u:r:vendor_qti_init_shell:s0 tcontext=u:object_r:configfs:s0 tclass=dir permissive=0
01-01 11:18:51.967 I/auditd ( 1127): type=1400 audit(0.0:65): avc: denied { write } for comm="mkdir" name="h264" dev="configfs" ino=19837 scontext=u:r:vendor_qti_init_shell:s0 tcontext=u:object_r:configfs:s0 tclass=dir permissive=0
01-01 11:18:51.971 I/auditd ( 1128): type=1400 audit(0.0:66): avc: denied { write } for comm="mkdir" name="h264" dev="configfs" ino=19837 scontext=u:r:vendor_qti_init_shell:s0 tcontext=u:object_r:configfs:s0 tclass=dir permissive=0
01-01 11:18:51.979 I/auditd ( 1129): type=1400 audit(0.0:67): avc: denied { write } for comm="mkdir" name="header" dev="configfs" ino=19834 scontext=u:r:vendor_qti_init_shell:s0 tcontext=u:object_r:configfs:s0 tclass=dir permissive=0
01-01 11:18:51.987 I/auditd ( 1130): type=1400 audit(0.0:68): avc: denied { write } for comm="ln" name="header" dev="configfs" ino=19834 scontext=u:r:vendor_qti_init_shell:s0 tcontext=u:object_r:configfs:s0 tclass=dir permissive=0
01-01 11:18:52.007 I/auditd ( 1131): type=1400 audit(0.0:69): avc: denied { write } for comm="ln" name="header" dev="configfs" ino=19834 scontext=u:r:vendor_qti_init_shell:s0 tcontext=u:object_r:configfs:s0 tclass=dir permissive=0
01-01 11:18:52.011 I/auditd ( 1132): type=1400 audit(0.0:70): avc: denied { write } for comm="ln" name="header" dev="configfs" ino=19834 scontext=u:r:vendor_qti_init_shell:s0 tcontext=u:object_r:configfs:s0 tclass=dir permissive=0
01-01 11:18:52.015 I/auditd ( 1133): type=1400 audit(0.0:71): avc: denied { write } for comm="ln" name="fs" dev="configfs" ino=19841 scontext=u:r:vendor_qti_init_shell:s0 tcontext=u:object_r:configfs:s0 tclass=dir permissive=0
01-01 11:18:52.019 I/auditd ( 1134): type=1400 audit(0.0:72): avc: denied { write } for comm="ln" name="hs" dev="configfs" ino=19842 scontext=u:r:vendor_qti_init_shell:s0 tcontext=u:object_r:configfs:s0 tclass=dir permissive=0
01-01 11:18:52.027 I/auditd ( 1135): type=1400 audit(0.0:73): avc: denied { write } for comm="ln" name="ss" dev="configfs" ino=19843 scontext=u:r:vendor_qti_init_shell:s0 tcontext=u:object_r:configfs:s0 tclass=dir permissive=0
01-01 11:18:52.047 I/auditd ( 1007): type=1400 audit(0.0:74): avc: denied { read write } for comm="sensors.qti" name="diag" dev="tmpfs" ino=11432 scontext=u:r:vendor_sensors_qti:s0 tcontext=u:object_r:vendor_diag_device:s0 tclass=chr_file permissive=0
01-01 11:18:52.131 I/auditd ( 1167): type=1400 audit(0.0:75): avc: denied { read write } for comm="dpmd" name="diag" dev="tmpfs" ino=11432 scontext=u:r:vendor_dpmd:s0 tcontext=u:object_r:vendor_diag_device:s0 tclass=chr_file permissive=0
01-01 11:18:52.135 I/auditd ( 1179): type=1400 audit(0.0:76): avc: denied { read write } for comm="dpmd" name="diag" dev="tmpfs" ino=11432 scontext=u:r:vendor_dpmd:s0 tcontext=u:object_r:vendor_diag_device:s0 tclass=chr_file permissive=0
01-01 11:18:52.235 I/auditd ( 1235): type=1400 audit(0.0:77): avc: denied { read write } for comm="imsqmidaemon" name="diag" dev="tmpfs" ino=11432 scontext=u:r:vendor_ims:s0 tcontext=u:object_r:vendor_diag_device:s0 tclass=chr_file permissive=0
01-01 11:18:52.235 I/auditd ( 1235): type=1400 audit(0.0:78): avc: denied { read write } for comm="imsqmidaemon" name="diag" dev="tmpfs" ino=11432 scontext=u:r:vendor_ims:s0 tcontext=u:object_r:vendor_diag_device:s0 tclass=chr_file permissive=0
01-01 11:18:52.235 I/auditd ( 1235): type=1400 audit(0.0:79): avc: denied { read write } for comm="imsqmidaemon" name="diag" dev="tmpfs" ino=11432 scontext=u:r:vendor_ims:s0 tcontext=u:object_r:vendor_diag_device:s0 tclass=chr_file permissive=0
01-01 11:18:52.235 I/auditd ( 1235): type=1400 audit(0.0:80): avc: denied { read write } for comm="imsqmidaemon" name="diag" dev="tmpfs" ino=11432 scontext=u:r:vendor_ims:s0 tcontext=u:object_r:vendor_diag_device:s0 tclass=chr_file permissive=0
01-01 11:18:52.235 I/auditd ( 1235): type=1400 audit(0.0:81): avc: denied { read write } for comm="imsqmidaemon" name="diag" dev="tmpfs" ino=11432 scontext=u:r:vendor_ims:s0 tcontext=u:object_r:vendor_diag_device:s0 tclass=chr_file permissive=0
01-01 11:18:52.235 I/auditd ( 1235): type=1400 audit(0.0:82): avc: denied { read write } for comm="imsqmidaemon" name="diag" dev="tmpfs" ino=11432 scontext=u:r:vendor_ims:s0 tcontext=u:object_r:vendor_diag_device:s0 tclass=chr_file permissive=0
01-01 11:18:52.235 I/auditd ( 1235): type=1400 audit(0.0:83): avc: denied { read write } for comm="imsqmidaemon" name="diag" dev="tmpfs" ino=11432 scontext=u:r:vendor_ims:s0 tcontext=u:object_r:vendor_diag_device:s0 tclass=chr_file permissive=0
01-01 11:18:52.243 I/auditd ( 1235): type=1400 audit(0.0:84): avc: denied { read write } for comm="imsqmidaemon" name="diag" dev="tmpfs" ino=11432 scontext=u:r:vendor_ims:s0 tcontext=u:object_r:vendor_diag_device:s0 tclass=chr_file permissive=0
01-01 11:18:52.243 I/auditd ( 1235): type=1400 audit(0.0:85): avc: denied { read write } for comm="imsqmidaemon" name="diag" dev="tmpfs" ino=11432 scontext=u:r:vendor_ims:s0 tcontext=u:object_r:vendor_diag_device:s0 tclass=chr_file permissive=0
01-01 11:18:52.243 I/auditd ( 1235): type=1400 audit(0.0:86): avc: denied { read write } for comm="imsqmidaemon" name="diag" dev="tmpfs" ino=11432 scontext=u:r:vendor_ims:s0 tcontext=u:object_r:vendor_diag_device:s0 tclass=chr_file permissive=0
01-01 11:18:52.247 I/auditd ( 1007): type=1400 audit(0.0:87): avc: denied { read write } for comm="sensors.qti" name="diag" dev="tmpfs" ino=11432 scontext=u:r:vendor_sensors_qti:s0 tcontext=u:object_r:vendor_diag_device:s0 tclass=chr_file permissive=0
01-01 11:18:52.291 I/auditd ( 1240): type=1400 audit(0.0:88): avc: denied { read write } for comm="ipacm-diag" name="diag" dev="tmpfs" ino=11432 scontext=u:r:hal_tetheroffload_default:s0 tcontext=u:object_r:vendor_diag_device:s0 tclass=chr_file permissive=0
01-01 11:18:52.415 I/auditd ( 1233): type=1400 audit(0.0:89): avc: denied { read write } for comm="ims_rtp_daemon" name="diag" dev="tmpfs" ino=11432 scontext=u:r:vendor_hal_imsrtp:s0 tcontext=u:object_r:vendor_diag_device:s0 tclass=chr_file permissive=0
01-01 11:18:52.435 I/auditd ( 1221): type=1400 audit(0.0:90): avc: denied { read write } for comm="cnd" name="diag" dev="tmpfs" ino=11432 scontext=u:r:vendor_cnd:s0 tcontext=u:object_r:vendor_diag_device:s0 tclass=chr_file permissive=0
01-01 11:18:52.447 I/auditd ( 1007): type=1400 audit(0.0:91): avc: denied { read write } for comm="sensors.qti" name="diag" dev="tmpfs" ino=11432 scontext=u:r:vendor_sensors_qti:s0 tcontext=u:object_r:vendor_diag_device:s0 tclass=chr_file permissive=0
01-01 11:18:52.459 I/auditd ( 1422): type=1400 audit(0.0:92): avc: denied { read write } for comm="imsdatadaemon" name="diag" dev="tmpfs" ino=11432 scontext=u:r:vendor_ims:s0 tcontext=u:object_r:vendor_diag_device:s0 tclass=chr_file permissive=0
01-01 11:18:52.463 I/auditd ( 1422): type=1400 audit(0.0:93): avc: denied { read write } for comm="imsdatadaemon" name="diag" dev="tmpfs" ino=11432 scontext=u:r:vendor_ims:s0 tcontext=u:object_r:vendor_diag_device:s0 tclass=chr_file permissive=0
01-01 11:18:52.463 I/auditd ( 1422): type=1400 audit(0.0:94): avc: denied { read write } for comm="imsdatadaemon" name="diag" dev="tmpfs" ino=11432 scontext=u:r:vendor_ims:s0 tcontext=u:object_r:vendor_diag_device:s0 tclass=chr_file permissive=0
01-01 11:18:52.463 I/auditd ( 1422): type=1400 audit(0.0:95): avc: denied { read write } for comm="imsdatadaemon" name="diag" dev="tmpfs" ino=11432 scontext=u:r:vendor_ims:s0 tcontext=u:object_r:vendor_diag_device:s0 tclass=chr_file permissive=0
01-01 11:18:52.463 I/auditd ( 1422): type=1400 audit(0.0:96): avc: denied { read write } for comm="imsdatadaemon" name="diag" dev="tmpfs" ino=11432 scontext=u:r:vendor_ims:s0 tcontext=u:object_r:vendor_diag_device:s0 tclass=chr_file permissive=0
01-01 11:18:52.463 I/auditd ( 1422): type=1400 audit(0.0:97): avc: denied { read write } for comm="imsdatadaemon" name="diag" dev="tmpfs" ino=11432 scontext=u:r:vendor_ims:s0 tcontext=u:object_r:vendor_diag_device:s0 tclass=chr_file permissive=0
01-01 11:18:52.463 I/auditd ( 1422): type=1400 audit(0.0:98): avc: denied { read write } for comm="imsdatadaemon" name="diag" dev="tmpfs" ino=11432 scontext=u:r:vendor_ims:s0 tcontext=u:object_r:vendor_diag_device:s0 tclass=chr_file permissive=0
01-01 11:18:52.463 I/auditd ( 1422): type=1400 audit(0.0:99): avc: denied { read write } for comm="imsdatadaemon" name="diag" dev="tmpfs" ino=11432 scontext=u:r:vendor_ims:s0 tcontext=u:object_r:vendor_diag_device:s0 tclass=chr_file permissive=0
01-01 11:18:52.463 I/auditd ( 1422): type=1400 audit(0.0:100): avc: denied { read write } for comm="imsdatadaemon" name="diag" dev="tmpfs" ino=11432 scontext=u:r:vendor_ims:s0 tcontext=u:object_r:vendor_diag_device:s0 tclass=chr_file permissive=0
01-01 11:18:52.463 I/auditd ( 1422): type=1400 audit(0.0:101): avc: denied { read write } for comm="imsdatadaemon" name="diag" dev="tmpfs" ino=11432 scontext=u:r:vendor_ims:s0 tcontext=u:object_r:vendor_diag_device:s0 tclass=chr_file permissive=0
01-01 11:18:52.463 I/auditd ( 1422): type=1400 audit(0.0:102): avc: denied { read write } for comm="imsdatadaemon" name="diag" dev="tmpfs" ino=11432 scontext=u:r:vendor_ims:s0 tcontext=u:object_r:vendor_diag_device:s0 tclass=chr_file permissive=0
01-01 11:18:52.463 I/auditd ( 1422): type=1400 audit(0.0:103): avc: denied { read write } for comm="imsdatadaemon" name="diag" dev="tmpfs" ino=11432 scontext=u:r:vendor_ims:s0 tcontext=u:object_r:vendor_diag_device:s0 tclass=chr_file permissive=0
01-01 11:18:52.463 I/auditd ( 1422): type=1400 audit(0.0:104): avc: denied { read write } for comm="imsdatadaemon" name="diag" dev="tmpfs" ino=11432 scontext=u:r:vendor_ims:s0 tcontext=u:object_r:vendor_diag_device:s0 tclass=chr_file permissive=0
01-01 11:18:52.463 I/auditd ( 1422): type=1400 audit(0.0:105): avc: denied { read write } for comm="imsdatadaemon" name="diag" dev="tmpfs" ino=11432 scontext=u:r:vendor_ims:s0 tcontext=u:object_r:vendor_diag_device:s0 tclass=chr_file permissive=0
01-01 11:18:52.463 I/auditd ( 1422): type=1400 audit(0.0:106): avc: denied { read write } for comm="imsdatadaemon" name="diag" dev="tmpfs" ino=11432 scontext=u:r:vendor_ims:s0 tcontext=u:object_r:vendor_diag_device:s0 tclass=chr_file permissive=0
01-01 11:18:52.463 I/auditd ( 1422): type=1400 audit(0.0:107): avc: denied { read write } for comm="imsdatadaemon" name="diag" dev="tmpfs" ino=11432 scontext=u:r:vendor_ims:s0 tcontext=u:object_r:vendor_diag_device:s0 tclass=chr_file permissive=0
01-01 11:18:52.463 I/auditd ( 1422): type=1400 audit(0.0:108): avc: denied { read write } for comm="imsdatadaemon" name="diag" dev="tmpfs" ino=11432 scontext=u:r:vendor_ims:s0 tcontext=u:object_r:vendor_diag_device:s0 tclass=chr_file permissive=0
01-01 11:18:52.463 I/auditd ( 1422): type=1400 audit(0.0:109): avc: denied { read write } for comm="imsdatadaemon" name="diag" dev="tmpfs" ino=11432 scontext=u:r:vendor_ims:s0 tcontext=u:object_r:vendor_diag_device:s0 tclass=chr_file permissive=0
01-01 11:18:52.463 I/auditd ( 1422): type=1400 audit(0.0:110): avc: denied { read write } for comm="imsdatadaemon" name="diag" dev="tmpfs" ino=11432 scontext=u:r:vendor_ims:s0 tcontext=u:object_r:vendor_diag_device:s0 tclass=chr_file permissive=0
01-01 11:18:52.463 I/auditd ( 1422): type=1400 audit(0.0:111): avc: denied { read write } for comm="imsdatadaemon" name="diag" dev="tmpfs" ino=11432 scontext=u:r:vendor_ims:s0 tcontext=u:object_r:vendor_diag_device:s0 tclass=chr_file permissive=0
01-01 11:18:52.463 I/auditd ( 1422): type=1400 audit(0.0:112): avc: denied { read write } for comm="imsdatadaemon" name="diag" dev="tmpfs" ino=11432 scontext=u:r:vendor_ims:s0 tcontext=u:object_r:vendor_diag_device:s0 tclass=chr_file permissive=0
01-01 11:18:52.463 I/auditd ( 1422): type=1400 audit(0.0:113): avc: denied { read write } for comm="imsdatadaemon" name="diag" dev="tmpfs" ino=11432 scontext=u:r:vendor_ims:s0 tcontext=u:object_r:vendor_diag_device:s0 tclass=chr_file permissive=0
01-01 11:18:52.463 I/auditd ( 1422): type=1400 audit(0.0:114): avc: denied { read write } for comm="imsdatadaemon" name="diag" dev="tmpfs" ino=11432 scontext=u:r:vendor_ims:s0 tcontext=u:object_r:vendor_diag_device:s0 tclass=chr_file permissive=0
01-01 11:18:52.463 I/auditd ( 1422): type=1400 audit(0.0:115): avc: denied { read write } for comm="imsdatadaemon" name="diag" dev="tmpfs" ino=11432 scontext=u:r:vendor_ims:s0 tcontext=u:object_r:vendor_diag_device:s0 tclass=chr_file permissive=0
01-01 11:18:52.463 I/auditd ( 1422): type=1400 audit(0.0:116): avc: denied { read write } for comm="imsdatadaemon" name="diag" dev="tmpfs" ino=11432 scontext=u:r:vendor_ims:s0 tcontext=u:object_r:vendor_diag_device:s0 tclass=chr_file permissive=0
01-01 11:18:52.463 I/auditd ( 1422): type=1400 audit(0.0:117): avc: denied { read write } for comm="imsdatadaemon" name="diag" dev="tmpfs" ino=11432 scontext=u:r:vendor_ims:s0 tcontext=u:object_r:vendor_diag_device:s0 tclass=chr_file permissive=0
01-01 11:18:52.463 I/auditd ( 1422): type=1400 audit(0.0:118): avc: denied { read write } for comm="imsdatadaemon" name="diag" dev="tmpfs" ino=11432 scontext=u:r:vendor_ims:s0 tcontext=u:object_r:vendor_diag_device:s0 tclass=chr_file permissive=0
01-01 11:18:52.463 I/auditd ( 1422): type=1400 audit(0.0:119): avc: denied { read write } for comm="imsdatadaemon" name="diag" dev="tmpfs" ino=11432 scontext=u:r:vendor_ims:s0 tcontext=u:object_r:vendor_diag_device:s0 tclass=chr_file permissive=0
01-01 11:18:52.463 I/auditd ( 1422): type=1400 audit(0.0:120): avc: denied { read write } for comm="imsdatadaemon" name="diag" dev="tmpfs" ino=11432 scontext=u:r:vendor_ims:s0 tcontext=u:object_r:vendor_diag_device:s0 tclass=chr_file permissive=0
01-01 11:18:52.463 I/auditd ( 1422): type=1400 audit(0.0:121): avc: denied { read write } for comm="imsdatadaemon" name="diag" dev="tmpfs" ino=11432 scontext=u:r:vendor_ims:s0 tcontext=u:object_r:vendor_diag_device:s0 tclass=chr_file permissive=0
01-01 11:18:52.467 I/auditd ( 1422): type=1400 audit(0.0:122): avc: denied { read write } for comm="imsdatadaemon" name="diag" dev="tmpfs" ino=11432 scontext=u:r:vendor_ims:s0 tcontext=u:object_r:vendor_diag_device:s0 tclass=chr_file permissive=0
01-01 11:18:52.467 I/auditd ( 1422): type=1400 audit(0.0:123): avc: denied { read write } for comm="imsdatadaemon" name="diag" dev="tmpfs" ino=11432 scontext=u:r:vendor_ims:s0 tcontext=u:object_r:vendor_diag_device:s0 tclass=chr_file permissive=0
01-01 11:18:52.467 I/auditd ( 1422): type=1400 audit(0.0:124): avc: denied { read write } for comm="imsdatadaemon" name="diag" dev="tmpfs" ino=11432 scontext=u:r:vendor_ims:s0 tcontext=u:object_r:vendor_diag_device:s0 tclass=chr_file permissive=0
01-01 11:18:52.503 I/auditd ( 821): type=1400 audit(0.0:125): avc: denied { read } for comm="android.hardwar" name="type" dev="sysfs" ino=63844 scontext=u:r:hal_health_default:s0 tcontext=u:object_r:sysfs:s0 tclass=file permissive=0
01-01 11:18:52.503 I/auditd ( 1456): type=1400 audit(0.0:126): avc: denied { read } for comm="ip" name="rt_tables" dev="dm-10" ino=344 scontext=u:r:ethernet:s0 tcontext=u:object_r:net_data_file:s0 tclass=file permissive=0
01-01 11:18:52.511 I/auditd ( 1459): type=1400 audit(0.0:127): avc: denied { read } for comm="ip" name="rt_tables" dev="dm-10" ino=344 scontext=u:r:ethernet:s0 tcontext=u:object_r:net_data_file:s0 tclass=file permissive=0
01-01 11:18:52.567 I/auditd ( 1490): type=1400 audit(0.0:128): avc: denied { read } for comm="ip" name="rt_tables" dev="dm-10" ino=344 scontext=u:r:ethernet:s0 tcontext=u:object_r:net_data_file:s0 tclass=file permissive=0
01-01 11:18:52.571 I/auditd ( 1492): type=1400 audit(0.0:129): avc: denied { read } for comm="ip" name="rt_tables" dev="dm-10" ino=344 scontext=u:r:ethernet:s0 tcontext=u:object_r:net_data_file:s0 tclass=file permissive=0
01-01 11:18:52.579 I/auditd ( 1494): type=1400 audit(0.0:130): avc: denied { getattr } for comm="hvdcp_opti" path="/dev/kmsg" dev="tmpfs" ino=14340 scontext=u:r:vendor_hvdcp:s0 tcontext=u:object_r:kmsg_device:s0 tclass=chr_file permissive=0
01-01 11:18:52.579 I/auditd ( 1494): type=1400 audit(0.0:131): avc: denied { write } for comm="hvdcp_opti" name="kmsg" dev="tmpfs" ino=14340 scontext=u:r:vendor_hvdcp:s0 tcontext=u:object_r:kmsg_device:s0 tclass=chr_file permissive=0
01-01 11:18:52.579 I/auditd ( 1494): type=1400 audit(0.0:132): avc: denied { read } for comm="hvdcp_opti" name="devices" dev="sysfs" ino=46880 scontext=u:r:vendor_hvdcp:s0 tcontext=u:object_r:sysfs:s0 tclass=dir permissive=0
01-01 11:18:52.595 I/boot_progress_preload_end( 666): 7363
01-01 11:18:52.623 I/auditd ( 1506): type=1400 audit(0.0:133): avc: denied { read } for comm="ip" name="rt_tables" dev="dm-10" ino=344 scontext=u:r:ethernet:s0 tcontext=u:object_r:net_data_file:s0 tclass=file permissive=0
01-01 11:18:52.627 I/auditd ( 1507): type=1400 audit(0.0:134): avc: denied { read } for comm="ip" name="rt_tables" dev="dm-10" ino=344 scontext=u:r:ethernet:s0 tcontext=u:object_r:net_data_file:s0 tclass=file permissive=0
01-01 11:18:52.647 I/auditd ( 1007): type=1400 audit(0.0:135): avc: denied { read write } for comm="sensors.qti" name="diag" dev="tmpfs" ino=11432 scontext=u:r:vendor_sensors_qti:s0 tcontext=u:object_r:vendor_diag_device:s0 tclass=chr_file permissive=0
01-01 11:18:52.683 I/auditd ( 1527): type=1400 audit(0.0:136): avc: denied { read } for comm="ip" name="rt_tables" dev="dm-10" ino=344 scontext=u:r:ethernet:s0 tcontext=u:object_r:net_data_file:s0 tclass=file permissive=0
01-01 11:18:52.687 I/auditd ( 1528): type=1400 audit(0.0:137): avc: denied { read } for comm="ip" name="rt_tables" dev="dm-10" ino=344 scontext=u:r:ethernet:s0 tcontext=u:object_r:net_data_file:s0 tclass=file permissive=0
01-01 11:18:52.747 I/auditd ( 1542): type=1400 audit(0.0:138): avc: denied { read } for comm="ip" name="rt_tables" dev="dm-10" ino=344 scontext=u:r:ethernet:s0 tcontext=u:object_r:net_data_file:s0 tclass=file permissive=0
01-01 11:18:52.751 I/auditd ( 1543): type=1400 audit(0.0:139): avc: denied { read } for comm="ip" name="rt_tables" dev="dm-10" ino=344 scontext=u:r:ethernet:s0 tcontext=u:object_r:net_data_file:s0 tclass=file permissive=0
01-01 11:18:52.784 I/system_server_start( 1521): [1,7551,7551]
01-01 11:18:52.784 I/boot_progress_system_run( 1521): 7552
01-01 11:18:52.803 I/auditd ( 1567): type=1400 audit(0.0:140): avc: denied { read } for comm="ip" name="rt_tables" dev="dm-10" ino=344 scontext=u:r:ethernet:s0 tcontext=u:object_r:net_data_file:s0 tclass=file permissive=0
01-01 11:18:52.811 I/auditd ( 1570): type=1400 audit(0.0:141): avc: denied { read } for comm="ip" name="rt_tables" dev="dm-10" ino=344 scontext=u:r:ethernet:s0 tcontext=u:object_r:net_data_file:s0 tclass=file permissive=0
01-01 11:18:52.811 I/auditd ( 1230): type=1400 audit(0.0:142): avc: denied { write } for comm="sh" name="ip_forward" dev="proc" ino=1727 scontext=u:r:ethernet:s0 tcontext=u:object_r:proc_net:s0 tclass=file permissive=0
01-01 11:18:52.811 I/auditd ( 1230): type=1400 audit(0.0:143): avc: denied { write } for comm="sh" name="ip_default_ttl" dev="proc" ino=25170 scontext=u:r:ethernet:s0 tcontext=u:object_r:proc_net:s0 tclass=file permissive=0
01-01 11:18:52.811 I/auditd ( 1230): type=1400 audit(0.0:144): avc: denied { write } for comm="sh" name="tcp_keepalive_probes" dev="proc" ino=25171 scontext=u:r:ethernet:s0 tcontext=u:object_r:proc_net:s0 tclass=file permissive=0
01-01 11:18:52.811 I/auditd ( 1230): type=1400 audit(0.0:145): avc: denied { write } for comm="sh" name="tcp_keepalive_intvl" dev="proc" ino=25172 scontext=u:r:ethernet:s0 tcontext=u:object_r:proc_net:s0 tclass=file permissive=0
01-01 11:18:52.811 I/auditd ( 1230): type=1400 audit(0.0:146): avc: denied { write } for comm="sh" name="tcp_keepalive_time" dev="proc" ino=25173 scontext=u:r:ethernet:s0 tcontext=u:object_r:proc_net:s0 tclass=file permissive=0
01-01 11:18:52.811 I/auditd ( 1230): type=1400 audit(0.0:147): avc: denied { write } for comm="sh" name="tcp_rmem" dev="proc" ino=25174 scontext=u:r:ethernet:s0 tcontext=u:object_r:proc_net:s0 tclass=file permissive=0
01-01 11:18:52.811 I/auditd ( 1230): type=1400 audit(0.0:148): avc: denied { write } for comm="sh" name="tcp_wmem" dev="proc" ino=25175 scontext=u:r:ethernet:s0 tcontext=u:object_r:proc_net:s0 tclass=file permissive=0
01-01 11:18:52.811 I/auditd ( 1230): type=1400 audit(0.0:149): avc: denied { write } for comm="sh" name="tcp_synack_retries" dev="proc" ino=20985 scontext=u:r:ethernet:s0 tcontext=u:object_r:proc_net:s0 tclass=file permissive=0
01-01 11:18:52.811 I/auditd ( 1230): type=1400 audit(0.0:150): avc: denied { write } for comm="sh" name="tcp_syn_retries" dev="proc" ino=20984 scontext=u:r:ethernet:s0 tcontext=u:object_r:proc_net:s0 tclass=file permissive=0
01-01 11:18:52.811 I/auditd ( 1230): type=1400 audit(0.0:151): avc: denied { write } for comm="sh" name="tcp_max_tw_buckets" dev="proc" ino=25176 scontext=u:r:ethernet:s0 tcontext=u:object_r:proc_net:s0 tclass=file permissive=0
01-01 11:18:52.811 I/auditd ( 1230): type=1400 audit(0.0:152): avc: denied { write } for comm="sh" name="tcp_retries2" dev="proc" ino=20987 scontext=u:r:ethernet:s0 tcontext=u:object_r:proc_net:s0 tclass=file permissive=0
01-01 11:18:52.811 I/auditd ( 1230): type=1400 audit(0.0:153): avc: denied { write } for comm="sh" name="icmp_echo_ignore_all" dev="proc" ino=25177 scontext=u:r:ethernet:s0 tcontext=u:object_r:proc_net:s0 tclass=file permissive=0
01-01 11:18:52.811 I/auditd ( 1230): type=1400 audit(0.0:154): avc: denied { write } for comm="sh" name="icmp_echo_ignore_broadcasts" dev="proc" ino=25178 scontext=u:r:ethernet:s0 tcontext=u:object_r:proc_net:s0 tclass=file permissive=0
01-01 11:18:52.811 I/auditd ( 1230): type=1400 audit(0.0:155): avc: denied { write } for comm="sh" name="tcp_window_scaling" dev="proc" ino=25179 scontext=u:r:ethernet:s0 tcontext=u:object_r:proc_net:s0 tclass=file permissive=0
01-01 11:18:52.811 I/auditd ( 1230): type=1400 audit(0.0:156): avc: denied { write } for comm="sh" name="drop_gratuitous_arp" dev="proc" ino=25180 scontext=u:r:ethernet:s0 tcontext=u:object_r:proc_net:s0 tclass=file permissive=0
01-01 11:18:52.811 I/auditd ( 1230): type=1400 audit(0.0:157): avc: denied { write } for comm="sh" name="arp_accept" dev="proc" ino=25181 scontext=u:r:ethernet:s0 tcontext=u:object_r:proc_net:s0 tclass=file permissive=0
01-01 11:18:52.811 I/auditd ( 1230): type=1400 audit(0.0:158): avc: denied { write } for comm="sh" name="arp_notify" dev="proc" ino=25182 scontext=u:r:ethernet:s0 tcontext=u:object_r:proc_net:s0 tclass=file permissive=0
01-01 11:18:52.811 I/auditd ( 1230): type=1400 audit(0.0:159): avc: denied { write } for comm="sh" name="arp_ignore" dev="proc" ino=25183 scontext=u:r:ethernet:s0 tcontext=u:object_r:proc_net:s0 tclass=file permissive=0
01-01 11:18:52.847 I/auditd ( 1007): type=1400 audit(0.0:160): avc: denied { read write } for comm="sensors.qti" name="diag" dev="tmpfs" ino=11432 scontext=u:r:vendor_sensors_qti:s0 tcontext=u:object_r:vendor_diag_device:s0 tclass=chr_file permissive=0
01-01 11:18:53.031 I/auditd ( 1279): type=1400 audit(0.0:161): avc: denied { read write } for comm="qfp-daemon" name="diag" dev="tmpfs" ino=11432 scontext=u:r:vendor_qfp-daemon:s0 tcontext=u:object_r:vendor_diag_device:s0 tclass=chr_file permissive=0
01-01 11:18:53.047 I/auditd ( 1007): type=1400 audit(0.0:162): avc: denied { read write } for comm="sensors.qti" name="diag" dev="tmpfs" ino=11432 scontext=u:r:vendor_sensors_qti:s0 tcontext=u:object_r:vendor_diag_device:s0 tclass=chr_file permissive=0
01-01 11:18:53.099 I/auditd ( 1183): type=1400 audit(0.0:163): avc: denied { read } for comm="Binder:1183_1" name="persist" dev="tmpfs" ino=15383 scontext=u:r:installd:s0 tcontext=u:object_r:tmpfs:s0 tclass=lnk_file permissive=0
01-01 11:18:53.099 I/auditd ( 1183): type=1400 audit(0.0:164): avc: denied { read } for comm="Binder:1183_1" name="persist" dev="tmpfs" ino=15383 scontext=u:r:installd:s0 tcontext=u:object_r:tmpfs:s0 tclass=lnk_file permissive=0
01-01 11:18:53.135 I/auditd ( 566): type=1400 audit(0.0:165): avc: denied { read } for comm="Binder:566_2" name="wakeup58" dev="sysfs" ino=71810 scontext=u:r:system_suspend:s0 tcontext=u:object_r:sysfs:s0 tclass=dir permissive=0
01-01 11:18:53.135 I/auditd ( 566): type=1400 audit(0.0:166): avc: denied { read } for comm="Binder:566_2" name="wakeup4" dev="sysfs" ino=47054 scontext=u:r:system_suspend:s0 tcontext=u:object_r:sysfs:s0 tclass=dir permissive=0
01-01 11:18:53.135 I/auditd ( 566): type=1400 audit(0.0:167): avc: denied { read } for comm="Binder:566_2" name="wakeup76" dev="sysfs" ino=76736 scontext=u:r:system_suspend:s0 tcontext=u:object_r:sysfs:s0 tclass=dir permissive=0
01-01 11:18:53.135 I/auditd ( 566): type=1400 audit(0.0:168): avc: denied { read } for comm="Binder:566_2" name="wakeup28" dev="sysfs" ino=53259 scontext=u:r:system_suspend:s0 tcontext=u:object_r:sysfs:s0 tclass=dir permissive=0
01-01 11:18:53.135 I/auditd ( 566): type=1400 audit(0.0:169): avc: denied { read } for comm="Binder:566_2" name="wakeup56" dev="sysfs" ino=71738 scontext=u:r:system_suspend:s0 tcontext=u:object_r:sysfs:s0 tclass=dir permissive=0
01-01 11:18:53.135 I/auditd ( 566): type=1400 audit(0.0:170): avc: denied { read } for comm="Binder:566_2" name="wakeup2" dev="sysfs" ino=46578 scontext=u:r:system_suspend:s0 tcontext=u:object_r:sysfs:s0 tclass=dir permissive=0
01-01 11:18:53.135 I/auditd ( 566): type=1400 audit(0.0:171): avc: denied { read } for comm="Binder:566_2" name="wakeup36" dev="sysfs" ino=62492 scontext=u:r:system_suspend:s0 tcontext=u:object_r:sysfs:s0 tclass=dir permissive=0
01-01 11:18:53.135 I/auditd ( 566): type=1400 audit(0.0:172): avc: denied { read } for comm="Binder:566_2" name="wakeup64" dev="sysfs" ino=72038 scontext=u:r:system_suspend:s0 tcontext=u:object_r:sysfs:s0 tclass=dir permissive=0
01-01 11:18:53.135 I/auditd ( 566): type=1400 audit(0.0:173): avc: denied { read } for comm="Binder:566_2" name="wakeup54" dev="sysfs" ino=71666 scontext=u:r:system_suspend:s0 tcontext=u:object_r:sysfs:s0 tclass=dir permissive=0
01-01 11:18:53.135 I/auditd ( 566): type=1400 audit(0.0:174): avc: denied { read } for comm="Binder:566_2" name="wakeup44" dev="sysfs" ino=66344 scontext=u:r:system_suspend:s0 tcontext=u:object_r:sysfs:s0 tclass=dir permissive=0
01-01 11:18:53.135 I/auditd ( 566): type=1400 audit(0.0:175): avc: denied { read } for comm="Binder:566_2" name="wakeup0" dev="sysfs" ino=43786 scontext=u:r:system_suspend:s0 tcontext=u:object_r:sysfs:s0 tclass=dir permissive=0
01-01 11:18:53.135 I/auditd ( 566): type=1400 audit(0.0:176): avc: denied { read } for comm="Binder:566_2" name="wakeup62" dev="sysfs" ino=71966 scontext=u:r:system_suspend:s0 tcontext=u:object_r:sysfs:s0 tclass=dir permissive=0
01-01 11:18:53.135 I/auditd ( 566): type=1400 audit(0.0:177): avc: denied { read } for comm="Binder:566_2" name="wakeup52" dev="sysfs" ino=71594 scontext=u:r:system_suspend:s0 tcontext=u:object_r:sysfs:s0 tclass=dir permissive=0
01-01 11:18:53.135 I/auditd ( 566): type=1400 audit(0.0:178): avc: denied { read } for comm="Binder:566_2" name="wakeup9" dev="sysfs" ino=52243 scontext=u:r:system_suspend:s0 tcontext=u:object_r:sysfs:s0 tclass=dir permissive=0
01-01 11:18:53.135 I/auditd ( 566): type=1400 audit(0.0:179): avc: denied { read } for comm="Binder:566_2" name="wakeup42" dev="sysfs" ino=63863 scontext=u:r:system_suspend:s0 tcontext=u:object_r:sysfs:s0 tclass=dir permissive=0
01-01 11:18:53.135 I/auditd ( 566): type=1400 audit(0.0:180): avc: denied { read } for comm="Binder:566_2" name="wakeup32" dev="sysfs" ino=53649 scontext=u:r:system_suspend:s0 tcontext=u:object_r:sysfs:s0 tclass=dir permissive=0
01-01 11:18:53.135 I/auditd ( 566): type=1400 audit(0.0:181): avc: denied { read } for comm="Binder:566_2" name="wakeup60" dev="sysfs" ino=71894 scontext=u:r:system_suspend:s0 tcontext=u:object_r:sysfs:s0 tclass=dir permissive=0
01-01 11:18:53.135 I/auditd ( 566): type=1400 audit(0.0:182): avc: denied { read } for comm="Binder:566_2" name="wakeup7" dev="sysfs" ino=52155 scontext=u:r:system_suspend:s0 tcontext=u:object_r:sysfs:s0 tclass=dir permissive=0
01-01 11:18:53.135 I/auditd ( 566): type=1400 audit(0.0:183): avc: denied { read } for comm="Binder:566_2" name="wakeup40" dev="sysfs" ino=63161 scontext=u:r:system_suspend:s0 tcontext=u:object_r:sysfs:s0 tclass=dir permissive=0
01-01 11:18:53.135 I/auditd ( 566): type=1400 audit(0.0:184): avc: denied { read } for comm="Binder:566_2" name="wakeup30" dev="sysfs" ino=53470 scontext=u:r:system_suspend:s0 tcontext=u:object_r:sysfs:s0 tclass=dir permissive=0
01-01 11:18:53.135 I/auditd ( 566): type=1400 audit(0.0:185): avc: denied { read } for comm="Binder:566_2" name="wakeup59" dev="sysfs" ino=71846 scontext=u:r:system_suspend:s0 tcontext=u:object_r:sysfs:s0 tclass=dir permissive=0
01-01 11:18:53.135 I/auditd ( 566): type=1400 audit(0.0:186): avc: denied { read } for comm="Binder:566_2" name="wakeup49" dev="sysfs" ino=67512 scontext=u:r:system_suspend:s0 tcontext=u:object_r:sysfs:s0 tclass=dir permissive=0
01-01 11:18:53.135 I/auditd ( 566): type=1400 audit(0.0:187): avc: denied { read } for comm="Binder:566_2" name="wakeup5" dev="sysfs" ino=47086 scontext=u:r:system_suspend:s0 tcontext=u:object_r:sysfs:s0 tclass=dir permissive=0
01-01 11:18:53.135 I/auditd ( 566): type=1400 audit(0.0:188): avc: denied { read } for comm="Binder:566_2" name="wakeup77" dev="sysfs" ino=76800 scontext=u:r:system_suspend:s0 tcontext=u:object_r:sysfs:s0 tclass=dir permissive=0
01-01 11:18:53.135 I/auditd ( 566): type=1400 audit(0.0:189): avc: denied { read } for comm="Binder:566_2" name="wakeup39" dev="sysfs" ino=63125 scontext=u:r:system_suspend:s0 tcontext=u:object_r:sysfs:s0 tclass=dir permissive=0
01-01 11:18:53.135 I/auditd ( 566): type=1400 audit(0.0:190): avc: denied { read } for comm="Binder:566_2" name="wakeup29" dev="sysfs" ino=53368 scontext=u:r:system_suspend:s0 tcontext=u:object_r:sysfs:s0 tclass=dir permissive=0
01-01 11:18:53.135 I/auditd ( 566): type=1400 audit(0.0:191): avc: denied { read } for comm="Binder:566_2" name="wakeup57" dev="sysfs" ino=71774 scontext=u:r:system_suspend:s0 tcontext=u:object_r:sysfs:s0 tclass=dir permissive=0
01-01 11:18:53.135 I/auditd ( 566): type=1400 audit(0.0:192): avc: denied { read } for comm="Binder:566_2" name="wakeup19" dev="sysfs" ino=52688 scontext=u:r:system_suspend:s0 tcontext=u:object_r:sysfs:s0 tclass=dir permissive=0
01-01 11:18:53.135 I/auditd ( 566): type=1400 audit(0.0:193): avc: denied { read } for comm="Binder:566_2" name="wakeup37" dev="sysfs" ino=62528 scontext=u:r:system_suspend:s0 tcontext=u:object_r:sysfs:s0 tclass=dir permissive=0
01-01 11:18:53.135 I/auditd ( 566): type=1400 audit(0.0:194): avc: denied { read } for comm="Binder:566_2" name="wakeup27" dev="sysfs" ino=53225 scontext=u:r:system_suspend:s0 tcontext=u:object_r:sysfs:s0 tclass=dir permissive=0
01-01 11:18:53.135 I/auditd ( 566): type=1400 audit(0.0:195): avc: denied { read } for comm="Binder:566_2" name="wakeup55" dev="sysfs" ino=71702 scontext=u:r:system_suspend:s0 tcontext=u:object_r:sysfs:s0 tclass=dir permissive=0
01-01 11:18:53.135 I/auditd ( 566): type=1400 audit(0.0:196): avc: denied { read } for comm="Binder:566_2" name="wakeup17" dev="sysfs" ino=52612 scontext=u:r:system_suspend:s0 tcontext=u:object_r:sysfs:s0 tclass=dir permissive=0
01-01 11:18:53.135 I/auditd ( 566): type=1400 audit(0.0:197): avc: denied { read } for comm="Binder:566_2" name="wakeup45" dev="sysfs" ino=66362 scontext=u:r:system_suspend:s0 tcontext=u:object_r:sysfs:s0 tclass=dir permissive=0
01-01 11:18:53.135 I/auditd ( 566): type=1400 audit(0.0:198): avc: denied { read } for comm="Binder:566_2" name="wakeup1" dev="sysfs" ino=43814 scontext=u:r:system_suspend:s0 tcontext=u:object_r:sysfs:s0 tclass=dir permissive=0
01-01 11:18:53.135 I/auditd ( 566): type=1400 audit(0.0:199): avc: denied { read } for comm="Binder:566_2" name="wakeup63" dev="sysfs" ino=72002 scontext=u:r:system_suspend:s0 tcontext=u:object_r:sysfs:s0 tclass=dir permissive=0
01-01 11:18:53.135 I/auditd ( 566): type=1400 audit(0.0:200): avc: denied { read } for comm="Binder:566_2" name="wakeup25" dev="sysfs" ino=53022 scontext=u:r:system_suspend:s0 tcontext=u:object_r:sysfs:s0 tclass=dir permissive=0
01-01 11:18:53.135 I/auditd ( 566): type=1400 audit(0.0:201): avc: denied { read } for comm="Binder:566_2" name="wakeup53" dev="sysfs" ino=71630 scontext=u:r:system_suspend:s0 tcontext=u:object_r:sysfs:s0 tclass=dir permissive=0
01-01 11:18:53.139 I/auditd ( 566): type=1400 audit(0.0:202): avc: denied { read } for comm="Binder:566_2" name="wakeup15" dev="sysfs" ino=52512 scontext=u:r:system_suspend:s0 tcontext=u:object_r:sysfs:s0 tclass=dir permissive=0
01-01 11:18:53.139 I/auditd ( 566): type=1400 audit(0.0:203): avc: denied { read } for comm="Binder:566_2" name="wakeup33" dev="sysfs" ino=57128 scontext=u:r:system_suspend:s0 tcontext=u:object_r:sysfs:s0 tclass=dir permissive=0
01-01 11:18:53.139 I/auditd ( 566): type=1400 audit(0.0:204): avc: denied { read } for comm="Binder:566_2" name="wakeup61" dev="sysfs" ino=71930 scontext=u:r:system_suspend:s0 tcontext=u:object_r:sysfs:s0 tclass=dir permissive=0
01-01 11:18:53.139 I/auditd ( 566): type=1400 audit(0.0:205): avc: denied { read } for comm="Binder:566_2" name="wakeup23" dev="sysfs" ino=52923 scontext=u:r:system_suspend:s0 tcontext=u:object_r:sysfs:s0 tclass=dir permissive=0
01-01 11:18:53.139 I/auditd ( 566): type=1400 audit(0.0:206): avc: denied { read } for comm="Binder:566_2" name="wakeup51" dev="sysfs" ino=71558 scontext=u:r:system_suspend:s0 tcontext=u:object_r:sysfs:s0 tclass=dir permissive=0
01-01 11:18:53.139 I/auditd ( 566): type=1400 audit(0.0:207): avc: denied { read } for comm="Binder:566_2" name="wakeup8" dev="sysfs" ino=52181 scontext=u:r:system_suspend:s0 tcontext=u:object_r:sysfs:s0 tclass=dir permissive=0
01-01 11:18:53.139 I/auditd ( 566): type=1400 audit(0.0:208): avc: denied { read } for comm="Binder:566_2" name="wakeup13" dev="sysfs" ino=52404 scontext=u:r:system_suspend:s0 tcontext=u:object_r:sysfs:s0 tclass=dir permissive=0
01-01 11:18:53.139 I/auditd ( 566): type=1400 audit(0.0:209): avc: denied { read } for comm="Binder:566_2" name="wakeup41" dev="sysfs" ino=63225 scontext=u:r:system_suspend:s0 tcontext=u:object_r:sysfs:s0 tclass=dir permissive=0
01-01 11:18:53.139 I/auditd ( 566): type=1400 audit(0.0:210): avc: denied { read } for comm="Binder:566_2" name="wakeup31" dev="sysfs" ino=53527 scontext=u:r:system_suspend:s0 tcontext=u:object_r:sysfs:s0 tclass=dir permissive=0
01-01 11:18:53.139 I/auditd ( 566): type=1400 audit(0.0:211): avc: denied { read } for comm="Binder:566_2" name="wakeup21" dev="sysfs" ino=52763 scontext=u:r:system_suspend:s0 tcontext=u:object_r:sysfs:s0 tclass=dir permissive=0
01-01 11:18:53.139 I/auditd ( 566): type=1400 audit(0.0:212): avc: denied { read } for comm="Binder:566_2" name="wakeup6" dev="sysfs" ino=52129 scontext=u:r:system_suspend:s0 tcontext=u:object_r:sysfs:s0 tclass=dir permissive=0
